201.245.192.253 - - [22/Jan/2023:05:19:01 -0500] "POST /kwsrmcab/Wsrmcab HTTP/1.1" 200 41739
201.245.192.253 - - [22/Jan/2023:05:20:29 -0500] "POST /kwsrmcab/Wsrmcab  HTTP/1.1" 200 213
66.249.65.109 - - [22/Jan/2023:05:21:18 -0500] "-" 408 -
216.245.221.92 - - [22/Jan/2023:05:22:54 -0500] "HEAD / HTTP/1.1" 200 -
168.119.253.48 - - [22/Jan/2023:05:22:55 -0500] "GET / HTTP/1.1" 200 319
172.22.2.4 - - [22/Jan/2023:05:21:45 -0500] "HEAD /BLA/boletinlegal/ HTTP/1.1" 200 -
172.22.2.4 - - [22/Jan/2023:05:22:36 -0500] "GET /BLA/boletinlegal/ HTTP/1.1" 200 56825
185.119.81.102 - - [22/Jan/2023:05:24:57 -0500] "GET /portaldeninos/wp-login.php HTTP/1.1" 200 2592
185.119.81.102 - - [22/Jan/2023:05:24:58 -0500] "POST /portaldeninos/wp-login.php HTTP/1.1" 200 3605
34.68.161.94 - - [22/Jan/2023:05:25:03 -0500] "GET / HTTP/1.1" 200 319
201.245.192.253 - - [22/Jan/2023:05:25:29 -0500] "POST /kwsrmcab/Wsrmcab  HTTP/1.1" 200 213
185.119.81.97 - - [22/Jan/2023:05:26:12 -0500] "GET /portaldeninos/wp-login.php HTTP/1.1" 200 2592
185.119.81.97 - - [22/Jan/2023:05:26:13 -0500] "POST /portaldeninos/wp-login.php HTTP/1.1" 200 3605
216.245.221.92 - - [22/Jan/2023:05:27:54 -0500] "HEAD / HTTP/1.1" 200 -
201.245.192.253 - - [22/Jan/2023:05:28:58 -0500] "POST /kwsrmcab/Wsrmcab HTTP/1.1" 200 41723
201.245.192.253 - - [22/Jan/2023:05:29:00 -0500] "POST /kwsrmcab/Wsrmcab HTTP/1.1" 200 41739
172.22.2.4 - - [22/Jan/2023:05:27:35 -0500] "HEAD /BLA/boletinlegal/ HTTP/1.1" 200 -
172.22.2.4 - - [22/Jan/2023:05:28:26 -0500] "GET /BLA/boletinlegal/ HTTP/1.1" 200 54816
201.245.192.253 - - [22/Jan/2023:05:30:28 -0500] "POST /kwsrmcab/Wsrmcab  HTTP/1.1" 200 213
216.245.221.92 - - [22/Jan/2023:05:32:54 -0500] "HEAD / HTTP/1.1" 200 -
66.249.65.109 - - [22/Jan/2023:05:33:03 -0500] "-" 408 -
186.155.32.28 - - [22/Jan/2023:05:34:53 -0500] "GET /tinguas-azules-secretaria-de-ambiente-atiende-alto-numero-de-reportes-de-aves-migratorias.html HTTP/1.1" 200 923
69.171.249.15 - - [22/Jan/2023:05:35:02 -0500] "GET /images/19%20de%20enero%20\xc3\xa1rbol%20bosque%20San%20Carlos.jpg HTTP/1.1" 404 1034
172.22.2.4 - - [22/Jan/2023:05:33:25 -0500] "HEAD /BLA/boletinlegal/ HTTP/1.1" 200 -
201.245.192.253 - - [22/Jan/2023:05:35:27 -0500] "POST /kwsrmcab/Wsrmcab  HTTP/1.1" 200 213
172.22.2.4 - - [22/Jan/2023:05:34:16 -0500] "GET /BLA/boletinlegal/ HTTP/1.1" 200 51248
77.88.5.83 - - [22/Jan/2023:05:36:40 -0500] "-" 408 -
173.252.79.119 - - [22/Jan/2023:05:37:23 -0500] "GET /images/19%20de%20enero%20\xc3\xa1rbol%20bosque%20San%20Carlos.jpg HTTP/1.1" 404 1034
157.55.39.157 - - [22/Jan/2023:05:37:22 -0500] "GET /BLA/resoluciones/index.php?dir=RESOLUCIONES+2022%2F HTTP/1.1" 200 275559
172.22.2.4 - - [22/Jan/2023:05:37:11 -0500] "GET /BLA/boletinlegal/ HTTP/1.1" 200 32715
216.245.221.92 - - [22/Jan/2023:05:37:54 -0500] "HEAD / HTTP/1.1" 200 -
40.77.167.13 - - [22/Jan/2023:05:38:22 -0500] "GET /sipse/faces/autenticacion.xhtml HTTP/1.1" 200 12493
93.158.161.51 - - [22/Jan/2023:05:38:42 -0500] "-" 408 -
201.245.192.253 - - [22/Jan/2023:05:38:57 -0500] "POST /kwsrmcab/Wsrmcab HTTP/1.1" 200 41723
201.245.192.253 - - [22/Jan/2023:05:39:00 -0500] "POST /kwsrmcab/Wsrmcab HTTP/1.1" 200 41739
173.252.79.16 - - [22/Jan/2023:05:39:15 -0500] "GET /images/19%20de%20enero%20\xc3\xa1rbol%20bosque%20San%20Carlos.jpg HTTP/1.1" 404 1034
201.245.192.253 - - [22/Jan/2023:05:40:26 -0500] "POST /kwsrmcab/Wsrmcab  HTTP/1.1" 200 213
172.22.2.4 - - [22/Jan/2023:05:39:15 -0500] "HEAD /BLA/boletinlegal/ HTTP/1.1" 200 -
172.22.2.4 - - [22/Jan/2023:05:40:06 -0500] "GET /BLA/boletinlegal/ HTTP/1.1" 200 52453
173.252.79.16 - - [22/Jan/2023:05:41:47 -0500] "GET /images/19%20de%20enero%20\xc3\xa1rbol%20bosque%20San%20Carlos.jpg HTTP/1.1" 404 1034
173.252.95.21 - - [22/Jan/2023:05:42:12 -0500] "GET /images/19%20de%20enero%20\xc3\xa1rbol%20bosque%20San%20Carlos.jpg HTTP/1.1" 404 1034
216.245.221.92 - - [22/Jan/2023:05:42:54 -0500] "HEAD / HTTP/1.1" 200 -
201.245.192.253 - - [22/Jan/2023:05:45:25 -0500] "POST /kwsrmcab/Wsrmcab  HTTP/1.1" 200 213
172.22.2.4 - - [22/Jan/2023:05:45:05 -0500] "HEAD /BLA/boletinlegal/ HTTP/1.1" 200 -
172.22.2.4 - - [22/Jan/2023:05:45:56 -0500] "GET /BLA/boletinlegal/ HTTP/1.1" 200 56474
77.88.5.84 - - [22/Jan/2023:05:47:52 -0500] "-" 408 -
216.245.221.92 - - [22/Jan/2023:05:47:54 -0500] "HEAD / HTTP/1.1" 200 -
31.13.115.119 - - [22/Jan/2023:05:48:44 -0500] "GET /images/foto%202.jpg HTTP/1.1" 200 63300
172.22.2.4 - - [22/Jan/2023:05:50:03 -0500] "GET /BLA/boletinlegal/Circulares/2022/CIRCULAR%20No.%2000004%20DEL%2019%20DE%20MAYO%20DEL%202022.pdf HTTP/1.1" 304 -
201.245.192.253 - - [22/Jan/2023:05:50:23 -0500] "POST /kwsrmcab/Wsrmcab  HTTP/1.1" 200 213
40.77.167.13 - - [22/Jan/2023:05:52:15 -0500] "GET /galeria/galeria/fotos/Humedal-la-conejera1G.jpg HTTP/1.1" 200 340987
172.22.2.4 - - [22/Jan/2023:05:50:55 -0500] "HEAD /BLA/boletinlegal/ HTTP/1.1" 200 -
66.249.65.113 - - [22/Jan/2023:05:52:38 -0500] "-" 408 -
77.88.5.246 - - [22/Jan/2023:05:52:52 -0500] "-" 408 -
216.245.221.92 - - [22/Jan/2023:05:52:54 -0500] "HEAD / HTTP/1.1" 200 -
172.22.2.4 - - [22/Jan/2023:05:51:46 -0500] "GET /BLA/boletinlegal/ HTTP/1.1" 200 48283
201.245.192.253 - - [22/Jan/2023:05:55:22 -0500] "POST /kwsrmcab/Wsrmcab  HTTP/1.1" 200 213
216.245.221.92 - - [22/Jan/2023:05:57:54 -0500] "HEAD / HTTP/1.1" 200 -
172.22.2.4 - - [22/Jan/2023:05:56:45 -0500] "HEAD /BLA/boletinlegal/ HTTP/1.1" 200 -
172.22.2.4 - - [22/Jan/2023:05:57:36 -0500] "GET /BLA/boletinlegal/ HTTP/1.1" 200 58612
201.245.192.253 - - [22/Jan/2023:06:00:21 -0500] "POST /kwsrmcab/Wsrmcab  HTTP/1.1" 200 213
77.88.5.133 - - [22/Jan/2023:06:00:52 -0500] "-" 408 -
216.245.221.92 - - [22/Jan/2023:06:02:54 -0500] "HEAD / HTTP/1.1" 200 -
172.22.2.4 - - [22/Jan/2023:06:02:35 -0500] "HEAD /BLA/boletinlegal/ HTTP/1.1" 200 -
172.22.2.4 - - [22/Jan/2023:06:03:26 -0500] "GET /BLA/boletinlegal/ HTTP/1.1" 200 56079
201.245.192.253 - - [22/Jan/2023:06:05:20 -0500] "POST /kwsrmcab/Wsrmcab  HTTP/1.1" 200 213
216.245.221.92 - - [22/Jan/2023:06:07:54 -0500] "HEAD / HTTP/1.1" 200 -
172.22.2.4 - - [22/Jan/2023:06:07:25 -0500] "GET /BLA/boletinlegal/ HTTP/1.1" 200 32715
157.55.39.201 - - [22/Jan/2023:06:08:22 -0500] "GET /BLA/resoluciones/AUTOS%202022/4918.pdf HTTP/1.1" 304 -
64.62.197.107 - - [22/Jan/2023:06:08:29 -0500] "GET /favicon.ico HTTP/1.1" 200 7782
173.252.127.117 - - [22/Jan/2023:06:09:53 -0500] "GET /images/19%20de%20enero%20\xc3\xa1rbol%20bosque%20San%20Carlos.jpg HTTP/1.1" 404 1034
172.22.2.4 - - [22/Jan/2023:06:08:25 -0500] "HEAD /BLA/boletinlegal/ HTTP/1.1" 200 -
66.249.65.109 - - [22/Jan/2023:06:10:18 -0500] "-" 408 -
201.245.192.253 - - [22/Jan/2023:06:10:19 -0500] "POST /kwsrmcab/Wsrmcab  HTTP/1.1" 200 213
77.88.5.30 - - [22/Jan/2023:06:10:54 -0500] "-" 408 -
172.22.2.4 - - [22/Jan/2023:06:09:16 -0500] "GET /BLA/boletinlegal/ HTTP/1.1" 200 52079
157.55.39.157 - - [22/Jan/2023:06:11:46 -0500] "GET /BLA/resoluciones/index.php?dir=RESOLUCIONES+2022%2F HTTP/1.1" 200 275559
216.245.221.92 - - [22/Jan/2023:06:12:54 -0500] "HEAD / HTTP/1.1" 200 -
201.245.192.253 - - [22/Jan/2023:06:15:17 -0500] "POST /kwsrmcab/Wsrmcab  HTTP/1.1" 200 213
31.13.103.20 - - [22/Jan/2023:06:15:43 -0500] "GET /images/19%20de%20enero%20\xc3\xa1rbol%20bosque%20San%20Carlos.jpg HTTP/1.1" 404 1034
172.22.2.4 - - [22/Jan/2023:06:14:15 -0500] "HEAD /BLA/boletinlegal/ HTTP/1.1" 200 -
172.22.2.4 - - [22/Jan/2023:06:15:06 -0500] "GET /BLA/boletinlegal/ HTTP/1.1" 200 59404
216.245.221.92 - - [22/Jan/2023:06:17:54 -0500] "HEAD / HTTP/1.1" 200 -
201.245.192.253 - - [22/Jan/2023:06:18:58 -0500] "POST /kwsrmcab/Wsrmcab HTTP/1.1" 200 41564
201.245.192.253 - - [22/Jan/2023:06:19:00 -0500] "POST /kwsrmcab/Wsrmcab HTTP/1.1" 200 41579
66.249.65.109 - - [22/Jan/2023:06:19:18 -0500] "-" 408 -
201.245.192.253 - - [22/Jan/2023:06:20:16 -0500] "POST /kwsrmcab/Wsrmcab  HTTP/1.1" 200 213
77.88.5.174 - - [22/Jan/2023:06:20:54 -0500] "-" 408 -
172.22.2.4 - - [22/Jan/2023:06:20:05 -0500] "HEAD /BLA/boletinlegal/ HTTP/1.1" 200 -
172.22.2.4 - - [22/Jan/2023:06:20:56 -0500] "GET /BLA/boletinlegal/ HTTP/1.1" 200 54816
216.245.221.92 - - [22/Jan/2023:06:22:54 -0500] "HEAD / HTTP/1.1" 200 -
173.252.127.23 - - [22/Jan/2023:06:23:01 -0500] "GET /images/19%20de%20enero%20\xc3\xa1rbol%20bosque%20San%20Carlos.jpg HTTP/1.1" 404 1034
201.245.192.253 - - [22/Jan/2023:06:25:15 -0500] "POST /kwsrmcab/Wsrmcab  HTTP/1.1" 200 213
185.119.81.102 - - [22/Jan/2023:06:25:22 -0500] "GET /portaldeninos/wp-login.php HTTP/1.1" 200 2592
69.63.189.119 - - [22/Jan/2023:06:25:22 -0500] "GET /fauna-silvestre-acciones-de-control-y-recuperacion-en-puente-de-reyes.html HTTP/1.1" 206 1061
185.119.81.102 - - [22/Jan/2023:06:25:23 -0500] "POST /portaldeninos/wp-login.php HTTP/1.1" 200 3650
66.249.65.109 - - [22/Jan/2023:06:25:28 -0500] "-" 408 -
207.46.13.41 - - [22/Jan/2023:06:25:59 -0500] "GET /sipse/faces/faces/autenticacion.xhtml HTTP/1.1" 200 12493
173.252.107.9 - - [22/Jan/2023:06:26:09 -0500] "GET /images/mantener-calidad-del-aire_optimized.jpeg HTTP/1.1" 200 67646
172.22.2.4 - - [22/Jan/2023:06:25:55 -0500] "HEAD /BLA/boletinlegal/ HTTP/1.1" 200 -
216.245.221.92 - - [22/Jan/2023:06:27:54 -0500] "HEAD / HTTP/1.1" 200 -
172.22.2.4 - - [22/Jan/2023:06:26:46 -0500] "GET /BLA/boletinlegal/ HTTP/1.1" 200 52079
201.245.192.253 - - [22/Jan/2023:06:28:57 -0500] "POST /kwsrmcab/Wsrmcab HTTP/1.1" 200 41564
201.245.192.253 - - [22/Jan/2023:06:29:00 -0500] "POST /kwsrmcab/Wsrmcab HTTP/1.1" 200 41579
173.252.79.18 - - [22/Jan/2023:06:29:30 -0500] "GET /images/19%20de%20enero%20\xc3\xa1rbol%20bosque%20San%20Carlos.jpg HTTP/1.1" 404 1034
201.245.192.253 - - [22/Jan/2023:06:30:14 -0500] "POST /kwsrmcab/Wsrmcab  HTTP/1.1" 200 213
66.249.65.109 - - [22/Jan/2023:06:31:50 -0500] "-" 408 -
216.245.221.92 - - [22/Jan/2023:06:32:54 -0500] "HEAD / HTTP/1.1" 200 -
172.22.2.4 - - [22/Jan/2023:06:31:45 -0500] "HEAD /BLA/boletinlegal/ HTTP/1.1" 200 -
172.22.2.4 - - [22/Jan/2023:06:32:36 -0500] "GET /BLA/boletinlegal/ HTTP/1.1" 200 47659
201.245.192.253 - - [22/Jan/2023:06:35:13 -0500] "POST /kwsrmcab/Wsrmcab  HTTP/1.1" 200 213
77.88.5.212 - - [22/Jan/2023:06:36:25 -0500] "-" 408 -
34.70.65.237 - - [22/Jan/2023:06:36:56 -0500] "GET / HTTP/1.1" 200 319
172.22.2.4 - - [22/Jan/2023:06:37:29 -0500] "GET /BLA/boletinlegal/.env HTTP/1.1" 404 1018
216.245.221.92 - - [22/Jan/2023:06:37:54 -0500] "HEAD / HTTP/1.1" 200 -
173.252.79.10 - - [22/Jan/2023:06:38:16 -0500] "GET /images/19%20de%20enero%20\xc3\xa1rbol%20bosque%20San%20Carlos.jpg HTTP/1.1" 404 1034
201.245.192.253 - - [22/Jan/2023:06:38:57 -0500] "POST /kwsrmcab/Wsrmcab HTTP/1.1" 200 41564
201.245.192.253 - - [22/Jan/2023:06:38:59 -0500] "POST /kwsrmcab/Wsrmcab HTTP/1.1" 200 41579
172.22.2.4 - - [22/Jan/2023:06:37:35 -0500] "HEAD /BLA/boletinlegal/ HTTP/1.1" 200 -
193.32.162.159 - - [22/Jan/2023:06:39:26 -0500] "GET / HTTP/1.1" 200 319
172.22.2.4 - - [22/Jan/2023:06:38:26 -0500] "GET /BLA/boletinlegal/ HTTP/1.1" 200 57192
201.245.192.253 - - [22/Jan/2023:06:40:12 -0500] "POST /kwsrmcab/Wsrmcab  HTTP/1.1" 200 213
173.252.79.5 - - [22/Jan/2023:06:40:55 -0500] "GET /images/19%20de%20enero%20\xc3\xa1rbol%20bosque%20San%20Carlos.jpg HTTP/1.1" 404 1034
66.249.65.109 - - [22/Jan/2023:06:41:06 -0500] "-" 408 -
172.22.2.4 - - [22/Jan/2023:06:41:46 -0500] "GET /BLA/boletinlegal/style.css HTTP/1.1" 200 9406
172.22.2.4 - - [22/Jan/2023:06:41:46 -0500] "GET /BLA/boletinlegal/styles2.css HTTP/1.1" 200 1838
172.22.2.4 - - [22/Jan/2023:06:41:47 -0500] "GET /BLA/boletinlegal/js/jquery.js HTTP/1.1" 200 57254
172.22.2.4 - - [22/Jan/2023:06:41:47 -0500] "GET /BLA/boletinlegal/js/jquery.scrollTo-min.js HTTP/1.1" 200 1150
172.22.2.4 - - [22/Jan/2023:06:41:47 -0500] "GET /BLA/boletinlegal/js/jquery.scrollShow.js HTTP/1.1" 200 4586
172.22.2.4 - - [22/Jan/2023:06:41:47 -0500] "GET /BLA/boletinlegal/images/cabezote%20BLEGAL.jpg HTTP/1.1" 200 118164
172.22.2.4 - - [22/Jan/2023:06:41:47 -0500] "GET /BLA/boletinlegal/images/subscribe-icon-big.png HTTP/1.1" 200 47702
172.22.2.4 - - [22/Jan/2023:06:41:47 -0500] "GET /BLA/boletinlegal/images/historia.png HTTP/1.1" 200 52775
172.22.2.4 - - [22/Jan/2023:06:41:48 -0500] "GET /BLA/boletinlegal/images/registro-usuarios.png HTTP/1.1" 200 8106
172.22.2.4 - - [22/Jan/2023:06:41:48 -0500] "GET /BLA/boletinlegal/images/arr_l.jpg HTTP/1.1" 200 1979
172.22.2.4 - - [22/Jan/2023:06:41:48 -0500] "GET /BLA/boletinlegal/images/screen_1.png HTTP/1.1" 200 202547
172.22.2.4 - - [22/Jan/2023:06:41:48 -0500] "GET /BLA/boletinlegal/images/launch.jpg HTTP/1.1" 200 14577
172.22.2.4 - - [22/Jan/2023:06:41:48 -0500] "GET /BLA/boletinlegal/images/body_bg.jpg HTTP/1.1" 200 1601
172.22.2.4 - - [22/Jan/2023:06:41:48 -0500] "GET /BLA/boletinlegal/images/menu_lft.gif HTTP/1.1" 200 1713
172.22.2.4 - - [22/Jan/2023:06:41:48 -0500] "GET /BLA/boletinlegal/images/menu_rght.gif HTTP/1.1" 200 1627
172.22.2.4 - - [22/Jan/2023:06:41:48 -0500] "GET /BLA/boletinlegal/images/menu_bg.jpg HTTP/1.1" 200 620
172.22.2.4 - - [22/Jan/2023:06:41:48 -0500] "GET /BLA/boletinlegal/images/bg_top.jpg HTTP/1.1" 200 522
172.22.2.4 - - [22/Jan/2023:06:41:49 -0500] "GET /BLA/boletinlegal/images/text.jpg HTTP/1.1" 200 568
172.22.2.4 - - [22/Jan/2023:06:41:49 -0500] "GET /BLA/boletinlegal/images/hover.jpg HTTP/1.1" 200 640
172.22.2.4 - - [22/Jan/2023:06:41:55 -0500] "GET /BLA/boletinlegal/images/screen_2.png HTTP/1.1" 200 362502
172.22.2.4 - - [22/Jan/2023:06:41:55 -0500] "GET /BLA/boletinlegal/images/screen_5.png HTTP/1.1" 200 368876
172.22.2.4 - - [22/Jan/2023:06:41:55 -0500] "GET /BLA/boletinlegal/images/screen_3.png HTTP/1.1" 200 210620
172.22.2.4 - - [22/Jan/2023:06:41:57 -0500] "GET /BLA/boletinlegal/images/arr_r.jpg HTTP/1.1" 200 1998
172.22.2.4 - - [22/Jan/2023:06:42:05 -0500] "GET /BLA/boletinlegal/images/pdf.gif HTTP/1.1" 200 567
216.245.221.92 - - [22/Jan/2023:06:42:54 -0500] "HEAD / HTTP/1.1" 200 -
172.22.2.4 - - [22/Jan/2023:06:41:46 -0500] "GET /BLA/boletinlegal/ HTTP/1.1" 200 57824
172.22.2.4 - - [22/Jan/2023:06:43:26 -0500] "GET /BLA/boletinlegal/images/footer_bg.jpg HTTP/1.1" 200 586
172.22.2.4 - - [22/Jan/2023:06:43:26 -0500] "GET /BLA/boletinlegal/favicon.ico HTTP/1.1" 404 1308
172.22.2.4 - - [22/Jan/2023:06:44:34 -0500] "GET /BLA/boletinlegal/Circulares/2013/Circular%20No.%206%20del%2019%20de%20julio%20de%202013.pdf HTTP/1.1" 304 -
172.22.2.4 - - [22/Jan/2023:06:43:25 -0500] "HEAD /BLA/boletinlegal/ HTTP/1.1" 200 -
201.245.192.253 - - [22/Jan/2023:06:45:11 -0500] "POST /kwsrmcab/Wsrmcab  HTTP/1.1" 200 213
172.22.2.4 - - [22/Jan/2023:06:44:16 -0500] "GET /BLA/boletinlegal/ HTTP/1.1" 200 52453
172.22.2.4 - - [22/Jan/2023:06:46:16 -0500] "GET /BLA/boletinlegal/images/background.gif HTTP/1.1" 200 -
77.88.5.166 - - [22/Jan/2023:06:46:25 -0500] "-" 408 -
157.55.39.157 - - [22/Jan/2023:06:46:39 -0500] "GET /BLA/resoluciones/index.php?dir=RESOLUCIONES+2022%2F HTTP/1.1" 200 275559
216.245.221.92 - - [22/Jan/2023:06:47:54 -0500] "HEAD / HTTP/1.1" 200 -
199.16.157.180 - - [22/Jan/2023:06:49:49 -0500] "GET /images/cr%C3%B3nica-29-nov-1_optimized.jpeg HTTP/1.1" 404 1034
201.245.192.253 - - [22/Jan/2023:06:50:10 -0500] "POST /kwsrmcab/Wsrmcab  HTTP/1.1" 200 213
172.22.2.4 - - [22/Jan/2023:06:49:15 -0500] "HEAD /BLA/boletinlegal/ HTTP/1.1" 200 -
173.252.95.7 - - [22/Jan/2023:06:51:42 -0500] "GET /images/19%20de%20enero%20\xc3\xa1rbol%20bosque%20San%20Carlos.jpg HTTP/1.1" 404 1034
172.22.2.4 - - [22/Jan/2023:06:50:06 -0500] "GET /BLA/boletinlegal/ HTTP/1.1" 200 54100
173.252.79.12 - - [22/Jan/2023:06:52:25 -0500] "GET /images/19%20de%20enero%20\xc3\xa1rbol%20bosque%20San%20Carlos.jpg HTTP/1.1" 404 1034
216.245.221.92 - - [22/Jan/2023:06:52:54 -0500] "HEAD / HTTP/1.1" 200 -
66.249.65.109 - - [22/Jan/2023:06:53:55 -0500] "-" 408 -
201.245.192.253 - - [22/Jan/2023:06:55:09 -0500] "POST /kwsrmcab/Wsrmcab  HTTP/1.1" 200 213
172.22.2.4 - - [22/Jan/2023:06:55:05 -0500] "HEAD /BLA/boletinlegal/ HTTP/1.1" 200 -
172.22.2.4 - - [22/Jan/2023:06:55:55 -0500] "GET /BLA/boletinlegal/ HTTP/1.1" 200 59404
216.245.221.92 - - [22/Jan/2023:06:57:54 -0500] "HEAD / HTTP/1.1" 200 -
93.158.161.65 - - [22/Jan/2023:06:58:11 -0500] "-" 408 -
201.245.192.253 - - [22/Jan/2023:07:00:08 -0500] "POST /kwsrmcab/Wsrmcab  HTTP/1.1" 200 213
173.252.79.16 - - [22/Jan/2023:07:00:44 -0500] "GET /images/19%20de%20enero%20\xc3\xa1rbol%20bosque%20San%20Carlos.jpg HTTP/1.1" 404 1034
173.252.79.117 - - [22/Jan/2023:07:01:29 -0500] "GET /images/19%20de%20enero%20\xc3\xa1rbol%20bosque%20San%20Carlos.jpg HTTP/1.1" 404 1034
172.22.2.4 - - [22/Jan/2023:07:00:55 -0500] "HEAD /BLA/boletinlegal/ HTTP/1.1" 200 -
216.245.221.92 - - [22/Jan/2023:07:02:54 -0500] "HEAD / HTTP/1.1" 200 -
172.22.2.4 - - [22/Jan/2023:07:01:46 -0500] "GET /BLA/boletinlegal/ HTTP/1.1" 200 59404
173.252.87.13 - - [22/Jan/2023:07:03:36 -0500] "GET /images/19%20de%20enero%20\xc3\xa1rbol%20bosque%20San%20Carlos.jpg HTTP/1.1" 404 1034
185.119.81.97 - - [22/Jan/2023:07:04:41 -0500] "GET /portaldeninos/wp-login.php HTTP/1.1" 200 2592
185.119.81.97 - - [22/Jan/2023:07:04:42 -0500] "POST /portaldeninos/wp-login.php HTTP/1.1" 200 3605
201.245.192.253 - - [22/Jan/2023:07:05:07 -0500] "POST /kwsrmcab/Wsrmcab  HTTP/1.1" 200 213
216.245.221.92 - - [22/Jan/2023:07:07:54 -0500] "HEAD / HTTP/1.1" 200 -
172.22.2.4 - - [22/Jan/2023:07:06:45 -0500] "HEAD /BLA/boletinlegal/ HTTP/1.1" 200 -
77.88.5.11 - - [22/Jan/2023:07:08:42 -0500] "-" 408 -
172.22.2.4 - - [22/Jan/2023:07:07:35 -0500] "GET /BLA/boletinlegal/ HTTP/1.1" 200 53739
173.252.79.20 - - [22/Jan/2023:07:09:50 -0500] "GET /images/19%20de%20enero%20\xc3\xa1rbol%20bosque%20San%20Carlos.jpg HTTP/1.1" 404 1034
201.245.192.253 - - [22/Jan/2023:07:10:06 -0500] "POST /kwsrmcab/Wsrmcab  HTTP/1.1" 200 213
216.245.221.92 - - [22/Jan/2023:07:12:54 -0500] "HEAD / HTTP/1.1" 200 -
173.252.83.15 - - [22/Jan/2023:07:13:57 -0500] "GET /images/Acuerdos%2001%20(1)%20(1).jpeg HTTP/1.1" 200 32884
172.22.2.4 - - [22/Jan/2023:07:12:35 -0500] "HEAD /BLA/boletinlegal/ HTTP/1.1" 200 -
173.252.79.15 - - [22/Jan/2023:07:14:22 -0500] "GET /images/19%20de%20enero%20\xc3\xa1rbol%20bosque%20San%20Carlos.jpg HTTP/1.1" 404 1034
172.22.2.4 - - [22/Jan/2023:07:13:25 -0500] "GET /BLA/boletinlegal/ HTTP/1.1" 200 54816
201.245.192.253 - - [22/Jan/2023:07:15:05 -0500] "POST /kwsrmcab/Wsrmcab  HTTP/1.1" 200 213
162.55.43.55 - - [22/Jan/2023:07:15:57 -0500] "GET / HTTP/1.1" 200 319
216.245.221.92 - - [22/Jan/2023:07:17:54 -0500] "HEAD / HTTP/1.1" 200 -
77.88.5.36 - - [22/Jan/2023:07:18:49 -0500] "-" 408 -
201.245.192.253 - - [22/Jan/2023:07:18:57 -0500] "POST /kwsrmcab/Wsrmcab HTTP/1.1" 200 41752
201.245.192.253 - - [22/Jan/2023:07:19:00 -0500] "POST /kwsrmcab/Wsrmcab HTTP/1.1" 200 41757
157.55.39.157 - - [22/Jan/2023:07:19:01 -0500] "GET /BLA/resoluciones/index.php?dir=RESOLUCIONES+2022%2F HTTP/1.1" 200 275559
172.22.2.4 - - [22/Jan/2023:07:18:25 -0500] "HEAD /BLA/boletinlegal/ HTTP/1.1" 200 -
201.245.192.253 - - [22/Jan/2023:07:20:04 -0500] "POST /kwsrmcab/Wsrmcab  HTTP/1.1" 200 213
172.22.2.4 - - [22/Jan/2023:07:19:15 -0500] "GET /BLA/boletinlegal/ HTTP/1.1" 200 54100
173.252.83.120 - - [22/Jan/2023:07:22:23 -0500] "GET /images/19%20de%20enero%20\xc3\xa1rbol%20bosque%20San%20Carlos.jpg HTTP/1.1" 404 1034
66.249.65.113 - - [22/Jan/2023:07:22:39 -0500] "-" 408 -
186.84.90.91 - - [22/Jan/2023:07:22:40 -0500] "GET /kwssiamovil/sm/acme/a?s=U2FsdGVkX18EA/TxhAmoREg+FL8hpaf1qNR3onUeXq7PcpBiITYkUa02Ck1L5KsS834qvqoOWIeP0rlYcxizjuxur7JlXNdDGTCJ598Va7ky65ulZoiOAoYKSmUVGZ0RwzUEnkS8pZCVpG8wwI9TwkC44fn0h+VQMWItBpXf9AKL1KfTIaFEorzbc1P7jnhsuDRKIkQsXoxzBZv7g6feGbgztr3Cqr7XsaCyvfHjfnECZnYzXR1KfKP9Qezh57wR4VlwghMStXln2M1GXLpitA==&u=U2FsdGVkX19KJHvXD8fbnSAOetLatTDbpiTGcHF8mEM=&y=U2FsdGVkX19ZrTPR8gLDNsQZwKCa5XT1AdW41QC9d2l+5FUrVYQtUXSgwhoLTcgn HTTP/1.1" 200 26
186.84.90.91 - - [22/Jan/2023:07:22:41 -0500] "GET /kwssiamovil/sm/acme/a?s=U2FsdGVkX19IYTB6TuqyQh0zBrFq2jKU5kM7rGG43E8v9hCQTiRhclv+Nmjwua1HdAKqIdOM5poTm9s+ExtFBKw38+HGW7Ht/1r0CaqZHq3KzTZcMBblqHG8BCf5X7/ZHMOpsrGGSIry5BDz9fWSEMUp8fKGQze+rhH8WrGTpSGFm5sNa+ct2BOHrXn/xBKwILU5TXb+u/PnK0SHQlglU70vPle9QLFhEuxdmeQeYbqb8R5QNqMl0Y1/eX0ePZA9UrlHnz5+PZckIC/MpB2Rp2zpTmgdIW7PwRrppkfHUTSLrtjM6lrG67YhWgiw1GBctUPrd9L6BHbW2WPW9/mcyMbtECCAMx5CyvCxC2VDLh6iHqMzg9j3b/Y8hlB2WLvJP/8LKVov8o2m082AFM23qJI5mBnYnfffwZhziVsBmoadOdqiEtw0/jhQK/KwFef4piYZ6VpHR0kzC685e5B/8gockb+xKVdiv8E3v93pOcFsA7+FpSA/ad4zNxFhhlljPL2VXH3GfYDcSZYr7qNz99JGTAz3CKeGXgRKJ/zVJ/DkoO7rZ52w9v/uk/yKei6PxSkWr8z7pxpyiRGkah5H8Zkt0RcwukkVFVx4LuKhGCDwXIZeFoisYirgKu4Mf8m1KKoqBnlD/Gg1Ha1i7gT2fjAHzZcRPZo1xeaaPbq6iSoMnhA65X86oF2TBytVUXhnNb8Rz/5HjGWLuy684RGqEI5jRxv22rw74ByPQbOHTkVJMwJrg+r8ea8r17cvsBJpLcjIpIF2BS4xBTII097i285r67jGpp2fHaB14b37INnBorPDWr7Mx8hc9+OYb7q9KmsKiHcptl+xjaBr4DIrWseU+YC82RC8BwjyN8mB2739bFZFD7IN0DQlfn7GRmCaPK7IprJP08rIJfcDxxfi82nTl74JDLxBX8QRqBKwxiq66DBF4TyyKqIhiTa5CCkLSszhbqhxXtAceRt3YjgNnvG+V0sV0HaoTlD8CZkIuaUgb5++RJe9rHl/qDkFP3neeffyXL5+QSd8X2eMz+Z0YFDn0m787Uehjtaqo7VOgIh5eZrdbbdH9zZ8Q+UiKg9+JyOpGRADXugy/EKGld05YrIMM5vtwLBz7nv+9yTjAlhF0tUr94Gv+KGR5KylWE+DlfcA4kgNkRagkCiT+OkEis4hjzlLV+VKZDLTzp7g6iSQ4W/vuQrkHnoC+pHrhnGFOKj5PtW9HTnFSFinuIRfbEJeDhfp2AG5uobXJpx+m2+hjCfPV8UHVggvdSlnwSmdh+91ojh4fxXjdE69oMKQU267Wp6tpOd8JE8BWspgmoE/tJHSoq7LJMMUs3VUqHiJcMAs05UyFzP1sVxiDqdSxeBPUoYp9gmVhruTrIuluPDi4M+ba3hvcrvdFQo4BLFRlObPS8m95eISqJk/6sqjc1tiIqTPIlzB5NZoanherQiCY0OSwhG30CcdNsUo0gL5VvnxNnMycWG3xbnBtSS8X1gDSAHszOSQVK7jTj2usyDBMuMQec7voFoaX5dNsA3rLZRkmrCM3qGiZeXSKj61X9SpaeLR/FawcspSnpZjexXWE98/m+fJ29FW/z0zEnujK8J8tFWWIHgYD6Wj5BgPu+Hro0BBOttmBYlz9hIT80Frw4gKzQyXBKI1otiS1hKQa1J/8Ik6c0w98De0XHURYB0aI0nHmPfPyTVp+v3qmoYXFpJ71yDev9vPiZLZPk3z6BXflIx4W+EvVQdoxJtLukfqD+Dbrza5Lu90E4fskWL+rOjKcq9f80S5fWhuCDbz9sLUc0Egh9z/8CSIqzPFRPEIlCmNBEIWf9sBGQJBpYxHZMzfpNOMw1QHvJ8OCX9gPupENpQw7hZi+yZ4jcfDdgh9Cnkt/AUo7QfB0PtyNwqHA2i7S7eUaQBfZz01z1Qj474FsSEOCxL8GSetVVGDhNAtxY2S70kKijruEbenEGEaojjgBnHx2p/TMpG+Z30pd6ZRyvsitfFDgnbc91HANKfctAkLrwlpx1lVkfbLCx5/FjJzRw5Qkga8lhWp+p2rXc7kg8nHiAZOTmf5WUmWt0iAUWmphEz+9W8fEcXMLsYqQrxu0ZHiPTKsh27nT2/vuqMe8vcph330dI73Dh8iK8GuoThz3uLTiBm5M9LDWGXtUXJ5ktcXUpJeICD9mNjFTM1qAzPvfY3SQr/QjEUDGxi0BXHVJ9FkBAF67icwxZ61IkksWoZUv+mqlb0M0CT3kQmpG+vLHFsUhPP4LLu/rb6msmjG2YeXY+M0dbMyaXedIBBWj1tK5IL6crrzOGlj0hIn6i4uil/xdyY01Epnl29mpQmCIrhFt44I6a+EoE2GfTyCyN4d5hGrYCklGK5yJjQf1Kyz6SwMT9h+nrx1c/Nx3fVurlBYZ8V9oPf2LeEcWwGUw5HWUagNoagayfFrAAle0Ufmn2wtrNrAIikF9JO0JWtFCFQsU0SpRCoLi//D+6n7Vi6YSr4NiQYhXBhfRgtNPWXvbyeKokYEI2sP9/0WAe4rRtaeAz57eSSIx4tEXaL/n0JjQOvRWRUAGCMviHutn6mD3tknettExi5Dz1Ers+t5f532SekMW9K+qp0tiGy6g+itSrLWLbrXQ72o8mVOzULD9hAxi/tWSJvdTN9qvBGXgyhur0ZR6nipoqU/IKe1CdnUEN9ykYSBpfAJup3GrWJzkuaMPL/jfFB2l9Z3GEchWumyI6SoDtk5UFAes+N4SIGFsPrl2U/o/YYre1mwfxjhUeZnYKGitTSKO9BKW+YRAU5GCwFLLFqv3Oys+rv00Xb08F9AOzbQL7gXKAuDyXcBoYqjqQn1BaeWEjRGvqmA+E9xZJVRtRzKTH3ZG5Nw+hDC+bJjZhaub6LcHtAIlvZcCmO63S2Or0pfbAnNOy9hqNJww3zfjdnjTklcwB0G8mramzuRre8m/az90JBrzjDK3LSgr4B/4l8F3TUyFLlFrXmV4b9AfjbbQwoYa3BcbKhak2yvDRLc7/QiaeyER2n5swmOaUHrcFW3zUDVQwcr0soPmaKltoLfTDxAGYHtFi/0chLooQyFwGbWkiYX0RhlbE8Z3wtaA4e8+WJHgYl/HTn8Ni5gvdrw1JgbLD9MpfkLhLb+HKhY/VxUpxyjUfwATZWS65+yAzFk8MNU526Qn9UCR8oa0xvJ8XrJEK9AOKA9zTVE1WBkYnIxCDTZOz1dJ4zOKLJ1Ch1wv8B77P8XqJ4bBsGVp85zefrS0igP9sgtFV3arz+3WuZI5TGbfqjSymiWw6+njIr7wUJicKQiZzkSUnurmACuvSvxAki+0M+UzMZ/1728fS7bAXkltguDwzrZejIcmquqr5frcqk/bNCtA5VAbYDcK1Tv2oaqBda76xRVOltFLl15oslka36eB00GsJKrsIPhXK0bFcFcdfznMnuNU3oO3QnH3+9YoYGselH77KHZW8SkRb3p0uzG5WGI5W3Gvm09mUB8lOivduK6NhWgNKSLfoyMV7adTRgHHogzh/RUuoUPAr+D5Gaawj44uc89LqzieZguw3M7d15PATLFXwPlrgRTfiPl94TvaQx3tJ6trnAQ&u=U2FsdGVkX19KJHvXD8fbnSAOetLatTDbpiTGcHF8mEM=&y=U2FsdGVkX19ZrTPR8gLDNsQZwKCa5XT1AdW41QC9d2l+5FUrVYQtUXSgwhoLTcgn HTTP/1.1" 200 26
186.84.90.91 - - [22/Jan/2023:07:22:42 -0500] "GET /kwssiamovil/sm/acme/a?s=U2FsdGVkX1+Qvv6xQpf1kwMGWc0o4VyIChWVqXRPH61+MPegGvOC2P8gFKK/zc3gzcjVfCLR2BnalEWrDE1jEitTIMq04kttNXTkQLoHRMyCl/l0v2P4xjef9joY5HeyIFRY3IHfAAyDP/cK6VHBu+lxgTtEaz4hPXGNuGZq0/E=&u=U2FsdGVkX19KJHvXD8fbnSAOetLatTDbpiTGcHF8mEM=&y=U2FsdGVkX19ZrTPR8gLDNsQZwKCa5XT1AdW41QC9d2l+5FUrVYQtUXSgwhoLTcgn HTTP/1.1" 200 26
186.84.90.91 - - [22/Jan/2023:07:22:42 -0500] "GET /kwssiamovil/sm/acme/a?s=U2FsdGVkX1+4Fk84jKQ8a3uDz6csU+U4QAXnC5z8o2MafJGaHKBJBjDsHjFg6zp0oP1LDEwLxm2kQGLPVlfbwUCg0IsNwB1SoEdw949r4FLNYqkyNhyNKaDyrwq9MKPxcLZj7OVjYvFtopQ53rkhfqdtUnANsSCaOCAcpD4gKpk=&u=U2FsdGVkX19KJHvXD8fbnSAOetLatTDbpiTGcHF8mEM=&y=U2FsdGVkX19ZrTPR8gLDNsQZwKCa5XT1AdW41QC9d2l+5FUrVYQtUXSgwhoLTcgn HTTP/1.1" 200 26
186.84.90.91 - - [22/Jan/2023:07:22:42 -0500] "GET /kwssiamovil/sm/acme/a?s=U2FsdGVkX1+8MHibo0+in4vX8AZqFt9sjRbS7Ck6mmRN3qbPVmi0Id28X8ix8bGxZhTndH3d90zspWD7fPRDX6avJbRPf4hfcfRhF2VqgwhOcM5z6AfVqy7ZUgXR6eEdcgxaprx/6qVFC/cGtNgK7gr/KGZqewR0GkomGbK3Ju4=&u=U2FsdGVkX19KJHvXD8fbnSAOetLatTDbpiTGcHF8mEM=&y=U2FsdGVkX19ZrTPR8gLDNsQZwKCa5XT1AdW41QC9d2l+5FUrVYQtUXSgwhoLTcgn HTTP/1.1" 200 26
186.84.90.91 - - [22/Jan/2023:07:22:42 -0500] "GET /kwssiamovil/sm/acme/a?s=U2FsdGVkX1821hAEfWmjjqaiHfI4IWifNt8d6wyZGOZVyIt17QTii1N0IxhvEzDNxLRKW5icvg78Z86p7VWH853eh/cJZ2nYBc5j2rM1AxNXkOwsIdwnDt8X7JNYvPICfHnc9vugnX9xLJG+FC23OBZIlZg+gpd2nZVuelIItfiXUMFuIfA4T9aCTtiGO1IIfI/DWrbiJopunsiT3raXhw==&u=U2FsdGVkX19KJHvXD8fbnSAOetLatTDbpiTGcHF8mEM=&y=U2FsdGVkX19ZrTPR8gLDNsQZwKCa5XT1AdW41QC9d2l+5FUrVYQtUXSgwhoLTcgn HTTP/1.1" 200 26
216.245.221.92 - - [22/Jan/2023:07:22:54 -0500] "HEAD / HTTP/1.1" 200 -
172.22.2.4 - - [22/Jan/2023:07:21:22 -0500] "GET /BLA/boletinlegal/ HTTP/1.1" 200 55272
172.22.2.4 - - [22/Jan/2023:07:23:11 -0500] "GET /BLA/boletinlegal/js/jquery.js HTTP/1.1" 200 57254
172.22.2.4 - - [22/Jan/2023:07:23:11 -0500] "GET /BLA/boletinlegal/style.css HTTP/1.1" 200 9406
172.22.2.4 - - [22/Jan/2023:07:23:12 -0500] "GET /BLA/boletinlegal/styles2.css HTTP/1.1" 200 1838
172.22.2.4 - - [22/Jan/2023:07:23:20 -0500] "GET /BLA/boletinlegal/js/jquery.scrollShow.js HTTP/1.1" 200 4586
172.22.2.4 - - [22/Jan/2023:07:23:20 -0500] "GET /BLA/boletinlegal/js/jquery.scrollTo-min.js HTTP/1.1" 200 1150
173.252.79.21 - - [22/Jan/2023:07:24:51 -0500] "GET /images/19%20de%20enero%20\xc3\xa1rbol%20bosque%20San%20Carlos.jpg HTTP/1.1" 404 1034
201.245.192.253 - - [22/Jan/2023:07:25:03 -0500] "POST /kwsrmcab/Wsrmcab  HTTP/1.1" 200 213
173.252.79.8 - - [22/Jan/2023:07:25:25 -0500] "GET /images/19%20de%20enero%20\xc3\xa1rbol%20bosque%20San%20Carlos.jpg HTTP/1.1" 404 1034
172.22.2.4 - - [22/Jan/2023:07:24:15 -0500] "HEAD /BLA/boletinlegal/ HTTP/1.1" 200 -
172.22.2.4 - - [22/Jan/2023:07:25:05 -0500] "GET /BLA/boletinlegal/ HTTP/1.1" 200 51643
216.245.221.92 - - [22/Jan/2023:07:27:54 -0500] "HEAD / HTTP/1.1" 200 -
66.220.149.118 - - [22/Jan/2023:07:27:58 -0500] "GET /tinguas-azules-secretaria-de-ambiente-atiende-alto-numero-de-reportes-de-aves-migratorias.html HTTP/1.1" 206 923
93.158.161.76 - - [22/Jan/2023:07:28:49 -0500] "-" 408 -
201.245.192.253 - - [22/Jan/2023:07:28:57 -0500] "POST /kwsrmcab/Wsrmcab HTTP/1.1" 200 41752
201.245.192.253 - - [22/Jan/2023:07:28:59 -0500] "POST /kwsrmcab/Wsrmcab HTTP/1.1" 200 41757
201.245.192.253 - - [22/Jan/2023:07:30:02 -0500] "POST /kwsrmcab/Wsrmcab  HTTP/1.1" 200 213
172.22.2.4 - - [22/Jan/2023:07:30:05 -0500] "HEAD /BLA/boletinlegal/ HTTP/1.1" 200 -
190.157.193.153 - - [22/Jan/2023:07:32:03 -0500] "GET /galeria/galeria/jquery.fancybox.css?v=2.1.5 HTTP/1.1" 200 4895
190.157.193.153 - - [22/Jan/2023:07:32:03 -0500] "GET /BLA/boletinlegal/js/jquery.scrollShow.js HTTP/1.1" 200 4586
190.157.193.153 - - [22/Jan/2023:07:32:03 -0500] "GET /galeria/galeria/jquery.fancybox.js?v=2.1.5 HTTP/1.1" 200 48706
172.22.2.4 - - [22/Jan/2023:07:30:55 -0500] "GET /BLA/boletinlegal/ HTTP/1.1" 200 50855
31.13.103.11 - - [22/Jan/2023:07:32:36 -0500] "GET /images/Acuerdos%2001%20(1)%20(1).jpeg HTTP/1.1" 200 32884
172.22.2.4 - - [22/Jan/2023:07:32:53 -0500] "GET /BLA/boletinlegal/Directivas/2009/Directiva%20No.%20del%2023%20de%20Diciembre%20de%202009.pdf HTTP/1.1" 200 1636862
172.22.2.4 - - [22/Jan/2023:07:32:54 -0500] "GET /BLA/boletinlegal/favicon.ico HTTP/1.1" 404 1486
216.245.221.92 - - [22/Jan/2023:07:32:54 -0500] "HEAD / HTTP/1.1" 200 -
173.252.127.23 - - [22/Jan/2023:07:34:32 -0500] "GET /images/foto%202.jpg HTTP/1.1" 200 63300
201.245.192.253 - - [22/Jan/2023:07:35:00 -0500] "POST /kwsrmcab/Wsrmcab  HTTP/1.1" 200 213
173.252.79.6 - - [22/Jan/2023:07:36:05 -0500] "GET /images/19%20de%20enero%20\xc3\xa1rbol%20bosque%20San%20Carlos.jpg HTTP/1.1" 404 1034
179.43.177.242 - - [22/Jan/2023:07:36:22 -0500] "GET / HTTP/1.1" 200 319
172.22.2.4 - - [22/Jan/2023:07:35:55 -0500] "HEAD /BLA/boletinlegal/ HTTP/1.1" 200 -
216.245.221.92 - - [22/Jan/2023:07:37:54 -0500] "HEAD / HTTP/1.1" 200 -
172.22.2.4 - - [22/Jan/2023:07:36:45 -0500] "GET /BLA/boletinlegal/ HTTP/1.1" 200 56474
77.88.5.46 - - [22/Jan/2023:07:38:49 -0500] "-" 408 -
201.245.192.253 - - [22/Jan/2023:07:38:57 -0500] "POST /kwsrmcab/Wsrmcab HTTP/1.1" 200 41752
201.245.192.253 - - [22/Jan/2023:07:39:00 -0500] "POST /kwsrmcab/Wsrmcab HTTP/1.1" 200 41757
201.245.192.253 - - [22/Jan/2023:07:39:59 -0500] "POST /kwsrmcab/Wsrmcab  HTTP/1.1" 200 213
173.252.83.12 - - [22/Jan/2023:07:40:49 -0500] "GET /images/Fauna%20Silvestre%20SDA%2002.jpeg HTTP/1.1" 200 41590
186.84.20.110 - - [22/Jan/2023:07:41:16 -0500] "GET /sipse/faces/index.xhtml HTTP/1.1" 200 677
186.84.20.110 - - [22/Jan/2023:07:41:16 -0500] "GET /sipse/faces/javax.faces.resource/theme.css?ln=primefaces-sipse HTTP/1.1" 304 -
186.84.20.110 - - [22/Jan/2023:07:41:16 -0500] "GET /sipse/faces/faces/autenticacion.xhtml HTTP/1.1" 200 12171
186.84.20.110 - - [22/Jan/2023:07:41:16 -0500] "GET /sipse/js/disable_browser_buttons.js HTTP/1.1" 304 -
186.84.20.110 - - [22/Jan/2023:07:41:16 -0500] "GET /sipse/css/custom_css_sg.css HTTP/1.1" 304 -
186.84.20.110 - - [22/Jan/2023:07:41:16 -0500] "GET /sipse/faces/javax.faces.resource/layout/layout.css?ln=primefaces&v=4.0 HTTP/1.1" 304 -
186.84.20.110 - - [22/Jan/2023:07:41:16 -0500] "GET /sipse/css/custom_css_sg_prime_login.css HTTP/1.1" 304 -
186.84.20.110 - - [22/Jan/2023:07:41:16 -0500] "GET /sipse/js/funciones.js HTTP/1.1" 304 -
186.84.20.110 - - [22/Jan/2023:07:41:16 -0500] "GET /sipse/faces/javax.faces.resource/theme.css?ln=primefaces-sipse HTTP/1.1" 304 -
186.84.20.110 - - [22/Jan/2023:07:41:16 -0500] "GET /sipse/faces/javax.faces.resource/primefaces.css?ln=primefaces&v=4.0 HTTP/1.1" 304 -
186.84.20.110 - - [22/Jan/2023:07:41:16 -0500] "GET /sipse/faces/javax.faces.resource/jquery/jquery.js?ln=primefaces&v=4.0 HTTP/1.1" 304 -
186.84.20.110 - - [22/Jan/2023:07:41:16 -0500] "GET /sipse/faces/javax.faces.resource/jquery/jquery-plugins.js?ln=primefaces&v=4.0 HTTP/1.1" 304 -
186.84.20.110 - - [22/Jan/2023:07:41:16 -0500] "GET /sipse/faces/javax.faces.resource/primefaces.js?ln=primefaces&v=4.0 HTTP/1.1" 304 -
186.84.20.110 - - [22/Jan/2023:07:41:16 -0500] "GET /sipse/faces/javax.faces.resource/layout/layout.js?ln=primefaces&v=4.0 HTTP/1.1" 304 -
186.84.20.110 - - [22/Jan/2023:07:41:17 -0500] "GET /sipse/css/imagen/logoSDG.png HTTP/1.1" 304 -
186.84.20.110 - - [22/Jan/2023:07:41:17 -0500] "GET /sipse/css/imagen/loginimg.png HTTP/1.1" 304 -
186.84.20.110 - - [22/Jan/2023:07:41:17 -0500] "GET /sipse/faces/javax.faces.resource/images/ui-icons_898989_256x240.png?ln=primefaces-aristo HTTP/1.1" 304 -
186.84.20.110 - - [22/Jan/2023:07:41:38 -0500] "POST /sipse/faces/autenticacion.xhtml HTTP/1.1" 200 2216
186.84.20.110 - - [22/Jan/2023:07:41:38 -0500] "GET /sipse/faces/javax.faces.resource/messages/messages.png?ln=primefaces&v=4.0 HTTP/1.1" 304 -
186.84.20.110 - - [22/Jan/2023:07:41:39 -0500] "POST /sipse/faces/autenticacion.xhtml HTTP/1.1" 200 16251
186.84.20.110 - - [22/Jan/2023:07:41:39 -0500] "GET /sipse/css/custom_css_sg_prime.css HTTP/1.1" 304 -
186.84.20.110 - - [22/Jan/2023:07:41:39 -0500] "GET /sipse/faces/javax.faces.resource/theme.css?ln=primefaces-sipse HTTP/1.1" 304 -
186.84.20.110 - - [22/Jan/2023:07:41:39 -0500] "GET /sipse/faces/javax.faces.resource/primefaces.css?ln=primefaces&v=4.0 HTTP/1.1" 304 -
186.84.20.110 - - [22/Jan/2023:07:41:39 -0500] "GET /sipse/faces/javax.faces.resource/layout/layout.css?ln=primefaces&v=4.0 HTTP/1.1" 304 -
186.84.20.110 - - [22/Jan/2023:07:41:39 -0500] "GET /sipse/js/jquery.min.js HTTP/1.1" 304 -
186.84.20.110 - - [22/Jan/2023:07:41:40 -0500] "GET /sipse/faces/javax.faces.resource/jquery/jquery.js?ln=primefaces&v=4.0 HTTP/1.1" 304 -
186.84.20.110 - - [22/Jan/2023:07:41:40 -0500] "GET /sipse/faces/javax.faces.resource/jquery/jquery-plugins.js?ln=primefaces&v=4.0 HTTP/1.1" 304 -
186.84.20.110 - - [22/Jan/2023:07:41:40 -0500] "GET /sipse/faces/javax.faces.resource/primefaces.js?ln=primefaces&v=4.0 HTTP/1.1" 304 -
186.84.20.110 - - [22/Jan/2023:07:41:40 -0500] "GET /sipse/faces/javax.faces.resource/layout/layout.js?ln=primefaces&v=4.0 HTTP/1.1" 304 -
186.84.20.110 - - [22/Jan/2023:07:41:40 -0500] "GET /sipse/imagenes/logoAplicacion.jpg HTTP/1.1" 304 -
186.84.20.110 - - [22/Jan/2023:07:41:40 -0500] "GET /sipse/imagenes/cargando.gif HTTP/1.1" 304 -
186.84.20.110 - - [22/Jan/2023:07:41:40 -0500] "GET /sipse/css/imagen/contrasena.png HTTP/1.1" 404 383
186.84.20.110 - - [22/Jan/2023:07:41:44 -0500] "GET /sipse/faces/javax.faces.resource/images/ui-bg_flat_0_2d5972_40x100.png?ln=primefaces-aristo HTTP/1.1" 304 -
186.84.20.110 - - [22/Jan/2023:07:41:44 -0500] "POST /sipse/faces/bienvenido.xhtml HTTP/1.1" 200 2658
186.84.20.110 - - [22/Jan/2023:07:41:46 -0500] "POST /sipse/faces/bienvenido.xhtml HTTP/1.1" 200 64714
186.84.20.110 - - [22/Jan/2023:07:41:46 -0500] "GET /sipse/faces/javax.faces.resource/theme.css?ln=primefaces-sipse HTTP/1.1" 304 -
186.84.20.110 - - [22/Jan/2023:07:41:46 -0500] "GET /sipse/faces/javax.faces.resource/layout/layout.css?ln=primefaces&v=4.0 HTTP/1.1" 304 -
186.84.20.110 - - [22/Jan/2023:07:41:46 -0500] "GET /sipse/faces/javax.faces.resource/primefaces.css?ln=primefaces&v=4.0 HTTP/1.1" 304 -
186.84.20.110 - - [22/Jan/2023:07:41:46 -0500] "GET /sipse/faces/javax.faces.resource/jquery/jquery.js?ln=primefaces&v=4.0 HTTP/1.1" 304 -
186.84.20.110 - - [22/Jan/2023:07:41:46 -0500] "GET /sipse/faces/javax.faces.resource/jquery/jquery-plugins.js?ln=primefaces&v=4.0 HTTP/1.1" 304 -
186.84.20.110 - - [22/Jan/2023:07:41:46 -0500] "GET /sipse/faces/javax.faces.resource/primefaces.js?ln=primefaces&v=4.0 HTTP/1.1" 304 -
186.84.20.110 - - [22/Jan/2023:07:41:46 -0500] "GET /sipse/faces/javax.faces.resource/layout/layout.js?ln=primefaces&v=4.0 HTTP/1.1" 304 -
186.84.20.110 - - [22/Jan/2023:07:41:47 -0500] "POST /sipse/faces/presentacion/financiero/solicitudProceso/listarSolicitudProceso.xhtml HTTP/1.1" 200 1556
186.84.20.110 - - [22/Jan/2023:07:41:50 -0500] "POST /sipse/faces/presentacion/financiero/solicitudProceso/listarSolicitudProceso.xhtml HTTP/1.1" 200 33029
186.84.20.110 - - [22/Jan/2023:07:41:50 -0500] "POST /sipse/faces/presentacion/financiero/solicitudProceso/listarSolicitudProceso.xhtml HTTP/1.1" 200 45772
186.84.20.110 - - [22/Jan/2023:07:41:52 -0500] "POST /sipse/faces/presentacion/financiero/solicitudProceso/listarSolicitudProceso.xhtml HTTP/1.1" 200 3925
186.84.20.110 - - [22/Jan/2023:07:41:53 -0500] "POST /sipse/faces/presentacion/financiero/solicitudProceso/listarSolicitudProceso.xhtml HTTP/1.1" 200 40734
186.84.20.110 - - [22/Jan/2023:07:41:53 -0500] "GET /sipse/faces/javax.faces.resource/theme.css?ln=primefaces-sipse HTTP/1.1" 304 -
186.84.20.110 - - [22/Jan/2023:07:41:53 -0500] "GET /sipse/faces/javax.faces.resource/layout/layout.css?ln=primefaces&v=4.0 HTTP/1.1" 304 -
186.84.20.110 - - [22/Jan/2023:07:41:53 -0500] "GET /sipse/faces/javax.faces.resource/primefaces.css?ln=primefaces&v=4.0 HTTP/1.1" 304 -
186.84.20.110 - - [22/Jan/2023:07:41:54 -0500] "GET /sipse/faces/javax.faces.resource/jquery/jquery.js?ln=primefaces&v=4.0 HTTP/1.1" 304 -
186.84.20.110 - - [22/Jan/2023:07:41:54 -0500] "GET /sipse/faces/javax.faces.resource/jquery/jquery-plugins.js?ln=primefaces&v=4.0 HTTP/1.1" 304 -
186.84.20.110 - - [22/Jan/2023:07:41:54 -0500] "GET /sipse/faces/javax.faces.resource/primefaces.js?ln=primefaces&v=4.0 HTTP/1.1" 304 -
186.84.20.110 - - [22/Jan/2023:07:41:54 -0500] "GET /sipse/faces/javax.faces.resource/layout/layout.js?ln=primefaces&v=4.0 HTTP/1.1" 304 -
186.84.20.110 - - [22/Jan/2023:07:41:54 -0500] "POST /sipse/faces/presentacion/financiero/solicitudProceso/consultar.xhtml HTTP/1.1" 200 34137
216.245.221.92 - - [22/Jan/2023:07:42:54 -0500] "HEAD / HTTP/1.1" 200 -
186.84.20.110 - - [22/Jan/2023:07:42:54 -0500] "POST /sipse/faces/presentacion/financiero/solicitudProceso/consultar.xhtml HTTP/1.1" 200 12868
186.84.20.110 - - [22/Jan/2023:07:42:57 -0500] "POST /sipse/faces/presentacion/financiero/solicitudProceso/consultar.xhtml HTTP/1.1" 200 150929
186.84.20.110 - - [22/Jan/2023:07:42:57 -0500] "GET /sipse/faces/javax.faces.resource/theme.css?ln=primefaces-sipse HTTP/1.1" 304 -
186.84.20.110 - - [22/Jan/2023:07:42:57 -0500] "GET /sipse/faces/javax.faces.resource/primefaces.css?ln=primefaces&v=4.0 HTTP/1.1" 304 -
186.84.20.110 - - [22/Jan/2023:07:42:57 -0500] "GET /sipse/faces/javax.faces.resource/layout/layout.css?ln=primefaces&v=4.0 HTTP/1.1" 304 -
186.84.20.110 - - [22/Jan/2023:07:42:58 -0500] "GET /sipse/faces/javax.faces.resource/jquery/jquery.js?ln=primefaces&v=4.0 HTTP/1.1" 304 -
186.84.20.110 - - [22/Jan/2023:07:42:58 -0500] "GET /sipse/faces/javax.faces.resource/jquery/jquery-plugins.js?ln=primefaces&v=4.0 HTTP/1.1" 304 -
186.84.20.110 - - [22/Jan/2023:07:42:58 -0500] "GET /sipse/faces/javax.faces.resource/primefaces.js?ln=primefaces&v=4.0 HTTP/1.1" 304 -
186.84.20.110 - - [22/Jan/2023:07:42:58 -0500] "GET /sipse/faces/javax.faces.resource/layout/layout.js?ln=primefaces&v=4.0 HTTP/1.1" 304 -
186.84.20.110 - - [22/Jan/2023:07:43:04 -0500] "POST /sipse/faces/presentacion/financiero/solicitudProceso/consultarSolicitudProceso.xhtml HTTP/1.1" 200 5526
172.22.2.4 - - [22/Jan/2023:07:41:45 -0500] "HEAD /BLA/boletinlegal/ HTTP/1.1" 200 -
186.84.20.110 - - [22/Jan/2023:07:43:36 -0500] "POST /sipse/faces/presentacion/financiero/solicitudProceso/consultarSolicitudProceso.xhtml HTTP/1.1" 200 43831
186.84.20.110 - - [22/Jan/2023:07:43:36 -0500] "GET /sipse/faces/javax.faces.resource/theme.css?ln=primefaces-sipse HTTP/1.1" 304 -
186.84.20.110 - - [22/Jan/2023:07:43:36 -0500] "GET /sipse/faces/javax.faces.resource/primefaces.css?ln=primefaces&v=4.0 HTTP/1.1" 304 -
186.84.20.110 - - [22/Jan/2023:07:43:36 -0500] "GET /sipse/faces/javax.faces.resource/layout/layout.css?ln=primefaces&v=4.0 HTTP/1.1" 304 -
186.84.20.110 - - [22/Jan/2023:07:43:36 -0500] "GET /sipse/faces/javax.faces.resource/jquery/jquery.js?ln=primefaces&v=4.0 HTTP/1.1" 304 -
186.84.20.110 - - [22/Jan/2023:07:43:36 -0500] "GET /sipse/faces/javax.faces.resource/jquery/jquery-plugins.js?ln=primefaces&v=4.0 HTTP/1.1" 304 -
186.84.20.110 - - [22/Jan/2023:07:43:37 -0500] "GET /sipse/faces/javax.faces.resource/primefaces.js?ln=primefaces&v=4.0 HTTP/1.1" 304 -
186.84.20.110 - - [22/Jan/2023:07:43:37 -0500] "GET /sipse/faces/javax.faces.resource/layout/layout.js?ln=primefaces&v=4.0 HTTP/1.1" 304 -
186.84.20.110 - - [22/Jan/2023:07:43:37 -0500] "POST /sipse/faces/presentacion/financiero/solicitudProceso/consultar.xhtml HTTP/1.1" 200 37234
186.84.20.110 - - [22/Jan/2023:07:43:37 -0500] "POST /sipse/faces/presentacion/financiero/solicitudProceso/consultar.xhtml HTTP/1.1" 200 37234
186.84.20.110 - - [22/Jan/2023:07:43:37 -0500] "POST /sipse/faces/presentacion/financiero/solicitudProceso/consultar.xhtml HTTP/1.1" 200 37234
186.84.20.110 - - [22/Jan/2023:07:43:51 -0500] "POST /sipse/faces/presentacion/financiero/solicitudProceso/consultar.xhtml HTTP/1.1" 200 12867
186.84.20.110 - - [22/Jan/2023:07:43:53 -0500] "POST /sipse/faces/presentacion/financiero/solicitudProceso/consultar.xhtml HTTP/1.1" 200 156280
186.84.20.110 - - [22/Jan/2023:07:43:54 -0500] "GET /sipse/faces/javax.faces.resource/theme.css?ln=primefaces-sipse HTTP/1.1" 304 -
186.84.20.110 - - [22/Jan/2023:07:43:54 -0500] "GET /sipse/faces/javax.faces.resource/primefaces.css?ln=primefaces&v=4.0 HTTP/1.1" 304 -
186.84.20.110 - - [22/Jan/2023:07:43:54 -0500] "GET /sipse/faces/javax.faces.resource/layout/layout.css?ln=primefaces&v=4.0 HTTP/1.1" 304 -
186.84.20.110 - - [22/Jan/2023:07:43:54 -0500] "GET /sipse/faces/javax.faces.resource/jquery/jquery.js?ln=primefaces&v=4.0 HTTP/1.1" 304 -
186.84.20.110 - - [22/Jan/2023:07:43:54 -0500] "GET /sipse/faces/javax.faces.resource/jquery/jquery-plugins.js?ln=primefaces&v=4.0 HTTP/1.1" 304 -
186.84.20.110 - - [22/Jan/2023:07:43:54 -0500] "GET /sipse/faces/javax.faces.resource/primefaces.js?ln=primefaces&v=4.0 HTTP/1.1" 304 -
186.84.20.110 - - [22/Jan/2023:07:43:54 -0500] "GET /sipse/faces/javax.faces.resource/layout/layout.js?ln=primefaces&v=4.0 HTTP/1.1" 304 -
186.84.20.110 - - [22/Jan/2023:07:44:00 -0500] "POST /sipse/faces/presentacion/financiero/solicitudProceso/consultarSolicitudProceso.xhtml HTTP/1.1" 200 5526
172.22.2.4 - - [22/Jan/2023:07:42:35 -0500] "GET /BLA/boletinlegal/ HTTP/1.1" 200 56825
186.84.20.110 - - [22/Jan/2023:07:44:23 -0500] "POST /sipse/faces/presentacion/financiero/solicitudProceso/consultarSolicitudProceso.xhtml HTTP/1.1" 200 43830
186.84.20.110 - - [22/Jan/2023:07:44:23 -0500] "GET /sipse/faces/javax.faces.resource/theme.css?ln=primefaces-sipse HTTP/1.1" 304 -
186.84.20.110 - - [22/Jan/2023:07:44:23 -0500] "GET /sipse/faces/javax.faces.resource/primefaces.css?ln=primefaces&v=4.0 HTTP/1.1" 304 -
186.84.20.110 - - [22/Jan/2023:07:44:23 -0500] "GET /sipse/faces/javax.faces.resource/layout/layout.css?ln=primefaces&v=4.0 HTTP/1.1" 304 -
186.84.20.110 - - [22/Jan/2023:07:44:24 -0500] "GET /sipse/faces/javax.faces.resource/jquery/jquery.js?ln=primefaces&v=4.0 HTTP/1.1" 304 -
186.84.20.110 - - [22/Jan/2023:07:44:24 -0500] "GET /sipse/faces/javax.faces.resource/jquery/jquery-plugins.js?ln=primefaces&v=4.0 HTTP/1.1" 304 -
186.84.20.110 - - [22/Jan/2023:07:44:24 -0500] "GET /sipse/faces/javax.faces.resource/primefaces.js?ln=primefaces&v=4.0 HTTP/1.1" 304 -
186.84.20.110 - - [22/Jan/2023:07:44:24 -0500] "GET /sipse/faces/javax.faces.resource/layout/layout.js?ln=primefaces&v=4.0 HTTP/1.1" 304 -
186.84.20.110 - - [22/Jan/2023:07:44:24 -0500] "POST /sipse/faces/presentacion/financiero/solicitudProceso/consultar.xhtml HTTP/1.1" 200 37233
186.84.20.110 - - [22/Jan/2023:07:44:24 -0500] "POST /sipse/faces/presentacion/financiero/solicitudProceso/consultar.xhtml HTTP/1.1" 200 37233
186.84.20.110 - - [22/Jan/2023:07:44:24 -0500] "POST /sipse/faces/presentacion/financiero/solicitudProceso/consultar.xhtml HTTP/1.1" 200 37233
186.84.20.110 - - [22/Jan/2023:07:44:24 -0500] "POST /sipse/faces/presentacion/financiero/solicitudProceso/consultar.xhtml HTTP/1.1" 200 37233
186.84.20.110 - - [22/Jan/2023:07:44:25 -0500] "POST /sipse/faces/presentacion/financiero/solicitudProceso/consultar.xhtml HTTP/1.1" 200 37233
186.84.20.110 - - [22/Jan/2023:07:44:45 -0500] "POST /sipse/faces/presentacion/financiero/solicitudProceso/consultar.xhtml HTTP/1.1" 200 12866
186.84.20.110 - - [22/Jan/2023:07:44:47 -0500] "POST /sipse/faces/presentacion/financiero/solicitudProceso/consultar.xhtml HTTP/1.1" 200 152758
186.84.20.110 - - [22/Jan/2023:07:44:48 -0500] "GET /sipse/faces/javax.faces.resource/theme.css?ln=primefaces-sipse HTTP/1.1" 304 -
186.84.20.110 - - [22/Jan/2023:07:44:48 -0500] "GET /sipse/faces/javax.faces.resource/primefaces.css?ln=primefaces&v=4.0 HTTP/1.1" 304 -
186.84.20.110 - - [22/Jan/2023:07:44:48 -0500] "GET /sipse/faces/javax.faces.resource/layout/layout.css?ln=primefaces&v=4.0 HTTP/1.1" 304 -
186.84.20.110 - - [22/Jan/2023:07:44:48 -0500] "GET /sipse/faces/javax.faces.resource/jquery/jquery.js?ln=primefaces&v=4.0 HTTP/1.1" 304 -
186.84.20.110 - - [22/Jan/2023:07:44:48 -0500] "GET /sipse/faces/javax.faces.resource/jquery/jquery-plugins.js?ln=primefaces&v=4.0 HTTP/1.1" 304 -
186.84.20.110 - - [22/Jan/2023:07:44:48 -0500] "GET /sipse/faces/javax.faces.resource/primefaces.js?ln=primefaces&v=4.0 HTTP/1.1" 304 -
186.84.20.110 - - [22/Jan/2023:07:44:48 -0500] "GET /sipse/faces/javax.faces.resource/layout/layout.js?ln=primefaces&v=4.0 HTTP/1.1" 304 -
186.84.20.110 - - [22/Jan/2023:07:44:54 -0500] "POST /sipse/faces/presentacion/financiero/solicitudProceso/consultarSolicitudProceso.xhtml HTTP/1.1" 200 5526
201.245.192.253 - - [22/Jan/2023:07:44:58 -0500] "POST /kwsrmcab/Wsrmcab  HTTP/1.1" 200 213
186.84.20.110 - - [22/Jan/2023:07:45:20 -0500] "POST /sipse/faces/presentacion/financiero/solicitudProceso/consultarSolicitudProceso.xhtml HTTP/1.1" 200 43829
186.84.20.110 - - [22/Jan/2023:07:45:20 -0500] "GET /sipse/faces/javax.faces.resource/theme.css?ln=primefaces-sipse HTTP/1.1" 304 -
186.84.20.110 - - [22/Jan/2023:07:45:20 -0500] "GET /sipse/faces/javax.faces.resource/primefaces.css?ln=primefaces&v=4.0 HTTP/1.1" 304 -
186.84.20.110 - - [22/Jan/2023:07:45:20 -0500] "GET /sipse/faces/javax.faces.resource/layout/layout.css?ln=primefaces&v=4.0 HTTP/1.1" 304 -
186.84.20.110 - - [22/Jan/2023:07:45:20 -0500] "GET /sipse/faces/javax.faces.resource/jquery/jquery.js?ln=primefaces&v=4.0 HTTP/1.1" 304 -
186.84.20.110 - - [22/Jan/2023:07:45:20 -0500] "GET /sipse/faces/javax.faces.resource/jquery/jquery-plugins.js?ln=primefaces&v=4.0 HTTP/1.1" 304 -
186.84.20.110 - - [22/Jan/2023:07:45:20 -0500] "GET /sipse/faces/javax.faces.resource/primefaces.js?ln=primefaces&v=4.0 HTTP/1.1" 304 -
186.84.20.110 - - [22/Jan/2023:07:45:20 -0500] "GET /sipse/faces/javax.faces.resource/layout/layout.js?ln=primefaces&v=4.0 HTTP/1.1" 304 -
186.84.20.110 - - [22/Jan/2023:07:45:20 -0500] "POST /sipse/faces/presentacion/financiero/solicitudProceso/consultar.xhtml HTTP/1.1" 200 37232
186.84.20.110 - - [22/Jan/2023:07:45:20 -0500] "POST /sipse/faces/presentacion/financiero/solicitudProceso/consultar.xhtml HTTP/1.1" 200 37232
186.84.20.110 - - [22/Jan/2023:07:45:21 -0500] "POST /sipse/faces/presentacion/financiero/solicitudProceso/consultar.xhtml HTTP/1.1" 200 37232
186.84.20.110 - - [22/Jan/2023:07:45:21 -0500] "POST /sipse/faces/presentacion/financiero/solicitudProceso/consultar.xhtml HTTP/1.1" 200 37232
186.84.20.110 - - [22/Jan/2023:07:45:21 -0500] "POST /sipse/faces/presentacion/financiero/solicitudProceso/consultar.xhtml HTTP/1.1" 200 37232
186.84.20.110 - - [22/Jan/2023:07:45:21 -0500] "POST /sipse/faces/presentacion/financiero/solicitudProceso/consultar.xhtml HTTP/1.1" 200 37232
186.84.20.110 - - [22/Jan/2023:07:45:21 -0500] "POST /sipse/faces/presentacion/financiero/solicitudProceso/consultar.xhtml HTTP/1.1" 200 37232
186.84.20.110 - - [22/Jan/2023:07:45:37 -0500] "POST /sipse/faces/presentacion/financiero/solicitudProceso/consultar.xhtml HTTP/1.1" 200 12866
186.84.20.110 - - [22/Jan/2023:07:45:39 -0500] "POST /sipse/faces/presentacion/financiero/solicitudProceso/consultar.xhtml HTTP/1.1" 200 154468
186.84.20.110 - - [22/Jan/2023:07:45:40 -0500] "GET /sipse/faces/javax.faces.resource/theme.css?ln=primefaces-sipse HTTP/1.1" 304 -
186.84.20.110 - - [22/Jan/2023:07:45:40 -0500] "GET /sipse/faces/javax.faces.resource/layout/layout.css?ln=primefaces&v=4.0 HTTP/1.1" 304 -
186.84.20.110 - - [22/Jan/2023:07:45:40 -0500] "GET /sipse/faces/javax.faces.resource/primefaces.css?ln=primefaces&v=4.0 HTTP/1.1" 304 -
186.84.20.110 - - [22/Jan/2023:07:45:40 -0500] "GET /sipse/faces/javax.faces.resource/jquery/jquery.js?ln=primefaces&v=4.0 HTTP/1.1" 304 -
186.84.20.110 - - [22/Jan/2023:07:45:40 -0500] "GET /sipse/faces/javax.faces.resource/jquery/jquery-plugins.js?ln=primefaces&v=4.0 HTTP/1.1" 304 -
186.84.20.110 - - [22/Jan/2023:07:45:40 -0500] "GET /sipse/faces/javax.faces.resource/primefaces.js?ln=primefaces&v=4.0 HTTP/1.1" 304 -
186.84.20.110 - - [22/Jan/2023:07:45:40 -0500] "GET /sipse/faces/javax.faces.resource/layout/layout.js?ln=primefaces&v=4.0 HTTP/1.1" 304 -
186.84.20.110 - - [22/Jan/2023:07:45:46 -0500] "POST /sipse/faces/presentacion/financiero/solicitudProceso/consultarSolicitudProceso.xhtml HTTP/1.1" 200 5526
186.84.20.110 - - [22/Jan/2023:07:46:09 -0500] "POST /sipse/faces/presentacion/financiero/solicitudProceso/consultarSolicitudProceso.xhtml HTTP/1.1" 200 43829
186.84.20.110 - - [22/Jan/2023:07:46:09 -0500] "GET /sipse/faces/javax.faces.resource/theme.css?ln=primefaces-sipse HTTP/1.1" 304 -
186.84.20.110 - - [22/Jan/2023:07:46:10 -0500] "GET /sipse/faces/javax.faces.resource/primefaces.css?ln=primefaces&v=4.0 HTTP/1.1" 304 -
186.84.20.110 - - [22/Jan/2023:07:46:10 -0500] "GET /sipse/faces/javax.faces.resource/layout/layout.css?ln=primefaces&v=4.0 HTTP/1.1" 304 -
186.84.20.110 - - [22/Jan/2023:07:46:10 -0500] "GET /sipse/faces/javax.faces.resource/jquery/jquery.js?ln=primefaces&v=4.0 HTTP/1.1" 304 -
186.84.20.110 - - [22/Jan/2023:07:46:10 -0500] "GET /sipse/faces/javax.faces.resource/jquery/jquery-plugins.js?ln=primefaces&v=4.0 HTTP/1.1" 304 -
186.84.20.110 - - [22/Jan/2023:07:46:10 -0500] "GET /sipse/faces/javax.faces.resource/primefaces.js?ln=primefaces&v=4.0 HTTP/1.1" 304 -
186.84.20.110 - - [22/Jan/2023:07:46:10 -0500] "GET /sipse/faces/javax.faces.resource/layout/layout.js?ln=primefaces&v=4.0 HTTP/1.1" 304 -
186.84.20.110 - - [22/Jan/2023:07:46:10 -0500] "POST /sipse/faces/presentacion/financiero/solicitudProceso/consultar.xhtml HTTP/1.1" 200 37232
186.84.20.110 - - [22/Jan/2023:07:46:10 -0500] "POST /sipse/faces/presentacion/financiero/solicitudProceso/consultar.xhtml HTTP/1.1" 200 37232
186.84.20.110 - - [22/Jan/2023:07:46:10 -0500] "POST /sipse/faces/presentacion/financiero/solicitudProceso/consultar.xhtml HTTP/1.1" 200 37232
186.84.20.110 - - [22/Jan/2023:07:46:10 -0500] "POST /sipse/faces/presentacion/financiero/solicitudProceso/consultar.xhtml HTTP/1.1" 200 37232
186.84.20.110 - - [22/Jan/2023:07:46:11 -0500] "POST /sipse/faces/presentacion/financiero/solicitudProceso/consultar.xhtml HTTP/1.1" 200 37232
186.84.20.110 - - [22/Jan/2023:07:46:11 -0500] "POST /sipse/faces/presentacion/financiero/solicitudProceso/consultar.xhtml HTTP/1.1" 200 37232
186.84.20.110 - - [22/Jan/2023:07:46:11 -0500] "POST /sipse/faces/presentacion/financiero/solicitudProceso/consultar.xhtml HTTP/1.1" 200 37232
186.84.20.110 - - [22/Jan/2023:07:46:11 -0500] "POST /sipse/faces/presentacion/financiero/solicitudProceso/consultar.xhtml HTTP/1.1" 200 37232
186.84.20.110 - - [22/Jan/2023:07:46:11 -0500] "POST /sipse/faces/presentacion/financiero/solicitudProceso/consultar.xhtml HTTP/1.1" 200 37232
