201.245.192.253 - - [23/Jan/2023:08:13:08 -0500] "POST /sipse/faces/presentacion/financiero/solicitudProceso/consultar.xhtml HTTP/1.1" 200 12959
201.245.192.253 - - [23/Jan/2023:08:13:12 -0500] "POST /sipse/faces/presentacion/financiero/solicitudProceso/consultar.xhtml HTTP/1.1" 200 13032
190.66.248.131 - - [23/Jan/2023:08:13:12 -0500] "POST /sipse/faces/presentacion/financiero/solicitudProceso/consultarSolicitudProceso.xhtml HTTP/1.1" 200 46330
152.202.79.157 - - [23/Jan/2023:08:13:13 -0500] "GET /kwssiamovil/sm/acme/a?s=U2FsdGVkX1+PxIg9po8OHwft67iFBCaZwx6zmFrsA6Q10vKDGt2EcJtbe0fFxL9F2OFJqUwye1rKVZmNc63tluw9h/kZ24JWOEY4alIU7oCiKvvJpfPJrAHx2Td4Y6xZ47TT3Q0JU3r2W4GoaAMFXOQCzp7VndYUdEroOIsGWnHoRSU2OBYB/7+JUAWQe3I8Yr4Kw60gVaXOZAP4cnlGqH0dKDNSMYFXFkjQBEdF21JBj4n6ctss0Aa8TAbqwEoE07pdx3AybfAi04qHo4wMhQ==&u=U2FsdGVkX19yCoPSKesUIO41Osd81Z9Y7wWuRf/U3gXRwPh3w+/AfT+T65D+2/kZ&y=U2FsdGVkX196qF1MC6cXKYBTRL49CSpx37MbdbF4LShkd+sZF8bDfEvec2iPcV9T HTTP/1.1" 200 26
190.66.248.131 - - [23/Jan/2023:08:13:13 -0500] "GET /sipse/faces/javax.faces.resource/jquery/jquery.js?ln=primefaces&v=4.0 HTTP/1.1" 304 -
190.66.248.131 - - [23/Jan/2023:08:13:13 -0500] "GET /sipse/faces/javax.faces.resource/jquery/jquery-plugins.js?ln=primefaces&v=4.0 HTTP/1.1" 304 -
190.66.248.131 - - [23/Jan/2023:08:13:13 -0500] "GET /sipse/faces/javax.faces.resource/primefaces.js?ln=primefaces&v=4.0 HTTP/1.1" 304 -
190.66.248.131 - - [23/Jan/2023:08:13:13 -0500] "GET /sipse/faces/javax.faces.resource/layout/layout.js?ln=primefaces&v=4.0 HTTP/1.1" 304 -
190.66.248.131 - - [23/Jan/2023:08:13:13 -0500] "POST /sipse/faces/presentacion/financiero/solicitudProceso/consultar.xhtml HTTP/1.1" 200 39754
152.202.79.157 - - [23/Jan/2023:08:13:13 -0500] "GET /kwssiamovil/sm/acme/a?s=U2FsdGVkX1/Z+NHdt2miqVqQ0sExN/4boW7GaooQnvN1QOM1QurmFAwhs3fZVVz7RjsvI9QMeK3fmmo85RIDZmbaMGEyclWYvHrUqt5zdLCzV32pOi4PWe3AS4fRtNgcTtYEnHoiThXRcnPc4Zm/2tKfchw6gb8GJbgjqRJ1BawHae+A2esCgSLEbsSzfChxpX4DrOPD6k6UfX1Ly9qif++zASONR2+JuY65aVAkOhUt4NV3uDRD2z/CA2XRQQVv7LkFXpovR1oa9r/LxOVnyNivG7bmCGHPsrVlHgXBEwgTlU5HKJHnoxmoH6eXwi2nwPKubLBZRhFVniZziHps/xlImj7gfeoG0EsHavQ++Lb+iODQXb9z6wNgIORy32aLCPHrbDZJwCT/zzPYJeqTAwyl8m1ftNh1Qp+BpIPJTisZ6x7iCDJtvPlOBZ0x0Z7cQuTdz9jlaVNHWyyqU6J8gzf4bW8TdR6yPrROLZ0ECnl5IwcoCvDeltDp9TFXJHsT6wUtlYWk6gBIYbIE5D47SpxEBlHUHgpzuvWihtTLE4g4M/nePbuU/RDVmndaKLDpr9OgXgLlYBDnKcYZzvwfFQ3IQ5t+Q7ONzsOCkODosDraGJvjR7SfWI0Wf9+lxJTPi9Zv1LjEFWGOBhb5l3d+Pc0yOul04Dqrx84V0GSh3LnRAXd+tCC6LecADz0LFz1bRdFwxDogKFzNA9t2R82pWWYGHRnlWVhMApC8cYz1aoDDLk4xtVYLrIdKiORAWiDnkE5sS1dPdVnzxSYsbxk9638lYycPns48GiXMrWru//jZXgrzy6PnRYcicTv9ThnOOLu5GZrAKFr74PvWIUpVzg9D5HrQU/OvLi6g6tad6g1kZ+uUI9WWJ5H2pPT7FcDY++8aEhXmm2wgp2seEHDpkn5XDB3sRn5dtbTXoGoQrP0HnrcCjxce9g4poxXAOev0si5Xwt+/w2q/HJdbVjPulehAiqPg1v7hAQFDMTlgP50I6dKXnAxBH/qwDkCUzUcV3W7LU7d6E8MTT+ujNFFSKVFXl7r4EG8hx6DUbnrRBoc8akAYaIRnw8mDDf++tTswpSgwCpZ2Cq66Re2YdRN6/dU7s0LqJfnPJI6maKZdmty7XdwwM947Rg1MpR/h/lwH9aaa+VzLochOo8keZHEDFc465bmZU2sTxX64evy9CdjrHsgYec5G8yZrloT90y8tf2V3hUuiNeLwjFTLfKfBZh+3/XRFB6rOqzRfjC4/InGvd7wGM1NJwMrPrCimEJcblUS/ouCGoRT/auJhgvIjZJvOiBwsZtyVDFhxbolqYSJnCS7WrSjukjYv/xcymBQ00YqAz1thiXN91uGA1ppB0PTBXOFKQKGZ8UnLhOEOB2zts4zL+9mK5XWrsMdEbXwKjNjg46KBV9fetralJc82a4jIsPn16HTsllRcv2nRKRx9H8rIv49uFBz9ReBZ7HWBlizvJl42ynvKdm42Ed765COIZ1FUQCvsnUTtinj87moVeBrmpurKb3DBi/EfDhuaMlTxahe8s4hDKCDZugdcTIRo4P4bLud1j91qIC1rzk5GGYxJcnI213iOpnuU9EDjuFINWb+GuH2ps/O6cNyVAUMwy90UjLEXGdv7rbpG/vWxy/NhryzpS4r0iZAK/QozXld+OMwr3D5yEDHUWtRawV9mccCyZpUKybBTHQRyHBV8o5ZoJBtCk7HHSu11I59Skb+6uiVZCNPdMO0pC/W5JA==&u=U2FsdGVkX19yCoPSKesUIO41Osd81Z9Y7wWuRf/U3gXRwPh3w+/AfT+T65D+2/kZ&y=U2FsdGVkX196qF1MC6cXKYBTRL49CSpx37MbdbF4LShkd+sZF8bDfEvec2iPcV9T HTTP/1.1" 200 26
190.66.248.131 - - [23/Jan/2023:08:13:13 -0500] "POST /sipse/faces/presentacion/financiero/solicitudProceso/consultar.xhtml HTTP/1.1" 200 39754
152.202.79.157 - - [23/Jan/2023:08:13:13 -0500] "GET /kwssiamovil/sm/acme/a?s=U2FsdGVkX1/Qvs0JZHC6jrGZzfMmdMCD+ZCPK5pPZysCcIi0NFzte8spFQEJAnqtsJG+THo2Mx+amuMNrRBd+J7bv4oCTsLijs9J6dVoiWpQzQ4HYkE/VGHGMauUotWSa5ldAS0Fj0OxW/SpH5CZJ9uEysnwSM8Y6nwHETPG9EU=&u=U2FsdGVkX19yCoPSKesUIO41Osd81Z9Y7wWuRf/U3gXRwPh3w+/AfT+T65D+2/kZ&y=U2FsdGVkX196qF1MC6cXKYBTRL49CSpx37MbdbF4LShkd+sZF8bDfEvec2iPcV9T HTTP/1.1" 200 26
152.202.79.157 - - [23/Jan/2023:08:13:13 -0500] "GET /kwssiamovil/sm/acme/a?s=U2FsdGVkX1+ZaJzSQkSZS4oE1ff1uFKMuVYvZMiHgu3IwCRyZMohRtz6DeEzbwnKFCsFSNpr9IxLVzsKjfrAqF/ZbvZhE6Q6EcpJ2oWYHteJsg47W9YQYbhf/qmLtYim5PgOmfANhk8wd4WzWqpJXtu1Qs3x4BWL7OnHRNPlYBQ=&u=U2FsdGVkX19yCoPSKesUIO41Osd81Z9Y7wWuRf/U3gXRwPh3w+/AfT+T65D+2/kZ&y=U2FsdGVkX196qF1MC6cXKYBTRL49CSpx37MbdbF4LShkd+sZF8bDfEvec2iPcV9T HTTP/1.1" 200 26
152.202.79.157 - - [23/Jan/2023:08:13:14 -0500] "GET /kwssiamovil/sm/acme/a?s=U2FsdGVkX18Tk/kwxwsD8M/Neo+S1JXVlP6rEFFLopQmSL3SdsdGjNypSBA+poDLGQH1U66El6EUvBEMGfd3Rg7sKXTV9BcmanfxSazJXIw1cMrabamx8lSSgLvHuNi/tI4s5VrJX6SEVGJk8uB9eIHYKnm9d6pZvHOjI2I8ZGk=&u=U2FsdGVkX19yCoPSKesUIO41Osd81Z9Y7wWuRf/U3gXRwPh3w+/AfT+T65D+2/kZ&y=U2FsdGVkX196qF1MC6cXKYBTRL49CSpx37MbdbF4LShkd+sZF8bDfEvec2iPcV9T HTTP/1.1" 200 26
152.202.79.157 - - [23/Jan/2023:08:13:14 -0500] "GET /kwssiamovil/sm/acme/a?s=U2FsdGVkX19eDDwl+ugAHzXe3H+puaeMlj36b7CXF60QSEIAfJR+AVijrhmbmWc8QRiaFfPWZ1YNpfXMRZMlPeoHrP/eC/W4vsl4CaEFhqbqYbC5aMzoEUyzoqqyHu8T8EI8keLx8zqgwaWtkr3iP7bCvmc5e6p/nqOkga6j/H7Ftzjx3/gLy7GAjIv9rZKCfNLOiMFl2btDsv5gq8y2Jw==&u=U2FsdGVkX19yCoPSKesUIO41Osd81Z9Y7wWuRf/U3gXRwPh3w+/AfT+T65D+2/kZ&y=U2FsdGVkX196qF1MC6cXKYBTRL49CSpx37MbdbF4LShkd+sZF8bDfEvec2iPcV9T HTTP/1.1" 200 26
201.245.192.253 - - [23/Jan/2023:08:13:15 -0500] "POST /sipse/faces/presentacion/financiero/solicitudProceso/consultar.xhtml HTTP/1.1" 200 12955
201.245.192.253 - - [23/Jan/2023:08:13:18 -0500] "POST /sipse/faces/presentacion/financiero/solicitudProceso/consultar.xhtml HTTP/1.1" 200 12984
201.245.192.253 - - [23/Jan/2023:08:13:21 -0500] "POST /sipse/faces/presentacion/financiero/solicitudProceso/consultar.xhtml HTTP/1.1" 200 12970
201.245.192.253 - - [23/Jan/2023:08:13:24 -0500] "POST /sipse/faces/presentacion/financiero/solicitudProceso/consultar.xhtml HTTP/1.1" 200 12899
172.22.2.4 - - [23/Jan/2023:08:11:44 -0500] "HEAD /BLA/boletinlegal/ HTTP/1.1" 200 -
190.66.248.131 - - [23/Jan/2023:08:13:25 -0500] "POST /sipse/faces/presentacion/financiero/solicitudProceso/consultar.xhtml HTTP/1.1" 200 12921
201.245.192.253 - - [23/Jan/2023:08:13:26 -0500] "POST /sipse/faces/presentacion/financiero/solicitudProceso/consultar.xhtml HTTP/1.1" 200 13014
190.66.248.131 - - [23/Jan/2023:08:13:28 -0500] "POST /sipse/faces/presentacion/financiero/solicitudProceso/consultar.xhtml HTTP/1.1" 200 127853
190.66.248.131 - - [23/Jan/2023:08:13:29 -0500] "GET /sipse/faces/javax.faces.resource/jquery/jquery.js?ln=primefaces&v=4.0 HTTP/1.1" 304 -
190.66.248.131 - - [23/Jan/2023:08:13:29 -0500] "GET /sipse/faces/javax.faces.resource/jquery/jquery-plugins.js?ln=primefaces&v=4.0 HTTP/1.1" 304 -
190.66.248.131 - - [23/Jan/2023:08:13:29 -0500] "GET /sipse/faces/javax.faces.resource/primefaces.js?ln=primefaces&v=4.0 HTTP/1.1" 304 -
190.66.248.131 - - [23/Jan/2023:08:13:29 -0500] "GET /sipse/faces/javax.faces.resource/layout/layout.js?ln=primefaces&v=4.0 HTTP/1.1" 304 -
190.66.248.131 - - [23/Jan/2023:08:13:29 -0500] "GET /sipse/faces/javax.faces.resource/dynamiccontent.properties?ln=primefaces&pfdrid=XjOR5%2F%2FfPAZAuY9TpWQeCiM0BhlXxYRBGKi%2FQcXXfeA%3D&pfdrid_c=false HTTP/1.1" 500 383
201.245.192.253 - - [23/Jan/2023:08:13:29 -0500] "POST /sipse/faces/presentacion/financiero/solicitudProceso/consultar.xhtml HTTP/1.1" 200 12972
201.245.192.253 - - [23/Jan/2023:08:13:32 -0500] "POST /sipse/faces/presentacion/financiero/solicitudProceso/consultar.xhtml HTTP/1.1" 200 12858
201.245.192.253 - - [23/Jan/2023:08:13:35 -0500] "POST /sipse/faces/presentacion/financiero/solicitudProceso/consultar.xhtml HTTP/1.1" 200 13020
201.245.192.253 - - [23/Jan/2023:08:13:38 -0500] "POST /sipse/faces/presentacion/financiero/solicitudProceso/consultar.xhtml HTTP/1.1" 200 12923
190.66.248.131 - - [23/Jan/2023:08:13:40 -0500] "POST /sipse/faces/presentacion/financiero/solicitudProceso/consultarSolicitudProceso.xhtml HTTP/1.1" 200 911
201.245.192.253 - - [23/Jan/2023:08:13:42 -0500] "POST /sipse/faces/presentacion/financiero/solicitudProceso/consultar.xhtml HTTP/1.1" 200 12927
77.88.5.222 - - [23/Jan/2023:08:13:43 -0500] "-" 408 -
201.245.192.253 - - [23/Jan/2023:08:13:46 -0500] "POST /sipse/faces/presentacion/financiero/solicitudProceso/consultar.xhtml HTTP/1.1" 200 4463
201.245.192.253 - - [23/Jan/2023:08:13:47 -0500] "POST /sipse/faces/presentacion/financiero/solicitudProceso/consultar.xhtml HTTP/1.1" 200 35204
201.245.192.253 - - [23/Jan/2023:08:13:48 -0500] "GET /sipse/faces/javax.faces.resource/theme.css?ln=primefaces-sipse HTTP/1.1" 304 -
201.245.192.253 - - [23/Jan/2023:08:13:48 -0500] "GET /sipse/faces/javax.faces.resource/primefaces.css?ln=primefaces&v=4.0 HTTP/1.1" 304 -
201.245.192.253 - - [23/Jan/2023:08:13:48 -0500] "GET /sipse/faces/javax.faces.resource/layout/layout.css?ln=primefaces&v=4.0 HTTP/1.1" 304 -
201.245.192.253 - - [23/Jan/2023:08:13:48 -0500] "GET /sipse/faces/javax.faces.resource/jquery/jquery.js?ln=primefaces&v=4.0 HTTP/1.1" 304 -
201.245.192.253 - - [23/Jan/2023:08:13:48 -0500] "GET /sipse/faces/javax.faces.resource/jquery/jquery-plugins.js?ln=primefaces&v=4.0 HTTP/1.1" 304 -
201.245.192.253 - - [23/Jan/2023:08:13:48 -0500] "GET /sipse/faces/javax.faces.resource/primefaces.js?ln=primefaces&v=4.0 HTTP/1.1" 304 -
201.245.192.253 - - [23/Jan/2023:08:13:48 -0500] "GET /sipse/faces/javax.faces.resource/layout/layout.js?ln=primefaces&v=4.0 HTTP/1.1" 304 -
201.245.192.253 - - [23/Jan/2023:08:13:48 -0500] "POST /sipse/faces/presentacion/financiero/solicitudProceso/listarSolicitudProceso.xhtml HTTP/1.1" 200 28369
201.245.192.253 - - [23/Jan/2023:08:13:49 -0500] "POST /sipse/faces/presentacion/financiero/solicitudProceso/listarSolicitudProceso.xhtml HTTP/1.1" 200 292
201.245.192.253 - - [23/Jan/2023:08:13:50 -0500] "POST /sipse/faces/presentacion/financiero/solicitudProceso/listarSolicitudProceso.xhtml HTTP/1.1" 200 292
201.245.192.253 - - [23/Jan/2023:08:13:52 -0500] "POST /sipse/faces/presentacion/financiero/solicitudProceso/listarSolicitudProceso.xhtml HTTP/1.1" 200 44461
201.245.192.253 - - [23/Jan/2023:08:13:52 -0500] "GET /sipse/faces/javax.faces.resource/theme.css?ln=primefaces-sipse HTTP/1.1" 304 -
201.245.192.253 - - [23/Jan/2023:08:13:52 -0500] "GET /sipse/faces/javax.faces.resource/layout/layout.css?ln=primefaces&v=4.0 HTTP/1.1" 304 -
201.245.192.253 - - [23/Jan/2023:08:13:52 -0500] "GET /sipse/faces/javax.faces.resource/primefaces.css?ln=primefaces&v=4.0 HTTP/1.1" 304 -
201.245.192.253 - - [23/Jan/2023:08:13:52 -0500] "GET /sipse/faces/javax.faces.resource/jquery/jquery.js?ln=primefaces&v=4.0 HTTP/1.1" 304 -
201.245.192.253 - - [23/Jan/2023:08:13:52 -0500] "GET /sipse/faces/javax.faces.resource/jquery/jquery-plugins.js?ln=primefaces&v=4.0 HTTP/1.1" 304 -
201.245.192.253 - - [23/Jan/2023:08:13:52 -0500] "GET /sipse/faces/javax.faces.resource/primefaces.js?ln=primefaces&v=4.0 HTTP/1.1" 304 -
201.245.192.253 - - [23/Jan/2023:08:13:52 -0500] "GET /sipse/faces/javax.faces.resource/layout/layout.js?ln=primefaces&v=4.0 HTTP/1.1" 304 -
201.245.192.253 - - [23/Jan/2023:08:13:52 -0500] "POST /sipse/faces/presentacion/financiero/solicitudProceso/consultar.xhtml HTTP/1.1" 200 37882
201.245.192.253 - - [23/Jan/2023:08:13:52 -0500] "POST /sipse/faces/presentacion/financiero/solicitudProceso/consultar.xhtml HTTP/1.1" 200 37882
201.245.192.253 - - [23/Jan/2023:08:13:58 -0500] "POST /sipse/faces/presentacion/financiero/solicitudProceso/consultar.xhtml HTTP/1.1" 200 12879
201.245.192.253 - - [23/Jan/2023:08:14:02 -0500] "POST /sipse/faces/presentacion/financiero/solicitudProceso/consultar.xhtml HTTP/1.1" 200 23085
201.245.192.253 - - [23/Jan/2023:08:14:03 -0500] "POST /sipse/faces/presentacion/financiero/solicitudProceso/consultar.xhtml HTTP/1.1" 200 46980
186.102.32.223 - - [23/Jan/2023:08:14:09 -0500] "GET /kwssiamovil/sm/acme/a?s=U2FsdGVkX1+2YJ3N5wG0UYfTWgze1SjaAusN6BRbMSyvQKBAToerbSiXfnEi0uzZzjWszxk1ngjv6L1a+btefsKGqEQvjGJe95QDAF80vBl0nriYfZjF6gYt4iCvolntV+qJqCIDN5NKfibfoTIf/5+PZgmr8yIeNFsmNUIrJcvg9RvVw1HkCGMa4ybzB+W54G0KQmkhC7TPdMynTxnpPtk0ksMcMlDe0t5UFLdnT3nxtnYVob7w1E2ehpXqULR6UWX/advRNXjrOcdMhK9Q+w==&u=U2FsdGVkX1/2CNb8k//GrjsDmgC4HMrNoKetI65J/3c=&y=U2FsdGVkX18A8pddyF+QLrUGbMZXtlWty73pxce/UNg= HTTP/1.1" 200 26
186.102.32.223 - - [23/Jan/2023:08:14:09 -0500] "GET /kwssiamovil/sm/acme/a?s=U2FsdGVkX19b+YsoqgUOTOeU0daokE/PpB7B/c8glCupinNwonHqm6RTeTC1H3fH4ILh+7sSwH1ZtxnY5wsHRkzuKjxR+QHWbn9bp+r6+W4zKJ9qMnnRhDqI7QMf/Ogsq3ucz4zPzeTL81uaaO5nNsUFIPowKiztcWVFRcsB6uDsp+pjzA9kXyojyB6LCOObBkMSizASXoclBTdMivoL1pKiyQg9sAv5dFf2YvLnzhTi1ABAVNVGRiZt+QmsXccO6n2i+S6nZdOzKftTwH8GaViFOySMWrkkAXVm0UoJC4aXnEf+JanVup6p1ZSwHNKJe8FcHffFzorhXSHboY0ek/duXV0pgXCEmpMIM1YjGIOmAGdaUZtelT8WRQi2IApHRETPAw8sDXuzAHc+TV4NFUPmyGjdmoVMrjtHhFy+HYrf6Cfo/nPQEeev7jThVO6g80Axvss7zmbC41+5VN0HNe9IXlqNGhkbAEM8xVnRCTIBCXdOfZNijKWY00P+z/pOscnZemi0RReZapYgJC759mfwnXQzMrxmKVN9I+lLH9AcJ1dG28ZOWiQ06jAlkFp5/av2TtfafnAgdit6cFOmRukKn6YJ4UB+q5NI1RFwGBt9WlFLgFJzIfO6ofj/2aOuYX7IW/D6AlrJ6v/fVJqHmcM1RCLlz9w5OZP0Nc0rlypcMBD+kuCQRxErX8jGneFu6+oBDAAq9lr/LUjULJ0TJRRSMbydMcvnTo20BFy5RAB5PVm+j81xaE0dngSzBHc25Y3BpusvYS7qzY8x9r23P5Tf5HjMduhj1A6VvVUfG0U0UyY+sM/2uuUR8/I3yh7B+2BGMefYMHEQjEPcK7SfxN41I9jkK0MjRxJHxu1L98wZjIxNckERUfghsh6v8HyTiAj9yJyjFa7pHMZEGiGb9GJ6OqOuwFNQc9k3V8bE0yw35DBzFe6tNwTQvCncyx6ItJv742qgUfjGNyGDojWZLzISZwEkRPjSEn1awl5hBdzKe/lgjWVl+0lIj5U2sYBJG42rTczbXFrGk7iHpBC70dHuxcp+dsSMO5dPCCxprpKpXi4HivdeQaMAZU3MFf0+lf6wk6eMW0kEJy1RRTj3kY7p3s7qQyqEkhBh3hL62XCSrrwac3V+SA1/9QE8EvqIcbD5J23DEBvVzDP5DtVAWaL20uUOK/Xlr2c+VskfY9YxfAXQO0LlUWuQDrGG1O+4EahzgLjPIomSUHNuZ4ziWx5kPl8DfSWdbmSxn8WbLOpOT1jedau8BeYtrQfH8rtK&u=U2FsdGVkX1/2CNb8k//GrjsDmgC4HMrNoKetI65J/3c=&y=U2FsdGVkX18A8pddyF+QLrUGbMZXtlWty73pxce/UNg= HTTP/1.1" 200 26
186.102.32.223 - - [23/Jan/2023:08:14:10 -0500] "GET /kwssiamovil/sm/acme/a?s=U2FsdGVkX19w3bq1oDQ4FLIkAgQVoDlQa5MZAjNnNt6zDWuT1ss3NiXLOkRQ3zebmwfMEkPCNMrRqOcRJaP1IuCNQ4LI+9IpwvH8lMzNK831RoWKws2r1ScnZxiifVHh7c1PWmm07MNyb8VOsO7qxHrfuWKC54uSuas1taBz2D0=&u=U2FsdGVkX1/2CNb8k//GrjsDmgC4HMrNoKetI65J/3c=&y=U2FsdGVkX18A8pddyF+QLrUGbMZXtlWty73pxce/UNg= HTTP/1.1" 200 26
186.102.32.223 - - [23/Jan/2023:08:14:10 -0500] "GET /kwssiamovil/sm/acme/a?s=U2FsdGVkX18YylhuO76A99B96Rc4KPeBeKZUhDv+ct1GIeDqYSDefvp6h33iszn2A+WXvlVwIAqOFj0DqkBf4kEgvXUX0rO25YBCqaievh2vS8hxBXliVOLUzL9TPO+B5cubUtz0adWaPCikS617yKQzR0hVDfxg21Vwkd4l0Ko=&u=U2FsdGVkX1/2CNb8k//GrjsDmgC4HMrNoKetI65J/3c=&y=U2FsdGVkX18A8pddyF+QLrUGbMZXtlWty73pxce/UNg= HTTP/1.1" 200 26
186.102.32.223 - - [23/Jan/2023:08:14:10 -0500] "GET /kwssiamovil/sm/acme/a?s=U2FsdGVkX18xZrffH9hLBFPGpPeWmooFPZNgY2xC4B5IivQAanMEns84eh8uQHJl1AQqOHrmGK4hL1IuMtrVoSQcPViGuOuPWauSMj4DptqiR2JBZwmS8Xiu2rymu6XsGQD7+lZhpR7jNesMII7jYlgEZxGBFzsEYFp8n2SxrBU=&u=U2FsdGVkX1/2CNb8k//GrjsDmgC4HMrNoKetI65J/3c=&y=U2FsdGVkX18A8pddyF+QLrUGbMZXtlWty73pxce/UNg= HTTP/1.1" 200 26
186.102.32.223 - - [23/Jan/2023:08:14:10 -0500] "GET /kwssiamovil/sm/acme/a?s=U2FsdGVkX198l0yZCuM+8K2Oafcg/nF60zPKViENxAYAUA+Gr4E8d0waV8sqwarRrhFmx0noOxEuvjk22roOfwKMZW87puOnIPSEDsuclIeUjY+kHc6eXMcJhAw5BAKOyIvZBOnEPAca9d1LejBIm9J5LwbbhtATXQoP1mPbHAJOfE5e3IsCJLSNNvtZa8VB&u=U2FsdGVkX1/2CNb8k//GrjsDmgC4HMrNoKetI65J/3c=&y=U2FsdGVkX18A8pddyF+QLrUGbMZXtlWty73pxce/UNg= HTTP/1.1" 200 26
201.245.192.253 - - [23/Jan/2023:08:14:13 -0500] "POST /sipse/faces/presentacion/financiero/solicitudProceso/consultar.xhtml HTTP/1.1" 200 30646
172.22.2.4 - - [23/Jan/2023:08:12:35 -0500] "GET /BLA/boletinlegal/ HTTP/1.1" 200 57824
201.245.192.253 - - [23/Jan/2023:08:14:19 -0500] "POST /sipse/faces/presentacion/financiero/solicitudProceso/consultar.xhtml HTTP/1.1" 200 31363
172.22.2.1 - - [23/Jan/2023:08:14:23 -0500] "GET /reportes_sipse/sdg/ServletFirma?solicitud=20449 HTTP/1.1" 200 -
201.245.192.253 - - [23/Jan/2023:08:14:24 -0500] "POST /sipse/faces/presentacion/financiero/solicitudProceso/consultar.xhtml HTTP/1.1" 200 31194
201.245.192.253 - - [23/Jan/2023:08:14:30 -0500] "POST /sipse/faces/presentacion/financiero/solicitudProceso/consultar.xhtml HTTP/1.1" 200 30990
201.245.192.253 - - [23/Jan/2023:08:14:38 -0500] "POST /sipse/faces/presentacion/financiero/solicitudProceso/consultar.xhtml HTTP/1.1" 200 31684
201.245.192.253 - - [23/Jan/2023:08:14:39 -0500] "POST /kwsrmcab/Wsrmcab  HTTP/1.1" 200 213
172.22.2.1 - - [23/Jan/2023:08:14:43 -0500] "GET /reportes_sipse/sdg/ServletFirma?solicitud=20325 HTTP/1.1" 200 -
201.245.192.253 - - [23/Jan/2023:08:14:50 -0500] "POST /sipse/faces/presentacion/financiero/solicitudProceso/consultar.xhtml HTTP/1.1" 200 31589
201.245.192.253 - - [23/Jan/2023:08:14:53 -0500] "POST /sipse/faces/presentacion/financiero/solicitudProceso/consultar.xhtml HTTP/1.1" 200 31524
186.80.174.201 - - [23/Jan/2023:08:14:55 -0500] "GET /sipse/faces/faces/autenticacion.xhtml HTTP/1.1" 200 12491
186.80.174.201 - - [23/Jan/2023:08:14:55 -0500] "GET /sipse/css/custom_css_sg_prime_login.css HTTP/1.1" 200 443
186.80.174.201 - - [23/Jan/2023:08:14:55 -0500] "GET /sipse/css/custom_css_sg.css HTTP/1.1" 200 9694
201.245.192.253 - - [23/Jan/2023:08:14:55 -0500] "POST /sipse/faces/presentacion/financiero/solicitudProceso/consultar.xhtml HTTP/1.1" 200 30756
186.80.174.201 - - [23/Jan/2023:08:14:56 -0500] "GET /sipse/faces/javax.faces.resource/layout/layout.css;jsessionid=obzyXTbhf7sv2+klzlLR5F68.undefined?ln=primefaces&v=4.0 HTTP/1.1" 200 542
186.80.174.201 - - [23/Jan/2023:08:14:55 -0500] "GET /sipse/faces/javax.faces.resource/theme.css?ln=primefaces-sipse HTTP/1.1" 200 50058
186.80.174.201 - - [23/Jan/2023:08:14:56 -0500] "GET /sipse/faces/javax.faces.resource/primefaces.css;jsessionid=obzyXTbhf7sv2+klzlLR5F68.undefined?ln=primefaces&v=4.0 HTTP/1.1" 200 53295
186.80.174.201 - - [23/Jan/2023:08:14:56 -0500] "GET /sipse/faces/javax.faces.resource/jquery/jquery.js;jsessionid=obzyXTbhf7sv2+klzlLR5F68.undefined?ln=primefaces&v=4.0 HTTP/1.1" 200 105384
186.80.174.201 - - [23/Jan/2023:08:14:56 -0500] "GET /sipse/faces/javax.faces.resource/layout/layout.js;jsessionid=obzyXTbhf7sv2+klzlLR5F68.undefined?ln=primefaces&v=4.0 HTTP/1.1" 200 87560
186.80.174.201 - - [23/Jan/2023:08:14:56 -0500] "GET /sipse/faces/javax.faces.resource/jquery/jquery-plugins.js;jsessionid=obzyXTbhf7sv2+klzlLR5F68.undefined?ln=primefaces&v=4.0 HTTP/1.1" 200 220526
186.80.174.201 - - [23/Jan/2023:08:14:56 -0500] "GET /sipse/faces/javax.faces.resource/primefaces.js;jsessionid=obzyXTbhf7sv2+klzlLR5F68.undefined?ln=primefaces&v=4.0 HTTP/1.1" 200 276924
201.245.192.253 - - [23/Jan/2023:08:14:59 -0500] "POST /sipse/faces/presentacion/financiero/solicitudProceso/consultar.xhtml HTTP/1.1" 200 31454
152.202.79.157 - - [23/Jan/2023:08:15:04 -0500] "GET /kwssiamovil/sm/acme/u?s=U2FsdGVkX1++7UPnJqhlIvf8M8t1DmHNPGMrcXdSOJvuxQzY0Fh21wzAWsWMtTk/ENdnCftTS56e8vKF/AP99cWQXAiHc6BIdX9VFvCv/nw6T113DlzPBJ4y7pFrh0MTL7lzz/HBGB2kaZG41vgSO6353vcY2gFLzv/6cyDL0+s=&u=U2FsdGVkX19yCoPSKesUIO41Osd81Z9Y7wWuRf/U3gXRwPh3w+/AfT+T65D+2/kZ&y=U2FsdGVkX196qF1MC6cXKYBTRL49CSpx37MbdbF4LShkd+sZF8bDfEvec2iPcV9T HTTP/1.1" 200 60
201.245.192.253 - - [23/Jan/2023:08:15:04 -0500] "POST /sipse/faces/presentacion/financiero/solicitudProceso/consultar.xhtml HTTP/1.1" 200 31767
201.245.192.253 - - [23/Jan/2023:08:15:06 -0500] "POST /sipse/faces/presentacion/financiero/solicitudProceso/consultar.xhtml HTTP/1.1" 200 3418
201.245.192.253 - - [23/Jan/2023:08:15:07 -0500] "POST /sipse/faces/presentacion/financiero/solicitudProceso/consultar.xhtml HTTP/1.1" 200 3414
201.245.192.253 - - [23/Jan/2023:08:15:09 -0500] "POST /sipse/faces/presentacion/financiero/solicitudProceso/consultar.xhtml HTTP/1.1" 200 3418
186.80.174.201 - - [23/Jan/2023:08:15:09 -0500] "GET /sipse/js/disable_browser_buttons.js HTTP/1.1" 304 -
186.80.174.201 - - [23/Jan/2023:08:15:09 -0500] "GET /sipse/js/funciones.js HTTP/1.1" 304 -
186.80.174.201 - - [23/Jan/2023:08:15:10 -0500] "GET /sipse/faces/javax.faces.resource/images/ui-icons_898989_256x240.png?ln=primefaces-aristo HTTP/1.1" 200 5355
186.80.174.201 - - [23/Jan/2023:08:15:10 -0500] "GET /sipse/css/imagen/logoSDG.png HTTP/1.1" 200 53064
186.80.174.201 - - [23/Jan/2023:08:15:10 -0500] "GET /sipse/css/imagen/loginimg.png HTTP/1.1" 200 71635
201.245.192.253 - - [23/Jan/2023:08:15:10 -0500] "POST /sipse/faces/presentacion/financiero/solicitudProceso/consultar.xhtml HTTP/1.1" 200 3418
201.245.192.253 - - [23/Jan/2023:08:15:11 -0500] "POST /sipse/faces/presentacion/financiero/solicitudProceso/consultar.xhtml HTTP/1.1" 200 3422
186.80.174.201 - - [23/Jan/2023:08:15:12 -0500] "GET /favicon.ico HTTP/1.1" 200 7782
201.245.192.253 - - [23/Jan/2023:08:15:13 -0500] "POST /sipse/faces/presentacion/financiero/solicitudProceso/consultar.xhtml HTTP/1.1" 200 32164
186.80.174.201 - - [23/Jan/2023:08:15:14 -0500] "GET /sipse/faces/faces/index.xhtml HTTP/1.1" 200 677
186.80.174.201 - - [23/Jan/2023:08:15:15 -0500] "GET /sipse/faces/javax.faces.resource/theme.css?ln=primefaces-sipse HTTP/1.1" 304 -
186.80.174.201 - - [23/Jan/2023:08:15:18 -0500] "GET /sipse/faces/faces/faces/autenticacion.xhtml HTTP/1.1" 200 12169
186.80.174.201 - - [23/Jan/2023:08:15:19 -0500] "GET /sipse/faces/javax.faces.resource/theme.css?ln=primefaces-sipse HTTP/1.1" 304 -
186.80.174.201 - - [23/Jan/2023:08:15:19 -0500] "GET /sipse/faces/javax.faces.resource/layout/layout.css?ln=primefaces&v=4.0 HTTP/1.1" 200 542
186.80.174.201 - - [23/Jan/2023:08:15:19 -0500] "GET /sipse/faces/javax.faces.resource/primefaces.css?ln=primefaces&v=4.0 HTTP/1.1" 200 53295
186.80.174.201 - - [23/Jan/2023:08:15:20 -0500] "GET /sipse/faces/javax.faces.resource/jquery/jquery.js?ln=primefaces&v=4.0 HTTP/1.1" 304 -
186.80.174.201 - - [23/Jan/2023:08:15:20 -0500] "GET /sipse/faces/javax.faces.resource/jquery/jquery-plugins.js?ln=primefaces&v=4.0 HTTP/1.1" 304 -
186.80.174.201 - - [23/Jan/2023:08:15:20 -0500] "GET /sipse/faces/javax.faces.resource/primefaces.js?ln=primefaces&v=4.0 HTTP/1.1" 304 -
186.80.174.201 - - [23/Jan/2023:08:15:20 -0500] "GET /sipse/faces/javax.faces.resource/layout/layout.js?ln=primefaces&v=4.0 HTTP/1.1" 304 -
186.80.174.201 - - [23/Jan/2023:08:15:20 -0500] "GET /sipse/faces/javax.faces.resource/images/ui-icons_898989_256x240.png?ln=primefaces-aristo HTTP/1.1" 304 -
201.245.192.253 - - [23/Jan/2023:08:15:20 -0500] "POST /sipse/faces/presentacion/financiero/solicitudProceso/consultar.xhtml HTTP/1.1" 200 31503
186.80.174.201 - - [23/Jan/2023:08:15:24 -0500] "POST /sipse/faces/autenticacion.xhtml HTTP/1.1" 200 2215
186.80.174.201 - - [23/Jan/2023:08:15:24 -0500] "GET /sipse/faces/javax.faces.resource/messages/messages.png?ln=primefaces&v=4.0 HTTP/1.1" 200 27209
186.80.174.201 - - [23/Jan/2023:08:15:25 -0500] "POST /sipse/faces/autenticacion.xhtml HTTP/1.1" 200 16242
186.80.174.201 - - [23/Jan/2023:08:15:26 -0500] "GET /sipse/css/custom_css_sg_prime.css HTTP/1.1" 200 5201
186.80.174.201 - - [23/Jan/2023:08:15:26 -0500] "GET /sipse/js/jquery.min.js HTTP/1.1" 304 -
186.80.174.201 - - [23/Jan/2023:08:15:26 -0500] "GET /sipse/faces/javax.faces.resource/jquery/jquery.js?ln=primefaces&v=4.0 HTTP/1.1" 304 -
186.80.174.201 - - [23/Jan/2023:08:15:26 -0500] "GET /sipse/faces/javax.faces.resource/jquery/jquery-plugins.js?ln=primefaces&v=4.0 HTTP/1.1" 304 -
186.80.174.201 - - [23/Jan/2023:08:15:26 -0500] "GET /sipse/faces/javax.faces.resource/primefaces.js?ln=primefaces&v=4.0 HTTP/1.1" 304 -
186.80.174.201 - - [23/Jan/2023:08:15:26 -0500] "GET /sipse/faces/javax.faces.resource/layout/layout.js?ln=primefaces&v=4.0 HTTP/1.1" 304 -
186.80.174.201 - - [23/Jan/2023:08:15:26 -0500] "GET /sipse/css/imagen/contrasena.png HTTP/1.1" 404 383
186.80.174.201 - - [23/Jan/2023:08:15:26 -0500] "GET /sipse/imagenes/cargando.gif HTTP/1.1" 200 36959
186.80.174.201 - - [23/Jan/2023:08:15:26 -0500] "GET /sipse/imagenes/logoAplicacion.jpg HTTP/1.1" 200 155084
186.80.174.201 - - [23/Jan/2023:08:15:29 -0500] "GET /sipse/faces/javax.faces.resource/images/ui-bg_flat_0_2d5972_40x100.png?ln=primefaces-aristo HTTP/1.1" 200 183
186.80.174.201 - - [23/Jan/2023:08:15:29 -0500] "POST /sipse/faces/bienvenido.xhtml HTTP/1.1" 200 2658
186.80.174.201 - - [23/Jan/2023:08:15:30 -0500] "POST /sipse/faces/bienvenido.xhtml HTTP/1.1" 200 64720
186.80.174.201 - - [23/Jan/2023:08:15:31 -0500] "GET /sipse/faces/javax.faces.resource/jquery/jquery.js?ln=primefaces&v=4.0 HTTP/1.1" 304 -
186.80.174.201 - - [23/Jan/2023:08:15:31 -0500] "GET /sipse/faces/javax.faces.resource/jquery/jquery-plugins.js?ln=primefaces&v=4.0 HTTP/1.1" 304 -
186.80.174.201 - - [23/Jan/2023:08:15:31 -0500] "GET /sipse/faces/javax.faces.resource/primefaces.js?ln=primefaces&v=4.0 HTTP/1.1" 304 -
186.80.174.201 - - [23/Jan/2023:08:15:31 -0500] "GET /sipse/faces/javax.faces.resource/layout/layout.js?ln=primefaces&v=4.0 HTTP/1.1" 304 -
201.245.192.253 - - [23/Jan/2023:08:15:31 -0500] "POST /sipse/faces/presentacion/financiero/solicitudProceso/consultar.xhtml HTTP/1.1" 200 32094
186.80.174.201 - - [23/Jan/2023:08:15:31 -0500] "POST /sipse/faces/presentacion/financiero/solicitudProceso/listarSolicitudProceso.xhtml HTTP/1.1" 200 1556
190.60.254.212 - - [23/Jan/2023:08:15:44 -0500] "GET /sipse/faces/index.xhtml HTTP/1.1" 200 677
190.109.20.165 - - [23/Jan/2023:08:15:44 -0500] "GET /sipsesda/ HTTP/1.1" 200 1477
190.109.20.165 - - [23/Jan/2023:08:15:44 -0500] "GET /css/segobdis.css HTTP/1.1" 404 1264
190.109.20.165 - - [23/Jan/2023:08:15:44 -0500] "GET /sipsesda/faces/login.jspx HTTP/1.1" 200 7588
190.109.20.165 - - [23/Jan/2023:08:15:45 -0500] "GET /sipsesda/js/disable_browser_buttons.js;jsessionid=ac16012b22b8b82d2da3cbd7474e8a4fd2a31886b3d9.e34Lc3uRbN4Oc40Lahz0 HTTP/1.1" 200 2767
190.109.20.165 - - [23/Jan/2023:08:15:45 -0500] "GET /sipsesda/js/funciones.js;jsessionid=ac16012b22b8b82d2da3cbd7474e8a4fd2a31886b3d9.e34Lc3uRbN4Oc40Lahz0 HTTP/1.1" 200 36377
190.109.20.165 - - [23/Jan/2023:08:15:45 -0500] "GET /sipsesda/adf/styles/cache/segobdis16-desktop-10_1_3_4_0-webkit.css;jsessionid=ac16012b22b8b82d2da3cbd7474e8a4fd2a31886b3d9.e34Lc3uRbN4Oc40Lahz0 HTTP/1.1" 200 57326
190.109.20.165 - - [23/Jan/2023:08:15:45 -0500] "GET /sipsesda/adf/images/t.gif;jsessionid=ac16012b22b8b82d2da3cbd7474e8a4fd2a31886b3d9.e34Lc3uRbN4Oc40Lahz0 HTTP/1.1" 200 86
190.109.20.165 - - [23/Jan/2023:08:15:45 -0500] "GET /sipsesda/adf/jsLibs/Common10_1_3_4_0.js;jsessionid=ac16012b22b8b82d2da3cbd7474e8a4fd2a31886b3d9.e34Lc3uRbN4Oc40Lahz0 HTTP/1.1" 200 132959
190.109.20.165 - - [23/Jan/2023:08:15:45 -0500] "GET /sipsesda/imagenes/encabezado.jpg;jsessionid=ac16012b22b8b82d2da3cbd7474e8a4fd2a31886b3d9.e34Lc3uRbN4Oc40Lahz0 HTTP/1.1" 200 18018
186.80.174.201 - - [23/Jan/2023:08:15:47 -0500] "POST /sipse/faces/presentacion/financiero/solicitudProceso/listarSolicitudProceso.xhtml HTTP/1.1" 200 31666
190.109.20.165 - - [23/Jan/2023:08:15:48 -0500] "POST /sipsesda/faces/login.jspx;jsessionid=ac16012b22b8b82d2da3cbd7474e8a4fd2a31886b3d9.e34Lc3uRbN4Oc40Lahz0 HTTP/1.1" 200 5705
201.245.192.253 - - [23/Jan/2023:08:15:56 -0500] "GET /sipse/faces/index.xhtml HTTP/1.1" 200 677
201.245.192.253 - - [23/Jan/2023:08:15:56 -0500] "GET /sipse/faces/javax.faces.resource/theme.css?ln=primefaces-sipse HTTP/1.1" 304 -
201.245.192.253 - - [23/Jan/2023:08:15:56 -0500] "GET /sipse/faces/faces/autenticacion.xhtml HTTP/1.1" 200 12169
201.245.192.253 - - [23/Jan/2023:08:15:56 -0500] "GET /sipse/js/disable_browser_buttons.js HTTP/1.1" 200 3230
201.245.192.253 - - [23/Jan/2023:08:15:56 -0500] "GET /sipse/js/funciones.js HTTP/1.1" 200 12592
201.245.192.253 - - [23/Jan/2023:08:15:56 -0500] "GET /sipse/css/custom_css_sg.css HTTP/1.1" 200 9694
201.245.192.253 - - [23/Jan/2023:08:15:56 -0500] "GET /sipse/css/custom_css_sg_prime_login.css HTTP/1.1" 200 443
201.245.192.253 - - [23/Jan/2023:08:15:56 -0500] "GET /sipse/faces/javax.faces.resource/theme.css?ln=primefaces-sipse HTTP/1.1" 304 -
201.245.192.253 - - [23/Jan/2023:08:15:56 -0500] "GET /sipse/faces/javax.faces.resource/primefaces.css?ln=primefaces&v=4.0 HTTP/1.1" 304 -
201.245.192.253 - - [23/Jan/2023:08:15:56 -0500] "GET /sipse/faces/javax.faces.resource/layout/layout.css?ln=primefaces&v=4.0 HTTP/1.1" 304 -
201.245.192.253 - - [23/Jan/2023:08:15:56 -0500] "GET /sipse/faces/javax.faces.resource/jquery/jquery.js?ln=primefaces&v=4.0 HTTP/1.1" 304 -
201.245.192.253 - - [23/Jan/2023:08:15:56 -0500] "GET /sipse/faces/javax.faces.resource/jquery/jquery-plugins.js?ln=primefaces&v=4.0 HTTP/1.1" 304 -
201.245.192.253 - - [23/Jan/2023:08:15:56 -0500] "GET /sipse/faces/javax.faces.resource/layout/layout.js?ln=primefaces&v=4.0 HTTP/1.1" 304 -
201.245.192.253 - - [23/Jan/2023:08:15:56 -0500] "GET /sipse/faces/javax.faces.resource/primefaces.js?ln=primefaces&v=4.0 HTTP/1.1" 304 -
201.245.192.253 - - [23/Jan/2023:08:15:57 -0500] "GET /sipse/css/imagen/logoSDG.png HTTP/1.1" 200 53064
201.245.192.253 - - [23/Jan/2023:08:15:57 -0500] "GET /sipse/css/imagen/loginimg.png HTTP/1.1" 200 71635
201.245.192.253 - - [23/Jan/2023:08:15:57 -0500] "GET /sipse/faces/javax.faces.resource/images/ui-icons_898989_256x240.png?ln=primefaces-aristo HTTP/1.1" 304 -
201.245.192.253 - - [23/Jan/2023:08:15:57 -0500] "POST /sipse/faces/presentacion/financiero/solicitudProceso/consultarSolicitudProceso.xhtml HTTP/1.1" 200 22278
201.245.192.253 - - [23/Jan/2023:08:15:57 -0500] "GET /sipse/faces/javax.faces.resource/theme.css?ln=primefaces-sipse HTTP/1.1" 304 -
201.245.192.253 - - [23/Jan/2023:08:15:57 -0500] "GET /sipse/faces/javax.faces.resource/fileupload/fileupload.css?ln=primefaces&v=4.0 HTTP/1.1" 304 -
201.245.192.253 - - [23/Jan/2023:08:15:57 -0500] "GET /sipse/faces/javax.faces.resource/jquery/jquery.js?ln=primefaces&v=4.0 HTTP/1.1" 304 -
201.245.192.253 - - [23/Jan/2023:08:15:57 -0500] "GET /sipse/faces/javax.faces.resource/primefaces.css?ln=primefaces&v=4.0 HTTP/1.1" 304 -
201.245.192.253 - - [23/Jan/2023:08:15:57 -0500] "GET /sipse/faces/javax.faces.resource/jquery/jquery-plugins.js?ln=primefaces&v=4.0 HTTP/1.1" 304 -
201.245.192.253 - - [23/Jan/2023:08:15:57 -0500] "GET /sipse/faces/javax.faces.resource/layout/layout.css?ln=primefaces&v=4.0 HTTP/1.1" 304 -
201.245.192.253 - - [23/Jan/2023:08:15:57 -0500] "GET /sipse/faces/javax.faces.resource/primefaces.js?ln=primefaces&v=4.0 HTTP/1.1" 304 -
201.245.192.253 - - [23/Jan/2023:08:15:57 -0500] "GET /sipse/faces/javax.faces.resource/layout/layout.js?ln=primefaces&v=4.0 HTTP/1.1" 304 -
201.245.192.253 - - [23/Jan/2023:08:15:57 -0500] "GET /sipse/faces/javax.faces.resource/fileupload/fileupload.js?ln=primefaces&v=4.0 HTTP/1.1" 304 -
201.245.192.253 - - [23/Jan/2023:08:15:57 -0500] "GET /sipse/css/imagen/contrasena.png HTTP/1.1" 404 383
201.245.192.253 - - [23/Jan/2023:08:15:57 -0500] "GET /sipse/faces/javax.faces.resource/images/ui-icons_898989_256x240.png?ln=primefaces-aristo HTTP/1.1" 304 -
172.22.2.1 - - [23/Jan/2023:08:15:59 -0500] "GET /reportes_sipse/sdg/ServletFirma?solicitud=20242 HTTP/1.1" 200 -
201.245.192.253 - - [23/Jan/2023:08:16:00 -0500] "POST /sipse/faces/autenticacion.xhtml HTTP/1.1" 200 16068
201.245.192.253 - - [23/Jan/2023:08:16:00 -0500] "GET /sipse/css/custom_css_sg_prime.css HTTP/1.1" 200 5201
201.245.192.253 - - [23/Jan/2023:08:16:00 -0500] "GET /sipse/faces/javax.faces.resource/primefaces.css?ln=primefaces&v=4.0 HTTP/1.1" 304 -
201.245.192.253 - - [23/Jan/2023:08:16:00 -0500] "GET /sipse/faces/javax.faces.resource/theme.css?ln=primefaces-sipse HTTP/1.1" 304 -
201.245.192.253 - - [23/Jan/2023:08:16:00 -0500] "GET /sipse/faces/javax.faces.resource/layout/layout.css?ln=primefaces&v=4.0 HTTP/1.1" 304 -
201.245.192.253 - - [23/Jan/2023:08:16:00 -0500] "GET /sipse/js/jquery.min.js HTTP/1.1" 200 85582
201.245.192.253 - - [23/Jan/2023:08:16:00 -0500] "GET /sipse/faces/javax.faces.resource/jquery/jquery.js?ln=primefaces&v=4.0 HTTP/1.1" 304 -
201.245.192.253 - - [23/Jan/2023:08:16:00 -0500] "GET /sipse/faces/javax.faces.resource/jquery/jquery-plugins.js?ln=primefaces&v=4.0 HTTP/1.1" 304 -
201.245.192.253 - - [23/Jan/2023:08:16:00 -0500] "GET /sipse/faces/javax.faces.resource/primefaces.js?ln=primefaces&v=4.0 HTTP/1.1" 304 -
201.245.192.253 - - [23/Jan/2023:08:16:00 -0500] "GET /sipse/faces/javax.faces.resource/layout/layout.js?ln=primefaces&v=4.0 HTTP/1.1" 304 -
201.245.192.253 - - [23/Jan/2023:08:16:00 -0500] "GET /sipse/css/imagen/contrasena.png HTTP/1.1" 404 383
201.245.192.253 - - [23/Jan/2023:08:16:00 -0500] "GET /sipse/imagenes/cargando.gif HTTP/1.1" 200 36959
201.245.192.253 - - [23/Jan/2023:08:16:00 -0500] "GET /sipse/imagenes/logoAplicacion.jpg HTTP/1.1" 200 155084
201.245.192.253 - - [23/Jan/2023:08:16:01 -0500] "GET /sipse/faces/javax.faces.resource/messages/messages.png?ln=primefaces&v=4.0 HTTP/1.1" 304 -
190.109.20.165 - - [23/Jan/2023:08:16:07 -0500] "POST /sipsesda/faces/vista/sistema/seleccionRol.jspx HTTP/1.1" 200 27993
190.60.254.212 - - [23/Jan/2023:08:16:08 -0500] "GET /sipse/faces/javax.faces.resource/theme.css?ln=primefaces-sipse HTTP/1.1" 304 -
201.245.192.253 - - [23/Jan/2023:08:16:11 -0500] "GET /sipse/faces/javax.faces.resource/layout/layout.css?ln=primefaces&v=4.0 HTTP/1.1" 304 -
201.245.192.253 - - [23/Jan/2023:08:16:11 -0500] "GET /sipse/faces/javax.faces.resource/primefaces.css?ln=primefaces&v=4.0 HTTP/1.1" 304 -
201.245.192.253 - - [23/Jan/2023:08:16:11 -0500] "GET /sipse/faces/javax.faces.resource/theme.css?ln=primefaces-sipse HTTP/1.1" 304 -
201.245.192.253 - - [23/Jan/2023:08:16:11 -0500] "GET /sipse/faces/javax.faces.resource/jquery/jquery-plugins.js?ln=primefaces&v=4.0 HTTP/1.1" 304 -
201.245.192.253 - - [23/Jan/2023:08:16:11 -0500] "GET /sipse/faces/javax.faces.resource/jquery/jquery.js?ln=primefaces&v=4.0 HTTP/1.1" 304 -
201.245.192.253 - - [23/Jan/2023:08:16:11 -0500] "GET /sipse/faces/javax.faces.resource/layout/layout.js?ln=primefaces&v=4.0 HTTP/1.1" 304 -
201.245.192.253 - - [23/Jan/2023:08:16:11 -0500] "GET /sipse/faces/javax.faces.resource/primefaces.js?ln=primefaces&v=4.0 HTTP/1.1" 304 -
201.245.192.253 - - [23/Jan/2023:08:16:11 -0500] "GET /sipse/css/imagen/contrasena.png HTTP/1.1" 404 383
201.245.192.253 - - [23/Jan/2023:08:16:11 -0500] "GET /sipse/faces/javax.faces.resource/images/ui-icons_898989_256x240.png?ln=primefaces-aristo HTTP/1.1" 304 -
201.245.192.253 - - [23/Jan/2023:08:16:10 -0500] "POST /sipse/faces/presentacion/sistema/anexos/cargarAnexoSolicitudProceso.xhtml HTTP/1.1" 200 186584
201.245.192.253 - - [23/Jan/2023:08:16:11 -0500] "GET /sipse/faces/javax.faces.resource/dynamiccontent.properties?ln=primefaces&pfdrid=XjOR5%2F%2FfPAZAuY9TpWQeCiM0BhlXxYRBGKi%2FQcXXfeA%3D&pfdrid_c=false HTTP/1.1" 500 383
190.60.254.212 - - [23/Jan/2023:08:16:11 -0500] "GET /sipse/js/disable_browser_buttons.js HTTP/1.1" 304 -
190.109.20.165 - - [23/Jan/2023:08:16:11 -0500] "GET /sipsesda/faces/vista/sistema/cargarMenu.jspx?accionMenu=listadoFuncionario&menuID=18 HTTP/1.1" 200 28200
190.109.20.165 - - [23/Jan/2023:08:16:12 -0500] "POST /sipsesda/faces/vista/sistema/cargarMenu.jspx HTTP/1.1" 200 32095
190.60.254.212 - - [23/Jan/2023:08:16:13 -0500] "GET /sipse/css/custom_css_sg.css HTTP/1.1" 304 -
190.60.254.212 - - [23/Jan/2023:08:16:13 -0500] "GET /sipse/css/custom_css_sg_prime_login.css HTTP/1.1" 304 -
190.60.254.212 - - [23/Jan/2023:08:16:13 -0500] "GET /sipse/faces/javax.faces.resource/primefaces.css?ln=primefaces&v=4.0 HTTP/1.1" 304 -
190.60.254.212 - - [23/Jan/2023:08:16:13 -0500] "GET /sipse/faces/javax.faces.resource/theme.css?ln=primefaces-sipse HTTP/1.1" 304 -
190.60.254.212 - - [23/Jan/2023:08:16:13 -0500] "GET /sipse/faces/javax.faces.resource/layout/layout.css?ln=primefaces&v=4.0 HTTP/1.1" 304 -
190.60.254.212 - - [23/Jan/2023:08:16:11 -0500] "GET /sipse/faces/faces/autenticacion.xhtml HTTP/1.1" 200 12169
190.60.254.212 - - [23/Jan/2023:08:16:14 -0500] "GET /sipse/js/funciones.js HTTP/1.1" 304 -
190.60.254.212 - - [23/Jan/2023:08:16:14 -0500] "GET /sipse/faces/javax.faces.resource/jquery/jquery-plugins.js?ln=primefaces&v=4.0 HTTP/1.1" 304 -
190.60.254.212 - - [23/Jan/2023:08:16:14 -0500] "GET /sipse/faces/javax.faces.resource/primefaces.js?ln=primefaces&v=4.0 HTTP/1.1" 304 -
190.60.254.212 - - [23/Jan/2023:08:16:15 -0500] "GET /sipse/faces/javax.faces.resource/jquery/jquery.js?ln=primefaces&v=4.0 HTTP/1.1" 304 -
190.60.254.212 - - [23/Jan/2023:08:16:15 -0500] "GET /sipse/faces/javax.faces.resource/layout/layout.js?ln=primefaces&v=4.0 HTTP/1.1" 304 -
201.245.192.253 - - [23/Jan/2023:08:16:16 -0500] "POST /sipse/faces/presentacion/financiero/solicitudProceso/consultar.xhtml HTTP/1.1" 200 71017
201.245.192.253 - - [23/Jan/2023:08:16:16 -0500] "POST /sipse/faces/presentacion/financiero/solicitudProceso/consultar.xhtml HTTP/1.1" 200 71017
201.245.192.253 - - [23/Jan/2023:08:16:16 -0500] "POST /sipse/faces/presentacion/financiero/solicitudProceso/consultar.xhtml HTTP/1.1" 200 71017
201.245.192.253 - - [23/Jan/2023:08:16:17 -0500] "POST /sipse/faces/presentacion/financiero/solicitudProceso/consultar.xhtml HTTP/1.1" 200 71017
190.60.254.212 - - [23/Jan/2023:08:16:18 -0500] "GET /sipse/css/imagen/logoSDG.png HTTP/1.1" 304 -
190.60.254.212 - - [23/Jan/2023:08:16:18 -0500] "GET /sipse/css/imagen/loginimg.png HTTP/1.1" 304 -
190.60.254.212 - - [23/Jan/2023:08:16:18 -0500] "GET /sipse/faces/javax.faces.resource/images/ui-icons_898989_256x240.png?ln=primefaces-aristo HTTP/1.1" 304 -
172.22.2.1 - - [23/Jan/2023:08:16:17 -0500] "GET /reportes_sipse/sdg/ServletFirma?solicitud=20238 HTTP/1.1" 200 -
201.245.192.253 - - [23/Jan/2023:08:16:23 -0500] "POST /sipse/faces/presentacion/financiero/solicitudProceso/consultar.xhtml HTTP/1.1" 200 39133
190.60.254.212 - - [23/Jan/2023:08:16:23 -0500] "POST /sipse/faces/autenticacion.xhtml HTTP/1.1" 200 2216
201.245.192.253 - - [23/Jan/2023:08:16:24 -0500] "POST /sipse/faces/presentacion/financiero/solicitudProceso/consultar.xhtml HTTP/1.1" 200 39141
201.245.192.253 - - [23/Jan/2023:08:16:25 -0500] "POST /sipse/faces/presentacion/financiero/solicitudProceso/consultar.xhtml HTTP/1.1" 200 52179
190.60.254.212 - - [23/Jan/2023:08:16:25 -0500] "GET /sipse/faces/javax.faces.resource/messages/messages.png?ln=primefaces&v=4.0 HTTP/1.1" 304 -
190.60.254.212 - - [23/Jan/2023:08:16:25 -0500] "POST /sipse/faces/autenticacion.xhtml HTTP/1.1" 200 2224
201.245.192.253 - - [23/Jan/2023:08:16:27 -0500] "POST /sipse/faces/presentacion/financiero/solicitudProceso/consultar.xhtml HTTP/1.1" 200 35204
201.245.192.253 - - [23/Jan/2023:08:16:27 -0500] "GET /sipse/faces/javax.faces.resource/theme.css?ln=primefaces-sipse HTTP/1.1" 304 -
201.245.192.253 - - [23/Jan/2023:08:16:27 -0500] "GET /sipse/faces/javax.faces.resource/primefaces.css?ln=primefaces&v=4.0 HTTP/1.1" 304 -
201.245.192.253 - - [23/Jan/2023:08:16:27 -0500] "GET /sipse/faces/javax.faces.resource/layout/layout.css?ln=primefaces&v=4.0 HTTP/1.1" 304 -
201.245.192.253 - - [23/Jan/2023:08:16:27 -0500] "GET /sipse/faces/javax.faces.resource/jquery/jquery.js?ln=primefaces&v=4.0 HTTP/1.1" 304 -
201.245.192.253 - - [23/Jan/2023:08:16:27 -0500] "GET /sipse/faces/javax.faces.resource/jquery/jquery-plugins.js?ln=primefaces&v=4.0 HTTP/1.1" 304 -
201.245.192.253 - - [23/Jan/2023:08:16:27 -0500] "GET /sipse/faces/javax.faces.resource/primefaces.js?ln=primefaces&v=4.0 HTTP/1.1" 304 -
201.245.192.253 - - [23/Jan/2023:08:16:28 -0500] "GET /sipse/faces/javax.faces.resource/layout/layout.js?ln=primefaces&v=4.0 HTTP/1.1" 304 -
201.245.192.253 - - [23/Jan/2023:08:16:28 -0500] "POST /sipse/faces/presentacion/financiero/solicitudProceso/listarSolicitudProceso.xhtml HTTP/1.1" 200 28369
190.109.20.165 - - [23/Jan/2023:08:16:28 -0500] "POST /sipsesda/faces/vista/administracion/funcionario/listadoFuncionario.jspx HTTP/1.1" 200 32908
201.245.192.253 - - [23/Jan/2023:08:16:28 -0500] "POST /sipse/faces/presentacion/financiero/solicitudProceso/listarSolicitudProceso.xhtml HTTP/1.1" 200 28369
201.245.192.253 - - [23/Jan/2023:08:16:29 -0500] "POST /sipse/faces/presentacion/financiero/solicitudProceso/listarSolicitudProceso.xhtml HTTP/1.1" 200 28369
201.245.192.253 - - [23/Jan/2023:08:16:30 -0500] "POST /sipse/faces/presentacion/financiero/solicitudProceso/listarSolicitudProceso.xhtml HTTP/1.1" 200 292
201.245.192.253 - - [23/Jan/2023:08:16:31 -0500] "POST /sipse/faces/presentacion/financiero/solicitudProceso/listarSolicitudProceso.xhtml HTTP/1.1" 200 292
201.245.192.253 - - [23/Jan/2023:08:16:32 -0500] "POST /sipse/faces/presentacion/financiero/solicitudProceso/listarSolicitudProceso.xhtml HTTP/1.1" 200 292
190.109.20.165 - - [23/Jan/2023:08:16:33 -0500] "POST /sipsesda/faces/vista/administracion/funcionario/listadoFuncionario.jspx HTTP/1.1" 200 18119
201.245.192.253 - - [23/Jan/2023:08:16:34 -0500] "POST /sipse/faces/presentacion/financiero/solicitudProceso/listarSolicitudProceso.xhtml HTTP/1.1" 200 292
201.245.192.253 - - [23/Jan/2023:08:16:36 -0500] "POST /sipse/faces/presentacion/financiero/solicitudProceso/listarSolicitudProceso.xhtml HTTP/1.1" 200 70447
201.245.192.253 - - [23/Jan/2023:08:16:36 -0500] "GET /sipse/faces/javax.faces.resource/primefaces.css?ln=primefaces&v=4.0 HTTP/1.1" 304 -
201.245.192.253 - - [23/Jan/2023:08:16:36 -0500] "GET /sipse/faces/javax.faces.resource/theme.css?ln=primefaces-sipse HTTP/1.1" 304 -
201.245.192.253 - - [23/Jan/2023:08:16:36 -0500] "GET /sipse/faces/javax.faces.resource/layout/layout.css?ln=primefaces&v=4.0 HTTP/1.1" 304 -
201.245.192.253 - - [23/Jan/2023:08:16:36 -0500] "GET /sipse/faces/javax.faces.resource/jquery/jquery.js?ln=primefaces&v=4.0 HTTP/1.1" 304 -
201.245.192.253 - - [23/Jan/2023:08:16:36 -0500] "GET /sipse/faces/javax.faces.resource/jquery/jquery-plugins.js?ln=primefaces&v=4.0 HTTP/1.1" 304 -
201.245.192.253 - - [23/Jan/2023:08:16:36 -0500] "GET /sipse/faces/javax.faces.resource/primefaces.js?ln=primefaces&v=4.0 HTTP/1.1" 304 -
201.245.192.253 - - [23/Jan/2023:08:16:36 -0500] "GET /sipse/faces/javax.faces.resource/layout/layout.js?ln=primefaces&v=4.0 HTTP/1.1" 304 -
201.245.192.253 - - [23/Jan/2023:08:16:36 -0500] "POST /sipse/faces/presentacion/financiero/solicitudProceso/consultar.xhtml HTTP/1.1" 200 63868
201.245.192.253 - - [23/Jan/2023:08:16:36 -0500] "POST /sipse/faces/presentacion/financiero/solicitudProceso/consultar.xhtml HTTP/1.1" 200 63868
201.245.192.253 - - [23/Jan/2023:08:16:36 -0500] "POST /sipse/faces/presentacion/financiero/solicitudProceso/consultar.xhtml HTTP/1.1" 200 63868
201.245.192.253 - - [23/Jan/2023:08:16:37 -0500] "POST /sipse/faces/presentacion/financiero/solicitudProceso/consultar.xhtml HTTP/1.1" 200 63868
190.109.20.165 - - [23/Jan/2023:08:16:41 -0500] "POST /sipsesda/faces/vista/administracion/funcionario/registrarFuncionario.jspx?_afPfm=1 HTTP/1.1" 200 8631
186.84.20.177 - - [23/Jan/2023:08:16:43 -0500] "GET /sipse/faces/javax.faces.resource/theme.css?ln=primefaces-sipse HTTP/1.1" 304 -
186.84.20.177 - - [23/Jan/2023:08:16:43 -0500] "GET /sipse/faces/javax.faces.resource/layout/layout.css?ln=primefaces&v=4.0 HTTP/1.1" 304 -
186.84.20.177 - - [23/Jan/2023:08:16:43 -0500] "GET /sipse/faces/javax.faces.resource/jquery/jquery.js?ln=primefaces&v=4.0 HTTP/1.1" 304 -
186.84.20.177 - - [23/Jan/2023:08:16:43 -0500] "GET /sipse/faces/javax.faces.resource/primefaces.css?ln=primefaces&v=4.0 HTTP/1.1" 304 -
186.84.20.177 - - [23/Jan/2023:08:16:43 -0500] "GET /sipse/faces/javax.faces.resource/jquery/jquery-plugins.js?ln=primefaces&v=4.0 HTTP/1.1" 304 -
186.84.20.177 - - [23/Jan/2023:08:16:43 -0500] "GET /sipse/faces/javax.faces.resource/primefaces.js?ln=primefaces&v=4.0 HTTP/1.1" 304 -
186.84.20.177 - - [23/Jan/2023:08:16:43 -0500] "GET /sipse/faces/javax.faces.resource/layout/layout.js?ln=primefaces&v=4.0 HTTP/1.1" 304 -
186.84.20.177 - - [23/Jan/2023:08:16:43 -0500] "GET /sipse/css/imagen/contrasena.png HTTP/1.1" 404 383
186.84.20.177 - - [23/Jan/2023:08:16:43 -0500] "GET /sipse/faces/javax.faces.resource/images/ui-icons_898989_256x240.png?ln=primefaces-aristo HTTP/1.1" 304 -
186.84.20.177 - - [23/Jan/2023:08:16:41 -0500] "POST /sipse/faces/presentacion/financiero/estudioPrevio/personalSolicitado/expedirExperienciaIdoneidad.xhtml HTTP/1.1" 200 176991
186.84.20.177 - - [23/Jan/2023:08:16:43 -0500] "GET /sipse/faces/javax.faces.resource/dynamiccontent.properties?ln=primefaces&pfdrid=XjOR5%2F%2FfPAZAuY9TpWQeCiM0BhlXxYRBGKi%2FQcXXfeA%3D&pfdrid_c=false HTTP/1.1" 500 383
201.245.192.253 - - [23/Jan/2023:08:16:44 -0500] "POST /sipse/faces/presentacion/financiero/solicitudProceso/consultar.xhtml HTTP/1.1" 200 39104
201.245.192.253 - - [23/Jan/2023:08:16:45 -0500] "POST /sipse/faces/presentacion/financiero/solicitudProceso/consultar.xhtml HTTP/1.1" 200 39112
190.60.254.212 - - [23/Jan/2023:08:16:45 -0500] "POST /sipse/faces/autenticacion.xhtml HTTP/1.1" 200 16229
201.245.192.253 - - [23/Jan/2023:08:16:47 -0500] "POST /sipse/faces/presentacion/financiero/solicitudProceso/consultar.xhtml HTTP/1.1" 200 911
190.60.254.212 - - [23/Jan/2023:08:16:47 -0500] "GET /sipse/css/custom_css_sg_prime.css HTTP/1.1" 304 -
190.60.254.212 - - [23/Jan/2023:08:16:47 -0500] "GET /sipse/faces/javax.faces.resource/theme.css?ln=primefaces-sipse HTTP/1.1" 304 -
172.22.2.1 - - [23/Jan/2023:08:16:46 -0500] "GET /reportes_sipse/sdg/ServletFirma?solicitud=20196 HTTP/1.1" 200 -
190.60.254.212 - - [23/Jan/2023:08:16:48 -0500] "GET /sipse/js/jquery.min.js HTTP/1.1" 304 -
190.60.254.212 - - [23/Jan/2023:08:16:48 -0500] "GET /sipse/faces/javax.faces.resource/primefaces.css?ln=primefaces&v=4.0 HTTP/1.1" 304 -
201.245.192.253 - - [23/Jan/2023:08:16:48 -0500] "GET /sipse/faces/javax.faces.resource/images/ui-bg_flat_0_2d5972_40x100.png?ln=primefaces-aristo HTTP/1.1" 304 -
190.60.254.212 - - [23/Jan/2023:08:16:48 -0500] "GET /sipse/faces/javax.faces.resource/layout/layout.css?ln=primefaces&v=4.0 HTTP/1.1" 304 -
190.60.254.212 - - [23/Jan/2023:08:16:48 -0500] "GET /sipse/faces/javax.faces.resource/jquery/jquery.js?ln=primefaces&v=4.0 HTTP/1.1" 304 -
190.60.254.212 - - [23/Jan/2023:08:16:49 -0500] "GET /sipse/faces/javax.faces.resource/jquery/jquery-plugins.js?ln=primefaces&v=4.0 HTTP/1.1" 304 -
190.60.254.212 - - [23/Jan/2023:08:16:49 -0500] "GET /sipse/faces/javax.faces.resource/primefaces.js?ln=primefaces&v=4.0 HTTP/1.1" 304 -
190.60.254.212 - - [23/Jan/2023:08:16:49 -0500] "GET /sipse/faces/javax.faces.resource/layout/layout.js?ln=primefaces&v=4.0 HTTP/1.1" 304 -
190.60.254.212 - - [23/Jan/2023:08:16:50 -0500] "GET /sipse/css/imagen/contrasena.png HTTP/1.1" 404 383
190.60.254.212 - - [23/Jan/2023:08:16:50 -0500] "GET /sipse/imagenes/logoAplicacion.jpg HTTP/1.1" 304 -
190.60.254.212 - - [23/Jan/2023:08:16:50 -0500] "GET /sipse/imagenes/cargando.gif HTTP/1.1" 304 -
186.80.174.201 - - [23/Jan/2023:08:16:52 -0500] "POST /sipse/faces/presentacion/financiero/solicitudProceso/listarSolicitudProceso.xhtml HTTP/1.1" 200 58106
186.30.104.0 - - [23/Jan/2023:08:16:52 -0500] "GET /appsia/controlador HTTP/1.1" 200 4799
186.30.104.0 - - [23/Jan/2023:08:16:52 -0500] "GET /appsia/css/estilos.css HTTP/1.1" 200 4804
186.30.104.0 - - [23/Jan/2023:08:16:52 -0500] "GET /appsia/scripts/validarIngreso.js HTTP/1.1" 200 851
186.30.104.0 - - [23/Jan/2023:08:16:52 -0500] "GET /appsia/images/cabezoteHojaVida.png HTTP/1.1" 200 32493
186.30.104.0 - - [23/Jan/2023:08:16:52 -0500] "GET /appsia/images/logo_bogota_p.png HTTP/1.1" 200 14951
186.30.104.0 - - [23/Jan/2023:08:16:52 -0500] "GET /favicon.ico HTTP/1.1" 200 7782
186.80.174.201 - - [23/Jan/2023:08:16:52 -0500] "POST /sipse/faces/presentacion/financiero/solicitudProceso/listarSolicitudProceso.xhtml HTTP/1.1" 200 58106
186.80.174.201 - - [23/Jan/2023:08:16:52 -0500] "POST /sipse/faces/presentacion/financiero/solicitudProceso/listarSolicitudProceso.xhtml HTTP/1.1" 200 1556
201.245.192.253 - - [23/Jan/2023:08:16:50 -0500] "POST /sipse/faces/presentacion/financiero/solicitudProceso/consultarSolicitudProceso.xhtml HTTP/1.1" 200 38782
201.245.192.253 - - [23/Jan/2023:08:16:53 -0500] "GET /sipse/faces/javax.faces.resource/theme.css?ln=primefaces-sipse HTTP/1.1" 304 -
201.245.192.253 - - [23/Jan/2023:08:16:53 -0500] "GET /sipse/faces/javax.faces.resource/primefaces.css?ln=primefaces&v=4.0 HTTP/1.1" 304 -
201.245.192.253 - - [23/Jan/2023:08:16:53 -0500] "GET /sipse/faces/javax.faces.resource/layout/layout.css?ln=primefaces&v=4.0 HTTP/1.1" 304 -
201.245.192.253 - - [23/Jan/2023:08:16:53 -0500] "GET /sipse/faces/javax.faces.resource/jquery/jquery.js?ln=primefaces&v=4.0 HTTP/1.1" 304 -
201.245.192.253 - - [23/Jan/2023:08:16:53 -0500] "GET /sipse/faces/javax.faces.resource/jquery/jquery-plugins.js?ln=primefaces&v=4.0 HTTP/1.1" 304 -
201.245.192.253 - - [23/Jan/2023:08:16:53 -0500] "GET /sipse/faces/javax.faces.resource/primefaces.js?ln=primefaces&v=4.0 HTTP/1.1" 304 -
201.245.192.253 - - [23/Jan/2023:08:16:53 -0500] "GET /sipse/faces/javax.faces.resource/layout/layout.js?ln=primefaces&v=4.0 HTTP/1.1" 304 -
201.245.192.253 - - [23/Jan/2023:08:16:53 -0500] "GET /sipse/faces/javax.faces.resource/messages/messages.png?ln=primefaces&v=4.0 HTTP/1.1" 304 -
186.80.174.201 - - [23/Jan/2023:08:16:53 -0500] "POST /sipse/faces/presentacion/financiero/solicitudProceso/listarSolicitudProceso.xhtml HTTP/1.1" 200 1560
201.245.192.253 - - [23/Jan/2023:08:16:53 -0500] "POST /sipse/faces/presentacion/financiero/solicitudProceso/listarSolicitudProceso.xhtml HTTP/1.1" 200 1396
186.84.20.177 - - [23/Jan/2023:08:16:53 -0500] "POST /sipse/faces/presentacion/financiero/solicitudProceso/consultarSolicitudProceso.xhtml HTTP/1.1" 200 86213
190.60.254.212 - - [23/Jan/2023:08:16:54 -0500] "GET /sipse/faces/javax.faces.resource/images/ui-bg_flat_0_2d5972_40x100.png?ln=primefaces-aristo HTTP/1.1" 304 -
190.60.254.212 - - [23/Jan/2023:08:16:54 -0500] "POST /sipse/faces/bienvenido.xhtml HTTP/1.1" 200 2658
190.109.20.165 - - [23/Jan/2023:08:16:49 -0500] "POST /sipsesda/faces/vista/administracion/rolFuncionario/registrarRolFuncionario.jspx?_afPfm=1.1 HTTP/1.1" 200 18326
201.245.192.253 - - [23/Jan/2023:08:16:55 -0500] "POST /sipse/faces/presentacion/financiero/solicitudProceso/listarSolicitudProceso.xhtml HTTP/1.1" 200 43361
190.109.20.165 - - [23/Jan/2023:08:16:58 -0500] "POST /sipsesda/faces/vista/administracion/funcionario/registrarFuncionario.jspx?_afPfm=1 HTTP/1.1" 200 32640
