186.30.35.50 - - [23/Jan/2023:01:51:38 -0500] "GET /sipse/faces/javax.faces.resource/theme.css?ln=primefaces-sipse HTTP/1.1" 304 -
186.30.35.50 - - [23/Jan/2023:01:51:38 -0500] "GET /sipse/faces/javax.faces.resource/jquery/jquery.js?ln=primefaces&v=4.0 HTTP/1.1" 304 -
186.30.35.50 - - [23/Jan/2023:01:51:38 -0500] "GET /sipse/faces/javax.faces.resource/jquery/jquery-plugins.js?ln=primefaces&v=4.0 HTTP/1.1" 304 -
186.30.35.50 - - [23/Jan/2023:01:51:38 -0500] "GET /sipse/faces/javax.faces.resource/primefaces.js?ln=primefaces&v=4.0 HTTP/1.1" 304 -
186.30.35.50 - - [23/Jan/2023:01:51:38 -0500] "GET /sipse/faces/javax.faces.resource/layout/layout.js?ln=primefaces&v=4.0 HTTP/1.1" 304 -
186.30.35.50 - - [23/Jan/2023:01:51:38 -0500] "POST /sipse/faces/presentacion/financiero/solicitudProceso/listarSolicitudProceso.xhtml HTTP/1.1" 200 59307
186.30.35.50 - - [23/Jan/2023:01:51:39 -0500] "POST /sipse/faces/presentacion/financiero/solicitudProceso/listarSolicitudProceso.xhtml HTTP/1.1" 200 59307
186.30.35.50 - - [23/Jan/2023:01:51:39 -0500] "POST /sipse/faces/presentacion/financiero/solicitudProceso/listarSolicitudProceso.xhtml HTTP/1.1" 200 59307
186.30.35.50 - - [23/Jan/2023:01:51:40 -0500] "POST /sipse/faces/presentacion/financiero/solicitudProceso/listarSolicitudProceso.xhtml HTTP/1.1" 200 59307
186.30.35.50 - - [23/Jan/2023:01:51:40 -0500] "POST /sipse/faces/presentacion/financiero/solicitudProceso/listarSolicitudProceso.xhtml HTTP/1.1" 200 59307
186.30.35.50 - - [23/Jan/2023:01:51:41 -0500] "POST /sipse/faces/presentacion/financiero/solicitudProceso/listarSolicitudProceso.xhtml HTTP/1.1" 200 59307
186.30.35.50 - - [23/Jan/2023:01:51:41 -0500] "POST /sipse/faces/presentacion/financiero/solicitudProceso/listarSolicitudProceso.xhtml HTTP/1.1" 200 1556
186.30.35.50 - - [23/Jan/2023:01:51:42 -0500] "POST /sipse/faces/presentacion/financiero/solicitudProceso/listarSolicitudProceso.xhtml HTTP/1.1" 200 1560
186.30.35.50 - - [23/Jan/2023:01:51:42 -0500] "POST /sipse/faces/presentacion/financiero/solicitudProceso/listarSolicitudProceso.xhtml HTTP/1.1" 200 1560
186.30.35.50 - - [23/Jan/2023:01:51:43 -0500] "POST /sipse/faces/presentacion/financiero/solicitudProceso/listarSolicitudProceso.xhtml HTTP/1.1" 200 1560
186.30.35.50 - - [23/Jan/2023:01:51:43 -0500] "POST /sipse/faces/presentacion/financiero/solicitudProceso/listarSolicitudProceso.xhtml HTTP/1.1" 200 1560
186.30.35.50 - - [23/Jan/2023:01:51:43 -0500] "POST /sipse/faces/presentacion/financiero/solicitudProceso/listarSolicitudProceso.xhtml HTTP/1.1" 200 1560
186.30.35.50 - - [23/Jan/2023:01:51:43 -0500] "POST /sipse/faces/presentacion/financiero/solicitudProceso/listarSolicitudProceso.xhtml HTTP/1.1" 200 1560
186.30.35.50 - - [23/Jan/2023:01:51:49 -0500] "POST /sipse/faces/presentacion/financiero/solicitudProceso/listarSolicitudProceso.xhtml HTTP/1.1" 200 8684
186.30.35.50 - - [23/Jan/2023:01:51:53 -0500] "POST /sipse/faces/presentacion/financiero/solicitudProceso/listarSolicitudProceso.xhtml HTTP/1.1" 200 150997
186.30.35.50 - - [23/Jan/2023:01:51:54 -0500] "GET /sipse/faces/javax.faces.resource/theme.css?ln=primefaces-sipse HTTP/1.1" 304 -
186.30.35.50 - - [23/Jan/2023:01:51:54 -0500] "GET /sipse/faces/javax.faces.resource/primefaces.css?ln=primefaces&v=4.0 HTTP/1.1" 304 -
186.30.35.50 - - [23/Jan/2023:01:51:54 -0500] "GET /sipse/faces/javax.faces.resource/layout/layout.css?ln=primefaces&v=4.0 HTTP/1.1" 304 -
186.30.35.50 - - [23/Jan/2023:01:51:54 -0500] "GET /sipse/faces/javax.faces.resource/jquery/jquery.js?ln=primefaces&v=4.0 HTTP/1.1" 304 -
186.30.35.50 - - [23/Jan/2023:01:51:54 -0500] "GET /sipse/faces/javax.faces.resource/jquery/jquery-plugins.js?ln=primefaces&v=4.0 HTTP/1.1" 304 -
186.30.35.50 - - [23/Jan/2023:01:51:54 -0500] "GET /sipse/faces/javax.faces.resource/primefaces.js?ln=primefaces&v=4.0 HTTP/1.1" 304 -
186.30.35.50 - - [23/Jan/2023:01:51:54 -0500] "GET /sipse/faces/javax.faces.resource/layout/layout.js?ln=primefaces&v=4.0 HTTP/1.1" 304 -
186.30.35.50 - - [23/Jan/2023:01:51:54 -0500] "GET /sipse/faces/javax.faces.resource/dynamiccontent.properties?ln=primefaces&pfdrid=XjOR5%2F%2FfPAZAuY9TpWQeCiM0BhlXxYRBGKi%2FQcXXfeA%3D&pfdrid_c=false HTTP/1.1" 500 383
186.30.35.50 - - [23/Jan/2023:01:52:11 -0500] "POST /sipse/faces/presentacion/financiero/solicitudProceso/consultarSolicitudProceso.xhtml HTTP/1.1" 200 54577
216.245.221.92 - - [23/Jan/2023:01:52:51 -0500] "HEAD / HTTP/1.1" 200 -
179.43.177.242 - - [23/Jan/2023:01:53:38 -0500] "GET / HTTP/1.1" 200 319
185.119.81.97 - - [23/Jan/2023:01:54:12 -0500] "GET /portaldeninos/wp-login.php HTTP/1.1" 200 2592
185.119.81.97 - - [23/Jan/2023:01:54:13 -0500] "POST /portaldeninos/wp-login.php HTTP/1.1" 200 3650
172.22.2.4 - - [23/Jan/2023:01:52:35 -0500] "HEAD /BLA/boletinlegal/ HTTP/1.1" 200 -
172.22.2.4 - - [23/Jan/2023:01:53:26 -0500] "GET /BLA/boletinlegal/ HTTP/1.1" 200 45717
77.88.5.129 - - [23/Jan/2023:01:55:45 -0500] "-" 408 -
66.249.65.109 - - [23/Jan/2023:01:56:01 -0500] "-" 408 -
201.245.192.253 - - [23/Jan/2023:01:56:01 -0500] "POST /kwsrmcab/Wsrmcab  HTTP/1.1" 200 213
185.119.81.108 - - [23/Jan/2023:01:57:50 -0500] "GET /portaldeninos/wp-login.php HTTP/1.1" 200 2592
185.119.81.108 - - [23/Jan/2023:01:57:51 -0500] "POST /portaldeninos/wp-login.php HTTP/1.1" 200 3650
216.245.221.92 - - [23/Jan/2023:01:57:51 -0500] "HEAD / HTTP/1.1" 200 -
185.119.81.102 - - [23/Jan/2023:01:57:54 -0500] "GET /portaldeninos/wp-login.php HTTP/1.1" 200 2592
185.119.81.102 - - [23/Jan/2023:01:57:55 -0500] "POST /portaldeninos/wp-login.php HTTP/1.1" 200 3605
157.55.39.157 - - [23/Jan/2023:01:58:04 -0500] "GET /BLA/resoluciones/index.php?dir=RESOLUCIONES+2022%2F HTTP/1.1" 200 275559
172.22.2.4 - - [23/Jan/2023:01:58:25 -0500] "HEAD /BLA/boletinlegal/ HTTP/1.1" 200 -
77.88.5.246 - - [23/Jan/2023:02:00:46 -0500] "-" 408 -
93.158.161.41 - - [23/Jan/2023:02:00:52 -0500] "-" 408 -
172.22.2.4 - - [23/Jan/2023:01:59:16 -0500] "GET /BLA/boletinlegal/ HTTP/1.1" 200 56474
77.88.5.207 - - [23/Jan/2023:02:00:57 -0500] "-" 408 -
201.245.192.253 - - [23/Jan/2023:02:01:00 -0500] "POST /kwsrmcab/Wsrmcab  HTTP/1.1" 200 213
77.88.5.27 - - [23/Jan/2023:02:01:02 -0500] "-" 408 -
77.88.5.249 - - [23/Jan/2023:02:01:17 -0500] "-" 408 -
77.88.5.10 - - [23/Jan/2023:02:01:32 -0500] "-" 408 -
77.88.5.30 - - [23/Jan/2023:02:02:02 -0500] "-" 408 -
216.245.221.92 - - [23/Jan/2023:02:02:51 -0500] "HEAD / HTTP/1.1" 200 -
77.88.5.216 - - [23/Jan/2023:02:03:02 -0500] "-" 408 -
93.158.161.69 - - [23/Jan/2023:02:04:02 -0500] "-" 408 -
172.22.2.4 - - [23/Jan/2023:02:04:15 -0500] "HEAD /BLA/boletinlegal/ HTTP/1.1" 200 -
201.245.192.253 - - [23/Jan/2023:02:05:58 -0500] "POST /kwsrmcab/Wsrmcab  HTTP/1.1" 200 213
77.88.5.243 - - [23/Jan/2023:02:06:02 -0500] "-" 408 -
172.22.2.4 - - [23/Jan/2023:02:06:23 -0500] "GET /BLA/boletinlegal/robots.txt HTTP/1.1" 404 1038
172.22.2.4 - - [23/Jan/2023:02:05:06 -0500] "GET /BLA/boletinlegal/ HTTP/1.1" 200 52453
216.245.221.92 - - [23/Jan/2023:02:07:51 -0500] "HEAD / HTTP/1.1" 200 -
172.22.2.4 - - [23/Jan/2023:02:06:24 -0500] "GET /BLA/boletinlegal/index.php HTTP/1.1" 200 55272
152.61.128.50 - - [23/Jan/2023:02:08:31 -0500] "GET /arcgis/services/Calidad_del_Agua_WQI/MapServer/WMSServer?request=GetCapabilities&service=WMS HTTP/1.1" 503 1020
152.61.128.50 - - [23/Jan/2023:02:08:32 -0500] "GET /arcgis/services/Calidad_del_Agua_WQI/MapServer/WMSServer?SERVICE=WMS&REQUEST=GetCapabilities HTTP/1.1" 503 1020
152.61.128.50 - - [23/Jan/2023:02:08:32 -0500] "GET /arcgis/services/Calidad_del_Agua_WQI/MapServer/WMSServer?WMTVER=1.0.0&REQUEST=capabilities HTTP/1.1" 503 1020
77.88.5.36 - - [23/Jan/2023:02:09:02 -0500] "-" 408 -
66.249.65.109 - - [23/Jan/2023:02:09:03 -0500] "-" 408 -
173.252.127.6 - - [23/Jan/2023:02:10:05 -0500] "GET /images/19%20de%20enero%20\xc3\xa1rbol%20bosque%20San%20Carlos.jpg HTTP/1.1" 404 1034
201.245.192.253 - - [23/Jan/2023:02:10:57 -0500] "POST /kwsrmcab/Wsrmcab  HTTP/1.1" 200 213
172.22.2.4 - - [23/Jan/2023:02:10:05 -0500] "HEAD /BLA/boletinlegal/ HTTP/1.1" 200 -
172.22.2.4 - - [23/Jan/2023:02:10:56 -0500] "GET /BLA/boletinlegal/ HTTP/1.1" 200 53739
216.245.221.92 - - [23/Jan/2023:02:12:51 -0500] "HEAD / HTTP/1.1" 200 -
93.158.161.29 - - [23/Jan/2023:02:14:02 -0500] "-" 408 -
172.22.2.4 - - [23/Jan/2023:02:14:09 -0500] "GET /BLA/boletinlegal/ HTTP/1.1" 200 24523
168.119.101.10 - - [23/Jan/2023:02:15:28 -0500] "GET / HTTP/1.1" 200 319
201.245.192.253 - - [23/Jan/2023:02:15:56 -0500] "POST /kwsrmcab/Wsrmcab  HTTP/1.1" 200 213
172.22.2.4 - - [23/Jan/2023:02:15:55 -0500] "HEAD /BLA/boletinlegal/ HTTP/1.1" 200 -
216.245.221.92 - - [23/Jan/2023:02:17:51 -0500] "HEAD / HTTP/1.1" 200 -
172.22.2.4 - - [23/Jan/2023:02:17:33 -0500] "GET /BLA/boletinlegal/ HTTP/1.1" 200 24523
172.22.2.4 - - [23/Jan/2023:02:16:46 -0500] "GET /BLA/boletinlegal/ HTTP/1.1" 200 48801
201.245.192.253 - - [23/Jan/2023:02:18:54 -0500] "POST /kwsrmcab/Wsrmcab HTTP/1.1" 200 41383
201.245.192.253 - - [23/Jan/2023:02:18:56 -0500] "POST /kwsrmcab/Wsrmcab HTTP/1.1" 200 41397
201.245.192.253 - - [23/Jan/2023:02:20:55 -0500] "POST /kwsrmcab/Wsrmcab  HTTP/1.1" 200 213
93.158.161.33 - - [23/Jan/2023:02:22:02 -0500] "-" 408 -
66.249.65.109 - - [23/Jan/2023:02:22:38 -0500] "-" 408 -
216.245.221.92 - - [23/Jan/2023:02:22:51 -0500] "HEAD / HTTP/1.1" 200 -
172.22.2.4 - - [23/Jan/2023:02:21:45 -0500] "HEAD /BLA/boletinlegal/ HTTP/1.1" 200 -
172.22.2.4 - - [23/Jan/2023:02:22:36 -0500] "GET /BLA/boletinlegal/ HTTP/1.1" 200 53739
201.245.192.253 - - [23/Jan/2023:02:25:55 -0500] "POST /kwsrmcab/Wsrmcab  HTTP/1.1" 200 213
216.245.221.92 - - [23/Jan/2023:02:27:51 -0500] "HEAD / HTTP/1.1" 200 -
201.245.192.253 - - [23/Jan/2023:02:28:53 -0500] "POST /kwsrmcab/Wsrmcab HTTP/1.1" 200 41383
201.245.192.253 - - [23/Jan/2023:02:28:56 -0500] "POST /kwsrmcab/Wsrmcab HTTP/1.1" 200 41397
172.22.2.4 - - [23/Jan/2023:02:27:35 -0500] "HEAD /BLA/boletinlegal/ HTTP/1.1" 200 -
172.22.2.4 - - [23/Jan/2023:02:28:26 -0500] "GET /BLA/boletinlegal/ HTTP/1.1" 200 56825
201.245.192.253 - - [23/Jan/2023:02:30:53 -0500] "POST /kwsrmcab/Wsrmcab  HTTP/1.1" 200 213
93.158.161.45 - - [23/Jan/2023:02:32:02 -0500] "-" 408 -
216.245.221.92 - - [23/Jan/2023:02:32:51 -0500] "HEAD / HTTP/1.1" 200 -
157.55.39.157 - - [23/Jan/2023:02:33:25 -0500] "GET /BLA/resoluciones/index.php?dir=RESOLUCIONES+2022%2F HTTP/1.1" 200 275559
172.22.2.4 - - [23/Jan/2023:02:33:25 -0500] "HEAD /BLA/boletinlegal/ HTTP/1.1" 200 -
201.245.192.253 - - [23/Jan/2023:02:35:52 -0500] "POST /kwsrmcab/Wsrmcab  HTTP/1.1" 200 213
172.22.2.4 - - [23/Jan/2023:02:34:16 -0500] "GET /BLA/boletinlegal/ HTTP/1.1" 200 51248
216.245.221.92 - - [23/Jan/2023:02:37:51 -0500] "HEAD / HTTP/1.1" 200 -
201.245.192.253 - - [23/Jan/2023:02:38:53 -0500] "POST /kwsrmcab/Wsrmcab HTTP/1.1" 200 41383
201.245.192.253 - - [23/Jan/2023:02:38:55 -0500] "POST /kwsrmcab/Wsrmcab HTTP/1.1" 200 41397
201.245.192.253 - - [23/Jan/2023:02:40:51 -0500] "POST /kwsrmcab/Wsrmcab  HTTP/1.1" 200 213
172.22.2.4 - - [23/Jan/2023:02:39:15 -0500] "HEAD /BLA/boletinlegal/ HTTP/1.1" 200 -
172.22.2.4 - - [23/Jan/2023:02:40:06 -0500] "GET /BLA/boletinlegal/ HTTP/1.1" 200 46153
77.88.5.9 - - [23/Jan/2023:02:42:02 -0500] "-" 408 -
216.245.221.92 - - [23/Jan/2023:02:42:51 -0500] "HEAD / HTTP/1.1" 200 -
201.245.192.253 - - [23/Jan/2023:02:45:50 -0500] "POST /kwsrmcab/Wsrmcab  HTTP/1.1" 200 213
172.22.2.4 - - [23/Jan/2023:02:45:05 -0500] "HEAD /BLA/boletinlegal/ HTTP/1.1" 200 -
172.22.2.4 - - [23/Jan/2023:02:45:56 -0500] "GET /BLA/boletinlegal/ HTTP/1.1" 200 54452
216.245.221.92 - - [23/Jan/2023:02:47:51 -0500] "HEAD / HTTP/1.1" 200 -
201.245.192.253 - - [23/Jan/2023:02:50:49 -0500] "POST /kwsrmcab/Wsrmcab  HTTP/1.1" 200 213
92.118.39.82 - - [23/Jan/2023:02:51:53 -0500] "GET / HTTP/1.1" 200 319
77.88.5.212 - - [23/Jan/2023:02:52:02 -0500] "-" 408 -
172.22.2.4 - - [23/Jan/2023:02:50:55 -0500] "HEAD /BLA/boletinlegal/ HTTP/1.1" 200 -
66.249.65.113 - - [23/Jan/2023:02:52:41 -0500] "-" 408 -
216.245.221.92 - - [23/Jan/2023:02:52:51 -0500] "HEAD / HTTP/1.1" 200 -
172.22.2.4 - - [23/Jan/2023:02:51:46 -0500] "GET /BLA/boletinlegal/ HTTP/1.1" 200 59404
185.119.81.102 - - [23/Jan/2023:02:55:14 -0500] "GET /portaldeninos/wp-login.php HTTP/1.1" 200 2592
185.119.81.102 - - [23/Jan/2023:02:55:15 -0500] "POST /portaldeninos/wp-login.php HTTP/1.1" 200 3605
201.245.192.253 - - [23/Jan/2023:02:55:48 -0500] "POST /kwsrmcab/Wsrmcab  HTTP/1.1" 200 213
216.245.221.92 - - [23/Jan/2023:02:57:51 -0500] "HEAD / HTTP/1.1" 200 -
172.22.2.4 - - [23/Jan/2023:02:56:45 -0500] "HEAD /BLA/boletinlegal/ HTTP/1.1" 200 -
172.22.2.4 - - [23/Jan/2023:02:57:36 -0500] "GET /BLA/boletinlegal/ HTTP/1.1" 200 51248
201.245.192.253 - - [23/Jan/2023:03:00:47 -0500] "POST /kwsrmcab/Wsrmcab  HTTP/1.1" 200 213
77.88.5.27 - - [23/Jan/2023:03:02:02 -0500] "-" 408 -
216.245.221.92 - - [23/Jan/2023:03:02:51 -0500] "HEAD / HTTP/1.1" 200 -
207.46.13.130 - - [23/Jan/2023:03:03:48 -0500] "-" 408 -
172.22.2.4 - - [23/Jan/2023:03:02:35 -0500] "HEAD /BLA/boletinlegal/ HTTP/1.1" 200 -
172.22.2.4 - - [23/Jan/2023:03:03:26 -0500] "GET /BLA/boletinlegal/ HTTP/1.1" 200 49193
201.245.192.253 - - [23/Jan/2023:03:05:47 -0500] "POST /kwsrmcab/Wsrmcab  HTTP/1.1" 200 213
168.119.252.242 - - [23/Jan/2023:03:07:04 -0500] "GET / HTTP/1.1" 200 319
216.245.221.92 - - [23/Jan/2023:03:07:51 -0500] "HEAD / HTTP/1.1" 200 -
157.55.39.157 - - [23/Jan/2023:03:08:50 -0500] "GET /BLA/resoluciones/index.php?dir=RESOLUCIONES+2022%2F HTTP/1.1" 200 275559
172.22.2.4 - - [23/Jan/2023:03:08:25 -0500] "HEAD /BLA/boletinlegal/ HTTP/1.1" 200 -
201.245.192.253 - - [23/Jan/2023:03:10:45 -0500] "POST /kwsrmcab/Wsrmcab  HTTP/1.1" 200 213
172.22.2.4 - - [23/Jan/2023:03:09:16 -0500] "GET /BLA/boletinlegal/ HTTP/1.1" 200 57192
157.55.39.201 - - [23/Jan/2023:03:11:56 -0500] "GET /BLA/resoluciones/RESOLUCIONES%202021/4867.pdf HTTP/1.1" 304 -
77.88.5.51 - - [23/Jan/2023:03:12:02 -0500] "-" 408 -
216.245.221.92 - - [23/Jan/2023:03:12:51 -0500] "HEAD / HTTP/1.1" 200 -
201.245.192.253 - - [23/Jan/2023:03:15:44 -0500] "POST /kwsrmcab/Wsrmcab  HTTP/1.1" 200 213
172.22.2.4 - - [23/Jan/2023:03:14:15 -0500] "HEAD /BLA/boletinlegal/ HTTP/1.1" 200 -
185.119.81.108 - - [23/Jan/2023:03:15:59 -0500] "GET /portaldeninos/wp-login.php HTTP/1.1" 200 2592
185.119.81.108 - - [23/Jan/2023:03:16:00 -0500] "POST /portaldeninos/wp-login.php HTTP/1.1" 200 3605
172.22.2.4 - - [23/Jan/2023:03:15:06 -0500] "GET /BLA/boletinlegal/ HTTP/1.1" 200 52942
69.63.184.5 - - [23/Jan/2023:03:17:29 -0500] "GET /images/Fauna%20Silvestre%20SDA%2002.jpeg HTTP/1.1" 200 41590
216.245.221.92 - - [23/Jan/2023:03:17:51 -0500] "HEAD / HTTP/1.1" 200 -
172.22.2.4 - - [23/Jan/2023:03:18:48 -0500] "GET /BLA/boletinlegal/owa/auth/logon.aspx?url=https%3a%2f%2f1%2fecp%2f HTTP/1.1" 404 1018
201.245.192.253 - - [23/Jan/2023:03:18:53 -0500] "POST /kwsrmcab/Wsrmcab HTTP/1.1" 200 41410
201.245.192.253 - - [23/Jan/2023:03:18:55 -0500] "POST /kwsrmcab/Wsrmcab HTTP/1.1" 200 41732
207.46.13.83 - - [23/Jan/2023:03:20:35 -0500] "GET /BLA/resoluciones/AUTOS%202014/3624.pdf HTTP/1.1" 304 -
201.245.192.253 - - [23/Jan/2023:03:20:44 -0500] "POST /kwsrmcab/Wsrmcab  HTTP/1.1" 200 213
185.119.81.97 - - [23/Jan/2023:03:21:00 -0500] "GET /portaldeninos/wp-login.php HTTP/1.1" 200 2592
185.119.81.97 - - [23/Jan/2023:03:21:01 -0500] "POST /portaldeninos/wp-login.php HTTP/1.1" 200 3605
172.22.2.4 - - [23/Jan/2023:03:20:05 -0500] "HEAD /BLA/boletinlegal/ HTTP/1.1" 200 -
77.88.5.233 - - [23/Jan/2023:03:22:02 -0500] "-" 408 -
172.22.2.4 - - [23/Jan/2023:03:20:56 -0500] "GET /BLA/boletinlegal/ HTTP/1.1" 200 56474
66.249.65.113 - - [23/Jan/2023:03:22:41 -0500] "-" 408 -
173.214.175.178 - - [23/Jan/2023:03:22:45 -0500] "CONNECT google.com:443 HTTP/1.1" 405 938
216.245.221.92 - - [23/Jan/2023:03:22:51 -0500] "HEAD / HTTP/1.1" 200 -
172.22.2.4 - - [23/Jan/2023:03:25:29 -0500] "GET /BLA/boletinlegal/_ignition/execute-solution HTTP/1.1" 404 1018
201.245.192.253 - - [23/Jan/2023:03:25:42 -0500] "POST /kwsrmcab/Wsrmcab  HTTP/1.1" 200 213
172.22.2.4 - - [23/Jan/2023:03:25:55 -0500] "HEAD /BLA/boletinlegal/ HTTP/1.1" 200 -
216.245.221.92 - - [23/Jan/2023:03:27:51 -0500] "HEAD / HTTP/1.1" 200 -
172.22.2.4 - - [23/Jan/2023:03:26:46 -0500] "GET /BLA/boletinlegal/ HTTP/1.1" 200 54100
201.245.192.253 - - [23/Jan/2023:03:28:53 -0500] "POST /kwsrmcab/Wsrmcab HTTP/1.1" 200 41410
201.245.192.253 - - [23/Jan/2023:03:28:56 -0500] "POST /kwsrmcab/Wsrmcab HTTP/1.1" 200 41732
201.245.192.253 - - [23/Jan/2023:03:30:41 -0500] "POST /kwsrmcab/Wsrmcab  HTTP/1.1" 200 213
93.158.161.33 - - [23/Jan/2023:03:32:02 -0500] "-" 408 -
216.245.221.92 - - [23/Jan/2023:03:32:51 -0500] "HEAD / HTTP/1.1" 200 -
186.30.35.50 - - [23/Jan/2023:03:32:56 -0500] "POST /sipse/faces/presentacion/financiero/solicitudProceso/consultarSolicitudProceso.xhtml HTTP/1.1" 200 89547
172.22.2.4 - - [23/Jan/2023:03:31:45 -0500] "HEAD /BLA/boletinlegal/ HTTP/1.1" 200 -
172.22.2.4 - - [23/Jan/2023:03:32:36 -0500] "GET /BLA/boletinlegal/ HTTP/1.1" 200 51643
201.245.192.253 - - [23/Jan/2023:03:35:40 -0500] "POST /kwsrmcab/Wsrmcab  HTTP/1.1" 200 213
216.245.221.92 - - [23/Jan/2023:03:37:51 -0500] "HEAD / HTTP/1.1" 200 -
201.245.192.253 - - [23/Jan/2023:03:38:53 -0500] "POST /kwsrmcab/Wsrmcab HTTP/1.1" 200 41410
201.245.192.253 - - [23/Jan/2023:03:38:55 -0500] "POST /kwsrmcab/Wsrmcab HTTP/1.1" 200 41732
172.22.2.4 - - [23/Jan/2023:03:37:35 -0500] "HEAD /BLA/boletinlegal/ HTTP/1.1" 200 -
172.22.2.4 - - [23/Jan/2023:03:38:26 -0500] "GET /BLA/boletinlegal/ HTTP/1.1" 200 51643
201.245.192.253 - - [23/Jan/2023:03:40:39 -0500] "POST /kwsrmcab/Wsrmcab  HTTP/1.1" 200 213
77.88.5.3 - - [23/Jan/2023:03:42:02 -0500] "-" 408 -
216.245.221.92 - - [23/Jan/2023:03:42:51 -0500] "HEAD / HTTP/1.1" 200 -
4.17.224.131 - - [23/Jan/2023:03:43:59 -0500] "GET /.env HTTP/1.1" 404 1018
4.17.224.131 - - [23/Jan/2023:03:43:59 -0500] "POST / HTTP/1.1" 200 319
157.55.39.157 - - [23/Jan/2023:03:44:42 -0500] "GET /BLA/resoluciones/index.php?dir=RESOLUCIONES+2022%2F HTTP/1.1" 200 275559
172.22.2.4 - - [23/Jan/2023:03:43:25 -0500] "HEAD /BLA/boletinlegal/ HTTP/1.1" 200 -
201.245.192.253 - - [23/Jan/2023:03:45:37 -0500] "POST /kwsrmcab/Wsrmcab  HTTP/1.1" 200 213
172.22.2.4 - - [23/Jan/2023:03:44:15 -0500] "GET /BLA/boletinlegal/ HTTP/1.1" 200 59035
172.22.2.4 - - [23/Jan/2023:03:46:01 -0500] "GET /BLA/boletinlegal/ab2g HTTP/1.1" 404 1018
172.22.2.4 - - [23/Jan/2023:03:46:02 -0500] "GET /BLA/boletinlegal/ab2h HTTP/1.1" 404 1018
172.22.2.4 - - [23/Jan/2023:03:46:06 -0500] "GET /BLA/boletinlegal/ HTTP/1.1" 200 32715
216.245.221.92 - - [23/Jan/2023:03:47:51 -0500] "HEAD / HTTP/1.1" 200 -
66.249.65.111 - - [23/Jan/2023:03:50:18 -0500] "-" 408 -
201.245.192.253 - - [23/Jan/2023:03:50:36 -0500] "POST /kwsrmcab/Wsrmcab  HTTP/1.1" 200 213
172.22.2.4 - - [23/Jan/2023:03:49:15 -0500] "HEAD /BLA/boletinlegal/ HTTP/1.1" 200 -
172.22.2.4 - - [23/Jan/2023:03:50:05 -0500] "GET /BLA/boletinlegal/ HTTP/1.1" 200 52942
93.158.161.59 - - [23/Jan/2023:03:52:02 -0500] "-" 408 -
216.245.221.92 - - [23/Jan/2023:03:52:51 -0500] "HEAD / HTTP/1.1" 200 -
201.245.192.253 - - [23/Jan/2023:03:55:35 -0500] "POST /kwsrmcab/Wsrmcab  HTTP/1.1" 200 213
172.22.2.4 - - [23/Jan/2023:03:55:05 -0500] "HEAD /BLA/boletinlegal/ HTTP/1.1" 200 -
172.22.2.4 - - [23/Jan/2023:03:55:55 -0500] "GET /BLA/boletinlegal/ HTTP/1.1" 200 51248
216.245.221.92 - - [23/Jan/2023:03:57:51 -0500] "HEAD / HTTP/1.1" 200 -
201.245.192.253 - - [23/Jan/2023:04:00:34 -0500] "POST /kwsrmcab/Wsrmcab  HTTP/1.1" 200 213
66.249.65.109 - - [23/Jan/2023:04:01:33 -0500] "-" 408 -
77.88.5.166 - - [23/Jan/2023:04:02:02 -0500] "-" 408 -
172.22.2.4 - - [23/Jan/2023:04:00:55 -0500] "HEAD /BLA/boletinlegal/ HTTP/1.1" 200 -
216.245.221.92 - - [23/Jan/2023:04:02:51 -0500] "HEAD / HTTP/1.1" 200 -
172.22.2.4 - - [23/Jan/2023:04:01:46 -0500] "GET /BLA/boletinlegal/ HTTP/1.1" 200 51643
172.22.2.4 - - [23/Jan/2023:04:03:43 -0500] "GET /BLA/boletinlegal/normativa.php HTTP/1.1" 200 8333
172.22.2.4 - - [23/Jan/2023:04:03:55 -0500] "GET /BLA/boletinlegal/js/ajax_normativa.js HTTP/1.1" 200 1154
172.22.2.4 - - [23/Jan/2023:04:03:55 -0500] "GET /BLA/boletinlegal/niceforms-default.css HTTP/1.1" 200 6694
172.22.2.4 - - [23/Jan/2023:04:03:55 -0500] "GET /BLA/boletinlegal/niceforms.js HTTP/1.1" 200 22876
172.22.2.4 - - [23/Jan/2023:04:03:59 -0500] "GET /BLA/boletinlegal/style.css HTTP/1.1" 200 9406
172.22.2.4 - - [23/Jan/2023:04:03:59 -0500] "GET /BLA/boletinlegal/styles2.css HTTP/1.1" 200 1838
201.245.192.253 - - [23/Jan/2023:04:05:33 -0500] "POST /kwsrmcab/Wsrmcab  HTTP/1.1" 200 213
216.245.221.92 - - [23/Jan/2023:04:07:51 -0500] "HEAD / HTTP/1.1" 200 -
172.22.2.4 - - [23/Jan/2023:04:06:45 -0500] "HEAD /BLA/boletinlegal/ HTTP/1.1" 200 -
172.22.2.4 - - [23/Jan/2023:04:07:36 -0500] "GET /BLA/boletinlegal/ HTTP/1.1" 200 52942
201.245.192.253 - - [23/Jan/2023:04:10:32 -0500] "POST /kwsrmcab/Wsrmcab  HTTP/1.1" 200 213
172.22.2.4 - - [23/Jan/2023:04:11:22 -0500] "GET /BLA/boletinlegal/robots.txt HTTP/1.1" 404 1038
172.22.2.4 - - [23/Jan/2023:04:11:22 -0500] "GET /BLA/boletinlegal/jurisprudencia/analisis/AnalisisT-606-15.docx HTTP/1.1" 304 -
185.119.81.97 - - [23/Jan/2023:04:11:39 -0500] "GET /portaldeninos/wp-login.php HTTP/1.1" 200 2592
185.119.81.97 - - [23/Jan/2023:04:11:40 -0500] "POST /portaldeninos/wp-login.php HTTP/1.1" 200 3650
77.88.5.249 - - [23/Jan/2023:04:12:06 -0500] "-" 408 -
216.245.221.92 - - [23/Jan/2023:04:12:51 -0500] "HEAD / HTTP/1.1" 200 -
172.22.2.4 - - [23/Jan/2023:04:12:35 -0500] "HEAD /BLA/boletinlegal/ HTTP/1.1" 200 -
172.22.2.4 - - [23/Jan/2023:04:13:25 -0500] "GET /BLA/boletinlegal/ HTTP/1.1" 200 55272
201.245.192.253 - - [23/Jan/2023:04:15:31 -0500] "POST /kwsrmcab/Wsrmcab  HTTP/1.1" 200 213
216.245.221.92 - - [23/Jan/2023:04:17:51 -0500] "HEAD / HTTP/1.1" 200 -
201.245.192.253 - - [23/Jan/2023:04:18:53 -0500] "POST /kwsrmcab/Wsrmcab HTTP/1.1" 200 41226
201.245.192.253 - - [23/Jan/2023:04:18:56 -0500] "POST /kwsrmcab/Wsrmcab HTTP/1.1" 200 41727
157.55.39.157 - - [23/Jan/2023:04:19:45 -0500] "GET /BLA/resoluciones/index.php?dir=RESOLUCIONES+2022%2F HTTP/1.1" 200 275559
172.22.2.4 - - [23/Jan/2023:04:18:25 -0500] "HEAD /BLA/boletinlegal/ HTTP/1.1" 200 -
201.245.192.253 - - [23/Jan/2023:04:20:29 -0500] "POST /kwsrmcab/Wsrmcab  HTTP/1.1" 200 213
172.22.2.4 - - [23/Jan/2023:04:19:15 -0500] "GET /BLA/boletinlegal/ HTTP/1.1" 200 53739
205.185.118.237 - - [23/Jan/2023:04:21:33 -0500] "POST /boaform/admin/formLogin HTTP/1.1" 404 1186
104.152.52.179 - - [23/Jan/2023:04:22:02 -0500] "GET / HTTP/1.0" 200 319
77.88.5.47 - - [23/Jan/2023:04:22:02 -0500] "-" 408 -
146.190.252.127 - - [23/Jan/2023:04:22:11 -0500] "GET / HTTP/1.0" 200 319
66.249.65.113 - - [23/Jan/2023:04:22:41 -0500] "-" 408 -
216.245.221.92 - - [23/Jan/2023:04:22:51 -0500] "HEAD / HTTP/1.1" 200 -
173.252.107.19 - - [23/Jan/2023:04:23:57 -0500] "GET /images/jardines-verticales-plantas-24-mayo.jpg HTTP/1.1" 200 148288
201.245.192.253 - - [23/Jan/2023:04:25:28 -0500] "POST /kwsrmcab/Wsrmcab  HTTP/1.1" 200 213
172.22.2.4 - - [23/Jan/2023:04:24:15 -0500] "HEAD /BLA/boletinlegal/ HTTP/1.1" 200 -
172.22.2.4 - - [23/Jan/2023:04:25:05 -0500] "GET /BLA/boletinlegal/ HTTP/1.1" 200 46778
128.14.224.165 - - [23/Jan/2023:04:26:58 -0500] "GET /portaldeninos/wp-includes/js/jquery/ui/tabs.min.js?ver=1.11.4 HTTP/1.1" 200 12110
128.14.224.165 - - [23/Jan/2023:04:26:58 -0500] "GET /portaldeninos/wp-includes/js/jquery/ui/core.min.js?ver=1.11.4 HTTP/1.1" 200 4000
128.14.224.165 - - [23/Jan/2023:04:26:58 -0500] "GET /portaldeninos/wp-includes/js/jquery/ui/accordion.min.js?ver=1.11.4 HTTP/1.1" 200 8584
128.14.224.165 - - [23/Jan/2023:04:26:58 -0500] "GET /portaldeninos/wp-content/themes/betheme/assets/jplayer/jplayer.min.js?ver=20.9.6 HTTP/1.1" 200 52702
128.14.224.165 - - [23/Jan/2023:04:27:03 -0500] "GET /portaldeninos/wp-content/themes/betheme/assets/animations/animations.min.js?ver=20.9.6 HTTP/1.1" 200 1896
128.14.224.165 - - [23/Jan/2023:04:27:03 -0500] "GET /portaldeninos/wp-includes/js/jquery/ui/widget.min.js?ver=1.11.4 HTTP/1.1" 200 6908
128.14.224.165 - - [23/Jan/2023:04:27:03 -0500] "GET /portaldeninos/wp-content/themes/betheme/js/menu.js?ver=20.9.6 HTTP/1.1" 200 2449
128.14.224.165 - - [23/Jan/2023:04:27:03 -0500] "GET /portaldeninos/wp-includes/js/jquery/jquery.js?ver=1.12.4 HTTP/1.1" 200 97184
139.47.37.135 - - [23/Jan/2023:04:27:17 -0500] "GET /appsia/controlador HTTP/1.1" 200 4799
139.47.37.135 - - [23/Jan/2023:04:27:18 -0500] "GET /favicon.ico HTTP/1.1" 200 7782
139.47.37.135 - - [23/Jan/2023:04:27:21 -0500] "POST /appsia/controlador HTTP/1.1" 200 4621
139.47.37.135 - - [23/Jan/2023:04:27:23 -0500] "POST /appsia/controlador HTTP/1.1" 200 7727
216.245.221.92 - - [23/Jan/2023:04:27:51 -0500] "HEAD / HTTP/1.1" 200 -
128.14.224.165 - - [23/Jan/2023:04:27:58 -0500] "GET /portaldeninos/ HTTP/1.1" 200 110197
201.245.192.253 - - [23/Jan/2023:04:28:53 -0500] "POST /kwsrmcab/Wsrmcab HTTP/1.1" 200 41226
201.245.192.253 - - [23/Jan/2023:04:28:56 -0500] "POST /kwsrmcab/Wsrmcab HTTP/1.1" 200 41727
185.119.81.102 - - [23/Jan/2023:04:30:05 -0500] "GET /portaldeninos/wp-login.php HTTP/1.1" 200 2592
185.119.81.102 - - [23/Jan/2023:04:30:06 -0500] "POST /portaldeninos/wp-login.php HTTP/1.1" 200 3605
201.245.192.253 - - [23/Jan/2023:04:30:27 -0500] "POST /kwsrmcab/Wsrmcab  HTTP/1.1" 200 213
172.22.2.4 - - [23/Jan/2023:04:30:05 -0500] "HEAD /BLA/boletinlegal/ HTTP/1.1" 200 -
77.88.5.29 - - [23/Jan/2023:04:32:02 -0500] "-" 408 -
172.22.2.4 - - [23/Jan/2023:04:30:55 -0500] "GET /BLA/boletinlegal/ HTTP/1.1" 200 59404
216.245.221.92 - - [23/Jan/2023:04:32:51 -0500] "HEAD / HTTP/1.1" 200 -
201.245.192.253 - - [23/Jan/2023:04:35:26 -0500] "POST /kwsrmcab/Wsrmcab  HTTP/1.1" 200 213
77.88.5.225 - - [23/Jan/2023:04:36:22 -0500] "-" 408 -
93.158.161.33 - - [23/Jan/2023:04:36:27 -0500] "-" 408 -
77.88.5.24 - - [23/Jan/2023:04:36:33 -0500] "-" 408 -
77.88.5.233 - - [23/Jan/2023:04:36:39 -0500] "-" 408 -
77.88.5.3 - - [23/Jan/2023:04:36:54 -0500] "-" 408 -
77.88.5.29 - - [23/Jan/2023:04:37:09 -0500] "-" 408 -
172.22.2.4 - - [23/Jan/2023:04:35:55 -0500] "HEAD /BLA/boletinlegal/ HTTP/1.1" 200 -
93.158.161.6 - - [23/Jan/2023:04:37:39 -0500] "-" 408 -
216.245.221.92 - - [23/Jan/2023:04:37:51 -0500] "HEAD / HTTP/1.1" 200 -
172.22.2.4 - - [23/Jan/2023:04:36:45 -0500] "GET /BLA/boletinlegal/ HTTP/1.1" 200 54100
93.158.161.76 - - [23/Jan/2023:04:38:39 -0500] "-" 408 -
201.245.192.253 - - [23/Jan/2023:04:38:52 -0500] "POST /kwsrmcab/Wsrmcab HTTP/1.1" 200 41226
201.245.192.253 - - [23/Jan/2023:04:38:55 -0500] "POST /kwsrmcab/Wsrmcab HTTP/1.1" 200 41727
77.88.5.83 - - [23/Jan/2023:04:39:39 -0500] "-" 408 -
201.245.192.253 - - [23/Jan/2023:04:40:25 -0500] "POST /kwsrmcab/Wsrmcab  HTTP/1.1" 200 213
77.88.5.232 - - [23/Jan/2023:04:41:39 -0500] "-" 408 -
216.245.221.92 - - [23/Jan/2023:04:42:51 -0500] "HEAD / HTTP/1.1" 200 -
172.22.2.4 - - [23/Jan/2023:04:41:45 -0500] "HEAD /BLA/boletinlegal/ HTTP/1.1" 200 -
172.22.2.4 - - [23/Jan/2023:04:42:35 -0500] "GET /BLA/boletinlegal/ HTTP/1.1" 200 54816
77.88.5.9 - - [23/Jan/2023:04:44:39 -0500] "-" 408 -
201.245.192.253 - - [23/Jan/2023:04:45:23 -0500] "POST /kwsrmcab/Wsrmcab  HTTP/1.1" 200 213
216.245.221.92 - - [23/Jan/2023:04:47:51 -0500] "HEAD / HTTP/1.1" 200 -
172.22.2.4 - - [23/Jan/2023:04:47:35 -0500] "HEAD /BLA/boletinlegal/ HTTP/1.1" 200 -
23.251.102.82 - - [23/Jan/2023:04:49:15 -0500] "GET /portaldeninos/ HTTP/1.1" 200 110197
77.88.5.84 - - [23/Jan/2023:04:49:39 -0500] "-" 408 -
172.22.2.4 - - [23/Jan/2023:04:48:25 -0500] "GET /BLA/boletinlegal/ HTTP/1.1" 200 54452
201.245.192.253 - - [23/Jan/2023:04:50:23 -0500] "POST /kwsrmcab/Wsrmcab  HTTP/1.1" 200 213
179.19.46.68 - - [23/Jan/2023:04:52:14 -0500] "GET /sipse/js/disable_browser_buttons.js HTTP/1.1" 304 -
179.19.46.68 - - [23/Jan/2023:04:52:14 -0500] "GET /sipse/css/custom_css_sg.css HTTP/1.1" 304 -
179.19.46.68 - - [23/Jan/2023:04:52:14 -0500] "GET /sipse/css/custom_css_sg_prime_login.css HTTP/1.1" 304 -
179.19.46.68 - - [23/Jan/2023:04:52:14 -0500] "GET /sipse/faces/javax.faces.resource/theme.css?ln=primefaces-sipse HTTP/1.1" 304 -
179.19.46.68 - - [23/Jan/2023:04:52:14 -0500] "GET /sipse/faces/javax.faces.resource/primefaces.css?ln=primefaces&v=4.0 HTTP/1.1" 304 -
179.19.46.68 - - [23/Jan/2023:04:52:14 -0500] "GET /sipse/faces/javax.faces.resource/layout/layout.css?ln=primefaces&v=4.0 HTTP/1.1" 304 -
179.19.46.68 - - [23/Jan/2023:04:52:14 -0500] "GET /sipse/faces/javax.faces.resource/layout/layout.js?ln=primefaces&v=4.0 HTTP/1.1" 304 -
179.19.46.68 - - [23/Jan/2023:04:52:14 -0500] "GET /sipse/faces/javax.faces.resource/primefaces.js?ln=primefaces&v=4.0 HTTP/1.1" 304 -
179.19.46.68 - - [23/Jan/2023:04:52:14 -0500] "GET /sipse/faces/javax.faces.resource/jquery/jquery-plugins.js?ln=primefaces&v=4.0 HTTP/1.1" 304 -
179.19.46.68 - - [23/Jan/2023:04:52:14 -0500] "GET /sipse/js/funciones.js HTTP/1.1" 304 -
179.19.46.68 - - [23/Jan/2023:04:52:14 -0500] "GET /sipse/faces/javax.faces.resource/jquery/jquery.js?ln=primefaces&v=4.0 HTTP/1.1" 304 -
179.19.46.68 - - [23/Jan/2023:04:52:14 -0500] "GET /sipse/faces/javax.faces.resource/images/ui-icons_898989_256x240.png?ln=primefaces-aristo HTTP/1.1" 304 -
179.19.46.68 - - [23/Jan/2023:04:52:14 -0500] "GET /sipse/css/imagen/loginimg.png HTTP/1.1" 304 -
179.19.46.68 - - [23/Jan/2023:04:52:14 -0500] "GET /sipse/css/imagen/logoSDG.png HTTP/1.1" 304 -
179.19.46.68 - - [23/Jan/2023:04:52:15 -0500] "GET /sipse/faces/faces/faces/faces/faces/faces/faces/faces/faces/index.xhtml HTTP/1.1" 200 677
179.19.46.68 - - [23/Jan/2023:04:52:17 -0500] "GET /sipse/faces/javax.faces.resource/theme.css?ln=primefaces-sipse HTTP/1.1" 304 -
179.19.46.68 - - [23/Jan/2023:04:52:17 -0500] "GET /sipse/faces/faces/faces/faces/faces/faces/faces/faces/faces/faces/autenticacion.xhtml HTTP/1.1" 200 12169
179.19.46.68 - - [23/Jan/2023:04:52:17 -0500] "GET /sipse/faces/javax.faces.resource/layout/layout.css?ln=primefaces&v=4.0 HTTP/1.1" 304 -
179.19.46.68 - - [23/Jan/2023:04:52:17 -0500] "GET /sipse/faces/javax.faces.resource/primefaces.css?ln=primefaces&v=4.0 HTTP/1.1" 304 -
179.19.46.68 - - [23/Jan/2023:04:52:17 -0500] "GET /sipse/faces/javax.faces.resource/jquery/jquery.js?ln=primefaces&v=4.0 HTTP/1.1" 304 -
179.19.46.68 - - [23/Jan/2023:04:52:17 -0500] "GET /sipse/faces/javax.faces.resource/jquery/jquery-plugins.js?ln=primefaces&v=4.0 HTTP/1.1" 304 -
179.19.46.68 - - [23/Jan/2023:04:52:17 -0500] "GET /sipse/faces/javax.faces.resource/theme.css?ln=primefaces-sipse HTTP/1.1" 304 -
179.19.46.68 - - [23/Jan/2023:04:52:17 -0500] "GET /sipse/faces/javax.faces.resource/layout/layout.js?ln=primefaces&v=4.0 HTTP/1.1" 304 -
179.19.46.68 - - [23/Jan/2023:04:52:17 -0500] "GET /sipse/faces/javax.faces.resource/primefaces.js?ln=primefaces&v=4.0 HTTP/1.1" 304 -
66.249.65.113 - - [23/Jan/2023:04:52:39 -0500] "-" 408 -
216.245.221.92 - - [23/Jan/2023:04:52:51 -0500] "HEAD / HTTP/1.1" 200 -
172.22.2.4 - - [23/Jan/2023:04:53:25 -0500] "HEAD /BLA/boletinlegal/ HTTP/1.1" 200 -
201.245.192.253 - - [23/Jan/2023:04:55:21 -0500] "POST /kwsrmcab/Wsrmcab  HTTP/1.1" 200 213
172.22.2.4 - - [23/Jan/2023:04:54:15 -0500] "GET /BLA/boletinlegal/ HTTP/1.1" 200 55680
157.55.39.157 - - [23/Jan/2023:04:55:58 -0500] "GET /BLA/resoluciones/index.php?dir=RESOLUCIONES+2022%2F HTTP/1.1" 200 275559
77.88.5.207 - - [23/Jan/2023:04:57:39 -0500] "-" 408 -
216.245.221.92 - - [23/Jan/2023:04:57:51 -0500] "HEAD / HTTP/1.1" 200 -
201.245.192.253 - - [23/Jan/2023:05:00:21 -0500] "POST /kwsrmcab/Wsrmcab  HTTP/1.1" 200 213
172.22.2.4 - - [23/Jan/2023:04:59:15 -0500] "HEAD /BLA/boletinlegal/ HTTP/1.1" 200 -
172.22.2.4 - - [23/Jan/2023:05:00:05 -0500] "GET /BLA/boletinlegal/ HTTP/1.1" 200 54100
216.245.221.92 - - [23/Jan/2023:05:02:51 -0500] "HEAD / HTTP/1.1" 200 -
201.245.192.253 - - [23/Jan/2023:05:05:20 -0500] "POST /kwsrmcab/Wsrmcab  HTTP/1.1" 200 213
172.22.2.4 - - [23/Jan/2023:05:05:05 -0500] "HEAD /BLA/boletinlegal/ HTTP/1.1" 200 -
172.22.2.4 - - [23/Jan/2023:05:05:55 -0500] "GET /BLA/boletinlegal/ HTTP/1.1" 200 50855
77.88.5.10 - - [23/Jan/2023:05:07:39 -0500] "-" 408 -
216.245.221.92 - - [23/Jan/2023:05:07:51 -0500] "HEAD / HTTP/1.1" 200 -
201.245.192.253 - - [23/Jan/2023:05:10:19 -0500] "POST /kwsrmcab/Wsrmcab  HTTP/1.1" 200 213
172.22.2.4 - - [23/Jan/2023:05:10:55 -0500] "HEAD /BLA/boletinlegal/ HTTP/1.1" 200 -
216.245.221.92 - - [23/Jan/2023:05:12:51 -0500] "HEAD / HTTP/1.1" 200 -
172.22.2.4 - - [23/Jan/2023:05:11:45 -0500] "GET /BLA/boletinlegal/ HTTP/1.1" 200 50495
172.22.2.4 - - [23/Jan/2023:05:14:37 -0500] "GET /BLA/boletinlegal/actuator/health HTTP/1.1" 404 1018
201.245.192.253 - - [23/Jan/2023:05:15:18 -0500] "POST /kwsrmcab/Wsrmcab  HTTP/1.1" 200 213
77.88.5.24 - - [23/Jan/2023:05:17:39 -0500] "-" 408 -
216.245.221.92 - - [23/Jan/2023:05:17:51 -0500] "HEAD / HTTP/1.1" 200 -
172.22.2.4 - - [23/Jan/2023:05:16:45 -0500] "HEAD /BLA/boletinlegal/ HTTP/1.1" 200 -
201.245.192.253 - - [23/Jan/2023:05:18:53 -0500] "POST /kwsrmcab/Wsrmcab HTTP/1.1" 200 41199
201.245.192.253 - - [23/Jan/2023:05:18:56 -0500] "POST /kwsrmcab/Wsrmcab HTTP/1.1" 200 41728
172.22.2.4 - - [23/Jan/2023:05:17:35 -0500] "GET /BLA/boletinlegal/ HTTP/1.1" 200 55272
201.245.192.253 - - [23/Jan/2023:05:20:17 -0500] "POST /kwsrmcab/Wsrmcab  HTTP/1.1" 200 213
168.119.251.242 - - [23/Jan/2023:05:21:27 -0500] "GET / HTTP/1.1" 200 319
66.249.65.109 - - [23/Jan/2023:05:22:40 -0500] "-" 408 -
216.245.221.92 - - [23/Jan/2023:05:22:51 -0500] "HEAD / HTTP/1.1" 200 -
172.22.2.4 - - [23/Jan/2023:05:22:35 -0500] "HEAD /BLA/boletinlegal/ HTTP/1.1" 200 -
172.22.2.4 - - [23/Jan/2023:05:23:45 -0500] "GET /BLA/boletinlegal/ HTTP/1.1" 200 24523
172.22.2.4 - - [23/Jan/2023:05:23:25 -0500] "GET /BLA/boletinlegal/ HTTP/1.1" 200 43662
201.245.192.253 - - [23/Jan/2023:05:25:15 -0500] "POST /kwsrmcab/Wsrmcab  HTTP/1.1" 200 213
77.88.5.225 - - [23/Jan/2023:05:27:39 -0500] "-" 408 -
216.245.221.92 - - [23/Jan/2023:05:27:51 -0500] "HEAD / HTTP/1.1" 200 -
201.245.192.253 - - [23/Jan/2023:05:28:52 -0500] "POST /kwsrmcab/Wsrmcab HTTP/1.1" 200 41199
201.245.192.253 - - [23/Jan/2023:05:28:55 -0500] "POST /kwsrmcab/Wsrmcab HTTP/1.1" 200 41728
172.22.2.4 - - [23/Jan/2023:05:28:25 -0500] "HEAD /BLA/boletinlegal/ HTTP/1.1" 200 -
201.245.192.253 - - [23/Jan/2023:05:30:15 -0500] "POST /kwsrmcab/Wsrmcab  HTTP/1.1" 200 213
157.55.39.157 - - [23/Jan/2023:05:30:52 -0500] "GET /BLA/resoluciones/index.php?dir=RESOLUCIONES+2022%2F HTTP/1.1" 200 275559
172.22.2.4 - - [23/Jan/2023:05:29:15 -0500] "GET /BLA/boletinlegal/ HTTP/1.1" 200 50855
216.245.221.92 - - [23/Jan/2023:05:32:51 -0500] "HEAD / HTTP/1.1" 200 -
66.249.65.109 - - [23/Jan/2023:05:33:55 -0500] "-" 408 -
201.245.192.253 - - [23/Jan/2023:05:35:14 -0500] "POST /kwsrmcab/Wsrmcab  HTTP/1.1" 200 213
172.22.2.4 - - [23/Jan/2023:05:34:15 -0500] "HEAD /BLA/boletinlegal/ HTTP/1.1" 200 -
172.22.2.4 - - [23/Jan/2023:05:35:05 -0500] "GET /BLA/boletinlegal/ HTTP/1.1" 200 56474
93.158.161.41 - - [23/Jan/2023:05:37:39 -0500] "-" 408 -
216.245.221.92 - - [23/Jan/2023:05:37:51 -0500] "HEAD / HTTP/1.1" 200 -
201.245.192.253 - - [23/Jan/2023:05:38:53 -0500] "POST /kwsrmcab/Wsrmcab HTTP/1.1" 200 41199
201.245.192.253 - - [23/Jan/2023:05:38:56 -0500] "POST /kwsrmcab/Wsrmcab HTTP/1.1" 200 41728
201.245.192.253 - - [23/Jan/2023:05:40:13 -0500] "POST /kwsrmcab/Wsrmcab  HTTP/1.1" 200 213
172.22.2.4 - - [23/Jan/2023:05:40:05 -0500] "HEAD /BLA/boletinlegal/ HTTP/1.1" 200 -
172.22.2.4 - - [23/Jan/2023:05:40:55 -0500] "GET /BLA/boletinlegal/ HTTP/1.1" 200 59404
216.245.221.92 - - [23/Jan/2023:05:42:51 -0500] "HEAD / HTTP/1.1" 200 -
69.63.184.1 - - [23/Jan/2023:05:44:27 -0500] "GET /images/19%20de%20enero%20\xc3\xa1rbol%20bosque%20San%20Carlos.jpg HTTP/1.1" 404 1034
66.220.149.20 - - [23/Jan/2023:05:44:55 -0500] "GET /images/19%20de%20enero%20\xc3\xa1rbol%20bosque%20San%20Carlos.jpg HTTP/1.1" 404 1034
201.245.192.253 - - [23/Jan/2023:05:45:12 -0500] "POST /kwsrmcab/Wsrmcab  HTTP/1.1" 200 213
172.22.2.4 - - [23/Jan/2023:05:47:03 -0500] "GET /BLA/boletinlegal/robots.txt HTTP/1.1" 404 1038
172.22.2.4 - - [23/Jan/2023:05:45:55 -0500] "HEAD /BLA/boletinlegal/ HTTP/1.1" 200 -
93.158.161.33 - - [23/Jan/2023:05:47:39 -0500] "-" 408 -
216.245.221.92 - - [23/Jan/2023:05:47:51 -0500] "HEAD / HTTP/1.1" 200 -
172.22.2.4 - - [23/Jan/2023:05:46:45 -0500] "GET /BLA/boletinlegal/ HTTP/1.1" 200 45356
172.22.2.4 - - [23/Jan/2023:05:47:03 -0500] "GET /BLA/boletinlegal/ HTTP/1.1" 200 43662
193.118.53.194 - - [23/Jan/2023:05:49:31 -0500] "GET /portaldeninos/ HTTP/1.1" 200 110197
201.245.192.253 - - [23/Jan/2023:05:50:11 -0500] "POST /kwsrmcab/Wsrmcab  HTTP/1.1" 200 213
186.28.197.103 - - [23/Jan/2023:05:51:24 -0500] "GET /sipse/faces/index.xhtml HTTP/1.1" 200 677
186.28.197.103 - - [23/Jan/2023:05:51:24 -0500] "GET /sipse/faces/javax.faces.resource/theme.css?ln=primefaces-sipse HTTP/1.1" 304 -
186.28.197.103 - - [23/Jan/2023:05:51:24 -0500] "GET /sipse/faces/faces/autenticacion.xhtml HTTP/1.1" 200 12169
186.28.197.103 - - [23/Jan/2023:05:51:24 -0500] "GET /sipse/js/disable_browser_buttons.js HTTP/1.1" 304 -
186.28.197.103 - - [23/Jan/2023:05:51:24 -0500] "GET /sipse/js/funciones.js HTTP/1.1" 304 -
186.28.197.103 - - [23/Jan/2023:05:51:24 -0500] "GET /sipse/css/custom_css_sg.css HTTP/1.1" 304 -
186.28.197.103 - - [23/Jan/2023:05:51:24 -0500] "GET /sipse/faces/javax.faces.resource/jquery/jquery-plugins.js?ln=primefaces&v=4.0 HTTP/1.1" 304 -
186.28.197.103 - - [23/Jan/2023:05:51:24 -0500] "GET /sipse/faces/javax.faces.resource/theme.css?ln=primefaces-sipse HTTP/1.1" 304 -
186.28.197.103 - - [23/Jan/2023:05:51:24 -0500] "GET /sipse/faces/javax.faces.resource/layout/layout.css?ln=primefaces&v=4.0 HTTP/1.1" 304 -
186.28.197.103 - - [23/Jan/2023:05:51:24 -0500] "GET /sipse/faces/javax.faces.resource/primefaces.css?ln=primefaces&v=4.0 HTTP/1.1" 304 -
186.28.197.103 - - [23/Jan/2023:05:51:24 -0500] "GET /sipse/faces/javax.faces.resource/primefaces.js?ln=primefaces&v=4.0 HTTP/1.1" 304 -
186.28.197.103 - - [23/Jan/2023:05:51:24 -0500] "GET /sipse/faces/javax.faces.resource/layout/layout.js?ln=primefaces&v=4.0 HTTP/1.1" 304 -
186.28.197.103 - - [23/Jan/2023:05:51:24 -0500] "GET /sipse/css/custom_css_sg_prime_login.css HTTP/1.1" 304 -
186.28.197.103 - - [23/Jan/2023:05:51:24 -0500] "GET /sipse/faces/javax.faces.resource/jquery/jquery.js?ln=primefaces&v=4.0 HTTP/1.1" 304 -
186.28.197.103 - - [23/Jan/2023:05:51:24 -0500] "GET /sipse/css/imagen/logoSDG.png HTTP/1.1" 304 -
186.28.197.103 - - [23/Jan/2023:05:51:24 -0500] "GET /sipse/faces/javax.faces.resource/images/ui-icons_898989_256x240.png?ln=primefaces-aristo HTTP/1.1" 304 -
186.28.197.103 - - [23/Jan/2023:05:51:24 -0500] "GET /sipse/css/imagen/loginimg.png HTTP/1.1" 304 -
186.28.197.103 - - [23/Jan/2023:05:51:28 -0500] "POST /sipse/faces/autenticacion.xhtml HTTP/1.1" 200 16068
186.28.197.103 - - [23/Jan/2023:05:51:28 -0500] "GET /sipse/css/custom_css_sg_prime.css HTTP/1.1" 304 -
186.28.197.103 - - [23/Jan/2023:05:51:28 -0500] "GET /sipse/faces/javax.faces.resource/theme.css?ln=primefaces-sipse HTTP/1.1" 304 -
186.28.197.103 - - [23/Jan/2023:05:51:28 -0500] "GET /sipse/faces/javax.faces.resource/layout/layout.css?ln=primefaces&v=4.0 HTTP/1.1" 304 -
186.28.197.103 - - [23/Jan/2023:05:51:28 -0500] "GET /sipse/faces/javax.faces.resource/primefaces.css?ln=primefaces&v=4.0 HTTP/1.1" 304 -
186.28.197.103 - - [23/Jan/2023:05:51:28 -0500] "GET /sipse/js/jquery.min.js HTTP/1.1" 304 -
186.28.197.103 - - [23/Jan/2023:05:51:28 -0500] "GET /sipse/faces/javax.faces.resource/jquery/jquery.js?ln=primefaces&v=4.0 HTTP/1.1" 304 -
186.28.197.103 - - [23/Jan/2023:05:51:28 -0500] "GET /sipse/faces/javax.faces.resource/jquery/jquery-plugins.js?ln=primefaces&v=4.0 HTTP/1.1" 304 -
186.28.197.103 - - [23/Jan/2023:05:51:29 -0500] "GET /sipse/faces/javax.faces.resource/primefaces.js?ln=primefaces&v=4.0 HTTP/1.1" 304 -
186.28.197.103 - - [23/Jan/2023:05:51:29 -0500] "GET /sipse/faces/javax.faces.resource/layout/layout.js?ln=primefaces&v=4.0 HTTP/1.1" 304 -
186.28.197.103 - - [23/Jan/2023:05:51:29 -0500] "GET /sipse/imagenes/cargando.gif HTTP/1.1" 304 -
186.28.197.103 - - [23/Jan/2023:05:51:29 -0500] "GET /sipse/css/imagen/contrasena.png HTTP/1.1" 404 383
186.28.197.103 - - [23/Jan/2023:05:51:29 -0500] "GET /sipse/imagenes/logoAplicacion.jpg HTTP/1.1" 304 -
186.28.197.103 - - [23/Jan/2023:05:51:29 -0500] "GET /sipse/faces/javax.faces.resource/messages/messages.png?ln=primefaces&v=4.0 HTTP/1.1" 304 -
186.28.197.103 - - [23/Jan/2023:05:51:32 -0500] "GET /sipse/faces/javax.faces.resource/images/ui-bg_flat_0_2d5972_40x100.png?ln=primefaces-aristo HTTP/1.1" 304 -
186.28.197.103 - - [23/Jan/2023:05:51:32 -0500] "POST /sipse/faces/bienvenido.xhtml HTTP/1.1" 200 1471
186.28.197.103 - - [23/Jan/2023:05:51:33 -0500] "POST /sipse/faces/bienvenido.xhtml HTTP/1.1" 200 46168
186.28.197.103 - - [23/Jan/2023:05:51:34 -0500] "GET /sipse/faces/javax.faces.resource/theme.css?ln=primefaces-sipse HTTP/1.1" 304 -
186.28.197.103 - - [23/Jan/2023:05:51:34 -0500] "GET /sipse/faces/javax.faces.resource/primefaces.css?ln=primefaces&v=4.0 HTTP/1.1" 304 -
186.28.197.103 - - [23/Jan/2023:05:51:34 -0500] "GET /sipse/faces/javax.faces.resource/layout/layout.css?ln=primefaces&v=4.0 HTTP/1.1" 304 -
186.28.197.103 - - [23/Jan/2023:05:51:34 -0500] "GET /sipse/faces/javax.faces.resource/jquery/jquery.js?ln=primefaces&v=4.0 HTTP/1.1" 304 -
186.28.197.103 - - [23/Jan/2023:05:51:34 -0500] "GET /sipse/faces/javax.faces.resource/jquery/jquery-plugins.js?ln=primefaces&v=4.0 HTTP/1.1" 304 -
186.28.197.103 - - [23/Jan/2023:05:51:34 -0500] "GET /sipse/faces/javax.faces.resource/primefaces.js?ln=primefaces&v=4.0 HTTP/1.1" 304 -
186.28.197.103 - - [23/Jan/2023:05:51:34 -0500] "GET /sipse/faces/javax.faces.resource/layout/layout.js?ln=primefaces&v=4.0 HTTP/1.1" 304 -
186.28.197.103 - - [23/Jan/2023:05:51:35 -0500] "POST /sipse/faces/presentacion/financiero/solicitudProceso/listarSolicitudProceso.xhtml HTTP/1.1" 200 1480
186.28.197.103 - - [23/Jan/2023:05:51:48 -0500] "POST /sipse/faces/presentacion/financiero/solicitudProceso/listarSolicitudProceso.xhtml HTTP/1.1" 200 149564
186.28.197.103 - - [23/Jan/2023:05:51:49 -0500] "GET /sipse/faces/javax.faces.resource/theme.css?ln=primefaces-sipse HTTP/1.1" 304 -
186.28.197.103 - - [23/Jan/2023:05:51:49 -0500] "GET /sipse/faces/javax.faces.resource/primefaces.css?ln=primefaces&v=4.0 HTTP/1.1" 304 -
186.28.197.103 - - [23/Jan/2023:05:51:49 -0500] "GET /sipse/faces/javax.faces.resource/layout/layout.css?ln=primefaces&v=4.0 HTTP/1.1" 304 -
186.28.197.103 - - [23/Jan/2023:05:51:49 -0500] "GET /sipse/faces/javax.faces.resource/jquery/jquery.js?ln=primefaces&v=4.0 HTTP/1.1" 304 -
186.28.197.103 - - [23/Jan/2023:05:51:49 -0500] "GET /sipse/faces/javax.faces.resource/jquery/jquery-plugins.js?ln=primefaces&v=4.0 HTTP/1.1" 304 -
186.28.197.103 - - [23/Jan/2023:05:51:49 -0500] "GET /sipse/faces/javax.faces.resource/primefaces.js?ln=primefaces&v=4.0 HTTP/1.1" 304 -
186.28.197.103 - - [23/Jan/2023:05:51:49 -0500] "GET /sipse/faces/javax.faces.resource/layout/layout.js?ln=primefaces&v=4.0 HTTP/1.1" 304 -
186.28.197.103 - - [23/Jan/2023:05:51:49 -0500] "GET /sipse/faces/javax.faces.resource/dynamiccontent.properties?ln=primefaces&pfdrid=XjOR5%2F%2FfPAZAuY9TpWQeCiM0BhlXxYRBGKi%2FQcXXfeA%3D&pfdrid_c=false HTTP/1.1" 500 383
66.249.65.109 - - [23/Jan/2023:05:52:39 -0500] "-" 408 -
216.245.221.92 - - [23/Jan/2023:05:52:51 -0500] "HEAD / HTTP/1.1" 200 -
172.22.2.4 - - [23/Jan/2023:05:51:45 -0500] "HEAD /BLA/boletinlegal/ HTTP/1.1" 200 -
186.28.197.103 - - [23/Jan/2023:05:53:56 -0500] "POST /sipse/faces/presentacion/financiero/solicitudProceso/consultarSolicitudProceso.xhtml HTTP/1.1" 200 825605
172.22.2.4 - - [23/Jan/2023:05:54:08 -0500] "GET /BLA/boletinlegal/Circulares/2013/Circular%20No.%205%20del%2013%20de%20junio%20de%202013.pdf HTTP/1.1" 304 -
172.22.2.4 - - [23/Jan/2023:05:52:35 -0500] "GET /BLA/boletinlegal/ HTTP/1.1" 200 58185
66.220.149.22 - - [23/Jan/2023:05:54:18 -0500] "GET /images/19%20de%20enero%20\xc3\xa1rbol%20bosque%20San%20Carlos.jpg HTTP/1.1" 404 1034
186.28.197.103 - - [23/Jan/2023:05:54:19 -0500] "POST /sipse/faces/presentacion/financiero/solicitudProceso/consultarSolicitudProceso.xhtml HTTP/1.1" 200 291538
201.245.192.253 - - [23/Jan/2023:05:55:10 -0500] "POST /kwsrmcab/Wsrmcab  HTTP/1.1" 200 213
186.28.197.103 - - [23/Jan/2023:05:55:31 -0500] "POST /sipse/faces/presentacion/financiero/solicitudProceso/consultarSolicitudProceso.xhtml HTTP/1.1" 200 36081
186.28.197.103 - - [23/Jan/2023:05:55:41 -0500] "POST /sipse/faces/presentacion/financiero/solicitudProceso/consultarSolicitudProceso.xhtml HTTP/1.1" 200 125074
186.28.197.103 - - [23/Jan/2023:05:55:48 -0500] "POST /sipse/faces/presentacion/financiero/solicitudProceso/consultarSolicitudProceso.xhtml HTTP/1.1" 200 578923
186.28.197.103 - - [23/Jan/2023:05:55:57 -0500] "POST /sipse/faces/presentacion/financiero/solicitudProceso/consultarSolicitudProceso.xhtml HTTP/1.1" 200 12868
186.28.197.103 - - [23/Jan/2023:05:56:13 -0500] "POST /sipse/faces/presentacion/financiero/solicitudProceso/consultarSolicitudProceso.xhtml HTTP/1.1" 200 164591
186.28.197.103 - - [23/Jan/2023:05:56:23 -0500] "POST /sipse/faces/presentacion/financiero/solicitudProceso/consultarSolicitudProceso.xhtml HTTP/1.1" 200 1221170
185.119.81.102 - - [23/Jan/2023:05:56:26 -0500] "GET /portaldeninos/wp-login.php HTTP/1.1" 200 2592
185.119.81.102 - - [23/Jan/2023:05:56:27 -0500] "POST /portaldeninos/wp-login.php HTTP/1.1" 200 3670
186.80.52.163 - - [23/Jan/2023:05:56:48 -0500] "GET /sipse/faces/index.xhtml HTTP/1.1" 200 677
186.80.52.163 - - [23/Jan/2023:05:56:48 -0500] "GET /sipse/faces/javax.faces.resource/theme.css?ln=primefaces-sipse HTTP/1.1" 304 -
186.80.52.163 - - [23/Jan/2023:05:56:48 -0500] "GET /sipse/faces/faces/autenticacion.xhtml HTTP/1.1" 200 12169
186.80.52.163 - - [23/Jan/2023:05:56:48 -0500] "GET /sipse/js/disable_browser_buttons.js HTTP/1.1" 304 -
186.80.52.163 - - [23/Jan/2023:05:56:48 -0500] "GET /sipse/css/custom_css_sg.css HTTP/1.1" 304 -
186.80.52.163 - - [23/Jan/2023:05:56:48 -0500] "GET /sipse/css/custom_css_sg_prime_login.css HTTP/1.1" 304 -
186.80.52.163 - - [23/Jan/2023:05:56:48 -0500] "GET /sipse/js/funciones.js HTTP/1.1" 304 -
186.80.52.163 - - [23/Jan/2023:05:56:48 -0500] "GET /sipse/faces/javax.faces.resource/layout/layout.css?ln=primefaces&v=4.0 HTTP/1.1" 304 -
186.80.52.163 - - [23/Jan/2023:05:56:48 -0500] "GET /sipse/faces/javax.faces.resource/theme.css?ln=primefaces-sipse HTTP/1.1" 304 -
186.80.52.163 - - [23/Jan/2023:05:56:48 -0500] "GET /sipse/faces/javax.faces.resource/primefaces.css?ln=primefaces&v=4.0 HTTP/1.1" 304 -
186.80.52.163 - - [23/Jan/2023:05:56:48 -0500] "GET /sipse/faces/javax.faces.resource/jquery/jquery.js?ln=primefaces&v=4.0 HTTP/1.1" 304 -
186.80.52.163 - - [23/Jan/2023:05:56:48 -0500] "GET /sipse/faces/javax.faces.resource/jquery/jquery-plugins.js?ln=primefaces&v=4.0 HTTP/1.1" 304 -
186.80.52.163 - - [23/Jan/2023:05:56:48 -0500] "GET /sipse/faces/javax.faces.resource/primefaces.js?ln=primefaces&v=4.0 HTTP/1.1" 304 -
186.80.52.163 - - [23/Jan/2023:05:56:48 -0500] "GET /sipse/faces/javax.faces.resource/layout/layout.js?ln=primefaces&v=4.0 HTTP/1.1" 304 -
186.80.52.163 - - [23/Jan/2023:05:56:49 -0500] "GET /sipse/css/imagen/logoSDG.png HTTP/1.1" 304 -
186.80.52.163 - - [23/Jan/2023:05:56:49 -0500] "GET /sipse/css/imagen/loginimg.png HTTP/1.1" 304 -
186.80.52.163 - - [23/Jan/2023:05:56:49 -0500] "GET /sipse/faces/javax.faces.resource/images/ui-icons_898989_256x240.png?ln=primefaces-aristo HTTP/1.1" 304 -
186.80.52.163 - - [23/Jan/2023:05:56:51 -0500] "POST /sipse/faces/autenticacion.xhtml HTTP/1.1" 200 2213
186.80.52.163 - - [23/Jan/2023:05:56:51 -0500] "GET /sipse/faces/javax.faces.resource/messages/messages.png?ln=primefaces&v=4.0 HTTP/1.1" 304 -
186.80.52.163 - - [23/Jan/2023:05:56:52 -0500] "POST /sipse/faces/autenticacion.xhtml HTTP/1.1" 200 2221
186.80.52.163 - - [23/Jan/2023:05:56:53 -0500] "POST /sipse/faces/autenticacion.xhtml HTTP/1.1" 200 16229
186.80.52.163 - - [23/Jan/2023:05:56:53 -0500] "GET /sipse/css/custom_css_sg_prime.css HTTP/1.1" 304 -
186.80.52.163 - - [23/Jan/2023:05:56:53 -0500] "GET /sipse/faces/javax.faces.resource/theme.css?ln=primefaces-sipse HTTP/1.1" 304 -
186.80.52.163 - - [23/Jan/2023:05:56:53 -0500] "GET /sipse/faces/javax.faces.resource/primefaces.css?ln=primefaces&v=4.0 HTTP/1.1" 304 -
186.80.52.163 - - [23/Jan/2023:05:56:53 -0500] "GET /sipse/faces/javax.faces.resource/layout/layout.css?ln=primefaces&v=4.0 HTTP/1.1" 304 -
186.80.52.163 - - [23/Jan/2023:05:56:53 -0500] "GET /sipse/js/jquery.min.js HTTP/1.1" 304 -
186.80.52.163 - - [23/Jan/2023:05:56:53 -0500] "GET /sipse/faces/javax.faces.resource/jquery/jquery.js?ln=primefaces&v=4.0 HTTP/1.1" 304 -
186.80.52.163 - - [23/Jan/2023:05:56:53 -0500] "GET /sipse/faces/javax.faces.resource/jquery/jquery-plugins.js?ln=primefaces&v=4.0 HTTP/1.1" 304 -
186.80.52.163 - - [23/Jan/2023:05:56:53 -0500] "GET /sipse/faces/javax.faces.resource/primefaces.js?ln=primefaces&v=4.0 HTTP/1.1" 304 -
186.80.52.163 - - [23/Jan/2023:05:56:53 -0500] "GET /sipse/faces/javax.faces.resource/layout/layout.js?ln=primefaces&v=4.0 HTTP/1.1" 304 -
186.80.52.163 - - [23/Jan/2023:05:56:53 -0500] "GET /sipse/css/imagen/contrasena.png HTTP/1.1" 404 383
186.80.52.163 - - [23/Jan/2023:05:56:53 -0500] "GET /sipse/imagenes/cargando.gif HTTP/1.1" 304 -
186.80.52.163 - - [23/Jan/2023:05:56:53 -0500] "GET /sipse/imagenes/logoAplicacion.jpg HTTP/1.1" 304 -
186.80.52.163 - - [23/Jan/2023:05:56:56 -0500] "GET /sipse/faces/javax.faces.resource/images/ui-bg_flat_0_2d5972_40x100.png?ln=primefaces-aristo HTTP/1.1" 304 -
186.80.52.163 - - [23/Jan/2023:05:56:56 -0500] "POST /sipse/faces/bienvenido.xhtml HTTP/1.1" 200 2658
186.80.52.163 - - [23/Jan/2023:05:56:57 -0500] "POST /sipse/faces/bienvenido.xhtml HTTP/1.1" 200 65432
186.80.52.163 - - [23/Jan/2023:05:56:58 -0500] "GET /sipse/faces/javax.faces.resource/theme.css?ln=primefaces-sipse HTTP/1.1" 304 -
186.80.52.163 - - [23/Jan/2023:05:56:58 -0500] "GET /sipse/faces/javax.faces.resource/layout/layout.css?ln=primefaces&v=4.0 HTTP/1.1" 304 -
