172.22.2.4 - - [26/Jan/2023:01:59:10 -0500] "HEAD /BLA/boletinlegal/ HTTP/1.1" 200 -
172.22.2.4 - - [26/Jan/2023:02:00:00 -0500] "GET /BLA/boletinlegal/ HTTP/1.1" 200 59404
181.63.132.153 - - [26/Jan/2023:02:02:45 -0500] "GET /galeria/galeria/jquery.fancybox.css?v=2.1.5 HTTP/1.1" 200 4895
181.63.132.153 - - [26/Jan/2023:02:02:45 -0500] "GET /galeria/galeria/jquery.fancybox.js?v=2.1.5 HTTP/1.1" 200 48706
181.63.132.153 - - [26/Jan/2023:02:02:45 -0500] "GET /BLA/boletinlegal/js/jquery.scrollShow.js HTTP/1.1" 200 4586
181.63.132.153 - - [26/Jan/2023:02:02:46 -0500] "GET /galeria/carrusel/Carrusel/jquery.thumbnailScroller.css HTTP/1.1" 200 2066
181.63.132.153 - - [26/Jan/2023:02:02:47 -0500] "GET /galeria/carrusel/Carrusel/jquery.thumbnailScroller.js HTTP/1.1" 200 8157
181.63.132.153 - - [26/Jan/2023:02:02:47 -0500] "GET /galeria/carrusel/Carrusel/jquery-ui-1.8.13.custom.min.js HTTP/1.1" 200 10800
181.63.132.153 - - [26/Jan/2023:02:02:49 -0500] "GET /galeria/nivo-slider/demo/banner.html HTTP/1.1" 200 5446
181.63.132.153 - - [26/Jan/2023:02:02:52 -0500] "GET /galeria/nivo-slider/nivo-slider.css HTTP/1.1" 200 1507
181.63.132.153 - - [26/Jan/2023:02:02:52 -0500] "GET /galeria/nivo-slider/themes/orman/orman.css HTTP/1.1" 200 2152
181.63.132.153 - - [26/Jan/2023:02:02:52 -0500] "GET /galeria/nivo-slider/themes/pascal/pascal.css HTTP/1.1" 200 2258
181.63.132.153 - - [26/Jan/2023:02:02:52 -0500] "GET /galeria/nivo-slider/demo/style.css HTTP/1.1" 200 2222
181.63.132.153 - - [26/Jan/2023:02:02:52 -0500] "GET /galeria/nivo-slider/demo/images/bannertortuga_optimized.jpg HTTP/1.1" 200 39066
181.63.132.153 - - [26/Jan/2023:02:02:52 -0500] "GET /galeria/nivo-slider/themes/default/default.css HTTP/1.1" 200 1569
181.63.132.153 - - [26/Jan/2023:02:02:53 -0500] "GET /galeria/nivo-slider/demo/scripts/jquery-1.7.1.min.js HTTP/1.1" 200 93868
181.63.132.153 - - [26/Jan/2023:02:02:54 -0500] "GET /galeria/nivo-slider/jquery.nivo.slider.pack.js HTTP/1.1" 200 11561
181.63.132.153 - - [26/Jan/2023:02:02:54 -0500] "GET /galeria/nivo-slider/demo/images/Bannermujeresquereverdecen.jpg HTTP/1.1" 200 46558
181.63.132.153 - - [26/Jan/2023:02:02:54 -0500] "GET /galeria/nivo-slider/demo/images/bannertrafico_optimized.jpg HTTP/1.1" 200 42578
181.63.132.153 - - [26/Jan/2023:02:02:54 -0500] "GET /galeria/nivo-slider/demo/images/Bannersedeelectronica.jpg HTTP/1.1" 200 40383
181.63.132.153 - - [26/Jan/2023:02:02:54 -0500] "GET /galeria/nivo-slider/demo/images/bannerrutaesperanza.jpg HTTP/1.1" 200 55560
181.63.132.153 - - [26/Jan/2023:02:02:54 -0500] "GET /galeria/nivo-slider/demo/images/banneraire2021.jpg HTTP/1.1" 200 265101
181.63.132.153 - - [26/Jan/2023:02:02:54 -0500] "GET /galeria/nivo-slider/demo/images/Bannerplasticosseptiembre.jpg HTTP/1.1" 200 45633
181.63.132.153 - - [26/Jan/2023:02:02:54 -0500] "GET /galeria/nivo-slider/demo/images/bannerresiduoshospitalariosagosto.jpg HTTP/1.1" 200 36499
181.63.132.153 - - [26/Jan/2023:02:02:54 -0500] "GET /galeria/nivo-slider/demo/images/banneraccionpopularcrr68.jpg HTTP/1.1" 200 51887
181.63.132.153 - - [26/Jan/2023:02:02:54 -0500] "GET /galeria/nivo-slider/demo/images/banneraccionpopular.jpeg HTTP/1.1" 200 41707
181.63.132.153 - - [26/Jan/2023:02:02:55 -0500] "GET /galeria/nivo-slider/demo/images/bannerclases2021.jpg HTTP/1.1" 200 68230
181.63.132.153 - - [26/Jan/2023:02:02:56 -0500] "GET /galeria/nivo-slider/demo/images/Bannerenvases.jpg HTTP/1.1" 200 37316
181.63.132.153 - - [26/Jan/2023:02:02:56 -0500] "GET /galeria/nivo-slider/demo/images/bannercapacitacionesbogota.jpg HTTP/1.1" 200 42416
181.63.132.153 - - [26/Jan/2023:02:02:56 -0500] "GET /galeria/nivo-slider/demo/images/Bannervirtualescanales.jpg HTTP/1.1" 200 174544
201.245.192.253 - - [26/Jan/2023:02:05:05 -0500] "POST /kwsrmcab/Wsrmcab  HTTP/1.1" 200 213
216.245.221.92 - - [26/Jan/2023:02:05:50 -0500] "HEAD / HTTP/1.1" 200 -
173.252.79.113 - - [26/Jan/2023:02:05:58 -0500] "GET /images/Secretaria%20Urrutia%20evento%20h\xc3\xa1bitat%20Francia%2024%20de%20enero.jpeg HTTP/1.1" 404 1034
172.22.2.4 - - [26/Jan/2023:02:05:00 -0500] "HEAD /BLA/boletinlegal/ HTTP/1.1" 200 -
201.244.228.175 - - [26/Jan/2023:02:06:55 -0500] "POST /sipse/faces/presentacion/financiero/solicitudProceso/listarSolicitudProceso.xhtml HTTP/1.1" 200 145741
201.244.228.175 - - [26/Jan/2023:02:06:56 -0500] "GET /sipse/faces/javax.faces.resource/theme.css?ln=primefaces-sipse HTTP/1.1" 304 -
201.244.228.175 - - [26/Jan/2023:02:06:56 -0500] "GET /sipse/faces/javax.faces.resource/primefaces.css?ln=primefaces&v=4.0 HTTP/1.1" 304 -
201.244.228.175 - - [26/Jan/2023:02:06:56 -0500] "GET /sipse/faces/javax.faces.resource/layout/layout.css?ln=primefaces&v=4.0 HTTP/1.1" 304 -
201.244.228.175 - - [26/Jan/2023:02:06:56 -0500] "GET /sipse/css/imagen/contrasena.png HTTP/1.1" 404 383
201.244.228.175 - - [26/Jan/2023:02:06:56 -0500] "GET /sipse/faces/javax.faces.resource/jquery/jquery.js?ln=primefaces&v=4.0 HTTP/1.1" 304 -
201.244.228.175 - - [26/Jan/2023:02:06:56 -0500] "GET /sipse/faces/javax.faces.resource/jquery/jquery-plugins.js?ln=primefaces&v=4.0 HTTP/1.1" 304 -
201.244.228.175 - - [26/Jan/2023:02:06:56 -0500] "GET /sipse/faces/javax.faces.resource/primefaces.js?ln=primefaces&v=4.0 HTTP/1.1" 304 -
201.244.228.175 - - [26/Jan/2023:02:06:56 -0500] "GET /sipse/faces/javax.faces.resource/layout/layout.js?ln=primefaces&v=4.0 HTTP/1.1" 304 -
37.44.238.144 - - [26/Jan/2023:02:07:16 -0500] "POST /boaform/admin/formLogin HTTP/1.1" 404 1186
172.22.2.4 - - [26/Jan/2023:02:05:50 -0500] "GET /BLA/boletinlegal/ HTTP/1.1" 200 59035
152.61.128.50 - - [26/Jan/2023:02:07:55 -0500] "GET /arcgis/services/Calidad_del_Agua_WQI/MapServer/WMSServer?request=GetCapabilities&service=WMS HTTP/1.1" 503 1020
152.61.128.50 - - [26/Jan/2023:02:07:56 -0500] "GET /arcgis/services/Calidad_del_Agua_WQI/MapServer/WMSServer?SERVICE=WMS&REQUEST=GetCapabilities HTTP/1.1" 503 1020
152.61.128.50 - - [26/Jan/2023:02:07:56 -0500] "GET /arcgis/services/Calidad_del_Agua_WQI/MapServer/WMSServer?WMTVER=1.0.0&REQUEST=capabilities HTTP/1.1" 503 1020
35.213.223.219 - - [26/Jan/2023:02:09:24 -0500] "-" 408 -
201.245.192.253 - - [26/Jan/2023:02:10:04 -0500] "POST /kwsrmcab/Wsrmcab  HTTP/1.1" 200 213
216.245.221.92 - - [26/Jan/2023:02:10:50 -0500] "HEAD / HTTP/1.1" 200 -
201.244.228.175 - - [26/Jan/2023:02:12:28 -0500] "POST /sipse/faces/presentacion/financiero/solicitudProceso/consultarSolicitudProceso.xhtml HTTP/1.1" 200 60358
201.244.228.175 - - [26/Jan/2023:02:12:28 -0500] "GET /sipse/faces/javax.faces.resource/theme.css?ln=primefaces-sipse HTTP/1.1" 304 -
201.244.228.175 - - [26/Jan/2023:02:12:28 -0500] "GET /sipse/faces/javax.faces.resource/layout/layout.css?ln=primefaces&v=4.0 HTTP/1.1" 304 -
201.244.228.175 - - [26/Jan/2023:02:12:28 -0500] "GET /sipse/faces/javax.faces.resource/primefaces.css?ln=primefaces&v=4.0 HTTP/1.1" 304 -
201.244.228.175 - - [26/Jan/2023:02:12:28 -0500] "GET /sipse/faces/javax.faces.resource/jquery/jquery.js?ln=primefaces&v=4.0 HTTP/1.1" 304 -
201.244.228.175 - - [26/Jan/2023:02:12:29 -0500] "GET /sipse/faces/javax.faces.resource/jquery/jquery-plugins.js?ln=primefaces&v=4.0 HTTP/1.1" 304 -
201.244.228.175 - - [26/Jan/2023:02:12:29 -0500] "GET /sipse/faces/javax.faces.resource/primefaces.js?ln=primefaces&v=4.0 HTTP/1.1" 304 -
201.244.228.175 - - [26/Jan/2023:02:12:29 -0500] "GET /sipse/faces/javax.faces.resource/layout/layout.js?ln=primefaces&v=4.0 HTTP/1.1" 304 -
201.244.228.175 - - [26/Jan/2023:02:12:29 -0500] "POST /sipse/faces/presentacion/financiero/solicitudProceso/listarSolicitudProceso.xhtml HTTP/1.1" 200 53751
172.22.2.4 - - [26/Jan/2023:02:10:50 -0500] "HEAD /BLA/boletinlegal/ HTTP/1.1" 200 -
201.244.228.175 - - [26/Jan/2023:02:12:30 -0500] "POST /sipse/faces/presentacion/financiero/solicitudProceso/listarSolicitudProceso.xhtml HTTP/1.1" 200 53751
201.244.228.175 - - [26/Jan/2023:02:12:30 -0500] "POST /sipse/faces/presentacion/financiero/solicitudProceso/listarSolicitudProceso.xhtml HTTP/1.1" 200 1556
201.244.228.175 - - [26/Jan/2023:02:12:30 -0500] "POST /sipse/faces/presentacion/financiero/solicitudProceso/listarSolicitudProceso.xhtml HTTP/1.1" 200 1560
201.244.228.175 - - [26/Jan/2023:02:12:31 -0500] "POST /sipse/faces/presentacion/financiero/solicitudProceso/listarSolicitudProceso.xhtml HTTP/1.1" 200 1560
201.244.228.175 - - [26/Jan/2023:02:12:34 -0500] "POST /sipse/faces/presentacion/financiero/solicitudProceso/listarSolicitudProceso.xhtml HTTP/1.1" 200 30820
201.244.228.175 - - [26/Jan/2023:02:12:40 -0500] "POST /sipse/faces/presentacion/financiero/solicitudProceso/listarSolicitudProceso.xhtml HTTP/1.1" 200 33634
172.22.2.4 - - [26/Jan/2023:02:11:40 -0500] "GET /BLA/boletinlegal/ HTTP/1.1" 200 57192
201.245.192.253 - - [26/Jan/2023:02:15:02 -0500] "POST /kwsrmcab/Wsrmcab  HTTP/1.1" 200 213
40.77.167.7 - - [26/Jan/2023:02:15:47 -0500] "-" 408 -
216.245.221.92 - - [26/Jan/2023:02:15:50 -0500] "HEAD / HTTP/1.1" 200 -
198.199.103.44 - - [26/Jan/2023:02:16:52 -0500] "MGLNDD_190.27.245.106_80" 501 953
172.22.2.4 - - [26/Jan/2023:02:16:40 -0500] "HEAD /BLA/boletinlegal/ HTTP/1.1" 200 -
201.245.192.253 - - [26/Jan/2023:02:18:39 -0500] "POST /kwsrmcab/Wsrmcab HTTP/1.1" 200 41561
201.245.192.253 - - [26/Jan/2023:02:18:41 -0500] "POST /kwsrmcab/Wsrmcab HTTP/1.1" 200 40850
157.55.39.157 - - [26/Jan/2023:02:18:46 -0500] "GET /BLA/resoluciones/index.php?dir=RESOLUCIONES+2022%2F HTTP/1.1" 200 277090
172.22.2.4 - - [26/Jan/2023:02:17:30 -0500] "GET /BLA/boletinlegal/ HTTP/1.1" 200 57192
201.245.192.253 - - [26/Jan/2023:02:20:01 -0500] "POST /kwsrmcab/Wsrmcab  HTTP/1.1" 200 213
216.245.221.92 - - [26/Jan/2023:02:20:50 -0500] "HEAD / HTTP/1.1" 200 -
66.249.75.36 - - [26/Jan/2023:02:22:58 -0500] "-" 408 -
40.77.167.13 - - [26/Jan/2023:02:23:56 -0500] "GET /BLA/resoluciones/RESOLUCIONES%202021/2903.pdf HTTP/1.1" 304 -
185.119.81.100 - - [26/Jan/2023:02:24:06 -0500] "GET /portaldeninos/wp-login.php HTTP/1.1" 200 2592
185.119.81.100 - - [26/Jan/2023:02:24:08 -0500] "POST /portaldeninos/wp-login.php HTTP/1.1" 200 3605
172.22.2.4 - - [26/Jan/2023:02:22:30 -0500] "HEAD /BLA/boletinlegal/ HTTP/1.1" 200 -
172.22.2.4 - - [26/Jan/2023:02:23:20 -0500] "GET /BLA/boletinlegal/ HTTP/1.1" 200 59404
201.245.192.253 - - [26/Jan/2023:02:25:00 -0500] "POST /kwsrmcab/Wsrmcab  HTTP/1.1" 200 213
173.252.107.18 - - [26/Jan/2023:02:25:12 -0500] "GET /images/19%20de%20enero%20\xc3\xa1rbol%20bosque%20San%20Carlos.jpg HTTP/1.1" 404 1034
216.245.221.92 - - [26/Jan/2023:02:25:50 -0500] "HEAD / HTTP/1.1" 200 -
201.244.228.175 - - [26/Jan/2023:02:27:35 -0500] "POST /sipse/faces/presentacion/financiero/solicitudProceso/listarSolicitudProceso.xhtml HTTP/1.1" 200 2761
201.244.228.175 - - [26/Jan/2023:02:27:36 -0500] "POST /sipse/faces/presentacion/financiero/solicitudProceso/listarSolicitudProceso.xhtml HTTP/1.1" 200 38322
201.244.228.175 - - [26/Jan/2023:02:27:36 -0500] "GET /sipse/faces/javax.faces.resource/theme.css?ln=primefaces-sipse HTTP/1.1" 304 -
201.244.228.175 - - [26/Jan/2023:02:27:36 -0500] "GET /sipse/faces/javax.faces.resource/primefaces.css?ln=primefaces&v=4.0 HTTP/1.1" 304 -
201.244.228.175 - - [26/Jan/2023:02:27:36 -0500] "GET /sipse/faces/javax.faces.resource/layout/layout.css?ln=primefaces&v=4.0 HTTP/1.1" 304 -
201.244.228.175 - - [26/Jan/2023:02:27:36 -0500] "GET /sipse/faces/javax.faces.resource/jquery/jquery.js?ln=primefaces&v=4.0 HTTP/1.1" 304 -
201.244.228.175 - - [26/Jan/2023:02:27:36 -0500] "GET /sipse/faces/javax.faces.resource/jquery/jquery-plugins.js?ln=primefaces&v=4.0 HTTP/1.1" 304 -
201.244.228.175 - - [26/Jan/2023:02:27:36 -0500] "GET /sipse/faces/javax.faces.resource/primefaces.js?ln=primefaces&v=4.0 HTTP/1.1" 304 -
201.244.228.175 - - [26/Jan/2023:02:27:37 -0500] "GET /sipse/faces/javax.faces.resource/layout/layout.js?ln=primefaces&v=4.0 HTTP/1.1" 304 -
201.244.228.175 - - [26/Jan/2023:02:27:37 -0500] "POST /sipse/faces/presentacion/financiero/solicitudProceso/consultar.xhtml HTTP/1.1" 200 31741
201.244.228.175 - - [26/Jan/2023:02:27:37 -0500] "POST /sipse/faces/presentacion/financiero/solicitudProceso/consultar.xhtml HTTP/1.1" 200 31741
201.244.228.175 - - [26/Jan/2023:02:27:37 -0500] "POST /sipse/faces/presentacion/financiero/solicitudProceso/consultar.xhtml HTTP/1.1" 200 31741
201.244.228.175 - - [26/Jan/2023:02:27:42 -0500] "POST /sipse/faces/presentacion/financiero/solicitudProceso/consultar.xhtml HTTP/1.1" 200 12775
201.244.228.175 - - [26/Jan/2023:02:27:47 -0500] "POST /sipse/faces/presentacion/financiero/solicitudProceso/consultar.xhtml HTTP/1.1" 200 146285
201.244.228.175 - - [26/Jan/2023:02:27:48 -0500] "GET /sipse/faces/javax.faces.resource/theme.css?ln=primefaces-sipse HTTP/1.1" 304 -
201.244.228.175 - - [26/Jan/2023:02:27:48 -0500] "GET /sipse/faces/javax.faces.resource/primefaces.css?ln=primefaces&v=4.0 HTTP/1.1" 304 -
201.244.228.175 - - [26/Jan/2023:02:27:48 -0500] "GET /sipse/faces/javax.faces.resource/layout/layout.css?ln=primefaces&v=4.0 HTTP/1.1" 304 -
201.244.228.175 - - [26/Jan/2023:02:27:48 -0500] "GET /sipse/faces/javax.faces.resource/jquery/jquery.js?ln=primefaces&v=4.0 HTTP/1.1" 304 -
201.244.228.175 - - [26/Jan/2023:02:27:48 -0500] "GET /sipse/faces/javax.faces.resource/jquery/jquery-plugins.js?ln=primefaces&v=4.0 HTTP/1.1" 304 -
201.244.228.175 - - [26/Jan/2023:02:27:48 -0500] "GET /sipse/faces/javax.faces.resource/primefaces.js?ln=primefaces&v=4.0 HTTP/1.1" 304 -
201.244.228.175 - - [26/Jan/2023:02:27:48 -0500] "GET /sipse/faces/javax.faces.resource/layout/layout.js?ln=primefaces&v=4.0 HTTP/1.1" 304 -
201.244.228.175 - - [26/Jan/2023:02:27:54 -0500] "POST /sipse/faces/presentacion/financiero/solicitudProceso/consultarSolicitudProceso.xhtml HTTP/1.1" 200 50235
201.245.192.253 - - [26/Jan/2023:02:28:38 -0500] "POST /kwsrmcab/Wsrmcab HTTP/1.1" 200 41561
201.245.192.253 - - [26/Jan/2023:02:28:41 -0500] "POST /kwsrmcab/Wsrmcab HTTP/1.1" 200 40850
66.249.75.63 - - [26/Jan/2023:02:29:28 -0500] "-" 408 -
172.22.2.4 - - [26/Jan/2023:02:28:20 -0500] "HEAD /BLA/boletinlegal/ HTTP/1.1" 200 -
201.245.192.253 - - [26/Jan/2023:02:29:59 -0500] "POST /kwsrmcab/Wsrmcab  HTTP/1.1" 200 213
216.245.221.92 - - [26/Jan/2023:02:30:49 -0500] "HEAD / HTTP/1.1" 200 -
172.22.2.4 - - [26/Jan/2023:02:29:10 -0500] "GET /BLA/boletinlegal/ HTTP/1.1" 200 59404
201.244.228.175 - - [26/Jan/2023:02:31:26 -0500] "POST /sipse/faces/presentacion/financiero/solicitudProceso/consultarSolicitudProceso.xhtml HTTP/1.1" 200 60931
201.244.228.175 - - [26/Jan/2023:02:31:27 -0500] "GET /sipse/faces/javax.faces.resource/theme.css?ln=primefaces-sipse HTTP/1.1" 304 -
201.244.228.175 - - [26/Jan/2023:02:31:27 -0500] "GET /sipse/faces/javax.faces.resource/primefaces.css?ln=primefaces&v=4.0 HTTP/1.1" 304 -
201.244.228.175 - - [26/Jan/2023:02:31:27 -0500] "GET /sipse/faces/javax.faces.resource/layout/layout.css?ln=primefaces&v=4.0 HTTP/1.1" 304 -
201.244.228.175 - - [26/Jan/2023:02:31:27 -0500] "GET /sipse/faces/javax.faces.resource/jquery/jquery.js?ln=primefaces&v=4.0 HTTP/1.1" 304 -
201.244.228.175 - - [26/Jan/2023:02:31:27 -0500] "GET /sipse/faces/javax.faces.resource/jquery/jquery-plugins.js?ln=primefaces&v=4.0 HTTP/1.1" 304 -
201.244.228.175 - - [26/Jan/2023:02:31:27 -0500] "GET /sipse/faces/javax.faces.resource/primefaces.js?ln=primefaces&v=4.0 HTTP/1.1" 304 -
201.244.228.175 - - [26/Jan/2023:02:31:27 -0500] "GET /sipse/faces/javax.faces.resource/layout/layout.js?ln=primefaces&v=4.0 HTTP/1.1" 304 -
201.244.228.175 - - [26/Jan/2023:02:31:27 -0500] "POST /sipse/faces/presentacion/financiero/solicitudProceso/listarSolicitudProceso.xhtml HTTP/1.1" 200 54324
201.244.228.175 - - [26/Jan/2023:02:31:28 -0500] "POST /sipse/faces/presentacion/financiero/solicitudProceso/listarSolicitudProceso.xhtml HTTP/1.1" 200 54324
201.244.228.175 - - [26/Jan/2023:02:31:28 -0500] "POST /sipse/faces/presentacion/financiero/solicitudProceso/listarSolicitudProceso.xhtml HTTP/1.1" 200 54324
201.244.228.175 - - [26/Jan/2023:02:31:29 -0500] "POST /sipse/faces/presentacion/financiero/solicitudProceso/listarSolicitudProceso.xhtml HTTP/1.1" 200 54324
201.244.228.175 - - [26/Jan/2023:02:31:29 -0500] "POST /sipse/faces/presentacion/financiero/solicitudProceso/listarSolicitudProceso.xhtml HTTP/1.1" 200 54324
201.244.228.175 - - [26/Jan/2023:02:31:29 -0500] "POST /sipse/faces/presentacion/financiero/solicitudProceso/listarSolicitudProceso.xhtml HTTP/1.1" 200 1556
201.244.228.175 - - [26/Jan/2023:02:31:30 -0500] "POST /sipse/faces/presentacion/financiero/solicitudProceso/listarSolicitudProceso.xhtml HTTP/1.1" 200 1560
201.244.228.175 - - [26/Jan/2023:02:31:30 -0500] "POST /sipse/faces/presentacion/financiero/solicitudProceso/listarSolicitudProceso.xhtml HTTP/1.1" 200 1560
201.244.228.175 - - [26/Jan/2023:02:31:30 -0500] "POST /sipse/faces/presentacion/financiero/solicitudProceso/listarSolicitudProceso.xhtml HTTP/1.1" 200 1560
201.244.228.175 - - [26/Jan/2023:02:31:30 -0500] "POST /sipse/faces/presentacion/financiero/solicitudProceso/listarSolicitudProceso.xhtml HTTP/1.1" 200 1560
201.244.228.175 - - [26/Jan/2023:02:31:30 -0500] "POST /sipse/faces/presentacion/financiero/solicitudProceso/listarSolicitudProceso.xhtml HTTP/1.1" 200 1560
201.244.228.175 - - [26/Jan/2023:02:31:34 -0500] "POST /sipse/faces/presentacion/financiero/solicitudProceso/listarSolicitudProceso.xhtml HTTP/1.1" 200 28139
201.244.228.175 - - [26/Jan/2023:02:31:37 -0500] "POST /sipse/faces/presentacion/financiero/solicitudProceso/listarSolicitudProceso.xhtml HTTP/1.1" 200 31052
201.244.228.175 - - [26/Jan/2023:02:31:41 -0500] "POST /sipse/faces/presentacion/financiero/solicitudProceso/listarSolicitudProceso.xhtml HTTP/1.1" 200 33915
201.244.228.175 - - [26/Jan/2023:02:31:53 -0500] "POST /sipse/faces/presentacion/financiero/solicitudProceso/listarSolicitudProceso.xhtml HTTP/1.1" 200 144202
201.244.228.175 - - [26/Jan/2023:02:31:54 -0500] "GET /sipse/faces/javax.faces.resource/theme.css?ln=primefaces-sipse HTTP/1.1" 304 -
201.244.228.175 - - [26/Jan/2023:02:31:54 -0500] "GET /sipse/faces/javax.faces.resource/layout/layout.css?ln=primefaces&v=4.0 HTTP/1.1" 304 -
201.244.228.175 - - [26/Jan/2023:02:31:54 -0500] "GET /sipse/faces/javax.faces.resource/primefaces.css?ln=primefaces&v=4.0 HTTP/1.1" 304 -
201.244.228.175 - - [26/Jan/2023:02:31:54 -0500] "GET /sipse/faces/javax.faces.resource/jquery/jquery.js?ln=primefaces&v=4.0 HTTP/1.1" 304 -
201.244.228.175 - - [26/Jan/2023:02:31:55 -0500] "GET /sipse/faces/javax.faces.resource/jquery/jquery-plugins.js?ln=primefaces&v=4.0 HTTP/1.1" 304 -
201.244.228.175 - - [26/Jan/2023:02:31:55 -0500] "GET /sipse/faces/javax.faces.resource/primefaces.js?ln=primefaces&v=4.0 HTTP/1.1" 304 -
201.244.228.175 - - [26/Jan/2023:02:31:55 -0500] "GET /sipse/faces/javax.faces.resource/layout/layout.js?ln=primefaces&v=4.0 HTTP/1.1" 304 -
201.244.228.175 - - [26/Jan/2023:02:32:28 -0500] "GET /sipse/faces/index.xhtml HTTP/1.1" 200 677
201.244.228.175 - - [26/Jan/2023:02:32:28 -0500] "GET /sipse/faces/javax.faces.resource/theme.css?ln=primefaces-sipse HTTP/1.1" 200 50058
201.244.228.175 - - [26/Jan/2023:02:32:28 -0500] "GET /favicon.ico HTTP/1.1" 200 7782
201.244.228.175 - - [26/Jan/2023:02:32:28 -0500] "GET /sipse/faces/faces/autenticacion.xhtml HTTP/1.1" 200 12170
201.244.228.175 - - [26/Jan/2023:02:32:29 -0500] "GET /sipse/js/disable_browser_buttons.js HTTP/1.1" 304 -
201.244.228.175 - - [26/Jan/2023:02:32:29 -0500] "GET /sipse/css/custom_css_sg_prime_login.css HTTP/1.1" 200 443
201.244.228.175 - - [26/Jan/2023:02:32:29 -0500] "GET /sipse/js/funciones.js HTTP/1.1" 304 -
201.244.228.175 - - [26/Jan/2023:02:32:29 -0500] "GET /sipse/faces/javax.faces.resource/theme.css?ln=primefaces-sipse HTTP/1.1" 304 -
201.244.228.175 - - [26/Jan/2023:02:32:29 -0500] "GET /sipse/css/custom_css_sg.css HTTP/1.1" 200 9694
201.244.228.175 - - [26/Jan/2023:02:32:29 -0500] "GET /sipse/faces/javax.faces.resource/layout/layout.css?ln=primefaces&v=4.0 HTTP/1.1" 200 542
201.244.228.175 - - [26/Jan/2023:02:32:29 -0500] "GET /sipse/faces/javax.faces.resource/primefaces.css?ln=primefaces&v=4.0 HTTP/1.1" 200 53295
201.244.228.175 - - [26/Jan/2023:02:32:29 -0500] "GET /sipse/faces/javax.faces.resource/jquery/jquery.js?ln=primefaces&v=4.0 HTTP/1.1" 304 -
201.244.228.175 - - [26/Jan/2023:02:32:29 -0500] "GET /sipse/faces/javax.faces.resource/jquery/jquery-plugins.js?ln=primefaces&v=4.0 HTTP/1.1" 304 -
201.244.228.175 - - [26/Jan/2023:02:32:29 -0500] "GET /sipse/faces/javax.faces.resource/primefaces.js?ln=primefaces&v=4.0 HTTP/1.1" 304 -
201.244.228.175 - - [26/Jan/2023:02:32:29 -0500] "GET /sipse/faces/javax.faces.resource/layout/layout.js?ln=primefaces&v=4.0 HTTP/1.1" 304 -
201.244.228.175 - - [26/Jan/2023:02:32:29 -0500] "GET /sipse/faces/javax.faces.resource/images/ui-icons_898989_256x240.png?ln=primefaces-aristo HTTP/1.1" 200 5355
201.244.228.175 - - [26/Jan/2023:02:32:29 -0500] "GET /sipse/css/imagen/loginimg.png HTTP/1.1" 200 71635
201.244.228.175 - - [26/Jan/2023:02:32:29 -0500] "GET /sipse/css/imagen/logoSDG.png HTTP/1.1" 200 53064
201.244.228.175 - - [26/Jan/2023:02:32:35 -0500] "POST /sipse/faces/autenticacion.xhtml HTTP/1.1" 200 16069
201.244.228.175 - - [26/Jan/2023:02:32:35 -0500] "GET /sipse/css/custom_css_sg_prime.css HTTP/1.1" 200 5201
201.244.228.175 - - [26/Jan/2023:02:32:35 -0500] "GET /sipse/js/jquery.min.js HTTP/1.1" 304 -
201.244.228.175 - - [26/Jan/2023:02:32:35 -0500] "GET /sipse/faces/javax.faces.resource/jquery/jquery.js?ln=primefaces&v=4.0 HTTP/1.1" 304 -
201.244.228.175 - - [26/Jan/2023:02:32:35 -0500] "GET /sipse/faces/javax.faces.resource/jquery/jquery-plugins.js?ln=primefaces&v=4.0 HTTP/1.1" 304 -
201.244.228.175 - - [26/Jan/2023:02:32:35 -0500] "GET /sipse/faces/javax.faces.resource/primefaces.js?ln=primefaces&v=4.0 HTTP/1.1" 304 -
201.244.228.175 - - [26/Jan/2023:02:32:35 -0500] "GET /sipse/faces/javax.faces.resource/layout/layout.js?ln=primefaces&v=4.0 HTTP/1.1" 304 -
201.244.228.175 - - [26/Jan/2023:02:32:35 -0500] "GET /sipse/css/imagen/contrasena.png HTTP/1.1" 404 383
201.244.228.175 - - [26/Jan/2023:02:32:35 -0500] "GET /sipse/imagenes/logoAplicacion.jpg HTTP/1.1" 200 155084
201.244.228.175 - - [26/Jan/2023:02:32:35 -0500] "GET /sipse/faces/javax.faces.resource/messages/messages.png?ln=primefaces&v=4.0 HTTP/1.1" 200 27209
201.244.228.175 - - [26/Jan/2023:02:32:35 -0500] "GET /sipse/imagenes/cargando.gif HTTP/1.1" 200 36959
201.244.228.175 - - [26/Jan/2023:02:32:42 -0500] "GET /sipse/faces/javax.faces.resource/images/ui-bg_flat_0_2d5972_40x100.png?ln=primefaces-aristo HTTP/1.1" 200 183
201.244.228.175 - - [26/Jan/2023:02:32:42 -0500] "POST /sipse/faces/bienvenido.xhtml HTTP/1.1" 200 6185
201.244.228.175 - - [26/Jan/2023:02:32:43 -0500] "POST /sipse/faces/bienvenido.xhtml HTTP/1.1" 200 33042
201.244.228.175 - - [26/Jan/2023:02:32:43 -0500] "GET /sipse/faces/javax.faces.resource/jquery/jquery.js?ln=primefaces&v=4.0 HTTP/1.1" 304 -
201.244.228.175 - - [26/Jan/2023:02:32:43 -0500] "GET /sipse/faces/javax.faces.resource/jquery/jquery-plugins.js?ln=primefaces&v=4.0 HTTP/1.1" 304 -
201.244.228.175 - - [26/Jan/2023:02:32:43 -0500] "GET /sipse/faces/javax.faces.resource/primefaces.js?ln=primefaces&v=4.0 HTTP/1.1" 304 -
201.244.228.175 - - [26/Jan/2023:02:32:43 -0500] "GET /sipse/faces/javax.faces.resource/layout/layout.js?ln=primefaces&v=4.0 HTTP/1.1" 304 -
201.244.228.175 - - [26/Jan/2023:02:32:47 -0500] "POST /sipse/faces/presentacion/sistema/reporte/listarReportes.xhtml HTTP/1.1" 200 21670
201.244.228.175 - - [26/Jan/2023:02:32:47 -0500] "GET /sipse/faces/javax.faces.resource/theme.css?ln=primefaces-sipse HTTP/1.1" 304 -
201.244.228.175 - - [26/Jan/2023:02:32:47 -0500] "GET /sipse/faces/javax.faces.resource/primefaces.css?ln=primefaces&v=4.0 HTTP/1.1" 304 -
201.244.228.175 - - [26/Jan/2023:02:32:47 -0500] "GET /sipse/faces/javax.faces.resource/layout/layout.css?ln=primefaces&v=4.0 HTTP/1.1" 304 -
201.244.228.175 - - [26/Jan/2023:02:32:47 -0500] "GET /sipse/faces/javax.faces.resource/jquery/jquery.js?ln=primefaces&v=4.0 HTTP/1.1" 304 -
201.244.228.175 - - [26/Jan/2023:02:32:47 -0500] "GET /sipse/faces/javax.faces.resource/jquery/jquery-plugins.js?ln=primefaces&v=4.0 HTTP/1.1" 304 -
201.244.228.175 - - [26/Jan/2023:02:32:48 -0500] "GET /sipse/faces/javax.faces.resource/primefaces.js?ln=primefaces&v=4.0 HTTP/1.1" 304 -
201.244.228.175 - - [26/Jan/2023:02:32:48 -0500] "GET /sipse/faces/javax.faces.resource/layout/layout.js?ln=primefaces&v=4.0 HTTP/1.1" 304 -
201.244.228.175 - - [26/Jan/2023:02:32:48 -0500] "GET /sipse/faces/javax.faces.resource/images/ui-icons_898989_256x240.png?ln=primefaces-aristo HTTP/1.1" 304 -
114.119.134.18 - - [26/Jan/2023:02:33:05 -0500] "-" 408 -
173.252.87.10 - - [26/Jan/2023:02:33:24 -0500] "GET /images/Secretaria%20Urrutia%20evento%20h\xc3\xa1bitat%20Francia%2024%20de%20enero.jpeg HTTP/1.1" 404 1034
201.244.228.175 - - [26/Jan/2023:02:33:55 -0500] "POST /sipse/faces/presentacion/financiero/solicitudProceso/consultarSolicitudProceso.xhtml HTTP/1.1" 200 5526
199.16.157.180 - - [26/Jan/2023:02:34:09 -0500] "-" 408 -
199.16.157.180 - - [26/Jan/2023:02:34:09 -0500] "-" 408 -
201.245.192.253 - - [26/Jan/2023:02:34:58 -0500] "POST /kwsrmcab/Wsrmcab  HTTP/1.1" 200 213
216.245.221.92 - - [26/Jan/2023:02:35:49 -0500] "HEAD / HTTP/1.1" 200 -
172.22.2.4 - - [26/Jan/2023:02:34:10 -0500] "HEAD /BLA/boletinlegal/ HTTP/1.1" 200 -
172.22.2.4 - - [26/Jan/2023:02:35:00 -0500] "GET /BLA/boletinlegal/ HTTP/1.1" 200 57192
178.208.12.12 - - [26/Jan/2023:02:36:50 -0500] "GET /secretaria-de-estado-de-desarrollo-francofonia-y-colaboracion-internacional-de-francia-destaco-el-ecobarrio-la-esmeralda-en-teusaquillo.html HTTP/1.1" 200 1091
201.244.228.175 - - [26/Jan/2023:02:36:55 -0500] "POST /sipse/faces/presentacion/financiero/solicitudProceso/consultarSolicitudProceso.xhtml HTTP/1.1" 200 1145230
201.244.228.175 - - [26/Jan/2023:02:37:02 -0500] "POST /sipse/faces/presentacion/financiero/solicitudProceso/consultarSolicitudProceso.xhtml HTTP/1.1" 200 1709568
201.244.228.175 - - [26/Jan/2023:02:37:11 -0500] "POST /sipse/faces/presentacion/financiero/solicitudProceso/consultarSolicitudProceso.xhtml HTTP/1.1" 200 132800
201.244.228.175 - - [26/Jan/2023:02:37:18 -0500] "POST /sipse/faces/presentacion/financiero/solicitudProceso/consultarSolicitudProceso.xhtml HTTP/1.1" 200 85861
201.244.228.175 - - [26/Jan/2023:02:37:42 -0500] "POST /sipse/faces/presentacion/financiero/solicitudProceso/consultarSolicitudProceso.xhtml HTTP/1.1" 200 482456
201.244.228.175 - - [26/Jan/2023:02:37:46 -0500] "POST /sipse/faces/presentacion/financiero/solicitudProceso/consultarSolicitudProceso.xhtml HTTP/1.1" 200 1810532
201.245.192.253 - - [26/Jan/2023:02:38:39 -0500] "POST /kwsrmcab/Wsrmcab HTTP/1.1" 200 41561
201.245.192.253 - - [26/Jan/2023:02:38:41 -0500] "POST /kwsrmcab/Wsrmcab HTTP/1.1" 200 40850
201.245.192.253 - - [26/Jan/2023:02:39:57 -0500] "POST /kwsrmcab/Wsrmcab  HTTP/1.1" 200 213
216.245.221.92 - - [26/Jan/2023:02:40:49 -0500] "HEAD / HTTP/1.1" 200 -
172.22.2.4 - - [26/Jan/2023:02:40:00 -0500] "HEAD /BLA/boletinlegal/ HTTP/1.1" 200 -
172.22.2.4 - - [26/Jan/2023:02:40:50 -0500] "GET /BLA/boletinlegal/ HTTP/1.1" 200 57824
185.224.128.215 - - [26/Jan/2023:02:42:50 -0500] "GET / HTTP/1.1" 200 319
185.224.128.215 - - [26/Jan/2023:02:42:50 -0500] "POST /HNAP1/ HTTP/1.1" 404 1018
173.252.79.10 - - [26/Jan/2023:02:44:39 -0500] "GET /images/Secretaria%20Urrutia%20evento%20h\xc3\xa1bitat%20Francia%2024%20de%20enero.jpeg HTTP/1.1" 404 1034
201.245.192.253 - - [26/Jan/2023:02:44:56 -0500] "POST /kwsrmcab/Wsrmcab  HTTP/1.1" 200 213
201.244.228.175 - - [26/Jan/2023:02:45:22 -0500] "POST /sipse/faces/presentacion/financiero/solicitudProceso/consultarSolicitudProceso.xhtml HTTP/1.1" 200 61605
201.244.228.175 - - [26/Jan/2023:02:45:25 -0500] "GET /sipse/faces/javax.faces.resource/theme.css?ln=primefaces-sipse HTTP/1.1" 304 -
201.244.228.175 - - [26/Jan/2023:02:45:25 -0500] "GET /sipse/faces/javax.faces.resource/layout/layout.css?ln=primefaces&v=4.0 HTTP/1.1" 304 -
201.244.228.175 - - [26/Jan/2023:02:45:25 -0500] "GET /sipse/faces/javax.faces.resource/primefaces.css?ln=primefaces&v=4.0 HTTP/1.1" 304 -
201.244.228.175 - - [26/Jan/2023:02:45:25 -0500] "GET /sipse/faces/javax.faces.resource/jquery/jquery.js?ln=primefaces&v=4.0 HTTP/1.1" 304 -
201.244.228.175 - - [26/Jan/2023:02:45:25 -0500] "GET /sipse/faces/javax.faces.resource/jquery/jquery-plugins.js?ln=primefaces&v=4.0 HTTP/1.1" 304 -
201.244.228.175 - - [26/Jan/2023:02:45:25 -0500] "GET /sipse/faces/javax.faces.resource/primefaces.js?ln=primefaces&v=4.0 HTTP/1.1" 304 -
201.244.228.175 - - [26/Jan/2023:02:45:25 -0500] "GET /sipse/faces/javax.faces.resource/layout/layout.js?ln=primefaces&v=4.0 HTTP/1.1" 304 -
201.244.228.175 - - [26/Jan/2023:02:45:25 -0500] "GET /sipse/faces/javax.faces.resource/messages/messages.png?ln=primefaces&v=4.0 HTTP/1.1" 304 -
201.244.228.175 - - [26/Jan/2023:02:45:25 -0500] "POST /sipse/faces/presentacion/financiero/solicitudProceso/listarSolicitudProceso.xhtml HTTP/1.1" 200 1556
216.245.221.92 - - [26/Jan/2023:02:45:49 -0500] "HEAD / HTTP/1.1" 200 -
201.244.228.175 - - [26/Jan/2023:02:45:54 -0500] "POST /sipse/faces/presentacion/financiero/solicitudProceso/listarSolicitudProceso.xhtml HTTP/1.1" 200 144178
201.244.228.175 - - [26/Jan/2023:02:45:55 -0500] "GET /sipse/faces/javax.faces.resource/theme.css?ln=primefaces-sipse HTTP/1.1" 304 -
201.244.228.175 - - [26/Jan/2023:02:45:55 -0500] "GET /sipse/faces/javax.faces.resource/primefaces.css?ln=primefaces&v=4.0 HTTP/1.1" 304 -
201.244.228.175 - - [26/Jan/2023:02:45:55 -0500] "GET /sipse/faces/javax.faces.resource/layout/layout.css?ln=primefaces&v=4.0 HTTP/1.1" 304 -
201.244.228.175 - - [26/Jan/2023:02:45:55 -0500] "GET /sipse/faces/javax.faces.resource/jquery/jquery.js?ln=primefaces&v=4.0 HTTP/1.1" 304 -
201.244.228.175 - - [26/Jan/2023:02:45:55 -0500] "GET /sipse/faces/javax.faces.resource/jquery/jquery-plugins.js?ln=primefaces&v=4.0 HTTP/1.1" 304 -
201.244.228.175 - - [26/Jan/2023:02:45:55 -0500] "GET /sipse/faces/javax.faces.resource/primefaces.js?ln=primefaces&v=4.0 HTTP/1.1" 304 -
201.244.228.175 - - [26/Jan/2023:02:45:55 -0500] "GET /sipse/faces/javax.faces.resource/layout/layout.js?ln=primefaces&v=4.0 HTTP/1.1" 304 -
173.252.79.13 - - [26/Jan/2023:02:46:19 -0500] "GET /images/Secretaria%20Urrutia%20evento%20h\xc3\xa1bitat%20Francia%2024%20de%20enero.jpeg HTTP/1.1" 404 1034
201.244.228.175 - - [26/Jan/2023:02:46:37 -0500] "POST /sipse/faces/presentacion/financiero/solicitudProceso/consultarSolicitudProceso.xhtml HTTP/1.1" 200 5526
172.22.2.4 - - [26/Jan/2023:02:45:50 -0500] "HEAD /BLA/boletinlegal/ HTTP/1.1" 200 -
201.244.228.175 - - [26/Jan/2023:02:47:49 -0500] "POST /sipse/faces/presentacion/financiero/solicitudProceso/consultarSolicitudProceso.xhtml HTTP/1.1" 200 2053919
201.244.228.175 - - [26/Jan/2023:02:47:56 -0500] "POST /sipse/faces/presentacion/financiero/solicitudProceso/consultarSolicitudProceso.xhtml HTTP/1.1" 200 1506633
201.244.228.175 - - [26/Jan/2023:02:48:03 -0500] "POST /sipse/faces/presentacion/financiero/solicitudProceso/consultarSolicitudProceso.xhtml HTTP/1.1" 200 3173552
201.244.228.175 - - [26/Jan/2023:02:48:12 -0500] "POST /sipse/faces/presentacion/financiero/solicitudProceso/consultarSolicitudProceso.xhtml HTTP/1.1" 200 1711502
172.22.2.4 - - [26/Jan/2023:02:46:40 -0500] "GET /BLA/boletinlegal/ HTTP/1.1" 200 56079
201.244.228.175 - - [26/Jan/2023:02:48:24 -0500] "POST /sipse/faces/presentacion/financiero/solicitudProceso/consultarSolicitudProceso.xhtml HTTP/1.1" 200 159795
201.244.228.175 - - [26/Jan/2023:02:48:32 -0500] "POST /sipse/faces/presentacion/financiero/solicitudProceso/consultarSolicitudProceso.xhtml HTTP/1.1" 200 91161
157.55.39.157 - - [26/Jan/2023:02:49:50 -0500] "GET /BLA/resoluciones/index.php?dir=RESOLUCIONES+2022%2F HTTP/1.1" 200 277090
201.245.192.253 - - [26/Jan/2023:02:49:55 -0500] "POST /kwsrmcab/Wsrmcab  HTTP/1.1" 200 213
216.245.221.92 - - [26/Jan/2023:02:50:49 -0500] "HEAD / HTTP/1.1" 200 -
201.244.228.175 - - [26/Jan/2023:02:52:39 -0500] "GET /sipse/faces/javax.faces.resource/images/ui-bg_flat_0_2d5972_40x100.png?ln=primefaces-aristo HTTP/1.1" 200 183
201.244.228.175 - - [26/Jan/2023:02:52:39 -0500] "POST /sipse/faces/presentacion/sistema/reporte/ventanaVerReporteParametros.xhtml HTTP/1.1" 200 33042
201.244.228.175 - - [26/Jan/2023:02:52:39 -0500] "GET /sipse/faces/javax.faces.resource/jquery/jquery.js?ln=primefaces&v=4.0 HTTP/1.1" 304 -
201.244.228.175 - - [26/Jan/2023:02:52:39 -0500] "GET /sipse/faces/javax.faces.resource/jquery/jquery-plugins.js?ln=primefaces&v=4.0 HTTP/1.1" 304 -
201.244.228.175 - - [26/Jan/2023:02:52:39 -0500] "GET /sipse/faces/javax.faces.resource/primefaces.js?ln=primefaces&v=4.0 HTTP/1.1" 304 -
201.244.228.175 - - [26/Jan/2023:02:52:39 -0500] "GET /sipse/faces/javax.faces.resource/layout/layout.js?ln=primefaces&v=4.0 HTTP/1.1" 304 -
201.244.228.175 - - [26/Jan/2023:02:52:43 -0500] "POST /sipse/faces/presentacion/sistema/reporte/listarReportes.xhtml HTTP/1.1" 200 21670
201.244.228.175 - - [26/Jan/2023:02:52:43 -0500] "GET /sipse/faces/javax.faces.resource/theme.css?ln=primefaces-sipse HTTP/1.1" 304 -
201.244.228.175 - - [26/Jan/2023:02:52:43 -0500] "GET /sipse/faces/javax.faces.resource/primefaces.css?ln=primefaces&v=4.0 HTTP/1.1" 304 -
201.244.228.175 - - [26/Jan/2023:02:52:43 -0500] "GET /sipse/faces/javax.faces.resource/primefaces.js?ln=primefaces&v=4.0 HTTP/1.1" 304 -
201.244.228.175 - - [26/Jan/2023:02:52:43 -0500] "GET /sipse/faces/javax.faces.resource/jquery/jquery-plugins.js?ln=primefaces&v=4.0 HTTP/1.1" 304 -
201.244.228.175 - - [26/Jan/2023:02:52:43 -0500] "GET /sipse/faces/javax.faces.resource/layout/layout.css?ln=primefaces&v=4.0 HTTP/1.1" 304 -
201.244.228.175 - - [26/Jan/2023:02:52:43 -0500] "GET /sipse/faces/javax.faces.resource/jquery/jquery.js?ln=primefaces&v=4.0 HTTP/1.1" 304 -
201.244.228.175 - - [26/Jan/2023:02:52:43 -0500] "GET /sipse/faces/javax.faces.resource/layout/layout.js?ln=primefaces&v=4.0 HTTP/1.1" 304 -
201.244.228.175 - - [26/Jan/2023:02:52:43 -0500] "GET /sipse/faces/javax.faces.resource/images/ui-icons_898989_256x240.png?ln=primefaces-aristo HTTP/1.1" 304 -
66.249.75.63 - - [26/Jan/2023:02:52:58 -0500] "-" 408 -
172.22.2.4 - - [26/Jan/2023:02:51:40 -0500] "HEAD /BLA/boletinlegal/ HTTP/1.1" 200 -
172.22.2.4 - - [26/Jan/2023:02:52:30 -0500] "GET /BLA/boletinlegal/ HTTP/1.1" 200 57824
185.119.81.100 - - [26/Jan/2023:02:54:16 -0500] "GET /portaldeninos/wp-login.php HTTP/1.1" 200 2592
185.119.81.100 - - [26/Jan/2023:02:54:17 -0500] "POST /portaldeninos/wp-login.php HTTP/1.1" 200 3605
207.46.13.77 - - [26/Jan/2023:02:54:29 -0500] "GET /BLA/resoluciones/AUTOS%202014/0149.pdf HTTP/1.1" 200 668721
201.245.192.253 - - [26/Jan/2023:02:54:54 -0500] "POST /kwsrmcab/Wsrmcab  HTTP/1.1" 200 213
216.245.221.92 - - [26/Jan/2023:02:55:49 -0500] "HEAD / HTTP/1.1" 200 -
201.244.228.175 - - [26/Jan/2023:02:56:35 -0500] "GET /sipse/faces/javax.faces.resource/theme.css?ln=primefaces-sipse HTTP/1.1" 304 -
201.244.228.175 - - [26/Jan/2023:02:56:35 -0500] "GET /sipse/faces/javax.faces.resource/primefaces.css?ln=primefaces&v=4.0 HTTP/1.1" 304 -
201.244.228.175 - - [26/Jan/2023:02:56:35 -0500] "GET /sipse/faces/javax.faces.resource/layout/layout.css?ln=primefaces&v=4.0 HTTP/1.1" 304 -
201.244.228.175 - - [26/Jan/2023:02:56:35 -0500] "GET /sipse/faces/javax.faces.resource/jquery/jquery.js?ln=primefaces&v=4.0 HTTP/1.1" 304 -
201.244.228.175 - - [26/Jan/2023:02:56:35 -0500] "GET /sipse/faces/javax.faces.resource/jquery/jquery-plugins.js?ln=primefaces&v=4.0 HTTP/1.1" 304 -
201.244.228.175 - - [26/Jan/2023:02:56:35 -0500] "GET /sipse/faces/javax.faces.resource/primefaces.js?ln=primefaces&v=4.0 HTTP/1.1" 304 -
201.244.228.175 - - [26/Jan/2023:02:56:35 -0500] "GET /sipse/faces/javax.faces.resource/layout/layout.js?ln=primefaces&v=4.0 HTTP/1.1" 304 -
201.244.228.175 - - [26/Jan/2023:02:56:34 -0500] "POST /sipse/faces/presentacion/financiero/solicitudProceso/consultarSolicitudProceso.xhtml HTTP/1.1" 200 192555
201.244.228.175 - - [26/Jan/2023:02:56:35 -0500] "GET /sipse/css/imagen/contrasena.png HTTP/1.1" 404 383
201.244.228.175 - - [26/Jan/2023:02:56:35 -0500] "GET /sipse/faces/javax.faces.resource/images/ui-icons_898989_256x240.png?ln=primefaces-aristo HTTP/1.1" 304 -
201.244.228.175 - - [26/Jan/2023:02:56:37 -0500] "GET /sipse/faces/javax.faces.resource/dynamiccontent.properties?ln=primefaces&pfdrid=XjOR5%2F%2FfPAZAuY9TpWQeCiM0BhlXxYRBGKi%2FQcXXfeA%3D&pfdrid_c=false HTTP/1.1" 500 383
201.244.228.175 - - [26/Jan/2023:02:56:42 -0500] "GET /sipse/faces/javax.faces.resource/images/ui-bg_flat_0_2d5972_40x100.png?ln=primefaces-aristo HTTP/1.1" 304 -
201.244.228.175 - - [26/Jan/2023:02:56:42 -0500] "POST /sipse/faces/presentacion/financiero/solicitudProceso/consultarSolicitudProceso.xhtml HTTP/1.1" 200 61670
201.244.228.175 - - [26/Jan/2023:02:56:45 -0500] "GET /sipse/faces/javax.faces.resource/theme.css?ln=primefaces-sipse HTTP/1.1" 304 -
201.244.228.175 - - [26/Jan/2023:02:56:45 -0500] "GET /sipse/faces/javax.faces.resource/layout/layout.css?ln=primefaces&v=4.0 HTTP/1.1" 304 -
201.244.228.175 - - [26/Jan/2023:02:56:45 -0500] "GET /sipse/faces/javax.faces.resource/primefaces.css?ln=primefaces&v=4.0 HTTP/1.1" 304 -
201.244.228.175 - - [26/Jan/2023:02:56:45 -0500] "GET /sipse/faces/javax.faces.resource/jquery/jquery.js?ln=primefaces&v=4.0 HTTP/1.1" 304 -
201.244.228.175 - - [26/Jan/2023:02:56:45 -0500] "GET /sipse/faces/javax.faces.resource/jquery/jquery-plugins.js?ln=primefaces&v=4.0 HTTP/1.1" 304 -
201.244.228.175 - - [26/Jan/2023:02:56:45 -0500] "GET /sipse/faces/javax.faces.resource/primefaces.js?ln=primefaces&v=4.0 HTTP/1.1" 304 -
201.244.228.175 - - [26/Jan/2023:02:56:45 -0500] "GET /sipse/faces/javax.faces.resource/layout/layout.js?ln=primefaces&v=4.0 HTTP/1.1" 304 -
201.244.228.175 - - [26/Jan/2023:02:56:46 -0500] "GET /sipse/faces/javax.faces.resource/messages/messages.png?ln=primefaces&v=4.0 HTTP/1.1" 304 -
201.244.228.175 - - [26/Jan/2023:02:56:46 -0500] "POST /sipse/faces/presentacion/financiero/solicitudProceso/listarSolicitudProceso.xhtml HTTP/1.1" 200 1556
201.244.228.175 - - [26/Jan/2023:02:57:01 -0500] "POST /sipse/faces/presentacion/financiero/solicitudProceso/listarSolicitudProceso.xhtml HTTP/1.1" 200 54556
201.244.228.175 - - [26/Jan/2023:02:57:01 -0500] "POST /sipse/faces/presentacion/financiero/solicitudProceso/listarSolicitudProceso.xhtml HTTP/1.1" 200 54556
201.244.228.175 - - [26/Jan/2023:02:57:02 -0500] "POST /sipse/faces/presentacion/financiero/solicitudProceso/listarSolicitudProceso.xhtml HTTP/1.1" 200 1556
201.244.228.175 - - [26/Jan/2023:02:57:02 -0500] "POST /sipse/faces/presentacion/financiero/solicitudProceso/listarSolicitudProceso.xhtml HTTP/1.1" 200 1560
201.244.228.175 - - [26/Jan/2023:02:57:07 -0500] "POST /sipse/faces/presentacion/financiero/solicitudProceso/listarSolicitudProceso.xhtml HTTP/1.1" 200 54556
201.244.228.175 - - [26/Jan/2023:02:57:08 -0500] "POST /sipse/faces/presentacion/financiero/solicitudProceso/listarSolicitudProceso.xhtml HTTP/1.1" 200 54556
201.244.228.175 - - [26/Jan/2023:02:57:08 -0500] "POST /sipse/faces/presentacion/financiero/solicitudProceso/listarSolicitudProceso.xhtml HTTP/1.1" 200 1556
201.244.228.175 - - [26/Jan/2023:02:57:08 -0500] "POST /sipse/faces/presentacion/financiero/solicitudProceso/listarSolicitudProceso.xhtml HTTP/1.1" 200 1560
201.244.228.175 - - [26/Jan/2023:02:57:09 -0500] "POST /sipse/faces/presentacion/financiero/solicitudProceso/listarSolicitudProceso.xhtml HTTP/1.1" 200 54556
201.244.228.175 - - [26/Jan/2023:02:57:10 -0500] "POST /sipse/faces/presentacion/financiero/solicitudProceso/listarSolicitudProceso.xhtml HTTP/1.1" 200 54556
201.244.228.175 - - [26/Jan/2023:02:57:10 -0500] "POST /sipse/faces/presentacion/financiero/solicitudProceso/listarSolicitudProceso.xhtml HTTP/1.1" 200 1556
201.244.228.175 - - [26/Jan/2023:02:57:10 -0500] "POST /sipse/faces/presentacion/financiero/solicitudProceso/listarSolicitudProceso.xhtml HTTP/1.1" 200 1560
201.244.228.175 - - [26/Jan/2023:02:57:15 -0500] "POST /sipse/faces/presentacion/financiero/solicitudProceso/listarSolicitudProceso.xhtml HTTP/1.1" 200 30995
201.244.228.175 - - [26/Jan/2023:02:57:15 -0500] "POST /sipse/faces/presentacion/financiero/solicitudProceso/listarSolicitudProceso.xhtml HTTP/1.1" 200 42937
201.244.228.175 - - [26/Jan/2023:02:57:20 -0500] "POST /sipse/faces/presentacion/financiero/solicitudProceso/listarSolicitudProceso.xhtml HTTP/1.1" 200 28166
77.88.5.209 - - [26/Jan/2023:02:57:23 -0500] "-" 408 -
201.244.228.175 - - [26/Jan/2023:02:57:27 -0500] "POST /sipse/faces/presentacion/financiero/solicitudProceso/listarSolicitudProceso.xhtml HTTP/1.1" 200 146802
201.244.228.175 - - [26/Jan/2023:02:57:28 -0500] "GET /sipse/faces/javax.faces.resource/theme.css?ln=primefaces-sipse HTTP/1.1" 304 -
201.244.228.175 - - [26/Jan/2023:02:57:28 -0500] "GET /sipse/faces/javax.faces.resource/layout/layout.css?ln=primefaces&v=4.0 HTTP/1.1" 304 -
201.244.228.175 - - [26/Jan/2023:02:57:28 -0500] "GET /sipse/faces/javax.faces.resource/primefaces.css?ln=primefaces&v=4.0 HTTP/1.1" 304 -
201.244.228.175 - - [26/Jan/2023:02:57:28 -0500] "GET /sipse/faces/javax.faces.resource/jquery/jquery.js?ln=primefaces&v=4.0 HTTP/1.1" 304 -
201.244.228.175 - - [26/Jan/2023:02:57:28 -0500] "GET /sipse/faces/javax.faces.resource/jquery/jquery-plugins.js?ln=primefaces&v=4.0 HTTP/1.1" 304 -
201.244.228.175 - - [26/Jan/2023:02:57:28 -0500] "GET /sipse/faces/javax.faces.resource/primefaces.js?ln=primefaces&v=4.0 HTTP/1.1" 304 -
201.244.228.175 - - [26/Jan/2023:02:57:28 -0500] "GET /sipse/faces/javax.faces.resource/layout/layout.js?ln=primefaces&v=4.0 HTTP/1.1" 304 -
77.88.5.158 - - [26/Jan/2023:02:57:29 -0500] "-" 408 -
201.244.228.175 - - [26/Jan/2023:02:57:30 -0500] "GET /sipse/faces/javax.faces.resource/dynamiccontent.properties?ln=primefaces&pfdrid=XjOR5%2F%2FfPAZAuY9TpWQeCiM0BhlXxYRBGKi%2FQcXXfeA%3D&pfdrid_c=false HTTP/1.1" 500 383
93.158.161.55 - - [26/Jan/2023:02:57:34 -0500] "-" 408 -
77.88.5.226 - - [26/Jan/2023:02:57:39 -0500] "-" 408 -
77.88.5.168 - - [26/Jan/2023:02:57:54 -0500] "-" 408 -
201.244.228.175 - - [26/Jan/2023:02:58:09 -0500] "POST /sipse/faces/presentacion/financiero/solicitudProceso/consultarSolicitudProceso.xhtml HTTP/1.1" 200 5526
77.88.5.159 - - [26/Jan/2023:02:58:09 -0500] "-" 408 -
77.88.5.39 - - [26/Jan/2023:02:58:39 -0500] "-" 408 -
201.244.228.175 - - [26/Jan/2023:02:58:52 -0500] "POST /sipse/faces/presentacion/financiero/solicitudProceso/consultarSolicitudProceso.xhtml HTTP/1.1" 200 5537
201.244.228.175 - - [26/Jan/2023:02:58:53 -0500] "GET /sipse/faces/javax.faces.resource/dynamiccontent.properties?ln=primefaces&pfdrid=XjOR5%2F%2FfPAZAuY9TpWQeCiM0BhlXxYRBGKi%2FQcXXfeA%3D&pfdrid_c=false HTTP/1.1" 200 165354
201.244.228.175 - - [26/Jan/2023:02:59:05 -0500] "POST /sipse/faces/presentacion/financiero/solicitudProceso/consultarSolicitudProceso.xhtml HTTP/1.1" 200 2587607
172.22.2.4 - - [26/Jan/2023:02:57:29 -0500] "HEAD /BLA/boletinlegal/ HTTP/1.1" 200 -
168.119.253.48 - - [26/Jan/2023:02:59:26 -0500] "GET / HTTP/1.1" 200 319
201.244.228.175 - - [26/Jan/2023:02:59:28 -0500] "POST /sipse/faces/presentacion/financiero/solicitudProceso/consultarSolicitudProceso.xhtml HTTP/1.1" 200 4627813
201.244.228.175 - - [26/Jan/2023:02:59:34 -0500] "POST /sipse/faces/presentacion/financiero/solicitudProceso/consultarSolicitudProceso.xhtml HTTP/1.1" 200 967610
77.88.5.207 - - [26/Jan/2023:02:59:39 -0500] "-" 408 -
201.244.228.175 - - [26/Jan/2023:02:59:41 -0500] "POST /sipse/faces/presentacion/financiero/solicitudProceso/consultarSolicitudProceso.xhtml HTTP/1.1" 200 2379051
201.244.228.175 - - [26/Jan/2023:02:59:48 -0500] "POST /sipse/faces/presentacion/financiero/solicitudProceso/consultarSolicitudProceso.xhtml HTTP/1.1" 200 159803
201.244.228.175 - - [26/Jan/2023:02:59:53 -0500] "POST /sipse/faces/presentacion/financiero/solicitudProceso/consultarSolicitudProceso.xhtml HTTP/1.1" 200 85630
201.245.192.253 - - [26/Jan/2023:02:59:53 -0500] "POST /kwsrmcab/Wsrmcab  HTTP/1.1" 200 213
172.22.2.4 - - [26/Jan/2023:02:58:20 -0500] "GET /BLA/boletinlegal/ HTTP/1.1" 200 56825
77.88.5.88 - - [26/Jan/2023:03:00:39 -0500] "-" 408 -
216.245.221.92 - - [26/Jan/2023:03:00:49 -0500] "HEAD / HTTP/1.1" 200 -
172.22.2.4 - - [26/Jan/2023:03:02:20 -0500] "GET /BLA/boletinlegal/ HTTP/1.1" 200 58185
185.119.81.100 - - [26/Jan/2023:03:04:17 -0500] "GET /portaldeninos/wp-login.php HTTP/1.1" 200 2592
185.119.81.100 - - [26/Jan/2023:03:04:18 -0500] "POST /portaldeninos/wp-login.php HTTP/1.1" 200 3605
201.245.192.253 - - [26/Jan/2023:03:04:52 -0500] "POST /kwsrmcab/Wsrmcab  HTTP/1.1" 200 213
172.22.2.4 - - [26/Jan/2023:03:03:20 -0500] "HEAD /BLA/boletinlegal/ HTTP/1.1" 200 -
201.244.228.175 - - [26/Jan/2023:03:05:25 -0500] "POST /sipse/faces/presentacion/financiero/solicitudProceso/consultarSolicitudProceso.xhtml HTTP/1.1" 200 195112
201.244.228.175 - - [26/Jan/2023:03:05:26 -0500] "GET /sipse/faces/javax.faces.resource/theme.css?ln=primefaces-sipse HTTP/1.1" 304 -
201.244.228.175 - - [26/Jan/2023:03:05:26 -0500] "GET /sipse/faces/javax.faces.resource/layout/layout.css?ln=primefaces&v=4.0 HTTP/1.1" 304 -
201.244.228.175 - - [26/Jan/2023:03:05:26 -0500] "GET /sipse/faces/javax.faces.resource/primefaces.css?ln=primefaces&v=4.0 HTTP/1.1" 304 -
201.244.228.175 - - [26/Jan/2023:03:05:26 -0500] "GET /sipse/faces/javax.faces.resource/jquery/jquery.js?ln=primefaces&v=4.0 HTTP/1.1" 304 -
201.244.228.175 - - [26/Jan/2023:03:05:26 -0500] "GET /sipse/faces/javax.faces.resource/jquery/jquery-plugins.js?ln=primefaces&v=4.0 HTTP/1.1" 304 -
201.244.228.175 - - [26/Jan/2023:03:05:26 -0500] "GET /sipse/faces/javax.faces.resource/primefaces.js?ln=primefaces&v=4.0 HTTP/1.1" 304 -
201.244.228.175 - - [26/Jan/2023:03:05:26 -0500] "GET /sipse/faces/javax.faces.resource/layout/layout.js?ln=primefaces&v=4.0 HTTP/1.1" 304 -
201.244.228.175 - - [26/Jan/2023:03:05:26 -0500] "GET /sipse/css/imagen/contrasena.png HTTP/1.1" 404 383
201.244.228.175 - - [26/Jan/2023:03:05:26 -0500] "GET /sipse/faces/javax.faces.resource/images/ui-icons_898989_256x240.png?ln=primefaces-aristo HTTP/1.1" 304 -
201.244.228.175 - - [26/Jan/2023:03:05:28 -0500] "GET /sipse/faces/javax.faces.resource/dynamiccontent.properties?ln=primefaces&pfdrid=XjOR5%2F%2FfPAZAuY9TpWQeCiM0BhlXxYRBGKi%2FQcXXfeA%3D&pfdrid_c=false HTTP/1.1" 500 383
201.244.228.175 - - [26/Jan/2023:03:05:37 -0500] "GET /sipse/faces/javax.faces.resource/images/ui-bg_flat_0_2d5972_40x100.png?ln=primefaces-aristo HTTP/1.1" 304 -
201.244.228.175 - - [26/Jan/2023:03:05:37 -0500] "POST /sipse/faces/presentacion/financiero/solicitudProceso/consultarSolicitudProceso.xhtml HTTP/1.1" 200 58746
201.244.228.175 - - [26/Jan/2023:03:05:40 -0500] "GET /sipse/faces/javax.faces.resource/theme.css?ln=primefaces-sipse HTTP/1.1" 304 -
201.244.228.175 - - [26/Jan/2023:03:05:40 -0500] "GET /sipse/faces/javax.faces.resource/primefaces.css?ln=primefaces&v=4.0 HTTP/1.1" 304 -
201.244.228.175 - - [26/Jan/2023:03:05:40 -0500] "GET /sipse/faces/javax.faces.resource/layout/layout.css?ln=primefaces&v=4.0 HTTP/1.1" 304 -
201.244.228.175 - - [26/Jan/2023:03:05:40 -0500] "GET /sipse/faces/javax.faces.resource/jquery/jquery.js?ln=primefaces&v=4.0 HTTP/1.1" 304 -
201.244.228.175 - - [26/Jan/2023:03:05:40 -0500] "GET /sipse/faces/javax.faces.resource/jquery/jquery-plugins.js?ln=primefaces&v=4.0 HTTP/1.1" 304 -
201.244.228.175 - - [26/Jan/2023:03:05:40 -0500] "GET /sipse/faces/javax.faces.resource/primefaces.js?ln=primefaces&v=4.0 HTTP/1.1" 304 -
201.244.228.175 - - [26/Jan/2023:03:05:40 -0500] "GET /sipse/faces/javax.faces.resource/layout/layout.js?ln=primefaces&v=4.0 HTTP/1.1" 304 -
201.244.228.175 - - [26/Jan/2023:03:05:41 -0500] "GET /sipse/faces/javax.faces.resource/messages/messages.png?ln=primefaces&v=4.0 HTTP/1.1" 304 -
201.244.228.175 - - [26/Jan/2023:03:05:41 -0500] "POST /sipse/faces/presentacion/financiero/solicitudProceso/listarSolicitudProceso.xhtml HTTP/1.1" 200 1556
216.245.221.92 - - [26/Jan/2023:03:05:49 -0500] "HEAD / HTTP/1.1" 200 -
172.22.2.4 - - [26/Jan/2023:03:04:10 -0500] "GET /BLA/boletinlegal/ HTTP/1.1" 200 59404
201.244.228.175 - - [26/Jan/2023:03:06:32 -0500] "POST /sipse/faces/presentacion/financiero/solicitudProceso/listarSolicitudProceso.xhtml HTTP/1.1" 200 144083
201.244.228.175 - - [26/Jan/2023:03:06:33 -0500] "GET /sipse/faces/javax.faces.resource/theme.css?ln=primefaces-sipse HTTP/1.1" 304 -
201.244.228.175 - - [26/Jan/2023:03:06:33 -0500] "GET /sipse/faces/javax.faces.resource/primefaces.css?ln=primefaces&v=4.0 HTTP/1.1" 304 -
201.244.228.175 - - [26/Jan/2023:03:06:33 -0500] "GET /sipse/faces/javax.faces.resource/layout/layout.css?ln=primefaces&v=4.0 HTTP/1.1" 304 -
201.244.228.175 - - [26/Jan/2023:03:06:33 -0500] "GET /sipse/faces/javax.faces.resource/jquery/jquery.js?ln=primefaces&v=4.0 HTTP/1.1" 304 -
201.244.228.175 - - [26/Jan/2023:03:06:33 -0500] "GET /sipse/faces/javax.faces.resource/jquery/jquery-plugins.js?ln=primefaces&v=4.0 HTTP/1.1" 304 -
201.244.228.175 - - [26/Jan/2023:03:06:33 -0500] "GET /sipse/faces/javax.faces.resource/primefaces.js?ln=primefaces&v=4.0 HTTP/1.1" 304 -
201.244.228.175 - - [26/Jan/2023:03:06:33 -0500] "GET /sipse/faces/javax.faces.resource/layout/layout.js?ln=primefaces&v=4.0 HTTP/1.1" 304 -
201.244.228.175 - - [26/Jan/2023:03:06:35 -0500] "GET /sipse/faces/javax.faces.resource/dynamiccontent.properties?ln=primefaces&pfdrid=XjOR5%2F%2FfPAZAuY9TpWQeCiM0BhlXxYRBGKi%2FQcXXfeA%3D&pfdrid_c=false HTTP/1.1" 500 383
201.244.228.175 - - [26/Jan/2023:03:06:44 -0500] "POST /sipse/faces/presentacion/financiero/solicitudProceso/consultarSolicitudProceso.xhtml HTTP/1.1" 200 5526
201.244.228.175 - - [26/Jan/2023:03:08:05 -0500] "POST /sipse/faces/presentacion/financiero/solicitudProceso/consultarSolicitudProceso.xhtml HTTP/1.1" 200 5537
201.244.228.175 - - [26/Jan/2023:03:08:05 -0500] "GET /sipse/faces/javax.faces.resource/dynamiccontent.properties?ln=primefaces&pfdrid=XjOR5%2F%2FfPAZAuY9TpWQeCiM0BhlXxYRBGKi%2FQcXXfeA%3D&pfdrid_c=false HTTP/1.1" 200 165260
