193.35.18.203 - - [28/Jan/2023:05:03:28 -0500] "POST /boaform/admin/formLogin HTTP/1.1" 404 1186
201.245.192.253 - - [28/Jan/2023:05:03:50 -0500] "POST /kwsrmcab/Wsrmcab  HTTP/1.1" 200 213
216.245.221.92 - - [28/Jan/2023:05:04:14 -0500] "HEAD / HTTP/1.1" 200 -
198.235.24.33 - - [28/Jan/2023:05:04:29 -0500] "GET / HTTP/1.1" 200 319
207.46.13.109 - - [28/Jan/2023:05:07:05 -0500] "GET /Publicaciones/2022EE25963.pdf HTTP/1.1" 404 227
172.22.2.4 - - [28/Jan/2023:05:05:33 -0500] "HEAD /BLA/boletinlegal/ HTTP/1.1" 200 -
172.22.2.4 - - [28/Jan/2023:05:06:24 -0500] "GET /BLA/boletinlegal/ HTTP/1.1" 200 57824
201.245.192.253 - - [28/Jan/2023:05:08:48 -0500] "POST /kwsrmcab/Wsrmcab  HTTP/1.1" 200 213
216.245.221.92 - - [28/Jan/2023:05:09:14 -0500] "HEAD / HTTP/1.1" 200 -
40.77.167.13 - - [28/Jan/2023:05:10:45 -0500] "GET /sipse/faces/autenticacion.xhtml HTTP/1.1" 200 12493
207.46.13.109 - - [28/Jan/2023:05:10:56 -0500] "GET /sipse/css/custom_css_sg_prime_login.css HTTP/1.1" 200 443
207.46.13.109 - - [28/Jan/2023:05:10:56 -0500] "GET /sipse/faces/javax.faces.resource/jquery/jquery.js;jsessionid=7iGSKfvp-ppRmnr+UghvcJMA.undefined?ln=primefaces&v=4.0 HTTP/1.1" 200 105384
207.46.13.72 - - [28/Jan/2023:05:11:01 -0500] "GET /sipse/js/funciones.js HTTP/1.1" 200 12592
157.55.39.157 - - [28/Jan/2023:05:11:05 -0500] "GET /sipse/faces/javax.faces.resource/theme.css?ln=primefaces-sipse HTTP/1.1" 200 50058
157.55.39.157 - - [28/Jan/2023:05:11:06 -0500] "GET /sipse/js/disable_browser_buttons.js HTTP/1.1" 200 3230
207.46.13.79 - - [28/Jan/2023:05:12:40 -0500] "GET /portaldeninos/wp-content/uploads/2021/11/dibujos-concurso-vuelo-pajaro-relatos-27-mayo-1024x576.jpg HTTP/1.1" 200 86120
172.22.2.4 - - [28/Jan/2023:05:11:23 -0500] "HEAD /BLA/boletinlegal/ HTTP/1.1" 200 -
201.245.192.253 - - [28/Jan/2023:05:13:47 -0500] "POST /kwsrmcab/Wsrmcab  HTTP/1.1" 200 213
172.22.2.4 - - [28/Jan/2023:05:12:14 -0500] "GET /BLA/boletinlegal/ HTTP/1.1" 200 59404
216.245.221.92 - - [28/Jan/2023:05:14:14 -0500] "HEAD / HTTP/1.1" 200 -
95.174.67.37 - - [28/Jan/2023:05:15:29 -0500] "GET /.env HTTP/1.1" 404 1018
95.174.67.37 - - [28/Jan/2023:05:15:30 -0500] "POST / HTTP/1.1" 200 319
157.55.39.157 - - [28/Jan/2023:05:16:28 -0500] "GET /autoliquidacion2020/index.php?dir=fauna+silvestre HTTP/1.1" 200 3403
17.246.23.152 - - [28/Jan/2023:05:17:46 -0500] "-" 408 -
172.104.49.131 - - [28/Jan/2023:05:18:04 -0500] "CONNECT www.google.com:443 HTTP/1.1" 405 942
173.252.111.8 - - [28/Jan/2023:05:18:17 -0500] "GET /images/Secretaria%20Urrutia%20evento%20h\xc3\xa1bitat%20Francia%2024%20de%20enero.jpeg HTTP/1.1" 404 1034
201.245.192.253 - - [28/Jan/2023:05:18:28 -0500] "POST /kwsrmcab/Wsrmcab HTTP/1.1" 200 41595
201.245.192.253 - - [28/Jan/2023:05:18:31 -0500] "POST /kwsrmcab/Wsrmcab HTTP/1.1" 200 41877
207.46.13.79 - - [28/Jan/2023:05:18:42 -0500] "GET / HTTP/1.1" 200 4720
201.245.192.253 - - [28/Jan/2023:05:18:46 -0500] "POST /kwsrmcab/Wsrmcab  HTTP/1.1" 200 213
172.22.2.4 - - [28/Jan/2023:05:17:13 -0500] "HEAD /BLA/boletinlegal/ HTTP/1.1" 200 -
216.245.221.92 - - [28/Jan/2023:05:19:14 -0500] "HEAD / HTTP/1.1" 200 -
172.22.2.4 - - [28/Jan/2023:05:18:04 -0500] "GET /BLA/boletinlegal/ HTTP/1.1" 200 56825
66.249.64.13 - - [28/Jan/2023:05:19:58 -0500] "-" 408 -
201.245.192.253 - - [28/Jan/2023:05:23:45 -0500] "POST /kwsrmcab/Wsrmcab  HTTP/1.1" 200 213
216.245.221.92 - - [28/Jan/2023:05:24:14 -0500] "HEAD / HTTP/1.1" 200 -
172.22.2.4 - - [28/Jan/2023:05:23:03 -0500] "HEAD /BLA/boletinlegal/ HTTP/1.1" 200 -
172.22.2.4 - - [28/Jan/2023:05:23:54 -0500] "GET /BLA/boletinlegal/ HTTP/1.1" 200 57824
40.77.190.8 - - [28/Jan/2023:05:26:56 -0500] "GET /sipse/css/custom_css_sg.css HTTP/1.1" 200 9694
40.77.189.35 - - [28/Jan/2023:05:26:56 -0500] "GET /sipse/faces/javax.faces.resource/layout/layout.css;jsessionid=7iGSKfvp-ppRmnr+UghvcJMA.undefined?ln=primefaces&v=4.0 HTTP/1.1" 200 542
40.77.189.77 - - [28/Jan/2023:05:26:56 -0500] "GET /sipse/faces/javax.faces.resource/primefaces.css;jsessionid=7iGSKfvp-ppRmnr+UghvcJMA.undefined?ln=primefaces&v=4.0 HTTP/1.1" 200 53295
40.77.188.66 - - [28/Jan/2023:05:26:56 -0500] "GET /sipse/faces/javax.faces.resource/layout/layout.js;jsessionid=7iGSKfvp-ppRmnr+UghvcJMA.undefined?ln=primefaces&v=4.0 HTTP/1.1" 200 87560
40.77.188.188 - - [28/Jan/2023:05:26:56 -0500] "GET /sipse/faces/javax.faces.resource/jquery/jquery-plugins.js;jsessionid=7iGSKfvp-ppRmnr+UghvcJMA.undefined?ln=primefaces&v=4.0 HTTP/1.1" 200 220526
40.77.188.216 - - [28/Jan/2023:05:26:56 -0500] "GET /sipse/faces/javax.faces.resource/primefaces.js;jsessionid=7iGSKfvp-ppRmnr+UghvcJMA.undefined?ln=primefaces&v=4.0 HTTP/1.1" 200 276924
40.77.190.104 - - [28/Jan/2023:05:26:58 -0500] "GET /sipse/faces/index.xhtml HTTP/1.1" 200 677
66.249.64.13 - - [28/Jan/2023:05:27:00 -0500] "-" 408 -
185.119.81.106 - - [28/Jan/2023:05:27:34 -0500] "GET /portaldeninos/wp-login.php HTTP/1.1" 200 2592
185.119.81.106 - - [28/Jan/2023:05:27:35 -0500] "POST /portaldeninos/wp-login.php HTTP/1.1" 200 3605
173.252.127.5 - - [28/Jan/2023:05:27:43 -0500] "GET /camino-guadalupe-aguanoso-abierto-este-fin-de-semana-y-cerrado-los-primeros-dias-de-febrero-por-mantenimiento.html?fbclid=IwAR0Tnnh3NJHssjqLCRuBqQkHEWUu79VF_8mqf2UdRIVYsoplixF55U1Bh7Q HTTP/1.1" 200 804
201.245.192.253 - - [28/Jan/2023:05:28:28 -0500] "POST /kwsrmcab/Wsrmcab HTTP/1.1" 200 41595
201.245.192.253 - - [28/Jan/2023:05:28:31 -0500] "POST /kwsrmcab/Wsrmcab HTTP/1.1" 200 41877
201.245.192.253 - - [28/Jan/2023:05:28:44 -0500] "POST /kwsrmcab/Wsrmcab  HTTP/1.1" 200 213
216.245.221.92 - - [28/Jan/2023:05:29:14 -0500] "HEAD / HTTP/1.1" 200 -
172.22.2.4 - - [28/Jan/2023:05:28:53 -0500] "HEAD /BLA/boletinlegal/ HTTP/1.1" 200 -
172.22.2.4 - - [28/Jan/2023:05:29:44 -0500] "GET /BLA/boletinlegal/ HTTP/1.1" 200 56825
172.22.2.4 - - [28/Jan/2023:05:33:03 -0500] "GET /BLA/boletinlegal/robots.txt HTTP/1.1" 404 1038
172.22.2.4 - - [28/Jan/2023:05:33:04 -0500] "GET /BLA/boletinlegal/jurisprudencia/analisis/analisis%20C-595-2010.doc HTTP/1.1" 304 -
201.245.192.253 - - [28/Jan/2023:05:33:42 -0500] "POST /kwsrmcab/Wsrmcab  HTTP/1.1" 200 213
216.245.221.92 - - [28/Jan/2023:05:34:14 -0500] "HEAD / HTTP/1.1" 200 -
66.249.64.13 - - [28/Jan/2023:05:34:17 -0500] "-" 408 -
157.55.39.202 - - [28/Jan/2023:05:35:41 -0500] "GET /portaldeninos/wp-content/uploads/2020/01/Tierra-escenario.jpg HTTP/1.1" 200 181491
205.169.39.250 - - [28/Jan/2023:05:36:11 -0500] "GET /portaldeninos/wp-includes/js/wp-emoji-release.min.js?ver=4.9.8 HTTP/1.1" 200 12026
205.169.39.250 - - [28/Jan/2023:05:36:15 -0500] "GET /portaldeninos/wp-content/plugins/google-analytics-for-wordpress/assets/js/frontend-gtag.min.js?ver=8.5.0 HTTP/1.1" 200 11801
205.169.39.250 - - [28/Jan/2023:05:36:15 -0500] "GET /portaldeninos/wp-includes/js/jquery/jquery.js?ver=1.12.4 HTTP/1.1" 200 97184
205.169.39.250 - - [28/Jan/2023:05:36:17 -0500] "GET /portaldeninos/wp-includes/js/jquery/jquery-migrate.min.js?ver=1.4.1 HTTP/1.1" 200 10056
205.169.39.250 - - [28/Jan/2023:05:36:17 -0500] "GET /portaldeninos/wp-includes/js/jquery/ui/core.min.js?ver=1.11.4 HTTP/1.1" 200 4000
205.169.39.250 - - [28/Jan/2023:05:36:17 -0500] "GET /portaldeninos/wp-content/plugins/gallery-videos/JS/modernizr.custom.js?ver=4.9.8 HTTP/1.1" 200 9019
157.55.39.157 - - [28/Jan/2023:05:36:16 -0500] "GET /BLA/resoluciones/index.php?dir=RESOLUCIONES+2022%2F HTTP/1.1" 200 279472
205.169.39.250 - - [28/Jan/2023:05:36:17 -0500] "GET /portaldeninos/wp-content/plugins/gallery-videos/JS/Total-Soft-Gallery-Video-Widget.js?ver=4.9.8 HTTP/1.1" 200 80264
205.169.39.250 - - [28/Jan/2023:05:36:18 -0500] "GET /portaldeninos/wp-includes/js/jquery/ui/widget.min.js?ver=1.11.4 HTTP/1.1" 200 6908
205.169.39.250 - - [28/Jan/2023:05:36:18 -0500] "GET /portaldeninos/wp-includes/js/jquery/ui/mouse.min.js?ver=1.11.4 HTTP/1.1" 200 3148
205.169.39.250 - - [28/Jan/2023:05:36:18 -0500] "GET /portaldeninos/wp-includes/js/jquery/ui/sortable.min.js?ver=1.11.4 HTTP/1.1" 200 24899
205.169.39.250 - - [28/Jan/2023:05:36:19 -0500] "GET /portaldeninos/wp-includes/js/jquery/ui/tabs.min.js?ver=1.11.4 HTTP/1.1" 200 12110
205.169.39.250 - - [28/Jan/2023:05:36:19 -0500] "GET /portaldeninos/wp-includes/js/jquery/ui/accordion.min.js?ver=1.11.4 HTTP/1.1" 200 8584
205.169.39.250 - - [28/Jan/2023:05:36:19 -0500] "GET /portaldeninos/wp-content/themes/betheme/js/plugins.js?ver=20.9.6 HTTP/1.1" 200 197151
205.169.39.250 - - [28/Jan/2023:05:36:21 -0500] "GET /portaldeninos/wp-content/themes/betheme/js/menu.js?ver=20.9.6 HTTP/1.1" 200 2449
205.169.39.250 - - [28/Jan/2023:05:36:21 -0500] "GET /portaldeninos/wp-content/themes/betheme/assets/animations/animations.min.js?ver=20.9.6 HTTP/1.1" 200 1896
205.169.39.250 - - [28/Jan/2023:05:36:21 -0500] "GET /portaldeninos/wp-content/themes/betheme/assets/jplayer/jplayer.min.js?ver=20.9.6 HTTP/1.1" 200 52702
205.169.39.250 - - [28/Jan/2023:05:36:21 -0500] "GET /portaldeninos/wp-content/themes/betheme/js/scripts.js?ver=20.9.6 HTTP/1.1" 200 77162
205.169.39.250 - - [28/Jan/2023:05:36:22 -0500] "GET /portaldeninos/wp-includes/js/wp-embed.min.js?ver=4.9.8 HTTP/1.1" 200 1398
172.22.2.4 - - [28/Jan/2023:05:34:43 -0500] "HEAD /BLA/boletinlegal/ HTTP/1.1" 200 -
172.22.2.4 - - [28/Jan/2023:05:35:34 -0500] "GET /BLA/boletinlegal/ HTTP/1.1" 200 57824
201.245.192.253 - - [28/Jan/2023:05:38:29 -0500] "POST /kwsrmcab/Wsrmcab HTTP/1.1" 200 41595
201.245.192.253 - - [28/Jan/2023:05:38:31 -0500] "POST /kwsrmcab/Wsrmcab HTTP/1.1" 200 41877
201.245.192.253 - - [28/Jan/2023:05:38:41 -0500] "POST /kwsrmcab/Wsrmcab  HTTP/1.1" 200 213
216.245.221.92 - - [28/Jan/2023:05:39:14 -0500] "HEAD / HTTP/1.1" 200 -
179.43.177.242 - - [28/Jan/2023:05:39:28 -0500] "GET / HTTP/1.1" 200 319
172.22.2.4 - - [28/Jan/2023:05:40:17 -0500] "GET /BLA/boletinlegal/actos.php HTTP/1.1" 200 9606
172.22.2.4 - - [28/Jan/2023:05:40:17 -0500] "GET /BLA/boletinlegal/favicon.ico HTTP/1.1" 404 1326
190.0.241.186 - - [28/Jan/2023:05:40:20 -0500] "GET /BLA/resoluciones/ HTTP/1.1" 200 13502
190.0.241.186 - - [28/Jan/2023:05:40:28 -0500] "GET /BLA/resoluciones/index.php?dir=RESOLUCIONES+2008%2F HTTP/1.1" 200 976272
205.169.39.141 - - [28/Jan/2023:05:40:34 -0500] "GET /isolucionsda/FrameSetArticulo.asp?Pagina=/IsolucionSDA/BancoConocimiento/R/Resolucion5589del30deSeptiembrede2011/Resolucion5589del30deSeptiembrede2011.asp?IdArticulo=6573 HTTP/1.1" 200 527
66.249.64.13 - - [28/Jan/2023:05:40:35 -0500] "-" 408 -
205.169.39.253 - - [28/Jan/2023:05:40:38 -0500] "GET /isolucionsda/FrameSetArticulo.asp?Pagina=/IsolucionSDA/BancoConocimiento/R/Resolucion3513de2010/Resolucion3513de2010.asp?IdArticulo=2663 HTTP/1.1" 200 527
190.0.241.186 - - [28/Jan/2023:05:40:39 -0500] "GET /BLA/resoluciones/RESOLUCIONES%202008/0971.pdf HTTP/1.1" 200 197709
205.169.39.141 - - [28/Jan/2023:05:40:40 -0500] "GET /isolucionsda/FrameSetArticulo.asp?Pagina=/IsolucionSDA/BancoConocimiento/R/Resolucion5589del30deSeptiembrede2011/Resolucion5589del30deSeptiembrede2011.asp?IdArticulo=6573 HTTP/1.1" 200 527
205.169.39.253 - - [28/Jan/2023:05:40:42 -0500] "GET /isolucionsda/FrameSetArticulo.asp?Pagina=/IsolucionSDA/BancoConocimiento/R/Resolucion3513de2010/Resolucion3513de2010.asp?IdArticulo=2663 HTTP/1.1" 200 527
190.0.241.186 - - [28/Jan/2023:05:41:06 -0500] "GET /BLA/resoluciones/RESOLUCIONES%202008/0917.pdf HTTP/1.1" 200 241431
190.0.241.186 - - [28/Jan/2023:05:41:56 -0500] "GET /BLA/resoluciones/index.php?dir=RESOLUCIONES+2009%2F HTTP/1.1" 200 1694101
190.0.241.186 - - [28/Jan/2023:05:42:10 -0500] "GET /BLA/resoluciones/RESOLUCIONES%202009/8081.pdf HTTP/1.1" 200 435714
172.22.2.4 - - [28/Jan/2023:05:40:33 -0500] "HEAD /BLA/boletinlegal/ HTTP/1.1" 200 -
172.22.2.4 - - [28/Jan/2023:05:41:24 -0500] "GET /BLA/boletinlegal/ HTTP/1.1" 200 57824
190.0.241.186 - - [28/Jan/2023:05:43:16 -0500] "GET /BLA/resoluciones/RESOLUCIONES%202009/8217.pdf HTTP/1.1" 200 543597
201.245.192.253 - - [28/Jan/2023:05:43:40 -0500] "POST /kwsrmcab/Wsrmcab  HTTP/1.1" 200 213
190.0.241.186 - - [28/Jan/2023:05:43:52 -0500] "GET /BLA/resoluciones/RESOLUCIONES%202009/7635.pdf HTTP/1.1" 200 541745
198.235.24.34 - - [28/Jan/2023:05:44:13 -0500] "GET / HTTP/1.0" 200 319
216.245.221.92 - - [28/Jan/2023:05:44:14 -0500] "HEAD / HTTP/1.1" 200 -
190.0.241.186 - - [28/Jan/2023:05:44:49 -0500] "GET /BLA/resoluciones/RESOLUCIONES%202009/6581.pdf HTTP/1.1" 200 535205
173.252.107.6 - - [28/Jan/2023:05:46:08 -0500] "GET /images/vertimiento-Comprimida%20(1).png HTTP/1.1" 200 22870
173.252.107.10 - - [28/Jan/2023:05:46:08 -0500] "GET /images/Secretaria%20Urrutia%20evento%20h\xc3\xa1bitat%20Francia%2024%20de%20enero.jpeg HTTP/1.1" 404 1034
173.252.107.9 - - [28/Jan/2023:05:46:08 -0500] "GET /images/Humedal%20Tunjo%20RAMSAR.jpeg HTTP/1.1" 200 120269
173.252.107.24 - - [28/Jan/2023:05:46:08 -0500] "GET /images/19%20de%20enero%20\xc3\xa1rbol%20bosque%20San%20Carlos.jpg HTTP/1.1" 404 1034
173.252.107.11 - - [28/Jan/2023:05:46:08 -0500] "GET /images/Fauna%20Silvestre%20SDA%2002.jpeg HTTP/1.1" 200 41590
173.252.107.118 - - [28/Jan/2023:05:46:10 -0500] "GET /images/Aire%20Reyes%20(1)%20(1).jpeg HTTP/1.1" 200 59709
173.252.107.12 - - [28/Jan/2023:05:46:10 -0500] "GET /images/mantener-calidad-del-aire_optimized.jpeg HTTP/1.1" 200 67646
64.62.197.175 - - [28/Jan/2023:05:46:26 -0500] "GET /favicon.ico HTTP/1.1" 200 7782
66.249.64.13 - - [28/Jan/2023:05:47:09 -0500] "-" 408 -
205.169.39.76 - - [28/Jan/2023:05:47:14 -0500] "GET /portaldeninos/wp-includes/js/wp-emoji-release.min.js?ver=4.9.8 HTTP/1.1" 200 12026
205.169.39.76 - - [28/Jan/2023:05:47:15 -0500] "GET /portaldeninos/wp-content/plugins/google-analytics-for-wordpress/assets/js/frontend-gtag.min.js?ver=8.5.0 HTTP/1.1" 200 11801
205.169.39.76 - - [28/Jan/2023:05:47:15 -0500] "GET /portaldeninos/wp-includes/js/jquery/jquery.js?ver=1.12.4 HTTP/1.1" 200 97184
205.169.39.76 - - [28/Jan/2023:05:47:15 -0500] "GET /portaldeninos/wp-includes/js/jquery/jquery-migrate.min.js?ver=1.4.1 HTTP/1.1" 200 10056
205.169.39.76 - - [28/Jan/2023:05:47:15 -0500] "GET /portaldeninos/wp-includes/js/jquery/ui/core.min.js?ver=1.11.4 HTTP/1.1" 200 4000
205.169.39.76 - - [28/Jan/2023:05:47:16 -0500] "GET /portaldeninos/wp-content/plugins/gallery-videos/JS/modernizr.custom.js?ver=4.9.8 HTTP/1.1" 200 9019
205.169.39.76 - - [28/Jan/2023:05:47:16 -0500] "GET /portaldeninos/wp-content/plugins/gallery-videos/JS/Total-Soft-Gallery-Video-Widget.js?ver=4.9.8 HTTP/1.1" 200 80264
205.169.39.76 - - [28/Jan/2023:05:47:16 -0500] "GET /portaldeninos/wp-includes/js/jquery/ui/widget.min.js?ver=1.11.4 HTTP/1.1" 200 6908
205.169.39.76 - - [28/Jan/2023:05:47:16 -0500] "GET /portaldeninos/wp-includes/js/jquery/ui/mouse.min.js?ver=1.11.4 HTTP/1.1" 200 3148
205.169.39.76 - - [28/Jan/2023:05:47:16 -0500] "GET /portaldeninos/wp-includes/js/jquery/ui/sortable.min.js?ver=1.11.4 HTTP/1.1" 200 24899
205.169.39.76 - - [28/Jan/2023:05:47:17 -0500] "GET /portaldeninos/wp-includes/js/jquery/ui/tabs.min.js?ver=1.11.4 HTTP/1.1" 200 12110
205.169.39.76 - - [28/Jan/2023:05:47:17 -0500] "GET /portaldeninos/wp-includes/js/jquery/ui/accordion.min.js?ver=1.11.4 HTTP/1.1" 200 8584
205.169.39.76 - - [28/Jan/2023:05:47:17 -0500] "GET /portaldeninos/wp-content/themes/betheme/js/plugins.js?ver=20.9.6 HTTP/1.1" 200 197151
205.169.39.76 - - [28/Jan/2023:05:47:17 -0500] "GET /portaldeninos/wp-content/themes/betheme/js/menu.js?ver=20.9.6 HTTP/1.1" 200 2449
205.169.39.76 - - [28/Jan/2023:05:47:18 -0500] "GET /portaldeninos/wp-content/themes/betheme/assets/animations/animations.min.js?ver=20.9.6 HTTP/1.1" 200 1896
205.169.39.76 - - [28/Jan/2023:05:47:18 -0500] "GET /portaldeninos/wp-content/themes/betheme/assets/jplayer/jplayer.min.js?ver=20.9.6 HTTP/1.1" 200 52702
205.169.39.76 - - [28/Jan/2023:05:47:18 -0500] "GET /portaldeninos/wp-content/themes/betheme/js/scripts.js?ver=20.9.6 HTTP/1.1" 200 77162
205.169.39.76 - - [28/Jan/2023:05:47:18 -0500] "GET /portaldeninos/wp-includes/js/wp-embed.min.js?ver=4.9.8 HTTP/1.1" 200 1398
190.0.241.186 - - [28/Jan/2023:05:47:53 -0500] "GET /BLA/resoluciones/index.php?dir=RESOLUCIONES+2008%2F HTTP/1.1" 200 976272
172.22.2.4 - - [28/Jan/2023:05:46:23 -0500] "HEAD /BLA/boletinlegal/ HTTP/1.1" 200 -
190.0.241.186 - - [28/Jan/2023:05:48:18 -0500] "GET /BLA/resoluciones/RESOLUCIONES%202008/0799.pdf HTTP/1.1" 200 319546
190.0.241.186 - - [28/Jan/2023:05:48:27 -0500] "GET /BLA/resoluciones/RESOLUCIONES%202008/0756.pdf HTTP/1.1" 200 320806
201.245.192.253 - - [28/Jan/2023:05:48:39 -0500] "POST /kwsrmcab/Wsrmcab  HTTP/1.1" 200 213
172.22.2.4 - - [28/Jan/2023:05:47:13 -0500] "GET /BLA/boletinlegal/ HTTP/1.1" 200 57824
190.0.241.186 - - [28/Jan/2023:05:48:54 -0500] "GET /BLA/resoluciones/index.php?dir=RESOLUCIONES+2009%2F HTTP/1.1" 200 1694101
190.0.241.186 - - [28/Jan/2023:05:49:04 -0500] "GET /BLA/resoluciones/RESOLUCIONES%202009/5852.pdf HTTP/1.1" 200 107062
190.0.241.186 - - [28/Jan/2023:05:49:13 -0500] "GET /BLA/resoluciones/RESOLUCIONES%202009/5914.pdf HTTP/1.1" 200 474293
216.245.221.92 - - [28/Jan/2023:05:49:14 -0500] "HEAD / HTTP/1.1" 200 -
5.188.210.227 - - [28/Jan/2023:05:49:34 -0500] "GET http://5.188.210.227/echo.php HTTP/1.1" 404 1151
190.0.241.186 - - [28/Jan/2023:05:50:00 -0500] "GET /BLA/resoluciones/index.php?dir=RESOLUCIONES+2018%2F HTTP/1.1" 200 274157
190.0.241.186 - - [28/Jan/2023:05:50:23 -0500] "GET /BLA/resoluciones/index.php?dir=RESOLUCIONES+2018%2F HTTP/1.1" 200 274157
198.235.24.42 - - [28/Jan/2023:05:50:54 -0500] "GET / HTTP/1.1" 200 319
157.55.39.71 - - [28/Jan/2023:05:50:58 -0500] "GET /BLA/resoluciones/RESOLUCIONES%202021/1346.pdf HTTP/1.1" 304 -
190.0.241.186 - - [28/Jan/2023:05:51:09 -0500] "GET /BLA/resoluciones/index.php?dir=RESOLUCIONES+2017%2F HTTP/1.1" 200 285467
190.0.241.186 - - [28/Jan/2023:05:52:50 -0500] "GET /BLA/resoluciones/RESOLUCIONES%202017/3399.pdf HTTP/1.1" 200 381022
66.249.64.13 - - [28/Jan/2023:05:53:34 -0500] "-" 408 -
201.245.192.253 - - [28/Jan/2023:05:53:38 -0500] "POST /kwsrmcab/Wsrmcab  HTTP/1.1" 200 213
172.22.2.4 - - [28/Jan/2023:05:52:13 -0500] "HEAD /BLA/boletinlegal/ HTTP/1.1" 200 -
216.245.221.92 - - [28/Jan/2023:05:54:14 -0500] "HEAD / HTTP/1.1" 200 -
190.0.241.186 - - [28/Jan/2023:05:54:16 -0500] "GET /BLA/resoluciones/index.php?dir=RESOLUCIONES+2018%2F HTTP/1.1" 200 274157
190.0.241.186 - - [28/Jan/2023:05:54:35 -0500] "GET /BLA/resoluciones/index.php?dir=RESOLUCIONES+2008%2F HTTP/1.1" 200 976272
172.22.2.4 - - [28/Jan/2023:05:53:03 -0500] "GET /BLA/boletinlegal/ HTTP/1.1" 200 58612
190.0.241.186 - - [28/Jan/2023:05:54:49 -0500] "GET /BLA/resoluciones/RESOLUCIONES%202008/2463.pdf HTTP/1.1" 200 248933
190.0.241.186 - - [28/Jan/2023:05:55:16 -0500] "GET /BLA/resoluciones/index.php?dir=RESOLUCIONES+2017%2F HTTP/1.1" 200 285467
190.0.241.186 - - [28/Jan/2023:05:56:06 -0500] "GET /BLA/resoluciones/index.php?dir=RESOLUCIONES+2008%2F HTTP/1.1" 200 976272
190.0.241.186 - - [28/Jan/2023:05:56:17 -0500] "GET /BLA/resoluciones/RESOLUCIONES%202008/1940.pdf HTTP/1.1" 200 208148
157.55.39.71 - - [28/Jan/2023:05:56:38 -0500] "GET /appsia/controlador HTTP/1.1" 200 4799
190.0.241.186 - - [28/Jan/2023:05:56:39 -0500] "GET /BLA/resoluciones/RESOLUCIONES%202008/1932.pdf HTTP/1.1" 200 214454
207.46.13.77 - - [28/Jan/2023:05:56:47 -0500] "GET /appsia/css/estilos.css HTTP/1.1" 200 4804
157.55.39.157 - - [28/Jan/2023:05:56:52 -0500] "GET /appsia/scripts/validarIngreso.js HTTP/1.1" 200 851
190.0.241.186 - - [28/Jan/2023:05:56:59 -0500] "GET /BLA/resoluciones/index.php?dir=RESOLUCIONES+2009%2F HTTP/1.1" 200 1694101
190.0.241.186 - - [28/Jan/2023:05:57:19 -0500] "GET /BLA/resoluciones/RESOLUCIONES%202009/1805.pdf HTTP/1.1" 200 615974
185.119.81.100 - - [28/Jan/2023:05:58:24 -0500] "GET /portaldeninos/wp-login.php HTTP/1.1" 200 2592
207.46.13.79 - - [28/Jan/2023:05:58:25 -0500] "GET /portaldeninos/wp-content/uploads/2020/11/Humedal-octubre-6-1200x480.jpg HTTP/1.1" 200 127212
185.119.81.100 - - [28/Jan/2023:05:58:25 -0500] "POST /portaldeninos/wp-login.php HTTP/1.1" 200 3605
201.245.192.253 - - [28/Jan/2023:05:58:37 -0500] "POST /kwsrmcab/Wsrmcab  HTTP/1.1" 200 213
162.55.38.160 - - [28/Jan/2023:05:59:02 -0500] "GET / HTTP/1.1" 200 319
216.245.221.92 - - [28/Jan/2023:05:59:14 -0500] "HEAD / HTTP/1.1" 200 -
172.22.2.4 - - [28/Jan/2023:05:58:03 -0500] "HEAD /BLA/boletinlegal/ HTTP/1.1" 200 -
172.22.2.4 - - [28/Jan/2023:05:58:54 -0500] "GET /BLA/boletinlegal/ HTTP/1.1" 200 54452
201.245.192.253 - - [28/Jan/2023:06:03:37 -0500] "POST /kwsrmcab/Wsrmcab  HTTP/1.1" 200 213
216.245.221.92 - - [28/Jan/2023:06:04:14 -0500] "HEAD / HTTP/1.1" 200 -
190.0.241.186 - - [28/Jan/2023:06:04:19 -0500] "GET /BLA/resoluciones/index.php?dir=RESOLUCIONES+2017%2F HTTP/1.1" 200 285467
205.169.39.85 - - [28/Jan/2023:06:05:16 -0500] "GET /portaldeninos/wp-includes/js/wp-emoji-release.min.js?ver=4.9.8 HTTP/1.1" 200 12026
205.169.39.85 - - [28/Jan/2023:06:05:16 -0500] "GET /portaldeninos/wp-content/plugins/google-analytics-for-wordpress/assets/js/frontend-gtag.min.js?ver=8.5.0 HTTP/1.1" 200 11801
205.169.39.85 - - [28/Jan/2023:06:05:17 -0500] "GET /portaldeninos/wp-includes/js/jquery/jquery.js?ver=1.12.4 HTTP/1.1" 200 97184
205.169.39.85 - - [28/Jan/2023:06:05:18 -0500] "GET /portaldeninos/wp-includes/js/jquery/jquery-migrate.min.js?ver=1.4.1 HTTP/1.1" 200 10056
205.169.39.85 - - [28/Jan/2023:06:05:18 -0500] "GET /portaldeninos/wp-includes/js/jquery/ui/core.min.js?ver=1.11.4 HTTP/1.1" 200 4000
205.169.39.85 - - [28/Jan/2023:06:05:18 -0500] "GET /portaldeninos/wp-content/plugins/gallery-videos/JS/modernizr.custom.js?ver=4.9.8 HTTP/1.1" 200 9019
205.169.39.85 - - [28/Jan/2023:06:05:19 -0500] "GET /portaldeninos/wp-content/plugins/gallery-videos/JS/Total-Soft-Gallery-Video-Widget.js?ver=4.9.8 HTTP/1.1" 200 80264
205.169.39.85 - - [28/Jan/2023:06:05:19 -0500] "GET /portaldeninos/wp-includes/js/jquery/ui/widget.min.js?ver=1.11.4 HTTP/1.1" 200 6908
205.169.39.85 - - [28/Jan/2023:06:05:19 -0500] "GET /portaldeninos/wp-includes/js/jquery/ui/mouse.min.js?ver=1.11.4 HTTP/1.1" 200 3148
205.169.39.85 - - [28/Jan/2023:06:05:20 -0500] "GET /portaldeninos/wp-includes/js/jquery/ui/sortable.min.js?ver=1.11.4 HTTP/1.1" 200 24899
205.169.39.85 - - [28/Jan/2023:06:05:20 -0500] "GET /portaldeninos/wp-includes/js/jquery/ui/tabs.min.js?ver=1.11.4 HTTP/1.1" 200 12110
205.169.39.85 - - [28/Jan/2023:06:05:21 -0500] "GET /portaldeninos/wp-includes/js/jquery/ui/accordion.min.js?ver=1.11.4 HTTP/1.1" 200 8584
205.169.39.85 - - [28/Jan/2023:06:05:21 -0500] "GET /portaldeninos/wp-content/themes/betheme/js/plugins.js?ver=20.9.6 HTTP/1.1" 200 197151
205.169.39.85 - - [28/Jan/2023:06:05:22 -0500] "GET /portaldeninos/wp-content/themes/betheme/js/menu.js?ver=20.9.6 HTTP/1.1" 200 2449
205.169.39.85 - - [28/Jan/2023:06:05:22 -0500] "GET /portaldeninos/wp-content/themes/betheme/assets/animations/animations.min.js?ver=20.9.6 HTTP/1.1" 200 1896
205.169.39.85 - - [28/Jan/2023:06:05:22 -0500] "GET /portaldeninos/wp-content/themes/betheme/assets/jplayer/jplayer.min.js?ver=20.9.6 HTTP/1.1" 200 52702
205.169.39.85 - - [28/Jan/2023:06:05:22 -0500] "GET /portaldeninos/wp-content/themes/betheme/js/scripts.js?ver=20.9.6 HTTP/1.1" 200 77162
205.169.39.85 - - [28/Jan/2023:06:05:23 -0500] "GET /portaldeninos/wp-includes/js/wp-embed.min.js?ver=4.9.8 HTTP/1.1" 200 1398
172.22.2.4 - - [28/Jan/2023:06:03:53 -0500] "HEAD /BLA/boletinlegal/ HTTP/1.1" 200 -
172.22.2.4 - - [28/Jan/2023:06:04:44 -0500] "GET /BLA/boletinlegal/ HTTP/1.1" 200 56825
66.249.64.13 - - [28/Jan/2023:06:06:32 -0500] "-" 408 -
190.0.241.186 - - [28/Jan/2023:06:06:51 -0500] "GET /BLA/resoluciones/index.php?dir=RESOLUCIONES+2017%2F HTTP/1.1" 200 285467
40.77.167.95 - - [28/Jan/2023:06:07:21 -0500] "-" 408 -
190.0.241.186 - - [28/Jan/2023:06:07:45 -0500] "GET /BLA/resoluciones/index.php?dir=RESOLUCIONES+2008%2F HTTP/1.1" 200 976272
190.0.241.186 - - [28/Jan/2023:06:07:55 -0500] "GET /BLA/resoluciones/RESOLUCIONES%202008/1248.pdf HTTP/1.1" 200 293203
201.245.192.253 - - [28/Jan/2023:06:08:35 -0500] "POST /kwsrmcab/Wsrmcab  HTTP/1.1" 200 213
216.245.221.92 - - [28/Jan/2023:06:09:14 -0500] "HEAD / HTTP/1.1" 200 -
190.0.241.186 - - [28/Jan/2023:06:10:08 -0500] "GET /BLA/resoluciones/index.php?dir=RESOLUCIONES+2017%2F HTTP/1.1" 200 285467
190.0.241.186 - - [28/Jan/2023:06:10:34 -0500] "GET /BLA/resoluciones/index.php?dir=RESOLUCIONES+2017%2F HTTP/1.1" 200 285467
190.0.241.186 - - [28/Jan/2023:06:11:16 -0500] "GET /BLA/resoluciones/index.php?dir=RESOLUCIONES+2009%2F HTTP/1.1" 200 1694101
172.22.2.4 - - [28/Jan/2023:06:09:43 -0500] "HEAD /BLA/boletinlegal/ HTTP/1.1" 200 -
190.0.241.186 - - [28/Jan/2023:06:11:35 -0500] "GET /BLA/resoluciones/RESOLUCIONES%202009/7065.pdf HTTP/1.1" 200 363816
190.0.241.186 - - [28/Jan/2023:06:12:04 -0500] "GET /BLA/resoluciones/index.php?dir=RESOLUCIONES+2009%2F HTTP/1.1" 200 1694101
172.22.2.4 - - [28/Jan/2023:06:10:34 -0500] "GET /BLA/boletinlegal/ HTTP/1.1" 200 55680
190.0.241.186 - - [28/Jan/2023:06:12:35 -0500] "GET /BLA/resoluciones/RESOLUCIONES%202009/7064.pdf HTTP/1.1" 200 363882
190.0.241.186 - - [28/Jan/2023:06:12:55 -0500] "GET /BLA/resoluciones/RESOLUCIONES%202009/7062.pdf HTTP/1.1" 200 354430
190.0.241.186 - - [28/Jan/2023:06:13:15 -0500] "GET /BLA/resoluciones/RESOLUCIONES%202009/7058.pdf HTTP/1.1" 200 376472
190.0.241.186 - - [28/Jan/2023:06:13:30 -0500] "GET /BLA/resoluciones/RESOLUCIONES%202009/7057.pdf HTTP/1.1" 200 367330
201.245.192.253 - - [28/Jan/2023:06:13:34 -0500] "POST /kwsrmcab/Wsrmcab  HTTP/1.1" 200 213
190.0.241.186 - - [28/Jan/2023:06:13:48 -0500] "GET /BLA/resoluciones/RESOLUCIONES%202009/7053.pdf HTTP/1.1" 200 369696
190.0.241.186 - - [28/Jan/2023:06:14:10 -0500] "GET /BLA/resoluciones/RESOLUCIONES%202009/6880.pdf HTTP/1.1" 200 334108
216.245.221.92 - - [28/Jan/2023:06:14:14 -0500] "HEAD / HTTP/1.1" 200 -
190.0.241.186 - - [28/Jan/2023:06:14:29 -0500] "GET /BLA/resoluciones/RESOLUCIONES%202009/6876.pdf HTTP/1.1" 200 281395
172.22.2.4 - - [28/Jan/2023:06:14:40 -0500] "GET /BLA/boletinlegal/favicon.ico HTTP/1.1" 404 1038
157.55.39.157 - - [28/Jan/2023:06:14:40 -0500] "GET /BLA/resoluciones/index.php?dir=RESOLUCIONES+2022%2F HTTP/1.1" 200 279472
190.0.241.186 - - [28/Jan/2023:06:15:14 -0500] "GET /BLA/resoluciones/RESOLUCIONES%202009/6862.pdf HTTP/1.1" 200 321998
205.169.39.98 - - [28/Jan/2023:06:15:29 -0500] "GET /portaldeninos/wp-includes/js/wp-emoji-release.min.js?ver=4.9.8 HTTP/1.1" 200 12026
205.169.39.98 - - [28/Jan/2023:06:15:30 -0500] "GET /portaldeninos/wp-content/plugins/google-analytics-for-wordpress/assets/js/frontend-gtag.min.js?ver=8.5.0 HTTP/1.1" 200 11801
205.169.39.98 - - [28/Jan/2023:06:15:30 -0500] "GET /portaldeninos/wp-includes/js/jquery/jquery.js?ver=1.12.4 HTTP/1.1" 200 97184
205.169.39.98 - - [28/Jan/2023:06:15:31 -0500] "GET /portaldeninos/wp-includes/js/jquery/jquery-migrate.min.js?ver=1.4.1 HTTP/1.1" 200 10056
205.169.39.98 - - [28/Jan/2023:06:15:31 -0500] "GET /portaldeninos/wp-includes/js/jquery/ui/core.min.js?ver=1.11.4 HTTP/1.1" 200 4000
205.169.39.98 - - [28/Jan/2023:06:15:31 -0500] "GET /portaldeninos/wp-content/plugins/gallery-videos/JS/modernizr.custom.js?ver=4.9.8 HTTP/1.1" 200 9019
205.169.39.98 - - [28/Jan/2023:06:15:31 -0500] "GET /portaldeninos/wp-content/plugins/gallery-videos/JS/Total-Soft-Gallery-Video-Widget.js?ver=4.9.8 HTTP/1.1" 200 80264
205.169.39.98 - - [28/Jan/2023:06:15:31 -0500] "GET /portaldeninos/wp-includes/js/jquery/ui/widget.min.js?ver=1.11.4 HTTP/1.1" 200 6908
205.169.39.98 - - [28/Jan/2023:06:15:31 -0500] "GET /portaldeninos/wp-includes/js/jquery/ui/mouse.min.js?ver=1.11.4 HTTP/1.1" 200 3148
205.169.39.98 - - [28/Jan/2023:06:15:32 -0500] "GET /portaldeninos/wp-includes/js/jquery/ui/sortable.min.js?ver=1.11.4 HTTP/1.1" 200 24899
205.169.39.98 - - [28/Jan/2023:06:15:32 -0500] "GET /portaldeninos/wp-includes/js/jquery/ui/tabs.min.js?ver=1.11.4 HTTP/1.1" 200 12110
205.169.39.98 - - [28/Jan/2023:06:15:32 -0500] "GET /portaldeninos/wp-includes/js/jquery/ui/accordion.min.js?ver=1.11.4 HTTP/1.1" 200 8584
205.169.39.98 - - [28/Jan/2023:06:15:32 -0500] "GET /portaldeninos/wp-content/themes/betheme/js/plugins.js?ver=20.9.6 HTTP/1.1" 200 197151
205.169.39.98 - - [28/Jan/2023:06:15:33 -0500] "GET /portaldeninos/wp-content/themes/betheme/js/menu.js?ver=20.9.6 HTTP/1.1" 200 2449
205.169.39.98 - - [28/Jan/2023:06:15:33 -0500] "GET /portaldeninos/wp-content/themes/betheme/assets/animations/animations.min.js?ver=20.9.6 HTTP/1.1" 200 1896
205.169.39.98 - - [28/Jan/2023:06:15:33 -0500] "GET /portaldeninos/wp-content/themes/betheme/assets/jplayer/jplayer.min.js?ver=20.9.6 HTTP/1.1" 200 52702
205.169.39.98 - - [28/Jan/2023:06:15:33 -0500] "GET /portaldeninos/wp-content/themes/betheme/js/scripts.js?ver=20.9.6 HTTP/1.1" 200 77162
205.169.39.98 - - [28/Jan/2023:06:15:34 -0500] "GET /portaldeninos/wp-includes/js/wp-embed.min.js?ver=4.9.8 HTTP/1.1" 200 1398
190.0.241.186 - - [28/Jan/2023:06:15:48 -0500] "GET /BLA/resoluciones/RESOLUCIONES%202009/3977.pdf HTTP/1.1" 200 519615
190.0.241.186 - - [28/Jan/2023:06:16:22 -0500] "GET /BLA/resoluciones/index.php?dir=RESOLUCIONES+2007%2F HTTP/1.1" 200 35450
190.0.241.186 - - [28/Jan/2023:06:16:30 -0500] "GET /BLA/resoluciones/index.php?dir=RESOLUCIONES+2007%2FRES+2007+2901+AL+3000%2F HTTP/1.1" 200 26859
190.0.241.186 - - [28/Jan/2023:06:16:38 -0500] "GET /BLA/resoluciones/RESOLUCIONES%202007/RES%202007%202901%20AL%203000/RESOLUCION%203000%20DE%202007.pdf HTTP/1.1" 200 642144
172.22.2.4 - - [28/Jan/2023:06:15:33 -0500] "HEAD /BLA/boletinlegal/ HTTP/1.1" 200 -
172.22.2.4 - - [28/Jan/2023:06:16:24 -0500] "GET /BLA/boletinlegal/ HTTP/1.1" 200 57824
201.245.192.253 - - [28/Jan/2023:06:18:29 -0500] "POST /kwsrmcab/Wsrmcab HTTP/1.1" 200 41453
201.245.192.253 - - [28/Jan/2023:06:18:31 -0500] "POST /kwsrmcab/Wsrmcab HTTP/1.1" 200 41876
201.245.192.253 - - [28/Jan/2023:06:18:33 -0500] "POST /kwsrmcab/Wsrmcab  HTTP/1.1" 200 213
207.46.13.120 - - [28/Jan/2023:06:18:36 -0500] "GET /images/Quebrada1.jpg HTTP/1.1" 200 77711
216.245.221.92 - - [28/Jan/2023:06:19:14 -0500] "HEAD / HTTP/1.1" 200 -
173.252.107.9 - - [28/Jan/2023:06:22:34 -0500] "GET /piloto-de-etiquetado-herramienta-para-clasificar-ambientalmente-los-vehiculos-segun-cuanto-emiten.html HTTP/1.1" 206 985
173.252.107.9 - - [28/Jan/2023:06:22:35 -0500] "GET /images/EVA%20SDA%20(1)%20(1).jpeg HTTP/1.1" 200 49077
173.252.95.20 - - [28/Jan/2023:06:22:35 -0500] "GET /images/EVA%20SDA%20(1)%20(1).jpeg HTTP/1.1" 200 49077
172.22.2.4 - - [28/Jan/2023:06:21:23 -0500] "HEAD /BLA/boletinlegal/ HTTP/1.1" 200 -
201.245.192.253 - - [28/Jan/2023:06:23:32 -0500] "POST /kwsrmcab/Wsrmcab  HTTP/1.1" 200 213
66.249.64.13 - - [28/Jan/2023:06:23:39 -0500] "-" 408 -
172.22.2.4 - - [28/Jan/2023:06:22:13 -0500] "GET /BLA/boletinlegal/ HTTP/1.1" 200 57824
216.245.221.92 - - [28/Jan/2023:06:24:14 -0500] "HEAD / HTTP/1.1" 200 -
201.245.192.253 - - [28/Jan/2023:06:28:28 -0500] "POST /kwsrmcab/Wsrmcab HTTP/1.1" 200 41453
201.245.192.253 - - [28/Jan/2023:06:28:31 -0500] "POST /kwsrmcab/Wsrmcab HTTP/1.1" 200 41876
201.245.192.253 - - [28/Jan/2023:06:28:31 -0500] "POST /kwsrmcab/Wsrmcab  HTTP/1.1" 200 213
172.22.2.4 - - [28/Jan/2023:06:27:13 -0500] "HEAD /BLA/boletinlegal/ HTTP/1.1" 200 -
216.245.221.92 - - [28/Jan/2023:06:29:14 -0500] "HEAD / HTTP/1.1" 200 -
66.249.64.13 - - [28/Jan/2023:06:29:29 -0500] "-" 408 -
172.22.2.4 - - [28/Jan/2023:06:28:03 -0500] "GET /BLA/boletinlegal/ HTTP/1.1" 200 59404
185.119.81.102 - - [28/Jan/2023:06:30:43 -0500] "GET /portaldeninos/wp-login.php HTTP/1.1" 200 2592
185.119.81.102 - - [28/Jan/2023:06:30:44 -0500] "POST /portaldeninos/wp-login.php HTTP/1.1" 200 3650
205.169.39.170 - - [28/Jan/2023:06:32:13 -0500] "GET /portaldeninos/wp-includes/js/wp-emoji-release.min.js?ver=4.9.8 HTTP/1.1" 200 12026
205.169.39.170 - - [28/Jan/2023:06:32:13 -0500] "GET /portaldeninos/wp-content/plugins/google-analytics-for-wordpress/assets/js/frontend-gtag.min.js?ver=8.5.0 HTTP/1.1" 200 11801
205.169.39.170 - - [28/Jan/2023:06:32:14 -0500] "GET /portaldeninos/wp-includes/js/jquery/jquery.js?ver=1.12.4 HTTP/1.1" 200 97184
205.169.39.170 - - [28/Jan/2023:06:32:14 -0500] "GET /portaldeninos/wp-includes/js/jquery/jquery-migrate.min.js?ver=1.4.1 HTTP/1.1" 200 10056
205.169.39.170 - - [28/Jan/2023:06:32:14 -0500] "GET /portaldeninos/wp-includes/js/jquery/ui/core.min.js?ver=1.11.4 HTTP/1.1" 200 4000
205.169.39.170 - - [28/Jan/2023:06:32:14 -0500] "GET /portaldeninos/wp-content/plugins/gallery-videos/JS/modernizr.custom.js?ver=4.9.8 HTTP/1.1" 200 9019
205.169.39.170 - - [28/Jan/2023:06:32:15 -0500] "GET /portaldeninos/wp-content/plugins/gallery-videos/JS/Total-Soft-Gallery-Video-Widget.js?ver=4.9.8 HTTP/1.1" 200 80264
205.169.39.170 - - [28/Jan/2023:06:32:15 -0500] "GET /portaldeninos/wp-includes/js/jquery/ui/widget.min.js?ver=1.11.4 HTTP/1.1" 200 6908
205.169.39.170 - - [28/Jan/2023:06:32:15 -0500] "GET /portaldeninos/wp-includes/js/jquery/ui/mouse.min.js?ver=1.11.4 HTTP/1.1" 200 3148
205.169.39.170 - - [28/Jan/2023:06:32:15 -0500] "GET /portaldeninos/wp-includes/js/jquery/ui/sortable.min.js?ver=1.11.4 HTTP/1.1" 200 24899
205.169.39.170 - - [28/Jan/2023:06:32:15 -0500] "GET /portaldeninos/wp-includes/js/jquery/ui/tabs.min.js?ver=1.11.4 HTTP/1.1" 200 12110
205.169.39.170 - - [28/Jan/2023:06:32:16 -0500] "GET /portaldeninos/wp-includes/js/jquery/ui/accordion.min.js?ver=1.11.4 HTTP/1.1" 200 8584
205.169.39.170 - - [28/Jan/2023:06:32:16 -0500] "GET /portaldeninos/wp-content/themes/betheme/js/plugins.js?ver=20.9.6 HTTP/1.1" 200 197151
205.169.39.170 - - [28/Jan/2023:06:32:16 -0500] "GET /portaldeninos/wp-content/themes/betheme/js/menu.js?ver=20.9.6 HTTP/1.1" 200 2449
205.169.39.170 - - [28/Jan/2023:06:32:16 -0500] "GET /portaldeninos/wp-content/themes/betheme/assets/animations/animations.min.js?ver=20.9.6 HTTP/1.1" 200 1896
205.169.39.170 - - [28/Jan/2023:06:32:16 -0500] "GET /portaldeninos/wp-content/themes/betheme/assets/jplayer/jplayer.min.js?ver=20.9.6 HTTP/1.1" 200 52702
205.169.39.170 - - [28/Jan/2023:06:32:17 -0500] "GET /portaldeninos/wp-content/themes/betheme/js/scripts.js?ver=20.9.6 HTTP/1.1" 200 77162
205.169.39.170 - - [28/Jan/2023:06:32:17 -0500] "GET /portaldeninos/wp-includes/js/wp-embed.min.js?ver=4.9.8 HTTP/1.1" 200 1398
207.46.13.46 - - [28/Jan/2023:06:32:19 -0500] "GET /portaldeninos/2021/05/21/2070/ HTTP/1.1" 200 109949
157.55.39.202 - - [28/Jan/2023:06:32:37 -0500] "GET /portaldeninos/wp-content/plugins/gallery-videos/CSS/Total-Soft-Gallery-Video-Widget.css?ver=4.9.8 HTTP/1.1" 200 51554
157.55.39.202 - - [28/Jan/2023:06:32:37 -0500] "GET /portaldeninos/wp-content/plugins/gallery-videos/JS/modernizr.custom.js?ver=4.9.8 HTTP/1.1" 200 9019
157.55.39.202 - - [28/Jan/2023:06:32:37 -0500] "GET /portaldeninos/wp-content/themes/betheme/assets/jplayer/css/jplayer.blue.monday.css?ver=20.9.6 HTTP/1.1" 200 9834
207.46.13.120 - - [28/Jan/2023:06:32:37 -0500] "GET /portaldeninos/wp-content/themes/betheme/assets/jplayer/jplayer.min.js?ver=20.9.6 HTTP/1.1" 200 52702
157.55.39.202 - - [28/Jan/2023:06:32:38 -0500] "GET /portaldeninos/wp-content/themes/betheme/css/base.css?ver=20.9.6 HTTP/1.1" 200 57283
207.46.13.79 - - [28/Jan/2023:06:32:38 -0500] "GET /portaldeninos/wp-content/themes/betheme/js/menu.js?ver=20.9.6 HTTP/1.1" 200 2449
157.55.39.202 - - [28/Jan/2023:06:32:38 -0500] "GET /portaldeninos/wp-content/themes/betheme/css/responsive.css?ver=20.9.6 HTTP/1.1" 200 55740
157.55.39.202 - - [28/Jan/2023:06:32:38 -0500] "GET /portaldeninos/wp-includes/js/comment-reply.min.js?ver=4.9.8 HTTP/1.1" 200 1078
157.55.39.202 - - [28/Jan/2023:06:32:38 -0500] "GET /portaldeninos/wp-includes/js/jquery/jquery-migrate.min.js?ver=1.4.1 HTTP/1.1" 200 10056
207.46.13.73 - - [28/Jan/2023:06:32:39 -0500] "GET /portaldeninos/wp-content/themes/betheme/assets/animations/animations.min.js?ver=20.9.6 HTTP/1.1" 200 1896
207.46.13.46 - - [28/Jan/2023:06:32:43 -0500] "GET /portaldeninos/wp-content/plugins/gallery-videos/JS/Total-Soft-Gallery-Video-Widget.js?ver=4.9.8 HTTP/1.1" 200 80264
207.46.13.46 - - [28/Jan/2023:06:32:44 -0500] "GET /portaldeninos/wp-content/themes/betheme/assets/animations/animations.min.css?ver=20.9.6 HTTP/1.1" 200 58508
207.46.13.46 - - [28/Jan/2023:06:32:44 -0500] "GET /portaldeninos/wp-includes/js/jquery/ui/accordion.min.js?ver=1.11.4 HTTP/1.1" 200 8584
207.46.13.46 - - [28/Jan/2023:06:32:44 -0500] "GET /portaldeninos/wp-includes/js/wp-embed.min.js?ver=4.9.8 HTTP/1.1" 200 1398
207.46.13.120 - - [28/Jan/2023:06:32:48 -0500] "GET /portaldeninos/wp-content/themes/betheme/js/plugins.js?ver=20.9.6 HTTP/1.1" 200 197151
207.46.13.120 - - [28/Jan/2023:06:32:49 -0500] "GET /portaldeninos/wp-includes/js/jquery/ui/sortable.min.js?ver=1.11.4 HTTP/1.1" 200 24899
207.46.13.120 - - [28/Jan/2023:06:32:49 -0500] "GET /portaldeninos/wp-includes/js/wp-emoji-release.min.js?ver=4.9.8 HTTP/1.1" 200 12026
207.46.13.73 - - [28/Jan/2023:06:32:52 -0500] "GET /portaldeninos/wp-content/themes/betheme/css/shortcodes.css?ver=20.9.6 HTTP/1.1" 200 138889
207.46.13.73 - - [28/Jan/2023:06:32:53 -0500] "GET /portaldeninos/wp-content/themes/betheme/style.css?ver=20.9.6 HTTP/1.1" 200 287
207.46.13.73 - - [28/Jan/2023:06:32:53 -0500] "GET /portaldeninos/wp-includes/js/jquery/ui/core.min.js?ver=1.11.4 HTTP/1.1" 200 4000
207.46.13.79 - - [28/Jan/2023:06:32:58 -0500] "GET /portaldeninos/wp-includes/js/jquery/ui/mouse.min.js?ver=1.11.4 HTTP/1.1" 200 3148
207.46.13.79 - - [28/Jan/2023:06:32:58 -0500] "GET /portaldeninos/wp-includes/js/jquery/ui/tabs.min.js?ver=1.11.4 HTTP/1.1" 200 12110
207.46.13.79 - - [28/Jan/2023:06:32:59 -0500] "GET /portaldeninos/wp-includes/js/jquery/ui/widget.min.js?ver=1.11.4 HTTP/1.1" 200 6908
157.55.39.89 - - [28/Jan/2023:06:33:03 -0500] "GET /portaldeninos/wp-content/plugins/gallery-videos/CSS/totalsoft.css?ver=4.9.8 HTTP/1.1" 200 40622
157.55.39.89 - - [28/Jan/2023:06:33:03 -0500] "GET /portaldeninos/wp-content/themes/betheme/assets/ui/jquery.ui.all.css?ver=20.9.6 HTTP/1.1" 200 18765
157.55.39.89 - - [28/Jan/2023:06:33:03 -0500] "GET /portaldeninos/wp-content/themes/betheme/css/layout.css?ver=20.9.6 HTTP/1.1" 200 116639
157.55.39.89 - - [28/Jan/2023:06:33:04 -0500] "GET /portaldeninos/wp-content/themes/betheme/js/scripts.js?ver=20.9.6 HTTP/1.1" 200 77162
157.55.39.89 - - [28/Jan/2023:06:33:04 -0500] "GET /portaldeninos/wp-content/uploads/useanyfont/uaf.css?ver=1589905315 HTTP/1.1" 200 408
157.55.39.89 - - [28/Jan/2023:06:33:05 -0500] "GET /portaldeninos/wp-includes/js/jquery/jquery.js?ver=1.12.4 HTTP/1.1" 200 97184
201.245.192.253 - - [28/Jan/2023:06:33:30 -0500] "POST /kwsrmcab/Wsrmcab  HTTP/1.1" 200 213
216.245.221.92 - - [28/Jan/2023:06:34:14 -0500] "HEAD / HTTP/1.1" 200 -
172.22.2.4 - - [28/Jan/2023:06:33:03 -0500] "HEAD /BLA/boletinlegal/ HTTP/1.1" 200 -
172.22.2.4 - - [28/Jan/2023:06:33:53 -0500] "GET /BLA/boletinlegal/ HTTP/1.1" 200 59404
201.245.192.253 - - [28/Jan/2023:06:38:29 -0500] "POST /kwsrmcab/Wsrmcab HTTP/1.1" 200 41453
201.245.192.253 - - [28/Jan/2023:06:38:29 -0500] "POST /kwsrmcab/Wsrmcab  HTTP/1.1" 200 213
201.245.192.253 - - [28/Jan/2023:06:38:31 -0500] "POST /kwsrmcab/Wsrmcab HTTP/1.1" 200 41876
66.249.64.13 - - [28/Jan/2023:06:38:53 -0500] "-" 408 -
157.55.39.157 - - [28/Jan/2023:06:39:02 -0500] "GET /autoliquidacion2020/index.php?dir=fauna+silvestre HTTP/1.1" 200 3403
216.245.221.92 - - [28/Jan/2023:06:39:14 -0500] "HEAD / HTTP/1.1" 200 -
193.35.18.206 - - [28/Jan/2023:06:39:40 -0500] "POST /boaform/admin/formLogin HTTP/1.1" 404 1186
205.169.39.253 - - [28/Jan/2023:06:40:18 -0500] "GET /portaldeninos/wp-includes/js/wp-emoji-release.min.js?ver=4.9.8 HTTP/1.1" 200 12026
205.169.39.253 - - [28/Jan/2023:06:40:18 -0500] "GET /portaldeninos/wp-content/plugins/google-analytics-for-wordpress/assets/js/frontend-gtag.min.js?ver=8.5.0 HTTP/1.1" 200 11801
205.169.39.253 - - [28/Jan/2023:06:40:18 -0500] "GET /portaldeninos/wp-includes/js/jquery/jquery.js?ver=1.12.4 HTTP/1.1" 200 97184
205.169.39.253 - - [28/Jan/2023:06:40:19 -0500] "GET /portaldeninos/wp-includes/js/jquery/jquery-migrate.min.js?ver=1.4.1 HTTP/1.1" 200 10056
205.169.39.253 - - [28/Jan/2023:06:40:19 -0500] "GET /portaldeninos/wp-includes/js/jquery/ui/core.min.js?ver=1.11.4 HTTP/1.1" 200 4000
205.169.39.253 - - [28/Jan/2023:06:40:19 -0500] "GET /portaldeninos/wp-content/plugins/gallery-videos/JS/modernizr.custom.js?ver=4.9.8 HTTP/1.1" 200 9019
205.169.39.253 - - [28/Jan/2023:06:40:19 -0500] "GET /portaldeninos/wp-content/plugins/gallery-videos/JS/Total-Soft-Gallery-Video-Widget.js?ver=4.9.8 HTTP/1.1" 200 80264
205.169.39.253 - - [28/Jan/2023:06:40:19 -0500] "GET /portaldeninos/wp-includes/js/jquery/ui/widget.min.js?ver=1.11.4 HTTP/1.1" 200 6908
205.169.39.253 - - [28/Jan/2023:06:40:19 -0500] "GET /portaldeninos/wp-includes/js/jquery/ui/mouse.min.js?ver=1.11.4 HTTP/1.1" 200 3148
205.169.39.253 - - [28/Jan/2023:06:40:19 -0500] "GET /portaldeninos/wp-includes/js/jquery/ui/sortable.min.js?ver=1.11.4 HTTP/1.1" 200 24899
205.169.39.253 - - [28/Jan/2023:06:40:20 -0500] "GET /portaldeninos/wp-includes/js/jquery/ui/tabs.min.js?ver=1.11.4 HTTP/1.1" 200 12110
205.169.39.253 - - [28/Jan/2023:06:40:20 -0500] "GET /portaldeninos/wp-includes/js/jquery/ui/accordion.min.js?ver=1.11.4 HTTP/1.1" 200 8584
205.169.39.253 - - [28/Jan/2023:06:40:20 -0500] "GET /portaldeninos/wp-content/themes/betheme/js/plugins.js?ver=20.9.6 HTTP/1.1" 200 197151
205.169.39.253 - - [28/Jan/2023:06:40:21 -0500] "GET /portaldeninos/wp-content/themes/betheme/js/menu.js?ver=20.9.6 HTTP/1.1" 200 2449
205.169.39.253 - - [28/Jan/2023:06:40:21 -0500] "GET /portaldeninos/wp-content/themes/betheme/assets/animations/animations.min.js?ver=20.9.6 HTTP/1.1" 200 1896
205.169.39.253 - - [28/Jan/2023:06:40:21 -0500] "GET /portaldeninos/wp-content/themes/betheme/assets/jplayer/jplayer.min.js?ver=20.9.6 HTTP/1.1" 200 52702
205.169.39.253 - - [28/Jan/2023:06:40:21 -0500] "GET /portaldeninos/wp-content/themes/betheme/js/scripts.js?ver=20.9.6 HTTP/1.1" 200 77162
205.169.39.253 - - [28/Jan/2023:06:40:21 -0500] "GET /portaldeninos/wp-includes/js/wp-embed.min.js?ver=4.9.8 HTTP/1.1" 200 1398
172.22.2.4 - - [28/Jan/2023:06:38:53 -0500] "HEAD /BLA/boletinlegal/ HTTP/1.1" 200 -
185.119.81.104 - - [28/Jan/2023:06:41:19 -0500] "GET /portaldeninos/wp-login.php HTTP/1.1" 200 2592
185.119.81.104 - - [28/Jan/2023:06:41:19 -0500] "POST /portaldeninos/wp-login.php HTTP/1.1" 200 3650
172.22.2.4 - - [28/Jan/2023:06:39:43 -0500] "GET /BLA/boletinlegal/ HTTP/1.1" 200 55272
207.46.13.46 - - [28/Jan/2023:06:43:28 -0500] "GET /images/pieza-grafica-cronograma-rio-bog.jpg HTTP/1.1" 200 293470
201.245.192.253 - - [28/Jan/2023:06:43:28 -0500] "POST /kwsrmcab/Wsrmcab  HTTP/1.1" 200 213
173.252.83.118 - - [28/Jan/2023:06:44:07 -0500] "GET /images/pieza-mujeres-reverdecen-4-abril.jpg HTTP/1.1" 200 48916
216.245.221.92 - - [28/Jan/2023:06:44:14 -0500] "HEAD / HTTP/1.1" 200 -
173.252.127.8 - - [28/Jan/2023:06:44:15 -0500] "GET /images/pieza-calidad-aire-noche-4-febrero.jpg HTTP/1.1" 200 37476
173.252.107.9 - - [28/Jan/2023:06:44:23 -0500] "GET /alcaldesa-claudia-lopez-les-dio-la-bienvenida-a-las-sembradoras-por-la-reactivaccion.html HTTP/1.1" 206 1264
172.22.2.4 - - [28/Jan/2023:06:44:43 -0500] "HEAD /BLA/boletinlegal/ HTTP/1.1" 200 -
172.22.2.4 - - [28/Jan/2023:06:45:33 -0500] "GET /BLA/boletinlegal/ HTTP/1.1" 200 57824
191.95.60.66 - - [28/Jan/2023:06:47:48 -0500] "GET /galeria/galeria/jquery.fancybox.css?v=2.1.5 HTTP/1.1" 200 4895
191.95.60.66 - - [28/Jan/2023:06:47:48 -0500] "GET /galeria/galeria/jquery.fancybox.js?v=2.1.5 HTTP/1.1" 200 48706
191.95.60.66 - - [28/Jan/2023:06:47:48 -0500] "GET /BLA/boletinlegal/js/jquery.scrollShow.js HTTP/1.1" 200 4586
201.245.192.253 - - [28/Jan/2023:06:48:27 -0500] "POST /kwsrmcab/Wsrmcab  HTTP/1.1" 200 213
40.77.202.56 - - [28/Jan/2023:06:48:32 -0500] "GET /portaldeninos/wp-content/themes/betheme/fonts/mfn-icons.woff?93978679 HTTP/1.1" 200 80932
216.245.221.92 - - [28/Jan/2023:06:49:14 -0500] "HEAD / HTTP/1.1" 200 -
69.63.184.116 - - [28/Jan/2023:06:49:25 -0500] "GET /images/reunion-planta-termovalorizacion-11-mayo.jpg HTTP/1.1" 200 34782
51.68.204.213 - - [28/Jan/2023:06:50:12 -0500] "GET /BLA/boletinlegal/Circulares/2019/.pdf HTTP/1.1" 404 1018
172.22.2.4 - - [28/Jan/2023:06:51:13 -0500] "POST /BLA/boletinlegal/dns-query HTTP/1.1" 406 -
172.22.2.4 - - [28/Jan/2023:06:50:33 -0500] "HEAD /BLA/boletinlegal/ HTTP/1.1" 200 -
172.22.2.4 - - [28/Jan/2023:06:51:23 -0500] "GET /BLA/boletinlegal/ HTTP/1.1" 200 55680
201.245.192.253 - - [28/Jan/2023:06:53:26 -0500] "POST /kwsrmcab/Wsrmcab  HTTP/1.1" 200 213
66.249.64.13 - - [28/Jan/2023:06:53:35 -0500] "-" 408 -
157.55.39.71 - - [28/Jan/2023:06:53:44 -0500] "GET /BLA/resoluciones/AUTOS%202018/1016.pdf HTTP/1.1" 200 447576
157.55.39.157 - - [28/Jan/2023:06:53:49 -0500] "GET /BLA/resoluciones/index.php?dir=RESOLUCIONES+2022%2F HTTP/1.1" 200 279472
216.245.221.92 - - [28/Jan/2023:06:54:14 -0500] "HEAD / HTTP/1.1" 200 -
185.119.81.101 - - [28/Jan/2023:06:54:23 -0500] "GET /portaldeninos/wp-login.php HTTP/1.1" 200 2592
185.119.81.101 - - [28/Jan/2023:06:54:24 -0500] "POST /portaldeninos/wp-login.php HTTP/1.1" 200 3670
185.119.81.106 - - [28/Jan/2023:06:57:37 -0500] "GET /portaldeninos/wp-login.php HTTP/1.1" 200 2592
185.119.81.106 - - [28/Jan/2023:06:57:38 -0500] "POST /portaldeninos/wp-login.php HTTP/1.1" 200 3605
172.22.2.4 - - [28/Jan/2023:06:56:23 -0500] "HEAD /BLA/boletinlegal/ HTTP/1.1" 200 -
201.245.192.253 - - [28/Jan/2023:06:58:24 -0500] "POST /kwsrmcab/Wsrmcab  HTTP/1.1" 200 213
172.22.2.4 - - [28/Jan/2023:06:57:13 -0500] "GET /BLA/boletinlegal/ HTTP/1.1" 200 59404
216.245.221.92 - - [28/Jan/2023:06:59:14 -0500] "HEAD / HTTP/1.1" 200 -
31.13.115.20 - - [28/Jan/2023:07:00:46 -0500] "GET /images/reunion-planta-termovalorizacion-11-mayo.jpg HTTP/1.1" 200 34782
185.119.81.101 - - [28/Jan/2023:07:02:04 -0500] "GET /portaldeninos/wp-login.php HTTP/1.1" 200 2592
185.119.81.101 - - [28/Jan/2023:07:02:05 -0500] "POST /portaldeninos/wp-login.php HTTP/1.1" 200 3650
201.245.192.253 - - [28/Jan/2023:07:03:23 -0500] "POST /kwsrmcab/Wsrmcab  HTTP/1.1" 200 213
168.119.253.61 - - [28/Jan/2023:07:03:25 -0500] "GET / HTTP/1.1" 200 319
172.22.2.4 - - [28/Jan/2023:07:02:13 -0500] "HEAD /BLA/boletinlegal/ HTTP/1.1" 200 -
216.245.221.92 - - [28/Jan/2023:07:04:14 -0500] "HEAD / HTTP/1.1" 200 -
191.156.53.153 - - [28/Jan/2023:07:04:29 -0500] "GET /camino-guadalupe-aguanoso-abierto-este-fin-de-semana-y-cerrado-los-primeros-dias-de-febrero-por-mantenimiento.html HTTP/1.1" 200 804
172.22.2.4 - - [28/Jan/2023:07:03:03 -0500] "GET /BLA/boletinlegal/ HTTP/1.1" 200 59404
168.119.51.200 - - [28/Jan/2023:07:05:00 -0500] "GET / HTTP/1.1" 200 319
201.245.192.253 - - [28/Jan/2023:07:08:22 -0500] "POST /kwsrmcab/Wsrmcab  HTTP/1.1" 200 213
216.245.221.92 - - [28/Jan/2023:07:09:14 -0500] "HEAD / HTTP/1.1" 200 -
172.22.2.4 - - [28/Jan/2023:07:08:03 -0500] "HEAD /BLA/boletinlegal/ HTTP/1.1" 200 -
173.252.107.13 - - [28/Jan/2023:07:10:08 -0500] "GET /oso-melero-recuperado-en-bogota-fue-liberado-exitosamente-en-el-meta.html HTTP/1.1" 206 948
172.22.2.4 - - [28/Jan/2023:07:08:53 -0500] "GET /BLA/boletinlegal/ HTTP/1.1" 200 57824
191.95.60.2 - - [28/Jan/2023:07:11:03 -0500] "GET /camino-guadalupe-aguanoso-abierto-este-fin-de-semana-y-cerrado-los-primeros-dias-de-febrero-por-mantenimiento.html HTTP/1.1" 200 804
201.245.192.253 - - [28/Jan/2023:07:13:20 -0500] "POST /kwsrmcab/Wsrmcab  HTTP/1.1" 200 213
51.68.204.213 - - [28/Jan/2023:07:13:41 -0500] "GET /BLA/boletinlegal/Circulares/2012/Circular%20No.%2014%20del%2011%20de%20Septiembre%20de%202012.pdf HTTP/1.1" 200 3427471
173.252.95.3 - - [28/Jan/2023:07:14:09 -0500] "GET /images/Secretaria%20Urrutia%20evento%20h\xc3\xa1bitat%20Francia%2024%20de%20enero.jpeg HTTP/1.1" 404 1034
216.245.221.92 - - [28/Jan/2023:07:14:14 -0500] "HEAD / HTTP/1.1" 200 -
172.22.2.4 - - [28/Jan/2023:07:13:53 -0500] "HEAD /BLA/boletinlegal/ HTTP/1.1" 200 -
186.102.53.74 - - [28/Jan/2023:07:16:07 -0500] "GET /kwssiamovil/sm/ldap/au?x=U2FsdGVkX186FPxoPhqtDr6ogIL6FFslKYsU/XA2PEcv2MVTVJJCMdZ0nBZr+Zl9&y=U2FsdGVkX1+MwSb3s9PZ6W2C2z3+eCOmNoeGwwekcVH8Bu8LkpBYqlnQQGJ9OFB4 HTTP/1.1" 200 30
186.102.53.74 - - [28/Jan/2023:07:16:07 -0500] "GET /kwssiamovil/sm/acme/s?s=U2FsdGVkX1+PzfUiskJMcB94oTpENZEeU4k2lQJRIYZxCjDnuMH/GtR+4fTR/A+nP4TlPwos5E/xcYtZ35o4BBx5EPnDD4iHLmQwWl8xmuM=&u=U2FsdGVkX18pYIn/qqU1tBAz7MBJht9TN47WljCZAaI=&y=U2FsdGVkX1+MwSb3s9PZ6W2C2z3+eCOmNoeGwwekcVH8Bu8LkpBYqlnQQGJ9OFB4 HTTP/1.1" 200 97
186.102.53.74 - - [28/Jan/2023:07:16:07 -0500] "GET /kwssiamovil/sm/acme/s?s=U2FsdGVkX19WOi/mDtMMZ/kw1siklyNzlA4s/W7sKBB2m4Y90l15hOohN/k3e0zHBr8ATmTxfJWu7vf1e+wJVE8cEZO+FMv96T7Cwhr7awm3tfWi7HEUZuHC8ZTDW9Vk01kr4UhToyIhSiG+AiBN6AIAnTxYZB/Prwrbgzs+pn97/rIDfE3oCU42qxb/Uah2iFuL3ymzbmPzwKR1x8ij2rOdiDSVZiBNM3/Pt58DIufqiL6aXGfISwo0fheiRw+WqR1m5jP53/rQa6Zm2n8jRhbz7Q1CWUeHMfpZ4/jv6J3xqEGK2EU8lDwZ/+8atpKUCZPukPSE9KcJj+5RGsdc2FeDkHxJy+HH50m0bMNVvHwDhbZBTbUXT7xmhkLtdlhT0vJpj5SqMXdqJ8UGkYNKfj7IzvMEQiBUYHcv36cH+d2bRr31++bZZCM7VqXl6GFi5ey1BzB+lpK82/aOZsVxDgHskmOZ5Vx1dd3NUcglbnQK5mUR0T1Xf2S/aJQpOOIL/YuBNWX6hzL9wUbd4Dwlf4ElATGdHaTYMMW0yB0s4JD58ft6e33IrWW+rNLxvcR35kObR/DIWXdT/0xP0fnJgQmmcaQ2dBb43/6dvJT8WhvjPhehDQ8kMRbnEP+mGkaAkYlUJebk2nU+fWdoAyoLyMx8oHm1Ovga7i2NGPX81UYjM4t7bDL6r5apG4WrzvOP7eDmes1sAcwClNnR48GkRSI+x6TgrrM1AMmBtxGE7CHyHVcHQRkwkw/K1uI4lL69L3bNecAtjxg+XHuqTKVaUAN6UshEUhVaGujIlk2VDQxTmkDiQZ2uHm337nKJZ0rAf8wkCTwQCZW67w+Ad2V327C/+KswzglJkOZryMul2rPCyuIbIUdXjp8p8H7Sgh1DT3Xvf2UVhgHSfe5wdpN8EhDjxSO/9OIfrsQkUJjPEzr+e+O9icLgpjjrB2LWtV1Tt2Ozff2iifv+EcCgrAmE7GImpdK79BFzaMe4cpmh1XRuT3/aRWhcPeAIEFh7bTqhWInMzsjVjzEX+RMhebvFoM586IH1FfuC3/QkdGP/Wp7/acZktN4cLzuIMbIDA0ExPo+dVvTkxeQ6kwa50yWdBpdjzZyTcYLI8mqCFhW6EYrrqNXCecLdtkIRCz2J0ozkxFTH2xQSohnqFxdYZOnG9rO4QVxX3a9QNzkniw21IeXv+j6+6QH/p9zVwapKfReUIA+MeFjpztn5kPVcp8OAH4Dx5XFxsLGpojmYxduFCCoMm9aVscqLHkw4us2gbmGerrl9EUjG6qHW7vB9ump1vDApM5m8S/N6jfyzgqYQ8GwoESAA2ZdDYeV1kfcinfC8QM0bFEt0L45nYlj63xVHYFnft7dP5uFAk2Zi0YwSdWbnANM70jN2Ezp5aimKsIop9LrpilXfy+MLskmVYKlzqlDHQQiAzdBT0YZlMNuz00A=&u=U2FsdGVkX18pYIn/qqU1tBAz7MBJht9TN47WljCZAaI=&y=U2FsdGVkX1+MwSb3s9PZ6W2C2z3+eCOmNoeGwwekcVH8Bu8LkpBYqlnQQGJ9OFB4 HTTP/1.1" 200 2416
