186.84.184.239 - - [28/Jan/2023:08:22:21 -0500] "POST /sipse/faces/presentacion/financiero/solicitudProceso/consultar.xhtml HTTP/1.1" 200 13033
193.35.18.189 - - [28/Jan/2023:08:22:14 -0500] "POST /boaform/admin/formLogin HTTP/1.1" 404 1186
193.35.18.228 - - [28/Jan/2023:08:22:24 -0500] "POST /boaform/admin/formLogin HTTP/1.1" 404 1186
181.63.28.96 - - [28/Jan/2023:08:22:43 -0500] "GET /sipse/faces/javax.faces.resource/theme.css?ln=primefaces-sipse HTTP/1.1" 304 -
181.63.28.96 - - [28/Jan/2023:08:22:43 -0500] "GET /sipse/faces/javax.faces.resource/layout/layout.css?ln=primefaces&v=4.0 HTTP/1.1" 304 -
181.63.28.96 - - [28/Jan/2023:08:22:43 -0500] "GET /sipse/faces/javax.faces.resource/jquery/jquery.js?ln=primefaces&v=4.0 HTTP/1.1" 304 -
181.63.28.96 - - [28/Jan/2023:08:22:43 -0500] "GET /sipse/faces/javax.faces.resource/primefaces.css?ln=primefaces&v=4.0 HTTP/1.1" 304 -
181.63.28.96 - - [28/Jan/2023:08:22:43 -0500] "GET /sipse/faces/javax.faces.resource/jquery/jquery-plugins.js?ln=primefaces&v=4.0 HTTP/1.1" 304 -
181.63.28.96 - - [28/Jan/2023:08:22:43 -0500] "GET /sipse/faces/javax.faces.resource/primefaces.js?ln=primefaces&v=4.0 HTTP/1.1" 304 -
181.63.28.96 - - [28/Jan/2023:08:22:43 -0500] "GET /sipse/faces/javax.faces.resource/layout/layout.js?ln=primefaces&v=4.0 HTTP/1.1" 304 -
186.84.184.239 - - [28/Jan/2023:08:22:44 -0500] "POST /sipse/faces/presentacion/financiero/solicitudProceso/consultar.xhtml HTTP/1.1" 200 13035
181.63.28.96 - - [28/Jan/2023:08:22:42 -0500] "POST /sipse/faces/presentacion/financiero/estudioPrevio/personalSolicitado/personalSolicitadoSolicitudProceso.xhtml HTTP/1.1" 200 178850
186.84.184.239 - - [28/Jan/2023:08:22:58 -0500] "POST /sipse/faces/presentacion/financiero/solicitudProceso/consultar.xhtml HTTP/1.1" 200 13020
201.245.192.253 - - [28/Jan/2023:08:23:04 -0500] "POST /kwsrmcab/Wsrmcab  HTTP/1.1" 200 213
181.63.28.96 - - [28/Jan/2023:08:23:15 -0500] "POST /sipse/faces/presentacion/financiero/solicitudProceso/consultarSolicitudProceso.xhtml HTTP/1.1" 200 65116
181.63.28.96 - - [28/Jan/2023:08:23:15 -0500] "GET /sipse/faces/javax.faces.resource/theme.css?ln=primefaces-sipse HTTP/1.1" 304 -
181.63.28.96 - - [28/Jan/2023:08:23:15 -0500] "GET /sipse/faces/javax.faces.resource/layout/layout.css?ln=primefaces&v=4.0 HTTP/1.1" 304 -
181.63.28.96 - - [28/Jan/2023:08:23:15 -0500] "GET /sipse/faces/javax.faces.resource/primefaces.css?ln=primefaces&v=4.0 HTTP/1.1" 304 -
181.63.28.96 - - [28/Jan/2023:08:23:15 -0500] "GET /sipse/faces/javax.faces.resource/jquery/jquery.js?ln=primefaces&v=4.0 HTTP/1.1" 304 -
181.63.28.96 - - [28/Jan/2023:08:23:15 -0500] "GET /sipse/faces/javax.faces.resource/jquery/jquery-plugins.js?ln=primefaces&v=4.0 HTTP/1.1" 304 -
181.63.28.96 - - [28/Jan/2023:08:23:15 -0500] "GET /sipse/faces/javax.faces.resource/primefaces.js?ln=primefaces&v=4.0 HTTP/1.1" 304 -
181.63.28.96 - - [28/Jan/2023:08:23:15 -0500] "GET /sipse/faces/javax.faces.resource/layout/layout.js?ln=primefaces&v=4.0 HTTP/1.1" 304 -
181.63.28.96 - - [28/Jan/2023:08:23:16 -0500] "POST /sipse/faces/presentacion/financiero/solicitudProceso/listarSolicitudProceso.xhtml HTTP/1.1" 200 1556
181.63.28.96 - - [28/Jan/2023:08:23:18 -0500] "POST /sipse/faces/presentacion/financiero/solicitudProceso/listarSolicitudProceso.xhtml HTTP/1.1" 200 59044
181.63.28.96 - - [28/Jan/2023:08:23:19 -0500] "GET /sipse/faces/javax.faces.resource/layout/layout.css?ln=primefaces&v=4.0 HTTP/1.1" 304 -
181.63.28.96 - - [28/Jan/2023:08:23:19 -0500] "GET /sipse/faces/javax.faces.resource/theme.css?ln=primefaces-sipse HTTP/1.1" 304 -
181.63.28.96 - - [28/Jan/2023:08:23:19 -0500] "GET /sipse/faces/javax.faces.resource/primefaces.css?ln=primefaces&v=4.0 HTTP/1.1" 304 -
181.63.28.96 - - [28/Jan/2023:08:23:19 -0500] "GET /sipse/faces/javax.faces.resource/jquery/jquery.js?ln=primefaces&v=4.0 HTTP/1.1" 304 -
181.63.28.96 - - [28/Jan/2023:08:23:19 -0500] "GET /sipse/faces/javax.faces.resource/jquery/jquery-plugins.js?ln=primefaces&v=4.0 HTTP/1.1" 304 -
181.63.28.96 - - [28/Jan/2023:08:23:19 -0500] "GET /sipse/faces/javax.faces.resource/primefaces.js?ln=primefaces&v=4.0 HTTP/1.1" 304 -
181.63.28.96 - - [28/Jan/2023:08:23:20 -0500] "GET /sipse/faces/javax.faces.resource/layout/layout.js?ln=primefaces&v=4.0 HTTP/1.1" 304 -
186.84.184.239 - - [28/Jan/2023:08:23:25 -0500] "POST /sipse/faces/presentacion/financiero/solicitudProceso/consultar.xhtml HTTP/1.1" 200 12971
66.249.64.13 - - [28/Jan/2023:08:23:35 -0500] "-" 408 -
186.84.184.239 - - [28/Jan/2023:08:23:36 -0500] "POST /sipse/faces/presentacion/financiero/solicitudProceso/consultar.xhtml HTTP/1.1" 200 13042
186.84.184.239 - - [28/Jan/2023:08:23:45 -0500] "POST /sipse/faces/presentacion/financiero/solicitudProceso/consultar.xhtml HTTP/1.1" 200 13042
186.84.184.239 - - [28/Jan/2023:08:23:47 -0500] "POST /sipse/faces/presentacion/financiero/solicitudProceso/consultar.xhtml HTTP/1.1" 200 12913
186.84.184.239 - - [28/Jan/2023:08:23:59 -0500] "POST /sipse/faces/presentacion/financiero/solicitudProceso/consultar.xhtml HTTP/1.1" 200 12943
186.84.184.239 - - [28/Jan/2023:08:24:09 -0500] "POST /sipse/faces/presentacion/financiero/solicitudProceso/consultar.xhtml HTTP/1.1" 200 12933
216.245.221.92 - - [28/Jan/2023:08:24:14 -0500] "HEAD / HTTP/1.1" 200 -
186.84.184.239 - - [28/Jan/2023:08:24:19 -0500] "POST /sipse/faces/presentacion/financiero/solicitudProceso/consultar.xhtml HTTP/1.1" 200 12922
181.63.28.96 - - [28/Jan/2023:08:24:27 -0500] "POST /sipse/faces/presentacion/financiero/solicitudProceso/crearModificarSolicitudProceso.xhtml HTTP/1.1" 200 51768
181.63.28.96 - - [28/Jan/2023:08:24:30 -0500] "POST /sipse/faces/presentacion/financiero/solicitudProceso/crearModificarSolicitudProceso.xhtml HTTP/1.1" 200 25129
186.84.184.239 - - [28/Jan/2023:08:24:35 -0500] "POST /sipse/faces/presentacion/financiero/solicitudProceso/consultar.xhtml HTTP/1.1" 200 13022
181.63.28.96 - - [28/Jan/2023:08:24:43 -0500] "POST /sipse/faces/presentacion/financiero/solicitudProceso/crearModificarSolicitudProceso.xhtml HTTP/1.1" 200 6291
186.84.184.239 - - [28/Jan/2023:08:24:49 -0500] "POST /sipse/faces/presentacion/financiero/solicitudProceso/consultar.xhtml HTTP/1.1" 200 12921
186.84.184.239 - - [28/Jan/2023:08:24:58 -0500] "POST /sipse/faces/presentacion/financiero/solicitudProceso/consultar.xhtml HTTP/1.1" 200 12838
181.63.28.96 - - [28/Jan/2023:08:25:00 -0500] "POST /sipse/faces/presentacion/financiero/solicitudProceso/crearModificarSolicitudProceso.xhtml HTTP/1.1" 200 10231
181.63.28.96 - - [28/Jan/2023:08:25:08 -0500] "POST /sipse/faces/presentacion/financiero/solicitudProceso/crearModificarSolicitudProceso.xhtml HTTP/1.1" 200 7370
186.84.184.239 - - [28/Jan/2023:08:25:20 -0500] "POST /sipse/faces/presentacion/financiero/solicitudProceso/consultar.xhtml HTTP/1.1" 200 12921
181.63.28.96 - - [28/Jan/2023:08:25:20 -0500] "POST /sipse/faces/presentacion/financiero/solicitudProceso/crearModificarSolicitudProceso.xhtml HTTP/1.1" 200 24600
181.63.28.96 - - [28/Jan/2023:08:25:20 -0500] "GET /sipse/faces/javax.faces.resource/theme.css?ln=primefaces-sipse HTTP/1.1" 304 -
181.63.28.96 - - [28/Jan/2023:08:25:20 -0500] "GET /sipse/faces/javax.faces.resource/primefaces.css?ln=primefaces&v=4.0 HTTP/1.1" 304 -
181.63.28.96 - - [28/Jan/2023:08:25:20 -0500] "GET /sipse/faces/javax.faces.resource/layout/layout.css?ln=primefaces&v=4.0 HTTP/1.1" 304 -
181.63.28.96 - - [28/Jan/2023:08:25:20 -0500] "GET /sipse/faces/javax.faces.resource/jquery/jquery.js?ln=primefaces&v=4.0 HTTP/1.1" 304 -
181.63.28.96 - - [28/Jan/2023:08:25:20 -0500] "GET /sipse/faces/javax.faces.resource/jquery/jquery-plugins.js?ln=primefaces&v=4.0 HTTP/1.1" 304 -
181.63.28.96 - - [28/Jan/2023:08:25:20 -0500] "GET /sipse/faces/javax.faces.resource/primefaces.js?ln=primefaces&v=4.0 HTTP/1.1" 304 -
181.63.28.96 - - [28/Jan/2023:08:25:20 -0500] "GET /sipse/faces/javax.faces.resource/layout/layout.js?ln=primefaces&v=4.0 HTTP/1.1" 304 -
181.63.28.96 - - [28/Jan/2023:08:25:24 -0500] "POST /sipse/faces/presentacion/financiero/solicitudProyectoActividad/asociarProyectoSolicitud.xhtml HTTP/1.1" 200 6601
181.63.28.96 - - [28/Jan/2023:08:25:25 -0500] "POST /sipse/faces/presentacion/financiero/solicitudProyectoActividad/asociarProyectoSolicitud.xhtml HTTP/1.1" 200 1692
181.63.28.96 - - [28/Jan/2023:08:25:27 -0500] "POST /sipse/faces/presentacion/financiero/solicitudProyectoActividad/asociarProyectoSolicitud.xhtml HTTP/1.1" 200 75073
181.63.28.96 - - [28/Jan/2023:08:25:27 -0500] "GET /sipse/faces/javax.faces.resource/theme.css?ln=primefaces-sipse HTTP/1.1" 304 -
181.63.28.96 - - [28/Jan/2023:08:25:27 -0500] "GET /sipse/faces/javax.faces.resource/layout/layout.css?ln=primefaces&v=4.0 HTTP/1.1" 304 -
181.63.28.96 - - [28/Jan/2023:08:25:27 -0500] "GET /sipse/faces/javax.faces.resource/primefaces.css?ln=primefaces&v=4.0 HTTP/1.1" 304 -
181.63.28.96 - - [28/Jan/2023:08:25:27 -0500] "GET /sipse/faces/javax.faces.resource/jquery/jquery.js?ln=primefaces&v=4.0 HTTP/1.1" 304 -
181.63.28.96 - - [28/Jan/2023:08:25:27 -0500] "GET /sipse/faces/javax.faces.resource/jquery/jquery-plugins.js?ln=primefaces&v=4.0 HTTP/1.1" 304 -
181.63.28.96 - - [28/Jan/2023:08:25:27 -0500] "GET /sipse/faces/javax.faces.resource/primefaces.js?ln=primefaces&v=4.0 HTTP/1.1" 304 -
181.63.28.96 - - [28/Jan/2023:08:25:27 -0500] "GET /sipse/faces/javax.faces.resource/layout/layout.js?ln=primefaces&v=4.0 HTTP/1.1" 304 -
186.84.184.239 - - [28/Jan/2023:08:25:28 -0500] "POST /sipse/faces/presentacion/financiero/solicitudProceso/consultar.xhtml HTTP/1.1" 200 13067
181.63.28.96 - - [28/Jan/2023:08:25:29 -0500] "POST /sipse/faces/presentacion/financiero/solicitudProyectoActividad/asociarActividadSolicitud.xhtml HTTP/1.1" 200 61072
172.22.2.4 - - [28/Jan/2023:08:23:53 -0500] "HEAD /BLA/boletinlegal/ HTTP/1.1" 200 -
181.63.28.96 - - [28/Jan/2023:08:25:36 -0500] "POST /sipse/faces/presentacion/financiero/solicitudProyectoActividad/asociarActividadSolicitud.xhtml HTTP/1.1" 200 20103
181.63.28.96 - - [28/Jan/2023:08:25:37 -0500] "GET /sipse/faces/javax.faces.resource/theme.css?ln=primefaces-sipse HTTP/1.1" 304 -
181.63.28.96 - - [28/Jan/2023:08:25:37 -0500] "GET /sipse/faces/javax.faces.resource/primefaces.css?ln=primefaces&v=4.0 HTTP/1.1" 304 -
181.63.28.96 - - [28/Jan/2023:08:25:37 -0500] "GET /sipse/faces/javax.faces.resource/layout/layout.css?ln=primefaces&v=4.0 HTTP/1.1" 304 -
181.63.28.96 - - [28/Jan/2023:08:25:37 -0500] "GET /sipse/faces/javax.faces.resource/jquery/jquery.js?ln=primefaces&v=4.0 HTTP/1.1" 304 -
181.63.28.96 - - [28/Jan/2023:08:25:37 -0500] "GET /sipse/faces/javax.faces.resource/jquery/jquery-plugins.js?ln=primefaces&v=4.0 HTTP/1.1" 304 -
181.63.28.96 - - [28/Jan/2023:08:25:37 -0500] "GET /sipse/faces/javax.faces.resource/primefaces.js?ln=primefaces&v=4.0 HTTP/1.1" 304 -
181.63.28.96 - - [28/Jan/2023:08:25:37 -0500] "GET /sipse/faces/javax.faces.resource/layout/layout.js?ln=primefaces&v=4.0 HTTP/1.1" 304 -
186.84.184.239 - - [28/Jan/2023:08:25:39 -0500] "POST /sipse/faces/presentacion/financiero/solicitudProceso/consultar.xhtml HTTP/1.1" 200 12984
181.63.8.141 - - [28/Jan/2023:08:25:42 -0500] "GET /sipse/faces/index.xhtml HTTP/1.1" 200 677
181.63.8.141 - - [28/Jan/2023:08:25:42 -0500] "GET /sipse/faces/javax.faces.resource/theme.css?ln=primefaces-sipse HTTP/1.1" 304 -
181.63.8.141 - - [28/Jan/2023:08:25:43 -0500] "GET /sipse/faces/faces/autenticacion.xhtml HTTP/1.1" 200 12171
181.63.8.141 - - [28/Jan/2023:08:25:43 -0500] "GET /sipse/faces/javax.faces.resource/theme.css?ln=primefaces-sipse HTTP/1.1" 304 -
181.63.8.141 - - [28/Jan/2023:08:25:43 -0500] "GET /sipse/faces/javax.faces.resource/primefaces.css?ln=primefaces&v=4.0 HTTP/1.1" 304 -
181.63.8.141 - - [28/Jan/2023:08:25:43 -0500] "GET /sipse/faces/javax.faces.resource/layout/layout.css?ln=primefaces&v=4.0 HTTP/1.1" 304 -
181.63.8.141 - - [28/Jan/2023:08:25:43 -0500] "GET /sipse/faces/javax.faces.resource/jquery/jquery-plugins.js?ln=primefaces&v=4.0 HTTP/1.1" 304 -
181.63.8.141 - - [28/Jan/2023:08:25:43 -0500] "GET /sipse/faces/javax.faces.resource/jquery/jquery.js?ln=primefaces&v=4.0 HTTP/1.1" 304 -
181.63.8.141 - - [28/Jan/2023:08:25:43 -0500] "GET /sipse/faces/javax.faces.resource/layout/layout.js?ln=primefaces&v=4.0 HTTP/1.1" 304 -
181.63.8.141 - - [28/Jan/2023:08:25:43 -0500] "GET /sipse/faces/javax.faces.resource/primefaces.js?ln=primefaces&v=4.0 HTTP/1.1" 304 -
181.63.8.141 - - [28/Jan/2023:08:25:43 -0500] "GET /sipse/faces/javax.faces.resource/images/ui-icons_898989_256x240.png?ln=primefaces-aristo HTTP/1.1" 304 -
181.63.28.96 - - [28/Jan/2023:08:25:45 -0500] "POST /sipse/faces/presentacion/financiero/solicitudProyectoActividad/asociarFuentesSolicitud.xhtml HTTP/1.1" 200 83172
181.63.28.96 - - [28/Jan/2023:08:25:45 -0500] "GET /sipse/faces/javax.faces.resource/primefaces.css?ln=primefaces&v=4.0 HTTP/1.1" 304 -
181.63.28.96 - - [28/Jan/2023:08:25:45 -0500] "GET /sipse/faces/javax.faces.resource/layout/layout.css?ln=primefaces&v=4.0 HTTP/1.1" 304 -
181.63.28.96 - - [28/Jan/2023:08:25:45 -0500] "GET /sipse/faces/javax.faces.resource/theme.css?ln=primefaces-sipse HTTP/1.1" 304 -
181.63.28.96 - - [28/Jan/2023:08:25:45 -0500] "GET /sipse/faces/javax.faces.resource/jquery/jquery.js?ln=primefaces&v=4.0 HTTP/1.1" 304 -
181.63.28.96 - - [28/Jan/2023:08:25:45 -0500] "GET /sipse/faces/javax.faces.resource/primefaces.js?ln=primefaces&v=4.0 HTTP/1.1" 304 -
181.63.28.96 - - [28/Jan/2023:08:25:45 -0500] "GET /sipse/faces/javax.faces.resource/jquery/jquery-plugins.js?ln=primefaces&v=4.0 HTTP/1.1" 304 -
181.63.28.96 - - [28/Jan/2023:08:25:45 -0500] "GET /sipse/faces/javax.faces.resource/layout/layout.js?ln=primefaces&v=4.0 HTTP/1.1" 304 -
181.63.8.141 - - [28/Jan/2023:08:25:48 -0500] "POST /sipse/faces/autenticacion.xhtml HTTP/1.1" 200 16676
181.63.8.141 - - [28/Jan/2023:08:25:48 -0500] "GET /sipse/faces/javax.faces.resource/theme.css?ln=primefaces-sipse HTTP/1.1" 304 -
181.63.8.141 - - [28/Jan/2023:08:25:48 -0500] "GET /sipse/faces/javax.faces.resource/primefaces.css?ln=primefaces&v=4.0 HTTP/1.1" 304 -
181.63.8.141 - - [28/Jan/2023:08:25:48 -0500] "GET /sipse/faces/javax.faces.resource/layout/layout.css?ln=primefaces&v=4.0 HTTP/1.1" 304 -
181.63.8.141 - - [28/Jan/2023:08:25:48 -0500] "GET /sipse/faces/javax.faces.resource/jquery/jquery.js?ln=primefaces&v=4.0 HTTP/1.1" 304 -
181.63.8.141 - - [28/Jan/2023:08:25:48 -0500] "GET /sipse/faces/javax.faces.resource/jquery/jquery-plugins.js?ln=primefaces&v=4.0 HTTP/1.1" 304 -
181.63.8.141 - - [28/Jan/2023:08:25:48 -0500] "GET /sipse/faces/javax.faces.resource/primefaces.js?ln=primefaces&v=4.0 HTTP/1.1" 304 -
181.63.8.141 - - [28/Jan/2023:08:25:48 -0500] "GET /sipse/faces/javax.faces.resource/layout/layout.js?ln=primefaces&v=4.0 HTTP/1.1" 304 -
181.63.8.141 - - [28/Jan/2023:08:25:49 -0500] "GET /sipse/css/imagen/contrasena.png HTTP/1.1" 404 383
181.63.8.141 - - [28/Jan/2023:08:25:49 -0500] "GET /sipse/faces/javax.faces.resource/messages/messages.png?ln=primefaces&v=4.0 HTTP/1.1" 304 -
181.63.8.141 - - [28/Jan/2023:08:25:52 -0500] "GET /sipse/faces/javax.faces.resource/images/ui-bg_flat_0_2d5972_40x100.png?ln=primefaces-aristo HTTP/1.1" 304 -
181.63.8.141 - - [28/Jan/2023:08:25:52 -0500] "POST /sipse/faces/bienvenido.xhtml HTTP/1.1" 200 2073
186.84.184.239 - - [28/Jan/2023:08:25:53 -0500] "POST /sipse/faces/presentacion/financiero/solicitudProceso/consultar.xhtml HTTP/1.1" 200 12897
181.63.8.141 - - [28/Jan/2023:08:25:54 -0500] "POST /sipse/faces/bienvenido.xhtml HTTP/1.1" 200 38960
181.63.8.141 - - [28/Jan/2023:08:25:54 -0500] "GET /sipse/faces/javax.faces.resource/theme.css?ln=primefaces-sipse HTTP/1.1" 304 -
181.63.8.141 - - [28/Jan/2023:08:25:54 -0500] "GET /sipse/faces/javax.faces.resource/layout/layout.css?ln=primefaces&v=4.0 HTTP/1.1" 304 -
181.63.8.141 - - [28/Jan/2023:08:25:54 -0500] "GET /sipse/faces/javax.faces.resource/primefaces.css?ln=primefaces&v=4.0 HTTP/1.1" 304 -
181.63.8.141 - - [28/Jan/2023:08:25:54 -0500] "GET /sipse/faces/javax.faces.resource/jquery/jquery.js?ln=primefaces&v=4.0 HTTP/1.1" 304 -
181.63.8.141 - - [28/Jan/2023:08:25:54 -0500] "GET /sipse/faces/javax.faces.resource/jquery/jquery-plugins.js?ln=primefaces&v=4.0 HTTP/1.1" 304 -
181.63.8.141 - - [28/Jan/2023:08:25:54 -0500] "GET /sipse/faces/javax.faces.resource/primefaces.js?ln=primefaces&v=4.0 HTTP/1.1" 304 -
181.63.8.141 - - [28/Jan/2023:08:25:54 -0500] "GET /sipse/faces/javax.faces.resource/layout/layout.js?ln=primefaces&v=4.0 HTTP/1.1" 304 -
181.63.8.141 - - [28/Jan/2023:08:25:58 -0500] "POST /sipse/faces/presentacion/financiero/solicitudProceso/consultar.xhtml HTTP/1.1" 200 13154
181.63.28.96 - - [28/Jan/2023:08:25:50 -0500] "POST /sipse/faces/presentacion/financiero/solicitudProceso/crearModificarSolicitudProceso.xhtml HTTP/1.1" 200 45544
181.63.28.96 - - [28/Jan/2023:08:26:02 -0500] "GET /sipse/faces/javax.faces.resource/theme.css?ln=primefaces-sipse HTTP/1.1" 304 -
181.63.28.96 - - [28/Jan/2023:08:26:02 -0500] "GET /sipse/faces/javax.faces.resource/primefaces.css?ln=primefaces&v=4.0 HTTP/1.1" 304 -
181.63.28.96 - - [28/Jan/2023:08:26:02 -0500] "GET /sipse/faces/javax.faces.resource/jquery/jquery-plugins.js?ln=primefaces&v=4.0 HTTP/1.1" 304 -
181.63.28.96 - - [28/Jan/2023:08:26:02 -0500] "GET /sipse/faces/javax.faces.resource/layout/layout.css?ln=primefaces&v=4.0 HTTP/1.1" 304 -
181.63.28.96 - - [28/Jan/2023:08:26:02 -0500] "GET /sipse/faces/javax.faces.resource/jquery/jquery.js?ln=primefaces&v=4.0 HTTP/1.1" 304 -
181.63.28.96 - - [28/Jan/2023:08:26:02 -0500] "GET /sipse/faces/javax.faces.resource/primefaces.js?ln=primefaces&v=4.0 HTTP/1.1" 304 -
181.63.28.96 - - [28/Jan/2023:08:26:02 -0500] "GET /sipse/faces/javax.faces.resource/layout/layout.js?ln=primefaces&v=4.0 HTTP/1.1" 304 -
181.63.8.141 - - [28/Jan/2023:08:26:03 -0500] "POST /sipse/faces/presentacion/financiero/solicitudProceso/consultar.xhtml HTTP/1.1" 200 23085
181.63.8.141 - - [28/Jan/2023:08:26:05 -0500] "POST /sipse/faces/presentacion/financiero/solicitudProceso/consultar.xhtml HTTP/1.1" 200 46772
186.84.184.239 - - [28/Jan/2023:08:26:12 -0500] "POST /sipse/faces/presentacion/financiero/solicitudProceso/consultar.xhtml HTTP/1.1" 200 13012
181.63.28.96 - - [28/Jan/2023:08:26:05 -0500] "POST /sipse/faces/presentacion/financiero/solicitudBienServicio/asociarBienServicioSolicitud.xhtml HTTP/1.1" 200 2724
181.63.28.96 - - [28/Jan/2023:08:26:18 -0500] "POST /sipse/faces/presentacion/financiero/solicitudBienServicio/asociarBienServicioSolicitud.xhtml HTTP/1.1" 200 78872
181.63.28.96 - - [28/Jan/2023:08:26:19 -0500] "GET /sipse/faces/javax.faces.resource/theme.css?ln=primefaces-sipse HTTP/1.1" 304 -
181.63.28.96 - - [28/Jan/2023:08:26:19 -0500] "GET /sipse/faces/javax.faces.resource/primefaces.css?ln=primefaces&v=4.0 HTTP/1.1" 304 -
181.63.28.96 - - [28/Jan/2023:08:26:19 -0500] "GET /sipse/faces/javax.faces.resource/layout/layout.css?ln=primefaces&v=4.0 HTTP/1.1" 304 -
181.63.28.96 - - [28/Jan/2023:08:26:19 -0500] "GET /sipse/faces/javax.faces.resource/jquery/jquery.js?ln=primefaces&v=4.0 HTTP/1.1" 304 -
181.63.28.96 - - [28/Jan/2023:08:26:19 -0500] "GET /sipse/faces/javax.faces.resource/jquery/jquery-plugins.js?ln=primefaces&v=4.0 HTTP/1.1" 304 -
181.63.28.96 - - [28/Jan/2023:08:26:19 -0500] "GET /sipse/faces/javax.faces.resource/primefaces.js?ln=primefaces&v=4.0 HTTP/1.1" 304 -
181.63.28.96 - - [28/Jan/2023:08:26:20 -0500] "GET /sipse/faces/javax.faces.resource/layout/layout.js?ln=primefaces&v=4.0 HTTP/1.1" 304 -
181.63.8.141 - - [28/Jan/2023:08:26:19 -0500] "POST /sipse/faces/presentacion/financiero/solicitudProceso/consultar.xhtml HTTP/1.1" 200 31570
172.22.2.4 - - [28/Jan/2023:08:24:43 -0500] "GET /BLA/boletinlegal/ HTTP/1.1" 200 59404
181.63.8.141 - - [28/Jan/2023:08:26:27 -0500] "POST /sipse/faces/presentacion/financiero/solicitudProceso/consultar.xhtml HTTP/1.1" 200 20196
181.63.8.141 - - [28/Jan/2023:08:26:37 -0500] "POST /sipse/faces/presentacion/financiero/solicitudProceso/consultar.xhtml HTTP/1.1" 200 31536
181.63.28.96 - - [28/Jan/2023:08:26:43 -0500] "POST /sipse/faces/presentacion/financiero/solicitudProceso/crearModificarSolicitudProceso.xhtml HTTP/1.1" 200 21131
181.63.28.96 - - [28/Jan/2023:08:26:44 -0500] "GET /sipse/faces/javax.faces.resource/jquery/jquery-plugins.js?ln=primefaces&v=4.0 HTTP/1.1" 304 -
181.63.28.96 - - [28/Jan/2023:08:26:44 -0500] "GET /sipse/faces/javax.faces.resource/theme.css?ln=primefaces-sipse HTTP/1.1" 304 -
181.63.28.96 - - [28/Jan/2023:08:26:44 -0500] "GET /sipse/faces/javax.faces.resource/layout/layout.css?ln=primefaces&v=4.0 HTTP/1.1" 304 -
181.63.28.96 - - [28/Jan/2023:08:26:44 -0500] "GET /sipse/faces/javax.faces.resource/fileupload/fileupload.css?ln=primefaces&v=4.0 HTTP/1.1" 304 -
181.63.28.96 - - [28/Jan/2023:08:26:44 -0500] "GET /sipse/faces/javax.faces.resource/jquery/jquery.js?ln=primefaces&v=4.0 HTTP/1.1" 304 -
181.63.28.96 - - [28/Jan/2023:08:26:44 -0500] "GET /sipse/faces/javax.faces.resource/primefaces.css?ln=primefaces&v=4.0 HTTP/1.1" 304 -
181.63.28.96 - - [28/Jan/2023:08:26:44 -0500] "GET /sipse/faces/javax.faces.resource/layout/layout.js?ln=primefaces&v=4.0 HTTP/1.1" 304 -
181.63.28.96 - - [28/Jan/2023:08:26:44 -0500] "GET /sipse/faces/javax.faces.resource/primefaces.js?ln=primefaces&v=4.0 HTTP/1.1" 304 -
181.63.28.96 - - [28/Jan/2023:08:26:44 -0500] "GET /sipse/faces/javax.faces.resource/fileupload/fileupload.js?ln=primefaces&v=4.0 HTTP/1.1" 304 -
181.63.8.141 - - [28/Jan/2023:08:26:53 -0500] "POST /sipse/faces/presentacion/financiero/solicitudProceso/consultar.xhtml HTTP/1.1" 200 39637
181.63.28.96 - - [28/Jan/2023:08:26:54 -0500] "GET /sipse/faces/javax.faces.resource/primefaces.css?ln=primefaces&v=4.0 HTTP/1.1" 304 -
181.63.28.96 - - [28/Jan/2023:08:26:54 -0500] "GET /sipse/faces/javax.faces.resource/jquery/jquery.js?ln=primefaces&v=4.0 HTTP/1.1" 304 -
181.63.28.96 - - [28/Jan/2023:08:26:54 -0500] "GET /sipse/faces/javax.faces.resource/jquery/jquery-plugins.js?ln=primefaces&v=4.0 HTTP/1.1" 304 -
181.63.28.96 - - [28/Jan/2023:08:26:54 -0500] "GET /sipse/faces/javax.faces.resource/theme.css?ln=primefaces-sipse HTTP/1.1" 304 -
181.63.28.96 - - [28/Jan/2023:08:26:54 -0500] "GET /sipse/faces/javax.faces.resource/layout/layout.css?ln=primefaces&v=4.0 HTTP/1.1" 304 -
181.63.28.96 - - [28/Jan/2023:08:26:54 -0500] "POST /sipse/faces/presentacion/sistema/anexos/cargarAnexoSolicitudProceso.xhtml HTTP/1.1" 200 84940
181.63.28.96 - - [28/Jan/2023:08:26:55 -0500] "GET /sipse/faces/javax.faces.resource/primefaces.js?ln=primefaces&v=4.0 HTTP/1.1" 304 -
181.63.28.96 - - [28/Jan/2023:08:26:55 -0500] "GET /sipse/faces/javax.faces.resource/layout/layout.js?ln=primefaces&v=4.0 HTTP/1.1" 304 -
185.119.81.100 - - [28/Jan/2023:08:26:57 -0500] "GET /portaldeninos/wp-login.php HTTP/1.1" 200 2592
185.119.81.100 - - [28/Jan/2023:08:26:57 -0500] "POST /portaldeninos/wp-login.php HTTP/1.1" 200 3670
181.63.28.96 - - [28/Jan/2023:08:26:59 -0500] "GET /sipse/faces/javax.faces.resource/primefaces.css?ln=primefaces&v=4.0 HTTP/1.1" 304 -
181.63.28.96 - - [28/Jan/2023:08:26:59 -0500] "GET /sipse/faces/javax.faces.resource/jquery/jquery.js?ln=primefaces&v=4.0 HTTP/1.1" 304 -
181.63.28.96 - - [28/Jan/2023:08:26:59 -0500] "GET /sipse/faces/javax.faces.resource/theme.css?ln=primefaces-sipse HTTP/1.1" 304 -
181.63.28.96 - - [28/Jan/2023:08:26:59 -0500] "GET /sipse/faces/javax.faces.resource/layout/layout.css?ln=primefaces&v=4.0 HTTP/1.1" 304 -
181.63.28.96 - - [28/Jan/2023:08:26:59 -0500] "GET /sipse/faces/javax.faces.resource/jquery/jquery-plugins.js?ln=primefaces&v=4.0 HTTP/1.1" 304 -
181.63.28.96 - - [28/Jan/2023:08:26:59 -0500] "GET /sipse/faces/javax.faces.resource/layout/layout.js?ln=primefaces&v=4.0 HTTP/1.1" 304 -
181.63.28.96 - - [28/Jan/2023:08:26:59 -0500] "GET /sipse/faces/javax.faces.resource/fileupload/fileupload.js?ln=primefaces&v=4.0 HTTP/1.1" 304 -
181.63.28.96 - - [28/Jan/2023:08:26:59 -0500] "GET /sipse/faces/javax.faces.resource/primefaces.js?ln=primefaces&v=4.0 HTTP/1.1" 304 -
181.63.28.96 - - [28/Jan/2023:08:26:59 -0500] "GET /sipse/faces/javax.faces.resource/fileupload/fileupload.css?ln=primefaces&v=4.0 HTTP/1.1" 304 -
181.63.28.96 - - [28/Jan/2023:08:26:59 -0500] "POST /sipse/faces/presentacion/financiero/solicitudProceso/crearModificarSolicitudProceso.xhtml HTTP/1.1" 200 21131
181.63.8.141 - - [28/Jan/2023:08:26:59 -0500] "POST /sipse/faces/presentacion/financiero/solicitudProceso/consultar.xhtml HTTP/1.1" 200 52681
181.63.8.141 - - [28/Jan/2023:08:27:01 -0500] "POST /sipse/faces/presentacion/financiero/solicitudProceso/consultar.xhtml HTTP/1.1" 200 52697
181.63.8.141 - - [28/Jan/2023:08:27:05 -0500] "GET /sipse/faces/index.xhtml HTTP/1.1" 200 677
181.63.8.141 - - [28/Jan/2023:08:27:06 -0500] "GET /sipse/faces/javax.faces.resource/theme.css?ln=primefaces-sipse HTTP/1.1" 304 -
181.63.8.141 - - [28/Jan/2023:08:27:06 -0500] "GET /sipse/faces/javax.faces.resource/theme.css?ln=primefaces-sipse HTTP/1.1" 304 -
181.63.8.141 - - [28/Jan/2023:08:27:06 -0500] "GET /sipse/faces/javax.faces.resource/primefaces.css?ln=primefaces&v=4.0 HTTP/1.1" 304 -
181.63.8.141 - - [28/Jan/2023:08:27:06 -0500] "GET /sipse/faces/faces/autenticacion.xhtml HTTP/1.1" 200 12178
181.63.8.141 - - [28/Jan/2023:08:27:06 -0500] "GET /sipse/faces/javax.faces.resource/layout/layout.css?ln=primefaces&v=4.0 HTTP/1.1" 304 -
181.63.8.141 - - [28/Jan/2023:08:27:06 -0500] "GET /sipse/faces/javax.faces.resource/jquery/jquery.js?ln=primefaces&v=4.0 HTTP/1.1" 304 -
181.63.8.141 - - [28/Jan/2023:08:27:06 -0500] "GET /sipse/faces/javax.faces.resource/primefaces.js?ln=primefaces&v=4.0 HTTP/1.1" 304 -
181.63.8.141 - - [28/Jan/2023:08:27:06 -0500] "GET /sipse/faces/javax.faces.resource/jquery/jquery-plugins.js?ln=primefaces&v=4.0 HTTP/1.1" 304 -
181.63.8.141 - - [28/Jan/2023:08:27:06 -0500] "GET /sipse/faces/javax.faces.resource/layout/layout.js?ln=primefaces&v=4.0 HTTP/1.1" 304 -
181.63.8.141 - - [28/Jan/2023:08:27:06 -0500] "GET /sipse/faces/javax.faces.resource/images/ui-icons_898989_256x240.png?ln=primefaces-aristo HTTP/1.1" 304 -
181.63.28.96 - - [28/Jan/2023:08:27:07 -0500] "GET /sipse/faces/javax.faces.resource/layout/layout.css?ln=primefaces&v=4.0 HTTP/1.1" 304 -
181.63.28.96 - - [28/Jan/2023:08:27:07 -0500] "GET /sipse/faces/javax.faces.resource/theme.css?ln=primefaces-sipse HTTP/1.1" 304 -
181.63.28.96 - - [28/Jan/2023:08:27:07 -0500] "GET /sipse/faces/javax.faces.resource/jquery/jquery.js?ln=primefaces&v=4.0 HTTP/1.1" 304 -
181.63.28.96 - - [28/Jan/2023:08:27:07 -0500] "GET /sipse/faces/javax.faces.resource/primefaces.css?ln=primefaces&v=4.0 HTTP/1.1" 304 -
181.63.28.96 - - [28/Jan/2023:08:27:07 -0500] "GET /sipse/faces/javax.faces.resource/jquery/jquery-plugins.js?ln=primefaces&v=4.0 HTTP/1.1" 304 -
181.63.28.96 - - [28/Jan/2023:08:27:07 -0500] "GET /sipse/faces/javax.faces.resource/primefaces.js?ln=primefaces&v=4.0 HTTP/1.1" 304 -
181.63.28.96 - - [28/Jan/2023:08:27:07 -0500] "GET /sipse/faces/javax.faces.resource/layout/layout.js?ln=primefaces&v=4.0 HTTP/1.1" 304 -
181.63.28.96 - - [28/Jan/2023:08:27:07 -0500] "POST /sipse/faces/presentacion/sistema/anexos/cargarAnexoSolicitudProceso.xhtml HTTP/1.1" 200 85570
181.63.8.141 - - [28/Jan/2023:08:27:11 -0500] "POST /sipse/faces/autenticacion.xhtml HTTP/1.1" 200 16710
181.63.8.141 - - [28/Jan/2023:08:27:11 -0500] "GET /sipse/faces/javax.faces.resource/theme.css?ln=primefaces-sipse HTTP/1.1" 304 -
181.63.8.141 - - [28/Jan/2023:08:27:11 -0500] "GET /sipse/faces/javax.faces.resource/primefaces.css?ln=primefaces&v=4.0 HTTP/1.1" 304 -
181.63.8.141 - - [28/Jan/2023:08:27:11 -0500] "GET /sipse/faces/javax.faces.resource/layout/layout.css?ln=primefaces&v=4.0 HTTP/1.1" 304 -
181.63.8.141 - - [28/Jan/2023:08:27:11 -0500] "GET /sipse/faces/javax.faces.resource/jquery/jquery.js?ln=primefaces&v=4.0 HTTP/1.1" 304 -
181.63.8.141 - - [28/Jan/2023:08:27:11 -0500] "GET /sipse/faces/javax.faces.resource/jquery/jquery-plugins.js?ln=primefaces&v=4.0 HTTP/1.1" 304 -
181.63.8.141 - - [28/Jan/2023:08:27:11 -0500] "GET /sipse/faces/javax.faces.resource/primefaces.js?ln=primefaces&v=4.0 HTTP/1.1" 304 -
181.63.8.141 - - [28/Jan/2023:08:27:11 -0500] "GET /sipse/faces/javax.faces.resource/layout/layout.js?ln=primefaces&v=4.0 HTTP/1.1" 304 -
181.63.8.141 - - [28/Jan/2023:08:27:11 -0500] "GET /sipse/css/imagen/contrasena.png HTTP/1.1" 404 383
181.63.8.141 - - [28/Jan/2023:08:27:11 -0500] "GET /sipse/faces/javax.faces.resource/messages/messages.png?ln=primefaces&v=4.0 HTTP/1.1" 304 -
181.63.8.141 - - [28/Jan/2023:08:27:15 -0500] "GET /sipse/faces/javax.faces.resource/images/ui-bg_flat_0_2d5972_40x100.png?ln=primefaces-aristo HTTP/1.1" 304 -
181.63.8.141 - - [28/Jan/2023:08:27:15 -0500] "POST /sipse/faces/bienvenido.xhtml HTTP/1.1" 200 2073
181.63.8.141 - - [28/Jan/2023:08:27:16 -0500] "POST /sipse/faces/bienvenido.xhtml HTTP/1.1" 200 38960
181.63.8.141 - - [28/Jan/2023:08:27:16 -0500] "GET /sipse/faces/javax.faces.resource/theme.css?ln=primefaces-sipse HTTP/1.1" 304 -
181.63.8.141 - - [28/Jan/2023:08:27:16 -0500] "GET /sipse/faces/javax.faces.resource/layout/layout.css?ln=primefaces&v=4.0 HTTP/1.1" 304 -
181.63.8.141 - - [28/Jan/2023:08:27:16 -0500] "GET /sipse/faces/javax.faces.resource/primefaces.css?ln=primefaces&v=4.0 HTTP/1.1" 304 -
181.63.8.141 - - [28/Jan/2023:08:27:16 -0500] "GET /sipse/faces/javax.faces.resource/jquery/jquery.js?ln=primefaces&v=4.0 HTTP/1.1" 304 -
181.63.8.141 - - [28/Jan/2023:08:27:16 -0500] "GET /sipse/faces/javax.faces.resource/jquery/jquery-plugins.js?ln=primefaces&v=4.0 HTTP/1.1" 304 -
181.63.8.141 - - [28/Jan/2023:08:27:17 -0500] "GET /sipse/faces/javax.faces.resource/primefaces.js?ln=primefaces&v=4.0 HTTP/1.1" 304 -
181.63.8.141 - - [28/Jan/2023:08:27:17 -0500] "GET /sipse/faces/javax.faces.resource/layout/layout.js?ln=primefaces&v=4.0 HTTP/1.1" 304 -
181.63.28.96 - - [28/Jan/2023:08:27:14 -0500] "POST /sipse/faces/presentacion/financiero/solicitudProceso/crearModificarSolicitudProceso.xhtml HTTP/1.1" 200 66175
181.63.28.96 - - [28/Jan/2023:08:27:17 -0500] "GET /sipse/faces/javax.faces.resource/theme.css?ln=primefaces-sipse HTTP/1.1" 304 -
181.63.28.96 - - [28/Jan/2023:08:27:17 -0500] "GET /sipse/faces/javax.faces.resource/primefaces.css?ln=primefaces&v=4.0 HTTP/1.1" 304 -
181.63.28.96 - - [28/Jan/2023:08:27:17 -0500] "GET /sipse/faces/javax.faces.resource/layout/layout.css?ln=primefaces&v=4.0 HTTP/1.1" 304 -
181.63.28.96 - - [28/Jan/2023:08:27:17 -0500] "GET /sipse/faces/javax.faces.resource/jquery/jquery.js?ln=primefaces&v=4.0 HTTP/1.1" 304 -
181.63.28.96 - - [28/Jan/2023:08:27:18 -0500] "GET /sipse/faces/javax.faces.resource/jquery/jquery-plugins.js?ln=primefaces&v=4.0 HTTP/1.1" 304 -
181.63.28.96 - - [28/Jan/2023:08:27:18 -0500] "GET /sipse/faces/javax.faces.resource/primefaces.js?ln=primefaces&v=4.0 HTTP/1.1" 304 -
181.63.28.96 - - [28/Jan/2023:08:27:18 -0500] "GET /sipse/faces/javax.faces.resource/layout/layout.js?ln=primefaces&v=4.0 HTTP/1.1" 304 -
181.63.28.96 - - [28/Jan/2023:08:27:19 -0500] "POST /sipse/faces/presentacion/financiero/solicitudProceso/listarSolicitudProceso.xhtml HTTP/1.1" 200 1556
181.63.8.141 - - [28/Jan/2023:08:27:21 -0500] "POST /sipse/faces/presentacion/financiero/solicitudProceso/consultar.xhtml HTTP/1.1" 200 9833
181.63.28.96 - - [28/Jan/2023:08:27:22 -0500] "POST /sipse/faces/presentacion/financiero/solicitudProceso/listarSolicitudProceso.xhtml HTTP/1.1" 200 43493
181.63.28.96 - - [28/Jan/2023:08:27:23 -0500] "POST /sipse/faces/presentacion/financiero/solicitudProceso/listarSolicitudProceso.xhtml HTTP/1.1" 200 57254
181.63.28.96 - - [28/Jan/2023:08:27:23 -0500] "POST /sipse/faces/presentacion/financiero/solicitudProceso/listarSolicitudProceso.xhtml HTTP/1.1" 200 43493
181.63.8.141 - - [28/Jan/2023:08:27:26 -0500] "POST /sipse/faces/presentacion/financiero/solicitudProceso/consultar.xhtml HTTP/1.1" 200 12974
186.84.184.239 - - [28/Jan/2023:08:27:27 -0500] "POST /sipse/faces/presentacion/financiero/solicitudProceso/consultar.xhtml HTTP/1.1" 200 13096
181.63.8.141 - - [28/Jan/2023:08:27:31 -0500] "POST /sipse/faces/presentacion/financiero/solicitudProceso/consultar.xhtml HTTP/1.1" 200 12948
181.63.8.141 - - [28/Jan/2023:08:27:35 -0500] "POST /sipse/faces/presentacion/financiero/solicitudProceso/consultar.xhtml HTTP/1.1" 200 12911
181.63.8.141 - - [28/Jan/2023:08:27:44 -0500] "POST /sipse/faces/presentacion/financiero/solicitudProceso/consultar.xhtml HTTP/1.1" 200 121749
181.63.8.141 - - [28/Jan/2023:08:27:45 -0500] "GET /sipse/faces/javax.faces.resource/theme.css?ln=primefaces-sipse HTTP/1.1" 304 -
181.63.8.141 - - [28/Jan/2023:08:27:45 -0500] "GET /sipse/faces/javax.faces.resource/primefaces.css?ln=primefaces&v=4.0 HTTP/1.1" 304 -
181.63.8.141 - - [28/Jan/2023:08:27:45 -0500] "GET /sipse/faces/javax.faces.resource/layout/layout.css?ln=primefaces&v=4.0 HTTP/1.1" 304 -
181.63.8.141 - - [28/Jan/2023:08:27:45 -0500] "GET /sipse/faces/javax.faces.resource/jquery/jquery.js?ln=primefaces&v=4.0 HTTP/1.1" 304 -
181.63.8.141 - - [28/Jan/2023:08:27:45 -0500] "GET /sipse/faces/javax.faces.resource/jquery/jquery-plugins.js?ln=primefaces&v=4.0 HTTP/1.1" 304 -
181.63.8.141 - - [28/Jan/2023:08:27:45 -0500] "GET /sipse/faces/javax.faces.resource/primefaces.js?ln=primefaces&v=4.0 HTTP/1.1" 304 -
181.63.8.141 - - [28/Jan/2023:08:27:45 -0500] "GET /sipse/faces/javax.faces.resource/layout/layout.js?ln=primefaces&v=4.0 HTTP/1.1" 304 -
186.84.184.239 - - [28/Jan/2023:08:27:50 -0500] "POST /sipse/faces/presentacion/financiero/solicitudProceso/consultar.xhtml HTTP/1.1" 200 13096
181.63.28.96 - - [28/Jan/2023:08:27:50 -0500] "POST /sipse/faces/presentacion/financiero/solicitudProceso/listarSolicitudProceso.xhtml HTTP/1.1" 200 123955
181.63.28.96 - - [28/Jan/2023:08:27:51 -0500] "GET /sipse/faces/javax.faces.resource/theme.css?ln=primefaces-sipse HTTP/1.1" 304 -
181.63.28.96 - - [28/Jan/2023:08:27:51 -0500] "GET /sipse/faces/javax.faces.resource/primefaces.css?ln=primefaces&v=4.0 HTTP/1.1" 304 -
181.63.28.96 - - [28/Jan/2023:08:27:51 -0500] "GET /sipse/faces/javax.faces.resource/layout/layout.css?ln=primefaces&v=4.0 HTTP/1.1" 304 -
181.63.28.96 - - [28/Jan/2023:08:27:51 -0500] "GET /sipse/faces/javax.faces.resource/jquery/jquery.js?ln=primefaces&v=4.0 HTTP/1.1" 304 -
181.63.28.96 - - [28/Jan/2023:08:27:51 -0500] "GET /sipse/faces/javax.faces.resource/jquery/jquery-plugins.js?ln=primefaces&v=4.0 HTTP/1.1" 304 -
181.63.28.96 - - [28/Jan/2023:08:27:51 -0500] "GET /sipse/faces/javax.faces.resource/primefaces.js?ln=primefaces&v=4.0 HTTP/1.1" 304 -
181.63.28.96 - - [28/Jan/2023:08:27:51 -0500] "GET /sipse/faces/javax.faces.resource/layout/layout.js?ln=primefaces&v=4.0 HTTP/1.1" 304 -
181.63.8.141 - - [28/Jan/2023:08:27:52 -0500] "POST /sipse/faces/presentacion/financiero/solicitudProceso/consultarSolicitudProceso.xhtml HTTP/1.1" 200 27873
181.63.8.141 - - [28/Jan/2023:08:27:52 -0500] "GET /sipse/faces/javax.faces.resource/theme.css?ln=primefaces-sipse HTTP/1.1" 304 -
181.63.8.141 - - [28/Jan/2023:08:27:52 -0500] "GET /sipse/faces/javax.faces.resource/primefaces.css?ln=primefaces&v=4.0 HTTP/1.1" 304 -
181.63.8.141 - - [28/Jan/2023:08:27:52 -0500] "GET /sipse/faces/javax.faces.resource/layout/layout.css?ln=primefaces&v=4.0 HTTP/1.1" 304 -
181.63.8.141 - - [28/Jan/2023:08:27:52 -0500] "GET /sipse/faces/javax.faces.resource/jquery/jquery.js?ln=primefaces&v=4.0 HTTP/1.1" 304 -
181.63.8.141 - - [28/Jan/2023:08:27:52 -0500] "GET /sipse/faces/javax.faces.resource/layout/layout.js?ln=primefaces&v=4.0 HTTP/1.1" 304 -
181.63.8.141 - - [28/Jan/2023:08:27:52 -0500] "GET /sipse/faces/javax.faces.resource/primefaces.js?ln=primefaces&v=4.0 HTTP/1.1" 304 -
181.63.8.141 - - [28/Jan/2023:08:27:52 -0500] "GET /sipse/faces/javax.faces.resource/jquery/jquery-plugins.js?ln=primefaces&v=4.0 HTTP/1.1" 304 -
205.169.39.249 - - [28/Jan/2023:08:27:59 -0500] "GET /isolucionsda/FramesetArticulo.asp?Pagina=BancoConocimiento/Q/Quejasyreclamos_v5/Quejasyreclamos_v5.asp&IdArticulo=5070 HTTP/1.1" 200 527
181.63.8.141 - - [28/Jan/2023:08:28:01 -0500] "GET /sipse/faces/javax.faces.resource/theme.css?ln=primefaces-sipse HTTP/1.1" 304 -
181.63.8.141 - - [28/Jan/2023:08:28:01 -0500] "GET /sipse/faces/javax.faces.resource/primefaces.css?ln=primefaces&v=4.0 HTTP/1.1" 304 -
181.63.8.141 - - [28/Jan/2023:08:28:01 -0500] "GET /sipse/faces/javax.faces.resource/layout/layout.css?ln=primefaces&v=4.0 HTTP/1.1" 304 -
181.63.8.141 - - [28/Jan/2023:08:28:01 -0500] "GET /sipse/faces/javax.faces.resource/jquery/jquery.js?ln=primefaces&v=4.0 HTTP/1.1" 304 -
181.63.8.141 - - [28/Jan/2023:08:28:01 -0500] "GET /sipse/faces/javax.faces.resource/jquery/jquery-plugins.js?ln=primefaces&v=4.0 HTTP/1.1" 304 -
181.63.8.141 - - [28/Jan/2023:08:28:01 -0500] "GET /sipse/faces/javax.faces.resource/primefaces.js?ln=primefaces&v=4.0 HTTP/1.1" 304 -
181.63.8.141 - - [28/Jan/2023:08:28:01 -0500] "GET /sipse/faces/javax.faces.resource/layout/layout.js?ln=primefaces&v=4.0 HTTP/1.1" 304 -
181.63.8.141 - - [28/Jan/2023:08:28:00 -0500] "POST /sipse/faces/presentacion/financiero/solicitudProceso/consultarHistorialSolProceso.xhtml HTTP/1.1" 200 167879
181.63.28.96 - - [28/Jan/2023:08:28:03 -0500] "POST /sipse/faces/presentacion/financiero/solicitudProceso/consultarSolicitudProceso.xhtml HTTP/1.1" 200 46026
181.63.28.96 - - [28/Jan/2023:08:28:04 -0500] "GET /sipse/faces/javax.faces.resource/theme.css?ln=primefaces-sipse HTTP/1.1" 304 -
181.63.28.96 - - [28/Jan/2023:08:28:04 -0500] "GET /sipse/faces/javax.faces.resource/layout/layout.css?ln=primefaces&v=4.0 HTTP/1.1" 304 -
181.63.28.96 - - [28/Jan/2023:08:28:04 -0500] "GET /sipse/faces/javax.faces.resource/primefaces.css?ln=primefaces&v=4.0 HTTP/1.1" 304 -
205.169.39.249 - - [28/Jan/2023:08:28:04 -0500] "GET /isolucionsda/FramesetArticulo.asp?Pagina=BancoConocimiento/Q/Quejasyreclamos_v5/Quejasyreclamos_v5.asp&IdArticulo=5070 HTTP/1.1" 200 527
181.63.28.96 - - [28/Jan/2023:08:28:04 -0500] "GET /sipse/faces/javax.faces.resource/jquery/jquery.js?ln=primefaces&v=4.0 HTTP/1.1" 304 -
181.63.28.96 - - [28/Jan/2023:08:28:04 -0500] "GET /sipse/faces/javax.faces.resource/jquery/jquery-plugins.js?ln=primefaces&v=4.0 HTTP/1.1" 304 -
181.63.28.96 - - [28/Jan/2023:08:28:05 -0500] "GET /sipse/faces/javax.faces.resource/primefaces.js?ln=primefaces&v=4.0 HTTP/1.1" 304 -
181.63.28.96 - - [28/Jan/2023:08:28:05 -0500] "GET /sipse/faces/javax.faces.resource/layout/layout.js?ln=primefaces&v=4.0 HTTP/1.1" 304 -
201.245.192.253 - - [28/Jan/2023:08:28:03 -0500] "POST /kwsrmcab/Wsrmcab  HTTP/1.1" 200 213
181.63.28.96 - - [28/Jan/2023:08:28:11 -0500] "POST /sipse/faces/presentacion/financiero/estudioPrevio/personalSolicitado/personalSolicitadoSolicitudProceso.xhtml HTTP/1.1" 200 7023
186.84.184.239 - - [28/Jan/2023:08:28:15 -0500] "POST /sipse/faces/presentacion/financiero/solicitudProceso/consultar.xhtml HTTP/1.1" 200 13096
201.245.192.253 - - [28/Jan/2023:08:28:28 -0500] "POST /kwsrmcab/Wsrmcab HTTP/1.1" 200 41315
186.84.184.239 - - [28/Jan/2023:08:28:32 -0500] "POST /sipse/faces/presentacion/financiero/solicitudProceso/consultar.xhtml HTTP/1.1" 200 13092
201.245.192.253 - - [28/Jan/2023:08:28:31 -0500] "POST /kwsrmcab/Wsrmcab HTTP/1.1" 200 41916
186.84.184.239 - - [28/Jan/2023:08:28:50 -0500] "POST /sipse/faces/presentacion/financiero/solicitudProceso/consultar.xhtml HTTP/1.1" 200 12950
14.29.206.197 - - [28/Jan/2023:08:28:52 -0500] "GET /portaldeninos HTTP/1.1" 404 1035
66.220.149.120 - - [28/Jan/2023:08:29:06 -0500] "GET /images/Secretaria%20Urrutia%20evento%20h\xc3\xa1bitat%20Francia%2024%20de%20enero.jpeg HTTP/1.1" 404 1034
186.84.184.239 - - [28/Jan/2023:08:29:06 -0500] "POST /sipse/faces/presentacion/financiero/solicitudProceso/consultar.xhtml HTTP/1.1" 200 13023
216.245.221.92 - - [28/Jan/2023:08:29:14 -0500] "HEAD / HTTP/1.1" 200 -
181.63.28.96 - - [28/Jan/2023:08:29:17 -0500] "POST /sipse/faces/presentacion/financiero/estudioPrevio/personalSolicitado/personalSolicitadoSolicitudProceso.xhtml HTTP/1.1" 200 36809
181.63.28.96 - - [28/Jan/2023:08:29:18 -0500] "GET /sipse/faces/javax.faces.resource/theme.css?ln=primefaces-sipse HTTP/1.1" 304 -
181.63.28.96 - - [28/Jan/2023:08:29:18 -0500] "GET /sipse/faces/javax.faces.resource/layout/layout.css?ln=primefaces&v=4.0 HTTP/1.1" 304 -
181.63.28.96 - - [28/Jan/2023:08:29:18 -0500] "GET /sipse/faces/javax.faces.resource/primefaces.css?ln=primefaces&v=4.0 HTTP/1.1" 304 -
181.63.28.96 - - [28/Jan/2023:08:29:18 -0500] "GET /sipse/faces/javax.faces.resource/jquery/jquery.js?ln=primefaces&v=4.0 HTTP/1.1" 304 -
181.63.28.96 - - [28/Jan/2023:08:29:18 -0500] "GET /sipse/faces/javax.faces.resource/jquery/jquery-plugins.js?ln=primefaces&v=4.0 HTTP/1.1" 304 -
181.63.28.96 - - [28/Jan/2023:08:29:18 -0500] "GET /sipse/faces/javax.faces.resource/primefaces.js?ln=primefaces&v=4.0 HTTP/1.1" 304 -
181.63.28.96 - - [28/Jan/2023:08:29:18 -0500] "GET /sipse/faces/javax.faces.resource/layout/layout.js?ln=primefaces&v=4.0 HTTP/1.1" 304 -
181.63.28.96 - - [28/Jan/2023:08:29:20 -0500] "POST /sipse/faces/presentacion/financiero/estudioPrevio/personalSolicitado/asociarProfesionPersonalSolicitado.xhtml HTTP/1.1" 200 21368
181.63.28.96 - - [28/Jan/2023:08:29:28 -0500] "POST /sipse/faces/presentacion/financiero/estudioPrevio/personalSolicitado/asociarProfesionPersonalSolicitado.xhtml HTTP/1.1" 200 50810
181.63.28.96 - - [28/Jan/2023:08:29:28 -0500] "GET /sipse/faces/javax.faces.resource/theme.css?ln=primefaces-sipse HTTP/1.1" 304 -
181.63.28.96 - - [28/Jan/2023:08:29:28 -0500] "GET /sipse/faces/javax.faces.resource/primefaces.css?ln=primefaces&v=4.0 HTTP/1.1" 304 -
181.63.28.96 - - [28/Jan/2023:08:29:28 -0500] "GET /sipse/faces/javax.faces.resource/layout/layout.css?ln=primefaces&v=4.0 HTTP/1.1" 304 -
181.63.28.96 - - [28/Jan/2023:08:29:28 -0500] "GET /sipse/faces/javax.faces.resource/jquery/jquery-plugins.js?ln=primefaces&v=4.0 HTTP/1.1" 304 -
181.63.28.96 - - [28/Jan/2023:08:29:28 -0500] "GET /sipse/faces/javax.faces.resource/primefaces.js?ln=primefaces&v=4.0 HTTP/1.1" 304 -
181.63.28.96 - - [28/Jan/2023:08:29:28 -0500] "GET /sipse/faces/javax.faces.resource/jquery/jquery.js?ln=primefaces&v=4.0 HTTP/1.1" 304 -
181.63.28.96 - - [28/Jan/2023:08:29:29 -0500] "GET /sipse/faces/javax.faces.resource/layout/layout.js?ln=primefaces&v=4.0 HTTP/1.1" 304 -
186.84.184.239 - - [28/Jan/2023:08:29:30 -0500] "POST /sipse/faces/presentacion/financiero/solicitudProceso/consultar.xhtml HTTP/1.1" 200 13048
181.63.28.96 - - [28/Jan/2023:08:29:32 -0500] "POST /sipse/faces/presentacion/financiero/estudioPrevio/personalSolicitado/personalSolicitadoSolicitudProceso.xhtml HTTP/1.1" 200 36813
181.63.28.96 - - [28/Jan/2023:08:29:33 -0500] "GET /sipse/faces/javax.faces.resource/layout/layout.css?ln=primefaces&v=4.0 HTTP/1.1" 304 -
181.63.28.96 - - [28/Jan/2023:08:29:33 -0500] "GET /sipse/faces/javax.faces.resource/primefaces.css?ln=primefaces&v=4.0 HTTP/1.1" 304 -
181.63.28.96 - - [28/Jan/2023:08:29:33 -0500] "GET /sipse/faces/javax.faces.resource/theme.css?ln=primefaces-sipse HTTP/1.1" 304 -
181.63.28.96 - - [28/Jan/2023:08:29:33 -0500] "GET /sipse/faces/javax.faces.resource/jquery/jquery.js?ln=primefaces&v=4.0 HTTP/1.1" 304 -
181.63.28.96 - - [28/Jan/2023:08:29:33 -0500] "GET /sipse/faces/javax.faces.resource/jquery/jquery-plugins.js?ln=primefaces&v=4.0 HTTP/1.1" 304 -
181.63.28.96 - - [28/Jan/2023:08:29:33 -0500] "GET /sipse/faces/javax.faces.resource/primefaces.js?ln=primefaces&v=4.0 HTTP/1.1" 304 -
181.63.28.96 - - [28/Jan/2023:08:29:33 -0500] "GET /sipse/faces/javax.faces.resource/layout/layout.js?ln=primefaces&v=4.0 HTTP/1.1" 304 -
181.63.28.96 - - [28/Jan/2023:08:29:35 -0500] "POST /sipse/faces/presentacion/financiero/estudioPrevio/personalSolicitado/asociarProfesionPersonalSolicitado.xhtml HTTP/1.1" 200 21325
181.63.28.96 - - [28/Jan/2023:08:29:36 -0500] "POST /sipse/faces/presentacion/financiero/estudioPrevio/personalSolicitado/asociarProfesionPersonalSolicitado.xhtml HTTP/1.1" 200 21321
181.63.28.96 - - [28/Jan/2023:08:29:38 -0500] "POST /sipse/faces/presentacion/financiero/estudioPrevio/personalSolicitado/asociarProfesionPersonalSolicitado.xhtml HTTP/1.1" 200 52073
181.63.28.96 - - [28/Jan/2023:08:29:39 -0500] "GET /sipse/faces/javax.faces.resource/theme.css?ln=primefaces-sipse HTTP/1.1" 304 -
181.63.28.96 - - [28/Jan/2023:08:29:39 -0500] "GET /sipse/faces/javax.faces.resource/primefaces.css?ln=primefaces&v=4.0 HTTP/1.1" 304 -
181.63.28.96 - - [28/Jan/2023:08:29:39 -0500] "GET /sipse/faces/javax.faces.resource/layout/layout.css?ln=primefaces&v=4.0 HTTP/1.1" 304 -
181.63.28.96 - - [28/Jan/2023:08:29:39 -0500] "GET /sipse/faces/javax.faces.resource/jquery/jquery.js?ln=primefaces&v=4.0 HTTP/1.1" 304 -
181.63.28.96 - - [28/Jan/2023:08:29:39 -0500] "GET /sipse/faces/javax.faces.resource/primefaces.js?ln=primefaces&v=4.0 HTTP/1.1" 304 -
181.63.28.96 - - [28/Jan/2023:08:29:39 -0500] "GET /sipse/faces/javax.faces.resource/jquery/jquery-plugins.js?ln=primefaces&v=4.0 HTTP/1.1" 304 -
181.63.28.96 - - [28/Jan/2023:08:29:39 -0500] "GET /sipse/faces/javax.faces.resource/layout/layout.js?ln=primefaces&v=4.0 HTTP/1.1" 304 -
186.84.184.239 - - [28/Jan/2023:08:29:43 -0500] "POST /sipse/faces/presentacion/financiero/solicitudProceso/consultar.xhtml HTTP/1.1" 200 13034
172.22.2.4 - - [28/Jan/2023:08:29:44 -0500] "GET /BLA/boletinlegal/ab2g HTTP/1.1" 404 1018
172.22.2.4 - - [28/Jan/2023:08:29:45 -0500] "GET /BLA/boletinlegal/ab2h HTTP/1.1" 404 1018
181.63.28.96 - - [28/Jan/2023:08:29:45 -0500] "POST /sipse/faces/presentacion/financiero/estudioPrevio/personalSolicitado/personalSolicitadoSolicitudProceso.xhtml HTTP/1.1" 200 36817
181.63.28.96 - - [28/Jan/2023:08:29:46 -0500] "GET /sipse/faces/javax.faces.resource/theme.css?ln=primefaces-sipse HTTP/1.1" 304 -
181.63.28.96 - - [28/Jan/2023:08:29:46 -0500] "GET /sipse/faces/javax.faces.resource/layout/layout.css?ln=primefaces&v=4.0 HTTP/1.1" 304 -
181.63.28.96 - - [28/Jan/2023:08:29:46 -0500] "GET /sipse/faces/javax.faces.resource/primefaces.css?ln=primefaces&v=4.0 HTTP/1.1" 304 -
181.63.28.96 - - [28/Jan/2023:08:29:46 -0500] "GET /sipse/faces/javax.faces.resource/jquery/jquery.js?ln=primefaces&v=4.0 HTTP/1.1" 304 -
181.63.28.96 - - [28/Jan/2023:08:29:46 -0500] "GET /sipse/faces/javax.faces.resource/jquery/jquery-plugins.js?ln=primefaces&v=4.0 HTTP/1.1" 304 -
181.63.28.96 - - [28/Jan/2023:08:29:46 -0500] "GET /sipse/faces/javax.faces.resource/primefaces.js?ln=primefaces&v=4.0 HTTP/1.1" 304 -
181.63.28.96 - - [28/Jan/2023:08:29:46 -0500] "GET /sipse/faces/javax.faces.resource/layout/layout.js?ln=primefaces&v=4.0 HTTP/1.1" 304 -
181.63.28.96 - - [28/Jan/2023:08:29:48 -0500] "POST /sipse/faces/presentacion/financiero/estudioPrevio/personalSolicitado/asociarProfesionPersonalSolicitado.xhtml HTTP/1.1" 200 21326
186.84.184.239 - - [28/Jan/2023:08:29:53 -0500] "POST /sipse/faces/presentacion/financiero/solicitudProceso/consultar.xhtml HTTP/1.1" 200 12946
186.102.41.174 - - [28/Jan/2023:08:29:53 -0500] "GET /kwssiamovil/sm/acme/a?s=U2FsdGVkX1++czRl2A6jhEnlYWdqCOi/vFXzUcvXq9851X6gKtjsrigOpI7+QNq+NdfSBtlFoM1dr2mXje5zAm4iW1dHxd39yqGVgAxPbqb7plFhSIu3VuoEoyk5K2yeTlYqDUP4hAV3y5/Kx3Q/ne4iw84De2EKhx9LsNidrOz0PwXgJBfDNU0/WNYFALiK7goOLyMndEGM54aMPyBxGmApV4mlJS/C4Jf4O/lEaKuwTfIotDoh8nNGnGurFpf2A1vEBvH8Pq3gYzH0gVwNGA==&u=U2FsdGVkX180q5bqKrmPFr2e2WgElo1NMPK54eOtkTE=&y=U2FsdGVkX18Oq3DCvyBez4GFbPuW8aTUOvRT08cql0aoOtSBDsf1hOeSVXe3+E+v HTTP/1.1" 200 26
186.102.41.174 - - [28/Jan/2023:08:29:54 -0500] "GET /kwssiamovil/sm/acme/a?s=U2FsdGVkX18fq5TQhMXjDSpjLby80MdoIvDLlSV0mm5BrEVHUetDJVfcustF2UMDk2Va0rKaYGfShskb8ePWGhAJZ0jCioI2/0WAOLdpAOreuwZpR23o+mp5npUeZYSU/W6MI/UiLm0kbG/puuk5MUyAIPa7y96FsnR+3khQD6U0/h9pUKPx5HNxjEx/htfUmYFe+4xQuz30pYyEqV6MX9EglWidgM4UU7bYTDb5E0CnX2+92wNpcLUJbm/y9aYLb4Vd1v6uSjtUXjQfzZuSzqbbP2vVILavlKvxxTJeacl7yLzc54u44AB3n0Br5Vvoa0CvgRSKzux33crnxxKmTp7lN5viHTOOw/AbzRPX+B0lyyyYzf7B26x5GDtnxWjIansui0Z++JVim+GSGscoPpG3zMJPQHwYEyrG55+wewJBk5tDuigQ+a8DAZCLLZJrE0boU4E65BvedZoTMZynoDoMur2kTdSohWurlV3zCtn9g06yI4wMIF9VplKKt5GB1fDUQPCs6SVcSrDrPyq+qiLhdLkT2v+tZvSrBf2QEr6FJRAYui2XJFmDu0EGY4JmESF6QxKZPRyH742VsLnNCexhdWIHMo/qZAAXFs+wZpVJnQ6jpg2wIYZOAhz6pG2tm88twL3rbtKHrcthccIcIKGzbd9ixHZarGZWDvVwYWURHhBHnKNzqqBcXP2uFE6ITzYvyiNbnji+vXhDnxvsr0mUYhqGMMFhqgZi+2PRbI4GE5Z/ki4yVBzYIF1BqrpWc4oQkpfJ52SX85Zk+ncCUkitZY07ah3/Mx5HdM2aorm8Nx8JS84gG7B5pA2aX70K7b/0ZXv7DIWw3vSIhncitjYoCeSE2XEYpEzm2RKokc9AiAVtmn5mSU3AfjvyR/a4VC/uZ8HV+VKQUwjNk7gphP2vUM2UBBGpwj0T7c/OkvRjdf/ULIpWtqV4w+JkZ7Q9XT5b29WbF57eE8IcYUCADN1dDs5TulCY2aiXB0kcTwzHjUkJ8Joo+ZaUzXUew9MRoyQKxFA+EwkXFJSlOfs+vTHGIcBQmpjbz/qFPI2mjmX7eT80stFU3aaAil1YsBL/En3JivOiVt1Sm6wGPKonbYi90PZWpJ4Rd8/P5UtSp9EHPG5cjNjVGbZN7Tvv4Uvln634/cv75qOAxkKQuFYVpueATG0DImEjh2dpDLDTvohflM985rq6+k72Udkts3avNihqqeAOfJLFbdHRPobuMZUrLoLsQF53PUqw0f90vpBR7v0hNR3alvBC83CAGGE8oM7TA+3NtUEFSsDn40laEGSXAkPrQYeIie/9hI5oW/rUNbCyfl/nwJTkXmYxZr1g5+2jJND8YfVE8DB4FA+mgrPFvndK8xPfGCqfkMtSEc5wFY0C+xtGuwNw+wpI19XyXX0yj4eyFQFXAo18PV+UfP/7/OHOf3dUfKUhr4AbdPKuiCcH32iVaEHOMVN/PDPQnKoD0tPGsrTqaXj5j3IiUKBFmMVOPGvkPgLzxFlBXrKF4hkJ9aBmx2/DCyZJTFulvCFeo9tetFDdn86j/z0ZIvoPQrhf1+WH64SQwDbZ8i3atpfNYEOlxyGdjlJFMScwyGDHdYGeBc9RiMlX3DMYub5eP6FOcfh8At1VBPYG19KxADdxZFouxBBQbp921hYU9zSsBCKWV+yYUyWqUDcUPBm6pxl0TLmr6GZH6BXsxm9PoD/xA1nPBMOAd4ooO5qKUaRQw+RDt5Pag6gKwErd23a8ViNwdTvr8EkfaTTM+IghXGa5YT6P5NaFaaLQH7nWJb/g2w4hSm20+Hs1QEbNCVd9bLyVHXGuxEOj+sXk9FMx3CrkhM0P8X7OUhURBd6vdx+8ao0d5FfcDdCBINMgqOzjPlGHWRv7DiOg3u7p0QM1Sjgc4bEjkRyAHC4a6MwxuVztMMGxzfIUWkY6ZMTGLesuVZTrE1glE01uN1jlSmOjRVP2qKCsm6gdnu7t0aK/obZC5LTMGT8oQ1zvMO+1jHi8GNzndmXQGsim4usxvDCdpq+rFf2w4i12KW46WzgDaTEC3odoTJ571zWSIKATmvZglnhJTl3TBBV9sogN31xMACbwcxtF5KnyevgF2GQbcf463RixCbPK15Qwdongpf7OlWjhXy/GM2N2yNzEKmI=&u=U2FsdGVkX180q5bqKrmPFr2e2WgElo1NMPK54eOtkTE=&y=U2FsdGVkX18Oq3DCvyBez4GFbPuW8aTUOvRT08cql0aoOtSBDsf1hOeSVXe3+E+v HTTP/1.1" 200 26
186.102.41.174 - - [28/Jan/2023:08:29:54 -0500] "GET /kwssiamovil/sm/acme/a?s=U2FsdGVkX1+g/h1CcA3xCZujp1ljhVq0Ara+DgCimTsxieq4HEDhdnhZHIoDTjtw/YXROEIP9hAKjcK9lEfQHBu0/rqd7Mg7XZ+jcMh52rekJsVDPNePg4fxAGpAn4O+SyNglH5rv1TNtd2yp8iqnbyZ/5nm8ypwz2CPYlhIH10=&u=U2FsdGVkX180q5bqKrmPFr2e2WgElo1NMPK54eOtkTE=&y=U2FsdGVkX18Oq3DCvyBez4GFbPuW8aTUOvRT08cql0aoOtSBDsf1hOeSVXe3+E+v HTTP/1.1" 200 26
