205.169.39.63 - - [28/Jan/2023:09:10:51 -0500] "GET /portaldeninos/wp-content/themes/betheme/images/box_shadow.png HTTP/1.1" 200 108
205.169.39.63 - - [28/Jan/2023:09:10:51 -0500] "GET /portaldeninos/wp-includes/js/wp-emoji-release.min.js?ver=4.9.8 HTTP/1.1" 200 12026
205.169.39.63 - - [28/Jan/2023:09:10:51 -0500] "GET /portaldeninos/wp-content/themes/betheme/assets/jplayer/jplayer.min.js?ver=20.9.6 HTTP/1.1" 200 52702
205.169.39.63 - - [28/Jan/2023:09:10:51 -0500] "GET /portaldeninos/wp-content/themes/betheme/js/scripts.js?ver=20.9.6 HTTP/1.1" 200 77162
205.169.39.63 - - [28/Jan/2023:09:10:51 -0500] "GET /portaldeninos/wp-content/themes/betheme/js/plugins.js?ver=20.9.6 HTTP/1.1" 200 197151
205.169.39.63 - - [28/Jan/2023:09:10:51 -0500] "GET /portaldeninos/wp-content/themes/betheme/fonts/mfn-icons.woff?93978679 HTTP/1.1" 200 80932
205.169.39.63 - - [28/Jan/2023:09:10:52 -0500] "GET /portaldeninos/wp-content/themes/betheme/fonts/mfn-icons.ttf?93978679 HTTP/1.1" 200 31801
172.22.2.4 - - [28/Jan/2023:09:10:33 -0500] "HEAD /BLA/boletinlegal/ HTTP/1.1" 200 -
201.245.192.253 - - [28/Jan/2023:09:12:53 -0500] "POST /kwsrmcab/Wsrmcab  HTTP/1.1" 200 213
172.22.2.4 - - [28/Jan/2023:09:11:23 -0500] "GET /BLA/boletinlegal/ HTTP/1.1" 200 54816
193.32.162.159 - - [28/Jan/2023:09:14:26 -0500] "GET / HTTP/1.1" 200 319
216.245.221.92 - - [28/Jan/2023:09:14:33 -0500] "HEAD / HTTP/1.1" 200 -
186.30.35.50 - - [28/Jan/2023:09:16:16 -0500] "POST /sipse/faces/presentacion/financiero/solicitudProceso/consultar.xhtml HTTP/1.1" 200 29148
186.30.35.50 - - [28/Jan/2023:09:16:16 -0500] "GET /sipse/faces/javax.faces.resource/jquery/jquery.js?ln=primefaces&v=4.0 HTTP/1.1" 304 -
186.30.35.50 - - [28/Jan/2023:09:16:16 -0500] "GET /sipse/faces/javax.faces.resource/jquery/jquery-plugins.js?ln=primefaces&v=4.0 HTTP/1.1" 304 -
186.30.35.50 - - [28/Jan/2023:09:16:17 -0500] "GET /sipse/faces/javax.faces.resource/primefaces.js?ln=primefaces&v=4.0 HTTP/1.1" 304 -
186.30.35.50 - - [28/Jan/2023:09:16:17 -0500] "GET /sipse/faces/javax.faces.resource/layout/layout.js?ln=primefaces&v=4.0 HTTP/1.1" 304 -
186.30.35.50 - - [28/Jan/2023:09:16:17 -0500] "POST /sipse/faces/presentacion/sistema/reporte/listarReportes.xhtml HTTP/1.1" 200 22588
186.30.35.50 - - [28/Jan/2023:09:16:19 -0500] "POST /sipse/faces/presentacion/sistema/reporte/listarReportes.xhtml HTTP/1.1" 200 26403
186.30.35.50 - - [28/Jan/2023:09:16:19 -0500] "GET /sipse/faces/javax.faces.resource/theme.css?ln=primefaces-sipse HTTP/1.1" 304 -
186.30.35.50 - - [28/Jan/2023:09:16:19 -0500] "GET /sipse/faces/javax.faces.resource/primefaces.css?ln=primefaces&v=4.0 HTTP/1.1" 304 -
186.30.35.50 - - [28/Jan/2023:09:16:19 -0500] "GET /sipse/faces/javax.faces.resource/jquery/jquery.js?ln=primefaces&v=4.0 HTTP/1.1" 304 -
186.30.35.50 - - [28/Jan/2023:09:16:19 -0500] "GET /sipse/faces/javax.faces.resource/layout/layout.css?ln=primefaces&v=4.0 HTTP/1.1" 304 -
186.30.35.50 - - [28/Jan/2023:09:16:19 -0500] "GET /sipse/faces/javax.faces.resource/jquery/jquery-plugins.js?ln=primefaces&v=4.0 HTTP/1.1" 304 -
186.30.35.50 - - [28/Jan/2023:09:16:19 -0500] "GET /sipse/faces/javax.faces.resource/layout/layout.js?ln=primefaces&v=4.0 HTTP/1.1" 304 -
186.30.35.50 - - [28/Jan/2023:09:16:19 -0500] "GET /sipse/faces/javax.faces.resource/primefaces.js?ln=primefaces&v=4.0 HTTP/1.1" 304 -
186.30.35.50 - - [28/Jan/2023:09:16:20 -0500] "GET /sipse/faces/javax.faces.resource/images/ui-icons_898989_256x240.png?ln=primefaces-aristo HTTP/1.1" 304 -
185.119.81.106 - - [28/Jan/2023:09:16:54 -0500] "GET /portaldeninos/wp-login.php HTTP/1.1" 200 2592
185.119.81.106 - - [28/Jan/2023:09:16:54 -0500] "POST /portaldeninos/wp-login.php HTTP/1.1" 200 3605
181.145.170.61 - - [28/Jan/2023:09:17:04 -0500] "GET /camino-guadalupe-aguanoso-abierto-este-fin-de-semana-y-cerrado-los-primeros-dias-de-febrero-por-mantenimiento.html HTTP/1.1" 200 804
201.245.192.253 - - [28/Jan/2023:09:17:52 -0500] "POST /kwsrmcab/Wsrmcab  HTTP/1.1" 200 213
172.22.2.4 - - [28/Jan/2023:09:16:23 -0500] "HEAD /BLA/boletinlegal/ HTTP/1.1" 200 -
201.245.192.253 - - [28/Jan/2023:09:18:28 -0500] "POST /kwsrmcab/Wsrmcab HTTP/1.1" 200 41306
201.245.192.253 - - [28/Jan/2023:09:18:31 -0500] "POST /kwsrmcab/Wsrmcab HTTP/1.1" 200 41906
172.22.2.4 - - [28/Jan/2023:09:17:13 -0500] "GET /BLA/boletinlegal/ HTTP/1.1" 200 56474
216.245.221.92 - - [28/Jan/2023:09:19:33 -0500] "HEAD / HTTP/1.1" 200 -
40.77.167.14 - - [28/Jan/2023:09:19:36 -0500] "GET /BLA/boletinlegal/jurisprudencia.php HTTP/1.1" 200 17573
157.55.39.71 - - [28/Jan/2023:09:19:47 -0500] "GET /BLA/boletinlegal/js/jquery1.js HTTP/1.1" 200 29846
157.55.39.71 - - [28/Jan/2023:09:19:47 -0500] "GET /BLA/boletinlegal/js/popup.js HTTP/1.1" 200 1270
157.55.39.71 - - [28/Jan/2023:09:19:47 -0500] "GET /BLA/boletinlegal/style.css HTTP/1.1" 200 9406
69.63.184.5 - - [28/Jan/2023:09:20:12 -0500] "GET /images/Archivo%20pacto%20aire%2023%20enero.jpeg HTTP/1.1" 200 28889
186.30.35.50 - - [28/Jan/2023:09:21:14 -0500] "GET /sipse/faces/javax.faces.resource/images/ui-bg_flat_0_2d5972_40x100.png?ln=primefaces-aristo HTTP/1.1" 200 183
186.30.35.50 - - [28/Jan/2023:09:21:14 -0500] "POST /sipse/faces/presentacion/sistema/reporte/ventanaVerReporteParametros.xhtml HTTP/1.1" 200 50203
186.30.35.50 - - [28/Jan/2023:09:21:14 -0500] "GET /sipse/faces/javax.faces.resource/jquery/jquery.js?ln=primefaces&v=4.0 HTTP/1.1" 304 -
186.30.35.50 - - [28/Jan/2023:09:21:14 -0500] "GET /sipse/faces/javax.faces.resource/jquery/jquery-plugins.js?ln=primefaces&v=4.0 HTTP/1.1" 304 -
186.30.35.50 - - [28/Jan/2023:09:21:15 -0500] "GET /sipse/faces/javax.faces.resource/primefaces.js?ln=primefaces&v=4.0 HTTP/1.1" 304 -
186.30.35.50 - - [28/Jan/2023:09:21:15 -0500] "GET /sipse/faces/javax.faces.resource/layout/layout.js?ln=primefaces&v=4.0 HTTP/1.1" 304 -
186.30.35.50 - - [28/Jan/2023:09:21:21 -0500] "POST /sipse/faces/presentacion/financiero/solicitudProceso/consultar.xhtml HTTP/1.1" 200 12913
186.30.35.50 - - [28/Jan/2023:09:22:22 -0500] "POST /sipse/faces/presentacion/financiero/solicitudProceso/consultar.xhtml HTTP/1.1" 200 12925
201.245.192.253 - - [28/Jan/2023:09:22:49 -0500] "POST /kwsrmcab/Wsrmcab  HTTP/1.1" 200 213
186.30.35.50 - - [28/Jan/2023:09:22:55 -0500] "POST /sipse/faces/presentacion/financiero/solicitudProceso/consultar.xhtml HTTP/1.1" 200 12940
172.22.2.4 - - [28/Jan/2023:09:23:11 -0500] "GET /BLA/boletinlegal/apple-touch-icon-precomposed.png HTTP/1.1" 404 1140
172.22.2.4 - - [28/Jan/2023:09:23:12 -0500] "GET /BLA/boletinlegal/apple-touch-icon.png HTTP/1.1" 404 1140
172.22.2.4 - - [28/Jan/2023:09:23:12 -0500] "GET /BLA/boletinlegal/favicon.ico HTTP/1.1" 404 1140
173.252.127.3 - - [28/Jan/2023:09:23:15 -0500] "GET /camino-guadalupe-aguanoso-abierto-este-fin-de-semana-y-cerrado-los-primeros-dias-de-febrero-por-mantenimiento.html?fbclid=IwAR2tZyCw0PmopL8QIZ7uTctdmRzDcH2_UZgQX8sMItHjk1_wmhs6m85mn8Q HTTP/1.1" 200 804
186.30.35.50 - - [28/Jan/2023:09:23:19 -0500] "POST /sipse/faces/presentacion/financiero/solicitudProceso/consultar.xhtml HTTP/1.1" 200 12943
66.249.75.63 - - [28/Jan/2023:09:23:35 -0500] "-" 408 -
186.30.35.50 - - [28/Jan/2023:09:23:50 -0500] "POST /sipse/faces/presentacion/financiero/solicitudProceso/consultar.xhtml HTTP/1.1" 200 13025
172.22.2.4 - - [28/Jan/2023:09:22:12 -0500] "HEAD /BLA/boletinlegal/ HTTP/1.1" 200 -
186.30.35.50 - - [28/Jan/2023:09:24:13 -0500] "POST /sipse/faces/presentacion/financiero/solicitudProceso/consultar.xhtml HTTP/1.1" 200 12936
172.22.2.4 - - [28/Jan/2023:09:22:42 -0500] "GET /BLA/boletinlegal/ HTTP/1.1" 200 49193
216.245.221.92 - - [28/Jan/2023:09:24:33 -0500] "HEAD / HTTP/1.1" 200 -
157.55.39.157 - - [28/Jan/2023:09:24:38 -0500] "GET /BLA/resoluciones/index.php?dir=RESOLUCIONES+2022%2F HTTP/1.1" 200 279472
172.22.2.4 - - [28/Jan/2023:09:23:03 -0500] "GET /BLA/boletinlegal/ HTTP/1.1" 200 50149
185.119.81.106 - - [28/Jan/2023:09:24:44 -0500] "GET /portaldeninos/wp-login.php HTTP/1.1" 200 2592
185.119.81.106 - - [28/Jan/2023:09:24:45 -0500] "POST /portaldeninos/wp-login.php HTTP/1.1" 200 3605
186.30.35.50 - - [28/Jan/2023:09:25:08 -0500] "POST /sipse/faces/presentacion/financiero/solicitudProceso/consultar.xhtml HTTP/1.1" 200 12927
185.119.81.102 - - [28/Jan/2023:09:25:43 -0500] "GET /portaldeninos/wp-login.php HTTP/1.1" 200 2592
185.119.81.102 - - [28/Jan/2023:09:25:44 -0500] "POST /portaldeninos/wp-login.php HTTP/1.1" 200 3670
186.30.35.50 - - [28/Jan/2023:09:26:48 -0500] "POST /sipse/faces/presentacion/financiero/solicitudProceso/consultar.xhtml HTTP/1.1" 200 12954
186.30.35.50 - - [28/Jan/2023:09:27:18 -0500] "POST /sipse/faces/presentacion/financiero/solicitudProceso/consultar.xhtml HTTP/1.1" 200 12952
201.245.192.253 - - [28/Jan/2023:09:27:49 -0500] "POST /kwsrmcab/Wsrmcab  HTTP/1.1" 200 213
186.30.35.50 - - [28/Jan/2023:09:28:02 -0500] "POST /sipse/faces/presentacion/financiero/solicitudProceso/consultar.xhtml HTTP/1.1" 302 -
186.30.35.50 - - [28/Jan/2023:09:28:02 -0500] "GET /sipse/faces/autenticacion.xhtml HTTP/1.1" 200 1099
69.171.249.12 - - [28/Jan/2023:09:28:03 -0500] "GET /images/Secretaria%20Urrutia%20evento%20h\xc3\xa1bitat%20Francia%2024%20de%20enero.jpeg HTTP/1.1" 404 1034
201.245.192.253 - - [28/Jan/2023:09:28:27 -0500] "POST /kwsrmcab/Wsrmcab HTTP/1.1" 200 41306
201.245.192.253 - - [28/Jan/2023:09:28:30 -0500] "POST /kwsrmcab/Wsrmcab HTTP/1.1" 200 41906
186.30.35.50 - - [28/Jan/2023:09:29:11 -0500] "POST /sipse/faces/presentacion/financiero/solicitudProceso/consultar.xhtml HTTP/1.1" 200 12855
173.252.79.8 - - [28/Jan/2023:09:29:19 -0500] "GET /images/Secretaria%20Urrutia%20evento%20h\xc3\xa1bitat%20Francia%2024%20de%20enero.jpeg HTTP/1.1" 404 1034
216.245.221.92 - - [28/Jan/2023:09:29:33 -0500] "HEAD / HTTP/1.1" 200 -
172.22.2.4 - - [28/Jan/2023:09:28:02 -0500] "HEAD /BLA/boletinlegal/ HTTP/1.1" 200 -
186.30.35.50 - - [28/Jan/2023:09:29:45 -0500] "POST /sipse/faces/presentacion/financiero/solicitudProceso/consultar.xhtml HTTP/1.1" 200 12851
172.22.2.4 - - [28/Jan/2023:09:28:53 -0500] "GET /BLA/boletinlegal/ HTTP/1.1" 200 59404
186.30.35.50 - - [28/Jan/2023:09:31:57 -0500] "POST /sipse/faces/presentacion/financiero/solicitudProceso/consultar.xhtml HTTP/1.1" 200 12867
201.245.192.253 - - [28/Jan/2023:09:32:49 -0500] "POST /kwsrmcab/Wsrmcab  HTTP/1.1" 200 213
192.241.207.85 - - [28/Jan/2023:09:33:05 -0500] "MGLNDD_190.27.245.106_80" 501 953
216.245.221.92 - - [28/Jan/2023:09:34:33 -0500] "HEAD / HTTP/1.1" 200 -
186.30.35.50 - - [28/Jan/2023:09:35:27 -0500] "POST /sipse/faces/presentacion/financiero/solicitudProceso/consultar.xhtml HTTP/1.1" 200 12888
172.22.2.4 - - [28/Jan/2023:09:33:52 -0500] "HEAD /BLA/boletinlegal/ HTTP/1.1" 200 -
157.55.39.71 - - [28/Jan/2023:09:35:38 -0500] "GET /sipse/faces/faces/autenticacion.xhtml HTTP/1.1" 200 12493
40.77.189.247 - - [28/Jan/2023:09:35:44 -0500] "GET /BLA/boletinlegal/js/lib.js HTTP/1.1" 200 6474
157.55.39.71 - - [28/Jan/2023:09:35:48 -0500] "GET /sipse/faces/javax.faces.resource/jquery/jquery-plugins.js;jsessionid=hrGd0zAg0DZkHIKni9z9x82r.undefined?ln=primefaces&v=4.0 HTTP/1.1" 200 220526
157.55.39.157 - - [28/Jan/2023:09:35:58 -0500] "GET /sipse/faces/faces/index.xhtml HTTP/1.1" 200 677
157.55.39.157 - - [28/Jan/2023:09:35:58 -0500] "GET /sipse/faces/javax.faces.resource/jquery/jquery.js;jsessionid=hrGd0zAg0DZkHIKni9z9x82r.undefined?ln=primefaces&v=4.0 HTTP/1.1" 200 105384
172.105.128.13 - - [28/Jan/2023:09:36:08 -0500] "\x16\x03\x01" 400 226
172.22.2.4 - - [28/Jan/2023:09:34:43 -0500] "GET /BLA/boletinlegal/ HTTP/1.1" 200 57824
186.30.35.50 - - [28/Jan/2023:09:37:15 -0500] "POST /sipse/faces/presentacion/financiero/solicitudProceso/consultar.xhtml HTTP/1.1" 200 12894
185.119.81.106 - - [28/Jan/2023:09:37:30 -0500] "GET /portaldeninos/wp-login.php HTTP/1.1" 200 2592
185.119.81.106 - - [28/Jan/2023:09:37:32 -0500] "POST /portaldeninos/wp-login.php HTTP/1.1" 200 3650
201.245.192.253 - - [28/Jan/2023:09:37:48 -0500] "POST /kwsrmcab/Wsrmcab  HTTP/1.1" 200 213
186.30.35.50 - - [28/Jan/2023:09:38:12 -0500] "POST /sipse/faces/presentacion/financiero/solicitudProceso/consultar.xhtml HTTP/1.1" 200 12962
201.245.192.253 - - [28/Jan/2023:09:38:28 -0500] "POST /kwsrmcab/Wsrmcab HTTP/1.1" 200 41306
201.245.192.253 - - [28/Jan/2023:09:38:30 -0500] "POST /kwsrmcab/Wsrmcab HTTP/1.1" 200 41906
186.30.35.50 - - [28/Jan/2023:09:38:37 -0500] "POST /sipse/faces/presentacion/financiero/solicitudProceso/consultar.xhtml HTTP/1.1" 200 12962
173.252.79.4 - - [28/Jan/2023:09:39:03 -0500] "GET /images/Secretaria%20Urrutia%20evento%20h\xc3\xa1bitat%20Francia%2024%20de%20enero.jpeg HTTP/1.1" 404 1034
216.245.221.92 - - [28/Jan/2023:09:39:33 -0500] "HEAD / HTTP/1.1" 200 -
172.22.2.4 - - [28/Jan/2023:09:39:37 -0500] "GET /BLA/boletinlegal/actos.php HTTP/1.1" 200 9606
172.22.2.4 - - [28/Jan/2023:09:39:37 -0500] "GET /BLA/boletinlegal/favicon.ico HTTP/1.1" 404 1326
186.30.35.50 - - [28/Jan/2023:09:39:48 -0500] "POST /sipse/faces/presentacion/financiero/solicitudProceso/consultar.xhtml HTTP/1.1" 200 12807
172.22.2.4 - - [28/Jan/2023:09:39:48 -0500] "GET /BLA/boletinlegal/consulta_actos.php?tipo=autos&no=1757&usuario=&sector=&fecha=2019&resuelve= HTTP/1.1" 200 1374
201.244.197.82 - - [28/Jan/2023:09:39:50 -0500] "GET /BLA/resoluciones/ HTTP/1.1" 200 13502
201.244.197.82 - - [28/Jan/2023:09:39:53 -0500] "GET /BLA/resoluciones/index.php?dir=AUTOS+2019%2F HTTP/1.1" 200 358631
186.30.35.50 - - [28/Jan/2023:09:40:12 -0500] "POST /sipse/faces/presentacion/financiero/solicitudProceso/consultar.xhtml HTTP/1.1" 200 12815
186.30.35.50 - - [28/Jan/2023:09:40:42 -0500] "POST /sipse/faces/presentacion/financiero/solicitudProceso/consultar.xhtml HTTP/1.1" 200 12807
186.30.35.50 - - [28/Jan/2023:09:41:11 -0500] "POST /sipse/faces/presentacion/financiero/solicitudProceso/consultar.xhtml HTTP/1.1" 200 12819
172.22.2.4 - - [28/Jan/2023:09:39:34 -0500] "GET /BLA/boletinlegal/ HTTP/1.1" 200 50855
172.22.2.4 - - [28/Jan/2023:09:39:42 -0500] "HEAD /BLA/boletinlegal/ HTTP/1.1" 200 -
186.30.35.50 - - [28/Jan/2023:09:41:32 -0500] "POST /sipse/faces/presentacion/financiero/solicitudProceso/consultar.xhtml HTTP/1.1" 200 12819
186.30.35.50 - - [28/Jan/2023:09:41:49 -0500] "POST /sipse/faces/presentacion/financiero/solicitudProceso/consultar.xhtml HTTP/1.1" 200 12811
172.22.2.4 - - [28/Jan/2023:09:40:33 -0500] "GET /BLA/boletinlegal/ HTTP/1.1" 200 55272
186.30.35.50 - - [28/Jan/2023:09:42:37 -0500] "POST /sipse/faces/presentacion/financiero/solicitudProceso/consultar.xhtml HTTP/1.1" 200 12827
201.245.192.253 - - [28/Jan/2023:09:42:47 -0500] "POST /kwsrmcab/Wsrmcab  HTTP/1.1" 200 213
152.203.209.184 - - [28/Jan/2023:09:43:01 -0500] "GET /sipse/faces/faces/faces/faces/faces/faces/autenticacion.xhtml HTTP/1.1" 200 12171
152.203.209.184 - - [28/Jan/2023:09:43:02 -0500] "GET /sipse/js/disable_browser_buttons.js HTTP/1.1" 304 -
152.203.209.184 - - [28/Jan/2023:09:43:02 -0500] "GET /sipse/js/funciones.js HTTP/1.1" 304 -
152.203.209.184 - - [28/Jan/2023:09:43:02 -0500] "GET /sipse/css/custom_css_sg.css HTTP/1.1" 304 -
152.203.209.184 - - [28/Jan/2023:09:43:02 -0500] "GET /sipse/css/custom_css_sg_prime_login.css HTTP/1.1" 304 -
152.203.209.184 - - [28/Jan/2023:09:43:02 -0500] "GET /sipse/faces/javax.faces.resource/jquery/jquery.js?ln=primefaces&v=4.0 HTTP/1.1" 304 -
152.203.209.184 - - [28/Jan/2023:09:43:02 -0500] "GET /sipse/faces/javax.faces.resource/theme.css?ln=primefaces-sipse HTTP/1.1" 304 -
152.203.209.184 - - [28/Jan/2023:09:43:02 -0500] "GET /sipse/faces/javax.faces.resource/primefaces.css?ln=primefaces&v=4.0 HTTP/1.1" 304 -
152.203.209.184 - - [28/Jan/2023:09:43:02 -0500] "GET /sipse/faces/javax.faces.resource/primefaces.js?ln=primefaces&v=4.0 HTTP/1.1" 304 -
152.203.209.184 - - [28/Jan/2023:09:43:02 -0500] "GET /sipse/faces/javax.faces.resource/layout/layout.js?ln=primefaces&v=4.0 HTTP/1.1" 304 -
152.203.209.184 - - [28/Jan/2023:09:43:02 -0500] "GET /sipse/faces/javax.faces.resource/jquery/jquery-plugins.js?ln=primefaces&v=4.0 HTTP/1.1" 304 -
152.203.209.184 - - [28/Jan/2023:09:43:02 -0500] "GET /sipse/faces/javax.faces.resource/layout/layout.css?ln=primefaces&v=4.0 HTTP/1.1" 304 -
152.203.209.184 - - [28/Jan/2023:09:43:02 -0500] "GET /sipse/css/imagen/logoSDG.png HTTP/1.1" 304 -
152.203.209.184 - - [28/Jan/2023:09:43:02 -0500] "GET /sipse/css/imagen/loginimg.png HTTP/1.1" 304 -
152.203.209.184 - - [28/Jan/2023:09:43:02 -0500] "GET /sipse/faces/javax.faces.resource/images/ui-icons_898989_256x240.png?ln=primefaces-aristo HTTP/1.1" 304 -
152.203.209.184 - - [28/Jan/2023:09:43:02 -0500] "GET /sipse/faces/faces/faces/faces/faces/faces/index.xhtml HTTP/1.1" 200 677
152.203.209.184 - - [28/Jan/2023:09:43:03 -0500] "GET /sipse/faces/javax.faces.resource/theme.css?ln=primefaces-sipse HTTP/1.1" 304 -
152.203.209.184 - - [28/Jan/2023:09:43:03 -0500] "GET /sipse/faces/faces/faces/faces/faces/faces/faces/autenticacion.xhtml HTTP/1.1" 200 12171
152.203.209.184 - - [28/Jan/2023:09:43:03 -0500] "GET /sipse/faces/javax.faces.resource/primefaces.css?ln=primefaces&v=4.0 HTTP/1.1" 304 -
152.203.209.184 - - [28/Jan/2023:09:43:03 -0500] "GET /sipse/faces/javax.faces.resource/layout/layout.css?ln=primefaces&v=4.0 HTTP/1.1" 304 -
152.203.209.184 - - [28/Jan/2023:09:43:03 -0500] "GET /sipse/faces/javax.faces.resource/jquery/jquery.js?ln=primefaces&v=4.0 HTTP/1.1" 304 -
152.203.209.184 - - [28/Jan/2023:09:43:03 -0500] "GET /sipse/faces/javax.faces.resource/jquery/jquery-plugins.js?ln=primefaces&v=4.0 HTTP/1.1" 304 -
152.203.209.184 - - [28/Jan/2023:09:43:03 -0500] "GET /sipse/faces/javax.faces.resource/theme.css?ln=primefaces-sipse HTTP/1.1" 304 -
152.203.209.184 - - [28/Jan/2023:09:43:03 -0500] "GET /sipse/faces/javax.faces.resource/primefaces.js?ln=primefaces&v=4.0 HTTP/1.1" 304 -
152.203.209.184 - - [28/Jan/2023:09:43:03 -0500] "GET /sipse/faces/javax.faces.resource/layout/layout.js?ln=primefaces&v=4.0 HTTP/1.1" 304 -
152.203.209.184 - - [28/Jan/2023:09:43:03 -0500] "GET /sipse/faces/javax.faces.resource/images/ui-icons_898989_256x240.png?ln=primefaces-aristo HTTP/1.1" 304 -
152.203.209.184 - - [28/Jan/2023:09:43:07 -0500] "POST /sipse/faces/autenticacion.xhtml HTTP/1.1" 200 2216
152.203.209.184 - - [28/Jan/2023:09:43:07 -0500] "GET /sipse/faces/javax.faces.resource/messages/messages.png?ln=primefaces&v=4.0 HTTP/1.1" 304 -
152.203.209.184 - - [28/Jan/2023:09:43:08 -0500] "POST /sipse/faces/autenticacion.xhtml HTTP/1.1" 200 16255
152.203.209.184 - - [28/Jan/2023:09:43:09 -0500] "GET /sipse/css/custom_css_sg_prime.css HTTP/1.1" 304 -
152.203.209.184 - - [28/Jan/2023:09:43:09 -0500] "GET /sipse/faces/javax.faces.resource/primefaces.css?ln=primefaces&v=4.0 HTTP/1.1" 304 -
152.203.209.184 - - [28/Jan/2023:09:43:09 -0500] "GET /sipse/faces/javax.faces.resource/theme.css?ln=primefaces-sipse HTTP/1.1" 304 -
152.203.209.184 - - [28/Jan/2023:09:43:09 -0500] "GET /sipse/faces/javax.faces.resource/layout/layout.css?ln=primefaces&v=4.0 HTTP/1.1" 304 -
152.203.209.184 - - [28/Jan/2023:09:43:09 -0500] "GET /sipse/js/jquery.min.js HTTP/1.1" 304 -
152.203.209.184 - - [28/Jan/2023:09:43:09 -0500] "GET /sipse/faces/javax.faces.resource/jquery/jquery.js?ln=primefaces&v=4.0 HTTP/1.1" 304 -
152.203.209.184 - - [28/Jan/2023:09:43:09 -0500] "GET /sipse/faces/javax.faces.resource/jquery/jquery-plugins.js?ln=primefaces&v=4.0 HTTP/1.1" 304 -
152.203.209.184 - - [28/Jan/2023:09:43:09 -0500] "GET /sipse/faces/javax.faces.resource/primefaces.js?ln=primefaces&v=4.0 HTTP/1.1" 304 -
152.203.209.184 - - [28/Jan/2023:09:43:09 -0500] "GET /sipse/faces/javax.faces.resource/layout/layout.js?ln=primefaces&v=4.0 HTTP/1.1" 304 -
152.203.209.184 - - [28/Jan/2023:09:43:09 -0500] "GET /sipse/imagenes/cargando.gif HTTP/1.1" 304 -
152.203.209.184 - - [28/Jan/2023:09:43:09 -0500] "GET /sipse/imagenes/logoAplicacion.jpg HTTP/1.1" 304 -
152.203.209.184 - - [28/Jan/2023:09:43:09 -0500] "GET /sipse/css/imagen/contrasena.png HTTP/1.1" 404 383
152.203.209.184 - - [28/Jan/2023:09:43:11 -0500] "GET /sipse/faces/javax.faces.resource/images/ui-bg_flat_0_2d5972_40x100.png?ln=primefaces-aristo HTTP/1.1" 304 -
152.203.209.184 - - [28/Jan/2023:09:43:11 -0500] "POST /sipse/faces/bienvenido.xhtml HTTP/1.1" 200 2658
152.203.209.184 - - [28/Jan/2023:09:43:12 -0500] "POST /sipse/faces/bienvenido.xhtml HTTP/1.1" 200 65670
152.203.209.184 - - [28/Jan/2023:09:43:13 -0500] "GET /sipse/faces/javax.faces.resource/theme.css?ln=primefaces-sipse HTTP/1.1" 304 -
152.203.209.184 - - [28/Jan/2023:09:43:13 -0500] "GET /sipse/faces/javax.faces.resource/primefaces.css?ln=primefaces&v=4.0 HTTP/1.1" 304 -
152.203.209.184 - - [28/Jan/2023:09:43:13 -0500] "GET /sipse/faces/javax.faces.resource/layout/layout.css?ln=primefaces&v=4.0 HTTP/1.1" 304 -
152.203.209.184 - - [28/Jan/2023:09:43:13 -0500] "GET /sipse/faces/javax.faces.resource/jquery/jquery.js?ln=primefaces&v=4.0 HTTP/1.1" 304 -
152.203.209.184 - - [28/Jan/2023:09:43:13 -0500] "GET /sipse/faces/javax.faces.resource/jquery/jquery-plugins.js?ln=primefaces&v=4.0 HTTP/1.1" 304 -
152.203.209.184 - - [28/Jan/2023:09:43:13 -0500] "GET /sipse/faces/javax.faces.resource/primefaces.js?ln=primefaces&v=4.0 HTTP/1.1" 304 -
152.203.209.184 - - [28/Jan/2023:09:43:13 -0500] "GET /sipse/faces/javax.faces.resource/layout/layout.js?ln=primefaces&v=4.0 HTTP/1.1" 304 -
152.203.209.184 - - [28/Jan/2023:09:43:14 -0500] "POST /sipse/faces/presentacion/financiero/solicitudProceso/listarSolicitudProceso.xhtml HTTP/1.1" 200 1556
186.30.35.50 - - [28/Jan/2023:09:43:15 -0500] "POST /sipse/faces/presentacion/financiero/solicitudProceso/consultar.xhtml HTTP/1.1" 200 12809
152.203.209.184 - - [28/Jan/2023:09:43:36 -0500] "POST /sipse/faces/presentacion/financiero/solicitudProceso/listarSolicitudProceso.xhtml HTTP/1.1" 200 32412
152.203.209.184 - - [28/Jan/2023:09:43:49 -0500] "POST /sipse/faces/presentacion/financiero/solicitudProceso/listarSolicitudProceso.xhtml HTTP/1.1" 200 31941
186.30.35.50 - - [28/Jan/2023:09:44:32 -0500] "POST /sipse/faces/presentacion/financiero/solicitudProceso/consultar.xhtml HTTP/1.1" 200 12961
216.245.221.92 - - [28/Jan/2023:09:44:33 -0500] "HEAD / HTTP/1.1" 200 -
186.30.35.50 - - [28/Jan/2023:09:44:58 -0500] "POST /sipse/faces/presentacion/financiero/solicitudProceso/consultar.xhtml HTTP/1.1" 200 12877
186.30.35.50 - - [28/Jan/2023:09:45:18 -0500] "POST /sipse/faces/presentacion/financiero/solicitudProceso/consultar.xhtml HTTP/1.1" 200 12961
186.30.35.50 - - [28/Jan/2023:09:45:36 -0500] "POST /sipse/faces/presentacion/financiero/solicitudProceso/consultar.xhtml HTTP/1.1" 200 12883
157.55.39.157 - - [28/Jan/2023:09:46:00 -0500] "GET /BLA/resoluciones/AUTOS%202018/3020.pdf HTTP/1.1" 200 301779
186.30.35.50 - - [28/Jan/2023:09:46:02 -0500] "POST /sipse/faces/presentacion/financiero/solicitudProceso/consultar.xhtml HTTP/1.1" 200 12811
205.169.39.63 - - [28/Jan/2023:09:46:40 -0500] "GET /portaldeninos/wp-content/themes/betheme/style.css?ver=20.9.6 HTTP/1.1" 200 287
205.169.39.63 - - [28/Jan/2023:09:46:40 -0500] "GET /portaldeninos/wp-content/uploads/useanyfont/uaf.css?ver=1589905315 HTTP/1.1" 200 408
205.169.39.63 - - [28/Jan/2023:09:46:40 -0500] "GET /portaldeninos/wp-content/plugins/gallery-videos/CSS/Total-Soft-Gallery-Video-Widget.css?ver=4.9.8 HTTP/1.1" 200 51554
205.169.39.63 - - [28/Jan/2023:09:46:40 -0500] "GET /portaldeninos/wp-content/plugins/gallery-videos/CSS/totalsoft.css?ver=4.9.8 HTTP/1.1" 200 40622
205.169.39.63 - - [28/Jan/2023:09:46:40 -0500] "GET /portaldeninos/wp-content/themes/betheme/css/base.css?ver=20.9.6 HTTP/1.1" 200 57283
205.169.39.63 - - [28/Jan/2023:09:46:40 -0500] "GET /portaldeninos/wp-content/themes/betheme/assets/animations/animations.min.css?ver=20.9.6 HTTP/1.1" 200 58508
205.169.39.63 - - [28/Jan/2023:09:46:40 -0500] "GET /portaldeninos/wp-content/themes/betheme/assets/jplayer/css/jplayer.blue.monday.css?ver=20.9.6 HTTP/1.1" 200 9834
205.169.39.63 - - [28/Jan/2023:09:46:40 -0500] "GET /portaldeninos/wp-content/themes/betheme/assets/ui/jquery.ui.all.css?ver=20.9.6 HTTP/1.1" 200 18765
205.169.39.63 - - [28/Jan/2023:09:46:40 -0500] "GET /portaldeninos/wp-content/themes/betheme/css/layout.css?ver=20.9.6 HTTP/1.1" 200 116639
205.169.39.63 - - [28/Jan/2023:09:46:40 -0500] "GET /portaldeninos/wp-includes/js/jquery/jquery-migrate.min.js?ver=1.4.1 HTTP/1.1" 200 10056
205.169.39.63 - - [28/Jan/2023:09:46:40 -0500] "GET /portaldeninos/wp-content/themes/betheme/css/shortcodes.css?ver=20.9.6 HTTP/1.1" 200 138889
205.169.39.63 - - [28/Jan/2023:09:46:40 -0500] "GET /portaldeninos/wp-includes/js/jquery/ui/core.min.js?ver=1.11.4 HTTP/1.1" 200 4000
205.169.39.63 - - [28/Jan/2023:09:46:40 -0500] "GET /portaldeninos/wp-content/themes/betheme/css/responsive.css?ver=20.9.6 HTTP/1.1" 200 55740
205.169.39.63 - - [28/Jan/2023:09:46:40 -0500] "GET /portaldeninos/wp-content/plugins/google-analytics-for-wordpress/assets/js/frontend-gtag.min.js?ver=8.5.0 HTTP/1.1" 200 11801
205.169.39.63 - - [28/Jan/2023:09:46:40 -0500] "GET /portaldeninos/wp-content/plugins/gallery-videos/JS/modernizr.custom.js?ver=4.9.8 HTTP/1.1" 200 9019
205.169.39.63 - - [28/Jan/2023:09:46:41 -0500] "GET /portaldeninos/wp-includes/js/jquery/ui/mouse.min.js?ver=1.11.4 HTTP/1.1" 200 3148
205.169.39.63 - - [28/Jan/2023:09:46:41 -0500] "GET /portaldeninos/wp-includes/js/jquery/ui/widget.min.js?ver=1.11.4 HTTP/1.1" 200 6908
205.169.39.63 - - [28/Jan/2023:09:46:41 -0500] "GET /portaldeninos/wp-includes/js/jquery/ui/accordion.min.js?ver=1.11.4 HTTP/1.1" 200 8584
205.169.39.63 - - [28/Jan/2023:09:46:41 -0500] "GET /portaldeninos/wp-includes/js/jquery/ui/tabs.min.js?ver=1.11.4 HTTP/1.1" 200 12110
205.169.39.63 - - [28/Jan/2023:09:46:41 -0500] "GET /portaldeninos/wp-content/plugins/gallery-videos/JS/Total-Soft-Gallery-Video-Widget.js?ver=4.9.8 HTTP/1.1" 200 80264
205.169.39.63 - - [28/Jan/2023:09:46:40 -0500] "GET /portaldeninos/wp-includes/js/jquery/jquery.js?ver=1.12.4 HTTP/1.1" 200 97184
205.169.39.63 - - [28/Jan/2023:09:46:41 -0500] "GET /portaldeninos/wp-includes/js/jquery/ui/sortable.min.js?ver=1.11.4 HTTP/1.1" 200 24899
205.169.39.63 - - [28/Jan/2023:09:46:41 -0500] "GET /portaldeninos/wp-content/themes/betheme/js/menu.js?ver=20.9.6 HTTP/1.1" 200 2449
205.169.39.63 - - [28/Jan/2023:09:46:41 -0500] "GET /portaldeninos/wp-content/themes/betheme/assets/animations/animations.min.js?ver=20.9.6 HTTP/1.1" 200 1896
205.169.39.63 - - [28/Jan/2023:09:46:41 -0500] "GET /portaldeninos/wp-includes/js/wp-embed.min.js?ver=4.9.8 HTTP/1.1" 200 1398
205.169.39.63 - - [28/Jan/2023:09:46:41 -0500] "GET /portaldeninos/wp-content/themes/betheme/images/box_shadow.png HTTP/1.1" 200 108
205.169.39.63 - - [28/Jan/2023:09:46:41 -0500] "GET /portaldeninos/wp-includes/js/wp-emoji-release.min.js?ver=4.9.8 HTTP/1.1" 200 12026
205.169.39.63 - - [28/Jan/2023:09:46:41 -0500] "GET /portaldeninos/wp-content/themes/betheme/assets/jplayer/jplayer.min.js?ver=20.9.6 HTTP/1.1" 200 52702
205.169.39.63 - - [28/Jan/2023:09:46:41 -0500] "GET /portaldeninos/wp-content/themes/betheme/js/scripts.js?ver=20.9.6 HTTP/1.1" 200 77162
205.169.39.63 - - [28/Jan/2023:09:46:41 -0500] "GET /portaldeninos/wp-content/themes/betheme/js/plugins.js?ver=20.9.6 HTTP/1.1" 200 197151
205.169.39.63 - - [28/Jan/2023:09:46:41 -0500] "GET /portaldeninos/wp-content/themes/betheme/fonts/mfn-icons.woff?93978679 HTTP/1.1" 200 80932
205.169.39.63 - - [28/Jan/2023:09:46:42 -0500] "GET /portaldeninos/wp-content/themes/betheme/fonts/mfn-icons.ttf?93978679 HTTP/1.1" 200 28513
172.22.2.4 - - [28/Jan/2023:09:45:32 -0500] "HEAD /BLA/boletinlegal/ HTTP/1.1" 200 -
186.30.35.50 - - [28/Jan/2023:09:47:24 -0500] "POST /sipse/faces/presentacion/financiero/solicitudProceso/consultar.xhtml HTTP/1.1" 200 12797
201.245.192.253 - - [28/Jan/2023:09:47:47 -0500] "POST /kwsrmcab/Wsrmcab  HTTP/1.1" 200 213
186.30.35.50 - - [28/Jan/2023:09:47:55 -0500] "POST /sipse/faces/presentacion/financiero/solicitudProceso/consultar.xhtml HTTP/1.1" 200 12775
172.22.2.4 - - [28/Jan/2023:09:46:23 -0500] "GET /BLA/boletinlegal/ HTTP/1.1" 200 59779
186.30.35.50 - - [28/Jan/2023:09:49:16 -0500] "POST /sipse/faces/presentacion/financiero/solicitudProceso/consultar.xhtml HTTP/1.1" 200 12853
173.252.111.120 - - [28/Jan/2023:09:49:19 -0500] "GET /images/tinguas-26-octubre.jpg HTTP/1.1" 200 105485
216.245.221.92 - - [28/Jan/2023:09:49:33 -0500] "HEAD / HTTP/1.1" 200 -
186.30.35.50 - - [28/Jan/2023:09:49:50 -0500] "POST /sipse/faces/presentacion/financiero/solicitudProceso/consultar.xhtml HTTP/1.1" 200 12923
186.30.35.50 - - [28/Jan/2023:09:50:26 -0500] "POST /sipse/faces/presentacion/financiero/solicitudProceso/consultar.xhtml HTTP/1.1" 200 12876
186.30.35.50 - - [28/Jan/2023:09:50:48 -0500] "POST /sipse/faces/presentacion/financiero/solicitudProceso/consultar.xhtml HTTP/1.1" 200 12920
172.22.2.4 - - [28/Jan/2023:09:51:24 -0500] "GET /BLA/boletinlegal/favicon.ico HTTP/1.1" 404 1326
40.77.202.79 - - [28/Jan/2023:09:51:48 -0500] "GET /sipse/faces/javax.faces.resource/layout/layout.css;jsessionid=hrGd0zAg0DZkHIKni9z9x82r.undefined?ln=primefaces&v=4.0 HTTP/1.1" 200 542
40.77.202.179 - - [28/Jan/2023:09:51:48 -0500] "GET /sipse/faces/javax.faces.resource/primefaces.css;jsessionid=hrGd0zAg0DZkHIKni9z9x82r.undefined?ln=primefaces&v=4.0 HTTP/1.1" 200 53295
40.77.202.33 - - [28/Jan/2023:09:51:48 -0500] "GET /sipse/faces/javax.faces.resource/layout/layout.js;jsessionid=hrGd0zAg0DZkHIKni9z9x82r.undefined?ln=primefaces&v=4.0 HTTP/1.1" 200 87560
40.77.202.57 - - [28/Jan/2023:09:51:48 -0500] "GET /sipse/faces/javax.faces.resource/primefaces.js;jsessionid=hrGd0zAg0DZkHIKni9z9x82r.undefined?ln=primefaces&v=4.0 HTTP/1.1" 200 276924
186.30.35.50 - - [28/Jan/2023:09:52:06 -0500] "POST /sipse/faces/presentacion/financiero/solicitudProceso/consultar.xhtml HTTP/1.1" 200 12840
186.30.35.50 - - [28/Jan/2023:09:52:32 -0500] "POST /sipse/faces/presentacion/financiero/solicitudProceso/consultar.xhtml HTTP/1.1" 200 12806
201.245.192.253 - - [28/Jan/2023:09:52:46 -0500] "POST /kwsrmcab/Wsrmcab  HTTP/1.1" 200 213
172.22.2.4 - - [28/Jan/2023:09:51:22 -0500] "HEAD /BLA/boletinlegal/ HTTP/1.1" 200 -
186.30.35.50 - - [28/Jan/2023:09:53:12 -0500] "POST /sipse/faces/presentacion/financiero/solicitudProceso/consultar.xhtml HTTP/1.1" 200 12808
66.249.75.36 - - [28/Jan/2023:09:53:36 -0500] "-" 408 -
186.30.35.50 - - [28/Jan/2023:09:53:38 -0500] "POST /sipse/faces/presentacion/financiero/solicitudProceso/consultar.xhtml HTTP/1.1" 200 12794
172.22.2.4 - - [28/Jan/2023:09:52:13 -0500] "GET /BLA/boletinlegal/ HTTP/1.1" 200 57824
186.84.21.124 - - [28/Jan/2023:09:54:29 -0500] "POST /sipse/faces/presentacion/financiero/solicitudProceso/consultar.xhtml HTTP/1.1" 200 911
186.84.21.124 - - [28/Jan/2023:09:54:31 -0500] "GET /sipse/faces/presentacion/financiero/solicitudProceso/faces/autenticacion HTTP/1.1" 302 -
186.84.21.124 - - [28/Jan/2023:09:54:31 -0500] "GET /sipse/faces/autenticacion.xhtml HTTP/1.1" 200 12171
186.84.21.124 - - [28/Jan/2023:09:54:31 -0500] "GET /sipse/faces/javax.faces.resource/theme.css?ln=primefaces-sipse HTTP/1.1" 304 -
186.84.21.124 - - [28/Jan/2023:09:54:32 -0500] "GET /sipse/faces/javax.faces.resource/primefaces.css?ln=primefaces&v=4.0 HTTP/1.1" 304 -
186.84.21.124 - - [28/Jan/2023:09:54:32 -0500] "GET /sipse/faces/javax.faces.resource/jquery/jquery.js?ln=primefaces&v=4.0 HTTP/1.1" 304 -
186.84.21.124 - - [28/Jan/2023:09:54:32 -0500] "GET /sipse/faces/javax.faces.resource/primefaces.js?ln=primefaces&v=4.0 HTTP/1.1" 304 -
186.84.21.124 - - [28/Jan/2023:09:54:32 -0500] "GET /sipse/faces/javax.faces.resource/layout/layout.css?ln=primefaces&v=4.0 HTTP/1.1" 304 -
186.84.21.124 - - [28/Jan/2023:09:54:32 -0500] "GET /sipse/faces/javax.faces.resource/jquery/jquery-plugins.js?ln=primefaces&v=4.0 HTTP/1.1" 304 -
186.84.21.124 - - [28/Jan/2023:09:54:32 -0500] "GET /sipse/faces/javax.faces.resource/layout/layout.js?ln=primefaces&v=4.0 HTTP/1.1" 304 -
186.84.21.124 - - [28/Jan/2023:09:54:32 -0500] "GET /sipse/faces/javax.faces.resource/images/ui-icons_898989_256x240.png?ln=primefaces-aristo HTTP/1.1" 304 -
185.119.81.101 - - [28/Jan/2023:09:54:32 -0500] "GET /portaldeninos/wp-login.php HTTP/1.1" 200 2592
216.245.221.92 - - [28/Jan/2023:09:54:33 -0500] "HEAD / HTTP/1.1" 200 -
185.119.81.101 - - [28/Jan/2023:09:54:33 -0500] "POST /portaldeninos/wp-login.php HTTP/1.1" 200 3605
186.84.21.124 - - [28/Jan/2023:09:54:35 -0500] "POST /sipse/faces/autenticacion.xhtml HTTP/1.1" 200 2213
186.84.21.124 - - [28/Jan/2023:09:54:35 -0500] "GET /sipse/faces/javax.faces.resource/messages/messages.png?ln=primefaces&v=4.0 HTTP/1.1" 304 -
186.84.21.124 - - [28/Jan/2023:09:54:38 -0500] "POST /sipse/faces/autenticacion.xhtml HTTP/1.1" 200 16237
186.84.21.124 - - [28/Jan/2023:09:54:38 -0500] "GET /sipse/faces/javax.faces.resource/theme.css?ln=primefaces-sipse HTTP/1.1" 304 -
186.84.21.124 - - [28/Jan/2023:09:54:38 -0500] "GET /sipse/faces/javax.faces.resource/primefaces.css?ln=primefaces&v=4.0 HTTP/1.1" 304 -
186.84.21.124 - - [28/Jan/2023:09:54:38 -0500] "GET /sipse/faces/javax.faces.resource/layout/layout.css?ln=primefaces&v=4.0 HTTP/1.1" 304 -
186.84.21.124 - - [28/Jan/2023:09:54:38 -0500] "GET /sipse/faces/javax.faces.resource/jquery/jquery.js?ln=primefaces&v=4.0 HTTP/1.1" 304 -
186.84.21.124 - - [28/Jan/2023:09:54:38 -0500] "GET /sipse/faces/javax.faces.resource/jquery/jquery-plugins.js?ln=primefaces&v=4.0 HTTP/1.1" 304 -
186.84.21.124 - - [28/Jan/2023:09:54:38 -0500] "GET /sipse/faces/javax.faces.resource/primefaces.js?ln=primefaces&v=4.0 HTTP/1.1" 304 -
186.84.21.124 - - [28/Jan/2023:09:54:38 -0500] "GET /sipse/faces/javax.faces.resource/layout/layout.js?ln=primefaces&v=4.0 HTTP/1.1" 304 -
186.84.21.124 - - [28/Jan/2023:09:54:39 -0500] "GET /sipse/css/imagen/contrasena.png HTTP/1.1" 404 383
186.84.21.124 - - [28/Jan/2023:09:54:41 -0500] "GET /sipse/faces/javax.faces.resource/images/ui-bg_flat_0_2d5972_40x100.png?ln=primefaces-aristo HTTP/1.1" 304 -
186.84.21.124 - - [28/Jan/2023:09:54:41 -0500] "POST /sipse/faces/bienvenido.xhtml HTTP/1.1" 200 2658
186.84.21.124 - - [28/Jan/2023:09:54:42 -0500] "POST /sipse/faces/bienvenido.xhtml HTTP/1.1" 200 64877
186.84.21.124 - - [28/Jan/2023:09:54:43 -0500] "GET /sipse/faces/javax.faces.resource/theme.css?ln=primefaces-sipse HTTP/1.1" 304 -
186.84.21.124 - - [28/Jan/2023:09:54:43 -0500] "GET /sipse/faces/javax.faces.resource/primefaces.css?ln=primefaces&v=4.0 HTTP/1.1" 304 -
186.84.21.124 - - [28/Jan/2023:09:54:43 -0500] "GET /sipse/faces/javax.faces.resource/layout/layout.css?ln=primefaces&v=4.0 HTTP/1.1" 304 -
186.84.21.124 - - [28/Jan/2023:09:54:43 -0500] "GET /sipse/faces/javax.faces.resource/jquery/jquery.js?ln=primefaces&v=4.0 HTTP/1.1" 304 -
186.84.21.124 - - [28/Jan/2023:09:54:43 -0500] "GET /sipse/faces/javax.faces.resource/jquery/jquery-plugins.js?ln=primefaces&v=4.0 HTTP/1.1" 304 -
186.84.21.124 - - [28/Jan/2023:09:54:43 -0500] "GET /sipse/faces/javax.faces.resource/primefaces.js?ln=primefaces&v=4.0 HTTP/1.1" 304 -
186.84.21.124 - - [28/Jan/2023:09:54:43 -0500] "GET /sipse/faces/javax.faces.resource/layout/layout.js?ln=primefaces&v=4.0 HTTP/1.1" 304 -
186.84.21.124 - - [28/Jan/2023:09:54:43 -0500] "POST /sipse/faces/presentacion/financiero/solicitudProceso/listarSolicitudProceso.xhtml HTTP/1.1" 200 1556
162.55.171.138 - - [28/Jan/2023:09:54:59 -0500] "GET / HTTP/1.1" 200 319
168.119.49.52 - - [28/Jan/2023:09:55:10 -0500] "GET / HTTP/1.1" 200 319
186.84.21.124 - - [28/Jan/2023:09:55:25 -0500] "POST /sipse/faces/presentacion/financiero/solicitudProceso/listarSolicitudProceso.xhtml HTTP/1.1" 200 34317
186.84.21.124 - - [28/Jan/2023:09:55:26 -0500] "POST /sipse/faces/presentacion/financiero/solicitudProceso/listarSolicitudProceso.xhtml HTTP/1.1" 200 34397
186.84.21.124 - - [28/Jan/2023:09:55:26 -0500] "POST /sipse/faces/presentacion/financiero/solicitudProceso/listarSolicitudProceso.xhtml HTTP/1.1" 200 34401
186.84.21.124 - - [28/Jan/2023:09:55:27 -0500] "POST /sipse/faces/presentacion/financiero/solicitudProceso/listarSolicitudProceso.xhtml HTTP/1.1" 200 34397
186.84.21.124 - - [28/Jan/2023:09:55:28 -0500] "POST /sipse/faces/presentacion/financiero/solicitudProceso/listarSolicitudProceso.xhtml HTTP/1.1" 200 7734
186.84.21.124 - - [28/Jan/2023:09:55:33 -0500] "POST /sipse/faces/presentacion/financiero/solicitudProceso/listarSolicitudProceso.xhtml HTTP/1.1" 200 34317
186.84.21.124 - - [28/Jan/2023:09:55:34 -0500] "POST /sipse/faces/presentacion/financiero/solicitudProceso/listarSolicitudProceso.xhtml HTTP/1.1" 200 34321
186.84.21.124 - - [28/Jan/2023:09:55:35 -0500] "POST /sipse/faces/presentacion/financiero/solicitudProceso/listarSolicitudProceso.xhtml HTTP/1.1" 200 10792
186.84.21.124 - - [28/Jan/2023:09:55:36 -0500] "POST /sipse/faces/presentacion/financiero/solicitudProceso/listarSolicitudProceso.xhtml HTTP/1.1" 200 7792
186.84.21.124 - - [28/Jan/2023:09:55:41 -0500] "POST /sipse/faces/presentacion/financiero/solicitudProceso/listarSolicitudProceso.xhtml HTTP/1.1" 200 138178
186.84.21.124 - - [28/Jan/2023:09:55:42 -0500] "GET /sipse/faces/javax.faces.resource/theme.css?ln=primefaces-sipse HTTP/1.1" 304 -
186.84.21.124 - - [28/Jan/2023:09:55:42 -0500] "GET /sipse/faces/javax.faces.resource/primefaces.css?ln=primefaces&v=4.0 HTTP/1.1" 304 -
186.84.21.124 - - [28/Jan/2023:09:55:43 -0500] "GET /sipse/faces/javax.faces.resource/layout/layout.css?ln=primefaces&v=4.0 HTTP/1.1" 304 -
186.84.21.124 - - [28/Jan/2023:09:55:43 -0500] "GET /sipse/faces/javax.faces.resource/jquery/jquery.js?ln=primefaces&v=4.0 HTTP/1.1" 304 -
186.84.21.124 - - [28/Jan/2023:09:55:43 -0500] "GET /sipse/faces/javax.faces.resource/jquery/jquery-plugins.js?ln=primefaces&v=4.0 HTTP/1.1" 304 -
186.84.21.124 - - [28/Jan/2023:09:55:43 -0500] "GET /sipse/faces/javax.faces.resource/primefaces.js?ln=primefaces&v=4.0 HTTP/1.1" 304 -
186.84.21.124 - - [28/Jan/2023:09:55:43 -0500] "GET /sipse/faces/javax.faces.resource/layout/layout.js?ln=primefaces&v=4.0 HTTP/1.1" 304 -
186.102.25.213 - - [28/Jan/2023:09:56:03 -0500] "GET /sipse/faces/index.xhtml HTTP/1.1" 200 677
186.102.25.213 - - [28/Jan/2023:09:56:03 -0500] "GET /sipse/faces/javax.faces.resource/theme.css?ln=primefaces-sipse HTTP/1.1" 200 50058
186.102.25.213 - - [28/Jan/2023:09:56:04 -0500] "GET /favicon.ico HTTP/1.1" 200 7782
186.102.25.213 - - [28/Jan/2023:09:56:06 -0500] "GET /sipse/faces/faces/autenticacion.xhtml HTTP/1.1" 200 12171
186.102.25.213 - - [28/Jan/2023:09:56:06 -0500] "GET /sipse/js/disable_browser_buttons.js HTTP/1.1" 200 3230
186.102.25.213 - - [28/Jan/2023:09:56:06 -0500] "GET /sipse/js/funciones.js HTTP/1.1" 200 12592
186.102.25.213 - - [28/Jan/2023:09:56:06 -0500] "GET /sipse/css/custom_css_sg_prime_login.css HTTP/1.1" 200 443
186.102.25.213 - - [28/Jan/2023:09:56:06 -0500] "GET /sipse/css/custom_css_sg.css HTTP/1.1" 200 9694
186.102.25.213 - - [28/Jan/2023:09:56:06 -0500] "GET /sipse/faces/javax.faces.resource/theme.css?ln=primefaces-sipse HTTP/1.1" 304 -
186.102.25.213 - - [28/Jan/2023:09:56:07 -0500] "GET /sipse/faces/javax.faces.resource/layout/layout.css?ln=primefaces&v=4.0 HTTP/1.1" 200 542
186.102.25.213 - - [28/Jan/2023:09:56:06 -0500] "GET /sipse/faces/javax.faces.resource/primefaces.css?ln=primefaces&v=4.0 HTTP/1.1" 200 53295
186.102.25.213 - - [28/Jan/2023:09:56:07 -0500] "GET /sipse/faces/javax.faces.resource/jquery/jquery.js?ln=primefaces&v=4.0 HTTP/1.1" 200 105384
186.102.25.213 - - [28/Jan/2023:09:56:07 -0500] "GET /sipse/faces/javax.faces.resource/jquery/jquery-plugins.js?ln=primefaces&v=4.0 HTTP/1.1" 200 220526
186.102.25.213 - - [28/Jan/2023:09:56:07 -0500] "GET /sipse/faces/javax.faces.resource/layout/layout.js?ln=primefaces&v=4.0 HTTP/1.1" 200 87560
186.102.25.213 - - [28/Jan/2023:09:56:07 -0500] "GET /sipse/faces/javax.faces.resource/primefaces.js?ln=primefaces&v=4.0 HTTP/1.1" 200 276924
186.102.25.213 - - [28/Jan/2023:09:56:08 -0500] "GET /sipse/faces/javax.faces.resource/images/ui-icons_898989_256x240.png?ln=primefaces-aristo HTTP/1.1" 200 5355
186.102.25.213 - - [28/Jan/2023:09:56:07 -0500] "GET /sipse/css/imagen/logoSDG.png HTTP/1.1" 200 53064
186.102.25.213 - - [28/Jan/2023:09:56:08 -0500] "GET /sipse/css/imagen/loginimg.png HTTP/1.1" 200 71635
186.102.25.213 - - [28/Jan/2023:09:56:08 -0500] "GET /sipse/faces/faces/index.xhtml HTTP/1.1" 200 677
186.102.25.213 - - [28/Jan/2023:09:56:08 -0500] "GET /sipse/faces/javax.faces.resource/theme.css?ln=primefaces-sipse HTTP/1.1" 304 -
186.102.25.213 - - [28/Jan/2023:09:56:08 -0500] "GET /sipse/faces/faces/faces/autenticacion.xhtml HTTP/1.1" 200 12171
186.102.25.213 - - [28/Jan/2023:09:56:08 -0500] "GET /sipse/faces/javax.faces.resource/theme.css?ln=primefaces-sipse HTTP/1.1" 304 -
186.102.25.213 - - [28/Jan/2023:09:56:08 -0500] "GET /sipse/faces/javax.faces.resource/primefaces.css?ln=primefaces&v=4.0 HTTP/1.1" 304 -
186.102.25.213 - - [28/Jan/2023:09:56:08 -0500] "GET /sipse/faces/javax.faces.resource/layout/layout.css?ln=primefaces&v=4.0 HTTP/1.1" 304 -
186.102.25.213 - - [28/Jan/2023:09:56:08 -0500] "GET /sipse/faces/javax.faces.resource/jquery/jquery.js?ln=primefaces&v=4.0 HTTP/1.1" 304 -
186.102.25.213 - - [28/Jan/2023:09:56:08 -0500] "GET /sipse/faces/javax.faces.resource/jquery/jquery-plugins.js?ln=primefaces&v=4.0 HTTP/1.1" 304 -
186.102.25.213 - - [28/Jan/2023:09:56:08 -0500] "GET /sipse/faces/javax.faces.resource/primefaces.js?ln=primefaces&v=4.0 HTTP/1.1" 304 -
186.102.25.213 - - [28/Jan/2023:09:56:08 -0500] "GET /sipse/faces/javax.faces.resource/layout/layout.js?ln=primefaces&v=4.0 HTTP/1.1" 304 -
186.102.25.213 - - [28/Jan/2023:09:56:14 -0500] "POST /sipse/faces/autenticacion.xhtml HTTP/1.1" 200 2216
186.102.25.213 - - [28/Jan/2023:09:56:14 -0500] "GET /sipse/faces/javax.faces.resource/messages/messages.png?ln=primefaces&v=4.0 HTTP/1.1" 200 27209
186.102.25.213 - - [28/Jan/2023:09:56:17 -0500] "GET /sipse/faces/javax.faces.resource/images/ui-icons_898989_256x240.png?ln=primefaces-aristo HTTP/1.1" 304 -
186.102.25.213 - - [28/Jan/2023:09:56:17 -0500] "POST /sipse/faces/autenticacion.xhtml HTTP/1.1" 200 16239
186.102.25.213 - - [28/Jan/2023:09:56:17 -0500] "GET /sipse/css/custom_css_sg_prime.css HTTP/1.1" 200 5201
186.102.25.213 - - [28/Jan/2023:09:56:17 -0500] "GET /sipse/faces/javax.faces.resource/primefaces.css?ln=primefaces&v=4.0 HTTP/1.1" 304 -
186.102.25.213 - - [28/Jan/2023:09:56:17 -0500] "GET /sipse/faces/javax.faces.resource/theme.css?ln=primefaces-sipse HTTP/1.1" 304 -
186.102.25.213 - - [28/Jan/2023:09:56:17 -0500] "GET /sipse/faces/javax.faces.resource/layout/layout.css?ln=primefaces&v=4.0 HTTP/1.1" 304 -
186.102.25.213 - - [28/Jan/2023:09:56:17 -0500] "GET /sipse/js/jquery.min.js HTTP/1.1" 200 85582
186.102.25.213 - - [28/Jan/2023:09:56:17 -0500] "GET /sipse/faces/javax.faces.resource/jquery/jquery.js?ln=primefaces&v=4.0 HTTP/1.1" 304 -
186.102.25.213 - - [28/Jan/2023:09:56:17 -0500] "GET /sipse/faces/javax.faces.resource/jquery/jquery-plugins.js?ln=primefaces&v=4.0 HTTP/1.1" 304 -
186.102.25.213 - - [28/Jan/2023:09:56:17 -0500] "GET /sipse/faces/javax.faces.resource/primefaces.js?ln=primefaces&v=4.0 HTTP/1.1" 304 -
186.102.25.213 - - [28/Jan/2023:09:56:17 -0500] "GET /sipse/faces/javax.faces.resource/layout/layout.js?ln=primefaces&v=4.0 HTTP/1.1" 304 -
186.102.25.213 - - [28/Jan/2023:09:56:18 -0500] "GET /sipse/css/imagen/contrasena.png HTTP/1.1" 404 383
186.102.25.213 - - [28/Jan/2023:09:56:18 -0500] "GET /sipse/imagenes/cargando.gif HTTP/1.1" 200 36959
186.102.25.213 - - [28/Jan/2023:09:56:18 -0500] "GET /sipse/imagenes/logoAplicacion.jpg HTTP/1.1" 200 155084
186.102.25.213 - - [28/Jan/2023:09:56:23 -0500] "GET /sipse/faces/javax.faces.resource/images/ui-bg_flat_0_2d5972_40x100.png?ln=primefaces-aristo HTTP/1.1" 200 183
186.102.25.213 - - [28/Jan/2023:09:56:23 -0500] "POST /sipse/faces/bienvenido.xhtml HTTP/1.1" 200 2073
186.102.25.213 - - [28/Jan/2023:09:56:24 -0500] "POST /sipse/faces/bienvenido.xhtml HTTP/1.1" 200 38964
186.102.25.213 - - [28/Jan/2023:09:56:25 -0500] "GET /sipse/faces/javax.faces.resource/theme.css?ln=primefaces-sipse HTTP/1.1" 304 -
186.102.25.213 - - [28/Jan/2023:09:56:25 -0500] "GET /sipse/faces/javax.faces.resource/primefaces.css?ln=primefaces&v=4.0 HTTP/1.1" 304 -
186.102.25.213 - - [28/Jan/2023:09:56:25 -0500] "GET /sipse/faces/javax.faces.resource/layout/layout.css?ln=primefaces&v=4.0 HTTP/1.1" 304 -
186.102.25.213 - - [28/Jan/2023:09:56:25 -0500] "GET /sipse/faces/javax.faces.resource/jquery/jquery.js?ln=primefaces&v=4.0 HTTP/1.1" 304 -
186.102.25.213 - - [28/Jan/2023:09:56:25 -0500] "GET /sipse/faces/javax.faces.resource/jquery/jquery-plugins.js?ln=primefaces&v=4.0 HTTP/1.1" 304 -
186.102.25.213 - - [28/Jan/2023:09:56:25 -0500] "GET /sipse/faces/javax.faces.resource/primefaces.js?ln=primefaces&v=4.0 HTTP/1.1" 304 -
186.102.25.213 - - [28/Jan/2023:09:56:25 -0500] "GET /sipse/faces/javax.faces.resource/layout/layout.js?ln=primefaces&v=4.0 HTTP/1.1" 304 -
186.102.25.213 - - [28/Jan/2023:09:56:36 -0500] "POST /sipse/faces/presentacion/financiero/solicitudProceso/consultar.xhtml HTTP/1.1" 200 12845
186.102.25.213 - - [28/Jan/2023:09:56:45 -0500] "POST /sipse/faces/presentacion/financiero/solicitudProceso/consultar.xhtml HTTP/1.1" 200 144541
186.102.25.213 - - [28/Jan/2023:09:56:46 -0500] "GET /sipse/faces/javax.faces.resource/theme.css?ln=primefaces-sipse HTTP/1.1" 304 -
186.102.25.213 - - [28/Jan/2023:09:56:46 -0500] "GET /sipse/faces/javax.faces.resource/primefaces.css?ln=primefaces&v=4.0 HTTP/1.1" 304 -
186.102.25.213 - - [28/Jan/2023:09:56:46 -0500] "GET /sipse/faces/javax.faces.resource/layout/layout.css?ln=primefaces&v=4.0 HTTP/1.1" 304 -
186.102.25.213 - - [28/Jan/2023:09:56:46 -0500] "GET /sipse/faces/javax.faces.resource/jquery/jquery.js?ln=primefaces&v=4.0 HTTP/1.1" 304 -
186.102.25.213 - - [28/Jan/2023:09:56:46 -0500] "GET /sipse/faces/javax.faces.resource/jquery/jquery-plugins.js?ln=primefaces&v=4.0 HTTP/1.1" 304 -
186.102.25.213 - - [28/Jan/2023:09:56:46 -0500] "GET /sipse/faces/javax.faces.resource/primefaces.js?ln=primefaces&v=4.0 HTTP/1.1" 304 -
186.102.25.213 - - [28/Jan/2023:09:56:47 -0500] "GET /sipse/faces/javax.faces.resource/layout/layout.js?ln=primefaces&v=4.0 HTTP/1.1" 304 -
186.102.25.213 - - [28/Jan/2023:09:56:53 -0500] "POST /sipse/faces/presentacion/financiero/solicitudProceso/consultarSolicitudProceso.xhtml HTTP/1.1" 200 45024
186.102.25.213 - - [28/Jan/2023:09:56:54 -0500] "GET /sipse/faces/javax.faces.resource/theme.css?ln=primefaces-sipse HTTP/1.1" 304 -
186.102.25.213 - - [28/Jan/2023:09:56:54 -0500] "GET /sipse/faces/javax.faces.resource/primefaces.css?ln=primefaces&v=4.0 HTTP/1.1" 304 -
186.102.25.213 - - [28/Jan/2023:09:56:54 -0500] "GET /sipse/faces/javax.faces.resource/layout/layout.css?ln=primefaces&v=4.0 HTTP/1.1" 304 -
186.102.25.213 - - [28/Jan/2023:09:56:54 -0500] "GET /sipse/faces/javax.faces.resource/jquery/jquery.js?ln=primefaces&v=4.0 HTTP/1.1" 304 -
186.102.25.213 - - [28/Jan/2023:09:56:54 -0500] "GET /sipse/faces/javax.faces.resource/primefaces.js?ln=primefaces&v=4.0 HTTP/1.1" 304 -
186.102.25.213 - - [28/Jan/2023:09:56:54 -0500] "GET /sipse/faces/javax.faces.resource/jquery/jquery-plugins.js?ln=primefaces&v=4.0 HTTP/1.1" 304 -
186.102.25.213 - - [28/Jan/2023:09:56:54 -0500] "GET /sipse/faces/javax.faces.resource/layout/layout.js?ln=primefaces&v=4.0 HTTP/1.1" 304 -
186.84.21.124 - - [28/Jan/2023:09:57:10 -0500] "POST /sipse/faces/presentacion/financiero/solicitudProceso/consultarSolicitudProceso.xhtml HTTP/1.1" 200 39452
186.84.21.124 - - [28/Jan/2023:09:57:10 -0500] "GET /sipse/faces/javax.faces.resource/theme.css?ln=primefaces-sipse HTTP/1.1" 304 -
186.84.21.124 - - [28/Jan/2023:09:57:10 -0500] "GET /sipse/faces/javax.faces.resource/primefaces.css?ln=primefaces&v=4.0 HTTP/1.1" 304 -
186.84.21.124 - - [28/Jan/2023:09:57:10 -0500] "GET /sipse/faces/javax.faces.resource/layout/layout.css?ln=primefaces&v=4.0 HTTP/1.1" 304 -
186.84.21.124 - - [28/Jan/2023:09:57:10 -0500] "GET /sipse/faces/javax.faces.resource/jquery/jquery.js?ln=primefaces&v=4.0 HTTP/1.1" 304 -
186.84.21.124 - - [28/Jan/2023:09:57:10 -0500] "GET /sipse/faces/javax.faces.resource/jquery/jquery-plugins.js?ln=primefaces&v=4.0 HTTP/1.1" 304 -
186.84.21.124 - - [28/Jan/2023:09:57:10 -0500] "GET /sipse/faces/javax.faces.resource/primefaces.js?ln=primefaces&v=4.0 HTTP/1.1" 304 -
186.84.21.124 - - [28/Jan/2023:09:57:10 -0500] "GET /sipse/faces/javax.faces.resource/layout/layout.js?ln=primefaces&v=4.0 HTTP/1.1" 304 -
186.84.21.124 - - [28/Jan/2023:09:57:34 -0500] "POST /sipse/faces/presentacion/financiero/estudioPrevio/personalSolicitado/expedirExperienciaIdoneidad.xhtml HTTP/1.1" 200 5681
186.84.21.124 - - [28/Jan/2023:09:57:34 -0500] "POST /sipse/faces/presentacion/financiero/estudioPrevio/personalSolicitado/expedirExperienciaIdoneidad.xhtml HTTP/1.1" 200 32118
186.84.21.124 - - [28/Jan/2023:09:57:34 -0500] "GET /sipse/faces/javax.faces.resource/theme.css?ln=primefaces-sipse HTTP/1.1" 304 -
186.84.21.124 - - [28/Jan/2023:09:57:34 -0500] "GET /sipse/faces/javax.faces.resource/primefaces.css?ln=primefaces&v=4.0 HTTP/1.1" 304 -
186.84.21.124 - - [28/Jan/2023:09:57:34 -0500] "GET /sipse/faces/javax.faces.resource/layout/layout.css?ln=primefaces&v=4.0 HTTP/1.1" 304 -
186.84.21.124 - - [28/Jan/2023:09:57:34 -0500] "GET /sipse/faces/javax.faces.resource/jquery/jquery-plugins.js?ln=primefaces&v=4.0 HTTP/1.1" 304 -
186.84.21.124 - - [28/Jan/2023:09:57:34 -0500] "GET /sipse/faces/javax.faces.resource/jquery/jquery.js?ln=primefaces&v=4.0 HTTP/1.1" 304 -
186.84.21.124 - - [28/Jan/2023:09:57:34 -0500] "GET /sipse/faces/javax.faces.resource/primefaces.js?ln=primefaces&v=4.0 HTTP/1.1" 304 -
186.84.21.124 - - [28/Jan/2023:09:57:34 -0500] "GET /sipse/faces/javax.faces.resource/layout/layout.js?ln=primefaces&v=4.0 HTTP/1.1" 304 -
186.84.21.124 - - [28/Jan/2023:09:57:38 -0500] "POST /sipse/faces/presentacion/contratacion/procesoContractual/registrarInvitacionContratista.xhtml HTTP/1.1" 200 9685
20.11.48.134 - - [28/Jan/2023:09:57:43 -0500] "GET /BLA/boletinlegal HTTP/1.1" 301 247
201.245.192.253 - - [28/Jan/2023:09:57:46 -0500] "POST /kwsrmcab/Wsrmcab  HTTP/1.1" 200 213
