186.102.41.174 - - [28/Jan/2023:08:29:55 -0500] "GET /kwssiamovil/sm/acme/a?s=U2FsdGVkX19s5YKP7hYPN4jUTsZXnTGgM1pK1iCz5gNhxaUpOMn+Y4SQag3T813XCWMO/pfnOd3NG4y1q5cjsS8zXwxjunnd1Ifi7GOJXaXnhbBmqkvWW5XSPMDKs2wj7xbuDnpHjjf6SmlPY9mSxWByJD7vYS94Q8zkUywfRNA=&u=U2FsdGVkX180q5bqKrmPFr2e2WgElo1NMPK54eOtkTE=&y=U2FsdGVkX18Oq3DCvyBez4GFbPuW8aTUOvRT08cql0aoOtSBDsf1hOeSVXe3+E+v HTTP/1.1" 200 26
186.102.41.174 - - [28/Jan/2023:08:29:55 -0500] "GET /kwssiamovil/sm/acme/a?s=U2FsdGVkX19JBueB4s+yXIJrwajJN4Q+5X6ZCaXqs6Wrr4O460wIlOAHV0deeZ7qa3sfW///OIi+jNr4Is1oK257eD3DVngtx71L7K9YRE15WsLNQ7Wv1CbiZpXD/4UpTdX3o+QBjqBs28cDaDEbuBbVu4YPOBgikeOfUg5pQ9E=&u=U2FsdGVkX180q5bqKrmPFr2e2WgElo1NMPK54eOtkTE=&y=U2FsdGVkX18Oq3DCvyBez4GFbPuW8aTUOvRT08cql0aoOtSBDsf1hOeSVXe3+E+v HTTP/1.1" 200 26
186.102.41.174 - - [28/Jan/2023:08:29:55 -0500] "GET /kwssiamovil/sm/acme/a?s=U2FsdGVkX1+vb5yufs0shkInZ3+R8aFM0jd8PQRT2xEDgo7PYFOIAdH2uaKAZEeIU298dQ+zeajjoD7nRAnP847GdLcme016EGqh3gOuDJj9IdncVVEPC0g6e94GqTF6169n4Yd07G2k52Pt0tL9/9t3F67tnBz/7RWXOUctJF2kTAgnAYBlf+8oLUnE7mgw&u=U2FsdGVkX180q5bqKrmPFr2e2WgElo1NMPK54eOtkTE=&y=U2FsdGVkX18Oq3DCvyBez4GFbPuW8aTUOvRT08cql0aoOtSBDsf1hOeSVXe3+E+v HTTP/1.1" 200 26
181.63.28.96 - - [28/Jan/2023:08:29:56 -0500] "POST /sipse/faces/presentacion/financiero/estudioPrevio/personalSolicitado/asociarProfesionPersonalSolicitado.xhtml HTTP/1.1" 200 53346
181.63.28.96 - - [28/Jan/2023:08:29:56 -0500] "GET /sipse/faces/javax.faces.resource/theme.css?ln=primefaces-sipse HTTP/1.1" 304 -
181.63.28.96 - - [28/Jan/2023:08:29:56 -0500] "GET /sipse/faces/javax.faces.resource/primefaces.css?ln=primefaces&v=4.0 HTTP/1.1" 304 -
181.63.28.96 - - [28/Jan/2023:08:29:56 -0500] "GET /sipse/faces/javax.faces.resource/layout/layout.css?ln=primefaces&v=4.0 HTTP/1.1" 304 -
181.63.28.96 - - [28/Jan/2023:08:29:56 -0500] "GET /sipse/faces/javax.faces.resource/jquery/jquery.js?ln=primefaces&v=4.0 HTTP/1.1" 304 -
181.63.28.96 - - [28/Jan/2023:08:29:56 -0500] "GET /sipse/faces/javax.faces.resource/jquery/jquery-plugins.js?ln=primefaces&v=4.0 HTTP/1.1" 304 -
181.63.28.96 - - [28/Jan/2023:08:29:56 -0500] "GET /sipse/faces/javax.faces.resource/primefaces.js?ln=primefaces&v=4.0 HTTP/1.1" 304 -
181.63.28.96 - - [28/Jan/2023:08:29:56 -0500] "GET /sipse/faces/javax.faces.resource/layout/layout.js?ln=primefaces&v=4.0 HTTP/1.1" 304 -
51.68.204.213 - - [28/Jan/2023:08:30:02 -0500] "-" 408 -
181.63.28.96 - - [28/Jan/2023:08:30:04 -0500] "POST /sipse/faces/presentacion/financiero/estudioPrevio/personalSolicitado/personalSolicitadoSolicitudProceso.xhtml HTTP/1.1" 200 36822
181.63.28.96 - - [28/Jan/2023:08:30:05 -0500] "GET /sipse/faces/javax.faces.resource/theme.css?ln=primefaces-sipse HTTP/1.1" 304 -
181.63.28.96 - - [28/Jan/2023:08:30:05 -0500] "GET /sipse/faces/javax.faces.resource/primefaces.css?ln=primefaces&v=4.0 HTTP/1.1" 304 -
181.63.28.96 - - [28/Jan/2023:08:30:05 -0500] "GET /sipse/faces/javax.faces.resource/layout/layout.css?ln=primefaces&v=4.0 HTTP/1.1" 304 -
181.63.28.96 - - [28/Jan/2023:08:30:05 -0500] "GET /sipse/faces/javax.faces.resource/jquery/jquery.js?ln=primefaces&v=4.0 HTTP/1.1" 304 -
181.63.28.96 - - [28/Jan/2023:08:30:05 -0500] "GET /sipse/faces/javax.faces.resource/jquery/jquery-plugins.js?ln=primefaces&v=4.0 HTTP/1.1" 304 -
181.63.28.96 - - [28/Jan/2023:08:30:05 -0500] "GET /sipse/faces/javax.faces.resource/primefaces.js?ln=primefaces&v=4.0 HTTP/1.1" 304 -
181.63.28.96 - - [28/Jan/2023:08:30:05 -0500] "GET /sipse/faces/javax.faces.resource/layout/layout.js?ln=primefaces&v=4.0 HTTP/1.1" 304 -
186.84.184.239 - - [28/Jan/2023:08:30:06 -0500] "POST /sipse/faces/presentacion/financiero/solicitudProceso/consultar.xhtml HTTP/1.1" 200 12963
181.63.28.96 - - [28/Jan/2023:08:30:08 -0500] "POST /sipse/faces/presentacion/financiero/estudioPrevio/personalSolicitado/asociarProfesionPersonalSolicitado.xhtml HTTP/1.1" 200 1423
181.63.28.96 - - [28/Jan/2023:08:30:09 -0500] "POST /sipse/faces/presentacion/financiero/estudioPrevio/personalSolicitado/asociarProfesionPersonalSolicitado.xhtml HTTP/1.1" 200 1419
181.63.28.96 - - [28/Jan/2023:08:30:09 -0500] "POST /sipse/faces/presentacion/financiero/estudioPrevio/personalSolicitado/asociarProfesionPersonalSolicitado.xhtml HTTP/1.1" 200 1423
181.63.28.96 - - [28/Jan/2023:08:30:10 -0500] "POST /sipse/faces/presentacion/financiero/estudioPrevio/personalSolicitado/asociarProfesionPersonalSolicitado.xhtml HTTP/1.1" 200 1419
181.63.28.96 - - [28/Jan/2023:08:30:11 -0500] "POST /sipse/faces/presentacion/financiero/estudioPrevio/personalSolicitado/asociarProfesionPersonalSolicitado.xhtml HTTP/1.1" 200 1423
181.63.28.96 - - [28/Jan/2023:08:30:12 -0500] "POST /sipse/faces/presentacion/financiero/estudioPrevio/personalSolicitado/asociarProfesionPersonalSolicitado.xhtml HTTP/1.1" 200 1419
181.63.28.96 - - [28/Jan/2023:08:30:13 -0500] "POST /sipse/faces/presentacion/financiero/estudioPrevio/personalSolicitado/asociarProfesionPersonalSolicitado.xhtml HTTP/1.1" 200 20389
186.84.184.239 - - [28/Jan/2023:08:30:15 -0500] "POST /sipse/faces/presentacion/financiero/solicitudProceso/consultar.xhtml HTTP/1.1" 200 13036
181.63.28.96 - - [28/Jan/2023:08:30:16 -0500] "POST /sipse/faces/presentacion/financiero/estudioPrevio/personalSolicitado/asociarProfesionPersonalSolicitado.xhtml HTTP/1.1" 200 1423
181.63.28.96 - - [28/Jan/2023:08:30:22 -0500] "POST /sipse/faces/presentacion/financiero/estudioPrevio/personalSolicitado/asociarProfesionPersonalSolicitado.xhtml HTTP/1.1" 200 20965
186.84.184.239 - - [28/Jan/2023:08:30:23 -0500] "POST /sipse/faces/presentacion/financiero/solicitudProceso/consultar.xhtml HTTP/1.1" 200 13074
172.22.2.4 - - [28/Jan/2023:08:29:49 -0500] "GET /BLA/boletinlegal/ HTTP/1.1" 200 32715
172.22.2.4 - - [28/Jan/2023:08:30:38 -0500] "GET /BLA/boletinlegal/autodiscover/autodiscover.json?@zdi/Powershell HTTP/1.1" 404 1018
186.84.184.239 - - [28/Jan/2023:08:30:42 -0500] "POST /sipse/faces/presentacion/financiero/solicitudProceso/consultar.xhtml HTTP/1.1" 200 12925
186.84.184.239 - - [28/Jan/2023:08:31:03 -0500] "POST /sipse/faces/presentacion/financiero/solicitudProceso/consultar.xhtml HTTP/1.1" 200 12940
186.30.35.50 - - [28/Jan/2023:08:31:19 -0500] "GET /sipse/faces/index.xhtml HTTP/1.1" 200 677
186.84.184.239 - - [28/Jan/2023:08:31:19 -0500] "POST /sipse/faces/presentacion/financiero/solicitudProceso/consultar.xhtml HTTP/1.1" 200 12912
186.30.35.50 - - [28/Jan/2023:08:31:20 -0500] "GET /sipse/faces/javax.faces.resource/theme.css?ln=primefaces-sipse HTTP/1.1" 304 -
186.30.35.50 - - [28/Jan/2023:08:31:22 -0500] "GET /sipse/faces/faces/autenticacion.xhtml HTTP/1.1" 200 12171
186.30.35.50 - - [28/Jan/2023:08:31:22 -0500] "GET /sipse/faces/javax.faces.resource/theme.css?ln=primefaces-sipse HTTP/1.1" 304 -
186.30.35.50 - - [28/Jan/2023:08:31:22 -0500] "GET /sipse/faces/javax.faces.resource/primefaces.css?ln=primefaces&v=4.0 HTTP/1.1" 304 -
186.30.35.50 - - [28/Jan/2023:08:31:22 -0500] "GET /sipse/faces/javax.faces.resource/layout/layout.css?ln=primefaces&v=4.0 HTTP/1.1" 304 -
186.30.35.50 - - [28/Jan/2023:08:31:22 -0500] "GET /sipse/faces/javax.faces.resource/primefaces.js?ln=primefaces&v=4.0 HTTP/1.1" 304 -
186.30.35.50 - - [28/Jan/2023:08:31:22 -0500] "GET /sipse/faces/javax.faces.resource/jquery/jquery.js?ln=primefaces&v=4.0 HTTP/1.1" 304 -
186.30.35.50 - - [28/Jan/2023:08:31:22 -0500] "GET /sipse/faces/javax.faces.resource/jquery/jquery-plugins.js?ln=primefaces&v=4.0 HTTP/1.1" 304 -
186.30.35.50 - - [28/Jan/2023:08:31:23 -0500] "GET /sipse/faces/javax.faces.resource/layout/layout.js?ln=primefaces&v=4.0 HTTP/1.1" 304 -
186.30.35.50 - - [28/Jan/2023:08:31:23 -0500] "GET /sipse/css/custom_css_sg_prime_login.css HTTP/1.1" 200 443
186.30.35.50 - - [28/Jan/2023:08:31:23 -0500] "GET /sipse/css/custom_css_sg.css HTTP/1.1" 200 9694
172.22.2.4 - - [28/Jan/2023:08:29:43 -0500] "HEAD /BLA/boletinlegal/ HTTP/1.1" 200 -
186.30.35.50 - - [28/Jan/2023:08:31:24 -0500] "GET /sipse/js/disable_browser_buttons.js HTTP/1.1" 304 -
186.30.35.50 - - [28/Jan/2023:08:31:25 -0500] "GET /sipse/js/funciones.js HTTP/1.1" 304 -
186.30.35.50 - - [28/Jan/2023:08:31:25 -0500] "GET /sipse/faces/javax.faces.resource/images/ui-icons_898989_256x240.png?ln=primefaces-aristo HTTP/1.1" 304 -
186.30.35.50 - - [28/Jan/2023:08:31:25 -0500] "GET /sipse/css/imagen/loginimg.png HTTP/1.1" 200 71635
186.30.35.50 - - [28/Jan/2023:08:31:25 -0500] "GET /sipse/css/imagen/logoSDG.png HTTP/1.1" 200 53064
181.63.28.96 - - [28/Jan/2023:08:31:27 -0500] "POST /sipse/faces/presentacion/financiero/estudioPrevio/personalSolicitado/asociarProfesionPersonalSolicitado.xhtml HTTP/1.1" 200 1419
181.63.28.96 - - [28/Jan/2023:08:31:28 -0500] "POST /sipse/faces/presentacion/financiero/estudioPrevio/personalSolicitado/asociarProfesionPersonalSolicitado.xhtml HTTP/1.1" 200 1419
181.63.28.96 - - [28/Jan/2023:08:31:30 -0500] "POST /sipse/faces/presentacion/financiero/estudioPrevio/personalSolicitado/asociarProfesionPersonalSolicitado.xhtml HTTP/1.1" 200 1423
181.63.28.96 - - [28/Jan/2023:08:31:32 -0500] "POST /sipse/faces/presentacion/financiero/estudioPrevio/personalSolicitado/asociarProfesionPersonalSolicitado.xhtml HTTP/1.1" 200 1427
40.77.167.14 - - [28/Jan/2023:08:31:33 -0500] "GET /BLA/resoluciones/AUTOS%202019/4574.pdf HTTP/1.1" 200 2183144
181.63.28.96 - - [28/Jan/2023:08:31:35 -0500] "POST /sipse/faces/presentacion/financiero/estudioPrevio/personalSolicitado/asociarProfesionPersonalSolicitado.xhtml HTTP/1.1" 200 20965
186.30.35.50 - - [28/Jan/2023:08:31:38 -0500] "POST /sipse/faces/autenticacion.xhtml HTTP/1.1" 200 16669
186.30.35.50 - - [28/Jan/2023:08:31:38 -0500] "GET /sipse/css/custom_css_sg_prime.css HTTP/1.1" 200 5201
186.30.35.50 - - [28/Jan/2023:08:31:38 -0500] "GET /sipse/js/jquery.min.js HTTP/1.1" 304 -
186.30.35.50 - - [28/Jan/2023:08:31:38 -0500] "GET /sipse/faces/javax.faces.resource/jquery/jquery.js?ln=primefaces&v=4.0 HTTP/1.1" 304 -
186.30.35.50 - - [28/Jan/2023:08:31:38 -0500] "GET /sipse/faces/javax.faces.resource/jquery/jquery-plugins.js?ln=primefaces&v=4.0 HTTP/1.1" 304 -
186.30.35.50 - - [28/Jan/2023:08:31:38 -0500] "GET /sipse/faces/javax.faces.resource/primefaces.js?ln=primefaces&v=4.0 HTTP/1.1" 304 -
186.30.35.50 - - [28/Jan/2023:08:31:39 -0500] "GET /sipse/faces/javax.faces.resource/layout/layout.js?ln=primefaces&v=4.0 HTTP/1.1" 304 -
186.30.35.50 - - [28/Jan/2023:08:31:39 -0500] "GET /sipse/imagenes/cargando.gif HTTP/1.1" 304 -
186.30.35.50 - - [28/Jan/2023:08:31:39 -0500] "GET /sipse/imagenes/logoAplicacion.jpg HTTP/1.1" 304 -
186.30.35.50 - - [28/Jan/2023:08:31:39 -0500] "GET /sipse/css/imagen/contrasena.png HTTP/1.1" 404 383
186.30.35.50 - - [28/Jan/2023:08:31:39 -0500] "GET /sipse/faces/javax.faces.resource/messages/messages.png?ln=primefaces&v=4.0 HTTP/1.1" 200 27209
181.63.28.96 - - [28/Jan/2023:08:31:41 -0500] "POST /sipse/faces/presentacion/financiero/estudioPrevio/personalSolicitado/asociarProfesionPersonalSolicitado.xhtml HTTP/1.1" 200 53346
181.63.28.96 - - [28/Jan/2023:08:31:41 -0500] "GET /sipse/faces/javax.faces.resource/theme.css?ln=primefaces-sipse HTTP/1.1" 304 -
181.63.28.96 - - [28/Jan/2023:08:31:41 -0500] "GET /sipse/faces/javax.faces.resource/layout/layout.css?ln=primefaces&v=4.0 HTTP/1.1" 304 -
181.63.28.96 - - [28/Jan/2023:08:31:41 -0500] "GET /sipse/faces/javax.faces.resource/primefaces.css?ln=primefaces&v=4.0 HTTP/1.1" 304 -
181.63.28.96 - - [28/Jan/2023:08:31:41 -0500] "GET /sipse/faces/javax.faces.resource/jquery/jquery.js?ln=primefaces&v=4.0 HTTP/1.1" 304 -
181.63.28.96 - - [28/Jan/2023:08:31:41 -0500] "GET /sipse/faces/javax.faces.resource/primefaces.js?ln=primefaces&v=4.0 HTTP/1.1" 304 -
181.63.28.96 - - [28/Jan/2023:08:31:41 -0500] "GET /sipse/faces/javax.faces.resource/jquery/jquery-plugins.js?ln=primefaces&v=4.0 HTTP/1.1" 304 -
181.63.28.96 - - [28/Jan/2023:08:31:41 -0500] "GET /sipse/faces/javax.faces.resource/layout/layout.js?ln=primefaces&v=4.0 HTTP/1.1" 304 -
181.63.28.96 - - [28/Jan/2023:08:31:44 -0500] "POST /sipse/faces/presentacion/financiero/estudioPrevio/personalSolicitado/personalSolicitadoSolicitudProceso.xhtml HTTP/1.1" 200 65720
181.63.28.96 - - [28/Jan/2023:08:31:45 -0500] "GET /sipse/faces/javax.faces.resource/theme.css?ln=primefaces-sipse HTTP/1.1" 304 -
181.63.28.96 - - [28/Jan/2023:08:31:45 -0500] "GET /sipse/faces/javax.faces.resource/primefaces.css?ln=primefaces&v=4.0 HTTP/1.1" 304 -
181.63.28.96 - - [28/Jan/2023:08:31:45 -0500] "GET /sipse/faces/javax.faces.resource/layout/layout.css?ln=primefaces&v=4.0 HTTP/1.1" 304 -
181.63.28.96 - - [28/Jan/2023:08:31:45 -0500] "GET /sipse/faces/javax.faces.resource/jquery/jquery.js?ln=primefaces&v=4.0 HTTP/1.1" 304 -
181.63.28.96 - - [28/Jan/2023:08:31:45 -0500] "GET /sipse/faces/javax.faces.resource/jquery/jquery-plugins.js?ln=primefaces&v=4.0 HTTP/1.1" 304 -
181.63.28.96 - - [28/Jan/2023:08:31:45 -0500] "GET /sipse/faces/javax.faces.resource/primefaces.js?ln=primefaces&v=4.0 HTTP/1.1" 304 -
181.63.28.96 - - [28/Jan/2023:08:31:45 -0500] "GET /sipse/faces/javax.faces.resource/layout/layout.js?ln=primefaces&v=4.0 HTTP/1.1" 304 -
181.63.28.96 - - [28/Jan/2023:08:31:45 -0500] "POST /sipse/faces/presentacion/financiero/solicitudProceso/listarSolicitudProceso.xhtml HTTP/1.1" 200 1556
186.30.35.50 - - [28/Jan/2023:08:31:50 -0500] "GET /sipse/faces/javax.faces.resource/images/ui-bg_flat_0_2d5972_40x100.png?ln=primefaces-aristo HTTP/1.1" 200 183
186.30.35.50 - - [28/Jan/2023:08:31:50 -0500] "POST /sipse/faces/bienvenido.xhtml HTTP/1.1" 200 3255
181.63.28.96 - - [28/Jan/2023:08:31:51 -0500] "POST /sipse/faces/presentacion/financiero/solicitudProceso/listarSolicitudProceso.xhtml HTTP/1.1" 200 16289
186.30.35.50 - - [28/Jan/2023:08:31:52 -0500] "POST /sipse/faces/bienvenido.xhtml HTTP/1.1" 200 45522
186.30.35.50 - - [28/Jan/2023:08:31:52 -0500] "GET /sipse/faces/javax.faces.resource/jquery/jquery.js?ln=primefaces&v=4.0 HTTP/1.1" 304 -
186.30.35.50 - - [28/Jan/2023:08:31:52 -0500] "GET /sipse/faces/javax.faces.resource/jquery/jquery-plugins.js?ln=primefaces&v=4.0 HTTP/1.1" 304 -
186.30.35.50 - - [28/Jan/2023:08:31:53 -0500] "GET /sipse/faces/javax.faces.resource/primefaces.js?ln=primefaces&v=4.0 HTTP/1.1" 304 -
186.30.35.50 - - [28/Jan/2023:08:31:53 -0500] "GET /sipse/faces/javax.faces.resource/layout/layout.js?ln=primefaces&v=4.0 HTTP/1.1" 304 -
186.30.35.50 - - [28/Jan/2023:08:31:53 -0500] "POST /sipse/faces/presentacion/financiero/solicitudProceso/listarSolicitudProceso.xhtml HTTP/1.1" 200 1464
181.63.28.96 - - [28/Jan/2023:08:31:55 -0500] "POST /sipse/faces/presentacion/financiero/solicitudProceso/listarSolicitudProceso.xhtml HTTP/1.1" 200 123955
181.63.28.96 - - [28/Jan/2023:08:31:56 -0500] "GET /sipse/faces/javax.faces.resource/theme.css?ln=primefaces-sipse HTTP/1.1" 304 -
181.63.28.96 - - [28/Jan/2023:08:31:56 -0500] "GET /sipse/faces/javax.faces.resource/primefaces.css?ln=primefaces&v=4.0 HTTP/1.1" 304 -
181.63.28.96 - - [28/Jan/2023:08:31:56 -0500] "GET /sipse/faces/javax.faces.resource/layout/layout.css?ln=primefaces&v=4.0 HTTP/1.1" 304 -
181.63.28.96 - - [28/Jan/2023:08:31:56 -0500] "GET /sipse/faces/javax.faces.resource/jquery/jquery.js?ln=primefaces&v=4.0 HTTP/1.1" 304 -
181.63.28.96 - - [28/Jan/2023:08:31:56 -0500] "GET /sipse/faces/javax.faces.resource/jquery/jquery-plugins.js?ln=primefaces&v=4.0 HTTP/1.1" 304 -
181.63.28.96 - - [28/Jan/2023:08:31:56 -0500] "GET /sipse/faces/javax.faces.resource/primefaces.js?ln=primefaces&v=4.0 HTTP/1.1" 304 -
181.63.28.96 - - [28/Jan/2023:08:31:56 -0500] "GET /sipse/faces/javax.faces.resource/layout/layout.js?ln=primefaces&v=4.0 HTTP/1.1" 304 -
172.22.2.4 - - [28/Jan/2023:08:30:33 -0500] "GET /BLA/boletinlegal/ HTTP/1.1" 200 57192
186.30.35.50 - - [28/Jan/2023:08:32:16 -0500] "POST /sipse/faces/presentacion/financiero/solicitudProceso/listarSolicitudProceso.xhtml HTTP/1.1" 200 139462
186.30.35.50 - - [28/Jan/2023:08:32:17 -0500] "GET /sipse/faces/javax.faces.resource/jquery/jquery.js?ln=primefaces&v=4.0 HTTP/1.1" 304 -
186.30.35.50 - - [28/Jan/2023:08:32:17 -0500] "GET /sipse/faces/javax.faces.resource/jquery/jquery-plugins.js?ln=primefaces&v=4.0 HTTP/1.1" 304 -
186.30.35.50 - - [28/Jan/2023:08:32:17 -0500] "GET /sipse/faces/javax.faces.resource/primefaces.js?ln=primefaces&v=4.0 HTTP/1.1" 304 -
186.30.35.50 - - [28/Jan/2023:08:32:18 -0500] "GET /sipse/faces/javax.faces.resource/layout/layout.js?ln=primefaces&v=4.0 HTTP/1.1" 304 -
186.84.184.239 - - [28/Jan/2023:08:32:20 -0500] "POST /sipse/faces/presentacion/financiero/solicitudProceso/consultar.xhtml HTTP/1.1" 200 12897
181.63.28.96 - - [28/Jan/2023:08:32:32 -0500] "POST /sipse/faces/presentacion/financiero/solicitudProceso/consultarSolicitudProceso.xhtml HTTP/1.1" 200 46026
181.63.28.96 - - [28/Jan/2023:08:32:33 -0500] "GET /sipse/faces/javax.faces.resource/theme.css?ln=primefaces-sipse HTTP/1.1" 304 -
181.63.28.96 - - [28/Jan/2023:08:32:33 -0500] "GET /sipse/faces/javax.faces.resource/layout/layout.css?ln=primefaces&v=4.0 HTTP/1.1" 304 -
181.63.28.96 - - [28/Jan/2023:08:32:33 -0500] "GET /sipse/faces/javax.faces.resource/primefaces.css?ln=primefaces&v=4.0 HTTP/1.1" 304 -
181.63.28.96 - - [28/Jan/2023:08:32:33 -0500] "GET /sipse/faces/javax.faces.resource/jquery/jquery.js?ln=primefaces&v=4.0 HTTP/1.1" 304 -
181.63.28.96 - - [28/Jan/2023:08:32:33 -0500] "GET /sipse/faces/javax.faces.resource/jquery/jquery-plugins.js?ln=primefaces&v=4.0 HTTP/1.1" 304 -
181.63.28.96 - - [28/Jan/2023:08:32:33 -0500] "GET /sipse/faces/javax.faces.resource/primefaces.js?ln=primefaces&v=4.0 HTTP/1.1" 304 -
181.63.28.96 - - [28/Jan/2023:08:32:33 -0500] "GET /sipse/faces/javax.faces.resource/layout/layout.js?ln=primefaces&v=4.0 HTTP/1.1" 304 -
186.84.184.239 - - [28/Jan/2023:08:32:34 -0500] "POST /sipse/faces/presentacion/financiero/solicitudProceso/consultar.xhtml HTTP/1.1" 200 12897
181.63.28.96 - - [28/Jan/2023:08:32:40 -0500] "POST /sipse/faces/presentacion/financiero/estudioPrevio/personalSolicitado/personalSolicitadoSolicitudProceso.xhtml HTTP/1.1" 200 3337
181.63.28.96 - - [28/Jan/2023:08:32:40 -0500] "POST /sipse/faces/presentacion/financiero/estudioPrevio/personalSolicitado/personalSolicitadoSolicitudProceso.xhtml HTTP/1.1" 200 40738
181.63.28.96 - - [28/Jan/2023:08:32:40 -0500] "GET /sipse/faces/javax.faces.resource/layout/layout.css?ln=primefaces&v=4.0 HTTP/1.1" 304 -
181.63.28.96 - - [28/Jan/2023:08:32:40 -0500] "GET /sipse/faces/javax.faces.resource/jquery/jquery.js?ln=primefaces&v=4.0 HTTP/1.1" 304 -
181.63.28.96 - - [28/Jan/2023:08:32:40 -0500] "GET /sipse/faces/javax.faces.resource/primefaces.css?ln=primefaces&v=4.0 HTTP/1.1" 304 -
181.63.28.96 - - [28/Jan/2023:08:32:40 -0500] "GET /sipse/faces/javax.faces.resource/theme.css?ln=primefaces-sipse HTTP/1.1" 304 -
181.63.28.96 - - [28/Jan/2023:08:32:40 -0500] "GET /sipse/faces/javax.faces.resource/jquery/jquery-plugins.js?ln=primefaces&v=4.0 HTTP/1.1" 304 -
181.63.28.96 - - [28/Jan/2023:08:32:40 -0500] "GET /sipse/faces/javax.faces.resource/primefaces.js?ln=primefaces&v=4.0 HTTP/1.1" 304 -
181.63.28.96 - - [28/Jan/2023:08:32:41 -0500] "GET /sipse/faces/javax.faces.resource/layout/layout.js?ln=primefaces&v=4.0 HTTP/1.1" 304 -
181.63.28.96 - - [28/Jan/2023:08:32:41 -0500] "POST /sipse/faces/presentacion/financiero/solicitudProceso/consultar.xhtml HTTP/1.1" 200 34137
181.63.28.96 - - [28/Jan/2023:08:32:41 -0500] "POST /sipse/faces/presentacion/financiero/solicitudProceso/consultar.xhtml HTTP/1.1" 200 34137
181.63.28.96 - - [28/Jan/2023:08:32:41 -0500] "POST /sipse/faces/presentacion/financiero/solicitudProceso/consultar.xhtml HTTP/1.1" 200 34137
186.84.184.239 - - [28/Jan/2023:08:32:42 -0500] "POST /sipse/faces/presentacion/financiero/solicitudProceso/consultar.xhtml HTTP/1.1" 200 12874
181.63.28.96 - - [28/Jan/2023:08:32:47 -0500] "POST /sipse/faces/presentacion/financiero/solicitudProceso/consultar.xhtml HTTP/1.1" 200 12932
186.84.184.239 - - [28/Jan/2023:08:32:50 -0500] "POST /sipse/faces/presentacion/financiero/solicitudProceso/consultar.xhtml HTTP/1.1" 200 12874
181.63.28.96 - - [28/Jan/2023:08:32:57 -0500] "POST /sipse/faces/presentacion/financiero/solicitudProceso/consultar.xhtml HTTP/1.1" 200 12919
186.84.184.239 - - [28/Jan/2023:08:33:02 -0500] "POST /sipse/faces/presentacion/financiero/solicitudProceso/consultar.xhtml HTTP/1.1" 200 12962
201.245.192.253 - - [28/Jan/2023:08:33:02 -0500] "POST /kwsrmcab/Wsrmcab  HTTP/1.1" 200 213
186.84.184.239 - - [28/Jan/2023:08:33:23 -0500] "POST /sipse/faces/presentacion/financiero/solicitudProceso/consultar.xhtml HTTP/1.1" 200 12893
181.63.28.96 - - [28/Jan/2023:08:33:26 -0500] "POST /sipse/faces/presentacion/financiero/solicitudProceso/consultar.xhtml HTTP/1.1" 200 38295
181.63.28.96 - - [28/Jan/2023:08:33:26 -0500] "GET /sipse/faces/javax.faces.resource/theme.css?ln=primefaces-sipse HTTP/1.1" 304 -
181.63.28.96 - - [28/Jan/2023:08:33:26 -0500] "GET /sipse/faces/javax.faces.resource/layout/layout.css?ln=primefaces&v=4.0 HTTP/1.1" 304 -
181.63.28.96 - - [28/Jan/2023:08:33:26 -0500] "GET /sipse/faces/javax.faces.resource/primefaces.css?ln=primefaces&v=4.0 HTTP/1.1" 304 -
181.63.28.96 - - [28/Jan/2023:08:33:27 -0500] "GET /sipse/faces/javax.faces.resource/jquery/jquery.js?ln=primefaces&v=4.0 HTTP/1.1" 304 -
181.63.28.96 - - [28/Jan/2023:08:33:27 -0500] "GET /sipse/faces/javax.faces.resource/jquery/jquery-plugins.js?ln=primefaces&v=4.0 HTTP/1.1" 304 -
181.63.28.96 - - [28/Jan/2023:08:33:27 -0500] "GET /sipse/faces/javax.faces.resource/primefaces.js?ln=primefaces&v=4.0 HTTP/1.1" 304 -
181.63.28.96 - - [28/Jan/2023:08:33:27 -0500] "GET /sipse/faces/javax.faces.resource/layout/layout.js?ln=primefaces&v=4.0 HTTP/1.1" 304 -
181.63.28.96 - - [28/Jan/2023:08:33:27 -0500] "POST /sipse/faces/presentacion/financiero/solicitudProceso/listarSolicitudProceso.xhtml HTTP/1.1" 200 31668
181.63.28.96 - - [28/Jan/2023:08:33:27 -0500] "POST /sipse/faces/presentacion/financiero/solicitudProceso/listarSolicitudProceso.xhtml HTTP/1.1" 200 31668
181.63.28.96 - - [28/Jan/2023:08:33:28 -0500] "POST /sipse/faces/presentacion/financiero/solicitudProceso/listarSolicitudProceso.xhtml HTTP/1.1" 200 31668
181.63.28.96 - - [28/Jan/2023:08:33:28 -0500] "POST /sipse/faces/presentacion/financiero/solicitudProceso/listarSolicitudProceso.xhtml HTTP/1.1" 200 31668
181.63.28.96 - - [28/Jan/2023:08:33:29 -0500] "POST /sipse/faces/presentacion/financiero/solicitudProceso/listarSolicitudProceso.xhtml HTTP/1.1" 200 1396
181.63.28.96 - - [28/Jan/2023:08:33:30 -0500] "POST /sipse/faces/presentacion/financiero/solicitudProceso/listarSolicitudProceso.xhtml HTTP/1.1" 200 1392
181.63.28.96 - - [28/Jan/2023:08:33:31 -0500] "POST /sipse/faces/presentacion/financiero/solicitudProceso/listarSolicitudProceso.xhtml HTTP/1.1" 200 1400
181.63.28.96 - - [28/Jan/2023:08:33:32 -0500] "POST /sipse/faces/presentacion/financiero/solicitudProceso/listarSolicitudProceso.xhtml HTTP/1.1" 200 1392
181.63.28.96 - - [28/Jan/2023:08:33:33 -0500] "POST /sipse/faces/presentacion/financiero/solicitudProceso/listarSolicitudProceso.xhtml HTTP/1.1" 200 1400
181.63.28.96 - - [28/Jan/2023:08:33:35 -0500] "POST /sipse/faces/presentacion/financiero/solicitudProceso/listarSolicitudProceso.xhtml HTTP/1.1" 200 16208
181.63.28.96 - - [28/Jan/2023:08:33:42 -0500] "POST /sipse/faces/presentacion/financiero/solicitudProceso/listarSolicitudProceso.xhtml HTTP/1.1" 200 16200
181.63.28.96 - - [28/Jan/2023:08:33:52 -0500] "POST /sipse/faces/presentacion/financiero/solicitudProceso/listarSolicitudProceso.xhtml HTTP/1.1" 200 16208
186.84.184.239 - - [28/Jan/2023:08:33:52 -0500] "POST /sipse/faces/presentacion/financiero/solicitudProceso/consultar.xhtml HTTP/1.1" 200 12962
181.63.28.96 - - [28/Jan/2023:08:33:59 -0500] "POST /sipse/faces/presentacion/financiero/solicitudProceso/listarSolicitudProceso.xhtml HTTP/1.1" 200 16237
186.84.184.239 - - [28/Jan/2023:08:34:07 -0500] "POST /sipse/faces/presentacion/financiero/solicitudProceso/consultar.xhtml HTTP/1.1" 200 12966
181.63.28.96 - - [28/Jan/2023:08:34:08 -0500] "POST /sipse/faces/presentacion/financiero/solicitudProceso/listarSolicitudProceso.xhtml HTTP/1.1" 200 16226
172.22.2.1 - - [28/Jan/2023:08:34:08 -0500] "GET /reportes_sipse/sdg/ServletFirma?solicitud=20807 HTTP/1.1" 200 -
186.30.35.50 - - [28/Jan/2023:08:34:08 -0500] "POST /sipse/faces/presentacion/financiero/solicitudProceso/consultarSolicitudProceso.xhtml HTTP/1.1" 200 43087
186.30.35.50 - - [28/Jan/2023:08:34:12 -0500] "GET /sipse/faces/javax.faces.resource/jquery/jquery.js?ln=primefaces&v=4.0 HTTP/1.1" 304 -
186.30.35.50 - - [28/Jan/2023:08:34:12 -0500] "GET /sipse/faces/javax.faces.resource/jquery/jquery-plugins.js?ln=primefaces&v=4.0 HTTP/1.1" 304 -
186.30.35.50 - - [28/Jan/2023:08:34:12 -0500] "GET /sipse/faces/javax.faces.resource/primefaces.js?ln=primefaces&v=4.0 HTTP/1.1" 304 -
186.30.35.50 - - [28/Jan/2023:08:34:12 -0500] "GET /sipse/faces/javax.faces.resource/layout/layout.js?ln=primefaces&v=4.0 HTTP/1.1" 304 -
186.30.35.50 - - [28/Jan/2023:08:34:13 -0500] "POST /sipse/faces/presentacion/financiero/solicitudProceso/listarSolicitudProceso.xhtml HTTP/1.1" 200 1436
216.245.221.92 - - [28/Jan/2023:08:34:14 -0500] "HEAD / HTTP/1.1" 200 -
181.63.28.96 - - [28/Jan/2023:08:34:14 -0500] "POST /sipse/faces/presentacion/financiero/solicitudProceso/listarSolicitudProceso.xhtml HTTP/1.1" 200 16300
186.84.184.239 - - [28/Jan/2023:08:34:21 -0500] "POST /sipse/faces/presentacion/financiero/solicitudProceso/consultar.xhtml HTTP/1.1" 200 12877
185.119.81.100 - - [28/Jan/2023:08:34:23 -0500] "GET /portaldeninos/wp-login.php HTTP/1.1" 200 2592
186.30.35.50 - - [28/Jan/2023:08:34:22 -0500] "POST /sipse/faces/presentacion/financiero/solicitudProceso/listarSolicitudProceso.xhtml HTTP/1.1" 200 139789
186.30.35.50 - - [28/Jan/2023:08:34:24 -0500] "GET /sipse/faces/javax.faces.resource/jquery/jquery.js?ln=primefaces&v=4.0 HTTP/1.1" 304 -
186.30.35.50 - - [28/Jan/2023:08:34:24 -0500] "GET /sipse/faces/javax.faces.resource/jquery/jquery-plugins.js?ln=primefaces&v=4.0 HTTP/1.1" 304 -
186.30.35.50 - - [28/Jan/2023:08:34:24 -0500] "GET /sipse/faces/javax.faces.resource/primefaces.js?ln=primefaces&v=4.0 HTTP/1.1" 304 -
186.30.35.50 - - [28/Jan/2023:08:34:24 -0500] "GET /sipse/faces/javax.faces.resource/layout/layout.js?ln=primefaces&v=4.0 HTTP/1.1" 304 -
185.119.81.100 - - [28/Jan/2023:08:34:24 -0500] "POST /portaldeninos/wp-login.php HTTP/1.1" 200 3605
181.63.28.96 - - [28/Jan/2023:08:34:36 -0500] "POST /sipse/faces/presentacion/financiero/solicitudProceso/listarSolicitudProceso.xhtml HTTP/1.1" 200 16208
172.22.2.1 - - [28/Jan/2023:08:34:39 -0500] "GET /reportes_sipse/sdg/ServletFirma?solicitud=20849 HTTP/1.1" 200 -
181.63.28.96 - - [28/Jan/2023:08:34:42 -0500] "POST /sipse/faces/presentacion/financiero/solicitudProceso/listarSolicitudProceso.xhtml HTTP/1.1" 200 16242
186.84.184.239 - - [28/Jan/2023:08:34:43 -0500] "POST /sipse/faces/presentacion/financiero/solicitudProceso/consultar.xhtml HTTP/1.1" 200 12965
186.30.35.50 - - [28/Jan/2023:08:34:39 -0500] "POST /sipse/faces/presentacion/financiero/solicitudProceso/consultarSolicitudProceso.xhtml HTTP/1.1" 200 40117
186.30.35.50 - - [28/Jan/2023:08:34:43 -0500] "GET /sipse/faces/javax.faces.resource/jquery/jquery.js?ln=primefaces&v=4.0 HTTP/1.1" 304 -
186.30.35.50 - - [28/Jan/2023:08:34:43 -0500] "GET /sipse/faces/javax.faces.resource/jquery/jquery-plugins.js?ln=primefaces&v=4.0 HTTP/1.1" 304 -
186.30.35.50 - - [28/Jan/2023:08:34:44 -0500] "GET /sipse/faces/javax.faces.resource/primefaces.js?ln=primefaces&v=4.0 HTTP/1.1" 304 -
186.30.35.50 - - [28/Jan/2023:08:34:44 -0500] "GET /sipse/faces/javax.faces.resource/layout/layout.js?ln=primefaces&v=4.0 HTTP/1.1" 304 -
186.30.35.50 - - [28/Jan/2023:08:34:45 -0500] "POST /sipse/faces/presentacion/financiero/solicitudProceso/listarSolicitudProceso.xhtml HTTP/1.1" 200 1416
181.63.28.96 - - [28/Jan/2023:08:34:52 -0500] "POST /sipse/faces/presentacion/financiero/solicitudProceso/listarSolicitudProceso.xhtml HTTP/1.1" 200 16254
186.84.184.239 - - [28/Jan/2023:08:34:58 -0500] "POST /sipse/faces/presentacion/financiero/solicitudProceso/consultar.xhtml HTTP/1.1" 200 12965
157.55.39.157 - - [28/Jan/2023:08:35:03 -0500] "GET /BLA/resoluciones/AUTOS%202022/5000.pdf HTTP/1.1" 304 -
186.84.184.239 - - [28/Jan/2023:08:35:09 -0500] "POST /sipse/faces/presentacion/financiero/solicitudProceso/consultar.xhtml HTTP/1.1" 200 12878
181.63.28.96 - - [28/Jan/2023:08:35:09 -0500] "POST /sipse/faces/presentacion/financiero/solicitudProceso/listarSolicitudProceso.xhtml HTTP/1.1" 200 16242
181.63.28.96 - - [28/Jan/2023:08:35:11 -0500] "POST /sipse/faces/presentacion/financiero/solicitudProceso/listarSolicitudProceso.xhtml HTTP/1.1" 200 16250
181.63.28.96 - - [28/Jan/2023:08:35:12 -0500] "POST /sipse/faces/presentacion/financiero/solicitudProceso/listarSolicitudProceso.xhtml HTTP/1.1" 200 16242
186.84.184.239 - - [28/Jan/2023:08:35:21 -0500] "POST /sipse/faces/presentacion/financiero/solicitudProceso/consultar.xhtml HTTP/1.1" 200 12965
181.63.28.96 - - [28/Jan/2023:08:35:21 -0500] "POST /sipse/faces/presentacion/financiero/solicitudProceso/listarSolicitudProceso.xhtml HTTP/1.1" 200 16250
181.63.28.96 - - [28/Jan/2023:08:35:28 -0500] "POST /sipse/faces/presentacion/financiero/solicitudProceso/listarSolicitudProceso.xhtml HTTP/1.1" 200 16193
186.84.184.239 - - [28/Jan/2023:08:35:30 -0500] "POST /sipse/faces/presentacion/financiero/solicitudProceso/consultar.xhtml HTTP/1.1" 200 12961
181.63.28.96 - - [28/Jan/2023:08:35:35 -0500] "POST /sipse/faces/presentacion/financiero/solicitudProceso/listarSolicitudProceso.xhtml HTTP/1.1" 200 16217
181.63.28.96 - - [28/Jan/2023:08:35:36 -0500] "POST /sipse/faces/presentacion/financiero/solicitudProceso/listarSolicitudProceso.xhtml HTTP/1.1" 200 16205
181.63.28.96 - - [28/Jan/2023:08:35:41 -0500] "POST /sipse/faces/presentacion/financiero/solicitudProceso/listarSolicitudProceso.xhtml HTTP/1.1" 200 16217
186.84.184.239 - - [28/Jan/2023:08:35:42 -0500] "POST /sipse/faces/presentacion/financiero/solicitudProceso/consultar.xhtml HTTP/1.1" 200 12901
186.30.35.50 - - [28/Jan/2023:08:35:44 -0500] "POST /sipse/faces/presentacion/financiero/solicitudProceso/listarSolicitudProceso.xhtml HTTP/1.1" 200 2717
186.30.35.50 - - [28/Jan/2023:08:35:46 -0500] "POST /sipse/faces/presentacion/financiero/solicitudProceso/listarSolicitudProceso.xhtml HTTP/1.1" 200 41308
186.30.35.50 - - [28/Jan/2023:08:35:46 -0500] "GET /sipse/faces/javax.faces.resource/jquery/jquery.js?ln=primefaces&v=4.0 HTTP/1.1" 304 -
186.30.35.50 - - [28/Jan/2023:08:35:46 -0500] "GET /sipse/faces/javax.faces.resource/jquery/jquery-plugins.js?ln=primefaces&v=4.0 HTTP/1.1" 304 -
186.30.35.50 - - [28/Jan/2023:08:35:46 -0500] "GET /sipse/faces/javax.faces.resource/primefaces.js?ln=primefaces&v=4.0 HTTP/1.1" 304 -
186.30.35.50 - - [28/Jan/2023:08:35:46 -0500] "GET /sipse/faces/javax.faces.resource/layout/layout.js?ln=primefaces&v=4.0 HTTP/1.1" 304 -
186.30.35.50 - - [28/Jan/2023:08:35:46 -0500] "POST /sipse/faces/presentacion/financiero/solicitudProceso/consultar.xhtml HTTP/1.1" 200 34734
186.30.35.50 - - [28/Jan/2023:08:35:47 -0500] "POST /sipse/faces/presentacion/financiero/solicitudProceso/consultar.xhtml HTTP/1.1" 200 34734
186.30.35.50 - - [28/Jan/2023:08:35:47 -0500] "POST /sipse/faces/presentacion/financiero/solicitudProceso/consultar.xhtml HTTP/1.1" 200 34734
186.30.35.50 - - [28/Jan/2023:08:35:47 -0500] "POST /sipse/faces/presentacion/financiero/solicitudProceso/consultar.xhtml HTTP/1.1" 200 34734
186.30.35.50 - - [28/Jan/2023:08:35:47 -0500] "POST /sipse/faces/presentacion/financiero/solicitudProceso/consultar.xhtml HTTP/1.1" 200 34734
181.63.28.96 - - [28/Jan/2023:08:35:48 -0500] "POST /sipse/faces/presentacion/financiero/solicitudProceso/listarSolicitudProceso.xhtml HTTP/1.1" 200 16205
181.63.28.96 - - [28/Jan/2023:08:35:59 -0500] "POST /sipse/faces/presentacion/financiero/solicitudProceso/listarSolicitudProceso.xhtml HTTP/1.1" 200 16217
186.30.35.50 - - [28/Jan/2023:08:36:01 -0500] "POST /sipse/faces/presentacion/financiero/solicitudProceso/consultar.xhtml HTTP/1.1" 200 12763
186.84.184.239 - - [28/Jan/2023:08:36:03 -0500] "POST /sipse/faces/presentacion/financiero/solicitudProceso/consultar.xhtml HTTP/1.1" 200 12941
181.63.28.96 - - [28/Jan/2023:08:36:13 -0500] "POST /sipse/faces/presentacion/financiero/solicitudProceso/listarSolicitudProceso.xhtml HTTP/1.1" 200 16281
181.63.28.96 - - [28/Jan/2023:08:36:23 -0500] "POST /sipse/faces/presentacion/financiero/solicitudProceso/listarSolicitudProceso.xhtml HTTP/1.1" 200 16293
186.84.184.239 - - [28/Jan/2023:08:36:23 -0500] "POST /sipse/faces/presentacion/financiero/solicitudProceso/consultar.xhtml HTTP/1.1" 200 13015
186.84.21.124 - - [28/Jan/2023:08:36:27 -0500] "GET /sipse/faces/faces/autenticacion.xhtml HTTP/1.1" 200 12171
186.30.35.50 - - [28/Jan/2023:08:36:27 -0500] "POST /sipse/faces/presentacion/financiero/solicitudProceso/consultar.xhtml HTTP/1.1" 200 12793
186.84.21.124 - - [28/Jan/2023:08:36:28 -0500] "GET /sipse/js/disable_browser_buttons.js HTTP/1.1" 304 -
186.84.21.124 - - [28/Jan/2023:08:36:28 -0500] "GET /sipse/js/funciones.js HTTP/1.1" 304 -
186.84.21.124 - - [28/Jan/2023:08:36:28 -0500] "GET /sipse/css/custom_css_sg.css HTTP/1.1" 304 -
186.84.21.124 - - [28/Jan/2023:08:36:28 -0500] "GET /sipse/css/custom_css_sg_prime_login.css HTTP/1.1" 304 -
186.84.21.124 - - [28/Jan/2023:08:36:28 -0500] "GET /sipse/faces/javax.faces.resource/theme.css?ln=primefaces-sipse HTTP/1.1" 304 -
186.84.21.124 - - [28/Jan/2023:08:36:28 -0500] "GET /sipse/faces/javax.faces.resource/primefaces.css?ln=primefaces&v=4.0 HTTP/1.1" 304 -
186.84.21.124 - - [28/Jan/2023:08:36:28 -0500] "GET /sipse/faces/javax.faces.resource/layout/layout.css?ln=primefaces&v=4.0 HTTP/1.1" 304 -
186.84.21.124 - - [28/Jan/2023:08:36:28 -0500] "GET /sipse/faces/javax.faces.resource/jquery/jquery.js?ln=primefaces&v=4.0 HTTP/1.1" 304 -
186.84.21.124 - - [28/Jan/2023:08:36:28 -0500] "GET /sipse/faces/javax.faces.resource/jquery/jquery-plugins.js?ln=primefaces&v=4.0 HTTP/1.1" 304 -
186.84.21.124 - - [28/Jan/2023:08:36:28 -0500] "GET /sipse/faces/javax.faces.resource/primefaces.js?ln=primefaces&v=4.0 HTTP/1.1" 304 -
186.84.21.124 - - [28/Jan/2023:08:36:28 -0500] "GET /sipse/faces/javax.faces.resource/layout/layout.js?ln=primefaces&v=4.0 HTTP/1.1" 304 -
186.84.21.124 - - [28/Jan/2023:08:36:29 -0500] "GET /sipse/css/imagen/logoSDG.png HTTP/1.1" 304 -
186.84.21.124 - - [28/Jan/2023:08:36:30 -0500] "GET /sipse/css/imagen/loginimg.png HTTP/1.1" 304 -
186.84.21.124 - - [28/Jan/2023:08:36:30 -0500] "GET /sipse/faces/javax.faces.resource/images/ui-icons_898989_256x240.png?ln=primefaces-aristo HTTP/1.1" 304 -
186.84.21.124 - - [28/Jan/2023:08:36:32 -0500] "GET /sipse/faces/faces/index.xhtml HTTP/1.1" 200 677
186.84.184.239 - - [28/Jan/2023:08:36:32 -0500] "POST /sipse/faces/presentacion/financiero/solicitudProceso/consultar.xhtml HTTP/1.1" 200 13019
181.63.28.96 - - [28/Jan/2023:08:36:36 -0500] "POST /sipse/faces/presentacion/financiero/solicitudProceso/listarSolicitudProceso.xhtml HTTP/1.1" 200 16281
186.84.21.124 - - [28/Jan/2023:08:36:39 -0500] "GET /sipse/faces/javax.faces.resource/theme.css?ln=primefaces-sipse HTTP/1.1" 304 -
186.84.21.124 - - [28/Jan/2023:08:36:40 -0500] "GET /sipse/faces/faces/faces/autenticacion.xhtml HTTP/1.1" 200 12171
186.84.21.124 - - [28/Jan/2023:08:36:41 -0500] "GET /sipse/faces/javax.faces.resource/theme.css?ln=primefaces-sipse HTTP/1.1" 304 -
186.84.21.124 - - [28/Jan/2023:08:36:41 -0500] "GET /sipse/faces/javax.faces.resource/primefaces.css?ln=primefaces&v=4.0 HTTP/1.1" 304 -
186.84.21.124 - - [28/Jan/2023:08:36:41 -0500] "GET /sipse/faces/javax.faces.resource/layout/layout.css?ln=primefaces&v=4.0 HTTP/1.1" 304 -
186.84.21.124 - - [28/Jan/2023:08:36:41 -0500] "GET /sipse/faces/javax.faces.resource/jquery/jquery.js?ln=primefaces&v=4.0 HTTP/1.1" 304 -
186.84.21.124 - - [28/Jan/2023:08:36:41 -0500] "GET /sipse/faces/javax.faces.resource/primefaces.js?ln=primefaces&v=4.0 HTTP/1.1" 304 -
186.84.21.124 - - [28/Jan/2023:08:36:41 -0500] "GET /sipse/faces/javax.faces.resource/jquery/jquery-plugins.js?ln=primefaces&v=4.0 HTTP/1.1" 304 -
186.84.21.124 - - [28/Jan/2023:08:36:41 -0500] "GET /sipse/faces/javax.faces.resource/layout/layout.js?ln=primefaces&v=4.0 HTTP/1.1" 304 -
186.84.184.239 - - [28/Jan/2023:08:36:41 -0500] "POST /sipse/faces/presentacion/financiero/solicitudProceso/consultar.xhtml HTTP/1.1" 200 13009
186.84.21.124 - - [28/Jan/2023:08:36:48 -0500] "POST /sipse/faces/autenticacion.xhtml HTTP/1.1" 200 2213
186.84.21.124 - - [28/Jan/2023:08:36:48 -0500] "GET /sipse/faces/javax.faces.resource/messages/messages.png?ln=primefaces&v=4.0 HTTP/1.1" 304 -
186.84.21.124 - - [28/Jan/2023:08:36:57 -0500] "GET /sipse/faces/javax.faces.resource/images/ui-icons_898989_256x240.png?ln=primefaces-aristo HTTP/1.1" 304 -
186.84.21.124 - - [28/Jan/2023:08:36:57 -0500] "POST /sipse/faces/autenticacion.xhtml HTTP/1.1" 200 16237
186.84.21.124 - - [28/Jan/2023:08:36:59 -0500] "GET /sipse/css/custom_css_sg_prime.css HTTP/1.1" 304 -
186.84.21.124 - - [28/Jan/2023:08:36:59 -0500] "GET /sipse/faces/javax.faces.resource/theme.css?ln=primefaces-sipse HTTP/1.1" 304 -
186.84.21.124 - - [28/Jan/2023:08:36:59 -0500] "GET /sipse/faces/javax.faces.resource/primefaces.css?ln=primefaces&v=4.0 HTTP/1.1" 304 -
186.84.21.124 - - [28/Jan/2023:08:36:59 -0500] "GET /sipse/faces/javax.faces.resource/layout/layout.css?ln=primefaces&v=4.0 HTTP/1.1" 304 -
186.84.21.124 - - [28/Jan/2023:08:36:59 -0500] "GET /sipse/js/jquery.min.js HTTP/1.1" 304 -
186.84.21.124 - - [28/Jan/2023:08:36:59 -0500] "GET /sipse/faces/javax.faces.resource/jquery/jquery.js?ln=primefaces&v=4.0 HTTP/1.1" 304 -
186.84.21.124 - - [28/Jan/2023:08:36:59 -0500] "GET /sipse/faces/javax.faces.resource/jquery/jquery-plugins.js?ln=primefaces&v=4.0 HTTP/1.1" 304 -
186.84.21.124 - - [28/Jan/2023:08:37:00 -0500] "GET /sipse/faces/javax.faces.resource/primefaces.js?ln=primefaces&v=4.0 HTTP/1.1" 304 -
186.84.21.124 - - [28/Jan/2023:08:37:00 -0500] "GET /sipse/faces/javax.faces.resource/layout/layout.js?ln=primefaces&v=4.0 HTTP/1.1" 304 -
186.84.21.124 - - [28/Jan/2023:08:37:01 -0500] "GET /sipse/css/imagen/contrasena.png HTTP/1.1" 404 383
186.84.21.124 - - [28/Jan/2023:08:37:01 -0500] "GET /sipse/imagenes/cargando.gif HTTP/1.1" 304 -
186.84.21.124 - - [28/Jan/2023:08:37:01 -0500] "GET /sipse/imagenes/logoAplicacion.jpg HTTP/1.1" 304 -
186.84.21.124 - - [28/Jan/2023:08:37:06 -0500] "POST /sipse/faces/bienvenido.xhtml HTTP/1.1" 200 2073
186.84.21.124 - - [28/Jan/2023:08:37:06 -0500] "GET /sipse/faces/javax.faces.resource/images/ui-bg_flat_0_2d5972_40x100.png?ln=primefaces-aristo HTTP/1.1" 304 -
186.84.21.124 - - [28/Jan/2023:08:37:09 -0500] "POST /sipse/faces/bienvenido.xhtml HTTP/1.1" 200 2658
172.22.2.4 - - [28/Jan/2023:08:35:33 -0500] "HEAD /BLA/boletinlegal/ HTTP/1.1" 200 -
186.84.184.239 - - [28/Jan/2023:08:37:23 -0500] "POST /sipse/faces/presentacion/financiero/solicitudProceso/consultar.xhtml HTTP/1.1" 200 12863
186.84.184.239 - - [28/Jan/2023:08:37:27 -0500] "POST /sipse/faces/presentacion/financiero/solicitudProceso/consultar.xhtml HTTP/1.1" 200 12867
186.84.184.239 - - [28/Jan/2023:08:37:58 -0500] "POST /sipse/faces/presentacion/financiero/solicitudProceso/consultar.xhtml HTTP/1.1" 200 13007
201.245.192.253 - - [28/Jan/2023:08:38:01 -0500] "POST /kwsrmcab/Wsrmcab  HTTP/1.1" 200 213
172.22.2.4 - - [28/Jan/2023:08:36:23 -0500] "GET /BLA/boletinlegal/ HTTP/1.1" 200 57824
186.84.184.239 - - [28/Jan/2023:08:38:05 -0500] "POST /sipse/faces/presentacion/financiero/solicitudProceso/consultar.xhtml HTTP/1.1" 200 13188
186.84.184.239 - - [28/Jan/2023:08:38:24 -0500] "POST /sipse/faces/presentacion/financiero/solicitudProceso/consultar.xhtml HTTP/1.1" 200 13166
201.245.192.253 - - [28/Jan/2023:08:38:28 -0500] "POST /kwsrmcab/Wsrmcab HTTP/1.1" 200 41315
201.245.192.253 - - [28/Jan/2023:08:38:30 -0500] "POST /kwsrmcab/Wsrmcab HTTP/1.1" 200 41916
186.84.184.239 - - [28/Jan/2023:08:38:41 -0500] "POST /sipse/faces/presentacion/financiero/solicitudProceso/consultar.xhtml HTTP/1.1" 200 13013
172.22.2.4 - - [28/Jan/2023:08:38:47 -0500] "GET /BLA/boletinlegal/movie/bCZgaGBj HTTP/1.1" 404 1135
186.84.184.239 - - [28/Jan/2023:08:38:50 -0500] "POST /sipse/faces/presentacion/financiero/solicitudProceso/consultar.xhtml HTTP/1.1" 200 12916
216.245.221.92 - - [28/Jan/2023:08:39:13 -0500] "HEAD / HTTP/1.1" 200 -
186.84.184.239 - - [28/Jan/2023:08:39:27 -0500] "POST /sipse/faces/presentacion/financiero/solicitudProceso/consultar.xhtml HTTP/1.1" 200 12962
69.171.249.2 - - [28/Jan/2023:08:39:37 -0500] "GET /images/Secretaria%20Urrutia%20evento%20h\xc3\xa1bitat%20Francia%2024%20de%20enero.jpeg HTTP/1.1" 404 1034
186.84.184.239 - - [28/Jan/2023:08:39:46 -0500] "POST /sipse/faces/presentacion/financiero/solicitudProceso/consultar.xhtml HTTP/1.1" 200 12999
186.84.184.239 - - [28/Jan/2023:08:40:01 -0500] "POST /sipse/faces/presentacion/financiero/solicitudProceso/consultar.xhtml HTTP/1.1" 200 12975
186.84.184.239 - - [28/Jan/2023:08:40:24 -0500] "POST /sipse/faces/presentacion/financiero/solicitudProceso/consultar.xhtml HTTP/1.1" 200 12976
186.84.184.239 - - [28/Jan/2023:08:40:39 -0500] "POST /sipse/faces/presentacion/financiero/solicitudProceso/consultar.xhtml HTTP/1.1" 200 13031
186.84.184.239 - - [28/Jan/2023:08:40:49 -0500] "POST /sipse/faces/presentacion/financiero/solicitudProceso/consultar.xhtml HTTP/1.1" 200 12998
186.84.184.239 - - [28/Jan/2023:08:40:58 -0500] "POST /sipse/faces/presentacion/financiero/solicitudProceso/consultar.xhtml HTTP/1.1" 200 12958
186.84.184.239 - - [28/Jan/2023:08:41:07 -0500] "POST /sipse/faces/presentacion/financiero/solicitudProceso/consultar.xhtml HTTP/1.1" 200 12939
186.30.35.50 - - [28/Jan/2023:08:41:15 -0500] "POST /sipse/faces/presentacion/financiero/solicitudProceso/consultar.xhtml HTTP/1.1" 200 13029
186.102.60.64 - - [28/Jan/2023:08:41:21 -0500] "GET /kwssiamovil/sm/ldap/au?x=U2FsdGVkX19LchED372thcelKKjvIRJVV+Yvn67F3udinSXF9wT6ZWQ1LXHnr5Yy&y=U2FsdGVkX1+XRVe54VWRUl18czP4YVNr15KVZz6vWRVoQkuGg8apZVAxrqEH3eK8 HTTP/1.1" 200 30
186.102.60.64 - - [28/Jan/2023:08:41:21 -0500] "GET /kwssiamovil/sm/acme/s?s=U2FsdGVkX18zvTS2MaQXCnmDHqQU/rkx2gAR7b/DYVBK9UysIWUVzd2D5PUj80YnHmr2Uww6K2b8DkLepWQQE/yYo4z0SObe52Sy9gBV6UA=&u=U2FsdGVkX1+DY4M/CrPN5G2J6Y6+4whDuSjVRbICRE/oAfgfXO5hVMpwcWV5KbwH&y=U2FsdGVkX1+XRVe54VWRUl18czP4YVNr15KVZz6vWRVoQkuGg8apZVAxrqEH3eK8 HTTP/1.1" 200 97
186.102.60.64 - - [28/Jan/2023:08:41:21 -0500] "GET /kwssiamovil/sm/acme/s?s=U2FsdGVkX1/I91sjQ4NC8FTsE+hIL51h99PfTVQYIXBTc8sAI+IpN1NzV5wIe74y+3nw9nqy2cttM0TaITaYntYKoPylM2aSH0hfPixZ0VUMP88EjeEhF2Uk0OkLA88XXgRbWVUsUmpBRDq5FYq7zhaupTQfo1lVCOD4uvYEFZQzPqzWbLYm3Hux2xcX6GR1/n+eip6BRlhx2yoWE+OHG37aJUEJK/21XCoHIIuX/pHfNSbjCzjVrEL0rY1FCa/4LTjEtp+VyPUGWGmOrXIr3iwQ5R0cHVlak4z7X0HmE6d548+epXHd9jiKjvPPFnMEImpdF8fjEI5lskuScObW8YLChh5t3xGT066LbiX+uKDjL9Wu4DNjhhb65IC+SBwA02OOJWYfHScXba94O7dJgEQssaS0AlRE4cKdypDstwpUL9npdvqyT7Gcr8OQBmPlk9LDbRNF3HJ/3FNhbmRRjO1Bnoj9K8lvRYCIsjXM8o7UdtcMLfdbks9+UIaO+d0OpCdM3dyjoE0CHcCIXJzMJGX5u3BFpqdaD195Hv5jpw293e3iMsjP2i5S+IivWMBqhWmrOXPa5VniGefxU+bmGpmiPVao5501HJfG2rIB9BLYFpuVtfad8C66EuGE1W2BoLZgfzockhbe7NXNbp+XyoAcGBKROySb0Z1CwRHdg6mH5ySv5evy8JNQq+lXro8K7Y5Yg+r4A9K6RrE9cHMyI4wDLLqatmGO5b3+O0cIZ2qYn4tEoXrLff+wlhOy9gBnHyJD6tqpBMS3sOujWmc8CsVVp0mfwSBJmCrLL/YMHNj3XsPN5qVMOVxrLGO5kIVMuzO5xKq+mZLjxb6aqqmK04Cu9TSkL5cn3IIHq9ZyoH9lpI0S0Ec8tx1pGO/Z5BDEkKtqHyaNg8XtyjVF/yWcUjJwDYRumKEovzUneMrmOGMSdcSsjMBlwNO528rso4wBSfnxC0GYb8U+PSuC0wJ1/JUS3QxR23euBQi/uD+8NfjgL84p9wfj4fdtEy+HOM4AYE4zlBUzgh+AnQKNy86cmhxRQWlxYIItPBPP7Zsjgm1QSzvPaRQsa7mGJk0cVLXitD9TcoY93CU02KvyzbOGNv4CqfL1TkJPRIP5h5xrZMCK5BhoRAVoOKSxuMcea5JJdqjhjsBI/1kcnPz9mPynlRjLQpKj2YPaDBHARJoY4DMt2KYrxNTzMYODd8xWVswcBazZReDWqTCVKgk+ORkruiMn5n2I9jsTZWnZzfKKHJO99PHu1Ys8EJEI0a7bA43vIAOhotDc2gNkFFFsK4Vy9TuFwqmyvdkopUXBgjEmqItM5WEF2ENHVHQXAjY/kkCHGiE6IY99+bU+5MIcUQDIzNkppkuJ90UN9OsYyNtkLj8hoIqLJtQ7MXeSTmcUdpqab71j3Kd8UkUZOe0iFE3ow/1V07q3w3dO+gpN6UCCJV4=&u=U2FsdGVkX1+DY4M/CrPN5G2J6Y6+4whDuSjVRbICRE/oAfgfXO5hVMpwcWV5KbwH&y=U2FsdGVkX1+XRVe54VWRUl18czP4YVNr15KVZz6vWRVoQkuGg8apZVAxrqEH3eK8 HTTP/1.1" 200 1629
186.102.60.64 - - [28/Jan/2023:08:41:21 -0500] "GET /kwssiamovil/sm/acme/s?s=U2FsdGVkX19qexuS2qjA0Lt0qhWiibNxPyBlccSX9R9ZERqV1XExBIMH7D1KbvrXT407BldfhjfIF2+ePT/KHfA9Y+8IwPC8MTwZFKPTg2k6oqEj8SVAXE8sdwCfl2cGdJH+aisg5Dvq/zX625lx4Xu74l9nadZ9e3iP4rXywB/ww+AZ79isu36ZlfdNtdLPOEQc85UPEZNYvIiMGM8Bzi2/BiUWO4lry4ulZAewYp/TYDbPBkRqXspGuKHcpcAdUwYHaTOYoucTsKwtbL06t6RYF3BgGzkQlNEwWU6GZrgSQLHUl9jbM0ldJHtuwXcvZafKZPFqpUpxlnkp7BzW687F/TUWQDjDsmX/EN+L7DA=&u=U2FsdGVkX1+DY4M/CrPN5G2J6Y6+4whDuSjVRbICRE/oAfgfXO5hVMpwcWV5KbwH&y=U2FsdGVkX1+XRVe54VWRUl18czP4YVNr15KVZz6vWRVoQkuGg8apZVAxrqEH3eK8 HTTP/1.1" 200 196
186.102.60.64 - - [28/Jan/2023:08:41:22 -0500] "GET /kwssiamovil/sm/cjson/pre?f=1&x=U2FsdGVkX19LchED372thcelKKjvIRJVV+Yvn67F3udinSXF9wT6ZWQ1LXHnr5Yy HTTP/1.1" 200 31032
186.30.35.50 - - [28/Jan/2023:08:41:34 -0500] "POST /sipse/faces/presentacion/financiero/solicitudProceso/consultar.xhtml HTTP/1.1" 200 12888
186.84.184.239 - - [28/Jan/2023:08:41:47 -0500] "POST /sipse/faces/presentacion/financiero/solicitudProceso/consultar.xhtml HTTP/1.1" 200 12996
186.30.35.50 - - [28/Jan/2023:08:41:48 -0500] "POST /sipse/faces/presentacion/financiero/solicitudProceso/consultar.xhtml HTTP/1.1" 200 12815
186.30.35.50 - - [28/Jan/2023:08:42:02 -0500] "POST /sipse/faces/presentacion/financiero/solicitudProceso/consultar.xhtml HTTP/1.1" 200 12815
186.84.184.239 - - [28/Jan/2023:08:42:09 -0500] "POST /sipse/faces/presentacion/financiero/solicitudProceso/consultar.xhtml HTTP/1.1" 200 12994
186.30.35.50 - - [28/Jan/2023:08:42:17 -0500] "POST /sipse/faces/presentacion/financiero/solicitudProceso/consultar.xhtml HTTP/1.1" 200 12873
191.156.59.84 - - [28/Jan/2023:08:42:27 -0500] "GET /camino-guadalupe-aguanoso-abierto-este-fin-de-semana-y-cerrado-los-primeros-dias-de-febrero-por-mantenimiento.html HTTP/1.1" 200 804
186.30.35.50 - - [28/Jan/2023:08:42:30 -0500] "POST /sipse/faces/presentacion/financiero/solicitudProceso/consultar.xhtml HTTP/1.1" 200 12879
186.84.184.239 - - [28/Jan/2023:08:42:30 -0500] "POST /sipse/faces/presentacion/financiero/solicitudProceso/consultar.xhtml HTTP/1.1" 200 12971
186.84.184.239 - - [28/Jan/2023:08:42:43 -0500] "POST /sipse/faces/presentacion/financiero/solicitudProceso/consultar.xhtml HTTP/1.1" 200 12912
186.30.35.50 - - [28/Jan/2023:08:42:45 -0500] "POST /sipse/faces/presentacion/financiero/solicitudProceso/consultar.xhtml HTTP/1.1" 200 12849
186.84.184.239 - - [28/Jan/2023:08:42:55 -0500] "POST /sipse/faces/presentacion/financiero/solicitudProceso/consultar.xhtml HTTP/1.1" 200 12912
201.245.192.253 - - [28/Jan/2023:08:43:00 -0500] "POST /kwsrmcab/Wsrmcab  HTTP/1.1" 200 213
172.22.2.4 - - [28/Jan/2023:08:41:23 -0500] "HEAD /BLA/boletinlegal/ HTTP/1.1" 200 -
186.84.184.239 - - [28/Jan/2023:08:43:08 -0500] "POST /sipse/faces/presentacion/financiero/solicitudProceso/consultar.xhtml HTTP/1.1" 200 12827
186.29.181.66 - - [28/Jan/2023:08:43:11 -0500] "GET /camino-guadalupe-aguanoso-abierto-este-fin-de-semana-y-cerrado-los-primeros-dias-de-febrero-por-mantenimiento.html HTTP/1.1" 200 804
186.84.184.239 - - [28/Jan/2023:08:43:24 -0500] "POST /sipse/faces/presentacion/financiero/solicitudProceso/consultar.xhtml HTTP/1.1" 200 12911
186.84.184.239 - - [28/Jan/2023:08:43:33 -0500] "POST /sipse/faces/presentacion/financiero/solicitudProceso/consultar.xhtml HTTP/1.1" 200 12902
186.84.184.239 - - [28/Jan/2023:08:43:50 -0500] "POST /sipse/faces/presentacion/financiero/solicitudProceso/consultar.xhtml HTTP/1.1" 200 140957
186.84.184.239 - - [28/Jan/2023:08:43:51 -0500] "GET /sipse/faces/javax.faces.resource/theme.css?ln=primefaces-sipse HTTP/1.1" 304 -
186.84.184.239 - - [28/Jan/2023:08:43:51 -0500] "GET /sipse/faces/javax.faces.resource/layout/layout.css?ln=primefaces&v=4.0 HTTP/1.1" 304 -
186.84.184.239 - - [28/Jan/2023:08:43:51 -0500] "GET /sipse/faces/javax.faces.resource/primefaces.css?ln=primefaces&v=4.0 HTTP/1.1" 304 -
186.84.184.239 - - [28/Jan/2023:08:43:51 -0500] "GET /sipse/faces/javax.faces.resource/jquery/jquery.js?ln=primefaces&v=4.0 HTTP/1.1" 304 -
186.30.35.50 - - [28/Jan/2023:08:43:51 -0500] "POST /sipse/faces/presentacion/financiero/solicitudProceso/consultar.xhtml HTTP/1.1" 200 12794
186.84.184.239 - - [28/Jan/2023:08:43:51 -0500] "GET /sipse/faces/javax.faces.resource/jquery/jquery-plugins.js?ln=primefaces&v=4.0 HTTP/1.1" 304 -
186.84.184.239 - - [28/Jan/2023:08:43:51 -0500] "GET /sipse/faces/javax.faces.resource/primefaces.js?ln=primefaces&v=4.0 HTTP/1.1" 304 -
186.84.184.239 - - [28/Jan/2023:08:43:51 -0500] "GET /sipse/faces/javax.faces.resource/layout/layout.js?ln=primefaces&v=4.0 HTTP/1.1" 304 -
172.22.2.4 - - [28/Jan/2023:08:42:13 -0500] "GET /BLA/boletinlegal/ HTTP/1.1" 200 59404
186.84.184.239 - - [28/Jan/2023:08:43:55 -0500] "POST /sipse/faces/presentacion/financiero/solicitudProceso/consultarSolicitudProceso.xhtml HTTP/1.1" 200 51309
186.84.184.239 - - [28/Jan/2023:08:43:56 -0500] "GET /sipse/faces/javax.faces.resource/primefaces.css?ln=primefaces&v=4.0 HTTP/1.1" 304 -
186.84.184.239 - - [28/Jan/2023:08:43:56 -0500] "GET /sipse/faces/javax.faces.resource/theme.css?ln=primefaces-sipse HTTP/1.1" 304 -
186.84.184.239 - - [28/Jan/2023:08:43:56 -0500] "GET /sipse/faces/javax.faces.resource/layout/layout.css?ln=primefaces&v=4.0 HTTP/1.1" 304 -
186.84.184.239 - - [28/Jan/2023:08:43:56 -0500] "GET /sipse/faces/javax.faces.resource/jquery/jquery.js?ln=primefaces&v=4.0 HTTP/1.1" 304 -
186.84.184.239 - - [28/Jan/2023:08:43:56 -0500] "GET /sipse/faces/javax.faces.resource/jquery/jquery-plugins.js?ln=primefaces&v=4.0 HTTP/1.1" 304 -
186.84.184.239 - - [28/Jan/2023:08:43:56 -0500] "GET /sipse/faces/javax.faces.resource/primefaces.js?ln=primefaces&v=4.0 HTTP/1.1" 304 -
186.84.184.239 - - [28/Jan/2023:08:43:56 -0500] "GET /sipse/faces/javax.faces.resource/layout/layout.js?ln=primefaces&v=4.0 HTTP/1.1" 304 -
216.245.221.92 - - [28/Jan/2023:08:44:13 -0500] "HEAD / HTTP/1.1" 200 -
186.84.184.239 - - [28/Jan/2023:08:44:17 -0500] "GET /sipse/faces/javax.faces.resource/images/ui-icons_898989_256x240.png?ln=primefaces-aristo HTTP/1.1" 304 -
