185.119.81.101 - - [29/Jan/2023:08:09:44 -0500] "GET /portaldeninos/wp-login.php HTTP/1.1" 200 2592
185.119.81.101 - - [29/Jan/2023:08:09:45 -0500] "POST /portaldeninos/wp-login.php HTTP/1.1" 200 3650
172.22.2.4 - - [29/Jan/2023:08:08:13 -0500] "HEAD /BLA/boletinlegal/ HTTP/1.1" 200 -
172.22.2.4 - - [29/Jan/2023:08:09:04 -0500] "GET /BLA/boletinlegal/ HTTP/1.1" 200 55680
69.63.189.3 - - [29/Jan/2023:08:11:25 -0500] "GET /images/semana-ecoempresarial-atencion-bogota-ciudad-27-nov.jpg HTTP/1.1" 200 37494
172.22.2.4 - - [29/Jan/2023:08:10:29 -0500] "GET /BLA/boletinlegal/ HTTP/1.1" 200 61905
201.245.192.253 - - [29/Jan/2023:08:13:01 -0500] "POST /kwsrmcab/Wsrmcab  HTTP/1.1" 200 213
207.46.13.79 - - [29/Jan/2023:08:13:42 -0500] "GET /conectores-ecosistemicos-para-el-desarrollo-sostenible.html HTTP/1.1" 200 902
186.84.22.63 - - [29/Jan/2023:08:14:01 -0500] "POST /sipse/faces/presentacion/financiero/solicitudProceso/consultarSolicitudProceso.xhtml HTTP/1.1" 200 5526
216.245.221.92 - - [29/Jan/2023:08:14:30 -0500] "HEAD / HTTP/1.1" 200 -
172.22.2.4 - - [29/Jan/2023:08:15:27 -0500] "GET /BLA/boletinlegal/robots.txt HTTP/1.1" 404 1038
172.22.2.4 - - [29/Jan/2023:08:14:03 -0500] "HEAD /BLA/boletinlegal/ HTTP/1.1" 200 -
172.22.2.4 - - [29/Jan/2023:08:14:54 -0500] "GET /BLA/boletinlegal/ HTTP/1.1" 200 47188
172.22.2.4 - - [29/Jan/2023:08:15:27 -0500] "GET /BLA/boletinlegal/ HTTP/1.1" 200 50855
191.95.60.239 - - [29/Jan/2023:08:17:42 -0500] "GET /BLA/resoluciones/AUTOS%202019/2923.pdf HTTP/1.1" 200 321513
191.95.60.239 - - [29/Jan/2023:08:17:55 -0500] "GET /favicon.ico HTTP/1.1" 200 7782
201.245.192.253 - - [29/Jan/2023:08:17:59 -0500] "POST /kwsrmcab/Wsrmcab  HTTP/1.1" 200 213
201.245.192.253 - - [29/Jan/2023:08:18:23 -0500] "POST /kwsrmcab/Wsrmcab HTTP/1.1" 200 40175
201.245.192.253 - - [29/Jan/2023:08:18:25 -0500] "POST /kwsrmcab/Wsrmcab HTTP/1.1" 200 41741
173.252.83.119 - - [29/Jan/2023:08:19:21 -0500] "GET /images/Secretaria%20Urrutia%20evento%20h\xc3\xa1bitat%20Francia%2024%20de%20enero.jpeg HTTP/1.1" 404 1034
216.245.221.92 - - [29/Jan/2023:08:19:30 -0500] "HEAD / HTTP/1.1" 200 -
69.171.249.3 - - [29/Jan/2023:08:20:37 -0500] "GET /images/cr\xc3\xb3nica-29-nov-1_optimized.jpeg HTTP/1.1" 404 1034
185.119.81.101 - - [29/Jan/2023:08:21:23 -0500] "GET /portaldeninos/wp-login.php HTTP/1.1" 200 2592
185.119.81.101 - - [29/Jan/2023:08:21:24 -0500] "POST /portaldeninos/wp-login.php HTTP/1.1" 200 3650
69.171.251.24 - - [29/Jan/2023:08:21:26 -0500] "GET /images/19%20de%20enero%20\xc3\xa1rbol%20bosque%20San%20Carlos.jpg HTTP/1.1" 404 1034
172.22.2.4 - - [29/Jan/2023:08:19:53 -0500] "HEAD /BLA/boletinlegal/ HTTP/1.1" 200 -
207.46.13.72 - - [29/Jan/2023:08:22:11 -0500] "GET /BLA/resoluciones/AUTOS%202022/6520.pdf HTTP/1.1" 304 -
157.55.39.71 - - [29/Jan/2023:08:22:15 -0500] "GET /sipse/faces/faces/autenticacion.xhtml HTTP/1.1" 200 12493
172.22.2.4 - - [29/Jan/2023:08:20:44 -0500] "GET /BLA/boletinlegal/ HTTP/1.1" 200 59779
201.245.192.253 - - [29/Jan/2023:08:22:58 -0500] "POST /kwsrmcab/Wsrmcab  HTTP/1.1" 200 213
66.249.66.80 - - [29/Jan/2023:08:23:41 -0500] "-" 408 -
216.245.221.92 - - [29/Jan/2023:08:24:30 -0500] "HEAD / HTTP/1.1" 200 -
66.220.149.21 - - [29/Jan/2023:08:24:52 -0500] "GET /images/cr\xc3\xb3nica-29-nov-1_optimized.jpeg HTTP/1.1" 404 1034
167.0.140.255 - - [29/Jan/2023:08:25:01 -0500] "GET /sipse/faces/faces/index.xhtml HTTP/1.1" 200 677
167.0.140.255 - - [29/Jan/2023:08:25:05 -0500] "GET /sipse/faces/javax.faces.resource/theme.css?ln=primefaces-sipse HTTP/1.1" 304 -
167.0.140.255 - - [29/Jan/2023:08:25:05 -0500] "GET /sipse/faces/faces/faces/autenticacion.xhtml HTTP/1.1" 200 12171
167.0.140.255 - - [29/Jan/2023:08:25:06 -0500] "GET /sipse/js/disable_browser_buttons.js HTTP/1.1" 304 -
167.0.140.255 - - [29/Jan/2023:08:25:06 -0500] "GET /sipse/faces/javax.faces.resource/theme.css?ln=primefaces-sipse HTTP/1.1" 304 -
167.0.140.255 - - [29/Jan/2023:08:25:06 -0500] "GET /sipse/css/custom_css_sg.css HTTP/1.1" 304 -
167.0.140.255 - - [29/Jan/2023:08:25:06 -0500] "GET /sipse/css/custom_css_sg_prime_login.css HTTP/1.1" 304 -
167.0.140.255 - - [29/Jan/2023:08:25:06 -0500] "GET /sipse/faces/javax.faces.resource/layout/layout.css?ln=primefaces&v=4.0 HTTP/1.1" 304 -
167.0.140.255 - - [29/Jan/2023:08:25:06 -0500] "GET /sipse/faces/javax.faces.resource/primefaces.css?ln=primefaces&v=4.0 HTTP/1.1" 304 -
167.0.140.255 - - [29/Jan/2023:08:25:06 -0500] "GET /sipse/js/funciones.js HTTP/1.1" 304 -
167.0.140.255 - - [29/Jan/2023:08:25:06 -0500] "GET /sipse/faces/javax.faces.resource/jquery/jquery.js?ln=primefaces&v=4.0 HTTP/1.1" 304 -
167.0.140.255 - - [29/Jan/2023:08:25:06 -0500] "GET /sipse/faces/javax.faces.resource/jquery/jquery-plugins.js?ln=primefaces&v=4.0 HTTP/1.1" 304 -
167.0.140.255 - - [29/Jan/2023:08:25:06 -0500] "GET /sipse/faces/javax.faces.resource/layout/layout.js?ln=primefaces&v=4.0 HTTP/1.1" 304 -
167.0.140.255 - - [29/Jan/2023:08:25:06 -0500] "GET /sipse/faces/javax.faces.resource/primefaces.js?ln=primefaces&v=4.0 HTTP/1.1" 304 -
167.0.140.255 - - [29/Jan/2023:08:25:07 -0500] "GET /sipse/css/imagen/logoSDG.png HTTP/1.1" 304 -
167.0.140.255 - - [29/Jan/2023:08:25:07 -0500] "GET /sipse/css/imagen/loginimg.png HTTP/1.1" 304 -
167.0.140.255 - - [29/Jan/2023:08:25:07 -0500] "GET /sipse/faces/javax.faces.resource/images/ui-icons_898989_256x240.png?ln=primefaces-aristo HTTP/1.1" 304 -
167.0.140.255 - - [29/Jan/2023:08:25:28 -0500] "POST /sipse/faces/autenticacion.xhtml HTTP/1.1" 200 16064
167.0.140.255 - - [29/Jan/2023:08:25:28 -0500] "GET /sipse/faces/javax.faces.resource/theme.css?ln=primefaces-sipse HTTP/1.1" 304 -
167.0.140.255 - - [29/Jan/2023:08:25:28 -0500] "GET /sipse/faces/javax.faces.resource/primefaces.css?ln=primefaces&v=4.0 HTTP/1.1" 304 -
167.0.140.255 - - [29/Jan/2023:08:25:28 -0500] "GET /sipse/faces/javax.faces.resource/layout/layout.css?ln=primefaces&v=4.0 HTTP/1.1" 304 -
167.0.140.255 - - [29/Jan/2023:08:25:28 -0500] "GET /sipse/css/custom_css_sg_prime.css HTTP/1.1" 304 -
167.0.140.255 - - [29/Jan/2023:08:25:28 -0500] "GET /sipse/js/jquery.min.js HTTP/1.1" 304 -
167.0.140.255 - - [29/Jan/2023:08:25:28 -0500] "GET /sipse/faces/javax.faces.resource/jquery/jquery.js?ln=primefaces&v=4.0 HTTP/1.1" 304 -
167.0.140.255 - - [29/Jan/2023:08:25:28 -0500] "GET /sipse/faces/javax.faces.resource/jquery/jquery-plugins.js?ln=primefaces&v=4.0 HTTP/1.1" 304 -
167.0.140.255 - - [29/Jan/2023:08:25:28 -0500] "GET /sipse/faces/javax.faces.resource/primefaces.js?ln=primefaces&v=4.0 HTTP/1.1" 304 -
167.0.140.255 - - [29/Jan/2023:08:25:29 -0500] "GET /sipse/faces/javax.faces.resource/layout/layout.js?ln=primefaces&v=4.0 HTTP/1.1" 304 -
167.0.140.255 - - [29/Jan/2023:08:25:29 -0500] "GET /sipse/imagenes/cargando.gif HTTP/1.1" 304 -
167.0.140.255 - - [29/Jan/2023:08:25:29 -0500] "GET /sipse/imagenes/logoAplicacion.jpg HTTP/1.1" 304 -
167.0.140.255 - - [29/Jan/2023:08:25:29 -0500] "GET /sipse/css/imagen/contrasena.png HTTP/1.1" 404 383
167.0.140.255 - - [29/Jan/2023:08:25:29 -0500] "GET /sipse/faces/javax.faces.resource/messages/messages.png?ln=primefaces&v=4.0 HTTP/1.1" 304 -
167.0.140.255 - - [29/Jan/2023:08:25:37 -0500] "GET /sipse/faces/javax.faces.resource/images/ui-bg_flat_0_2d5972_40x100.png?ln=primefaces-aristo HTTP/1.1" 304 -
167.0.140.255 - - [29/Jan/2023:08:25:37 -0500] "POST /sipse/faces/bienvenido.xhtml HTTP/1.1" 200 1471
167.0.140.255 - - [29/Jan/2023:08:25:38 -0500] "POST /sipse/faces/bienvenido.xhtml HTTP/1.1" 200 61648
167.0.140.255 - - [29/Jan/2023:08:25:39 -0500] "GET /sipse/faces/javax.faces.resource/theme.css?ln=primefaces-sipse HTTP/1.1" 304 -
167.0.140.255 - - [29/Jan/2023:08:25:39 -0500] "GET /sipse/faces/javax.faces.resource/primefaces.css?ln=primefaces&v=4.0 HTTP/1.1" 304 -
167.0.140.255 - - [29/Jan/2023:08:25:39 -0500] "GET /sipse/faces/javax.faces.resource/layout/layout.css?ln=primefaces&v=4.0 HTTP/1.1" 304 -
167.0.140.255 - - [29/Jan/2023:08:25:39 -0500] "GET /sipse/faces/javax.faces.resource/jquery/jquery.js?ln=primefaces&v=4.0 HTTP/1.1" 304 -
167.0.140.255 - - [29/Jan/2023:08:25:39 -0500] "GET /sipse/faces/javax.faces.resource/jquery/jquery-plugins.js?ln=primefaces&v=4.0 HTTP/1.1" 304 -
167.0.140.255 - - [29/Jan/2023:08:25:39 -0500] "GET /sipse/faces/javax.faces.resource/primefaces.js?ln=primefaces&v=4.0 HTTP/1.1" 304 -
167.0.140.255 - - [29/Jan/2023:08:25:39 -0500] "GET /sipse/faces/javax.faces.resource/layout/layout.js?ln=primefaces&v=4.0 HTTP/1.1" 304 -
167.0.140.255 - - [29/Jan/2023:08:25:40 -0500] "POST /sipse/faces/presentacion/financiero/solicitudProceso/listarSolicitudProceso.xhtml HTTP/1.1" 200 1556
167.0.140.255 - - [29/Jan/2023:08:25:55 -0500] "POST /sipse/faces/presentacion/financiero/solicitudProceso/listarSolicitudProceso.xhtml HTTP/1.1" 200 33189
172.22.2.4 - - [29/Jan/2023:08:25:43 -0500] "HEAD /BLA/boletinlegal/ HTTP/1.1" 200 -
201.245.192.253 - - [29/Jan/2023:08:27:57 -0500] "POST /kwsrmcab/Wsrmcab  HTTP/1.1" 200 213
172.22.2.4 - - [29/Jan/2023:08:26:34 -0500] "GET /BLA/boletinlegal/ HTTP/1.1" 200 59404
201.245.192.253 - - [29/Jan/2023:08:28:23 -0500] "POST /kwsrmcab/Wsrmcab HTTP/1.1" 200 40175
183.136.225.32 - - [29/Jan/2023:08:28:25 -0500] "-" 408 -
201.245.192.253 - - [29/Jan/2023:08:28:26 -0500] "POST /kwsrmcab/Wsrmcab HTTP/1.1" 200 41741
216.245.221.92 - - [29/Jan/2023:08:29:30 -0500] "HEAD / HTTP/1.1" 200 -
186.102.52.203 - - [29/Jan/2023:08:30:57 -0500] "GET /kwssiamovil/sm/acme/a?s=U2FsdGVkX1+ZHK465DkaiapLEcXDWVlIRXor63u1CXo+tAdJ7rz/0wrWyBMMLMdKRIfXcOtklagD1AZ6mvxpuaLLueKxw0Kp1GbhxJmjundSlDZRdwqK3BekyJGGFlqUO51BdzWJzvi165irB9Sd0H6S10zh05+B2A2LeeTvPIimmonzcH5GFiO71inf+FwzUQbTtTOE0JCa7NXfEB8fuXAYRjBQrew2ea3EXqNKt5fMyFqnMkutxOsIA/VUsm6H9VhGSN85izuYMr2KpI3TQQ==&u=U2FsdGVkX1+QNZRNt3NLqckPe7SoQyIRV3NnSC1maDI=&y=U2FsdGVkX18yQXwYyllh+K8CkmtKIqSwou5tUcbg+Kqizr+mll53Dll7na7ItRQ/ HTTP/1.1" 200 26
186.102.52.203 - - [29/Jan/2023:08:30:57 -0500] "GET /kwssiamovil/sm/acme/a?s=U2FsdGVkX18CHZ5dek4PT5LLQTOY1xgPi2QPAhtgWLK6xDPrRNpTGFngsJVbS+zCxZ78ZYBDzPnMYzd1VyfW6Dw8/YdWGd1Tnpa5CL4vDr/SYyDlC+VfO00oKMbO4lbzl35VWK9mfeQJgLy0w9YzPBAIVwlbdeyrJeKOQqJ7hC6AUs6RV1Z9wOSkLFzegmB8Oyfeq9LwR8Kc1ue/BO7Sb6sdlD0dQyyRjUXfCy2YRuc/VeTyv5fDs2F9IsEjrT5hffbiJulDjeDuYaZ9yTM2k7lX0hudscu339sISkl49A6sUJDUcHPFo6CoQ6sWpG/frH5A+uc0rgEGVxphALuJIHVlIBPmRb97JW1u8tlEN6kcO+bauZ/WXMmQ2+O1neglsAvhi9+SSeU79epoN8UKvQ9MLJB6n9P9RFMhzYfSZV8cEGUWTOiqHkJaGldp89OtT2RRdbUTkF2mhBDpoek7OqUUNkgaseu/URsqQwTTkiXdo/G47IDNvq1bfW1PoWPDLayO0VmGspBniNnq91+goD+kikB/UB2D9G3AqmuyZN17o0zIjmkYy8HD+B7fbPfWRV+hCrrkGgy+szsy8dBVkFUTdlcwFeK3ifa5icqeZ2E5zdnexInp8RH5kN+NJz12nwk7+qruGrvcm0jmwjGCjk/z5x7jEUHcsbzEn8wQMyw/T8c7WwaMMFnF4tpCEr2D2u894Wc4F/fRDS6P8PmRFg0s3SsVE7gT0UaotrlUUdDOp89ToWOtMlrEeWLelkPlHOPBCv1uB70om2ekZGs84WynevzILobH413RYfS1+IKsxyetW718nUixPqklqE9DAwh24hfID6bu6t0RbzpY4lK89NGBEwNu9wGLUCtXiJ3N7LQYmXPX+bjvAquDcW3HYs7kzUGYx5GzhzoSyl4of1esVuNxHOn8ML4XdejgK/iFr9IyusOVO5QFuNi37yOd4EeE/ymfLOtZIykRn3Mwru0M8jr0Ji3ZlrBRNqm9U8p/LUfUY3yRA9U3ValWm38KYHplfzyBam7r2LCuZijgMenFNoEveJf8rvVHusA2gH87Lm9XY/nmNBa3r//OvLyYPp1Av5A8+1SAiNovEGoHpMX28ph3DwC55KEsT309WBPHsSfO6WC4AlSVQBtbvSBMtA2k6fhiFzI+4Dm2DQfhablS1dQfPavFm2gIg9a5LqaKN29XpkGeNgzfmcV7p8FVYGqxbJlhVCK0fzvNvLPYBr1uhai+HGbfbRAXRnQKxUE4BppPx2EKr0Qs0kEff2My/Tj7gGXRNrXXiryqqwHjBwvPt8koPzm5ZvJmilTcvkhk9pfpvNitEUg1uVeFygMO5f+sPzNmTeuhbyLMmZ2GC8wUIjvk1DM5gWsfW1WI2BREwkQpUNk1+OYgbtHY6wEX15+fFR/WR4XCII2sANUv9VZG2LXonK8S+Q1utfAIk2WU9Wu8+x6DCsJ+P9r+yPALdBVQQCA+vla5HJ3WFv0P54ONS1ovwnNzVnMrTM2eK9slqRLKLl6vYzlVcQXhuZSwcNEdaIkYE+juTfcTaXEFwJsgcpypm2zOR8CMHSnDBYiTEt+2tin73j+kH4QmudeKmQTt8WCRXMftVsZBg9S+lB8ol0wLS1ijAqwBGzglabs=&u=U2FsdGVkX1+QNZRNt3NLqckPe7SoQyIRV3NnSC1maDI=&y=U2FsdGVkX18yQXwYyllh+K8CkmtKIqSwou5tUcbg+Kqizr+mll53Dll7na7ItRQ/ HTTP/1.1" 200 26
186.102.52.203 - - [29/Jan/2023:08:30:57 -0500] "GET /kwssiamovil/sm/acme/a?s=U2FsdGVkX1/rD6S89LujM08ZCWI0CxCnAm5bNh/jAnQhx/9au+kRSoReD4aAjirpqKuJFRavGW+4shVmMN4WGLGGPbEJAOFAqOBr5WyhVrMNjsNGEmnC9aM6bE3vEZxzO6RPO/Bbxxb2gXyGZKPa8iKwbJZUtO+IocokZk0iCrQ=&u=U2FsdGVkX1+QNZRNt3NLqckPe7SoQyIRV3NnSC1maDI=&y=U2FsdGVkX18yQXwYyllh+K8CkmtKIqSwou5tUcbg+Kqizr+mll53Dll7na7ItRQ/ HTTP/1.1" 200 26
186.102.52.203 - - [29/Jan/2023:08:30:57 -0500] "GET /kwssiamovil/sm/acme/a?s=U2FsdGVkX1+7tPlSAKLJvUrJ+sIvOOa8G29cdnKrh7Y+yAgVnDIDLULEyTKCJhbWJWdqEXCW2pbOoU3absiqWexL1O9Otf7AyaiwS/AnZnEeryg1GK4BP7ue1g8PcjchQG4RISsZjZbNH0r8Eqiocf/+mIPeCN6KiefVQM4wDIg=&u=U2FsdGVkX1+QNZRNt3NLqckPe7SoQyIRV3NnSC1maDI=&y=U2FsdGVkX18yQXwYyllh+K8CkmtKIqSwou5tUcbg+Kqizr+mll53Dll7na7ItRQ/ HTTP/1.1" 200 26
186.102.52.203 - - [29/Jan/2023:08:30:57 -0500] "GET /kwssiamovil/sm/acme/a?s=U2FsdGVkX1/xpOMt84DbzlK7tQ8TB7G3FTGzBjrqAGs4SvZaftjVHB86crqCfwM0S6ONkbK7PuiiEMiCoJ4OIQgnRBlthePeDX0SKtug2Y3FkN/cjAs1MJzx00GCf+iY8K7s4IdoXtdg/NB7pjhgzxQYMcs2Xi2V6IUXVhyG+7w=&u=U2FsdGVkX1+QNZRNt3NLqckPe7SoQyIRV3NnSC1maDI=&y=U2FsdGVkX18yQXwYyllh+K8CkmtKIqSwou5tUcbg+Kqizr+mll53Dll7na7ItRQ/ HTTP/1.1" 200 26
186.102.52.203 - - [29/Jan/2023:08:30:58 -0500] "GET /kwssiamovil/sm/acme/a?s=U2FsdGVkX18El7r9IBQSNyWWncUCHOnDR0bCcLNmXRSJ4g6SEdp7xJUJEcwASMJdpulRYaETe/nA3HgPBoHpGtFkHVO/Bi22FvyLmp0f8dvfmCXOiejIe4Vs1fOBotueKEWjAyI53kTtO9atu5kG49xd0gl2JZ/GFtLK2PCjiXOflaglxBmrYc6WNXASw6XhBhuQJsc1w+Yl25vwQFi4Ow==&u=U2FsdGVkX1+QNZRNt3NLqckPe7SoQyIRV3NnSC1maDI=&y=U2FsdGVkX18yQXwYyllh+K8CkmtKIqSwou5tUcbg+Kqizr+mll53Dll7na7ItRQ/ HTTP/1.1" 200 26
173.252.111.18 - - [29/Jan/2023:08:32:26 -0500] "GET /images/Acuerdos%2001%20(1)%20(1).jpeg HTTP/1.1" 200 32884
201.245.192.253 - - [29/Jan/2023:08:32:57 -0500] "POST /kwsrmcab/Wsrmcab  HTTP/1.1" 200 213
172.22.2.4 - - [29/Jan/2023:08:31:33 -0500] "HEAD /BLA/boletinlegal/ HTTP/1.1" 200 -
172.22.2.4 - - [29/Jan/2023:08:32:24 -0500] "GET /BLA/boletinlegal/ HTTP/1.1" 200 59404
216.245.221.92 - - [29/Jan/2023:08:34:30 -0500] "HEAD / HTTP/1.1" 200 -
198.74.59.35 - - [29/Jan/2023:08:35:17 -0500] "GET /galeria/galeria/jquery.fancybox.css?v=2.1.5 HTTP/1.1" 200 4895
198.74.59.35 - - [29/Jan/2023:08:35:17 -0500] "GET /BLA/boletinlegal/js/jquery.scrollShow.js HTTP/1.1" 200 4586
198.74.59.35 - - [29/Jan/2023:08:35:17 -0500] "GET /galeria/galeria/jquery.fancybox.js?v=2.1.5 HTTP/1.1" 200 48706
185.119.81.104 - - [29/Jan/2023:08:37:45 -0500] "GET /portaldeninos/wp-login.php HTTP/1.1" 200 2592
185.119.81.104 - - [29/Jan/2023:08:37:46 -0500] "POST /portaldeninos/wp-login.php HTTP/1.1" 200 3605
201.245.192.253 - - [29/Jan/2023:08:37:55 -0500] "POST /kwsrmcab/Wsrmcab  HTTP/1.1" 200 213
201.245.192.253 - - [29/Jan/2023:08:38:23 -0500] "POST /kwsrmcab/Wsrmcab HTTP/1.1" 200 40175
201.245.192.253 - - [29/Jan/2023:08:38:25 -0500] "POST /kwsrmcab/Wsrmcab HTTP/1.1" 200 41741
157.55.39.157 - - [29/Jan/2023:08:38:55 -0500] "GET /BLA/resoluciones/index.php?dir=RESOLUCIONES+2022%2F HTTP/1.1" 200 279472
172.22.2.4 - - [29/Jan/2023:08:37:23 -0500] "HEAD /BLA/boletinlegal/ HTTP/1.1" 200 -
216.245.221.92 - - [29/Jan/2023:08:39:30 -0500] "HEAD / HTTP/1.1" 200 -
172.22.2.4 - - [29/Jan/2023:08:38:14 -0500] "GET /BLA/boletinlegal/ HTTP/1.1" 200 59779
186.84.22.63 - - [29/Jan/2023:08:41:24 -0500] "POST /sipse/faces/presentacion/financiero/solicitudProceso/consultarSolicitudProceso.xhtml HTTP/1.1" 200 1084276
186.84.22.63 - - [29/Jan/2023:08:41:26 -0500] "POST /sipse/faces/presentacion/financiero/solicitudProceso/consultarSolicitudProceso.xhtml HTTP/1.1" 200 3570385
186.84.22.63 - - [29/Jan/2023:08:41:29 -0500] "POST /sipse/faces/presentacion/financiero/solicitudProceso/consultarSolicitudProceso.xhtml HTTP/1.1" 200 1811824
186.84.22.63 - - [29/Jan/2023:08:41:38 -0500] "POST /sipse/faces/presentacion/financiero/solicitudProceso/consultarSolicitudProceso.xhtml HTTP/1.1" 200 83525
186.84.22.63 - - [29/Jan/2023:08:41:44 -0500] "POST /sipse/faces/presentacion/financiero/solicitudProceso/consultarSolicitudProceso.xhtml HTTP/1.1" 200 490673
201.245.192.253 - - [29/Jan/2023:08:42:54 -0500] "POST /kwsrmcab/Wsrmcab  HTTP/1.1" 200 213
216.245.221.92 - - [29/Jan/2023:08:44:30 -0500] "HEAD / HTTP/1.1" 200 -
172.22.2.4 - - [29/Jan/2023:08:43:13 -0500] "HEAD /BLA/boletinlegal/ HTTP/1.1" 200 -
152.203.206.75 - - [29/Jan/2023:08:45:18 -0500] "GET /sipse/faces/index.xhtml HTTP/1.1" 200 677
152.203.206.75 - - [29/Jan/2023:08:45:18 -0500] "GET /sipse/faces/javax.faces.resource/theme.css?ln=primefaces-sipse HTTP/1.1" 304 -
152.203.206.75 - - [29/Jan/2023:08:45:18 -0500] "GET /sipse/faces/faces/autenticacion.xhtml HTTP/1.1" 200 12171
152.203.206.75 - - [29/Jan/2023:08:45:18 -0500] "GET /sipse/js/disable_browser_buttons.js HTTP/1.1" 304 -
152.203.206.75 - - [29/Jan/2023:08:45:18 -0500] "GET /sipse/faces/javax.faces.resource/theme.css?ln=primefaces-sipse HTTP/1.1" 304 -
152.203.206.75 - - [29/Jan/2023:08:45:18 -0500] "GET /sipse/css/custom_css_sg.css HTTP/1.1" 304 -
152.203.206.75 - - [29/Jan/2023:08:45:18 -0500] "GET /sipse/css/custom_css_sg_prime_login.css HTTP/1.1" 304 -
152.203.206.75 - - [29/Jan/2023:08:45:18 -0500] "GET /sipse/js/funciones.js HTTP/1.1" 304 -
152.203.206.75 - - [29/Jan/2023:08:45:18 -0500] "GET /sipse/faces/javax.faces.resource/layout/layout.css?ln=primefaces&v=4.0 HTTP/1.1" 304 -
152.203.206.75 - - [29/Jan/2023:08:45:18 -0500] "GET /sipse/faces/javax.faces.resource/primefaces.css?ln=primefaces&v=4.0 HTTP/1.1" 304 -
152.203.206.75 - - [29/Jan/2023:08:45:18 -0500] "GET /sipse/faces/javax.faces.resource/jquery/jquery.js?ln=primefaces&v=4.0 HTTP/1.1" 304 -
152.203.206.75 - - [29/Jan/2023:08:45:18 -0500] "GET /sipse/faces/javax.faces.resource/jquery/jquery-plugins.js?ln=primefaces&v=4.0 HTTP/1.1" 304 -
152.203.206.75 - - [29/Jan/2023:08:45:18 -0500] "GET /sipse/faces/javax.faces.resource/primefaces.js?ln=primefaces&v=4.0 HTTP/1.1" 304 -
152.203.206.75 - - [29/Jan/2023:08:45:18 -0500] "GET /sipse/faces/javax.faces.resource/layout/layout.js?ln=primefaces&v=4.0 HTTP/1.1" 304 -
152.203.206.75 - - [29/Jan/2023:08:45:18 -0500] "GET /sipse/css/imagen/logoSDG.png HTTP/1.1" 304 -
152.203.206.75 - - [29/Jan/2023:08:45:18 -0500] "GET /sipse/css/imagen/loginimg.png HTTP/1.1" 304 -
152.203.206.75 - - [29/Jan/2023:08:45:18 -0500] "GET /sipse/faces/javax.faces.resource/images/ui-icons_898989_256x240.png?ln=primefaces-aristo HTTP/1.1" 304 -
152.203.206.75 - - [29/Jan/2023:08:45:26 -0500] "POST /sipse/faces/autenticacion.xhtml HTTP/1.1" 200 16697
152.203.206.75 - - [29/Jan/2023:08:45:26 -0500] "GET /sipse/css/custom_css_sg_prime.css HTTP/1.1" 304 -
152.203.206.75 - - [29/Jan/2023:08:45:26 -0500] "GET /sipse/faces/javax.faces.resource/theme.css?ln=primefaces-sipse HTTP/1.1" 304 -
152.203.206.75 - - [29/Jan/2023:08:45:26 -0500] "GET /sipse/faces/javax.faces.resource/primefaces.css?ln=primefaces&v=4.0 HTTP/1.1" 304 -
152.203.206.75 - - [29/Jan/2023:08:45:26 -0500] "GET /sipse/faces/javax.faces.resource/layout/layout.css?ln=primefaces&v=4.0 HTTP/1.1" 304 -
152.203.206.75 - - [29/Jan/2023:08:45:26 -0500] "GET /sipse/js/jquery.min.js HTTP/1.1" 304 -
152.203.206.75 - - [29/Jan/2023:08:45:27 -0500] "GET /sipse/faces/javax.faces.resource/jquery/jquery.js?ln=primefaces&v=4.0 HTTP/1.1" 304 -
152.203.206.75 - - [29/Jan/2023:08:45:27 -0500] "GET /sipse/faces/javax.faces.resource/jquery/jquery-plugins.js?ln=primefaces&v=4.0 HTTP/1.1" 304 -
152.203.206.75 - - [29/Jan/2023:08:45:27 -0500] "GET /sipse/faces/javax.faces.resource/primefaces.js?ln=primefaces&v=4.0 HTTP/1.1" 304 -
152.203.206.75 - - [29/Jan/2023:08:45:27 -0500] "GET /sipse/faces/javax.faces.resource/layout/layout.js?ln=primefaces&v=4.0 HTTP/1.1" 304 -
152.203.206.75 - - [29/Jan/2023:08:45:27 -0500] "GET /sipse/imagenes/cargando.gif HTTP/1.1" 304 -
152.203.206.75 - - [29/Jan/2023:08:45:27 -0500] "GET /sipse/imagenes/logoAplicacion.jpg HTTP/1.1" 304 -
152.203.206.75 - - [29/Jan/2023:08:45:27 -0500] "GET /sipse/css/imagen/contrasena.png HTTP/1.1" 404 383
152.203.206.75 - - [29/Jan/2023:08:45:27 -0500] "GET /sipse/faces/javax.faces.resource/messages/messages.png?ln=primefaces&v=4.0 HTTP/1.1" 304 -
152.203.206.75 - - [29/Jan/2023:08:45:28 -0500] "GET /sipse/faces/javax.faces.resource/images/ui-bg_flat_0_2d5972_40x100.png?ln=primefaces-aristo HTTP/1.1" 304 -
152.203.206.75 - - [29/Jan/2023:08:45:28 -0500] "POST /sipse/faces/bienvenido.xhtml HTTP/1.1" 200 3255
152.203.206.75 - - [29/Jan/2023:08:45:29 -0500] "POST /sipse/faces/bienvenido.xhtml HTTP/1.1" 200 42570
152.203.206.75 - - [29/Jan/2023:08:45:29 -0500] "GET /sipse/faces/javax.faces.resource/theme.css?ln=primefaces-sipse HTTP/1.1" 304 -
152.203.206.75 - - [29/Jan/2023:08:45:29 -0500] "GET /sipse/faces/javax.faces.resource/primefaces.css?ln=primefaces&v=4.0 HTTP/1.1" 304 -
152.203.206.75 - - [29/Jan/2023:08:45:29 -0500] "GET /sipse/faces/javax.faces.resource/layout/layout.css?ln=primefaces&v=4.0 HTTP/1.1" 304 -
152.203.206.75 - - [29/Jan/2023:08:45:29 -0500] "GET /sipse/faces/javax.faces.resource/jquery/jquery.js?ln=primefaces&v=4.0 HTTP/1.1" 304 -
152.203.206.75 - - [29/Jan/2023:08:45:30 -0500] "GET /sipse/faces/javax.faces.resource/jquery/jquery-plugins.js?ln=primefaces&v=4.0 HTTP/1.1" 304 -
152.203.206.75 - - [29/Jan/2023:08:45:30 -0500] "GET /sipse/faces/javax.faces.resource/primefaces.js?ln=primefaces&v=4.0 HTTP/1.1" 304 -
152.203.206.75 - - [29/Jan/2023:08:45:30 -0500] "GET /sipse/faces/javax.faces.resource/layout/layout.js?ln=primefaces&v=4.0 HTTP/1.1" 304 -
152.203.206.75 - - [29/Jan/2023:08:45:30 -0500] "POST /sipse/faces/presentacion/financiero/solicitudProceso/listarSolicitudProceso.xhtml HTTP/1.1" 200 1436
152.203.206.75 - - [29/Jan/2023:08:45:33 -0500] "POST /sipse/faces/presentacion/financiero/solicitudProceso/listarSolicitudProceso.xhtml HTTP/1.1" 200 151618
152.203.206.75 - - [29/Jan/2023:08:45:34 -0500] "GET /sipse/faces/javax.faces.resource/primefaces.css?ln=primefaces&v=4.0 HTTP/1.1" 304 -
152.203.206.75 - - [29/Jan/2023:08:45:34 -0500] "GET /sipse/faces/javax.faces.resource/layout/layout.css?ln=primefaces&v=4.0 HTTP/1.1" 304 -
152.203.206.75 - - [29/Jan/2023:08:45:34 -0500] "GET /sipse/faces/javax.faces.resource/theme.css?ln=primefaces-sipse HTTP/1.1" 304 -
152.203.206.75 - - [29/Jan/2023:08:45:34 -0500] "GET /sipse/faces/javax.faces.resource/jquery/jquery.js?ln=primefaces&v=4.0 HTTP/1.1" 304 -
152.203.206.75 - - [29/Jan/2023:08:45:34 -0500] "GET /sipse/faces/javax.faces.resource/jquery/jquery-plugins.js?ln=primefaces&v=4.0 HTTP/1.1" 304 -
152.203.206.75 - - [29/Jan/2023:08:45:34 -0500] "GET /sipse/faces/javax.faces.resource/primefaces.js?ln=primefaces&v=4.0 HTTP/1.1" 304 -
152.203.206.75 - - [29/Jan/2023:08:45:34 -0500] "GET /sipse/faces/javax.faces.resource/layout/layout.js?ln=primefaces&v=4.0 HTTP/1.1" 304 -
172.22.2.1 - - [29/Jan/2023:08:45:39 -0500] "GET /reportes_sipse/sdg/ServletFirma?solicitud=20742 HTTP/1.1" 200 -
152.203.206.75 - - [29/Jan/2023:08:45:39 -0500] "POST /sipse/faces/presentacion/financiero/solicitudProceso/consultarSolicitudProceso.xhtml HTTP/1.1" 200 40155
152.203.206.75 - - [29/Jan/2023:08:45:43 -0500] "GET /sipse/faces/javax.faces.resource/layout/layout.css?ln=primefaces&v=4.0 HTTP/1.1" 304 -
152.203.206.75 - - [29/Jan/2023:08:45:43 -0500] "GET /sipse/faces/javax.faces.resource/theme.css?ln=primefaces-sipse HTTP/1.1" 304 -
152.203.206.75 - - [29/Jan/2023:08:45:43 -0500] "GET /sipse/faces/javax.faces.resource/primefaces.css?ln=primefaces&v=4.0 HTTP/1.1" 304 -
152.203.206.75 - - [29/Jan/2023:08:45:43 -0500] "GET /sipse/faces/javax.faces.resource/jquery/jquery.js?ln=primefaces&v=4.0 HTTP/1.1" 304 -
152.203.206.75 - - [29/Jan/2023:08:45:43 -0500] "GET /sipse/faces/javax.faces.resource/jquery/jquery-plugins.js?ln=primefaces&v=4.0 HTTP/1.1" 304 -
152.203.206.75 - - [29/Jan/2023:08:45:43 -0500] "GET /sipse/faces/javax.faces.resource/primefaces.js?ln=primefaces&v=4.0 HTTP/1.1" 304 -
152.203.206.75 - - [29/Jan/2023:08:45:43 -0500] "GET /sipse/faces/javax.faces.resource/layout/layout.js?ln=primefaces&v=4.0 HTTP/1.1" 304 -
152.203.206.75 - - [29/Jan/2023:08:45:43 -0500] "POST /sipse/faces/presentacion/financiero/solicitudProceso/listarSolicitudProceso.xhtml HTTP/1.1" 200 1416
172.22.2.4 - - [29/Jan/2023:08:44:04 -0500] "GET /BLA/boletinlegal/ HTTP/1.1" 200 59404
152.203.206.75 - - [29/Jan/2023:08:45:45 -0500] "POST /sipse/faces/presentacion/financiero/solicitudProceso/listarSolicitudProceso.xhtml HTTP/1.1" 200 141166
152.203.206.75 - - [29/Jan/2023:08:45:46 -0500] "GET /sipse/faces/javax.faces.resource/layout/layout.css?ln=primefaces&v=4.0 HTTP/1.1" 304 -
152.203.206.75 - - [29/Jan/2023:08:45:46 -0500] "GET /sipse/faces/javax.faces.resource/theme.css?ln=primefaces-sipse HTTP/1.1" 304 -
152.203.206.75 - - [29/Jan/2023:08:45:46 -0500] "GET /sipse/faces/javax.faces.resource/primefaces.css?ln=primefaces&v=4.0 HTTP/1.1" 304 -
152.203.206.75 - - [29/Jan/2023:08:45:47 -0500] "GET /sipse/faces/javax.faces.resource/jquery/jquery.js?ln=primefaces&v=4.0 HTTP/1.1" 304 -
152.203.206.75 - - [29/Jan/2023:08:45:47 -0500] "GET /sipse/faces/javax.faces.resource/jquery/jquery-plugins.js?ln=primefaces&v=4.0 HTTP/1.1" 304 -
152.203.206.75 - - [29/Jan/2023:08:45:47 -0500] "GET /sipse/faces/javax.faces.resource/primefaces.js?ln=primefaces&v=4.0 HTTP/1.1" 304 -
152.203.206.75 - - [29/Jan/2023:08:45:47 -0500] "GET /sipse/faces/javax.faces.resource/layout/layout.js?ln=primefaces&v=4.0 HTTP/1.1" 304 -
172.22.2.1 - - [29/Jan/2023:08:45:51 -0500] "GET /reportes_sipse/sdg/ServletFirma?solicitud=20637 HTTP/1.1" 200 -
152.203.206.75 - - [29/Jan/2023:08:45:51 -0500] "POST /sipse/faces/presentacion/financiero/solicitudProceso/consultarSolicitudProceso.xhtml HTTP/1.1" 200 37165
152.203.206.75 - - [29/Jan/2023:08:45:56 -0500] "GET /sipse/faces/javax.faces.resource/theme.css?ln=primefaces-sipse HTTP/1.1" 304 -
152.203.206.75 - - [29/Jan/2023:08:45:56 -0500] "GET /sipse/faces/javax.faces.resource/jquery/jquery.js?ln=primefaces&v=4.0 HTTP/1.1" 304 -
152.203.206.75 - - [29/Jan/2023:08:45:56 -0500] "GET /sipse/faces/javax.faces.resource/jquery/jquery-plugins.js?ln=primefaces&v=4.0 HTTP/1.1" 304 -
152.203.206.75 - - [29/Jan/2023:08:45:56 -0500] "GET /sipse/faces/javax.faces.resource/primefaces.js?ln=primefaces&v=4.0 HTTP/1.1" 304 -
152.203.206.75 - - [29/Jan/2023:08:45:56 -0500] "GET /sipse/faces/javax.faces.resource/layout/layout.js?ln=primefaces&v=4.0 HTTP/1.1" 304 -
152.203.206.75 - - [29/Jan/2023:08:45:56 -0500] "GET /sipse/faces/javax.faces.resource/primefaces.css?ln=primefaces&v=4.0 HTTP/1.1" 304 -
152.203.206.75 - - [29/Jan/2023:08:45:56 -0500] "GET /sipse/faces/javax.faces.resource/layout/layout.css?ln=primefaces&v=4.0 HTTP/1.1" 304 -
152.203.206.75 - - [29/Jan/2023:08:45:56 -0500] "POST /sipse/faces/presentacion/financiero/solicitudProceso/listarSolicitudProceso.xhtml HTTP/1.1" 200 1396
44.210.244.3 - - [29/Jan/2023:08:46:02 -0500] "-" 408 -
44.210.244.3 - - [29/Jan/2023:08:46:02 -0500] "-" 408 -
152.203.206.75 - - [29/Jan/2023:08:46:19 -0500] "POST /sipse/faces/presentacion/financiero/solicitudProceso/listarSolicitudProceso.xhtml HTTP/1.1" 200 2689
152.203.206.75 - - [29/Jan/2023:08:46:19 -0500] "POST /sipse/faces/presentacion/financiero/solicitudProceso/listarSolicitudProceso.xhtml HTTP/1.1" 200 193
152.203.206.75 - - [29/Jan/2023:08:46:20 -0500] "POST /sipse/faces/presentacion/financiero/solicitudProceso/listarSolicitudProceso.xhtml HTTP/1.1" 200 193
152.203.206.75 - - [29/Jan/2023:08:46:20 -0500] "GET /sipse/faces/presentacion/financiero/solicitudAnulacion/consultarSolicitudAnulacion.xhtml HTTP/1.1" 200 15757
152.203.206.75 - - [29/Jan/2023:08:46:21 -0500] "POST /sipse/faces/presentacion/financiero/solicitudProceso/listarSolicitudProceso.xhtml HTTP/1.1" 200 193
152.203.206.75 - - [29/Jan/2023:08:46:21 -0500] "POST /sipse/faces/presentacion/financiero/solicitudProceso/listarSolicitudProceso.xhtml HTTP/1.1" 200 193
152.203.206.75 - - [29/Jan/2023:08:46:21 -0500] "GET /sipse/faces/presentacion/financiero/solicitudAnulacion/consultarSolicitudAnulacion.xhtml HTTP/1.1" 200 35069
152.203.206.75 - - [29/Jan/2023:08:46:21 -0500] "GET /sipse/faces/presentacion/financiero/solicitudAnulacion/consultarSolicitudAnulacion.xhtml HTTP/1.1" 200 37599
152.203.206.75 - - [29/Jan/2023:08:46:21 -0500] "POST /sipse/faces/presentacion/financiero/solicitudProceso/listarSolicitudProceso.xhtml HTTP/1.1" 200 193
152.203.206.75 - - [29/Jan/2023:08:46:21 -0500] "POST /sipse/faces/presentacion/financiero/solicitudProceso/listarSolicitudProceso.xhtml HTTP/1.1" 200 193
152.203.206.75 - - [29/Jan/2023:08:46:21 -0500] "GET /sipse/faces/presentacion/financiero/solicitudAnulacion/consultarSolicitudAnulacion.xhtml HTTP/1.1" 200 16113
152.203.206.75 - - [29/Jan/2023:08:46:22 -0500] "GET /sipse/faces/javax.faces.resource/layout/layout.css?ln=primefaces&v=4.0 HTTP/1.1" 304 -
152.203.206.75 - - [29/Jan/2023:08:46:22 -0500] "GET /sipse/faces/javax.faces.resource/primefaces.css?ln=primefaces&v=4.0 HTTP/1.1" 304 -
152.203.206.75 - - [29/Jan/2023:08:46:22 -0500] "GET /sipse/faces/javax.faces.resource/jquery/jquery.js?ln=primefaces&v=4.0 HTTP/1.1" 304 -
152.203.206.75 - - [29/Jan/2023:08:46:22 -0500] "GET /sipse/faces/javax.faces.resource/theme.css?ln=primefaces-sipse HTTP/1.1" 304 -
152.203.206.75 - - [29/Jan/2023:08:46:22 -0500] "GET /sipse/faces/javax.faces.resource/jquery/jquery-plugins.js?ln=primefaces&v=4.0 HTTP/1.1" 304 -
152.203.206.75 - - [29/Jan/2023:08:46:21 -0500] "GET /sipse/faces/presentacion/financiero/solicitudAnulacion/consultarSolicitudAnulacion.xhtml HTTP/1.1" 200 37599
152.203.206.75 - - [29/Jan/2023:08:46:22 -0500] "GET /sipse/faces/javax.faces.resource/layout/layout.js?ln=primefaces&v=4.0 HTTP/1.1" 304 -
152.203.206.75 - - [29/Jan/2023:08:46:22 -0500] "GET /sipse/faces/javax.faces.resource/primefaces.js?ln=primefaces&v=4.0 HTTP/1.1" 304 -
152.203.206.75 - - [29/Jan/2023:08:46:22 -0500] "POST /sipse/faces/presentacion/financiero/solicitudAnulacion/consultarSolicitudAnulacion.xhtml HTTP/1.1" 200 10620
152.203.206.75 - - [29/Jan/2023:08:46:24 -0500] "POST /sipse/faces/presentacion/financiero/solicitudAnulacion/consultarSolicitudAnulacion.xhtml HTTP/1.1" 200 41336
152.203.206.75 - - [29/Jan/2023:08:46:24 -0500] "GET /sipse/faces/javax.faces.resource/theme.css?ln=primefaces-sipse HTTP/1.1" 304 -
152.203.206.75 - - [29/Jan/2023:08:46:24 -0500] "GET /sipse/faces/javax.faces.resource/primefaces.css?ln=primefaces&v=4.0 HTTP/1.1" 304 -
152.203.206.75 - - [29/Jan/2023:08:46:24 -0500] "GET /sipse/faces/javax.faces.resource/layout/layout.css?ln=primefaces&v=4.0 HTTP/1.1" 304 -
152.203.206.75 - - [29/Jan/2023:08:46:24 -0500] "GET /sipse/faces/javax.faces.resource/jquery/jquery.js?ln=primefaces&v=4.0 HTTP/1.1" 304 -
152.203.206.75 - - [29/Jan/2023:08:46:24 -0500] "GET /sipse/faces/javax.faces.resource/jquery/jquery-plugins.js?ln=primefaces&v=4.0 HTTP/1.1" 304 -
152.203.206.75 - - [29/Jan/2023:08:46:24 -0500] "GET /sipse/faces/javax.faces.resource/primefaces.js?ln=primefaces&v=4.0 HTTP/1.1" 304 -
152.203.206.75 - - [29/Jan/2023:08:46:25 -0500] "GET /sipse/faces/javax.faces.resource/layout/layout.js?ln=primefaces&v=4.0 HTTP/1.1" 304 -
152.203.206.75 - - [29/Jan/2023:08:46:28 -0500] "POST /sipse/faces/presentacion/financiero/solicitudProceso/consultar.xhtml HTTP/1.1" 200 12761
152.203.206.75 - - [29/Jan/2023:08:46:32 -0500] "POST /sipse/faces/presentacion/financiero/solicitudProceso/consultar.xhtml HTTP/1.1" 200 911
186.84.90.51 - - [29/Jan/2023:08:47:21 -0500] "GET /camino-guadalupe-aguanoso-abierto-este-fin-de-semana-y-cerrado-los-primeros-dias-de-febrero-por-mantenimiento.html HTTP/1.1" 200 804
66.249.66.32 - - [29/Jan/2023:08:47:47 -0500] "-" 408 -
201.245.192.253 - - [29/Jan/2023:08:47:53 -0500] "POST /kwsrmcab/Wsrmcab  HTTP/1.1" 200 213
185.119.81.102 - - [29/Jan/2023:08:48:29 -0500] "GET /portaldeninos/wp-login.php HTTP/1.1" 200 2592
185.119.81.102 - - [29/Jan/2023:08:48:30 -0500] "POST /portaldeninos/wp-login.php HTTP/1.1" 200 3650
152.203.206.75 - - [29/Jan/2023:08:46:21 -0500] "GET /sipse/faces/presentacion/financiero/solicitudAnulacion/consultarSolicitudAnulacion.xhtml HTTP/1.1" 200 17805
216.245.221.92 - - [29/Jan/2023:08:49:30 -0500] "HEAD / HTTP/1.1" 200 -
172.22.2.4 - - [29/Jan/2023:08:49:03 -0500] "HEAD /BLA/boletinlegal/ HTTP/1.1" 200 -
172.22.2.4 - - [29/Jan/2023:08:49:54 -0500] "GET /BLA/boletinlegal/ HTTP/1.1" 200 57824
201.245.192.253 - - [29/Jan/2023:08:52:52 -0500] "POST /kwsrmcab/Wsrmcab  HTTP/1.1" 200 213
66.249.66.6 - - [29/Jan/2023:08:53:41 -0500] "-" 408 -
173.252.83.2 - - [29/Jan/2023:08:53:46 -0500] "GET /images/Secretaria%20Urrutia%20evento%20h\xc3\xa1bitat%20Francia%2024%20de%20enero.jpeg HTTP/1.1" 404 1034
216.245.221.92 - - [29/Jan/2023:08:54:30 -0500] "HEAD / HTTP/1.1" 200 -
186.114.244.136 - - [29/Jan/2023:08:55:07 -0500] "GET /camino-guadalupe-aguanoso-abierto-este-fin-de-semana-y-cerrado-los-primeros-dias-de-febrero-por-mantenimiento.html HTTP/1.1" 200 804
185.119.81.101 - - [29/Jan/2023:08:55:16 -0500] "GET /portaldeninos/wp-login.php HTTP/1.1" 200 2592
185.119.81.101 - - [29/Jan/2023:08:55:17 -0500] "POST /portaldeninos/wp-login.php HTTP/1.1" 200 3670
172.22.2.4 - - [29/Jan/2023:08:54:53 -0500] "HEAD /BLA/boletinlegal/ HTTP/1.1" 200 -
186.96.114.210 - - [29/Jan/2023:08:56:53 -0500] "GET /camino-guadalupe-aguanoso-abierto-este-fin-de-semana-y-cerrado-los-primeros-dias-de-febrero-por-mantenimiento.html?fbclid=IwAR1DhVK3dZpKPwNLzglwALq-HbMyfr35ge6CLE0Ms3KQoAaSo4um6bfIqKU HTTP/1.1" 200 804
172.22.2.4 - - [29/Jan/2023:08:57:11 -0500] "GET /BLA/boletinlegal/actos.php HTTP/1.1" 200 9606
172.22.2.4 - - [29/Jan/2023:08:57:14 -0500] "GET /BLA/boletinlegal/favicon.ico HTTP/1.1" 404 1326
172.22.2.4 - - [29/Jan/2023:08:55:44 -0500] "GET /BLA/boletinlegal/ HTTP/1.1" 200 56825
172.22.2.4 - - [29/Jan/2023:08:56:58 -0500] "GET /BLA/boletinlegal/ HTTP/1.1" 200 32715
201.245.192.253 - - [29/Jan/2023:08:57:51 -0500] "POST /kwsrmcab/Wsrmcab  HTTP/1.1" 200 213
172.22.2.4 - - [29/Jan/2023:08:58:40 -0500] "GET /BLA/boletinlegal/consulta_actos.php?tipo=autos&no=&usuario=&sector=&fecha=2022&resuelve=concepto HTTP/1.1" 200 626
216.245.221.92 - - [29/Jan/2023:08:59:30 -0500] "HEAD / HTTP/1.1" 200 -
185.119.81.101 - - [29/Jan/2023:09:00:05 -0500] "GET /portaldeninos/wp-login.php HTTP/1.1" 200 2592
185.119.81.101 - - [29/Jan/2023:09:00:06 -0500] "POST /portaldeninos/wp-login.php HTTP/1.1" 200 3605
172.22.2.4 - - [29/Jan/2023:09:01:48 -0500] "GET /BLA/boletinlegal/actos.php HTTP/1.1" 200 9606
199.16.157.182 - - [29/Jan/2023:09:01:54 -0500] "GET /images/plaguicidas-1_optimized.jpeg HTTP/1.1" 200 50710
172.22.2.4 - - [29/Jan/2023:09:02:02 -0500] "GET /BLA/boletinlegal/style.css HTTP/1.1" 200 9406
172.22.2.4 - - [29/Jan/2023:09:02:02 -0500] "GET /BLA/boletinlegal/styles2.css HTTP/1.1" 200 1838
172.22.2.4 - - [29/Jan/2023:09:02:07 -0500] "GET /BLA/boletinlegal/js/ajax_actos.js HTTP/1.1" 200 1322
172.22.2.4 - - [29/Jan/2023:09:02:12 -0500] "GET /BLA/boletinlegal/js/jquery1.js HTTP/1.1" 200 29846
172.22.2.4 - - [29/Jan/2023:09:02:12 -0500] "GET /BLA/boletinlegal/js/popup.js HTTP/1.1" 200 1270
172.22.2.4 - - [29/Jan/2023:09:00:43 -0500] "HEAD /BLA/boletinlegal/ HTTP/1.1" 200 -
172.22.2.4 - - [29/Jan/2023:09:02:28 -0500] "GET /BLA/boletinlegal/favicon.ico HTTP/1.1" 404 1018
172.22.2.4 - - [29/Jan/2023:09:02:12 -0500] "GET /BLA/boletinlegal/ HTTP/1.1" 200 20427
201.245.192.253 - - [29/Jan/2023:09:02:51 -0500] "POST /kwsrmcab/Wsrmcab  HTTP/1.1" 200 213
172.22.2.4 - - [29/Jan/2023:09:01:34 -0500] "GET /BLA/boletinlegal/ HTTP/1.1" 200 47188
172.22.2.4 - - [29/Jan/2023:09:02:13 -0500] "GET /BLA/boletinlegal/ HTTP/1.1" 200 32715
172.22.2.4 - - [29/Jan/2023:09:02:29 -0500] "GET /BLA/boletinlegal/ HTTP/1.1" 200 24523
216.245.221.92 - - [29/Jan/2023:09:04:30 -0500] "HEAD / HTTP/1.1" 200 -
186.155.19.224 - - [29/Jan/2023:09:04:51 -0500] "GET /sipse/faces/index.xhtml HTTP/1.1" 200 677
186.155.19.224 - - [29/Jan/2023:09:04:51 -0500] "GET /sipse/faces/javax.faces.resource/theme.css?ln=primefaces-sipse HTTP/1.1" 200 50058
186.155.19.224 - - [29/Jan/2023:09:04:51 -0500] "GET /sipse/faces/faces/autenticacion.xhtml HTTP/1.1" 200 12171
186.155.19.224 - - [29/Jan/2023:09:04:52 -0500] "GET /sipse/css/custom_css_sg.css HTTP/1.1" 304 -
186.155.19.224 - - [29/Jan/2023:09:04:52 -0500] "GET /sipse/css/custom_css_sg_prime_login.css HTTP/1.1" 304 -
186.155.19.224 - - [29/Jan/2023:09:04:52 -0500] "GET /sipse/js/disable_browser_buttons.js HTTP/1.1" 304 -
186.155.19.224 - - [29/Jan/2023:09:04:52 -0500] "GET /sipse/faces/javax.faces.resource/theme.css?ln=primefaces-sipse HTTP/1.1" 304 -
186.155.19.224 - - [29/Jan/2023:09:04:52 -0500] "GET /sipse/faces/javax.faces.resource/layout/layout.css?ln=primefaces&v=4.0 HTTP/1.1" 304 -
186.155.19.224 - - [29/Jan/2023:09:04:52 -0500] "GET /sipse/js/funciones.js HTTP/1.1" 304 -
186.155.19.224 - - [29/Jan/2023:09:04:52 -0500] "GET /sipse/faces/javax.faces.resource/primefaces.css?ln=primefaces&v=4.0 HTTP/1.1" 200 53295
186.155.19.224 - - [29/Jan/2023:09:04:52 -0500] "GET /sipse/faces/javax.faces.resource/layout/layout.js?ln=primefaces&v=4.0 HTTP/1.1" 200 87560
186.155.19.224 - - [29/Jan/2023:09:04:52 -0500] "GET /sipse/faces/javax.faces.resource/jquery/jquery.js?ln=primefaces&v=4.0 HTTP/1.1" 200 105384
186.155.19.224 - - [29/Jan/2023:09:04:52 -0500] "GET /sipse/faces/javax.faces.resource/jquery/jquery-plugins.js?ln=primefaces&v=4.0 HTTP/1.1" 200 220526
186.155.19.224 - - [29/Jan/2023:09:04:52 -0500] "GET /sipse/faces/javax.faces.resource/primefaces.js?ln=primefaces&v=4.0 HTTP/1.1" 200 276924
186.155.19.224 - - [29/Jan/2023:09:04:52 -0500] "GET /sipse/css/imagen/logoSDG.png HTTP/1.1" 304 -
186.155.19.224 - - [29/Jan/2023:09:04:52 -0500] "GET /sipse/css/imagen/loginimg.png HTTP/1.1" 304 -
186.155.19.224 - - [29/Jan/2023:09:04:52 -0500] "GET /sipse/faces/javax.faces.resource/images/ui-icons_898989_256x240.png?ln=primefaces-aristo HTTP/1.1" 304 -
186.155.19.224 - - [29/Jan/2023:09:05:02 -0500] "POST /sipse/faces/autenticacion.xhtml HTTP/1.1" 200 2213
186.155.19.224 - - [29/Jan/2023:09:05:02 -0500] "GET /sipse/faces/javax.faces.resource/messages/messages.png?ln=primefaces&v=4.0 HTTP/1.1" 304 -
186.155.19.224 - - [29/Jan/2023:09:05:03 -0500] "POST /sipse/faces/autenticacion.xhtml HTTP/1.1" 200 16243
186.155.19.224 - - [29/Jan/2023:09:05:03 -0500] "GET /sipse/css/custom_css_sg_prime.css HTTP/1.1" 304 -
186.155.19.224 - - [29/Jan/2023:09:05:03 -0500] "GET /sipse/faces/javax.faces.resource/layout/layout.css?ln=primefaces&v=4.0 HTTP/1.1" 304 -
186.155.19.224 - - [29/Jan/2023:09:05:03 -0500] "GET /sipse/faces/javax.faces.resource/theme.css?ln=primefaces-sipse HTTP/1.1" 304 -
186.155.19.224 - - [29/Jan/2023:09:05:03 -0500] "GET /sipse/faces/javax.faces.resource/primefaces.css?ln=primefaces&v=4.0 HTTP/1.1" 304 -
186.155.19.224 - - [29/Jan/2023:09:05:03 -0500] "GET /sipse/js/jquery.min.js HTTP/1.1" 200 85582
186.155.19.224 - - [29/Jan/2023:09:05:03 -0500] "GET /sipse/faces/javax.faces.resource/jquery/jquery.js?ln=primefaces&v=4.0 HTTP/1.1" 304 -
186.155.19.224 - - [29/Jan/2023:09:05:03 -0500] "GET /sipse/faces/javax.faces.resource/jquery/jquery-plugins.js?ln=primefaces&v=4.0 HTTP/1.1" 304 -
186.155.19.224 - - [29/Jan/2023:09:05:03 -0500] "GET /sipse/faces/javax.faces.resource/primefaces.js?ln=primefaces&v=4.0 HTTP/1.1" 304 -
186.155.19.224 - - [29/Jan/2023:09:05:04 -0500] "GET /sipse/faces/javax.faces.resource/layout/layout.js?ln=primefaces&v=4.0 HTTP/1.1" 304 -
186.155.19.224 - - [29/Jan/2023:09:05:04 -0500] "GET /sipse/css/imagen/contrasena.png HTTP/1.1" 404 383
186.155.19.224 - - [29/Jan/2023:09:05:04 -0500] "GET /sipse/imagenes/cargando.gif HTTP/1.1" 200 36959
186.155.19.224 - - [29/Jan/2023:09:05:04 -0500] "GET /sipse/imagenes/logoAplicacion.jpg HTTP/1.1" 200 155084
186.155.19.224 - - [29/Jan/2023:09:05:05 -0500] "GET /sipse/faces/javax.faces.resource/images/ui-bg_flat_0_2d5972_40x100.png?ln=primefaces-aristo HTTP/1.1" 304 -
186.155.19.224 - - [29/Jan/2023:09:05:05 -0500] "POST /sipse/faces/bienvenido.xhtml HTTP/1.1" 200 2658
186.155.19.224 - - [29/Jan/2023:09:05:07 -0500] "POST /sipse/faces/bienvenido.xhtml HTTP/1.1" 200 63682
186.155.19.224 - - [29/Jan/2023:09:05:08 -0500] "GET /sipse/faces/javax.faces.resource/layout/layout.css?ln=primefaces&v=4.0 HTTP/1.1" 304 -
186.155.19.224 - - [29/Jan/2023:09:05:08 -0500] "GET /sipse/faces/javax.faces.resource/theme.css?ln=primefaces-sipse HTTP/1.1" 304 -
186.155.19.224 - - [29/Jan/2023:09:05:08 -0500] "GET /sipse/faces/javax.faces.resource/primefaces.css?ln=primefaces&v=4.0 HTTP/1.1" 304 -
186.155.19.224 - - [29/Jan/2023:09:05:08 -0500] "GET /sipse/faces/javax.faces.resource/jquery/jquery.js?ln=primefaces&v=4.0 HTTP/1.1" 304 -
186.155.19.224 - - [29/Jan/2023:09:05:08 -0500] "GET /sipse/faces/javax.faces.resource/jquery/jquery-plugins.js?ln=primefaces&v=4.0 HTTP/1.1" 304 -
186.155.19.224 - - [29/Jan/2023:09:05:08 -0500] "GET /sipse/faces/javax.faces.resource/primefaces.js?ln=primefaces&v=4.0 HTTP/1.1" 304 -
186.155.19.224 - - [29/Jan/2023:09:05:08 -0500] "GET /sipse/faces/javax.faces.resource/layout/layout.js?ln=primefaces&v=4.0 HTTP/1.1" 304 -
186.155.19.224 - - [29/Jan/2023:09:05:08 -0500] "POST /sipse/faces/presentacion/financiero/solicitudProceso/listarSolicitudProceso.xhtml HTTP/1.1" 200 1556
185.119.81.104 - - [29/Jan/2023:09:06:12 -0500] "GET /portaldeninos/wp-login.php HTTP/1.1" 200 2592
185.119.81.104 - - [29/Jan/2023:09:06:13 -0500] "POST /portaldeninos/wp-login.php HTTP/1.1" 200 3605
23.90.160.114 - - [29/Jan/2023:09:07:03 -0500] "GET / HTTP/1.1" 200 319
172.22.2.4 - - [29/Jan/2023:09:07:42 -0500] "GET /BLA/boletinlegal/js/lib.js HTTP/1.1" 200 6474
172.22.2.4 - - [29/Jan/2023:09:07:42 -0500] "GET /BLA/boletinlegal/niceforms-default.css HTTP/1.1" 200 6694
172.22.2.4 - - [29/Jan/2023:09:07:43 -0500] "GET /BLA/boletinlegal/niceforms.js HTTP/1.1" 200 22876
201.245.192.253 - - [29/Jan/2023:09:07:50 -0500] "POST /kwsrmcab/Wsrmcab  HTTP/1.1" 200 213
172.22.2.4 - - [29/Jan/2023:09:06:33 -0500] "HEAD /BLA/boletinlegal/ HTTP/1.1" 200 -
186.155.19.224 - - [29/Jan/2023:09:08:53 -0500] "POST /sipse/faces/presentacion/financiero/solicitudProceso/listarSolicitudProceso.xhtml HTTP/1.1" 200 146797
186.155.19.224 - - [29/Jan/2023:09:08:54 -0500] "GET /sipse/faces/javax.faces.resource/theme.css?ln=primefaces-sipse HTTP/1.1" 304 -
186.155.19.224 - - [29/Jan/2023:09:08:54 -0500] "GET /sipse/faces/javax.faces.resource/layout/layout.css?ln=primefaces&v=4.0 HTTP/1.1" 304 -
186.155.19.224 - - [29/Jan/2023:09:08:54 -0500] "GET /sipse/faces/javax.faces.resource/jquery/jquery.js?ln=primefaces&v=4.0 HTTP/1.1" 304 -
186.155.19.224 - - [29/Jan/2023:09:08:54 -0500] "GET /sipse/faces/javax.faces.resource/primefaces.css?ln=primefaces&v=4.0 HTTP/1.1" 304 -
186.155.19.224 - - [29/Jan/2023:09:08:54 -0500] "GET /sipse/faces/javax.faces.resource/jquery/jquery-plugins.js?ln=primefaces&v=4.0 HTTP/1.1" 304 -
186.155.19.224 - - [29/Jan/2023:09:08:54 -0500] "GET /sipse/faces/javax.faces.resource/primefaces.js?ln=primefaces&v=4.0 HTTP/1.1" 304 -
186.155.19.224 - - [29/Jan/2023:09:08:54 -0500] "GET /sipse/faces/javax.faces.resource/layout/layout.js?ln=primefaces&v=4.0 HTTP/1.1" 304 -
172.22.2.4 - - [29/Jan/2023:09:07:23 -0500] "GET /BLA/boletinlegal/ HTTP/1.1" 200 59404
186.155.19.224 - - [29/Jan/2023:09:09:06 -0500] "POST /sipse/faces/presentacion/financiero/solicitudProceso/consultarSolicitudProceso.xhtml HTTP/1.1" 200 1273000
216.245.221.92 - - [29/Jan/2023:09:09:30 -0500] "HEAD / HTTP/1.1" 200 -
186.155.19.224 - - [29/Jan/2023:09:09:35 -0500] "POST /sipse/faces/presentacion/financiero/solicitudProceso/consultarSolicitudProceso.xhtml HTTP/1.1" 200 63682
186.155.19.224 - - [29/Jan/2023:09:09:35 -0500] "GET /sipse/faces/javax.faces.resource/theme.css?ln=primefaces-sipse HTTP/1.1" 304 -
186.155.19.224 - - [29/Jan/2023:09:09:35 -0500] "GET /sipse/faces/javax.faces.resource/layout/layout.css?ln=primefaces&v=4.0 HTTP/1.1" 304 -
186.155.19.224 - - [29/Jan/2023:09:09:35 -0500] "GET /sipse/faces/javax.faces.resource/jquery/jquery.js?ln=primefaces&v=4.0 HTTP/1.1" 304 -
186.155.19.224 - - [29/Jan/2023:09:09:35 -0500] "GET /sipse/faces/javax.faces.resource/primefaces.css?ln=primefaces&v=4.0 HTTP/1.1" 304 -
186.155.19.224 - - [29/Jan/2023:09:09:35 -0500] "GET /sipse/faces/javax.faces.resource/jquery/jquery-plugins.js?ln=primefaces&v=4.0 HTTP/1.1" 304 -
186.155.19.224 - - [29/Jan/2023:09:09:35 -0500] "GET /sipse/faces/javax.faces.resource/primefaces.js?ln=primefaces&v=4.0 HTTP/1.1" 304 -
186.155.19.224 - - [29/Jan/2023:09:09:35 -0500] "GET /sipse/faces/javax.faces.resource/layout/layout.js?ln=primefaces&v=4.0 HTTP/1.1" 304 -
186.155.19.224 - - [29/Jan/2023:09:09:36 -0500] "POST /sipse/faces/presentacion/financiero/solicitudProceso/listarSolicitudProceso.xhtml HTTP/1.1" 200 57067
186.155.19.224 - - [29/Jan/2023:09:09:36 -0500] "POST /sipse/faces/presentacion/financiero/solicitudProceso/listarSolicitudProceso.xhtml HTTP/1.1" 200 57067
186.155.19.224 - - [29/Jan/2023:09:09:36 -0500] "POST /sipse/faces/presentacion/financiero/solicitudProceso/listarSolicitudProceso.xhtml HTTP/1.1" 200 1556
186.155.19.224 - - [29/Jan/2023:09:09:36 -0500] "POST /sipse/faces/presentacion/financiero/solicitudProceso/listarSolicitudProceso.xhtml HTTP/1.1" 200 1560
186.155.19.224 - - [29/Jan/2023:09:09:36 -0500] "POST /sipse/faces/presentacion/financiero/solicitudProceso/listarSolicitudProceso.xhtml HTTP/1.1" 200 1560
186.155.19.224 - - [29/Jan/2023:09:10:11 -0500] "POST /sipse/faces/presentacion/financiero/solicitudProceso/listarSolicitudProceso.xhtml HTTP/1.1" 200 32070
186.28.76.135 - - [29/Jan/2023:09:12:04 -0500] "GET /camino-guadalupe-aguanoso-abierto-este-fin-de-semana-y-cerrado-los-primeros-dias-de-febrero-por-mantenimiento.html?fbclid=IwAR3bAHjxvCPeoreoJAA-c0L274TjWkgGnT-dGXwi0RBBDIBViPeher8QE0U HTTP/1.1" 200 804
185.119.81.101 - - [29/Jan/2023:09:12:20 -0500] "GET /portaldeninos/wp-login.php HTTP/1.1" 200 2592
185.119.81.101 - - [29/Jan/2023:09:12:21 -0500] "POST /portaldeninos/wp-login.php HTTP/1.1" 200 3670
201.245.192.253 - - [29/Jan/2023:09:12:48 -0500] "POST /kwsrmcab/Wsrmcab  HTTP/1.1" 200 213
173.252.107.10 - - [29/Jan/2023:09:12:56 -0500] "GET /images/IMG_3028%20(1).jpg HTTP/1.1" 200 435206
173.252.107.24 - - [29/Jan/2023:09:12:58 -0500] "GET /camino-guadalupe-aguanoso-abierto-este-fin-de-semana-y-cerrado-los-primeros-dias-de-febrero-por-mantenimiento.html HTTP/1.1" 206 804
172.22.2.4 - - [29/Jan/2023:09:12:23 -0500] "HEAD /BLA/boletinlegal/ HTTP/1.1" 200 -
216.245.221.92 - - [29/Jan/2023:09:14:30 -0500] "HEAD / HTTP/1.1" 200 -
186.29.13.35 - - [29/Jan/2023:09:14:37 -0500] "POST /sipse/faces/presentacion/financiero/solicitudProceso/consultarSolicitudProceso.xhtml HTTP/1.1" 302 -
186.29.13.35 - - [29/Jan/2023:09:14:37 -0500] "GET /sipse/faces/autenticacion.xhtml HTTP/1.1" 200 1099
186.29.13.35 - - [29/Jan/2023:09:14:37 -0500] "POST /sipse/faces/presentacion/financiero/solicitudProceso/consultarSolicitudProceso.xhtml HTTP/1.1" 302 -
186.29.13.35 - - [29/Jan/2023:09:14:37 -0500] "GET /sipse/faces/autenticacion.xhtml HTTP/1.1" 200 1099
186.29.13.35 - - [29/Jan/2023:09:14:37 -0500] "POST /sipse/faces/presentacion/financiero/solicitudProceso/consultarSolicitudProceso.xhtml HTTP/1.1" 302 -
186.29.13.35 - - [29/Jan/2023:09:14:37 -0500] "GET /sipse/faces/autenticacion.xhtml HTTP/1.1" 200 1099
186.29.13.35 - - [29/Jan/2023:09:14:37 -0500] "POST /sipse/faces/presentacion/financiero/solicitudProceso/consultarSolicitudProceso.xhtml HTTP/1.1" 302 -
186.29.13.35 - - [29/Jan/2023:09:14:37 -0500] "GET /sipse/faces/autenticacion.xhtml HTTP/1.1" 200 1099
186.29.13.35 - - [29/Jan/2023:09:14:37 -0500] "POST /sipse/faces/presentacion/financiero/solicitudProceso/consultarSolicitudProceso.xhtml HTTP/1.1" 302 -
186.29.13.35 - - [29/Jan/2023:09:14:37 -0500] "GET /sipse/faces/autenticacion.xhtml HTTP/1.1" 200 1099
186.29.13.35 - - [29/Jan/2023:09:14:48 -0500] "POST /sipse/faces/presentacion/financiero/solicitudProceso/consultarSolicitudProceso.xhtml HTTP/1.1" 302 -
186.29.13.35 - - [29/Jan/2023:09:14:48 -0500] "GET /sipse/faces/autenticacion.xhtml HTTP/1.1" 200 1099
186.29.13.35 - - [29/Jan/2023:09:14:48 -0500] "POST /sipse/faces/presentacion/financiero/solicitudProceso/consultarSolicitudProceso.xhtml HTTP/1.1" 302 -
186.29.13.35 - - [29/Jan/2023:09:14:48 -0500] "GET /sipse/faces/autenticacion.xhtml HTTP/1.1" 200 1099
186.29.13.35 - - [29/Jan/2023:09:14:48 -0500] "POST /sipse/faces/presentacion/financiero/solicitudProceso/consultarSolicitudProceso.xhtml HTTP/1.1" 302 -
186.29.13.35 - - [29/Jan/2023:09:14:48 -0500] "GET /sipse/faces/autenticacion.xhtml HTTP/1.1" 200 1099
186.29.13.35 - - [29/Jan/2023:09:14:48 -0500] "POST /sipse/faces/presentacion/financiero/solicitudProceso/consultarSolicitudProceso.xhtml HTTP/1.1" 302 -
186.29.13.35 - - [29/Jan/2023:09:14:48 -0500] "GET /sipse/faces/autenticacion.xhtml HTTP/1.1" 200 1099
186.29.13.35 - - [29/Jan/2023:09:14:48 -0500] "POST /sipse/faces/presentacion/financiero/solicitudProceso/consultarSolicitudProceso.xhtml HTTP/1.1" 302 -
186.29.13.35 - - [29/Jan/2023:09:14:48 -0500] "GET /sipse/faces/autenticacion.xhtml HTTP/1.1" 200 1099
172.22.2.4 - - [29/Jan/2023:09:13:14 -0500] "GET /BLA/boletinlegal/ HTTP/1.1" 200 57824
186.29.13.35 - - [29/Jan/2023:09:15:00 -0500] "GET /sipse/faces/javax.faces.resource/theme.css?ln=primefaces-sipse HTTP/1.1" 304 -
186.29.13.35 - - [29/Jan/2023:09:15:01 -0500] "GET /sipse/faces/faces/autenticacion.xhtml HTTP/1.1" 200 12171
186.29.13.35 - - [29/Jan/2023:09:15:01 -0500] "GET /sipse/js/disable_browser_buttons.js HTTP/1.1" 304 -
186.29.13.35 - - [29/Jan/2023:09:15:01 -0500] "GET /sipse/js/funciones.js HTTP/1.1" 304 -
186.29.13.35 - - [29/Jan/2023:09:15:01 -0500] "GET /sipse/css/custom_css_sg_prime_login.css HTTP/1.1" 304 -
186.29.13.35 - - [29/Jan/2023:09:15:01 -0500] "GET /sipse/css/custom_css_sg.css HTTP/1.1" 304 -
186.29.13.35 - - [29/Jan/2023:09:15:01 -0500] "GET /sipse/faces/javax.faces.resource/theme.css?ln=primefaces-sipse HTTP/1.1" 304 -
186.29.13.35 - - [29/Jan/2023:09:15:01 -0500] "GET /sipse/faces/javax.faces.resource/layout/layout.css?ln=primefaces&v=4.0 HTTP/1.1" 304 -
186.29.13.35 - - [29/Jan/2023:09:15:01 -0500] "GET /sipse/faces/javax.faces.resource/jquery/jquery.js?ln=primefaces&v=4.0 HTTP/1.1" 304 -
186.29.13.35 - - [29/Jan/2023:09:15:01 -0500] "GET /sipse/faces/javax.faces.resource/primefaces.css?ln=primefaces&v=4.0 HTTP/1.1" 304 -
