!C99Shell v. 1.0 pre-release build #13!

Software: Apache. PHP/5.5.15 

uname -a: Windows NT SVR-DMZ 6.1 build 7600 (Windows Server 2008 R2 Enterprise Edition) i586 

SYSTEM 

Safe-mode: OFF (not secure)

E:\nuevo\apache\logs\   drwxrwxrwx
Free 8.02 GB of 239.26 GB (3.35%)
Detected drives: [ a ] [ c ] [ d ] [ e ] [ f ]
Home    Back    Forward    UPDIR    Refresh    Search    Buffer    Encoder    Tools    Proc.    FTP brute    Sec.    SQL    PHP-code    Update    Feedback    Self remove    Logout    


Viewing file:     access.2023.01.29.log (4.82 MB)      -rw-rw-rw-
Select action/file-type:
(+) | (+) | (+) | Code (+) | Session (+) | (+) | SDB (+) | (+) | (+) | (+) | (+) | (+) |
186.29.13.35 - - [29/Jan/2023:00:00:01 -0500] "POST /sipse/faces/presentacion/financiero/solicitudProceso/consultarSolicitudProceso.xhtml HTTP/1.1" 200 77794
186.29.13.35 - - [29/Jan/2023:00:00:12 -0500] "POST /sipse/faces/presentacion/financiero/solicitudProceso/consultarSolicitudProceso.xhtml HTTP/1.1" 200 132802
186.29.13.35 - - [29/Jan/2023:00:00:16 -0500] "POST /sipse/faces/presentacion/financiero/solicitudProceso/consultarSolicitudProceso.xhtml HTTP/1.1" 200 162262
186.29.13.35 - - [29/Jan/2023:00:00:23 -0500] "POST /sipse/faces/presentacion/financiero/solicitudProceso/consultarSolicitudProceso.xhtml HTTP/1.1" 200 993214
186.29.13.35 - - [29/Jan/2023:00:00:28 -0500] "POST /sipse/faces/presentacion/financiero/solicitudProceso/consultarSolicitudProceso.xhtml HTTP/1.1" 200 319549
186.29.13.35 - - [29/Jan/2023:00:00:32 -0500] "POST /sipse/faces/presentacion/financiero/solicitudProceso/consultarSolicitudProceso.xhtml HTTP/1.1" 200 2024016
186.29.13.35 - - [29/Jan/2023:00:00:38 -0500] "POST /sipse/faces/presentacion/financiero/solicitudProceso/consultarSolicitudProceso.xhtml HTTP/1.1" 200 54611
172.22.2.4 - - [28/Jan/2023:23:59:05 -0500] "GET /BLA/boletinlegal/ HTTP/1.1" 200 57824
181.53.13.142 - - [29/Jan/2023:00:01:41 -0500] "GET /kwssiamovil/sm/acme/a?s=U2FsdGVkX18V0f/56TGJr66RCndbiNSxHz0RWLhFto3oK55sfW4waGWzY1nD41NroXfQYOa2G1sheiGF8KicjdVPL4jv9cnki3LCGhmzQIMEaekW348e4GdCXOZyM5Mk0KMF6XEFPRIePsDrWMNk41h4V3K6cEMCqzG4J66TKU4BdoSiQ147VlVd5ffBmAb8CFov/rQ7bCEKQr+OEnLwSWBQv1sCtdUhp/Qk95KvMQZbuLE2u41GlxqAEoaT/SvQkWgeqO9vsCOUQSV6P4JmG2ybZeNu5OEZfOZQQOsyNrQ=&u=U2FsdGVkX1/EpnPqDI8ZkQLgTa7WP6p9HuVbCMEGwucUXj3uWalnhUMTQcBkbUEl&y=U2FsdGVkX1+IekF+VEeXTtexJ4mlb8bstz3N7kLypntbsV955So1UnocX/nYcSt8 HTTP/1.1" 200 26
181.53.13.142 - - [29/Jan/2023:00:01:41 -0500] "GET /kwssiamovil/sm/acme/a?s=U2FsdGVkX1/rI0w2O1WEmwypJUicnIXjWp/diB0Iew8A6q8qINNyO4kA+CPDFPOPBNyfFYf3BUxsXsDy4ssv6+cBKFeBwqvp483Otx0Y1luUNJtrTSAHnI4Sg1src1YJR91dlABo84OlEWtJo4cVDbFNzZEs/WrUcLhFgAbFr1q7sUU1nGoFPC19RM2NmEBL/Z9Dj+lDfbS5oieWdw9btgRVdD14eDbJAU6C2u3bqnEzZFxE2EsDGrAeFlnwR7e1rbZVE3IglZkBhc3WgjPv3eGseELv+S5a4plLCea7fZ9c5H09kU04iMuNRjpgV5VAyhT94KLNlmIInbb1L+Q2gCl6AOzSwLxGzgrpxfR67W0UnJn5D46eD1ijywes/BUVAg6WkSIiwd/5aFfhUOzCok2io3T7m4JYu/vNgL2j3pFwoI4A/qiTcWE5Xum4cSzIvPZzE0DdUXDHW0Koe3MsXwLf371ANCXurb2VwcN1MwmFYV/JmnpaROlHqp52ALWoEd8eQ8xHWFmf4XJp+C/fYseOaDRcYbz/yqOx0KTDzNa+Hw4icsbkJ95LKyT/h8HtDgUOeL8fmoZqARPUgy+aORal8K9MzmTXGBSJ8D6kr+LDg6OFwE9jofiNwinszTLs5PQxVBSS66rqBNL0/UBZT5zgPYFOti1o5zjJZlBboXLwubifylETjocUikSv4KfO73+YXRIdwEdc+I4swp3YAWHNDL5zJpYKFa6Z7GrrqIzRNdYaDHfXk6Nk3HWdHelxBf+9pWbBD99u9huhwWt0+MPkQP/tPH5MAkXGaNu9H0ClQmr5OXjelrPAIToX4aeXz74IpScQpL5c7PaDbtkHrTMxseyGqOnM2l7yc67DJEgWcaSFJw1I53xLcU+JOBmm37IYVJ7HFJIub0xxng20bbjKpNZzUxalLM3hjdJVqQH6V3k7JUN5+CrSsp+cu039Ou59I+CboE8qTl6mJx6AQBOZ35rWxrsS6jAb+59O8pxfZQ+rHPVTSSDZVhNxJeePKiYRgojT2Ql+ykXoEBehULi+IIEaLYZz/Zyd3p2SLV5OG3XnZ8I0RxQBn7XAfDQ7qYFM7768JN557xGTHu5XH5nWQvmKqzKK0ZavwT/t1XZKd3GDlOLJZhNHGsoKkQt/WQN4EfD4E3rvTRNDlnQECBX3faRDOCUlJhMqEabUV+GwcGNSrAxUnkvktoSXVlYhwKP18J93Gcw+WI3hZiZqSeVXq+VMZD5dHqZ+FrU3D+magjEOJL65XFlvlFV7zPdcsD6Y1cysv4HFBnB/w39NE6DSj0Ijc1SQpci345qUbeHlKHThhpzV5jmYwIlpqwehMYM6g4rtF5/ZVjKjZdAKHoIjDEc/wKaOQIc/PCria0tqeCafeWIDm30p8It9wCr0h2WLxUcb/0tf84AfVDyIm3n32Lmqdz8fmcFWLJjcyrrVp3f5Ua1SOHwS9TFcG2Jh38wZNPn7CJm90n89U8/Rw0maoh7u43rRsZw1Y7RU4r7JVi5ZtYc7ssoJ408EK2sfxlyqOFN3QMP+sRiDGohbwJQOOLyn8AUZngNNqXWq6F8a6G76N4CY0mlxXxVpMwTpRoUiQU/nYKf8xhW1WBHPw67muPAIH5mZC/H2i3E9kVhqN0vQU9du6ZIrNEhHcDy3fgoC+jkJeglB7odvCrXSzqse/NqjxMvpqjRvRcMHkeNm769C0VE39DdS5S/nk3P9LWu1wgB1l/f0zlwgqFjJSfVLOKYMwTcjdnoZIO3EHNwf/IIjyLBsJs6oOIIk1GUQeBXRnCqQq26jPCbs2vD98WtE352VGj28xZjkIVnuLSFkKR9fG3Erx+WTDjbBaXn211gawxTURhBQsClrAWNmdH1QNgI0tNjh6NB/F8c1OihUiE3VvE5rCwcWCFg3VPdO2LzfwRiSsS8erMrVCYauukqs3bzMOl1wVl2CaXfWdfaIJDonzU5n6TG66KrgVs+gZyFJyoZyQ1wUcrna0X99/5r2OLbFh9HEqbUGG/iF0nS/hLLGAyX3IVSgIdj6CwUnDYci2BNnCE2ig9qWVoBOs8YuKgnj+P/0DglE3QnVR2DIUVUBShP6dVYig2QAyQJmjjVPFKjONJ0wZAoqgE2CaImonnNFsJPpJoNn2NcAiALK5/vJwzX7gAAmEglsjmlJ2EPayJKDEZID3qX0InEhdKzx24T4qzWRi7kNXjKAGId5PPuSvvQNWRQiQ1DLUDbcXiHtoZyd1ClZZfLfDDV7ivxTnBvwRxeQeV0xVdW71nVVlZmXgZCjdjo0ERGoYKqqCIzR0n1JWMwhf3VrNHWTpoERj4Q5JgSEDDyFcblKkYubfvbRxCZep7xQdb9unQPbJxa+xNjIOTY8ENczmDjUemmoOB8Rv9kLCly8+cTOhQicFe1/gm//t4C2zyT02Qb0lsR0mCInUXeR9/ysq/BCxa2HBGRWGXUMbrjqU4uxGgn6UQiJ6woGRlHevoQRsd3JLtG42iFLckW+UlUq92FdwP/shXTMnoizLD3F46a8NvzAcHDBbf4YLQnGXY+wh7jyVL28LM4vKrZgGTbtL5o6lkXBWjEPk+XLKW/GvoA6ns0TsD0KoT0e6MXXTaeq3LL0+31h7aOQTCP2ZAjrOcWy5q4loCQoLgxf3axbNtR2wuV/OjhFkMTHtHNYhJxDLUe5qFSapkNprk1eFDCCKhsaFYcH1kXTvSRdOql7vP3Ryp8k5FsLyKtftzu30jxAWZ2a+GwsRCYWtpMT+tMXqrElYJlnhoDTApN+vKVG3zLjezaKEmZs2HZ6kNxhndW6/CQHirymQ2fFNB3m86TCvloGJE99rClB7ffm9SpN3lqRCBXHQPpHcjOT9l5Wf6O9SGe7Pzlf291McwWZLFt9BA43b1GqAgjZNf2BigajXGZYjSJKP0cNv2oFquhk+XyKuJ8Y80Wj3AcSY4CbE2gSnsR6ovSvYeZIXwWU4MQXw1TDebs=&u=U2FsdGVkX1/EpnPqDI8ZkQLgTa7WP6p9HuVbCMEGwucUXj3uWalnhUMTQcBkbUEl&y=U2FsdGVkX1+IekF+VEeXTtexJ4mlb8bstz3N7kLypntbsV955So1UnocX/nYcSt8 HTTP/1.1" 200 26
181.53.13.142 - - [29/Jan/2023:00:01:42 -0500] "GET /kwssiamovil/sm/acme/a?s=U2FsdGVkX1/mp0p4HWZ4mFPU+0kMPSUwrK8vX83Q9sqF0j09XeUz9nUGn/bRrm7cgsBsou8neE/cHrt0o7l4FD6tL+ftyP2O2mgHPjs6SQtEfzjM9qlO+jGZE0DPXdE7H9r7y+DXJ54YMbQssG8jjpRF28dZe3fP4sSWgd4W+JE=&u=U2FsdGVkX1/EpnPqDI8ZkQLgTa7WP6p9HuVbCMEGwucUXj3uWalnhUMTQcBkbUEl&y=U2FsdGVkX1+IekF+VEeXTtexJ4mlb8bstz3N7kLypntbsV955So1UnocX/nYcSt8 HTTP/1.1" 200 26
181.53.13.142 - - [29/Jan/2023:00:01:42 -0500] "GET /kwssiamovil/sm/acme/a?s=U2FsdGVkX1/4yirrbovfhcjP8VFNot3MzFpqEGCGdGRpM9cVDtrOg4q0WLFjwL7gQ+CY5NCLKpZ1vzRgfQRgtOKZviM53ljfLle9bmrpWSTlz6QSmXIWziRjpO5e9pYhJg+TTNCyhf34YAQQ/X9VxvPNGmHMXybExHgacs+XL1I=&u=U2FsdGVkX1/EpnPqDI8ZkQLgTa7WP6p9HuVbCMEGwucUXj3uWalnhUMTQcBkbUEl&y=U2FsdGVkX1+IekF+VEeXTtexJ4mlb8bstz3N7kLypntbsV955So1UnocX/nYcSt8 HTTP/1.1" 200 26
181.53.13.142 - - [29/Jan/2023:00:01:42 -0500] "GET /kwssiamovil/sm/acme/a?s=U2FsdGVkX19sEwh1443xlsw8HkbRhaPftQrijsy30EX/fcyH0CrKdvoCr48xdOFeZJds00KBN3B1BlbLlzg8giGoMebI5uOpAp2/O7ddpX/xD3sT+3+Zyge3Bi/P+bS2uHfJz4l1xybD+Kkj03BnV1W/CDbkgBdnZs9xlR5w9iw=&u=U2FsdGVkX1/EpnPqDI8ZkQLgTa7WP6p9HuVbCMEGwucUXj3uWalnhUMTQcBkbUEl&y=U2FsdGVkX1+IekF+VEeXTtexJ4mlb8bstz3N7kLypntbsV955So1UnocX/nYcSt8 HTTP/1.1" 200 26
181.53.13.142 - - [29/Jan/2023:00:01:43 -0500] "GET /kwssiamovil/sm/acme/a?s=U2FsdGVkX1+22nmbOK4uXZWzyPAwS6rN0dW+NXXCJ8ch9YolQTNcBQnD6McSCw14vaH/KmhklSy+X7SQWUSQNg1UX94ufbVAerLVRvy3tNDlop3nLWhxDrAORI6HhNvlDSh1zTwify1hP8ujKT0MoyfAbTYxJbBly2qy8ljsXsgBXoMLT2e7bE/P8+kSvxVUS0GlPIM99IpNltdJQDemhQ==&u=U2FsdGVkX1/EpnPqDI8ZkQLgTa7WP6p9HuVbCMEGwucUXj3uWalnhUMTQcBkbUEl&y=U2FsdGVkX1+IekF+VEeXTtexJ4mlb8bstz3N7kLypntbsV955So1UnocX/nYcSt8 HTTP/1.1" 200 26
66.249.75.63 - - [29/Jan/2023:00:02:11 -0500] "-" 408 -
186.29.13.35 - - [29/Jan/2023:00:02:14 -0500] "GET /sipse/faces/javax.faces.resource/images/ui-bg_flat_0_2d5972_40x100.png?ln=primefaces-aristo HTTP/1.1" 304 -
186.29.13.35 - - [29/Jan/2023:00:02:14 -0500] "POST /sipse/faces/presentacion/sistema/reporte/ventanaVerReporteParametros.xhtml HTTP/1.1" 200 33614
186.29.13.35 - - [29/Jan/2023:00:02:14 -0500] "GET /sipse/faces/javax.faces.resource/jquery/jquery.js?ln=primefaces&v=4.0 HTTP/1.1" 304 -
186.29.13.35 - - [29/Jan/2023:00:02:14 -0500] "GET /sipse/faces/javax.faces.resource/jquery/jquery-plugins.js?ln=primefaces&v=4.0 HTTP/1.1" 304 -
186.29.13.35 - - [29/Jan/2023:00:02:14 -0500] "GET /sipse/faces/javax.faces.resource/primefaces.js?ln=primefaces&v=4.0 HTTP/1.1" 304 -
186.29.13.35 - - [29/Jan/2023:00:02:14 -0500] "GET /sipse/faces/javax.faces.resource/layout/layout.js?ln=primefaces&v=4.0 HTTP/1.1" 304 -
186.29.13.35 - - [29/Jan/2023:00:02:16 -0500] "POST /sipse/faces/presentacion/sistema/reporte/listarReportes.xhtml HTTP/1.1" 200 22242
186.29.13.35 - - [29/Jan/2023:00:02:16 -0500] "GET /sipse/faces/javax.faces.resource/theme.css?ln=primefaces-sipse HTTP/1.1" 304 -
186.29.13.35 - - [29/Jan/2023:00:02:16 -0500] "GET /sipse/faces/javax.faces.resource/primefaces.css?ln=primefaces&v=4.0 HTTP/1.1" 304 -
186.29.13.35 - - [29/Jan/2023:00:02:16 -0500] "GET /sipse/faces/javax.faces.resource/layout/layout.css?ln=primefaces&v=4.0 HTTP/1.1" 304 -
186.29.13.35 - - [29/Jan/2023:00:02:16 -0500] "GET /sipse/faces/javax.faces.resource/jquery/jquery.js?ln=primefaces&v=4.0 HTTP/1.1" 304 -
186.29.13.35 - - [29/Jan/2023:00:02:16 -0500] "GET /sipse/faces/javax.faces.resource/jquery/jquery-plugins.js?ln=primefaces&v=4.0 HTTP/1.1" 304 -
186.29.13.35 - - [29/Jan/2023:00:02:16 -0500] "GET /sipse/faces/javax.faces.resource/primefaces.js?ln=primefaces&v=4.0 HTTP/1.1" 304 -
186.29.13.35 - - [29/Jan/2023:00:02:16 -0500] "GET /sipse/faces/javax.faces.resource/layout/layout.js?ln=primefaces&v=4.0 HTTP/1.1" 304 -
186.29.13.35 - - [29/Jan/2023:00:02:16 -0500] "GET /sipse/faces/javax.faces.resource/images/ui-icons_898989_256x240.png?ln=primefaces-aristo HTTP/1.1" 304 -
207.46.13.46 - - [29/Jan/2023:00:04:00 -0500] "GET /images/humedal-tingua-azul-ecosistema-20-enero.jpg HTTP/1.1" 200 188709
216.245.221.92 - - [29/Jan/2023:00:04:31 -0500] "HEAD / HTTP/1.1" 200 -
201.245.192.253 - - [29/Jan/2023:00:04:42 -0500] "POST /kwsrmcab/Wsrmcab  HTTP/1.1" 200 213
172.22.2.4 - - [29/Jan/2023:00:04:04 -0500] "HEAD /BLA/boletinlegal/ HTTP/1.1" 200 -
186.29.13.35 - - [29/Jan/2023:00:05:58 -0500] "POST /sipse/faces/presentacion/financiero/solicitudProceso/consultarSolicitudProceso.xhtml HTTP/1.1" 200 2210611
172.22.2.4 - - [29/Jan/2023:00:04:55 -0500] "GET /BLA/boletinlegal/ HTTP/1.1" 200 57824
216.245.221.92 - - [29/Jan/2023:00:09:31 -0500] "HEAD / HTTP/1.1" 200 -
66.249.75.63 - - [29/Jan/2023:00:09:34 -0500] "-" 408 -
157.55.39.157 - - [29/Jan/2023:00:09:39 -0500] "GET /BLA/resoluciones/index.php?dir=RESOLUCIONES+2022%2F HTTP/1.1" 200 279472
201.245.192.253 - - [29/Jan/2023:00:09:41 -0500] "POST /kwsrmcab/Wsrmcab  HTTP/1.1" 200 213
185.119.81.102 - - [29/Jan/2023:00:11:25 -0500] "GET /portaldeninos/wp-login.php HTTP/1.1" 200 2592
185.119.81.102 - - [29/Jan/2023:00:11:27 -0500] "POST /portaldeninos/wp-login.php HTTP/1.1" 200 3670
172.22.2.4 - - [29/Jan/2023:00:09:54 -0500] "HEAD /BLA/boletinlegal/ HTTP/1.1" 200 -
68.183.41.255 - - [29/Jan/2023:00:11:53 -0500] "POST /boaform/admin/formLogin HTTP/1.1" 404 1186
172.22.2.4 - - [29/Jan/2023:00:10:45 -0500] "GET /BLA/boletinlegal/ HTTP/1.1" 200 57824
144.217.70.87 - - [29/Jan/2023:00:13:18 -0500] "GET /auambari-deleito-con-sus-sonidos-ambientales-a-los-asistentes-de-fima-2021.html HTTP/1.1" 200 888
216.245.221.92 - - [29/Jan/2023:00:14:31 -0500] "HEAD / HTTP/1.1" 200 -
201.245.192.253 - - [29/Jan/2023:00:14:40 -0500] "POST /kwsrmcab/Wsrmcab  HTTP/1.1" 200 213
66.249.75.63 - - [29/Jan/2023:00:15:19 -0500] "-" 408 -
34.76.158.233 - - [29/Jan/2023:00:16:37 -0500] "GET / HTTP/1.1" 200 319
172.22.2.4 - - [29/Jan/2023:00:15:44 -0500] "HEAD /BLA/boletinlegal/ HTTP/1.1" 200 -
64.62.197.188 - - [29/Jan/2023:00:17:29 -0500] "GET /favicon.ico HTTP/1.1" 200 7782
157.55.39.89 - - [29/Jan/2023:00:17:51 -0500] "GET /images/paneles-solares-1_optimized.jpg HTTP/1.1" 200 108853
172.22.2.4 - - [29/Jan/2023:00:16:35 -0500] "GET /BLA/boletinlegal/ HTTP/1.1" 200 57192
201.245.192.253 - - [29/Jan/2023:00:18:24 -0500] "POST /kwsrmcab/Wsrmcab HTTP/1.1" 200 41440
201.245.192.253 - - [29/Jan/2023:00:18:27 -0500] "POST /kwsrmcab/Wsrmcab HTTP/1.1" 200 41867
216.245.221.92 - - [29/Jan/2023:00:19:31 -0500] "HEAD / HTTP/1.1" 200 -
201.245.192.253 - - [29/Jan/2023:00:19:40 -0500] "POST /kwsrmcab/Wsrmcab  HTTP/1.1" 200 213
66.249.75.63 - - [29/Jan/2023:00:21:14 -0500] "-" 408 -
186.29.13.35 - - [29/Jan/2023:00:22:09 -0500] "POST /sipse/faces/presentacion/financiero/solicitudProceso/consultarSolicitudProceso.xhtml HTTP/1.1" 200 44325
186.29.13.35 - - [29/Jan/2023:00:22:12 -0500] "GET /sipse/faces/javax.faces.resource/theme.css?ln=primefaces-sipse HTTP/1.1" 304 -
186.29.13.35 - - [29/Jan/2023:00:22:12 -0500] "GET /sipse/faces/javax.faces.resource/primefaces.css?ln=primefaces&v=4.0 HTTP/1.1" 304 -
186.29.13.35 - - [29/Jan/2023:00:22:12 -0500] "GET /sipse/faces/javax.faces.resource/layout/layout.css?ln=primefaces&v=4.0 HTTP/1.1" 304 -
186.29.13.35 - - [29/Jan/2023:00:22:12 -0500] "GET /sipse/faces/javax.faces.resource/jquery/jquery.js?ln=primefaces&v=4.0 HTTP/1.1" 304 -
186.29.13.35 - - [29/Jan/2023:00:22:12 -0500] "GET /sipse/faces/javax.faces.resource/jquery/jquery-plugins.js?ln=primefaces&v=4.0 HTTP/1.1" 304 -
186.29.13.35 - - [29/Jan/2023:00:22:12 -0500] "GET /sipse/faces/javax.faces.resource/primefaces.js?ln=primefaces&v=4.0 HTTP/1.1" 304 -
186.29.13.35 - - [29/Jan/2023:00:22:12 -0500] "GET /sipse/faces/javax.faces.resource/layout/layout.js?ln=primefaces&v=4.0 HTTP/1.1" 304 -
186.29.13.35 - - [29/Jan/2023:00:22:13 -0500] "POST /sipse/faces/presentacion/financiero/solicitudProceso/listarSolicitudProceso.xhtml HTTP/1.1" 200 1464
186.29.13.35 - - [29/Jan/2023:00:22:39 -0500] "POST /sipse/faces/presentacion/financiero/solicitudProceso/listarSolicitudProceso.xhtml HTTP/1.1" 200 30949
186.29.13.35 - - [29/Jan/2023:00:22:41 -0500] "POST /sipse/faces/presentacion/financiero/solicitudProceso/listarSolicitudProceso.xhtml HTTP/1.1" 200 11126
186.29.13.35 - - [29/Jan/2023:00:22:50 -0500] "POST /sipse/faces/presentacion/financiero/solicitudProceso/listarSolicitudProceso.xhtml HTTP/1.1" 200 149118
186.29.13.35 - - [29/Jan/2023:00:22:51 -0500] "GET /sipse/faces/javax.faces.resource/theme.css?ln=primefaces-sipse HTTP/1.1" 304 -
186.29.13.35 - - [29/Jan/2023:00:22:51 -0500] "GET /sipse/faces/javax.faces.resource/primefaces.css?ln=primefaces&v=4.0 HTTP/1.1" 304 -
186.29.13.35 - - [29/Jan/2023:00:22:51 -0500] "GET /sipse/faces/javax.faces.resource/layout/layout.css?ln=primefaces&v=4.0 HTTP/1.1" 304 -
186.29.13.35 - - [29/Jan/2023:00:22:51 -0500] "GET /sipse/faces/javax.faces.resource/jquery/jquery.js?ln=primefaces&v=4.0 HTTP/1.1" 304 -
186.29.13.35 - - [29/Jan/2023:00:22:51 -0500] "GET /sipse/faces/javax.faces.resource/jquery/jquery-plugins.js?ln=primefaces&v=4.0 HTTP/1.1" 304 -
186.29.13.35 - - [29/Jan/2023:00:22:51 -0500] "GET /sipse/faces/javax.faces.resource/primefaces.js?ln=primefaces&v=4.0 HTTP/1.1" 304 -
186.29.13.35 - - [29/Jan/2023:00:22:51 -0500] "GET /sipse/faces/javax.faces.resource/layout/layout.js?ln=primefaces&v=4.0 HTTP/1.1" 304 -
186.29.13.35 - - [29/Jan/2023:00:22:52 -0500] "GET /sipse/faces/javax.faces.resource/dynamiccontent.properties?ln=primefaces&pfdrid=XjOR5%2F%2FfPAZAuY9TpWQeCiM0BhlXxYRBGKi%2FQcXXfeA%3D&pfdrid_c=false HTTP/1.1" 500 383
172.22.2.4 - - [29/Jan/2023:00:21:34 -0500] "HEAD /BLA/boletinlegal/ HTTP/1.1" 200 -
172.22.2.4 - - [29/Jan/2023:00:22:25 -0500] "GET /BLA/boletinlegal/ HTTP/1.1" 200 59779
186.29.13.35 - - [29/Jan/2023:00:24:05 -0500] "POST /sipse/faces/presentacion/financiero/solicitudProceso/consultarSolicitudProceso.xhtml HTTP/1.1" 200 5526
216.245.221.92 - - [29/Jan/2023:00:24:31 -0500] "HEAD / HTTP/1.1" 200 -
201.245.192.253 - - [29/Jan/2023:00:24:39 -0500] "POST /kwsrmcab/Wsrmcab  HTTP/1.1" 200 213
186.29.13.35 - - [29/Jan/2023:00:25:10 -0500] "GET /sipse/faces/javax.faces.resource/images/ui-bg_flat_0_2d5972_40x100.png?ln=primefaces-aristo HTTP/1.1" 304 -
186.29.13.35 - - [29/Jan/2023:00:25:10 -0500] "POST /sipse/faces/presentacion/sistema/reporte/ventanaVerReporteParametros.xhtml HTTP/1.1" 200 33614
186.29.13.35 - - [29/Jan/2023:00:25:10 -0500] "GET /sipse/faces/javax.faces.resource/jquery/jquery.js?ln=primefaces&v=4.0 HTTP/1.1" 304 -
186.29.13.35 - - [29/Jan/2023:00:25:10 -0500] "GET /sipse/faces/javax.faces.resource/jquery/jquery-plugins.js?ln=primefaces&v=4.0 HTTP/1.1" 304 -
186.29.13.35 - - [29/Jan/2023:00:25:10 -0500] "GET /sipse/faces/javax.faces.resource/primefaces.js?ln=primefaces&v=4.0 HTTP/1.1" 304 -
186.29.13.35 - - [29/Jan/2023:00:25:10 -0500] "GET /sipse/faces/javax.faces.resource/layout/layout.js?ln=primefaces&v=4.0 HTTP/1.1" 304 -
186.29.13.35 - - [29/Jan/2023:00:25:12 -0500] "POST /sipse/faces/presentacion/sistema/reporte/listarReportes.xhtml HTTP/1.1" 200 22242
186.29.13.35 - - [29/Jan/2023:00:25:12 -0500] "GET /sipse/faces/javax.faces.resource/theme.css?ln=primefaces-sipse HTTP/1.1" 304 -
186.29.13.35 - - [29/Jan/2023:00:25:12 -0500] "GET /sipse/faces/javax.faces.resource/primefaces.css?ln=primefaces&v=4.0 HTTP/1.1" 304 -
186.29.13.35 - - [29/Jan/2023:00:25:12 -0500] "GET /sipse/faces/javax.faces.resource/layout/layout.css?ln=primefaces&v=4.0 HTTP/1.1" 304 -
186.29.13.35 - - [29/Jan/2023:00:25:12 -0500] "GET /sipse/faces/javax.faces.resource/jquery/jquery.js?ln=primefaces&v=4.0 HTTP/1.1" 304 -
186.29.13.35 - - [29/Jan/2023:00:25:12 -0500] "GET /sipse/faces/javax.faces.resource/jquery/jquery-plugins.js?ln=primefaces&v=4.0 HTTP/1.1" 304 -
186.29.13.35 - - [29/Jan/2023:00:25:12 -0500] "GET /sipse/faces/javax.faces.resource/primefaces.js?ln=primefaces&v=4.0 HTTP/1.1" 304 -
186.29.13.35 - - [29/Jan/2023:00:25:12 -0500] "GET /sipse/faces/javax.faces.resource/layout/layout.js?ln=primefaces&v=4.0 HTTP/1.1" 304 -
186.29.13.35 - - [29/Jan/2023:00:25:12 -0500] "GET /sipse/faces/javax.faces.resource/images/ui-icons_898989_256x240.png?ln=primefaces-aristo HTTP/1.1" 304 -
186.29.13.35 - - [29/Jan/2023:00:25:58 -0500] "POST /sipse/faces/presentacion/financiero/solicitudProceso/consultarSolicitudProceso.xhtml HTTP/1.1" 200 5537
186.29.13.35 - - [29/Jan/2023:00:25:58 -0500] "GET /sipse/faces/javax.faces.resource/dynamiccontent.properties?ln=primefaces&pfdrid=XjOR5%2F%2FfPAZAuY9TpWQeCiM0BhlXxYRBGKi%2FQcXXfeA%3D&pfdrid_c=false HTTP/1.1" 200 165322
186.29.13.35 - - [29/Jan/2023:00:26:18 -0500] "POST /sipse/faces/presentacion/financiero/solicitudProceso/consultarSolicitudProceso.xhtml HTTP/1.1" 200 188571
186.29.13.35 - - [29/Jan/2023:00:26:24 -0500] "POST /sipse/faces/presentacion/financiero/solicitudProceso/consultarSolicitudProceso.xhtml HTTP/1.1" 200 78056
186.29.13.35 - - [29/Jan/2023:00:26:30 -0500] "POST /sipse/faces/presentacion/financiero/solicitudProceso/consultarSolicitudProceso.xhtml HTTP/1.1" 200 132800
186.29.13.35 - - [29/Jan/2023:00:26:38 -0500] "POST /sipse/faces/presentacion/financiero/solicitudProceso/consultarSolicitudProceso.xhtml HTTP/1.1" 200 1448386
186.29.13.35 - - [29/Jan/2023:00:26:44 -0500] "POST /sipse/faces/presentacion/financiero/solicitudProceso/consultarSolicitudProceso.xhtml HTTP/1.1" 200 1606576
186.29.13.35 - - [29/Jan/2023:00:26:49 -0500] "POST /sipse/faces/presentacion/financiero/solicitudProceso/consultarSolicitudProceso.xhtml HTTP/1.1" 200 4725598
186.29.13.35 - - [29/Jan/2023:00:26:57 -0500] "POST /sipse/faces/presentacion/financiero/solicitudProceso/consultarSolicitudProceso.xhtml HTTP/1.1" 200 1459055
186.29.13.35 - - [29/Jan/2023:00:27:05 -0500] "POST /sipse/faces/presentacion/financiero/solicitudProceso/consultarSolicitudProceso.xhtml HTTP/1.1" 200 54564
66.249.75.63 - - [29/Jan/2023:00:27:49 -0500] "-" 408 -
201.245.192.253 - - [29/Jan/2023:00:28:25 -0500] "POST /kwsrmcab/Wsrmcab HTTP/1.1" 200 41440
201.245.192.253 - - [29/Jan/2023:00:28:27 -0500] "POST /kwsrmcab/Wsrmcab HTTP/1.1" 200 41867
172.22.2.4 - - [29/Jan/2023:00:27:24 -0500] "HEAD /BLA/boletinlegal/ HTTP/1.1" 200 -
216.245.221.92 - - [29/Jan/2023:00:29:31 -0500] "HEAD / HTTP/1.1" 200 -
201.245.192.253 - - [29/Jan/2023:00:29:38 -0500] "POST /kwsrmcab/Wsrmcab  HTTP/1.1" 200 213
185.119.81.102 - - [29/Jan/2023:00:29:47 -0500] "GET /portaldeninos/wp-login.php HTTP/1.1" 200 2592
185.119.81.102 - - [29/Jan/2023:00:29:48 -0500] "POST /portaldeninos/wp-login.php HTTP/1.1" 200 3670
172.22.2.4 - - [29/Jan/2023:00:28:15 -0500] "GET /BLA/boletinlegal/ HTTP/1.1" 200 59404
216.245.221.92 - - [29/Jan/2023:00:34:31 -0500] "HEAD / HTTP/1.1" 200 -
201.245.192.253 - - [29/Jan/2023:00:34:37 -0500] "POST /kwsrmcab/Wsrmcab  HTTP/1.1" 200 213
172.22.2.4 - - [29/Jan/2023:00:33:14 -0500] "HEAD /BLA/boletinlegal/ HTTP/1.1" 200 -
66.249.75.63 - - [29/Jan/2023:00:34:58 -0500] "-" 408 -
172.22.2.4 - - [29/Jan/2023:00:34:05 -0500] "GET /BLA/boletinlegal/ HTTP/1.1" 200 59779
172.22.2.4 - - [29/Jan/2023:00:36:54 -0500] "GET /BLA/boletinlegal/Directivas/2022/DIRECTIVA%20No.%2000002%20DEL%2022%20DE%20JUNIO%20DEL%202022.pdf HTTP/1.1" 200 384175
201.245.192.253 - - [29/Jan/2023:00:38:24 -0500] "POST /kwsrmcab/Wsrmcab HTTP/1.1" 200 41440
201.245.192.253 - - [29/Jan/2023:00:38:27 -0500] "POST /kwsrmcab/Wsrmcab HTTP/1.1" 200 41867
216.245.221.92 - - [29/Jan/2023:00:39:31 -0500] "HEAD / HTTP/1.1" 200 -
201.245.192.253 - - [29/Jan/2023:00:39:36 -0500] "POST /kwsrmcab/Wsrmcab  HTTP/1.1" 200 213
172.22.2.4 - - [29/Jan/2023:00:39:04 -0500] "HEAD /BLA/boletinlegal/ HTTP/1.1" 200 -
66.249.75.63 - - [29/Jan/2023:00:41:09 -0500] "-" 408 -
172.22.2.4 - - [29/Jan/2023:00:39:55 -0500] "GET /BLA/boletinlegal/ HTTP/1.1" 200 57824
216.245.221.92 - - [29/Jan/2023:00:44:31 -0500] "HEAD / HTTP/1.1" 200 -
201.245.192.253 - - [29/Jan/2023:00:44:35 -0500] "POST /kwsrmcab/Wsrmcab  HTTP/1.1" 200 213
172.22.2.4 - - [29/Jan/2023:00:44:54 -0500] "HEAD /BLA/boletinlegal/ HTTP/1.1" 200 -
172.22.2.4 - - [29/Jan/2023:00:45:45 -0500] "GET /BLA/boletinlegal/ HTTP/1.1" 200 54452
157.55.39.157 - - [29/Jan/2023:00:47:52 -0500] "GET /BLA/resoluciones/index.php?dir=RESOLUCIONES+2022%2F HTTP/1.1" 200 279472
172.22.2.4 - - [29/Jan/2023:00:48:21 -0500] "GET /BLA/boletinlegal/Directivas/2018/Directiva%20No.%2025%20del%2027%20de%20diciembre%20de%202018.pdf HTTP/1.1" 304 -
66.249.75.63 - - [29/Jan/2023:00:48:31 -0500] "-" 408 -
186.29.13.35 - - [29/Jan/2023:00:48:48 -0500] "POST /sipse/faces/presentacion/financiero/solicitudProceso/consultarSolicitudProceso.xhtml HTTP/1.1" 200 41371
186.29.13.35 - - [29/Jan/2023:00:48:50 -0500] "GET /sipse/faces/javax.faces.resource/theme.css?ln=primefaces-sipse HTTP/1.1" 304 -
186.29.13.35 - - [29/Jan/2023:00:48:50 -0500] "GET /sipse/faces/javax.faces.resource/primefaces.css?ln=primefaces&v=4.0 HTTP/1.1" 304 -
186.29.13.35 - - [29/Jan/2023:00:48:50 -0500] "GET /sipse/faces/javax.faces.resource/layout/layout.css?ln=primefaces&v=4.0 HTTP/1.1" 304 -
186.29.13.35 - - [29/Jan/2023:00:48:50 -0500] "GET /sipse/faces/javax.faces.resource/jquery/jquery.js?ln=primefaces&v=4.0 HTTP/1.1" 304 -
186.29.13.35 - - [29/Jan/2023:00:48:50 -0500] "GET /sipse/faces/javax.faces.resource/jquery/jquery-plugins.js?ln=primefaces&v=4.0 HTTP/1.1" 304 -
186.29.13.35 - - [29/Jan/2023:00:48:50 -0500] "GET /sipse/faces/javax.faces.resource/primefaces.js?ln=primefaces&v=4.0 HTTP/1.1" 304 -
186.29.13.35 - - [29/Jan/2023:00:48:50 -0500] "GET /sipse/faces/javax.faces.resource/layout/layout.js?ln=primefaces&v=4.0 HTTP/1.1" 304 -
186.29.13.35 - - [29/Jan/2023:00:48:51 -0500] "POST /sipse/faces/presentacion/financiero/solicitudProceso/listarSolicitudProceso.xhtml HTTP/1.1" 200 1436
216.245.221.92 - - [29/Jan/2023:00:49:31 -0500] "HEAD / HTTP/1.1" 200 -
201.245.192.253 - - [29/Jan/2023:00:49:34 -0500] "POST /kwsrmcab/Wsrmcab  HTTP/1.1" 200 213
31.13.115.19 - - [29/Jan/2023:00:50:24 -0500] "GET /images/foto%202.jpg HTTP/1.1" 200 63300
173.252.79.13 - - [29/Jan/2023:00:52:09 -0500] "GET /images/Secretaria%20Urrutia%20evento%20h\xc3\xa1bitat%20Francia%2024%20de%20enero.jpeg HTTP/1.1" 404 1034
172.22.2.4 - - [29/Jan/2023:00:50:44 -0500] "HEAD /BLA/boletinlegal/ HTTP/1.1" 200 -
185.119.81.106 - - [29/Jan/2023:00:52:40 -0500] "GET /portaldeninos/wp-login.php HTTP/1.1" 200 2592
185.119.81.106 - - [29/Jan/2023:00:52:41 -0500] "POST /portaldeninos/wp-login.php HTTP/1.1" 200 3650
186.29.13.35 - - [29/Jan/2023:00:53:03 -0500] "POST /sipse/faces/presentacion/financiero/solicitudProceso/listarSolicitudProceso.xhtml HTTP/1.1" 200 30933
186.29.13.35 - - [29/Jan/2023:00:53:06 -0500] "POST /sipse/faces/presentacion/financiero/solicitudProceso/listarSolicitudProceso.xhtml HTTP/1.1" 200 8175
186.29.13.35 - - [29/Jan/2023:00:53:12 -0500] "POST /sipse/faces/presentacion/financiero/solicitudProceso/listarSolicitudProceso.xhtml HTTP/1.1" 200 147046
186.29.13.35 - - [29/Jan/2023:00:53:13 -0500] "GET /sipse/faces/javax.faces.resource/theme.css?ln=primefaces-sipse HTTP/1.1" 304 -
186.29.13.35 - - [29/Jan/2023:00:53:13 -0500] "GET /sipse/faces/javax.faces.resource/primefaces.css?ln=primefaces&v=4.0 HTTP/1.1" 304 -
186.29.13.35 - - [29/Jan/2023:00:53:13 -0500] "GET /sipse/faces/javax.faces.resource/layout/layout.css?ln=primefaces&v=4.0 HTTP/1.1" 304 -
186.29.13.35 - - [29/Jan/2023:00:53:13 -0500] "GET /sipse/faces/javax.faces.resource/jquery/jquery.js?ln=primefaces&v=4.0 HTTP/1.1" 304 -
186.29.13.35 - - [29/Jan/2023:00:53:13 -0500] "GET /sipse/faces/javax.faces.resource/jquery/jquery-plugins.js?ln=primefaces&v=4.0 HTTP/1.1" 304 -
186.29.13.35 - - [29/Jan/2023:00:53:13 -0500] "GET /sipse/faces/javax.faces.resource/primefaces.js?ln=primefaces&v=4.0 HTTP/1.1" 304 -
186.29.13.35 - - [29/Jan/2023:00:53:13 -0500] "GET /sipse/faces/javax.faces.resource/layout/layout.js?ln=primefaces&v=4.0 HTTP/1.1" 304 -
186.29.13.35 - - [29/Jan/2023:00:53:14 -0500] "GET /sipse/faces/javax.faces.resource/dynamiccontent.properties?ln=primefaces&pfdrid=XjOR5%2F%2FfPAZAuY9TpWQeCiM0BhlXxYRBGKi%2FQcXXfeA%3D&pfdrid_c=false HTTP/1.1" 500 383
172.22.2.4 - - [29/Jan/2023:00:51:35 -0500] "GET /BLA/boletinlegal/ HTTP/1.1" 200 56825
186.29.13.35 - - [29/Jan/2023:00:53:22 -0500] "POST /sipse/faces/presentacion/financiero/solicitudProceso/consultarSolicitudProceso.xhtml HTTP/1.1" 200 5526
173.252.111.8 - - [29/Jan/2023:00:53:26 -0500] "GET /images/19%20de%20enero%20\xc3\xa1rbol%20bosque%20San%20Carlos.jpg HTTP/1.1" 404 1034
128.14.188.209 - - [29/Jan/2023:00:53:39 -0500] "GET / HTTP/1.1" 200 319
128.14.188.209 - - [29/Jan/2023:00:53:39 -0500] "GET /test_404_page/ HTTP/1.1" 404 1022
173.252.95.5 - - [29/Jan/2023:00:53:43 -0500] "GET /images/Humedal%20Tunjo%20RAMSAR.jpeg HTTP/1.1" 200 120269
173.252.83.119 - - [29/Jan/2023:00:53:43 -0500] "GET /images/vertimiento-Comprimida%20(1).png HTTP/1.1" 200 22870
173.252.83.15 - - [29/Jan/2023:00:54:02 -0500] "GET /images/Fauna%20Silvestre%20SDA%2002.jpeg HTTP/1.1" 200 41590
40.77.167.14 - - [29/Jan/2023:00:54:06 -0500] "GET /BLA/resoluciones/AUTOS%202019/0173.pdf HTTP/1.1" 304 -
128.14.188.209 - - [29/Jan/2023:00:54:13 -0500] "GET //favicon.ico HTTP/1.1" 200 7782
173.252.107.23 - - [29/Jan/2023:00:54:20 -0500] "GET /durante-el-puente-de-reyes-y-en-el-regreso-a-bogota-ayuda-a-mantener-una-buena-calidad-del-aire.html HTTP/1.1" 206 991
173.252.79.10 - - [29/Jan/2023:00:54:21 -0500] "GET /images/Aire%20Reyes%20(1)%20(1).jpeg HTTP/1.1" 200 59709
216.245.221.92 - - [29/Jan/2023:00:54:31 -0500] "HEAD / HTTP/1.1" 200 -
201.245.192.253 - - [29/Jan/2023:00:54:32 -0500] "POST /kwsrmcab/Wsrmcab  HTTP/1.1" 200 213
51.159.152.255 - - [29/Jan/2023:00:54:46 -0500] "GET / HTTP/1.1" 200 319
51.159.152.255 - - [29/Jan/2023:00:54:46 -0500] "GET /favicon.ico HTTP/1.1" 200 7782
173.252.111.119 - - [29/Jan/2023:00:54:56 -0500] "GET /images/mantener-calidad-del-aire_optimized.jpeg HTTP/1.1" 200 67646
198.199.114.126 - - [29/Jan/2023:00:55:02 -0500] "GET / HTTP/1.1" 200 319
173.252.107.5 - - [29/Jan/2023:00:55:10 -0500] "GET /secretaria-de-ambiente-reconocio-las-234-empresas-y-entidades-con-mejores-estrategias-de-gestion-ambiental.html HTTP/1.1" 206 1048
186.29.13.35 - - [29/Jan/2023:00:55:18 -0500] "POST /sipse/faces/presentacion/financiero/solicitudProceso/consultarSolicitudProceso.xhtml HTTP/1.1" 200 5526
186.29.13.35 - - [29/Jan/2023:00:56:30 -0500] "GET /sipse/faces/javax.faces.resource/images/ui-bg_flat_0_2d5972_40x100.png?ln=primefaces-aristo HTTP/1.1" 304 -
186.29.13.35 - - [29/Jan/2023:00:56:30 -0500] "POST /sipse/faces/presentacion/sistema/reporte/ventanaVerReporteParametros.xhtml HTTP/1.1" 200 33614
186.29.13.35 - - [29/Jan/2023:00:56:30 -0500] "GET /sipse/faces/javax.faces.resource/jquery/jquery.js?ln=primefaces&v=4.0 HTTP/1.1" 304 -
186.29.13.35 - - [29/Jan/2023:00:56:30 -0500] "GET /sipse/faces/javax.faces.resource/jquery/jquery-plugins.js?ln=primefaces&v=4.0 HTTP/1.1" 304 -
186.29.13.35 - - [29/Jan/2023:00:56:30 -0500] "GET /sipse/faces/javax.faces.resource/primefaces.js?ln=primefaces&v=4.0 HTTP/1.1" 304 -
186.29.13.35 - - [29/Jan/2023:00:56:30 -0500] "GET /sipse/faces/javax.faces.resource/layout/layout.js?ln=primefaces&v=4.0 HTTP/1.1" 304 -
186.29.13.35 - - [29/Jan/2023:00:56:33 -0500] "POST /sipse/faces/presentacion/sistema/reporte/listarReportes.xhtml HTTP/1.1" 200 22242
186.29.13.35 - - [29/Jan/2023:00:56:33 -0500] "GET /sipse/faces/javax.faces.resource/theme.css?ln=primefaces-sipse HTTP/1.1" 304 -
186.29.13.35 - - [29/Jan/2023:00:56:33 -0500] "GET /sipse/faces/javax.faces.resource/primefaces.css?ln=primefaces&v=4.0 HTTP/1.1" 304 -
186.29.13.35 - - [29/Jan/2023:00:56:33 -0500] "GET /sipse/faces/javax.faces.resource/layout/layout.css?ln=primefaces&v=4.0 HTTP/1.1" 304 -
186.29.13.35 - - [29/Jan/2023:00:56:33 -0500] "GET /sipse/faces/javax.faces.resource/jquery/jquery.js?ln=primefaces&v=4.0 HTTP/1.1" 304 -
186.29.13.35 - - [29/Jan/2023:00:56:33 -0500] "GET /sipse/faces/javax.faces.resource/jquery/jquery-plugins.js?ln=primefaces&v=4.0 HTTP/1.1" 304 -
186.29.13.35 - - [29/Jan/2023:00:56:33 -0500] "GET /sipse/faces/javax.faces.resource/primefaces.js?ln=primefaces&v=4.0 HTTP/1.1" 304 -
186.29.13.35 - - [29/Jan/2023:00:56:33 -0500] "GET /sipse/faces/javax.faces.resource/layout/layout.js?ln=primefaces&v=4.0 HTTP/1.1" 304 -
186.29.13.35 - - [29/Jan/2023:00:56:33 -0500] "GET /sipse/faces/javax.faces.resource/images/ui-icons_898989_256x240.png?ln=primefaces-aristo HTTP/1.1" 304 -
186.29.13.35 - - [29/Jan/2023:00:57:08 -0500] "POST /sipse/faces/presentacion/financiero/solicitudProceso/consultarSolicitudProceso.xhtml HTTP/1.1" 200 5537
186.29.13.35 - - [29/Jan/2023:00:57:09 -0500] "GET /sipse/faces/javax.faces.resource/dynamiccontent.properties?ln=primefaces&pfdrid=XjOR5%2F%2FfPAZAuY9TpWQeCiM0BhlXxYRBGKi%2FQcXXfeA%3D&pfdrid_c=false HTTP/1.1" 200 165409
186.29.13.35 - - [29/Jan/2023:00:57:33 -0500] "POST /sipse/faces/presentacion/financiero/solicitudProceso/consultarSolicitudProceso.xhtml HTTP/1.1" 200 130303
186.29.13.35 - - [29/Jan/2023:00:57:41 -0500] "POST /sipse/faces/presentacion/financiero/solicitudProceso/consultarSolicitudProceso.xhtml HTTP/1.1" 200 3811853
186.29.13.35 - - [29/Jan/2023:00:57:47 -0500] "POST /sipse/faces/presentacion/financiero/solicitudProceso/consultarSolicitudProceso.xhtml HTTP/1.1" 200 6247598
186.29.13.35 - - [29/Jan/2023:00:57:54 -0500] "POST /sipse/faces/presentacion/financiero/solicitudProceso/consultarSolicitudProceso.xhtml HTTP/1.1" 200 1005776
186.29.13.35 - - [29/Jan/2023:00:57:59 -0500] "POST /sipse/faces/presentacion/financiero/solicitudProceso/consultarSolicitudProceso.xhtml HTTP/1.1" 200 161697
186.29.13.35 - - [29/Jan/2023:00:58:04 -0500] "POST /sipse/faces/presentacion/financiero/solicitudProceso/consultarSolicitudProceso.xhtml HTTP/1.1" 200 6538615
172.22.2.4 - - [29/Jan/2023:00:56:34 -0500] "HEAD /BLA/boletinlegal/ HTTP/1.1" 200 -
186.29.13.35 - - [29/Jan/2023:00:58:14 -0500] "POST /sipse/faces/presentacion/financiero/solicitudProceso/consultarSolicitudProceso.xhtml HTTP/1.1" 200 54684
186.29.13.35 - - [29/Jan/2023:00:58:28 -0500] "POST /sipse/faces/presentacion/financiero/solicitudProceso/consultarSolicitudProceso.xhtml HTTP/1.1" 200 618686
186.29.13.35 - - [29/Jan/2023:00:58:33 -0500] "POST /sipse/faces/presentacion/financiero/solicitudProceso/consultarSolicitudProceso.xhtml HTTP/1.1" 200 618686
128.14.209.162 - - [29/Jan/2023:00:58:38 -0500] "GET / HTTP/1.1" 200 319
186.29.13.35 - - [29/Jan/2023:00:58:38 -0500] "POST /sipse/faces/presentacion/financiero/solicitudProceso/consultarSolicitudProceso.xhtml HTTP/1.1" 200 37091
186.29.13.35 - - [29/Jan/2023:00:58:39 -0500] "GET /sipse/faces/javax.faces.resource/theme.css?ln=primefaces-sipse HTTP/1.1" 304 -
186.29.13.35 - - [29/Jan/2023:00:58:39 -0500] "GET /sipse/faces/javax.faces.resource/primefaces.css?ln=primefaces&v=4.0 HTTP/1.1" 304 -
186.29.13.35 - - [29/Jan/2023:00:58:39 -0500] "GET /sipse/faces/javax.faces.resource/layout/layout.css?ln=primefaces&v=4.0 HTTP/1.1" 304 -
186.29.13.35 - - [29/Jan/2023:00:58:39 -0500] "GET /sipse/faces/javax.faces.resource/primefaces.js?ln=primefaces&v=4.0 HTTP/1.1" 304 -
186.29.13.35 - - [29/Jan/2023:00:58:39 -0500] "GET /sipse/faces/javax.faces.resource/layout/layout.js?ln=primefaces&v=4.0 HTTP/1.1" 304 -
186.29.13.35 - - [29/Jan/2023:00:58:39 -0500] "GET /sipse/faces/javax.faces.resource/jquery/jquery-plugins.js?ln=primefaces&v=4.0 HTTP/1.1" 304 -
186.29.13.35 - - [29/Jan/2023:00:58:39 -0500] "GET /sipse/faces/javax.faces.resource/jquery/jquery.js?ln=primefaces&v=4.0 HTTP/1.1" 304 -
186.29.13.35 - - [29/Jan/2023:00:58:39 -0500] "GET /sipse/css/imagen/contrasena.png HTTP/1.1" 404 383
186.29.13.35 - - [29/Jan/2023:00:58:39 -0500] "GET /sipse/faces/javax.faces.resource/images/ui-icons_898989_256x240.png?ln=primefaces-aristo HTTP/1.1" 304 -
157.55.39.103 - - [29/Jan/2023:00:59:01 -0500] "GET /BLA/boletinlegal/jurisprudencia/analisis/null HTTP/1.1" 404 1049
172.22.2.4 - - [29/Jan/2023:00:57:25 -0500] "GET /BLA/boletinlegal/ HTTP/1.1" 200 57824
216.245.221.92 - - [29/Jan/2023:00:59:31 -0500] "HEAD / HTTP/1.1" 200 -
201.245.192.253 - - [29/Jan/2023:00:59:31 -0500] "POST /kwsrmcab/Wsrmcab  HTTP/1.1" 200 213
186.29.13.35 - - [29/Jan/2023:00:59:36 -0500] "GET /sipse/faces/javax.faces.resource/theme.css?ln=primefaces-sipse HTTP/1.1" 304 -
186.29.13.35 - - [29/Jan/2023:00:59:36 -0500] "GET /sipse/faces/javax.faces.resource/primefaces.css?ln=primefaces&v=4.0 HTTP/1.1" 304 -
186.29.13.35 - - [29/Jan/2023:00:59:36 -0500] "GET /sipse/faces/javax.faces.resource/jquery/jquery-plugins.js?ln=primefaces&v=4.0 HTTP/1.1" 304 -
186.29.13.35 - - [29/Jan/2023:00:59:36 -0500] "GET /sipse/faces/javax.faces.resource/jquery/jquery.js?ln=primefaces&v=4.0 HTTP/1.1" 304 -
186.29.13.35 - - [29/Jan/2023:00:59:35 -0500] "POST /sipse/faces/presentacion/financiero/solicitudProceso/consultarHistorialSolProceso.xhtml HTTP/1.1" 200 192840
186.29.13.35 - - [29/Jan/2023:00:59:36 -0500] "GET /sipse/faces/javax.faces.resource/layout/layout.css?ln=primefaces&v=4.0 HTTP/1.1" 304 -
186.29.13.35 - - [29/Jan/2023:00:59:36 -0500] "GET /sipse/faces/javax.faces.resource/layout/layout.js?ln=primefaces&v=4.0 HTTP/1.1" 304 -
186.29.13.35 - - [29/Jan/2023:00:59:36 -0500] "GET /sipse/faces/javax.faces.resource/primefaces.js?ln=primefaces&v=4.0 HTTP/1.1" 304 -
186.29.13.35 - - [29/Jan/2023:00:59:36 -0500] "GET /sipse/css/imagen/contrasena.png HTTP/1.1" 404 383
186.29.13.35 - - [29/Jan/2023:00:59:36 -0500] "GET /sipse/faces/javax.faces.resource/images/ui-icons_898989_256x240.png?ln=primefaces-aristo HTTP/1.1" 304 -
186.29.13.35 - - [29/Jan/2023:00:59:36 -0500] "GET /sipse/faces/javax.faces.resource/dynamiccontent.properties?ln=primefaces&pfdrid=XjOR5%2F%2FfPAZAuY9TpWQeCiM0BhlXxYRBGKi%2FQcXXfeA%3D&pfdrid_c=false HTTP/1.1" 500 383
157.55.39.157 - - [29/Jan/2023:01:02:24 -0500] "GET /autoliquidacion2020/index.php?dir=fauna+silvestre HTTP/1.1" 200 3403
45.33.80.237 - - [29/Jan/2023:01:02:58 -0500] "GET /galeria/galeria/jquery.fancybox.css?v=2.1.5 HTTP/1.1" 200 4895
45.33.80.237 - - [29/Jan/2023:01:02:58 -0500] "GET /galeria/galeria/jquery.fancybox.js?v=2.1.5 HTTP/1.1" 200 48706
45.33.80.237 - - [29/Jan/2023:01:02:58 -0500] "GET /BLA/boletinlegal/js/jquery.scrollShow.js HTTP/1.1" 200 4586
172.22.2.4 - - [29/Jan/2023:01:02:24 -0500] "HEAD /BLA/boletinlegal/ HTTP/1.1" 200 -
216.245.221.92 - - [29/Jan/2023:01:04:31 -0500] "HEAD / HTTP/1.1" 200 -
201.245.192.253 - - [29/Jan/2023:01:04:30 -0500] "POST /kwsrmcab/Wsrmcab  HTTP/1.1" 200 213
172.22.2.4 - - [29/Jan/2023:01:03:15 -0500] "GET /BLA/boletinlegal/ HTTP/1.1" 200 59779
152.61.192.232 - - [29/Jan/2023:01:06:34 -0500] "GET / HTTP/1.1" 200 319
173.252.87.4 - - [29/Jan/2023:01:07:51 -0500] "GET /images/Secretaria%20Urrutia%20evento%20h\xc3\xa1bitat%20Francia%2024%20de%20enero.jpeg HTTP/1.1" 404 1034
184.105.247.254 - - [29/Jan/2023:01:09:00 -0500] "GET /favicon.ico HTTP/1.1" 200 7782
66.249.75.63 - - [29/Jan/2023:01:09:18 -0500] "-" 408 -
201.245.192.253 - - [29/Jan/2023:01:09:29 -0500] "POST /kwsrmcab/Wsrmcab  HTTP/1.1" 200 213
216.245.221.92 - - [29/Jan/2023:01:09:31 -0500] "HEAD / HTTP/1.1" 200 -
172.22.2.4 - - [29/Jan/2023:01:08:14 -0500] "HEAD /BLA/boletinlegal/ HTTP/1.1" 200 -
173.252.107.22 - - [29/Jan/2023:01:10:07 -0500] "GET /laurel-de-cera-para-el-dia-de-la-santa-cruz-cruz-de-mayo-evita-usarlo-existen-otras-alternativas.html HTTP/1.1" 206 931
173.252.107.3 - - [29/Jan/2023:01:10:13 -0500] "GET /images/ecosistema-dia-internacional-tierra-21-abril.jpg HTTP/1.1" 200 30098
207.46.13.120 - - [29/Jan/2023:01:10:14 -0500] "GET /portaldeninos/ HTTP/1.1" 200 110197
173.252.107.120 - - [29/Jan/2023:01:10:25 -0500] "GET /garza-azul-nueva-ave-registrada-en-el-humedal-el-burro.html HTTP/1.1" 206 890
172.22.2.4 - - [29/Jan/2023:01:09:05 -0500] "GET /BLA/boletinlegal/ HTTP/1.1" 200 59404
173.252.107.1 - - [29/Jan/2023:01:14:00 -0500] "GET /images/foto%202.jpg HTTP/1.1" 200 63300
201.245.192.253 - - [29/Jan/2023:01:14:27 -0500] "POST /kwsrmcab/Wsrmcab  HTTP/1.1" 200 213
216.245.221.92 - - [29/Jan/2023:01:14:31 -0500] "HEAD / HTTP/1.1" 200 -
172.22.2.4 - - [29/Jan/2023:01:14:04 -0500] "HEAD /BLA/boletinlegal/ HTTP/1.1" 200 -
3.75.170.117 - - [29/Jan/2023:01:16:00 -0500] "GET /videos/galeria-cronicas/.git/HEAD HTTP/1.1" 404 1018
3.75.170.117 - - [29/Jan/2023:01:16:15 -0500] "GET /videos/.git/HEAD HTTP/1.1" 404 1018
3.75.170.117 - - [29/Jan/2023:01:16:29 -0500] "GET /BLA/boletinlegal/Circulares/2020/.git/HEAD HTTP/1.1" 404 1018
172.22.2.4 - - [29/Jan/2023:01:14:55 -0500] "GET /BLA/boletinlegal/ HTTP/1.1" 200 57192
69.63.184.10 - - [29/Jan/2023:01:17:22 -0500] "GET /images/Fauna%20Silvestre%20SDA%2002.jpeg HTTP/1.1" 200 41590
193.35.18.189 - - [29/Jan/2023:01:17:28 -0500] "POST /boaform/admin/formLogin HTTP/1.1" 404 1186
201.245.192.253 - - [29/Jan/2023:01:18:24 -0500] "POST /kwsrmcab/Wsrmcab HTTP/1.1" 200 41288
201.245.192.253 - - [29/Jan/2023:01:18:27 -0500] "POST /kwsrmcab/Wsrmcab HTTP/1.1" 200 41705
157.55.39.89 - - [29/Jan/2023:01:18:36 -0500] "GET /portaldeninos/publicidad/ HTTP/1.1" 200 87569
201.245.192.253 - - [29/Jan/2023:01:19:26 -0500] "POST /kwsrmcab/Wsrmcab  HTTP/1.1" 200 213
216.245.221.92 - - [29/Jan/2023:01:19:31 -0500] "HEAD / HTTP/1.1" 200 -
152.61.128.50 - - [29/Jan/2023:01:19:39 -0500] "GET / HTTP/1.1" 200 319
172.22.2.4 - - [29/Jan/2023:01:19:54 -0500] "HEAD /BLA/boletinlegal/ HTTP/1.1" 200 -
172.22.2.4 - - [29/Jan/2023:01:20:45 -0500] "GET /BLA/boletinlegal/ HTTP/1.1" 200 57824
172.22.2.4 - - [29/Jan/2023:01:22:45 -0500] "GET /BLA/boletinlegal/robots.txt HTTP/1.1" 404 1038
172.22.2.4 - - [29/Jan/2023:01:22:39 -0500] "GET /BLA/boletinlegal/ HTTP/1.1" 200 32715
66.249.75.63 - - [29/Jan/2023:01:23:40 -0500] "-" 408 -
193.35.18.228 - - [29/Jan/2023:01:24:04 -0500] "POST /boaform/admin/formLogin HTTP/1.1" 404 1186
172.22.2.4 - - [29/Jan/2023:01:22:45 -0500] "GET /BLA/boletinlegal/index.php HTTP/1.1" 200 53195
201.245.192.253 - - [29/Jan/2023:01:24:25 -0500] "POST /kwsrmcab/Wsrmcab  HTTP/1.1" 200 213
216.245.221.92 - - [29/Jan/2023:01:24:31 -0500] "HEAD / HTTP/1.1" 200 -
172.22.2.4 - - [29/Jan/2023:01:25:44 -0500] "HEAD /BLA/boletinlegal/ HTTP/1.1" 200 -
157.55.39.157 - - [29/Jan/2023:01:27:36 -0500] "GET /BLA/resoluciones/index.php?dir=RESOLUCIONES+2022%2F HTTP/1.1" 200 279472
172.22.2.4 - - [29/Jan/2023:01:27:57 -0500] "GET /BLA/boletinlegal/ab2g HTTP/1.1" 404 1018
172.22.2.4 - - [29/Jan/2023:01:27:57 -0500] "GET /BLA/boletinlegal/ab2h HTTP/1.1" 404 1018
172.22.2.4 - - [29/Jan/2023:01:26:35 -0500] "GET /BLA/boletinlegal/ HTTP/1.1" 200 56079
201.245.192.253 - - [29/Jan/2023:01:28:25 -0500] "POST /kwsrmcab/Wsrmcab HTTP/1.1" 200 41288
201.245.192.253 - - [29/Jan/2023:01:28:29 -0500] "POST /kwsrmcab/Wsrmcab HTTP/1.1" 200 41705
172.22.2.4 - - [29/Jan/2023:01:28:01 -0500] "GET /BLA/boletinlegal/ HTTP/1.1" 200 32715
201.245.192.253 - - [29/Jan/2023:01:29:24 -0500] "POST /kwsrmcab/Wsrmcab  HTTP/1.1" 200 213
216.245.221.92 - - [29/Jan/2023:01:29:31 -0500] "HEAD / HTTP/1.1" 200 -
185.119.81.104 - - [29/Jan/2023:01:32:08 -0500] "GET /portaldeninos/wp-login.php HTTP/1.1" 200 2592
185.119.81.104 - - [29/Jan/2023:01:32:09 -0500] "POST /portaldeninos/wp-login.php HTTP/1.1" 200 3670
172.22.2.4 - - [29/Jan/2023:01:31:34 -0500] "HEAD /BLA/boletinlegal/ HTTP/1.1" 200 -
157.55.39.71 - - [29/Jan/2023:01:33:27 -0500] "GET /sipse/faces/faces/autenticacion.xhtml HTTP/1.1" 200 12493
172.22.2.4 - - [29/Jan/2023:01:32:25 -0500] "GET /BLA/boletinlegal/ HTTP/1.1" 200 57192
201.245.192.253 - - [29/Jan/2023:01:34:22 -0500] "POST /kwsrmcab/Wsrmcab  HTTP/1.1" 200 213
216.245.221.92 - - [29/Jan/2023:01:34:31 -0500] "HEAD / HTTP/1.1" 200 -
201.245.192.253 - - [29/Jan/2023:01:38:24 -0500] "POST /kwsrmcab/Wsrmcab HTTP/1.1" 200 41288
201.245.192.253 - - [29/Jan/2023:01:38:27 -0500] "POST /kwsrmcab/Wsrmcab HTTP/1.1" 200 41705
172.22.2.4 - - [29/Jan/2023:01:37:24 -0500] "HEAD /BLA/boletinlegal/ HTTP/1.1" 200 -
201.245.192.253 - - [29/Jan/2023:01:39:21 -0500] "POST /kwsrmcab/Wsrmcab  HTTP/1.1" 200 213
216.245.221.92 - - [29/Jan/2023:01:39:31 -0500] "HEAD / HTTP/1.1" 200 -
191.109.180.250 - - [29/Jan/2023:01:39:44 -0500] "GET /BLA/resoluciones/dlf/unknown.png HTTP/1.1" 200 266
191.109.180.250 - - [29/Jan/2023:01:39:44 -0500] "GET /BLA/resoluciones/index.php?dir=RESOLUCIONES+2008%2F HTTP/1.1" 200 976272
191.109.180.250 - - [29/Jan/2023:01:39:51 -0500] "GET /BLA/resoluciones/RESOLUCIONES%202008/2198.pdf HTTP/1.1" 200 497838
172.22.2.4 - - [29/Jan/2023:01:38:15 -0500] "GET /BLA/boletinlegal/ HTTP/1.1" 200 59404
186.29.13.35 - - [29/Jan/2023:01:40:24 -0500] "GET /sipse/faces/javax.faces.resource/theme.css?ln=primefaces-sipse HTTP/1.1" 304 -
186.29.13.35 - - [29/Jan/2023:01:40:24 -0500] "GET /sipse/faces/javax.faces.resource/layout/layout.css?ln=primefaces&v=4.0 HTTP/1.1" 304 -
186.29.13.35 - - [29/Jan/2023:01:40:24 -0500] "GET /sipse/faces/javax.faces.resource/primefaces.css?ln=primefaces&v=4.0 HTTP/1.1" 304 -
186.29.13.35 - - [29/Jan/2023:01:40:24 -0500] "GET /sipse/faces/javax.faces.resource/jquery/jquery-plugins.js?ln=primefaces&v=4.0 HTTP/1.1" 304 -
186.29.13.35 - - [29/Jan/2023:01:40:24 -0500] "GET /sipse/faces/javax.faces.resource/jquery/jquery.js?ln=primefaces&v=4.0 HTTP/1.1" 304 -
186.29.13.35 - - [29/Jan/2023:01:40:24 -0500] "GET /sipse/faces/javax.faces.resource/primefaces.js?ln=primefaces&v=4.0 HTTP/1.1" 304 -
186.29.13.35 - - [29/Jan/2023:01:40:24 -0500] "GET /sipse/faces/javax.faces.resource/layout/layout.js?ln=primefaces&v=4.0 HTTP/1.1" 304 -
186.29.13.35 - - [29/Jan/2023:01:40:23 -0500] "POST /sipse/faces/presentacion/financiero/solicitudProceso/consultarSolicitudProceso.xhtml HTTP/1.1" 200 193640
186.29.13.35 - - [29/Jan/2023:01:40:24 -0500] "GET /sipse/css/imagen/contrasena.png HTTP/1.1" 404 383
186.29.13.35 - - [29/Jan/2023:01:40:24 -0500] "GET /sipse/faces/javax.faces.resource/images/ui-icons_898989_256x240.png?ln=primefaces-aristo HTTP/1.1" 304 -
186.29.13.35 - - [29/Jan/2023:01:40:24 -0500] "GET /sipse/faces/javax.faces.resource/dynamiccontent.properties?ln=primefaces&pfdrid=XjOR5%2F%2FfPAZAuY9TpWQeCiM0BhlXxYRBGKi%2FQcXXfeA%3D&pfdrid_c=false HTTP/1.1" 500 383
186.29.13.35 - - [29/Jan/2023:01:40:29 -0500] "GET /sipse/faces/javax.faces.resource/images/ui-bg_flat_0_2d5972_40x100.png?ln=primefaces-aristo HTTP/1.1" 304 -
186.29.13.35 - - [29/Jan/2023:01:40:29 -0500] "POST /sipse/faces/presentacion/financiero/solicitudProceso/consultarSolicitudProceso.xhtml HTTP/1.1" 200 38493
186.29.13.35 - - [29/Jan/2023:01:40:31 -0500] "GET /sipse/faces/javax.faces.resource/theme.css?ln=primefaces-sipse HTTP/1.1" 304 -
186.29.13.35 - - [29/Jan/2023:01:40:31 -0500] "GET /sipse/faces/javax.faces.resource/layout/layout.css?ln=primefaces&v=4.0 HTTP/1.1" 304 -
186.29.13.35 - - [29/Jan/2023:01:40:31 -0500] "GET /sipse/faces/javax.faces.resource/primefaces.css?ln=primefaces&v=4.0 HTTP/1.1" 304 -
186.29.13.35 - - [29/Jan/2023:01:40:31 -0500] "GET /sipse/faces/javax.faces.resource/jquery/jquery.js?ln=primefaces&v=4.0 HTTP/1.1" 304 -
186.29.13.35 - - [29/Jan/2023:01:40:31 -0500] "GET /sipse/faces/javax.faces.resource/jquery/jquery-plugins.js?ln=primefaces&v=4.0 HTTP/1.1" 304 -
186.29.13.35 - - [29/Jan/2023:01:40:32 -0500] "GET /sipse/faces/javax.faces.resource/primefaces.js?ln=primefaces&v=4.0 HTTP/1.1" 304 -
186.29.13.35 - - [29/Jan/2023:01:40:32 -0500] "GET /sipse/faces/javax.faces.resource/layout/layout.js?ln=primefaces&v=4.0 HTTP/1.1" 304 -
186.29.13.35 - - [29/Jan/2023:01:40:32 -0500] "GET /sipse/faces/javax.faces.resource/messages/messages.png?ln=primefaces&v=4.0 HTTP/1.1" 304 -
186.29.13.35 - - [29/Jan/2023:01:40:32 -0500] "POST /sipse/faces/presentacion/financiero/solicitudProceso/listarSolicitudProceso.xhtml HTTP/1.1" 200 1416
186.29.13.35 - - [29/Jan/2023:01:40:35 -0500] "POST /sipse/faces/presentacion/financiero/solicitudProceso/listarSolicitudProceso.xhtml HTTP/1.1" 200 30909
186.29.13.35 - - [29/Jan/2023:01:40:38 -0500] "POST /sipse/faces/presentacion/financiero/solicitudProceso/listarSolicitudProceso.xhtml HTTP/1.1" 200 5151
186.29.13.35 - - [29/Jan/2023:01:42:55 -0500] "POST /sipse/faces/presentacion/financiero/solicitudProceso/listarSolicitudProceso.xhtml HTTP/1.1" 200 153825
186.29.13.35 - - [29/Jan/2023:01:42:56 -0500] "GET /sipse/faces/javax.faces.resource/theme.css?ln=primefaces-sipse HTTP/1.1" 304 -
186.29.13.35 - - [29/Jan/2023:01:42:56 -0500] "GET /sipse/faces/javax.faces.resource/layout/layout.css?ln=primefaces&v=4.0 HTTP/1.1" 304 -
186.29.13.35 - - [29/Jan/2023:01:42:56 -0500] "GET /sipse/faces/javax.faces.resource/primefaces.css?ln=primefaces&v=4.0 HTTP/1.1" 304 -
186.29.13.35 - - [29/Jan/2023:01:42:56 -0500] "GET /sipse/faces/javax.faces.resource/jquery/jquery.js?ln=primefaces&v=4.0 HTTP/1.1" 304 -
186.29.13.35 - - [29/Jan/2023:01:42:56 -0500] "GET /sipse/faces/javax.faces.resource/jquery/jquery-plugins.js?ln=primefaces&v=4.0 HTTP/1.1" 304 -
186.29.13.35 - - [29/Jan/2023:01:42:56 -0500] "GET /sipse/faces/javax.faces.resource/primefaces.js?ln=primefaces&v=4.0 HTTP/1.1" 304 -
186.29.13.35 - - [29/Jan/2023:01:42:56 -0500] "GET /sipse/faces/javax.faces.resource/layout/layout.js?ln=primefaces&v=4.0 HTTP/1.1" 304 -
186.29.13.35 - - [29/Jan/2023:01:42:56 -0500] "GET /sipse/faces/javax.faces.resource/dynamiccontent.properties?ln=primefaces&pfdrid=XjOR5%2F%2FfPAZAuY9TpWQeCiM0BhlXxYRBGKi%2FQcXXfeA%3D&pfdrid_c=false HTTP/1.1" 500 383
201.245.192.253 - - [29/Jan/2023:01:44:20 -0500] "POST /kwsrmcab/Wsrmcab  HTTP/1.1" 200 213
216.245.221.92 - - [29/Jan/2023:01:44:31 -0500] "HEAD / HTTP/1.1" 200 -
172.22.2.4 - - [29/Jan/2023:01:43:14 -0500] "HEAD /BLA/boletinlegal/ HTTP/1.1" 200 -
191.109.180.250 - - [29/Jan/2023:01:45:00 -0500] "GET /BLA/resoluciones/RESOLUCIONES%202008/2196.pdf HTTP/1.1" 200 502557
186.29.13.35 - - [29/Jan/2023:01:45:39 -0500] "GET /sipse/faces/javax.faces.resource/images/ui-bg_flat_0_2d5972_40x100.png?ln=primefaces-aristo HTTP/1.1" 304 -
186.29.13.35 - - [29/Jan/2023:01:45:39 -0500] "POST /sipse/faces/presentacion/sistema/reporte/ventanaVerReporteParametros.xhtml HTTP/1.1" 200 33614
186.29.13.35 - - [29/Jan/2023:01:45:39 -0500] "GET /sipse/faces/javax.faces.resource/jquery/jquery.js?ln=primefaces&v=4.0 HTTP/1.1" 304 -
186.29.13.35 - - [29/Jan/2023:01:45:39 -0500] "GET /sipse/faces/javax.faces.resource/jquery/jquery-plugins.js?ln=primefaces&v=4.0 HTTP/1.1" 304 -
186.29.13.35 - - [29/Jan/2023:01:45:39 -0500] "GET /sipse/faces/javax.faces.resource/primefaces.js?ln=primefaces&v=4.0 HTTP/1.1" 304 -
186.29.13.35 - - [29/Jan/2023:01:45:39 -0500] "GET /sipse/faces/javax.faces.resource/layout/layout.js?ln=primefaces&v=4.0 HTTP/1.1" 304 -
186.29.13.35 - - [29/Jan/2023:01:45:42 -0500] "POST /sipse/faces/presentacion/sistema/reporte/listarReportes.xhtml HTTP/1.1" 200 22242
186.29.13.35 - - [29/Jan/2023:01:45:42 -0500] "GET /sipse/faces/javax.faces.resource/theme.css?ln=primefaces-sipse HTTP/1.1" 304 -
186.29.13.35 - - [29/Jan/2023:01:45:42 -0500] "GET /sipse/faces/javax.faces.resource/primefaces.css?ln=primefaces&v=4.0 HTTP/1.1" 304 -
186.29.13.35 - - [29/Jan/2023:01:45:42 -0500] "GET /sipse/faces/javax.faces.resource/layout/layout.css?ln=primefaces&v=4.0 HTTP/1.1" 304 -
186.29.13.35 - - [29/Jan/2023:01:45:42 -0500] "GET /sipse/faces/javax.faces.resource/jquery/jquery.js?ln=primefaces&v=4.0 HTTP/1.1" 304 -
186.29.13.35 - - [29/Jan/2023:01:45:42 -0500] "GET /sipse/faces/javax.faces.resource/jquery/jquery-plugins.js?ln=primefaces&v=4.0 HTTP/1.1" 304 -
186.29.13.35 - - [29/Jan/2023:01:45:42 -0500] "GET /sipse/faces/javax.faces.resource/primefaces.js?ln=primefaces&v=4.0 HTTP/1.1" 304 -
186.29.13.35 - - [29/Jan/2023:01:45:42 -0500] "GET /sipse/faces/javax.faces.resource/layout/layout.js?ln=primefaces&v=4.0 HTTP/1.1" 304 -
186.29.13.35 - - [29/Jan/2023:01:45:42 -0500] "GET /sipse/faces/javax.faces.resource/images/ui-icons_898989_256x240.png?ln=primefaces-aristo HTTP/1.1" 304 -
172.22.2.4 - - [29/Jan/2023:01:44:05 -0500] "GET /BLA/boletinlegal/ HTTP/1.1" 200 57192
172.22.2.4 - - [29/Jan/2023:01:45:32 -0500] "GET /BLA/boletinlegal/ HTTP/1.1" 200 24523
186.29.13.35 - - [29/Jan/2023:01:46:16 -0500] "POST /sipse/faces/presentacion/financiero/solicitudProceso/consultarSolicitudProceso.xhtml HTTP/1.1" 200 5526
191.109.180.250 - - [29/Jan/2023:01:46:23 -0500] "GET /BLA/resoluciones/RESOLUCIONES%202008/3893.pdf HTTP/1.1" 200 407546
186.29.13.35 - - [29/Jan/2023:01:46:47 -0500] "POST /sipse/faces/presentacion/financiero/solicitudProceso/consultarSolicitudProceso.xhtml HTTP/1.1" 200 5537
