201.245.192.253 - - [30/Jan/2023:09:08:36 -0500] "GET /sipse/faces/javax.faces.resource/jquery/jquery.js?ln=primefaces&v=4.0 HTTP/1.1" 304 -
201.245.192.253 - - [30/Jan/2023:09:08:35 -0500] "POST /sipse/faces/presentacion/financiero/solicitudProceso/consultarSolicitudProceso.xhtml HTTP/1.1" 200 160140
201.245.192.253 - - [30/Jan/2023:09:08:36 -0500] "GET /sipse/faces/javax.faces.resource/jquery/jquery-plugins.js?ln=primefaces&v=4.0 HTTP/1.1" 304 -
201.245.192.253 - - [30/Jan/2023:09:08:36 -0500] "GET /sipse/faces/javax.faces.resource/primefaces.js?ln=primefaces&v=4.0 HTTP/1.1" 304 -
201.245.192.253 - - [30/Jan/2023:09:08:36 -0500] "GET /sipse/faces/javax.faces.resource/layout/layout.js?ln=primefaces&v=4.0 HTTP/1.1" 304 -
201.245.192.253 - - [30/Jan/2023:09:08:36 -0500] "GET /sipse/faces/javax.faces.resource/messages/messages.png?ln=primefaces&v=4.0 HTTP/1.1" 200 27209
191.95.56.26 - - [30/Jan/2023:09:08:36 -0500] "POST /sipse/faces/presentacion/contratacion/procesoContractual/registrarInvitacionContratista.xhtml HTTP/1.1" 200 9266
201.245.192.253 - - [30/Jan/2023:09:08:38 -0500] "POST /sipse/faces/presentacion/financiero/solicitudProceso/consultarSolicitudProceso.xhtml HTTP/1.1" 200 312692
201.245.192.253 - - [30/Jan/2023:09:08:39 -0500] "POST /sipse/faces/presentacion/sistema/seguridad/seleccionRol.xhtml HTTP/1.1" 200 6258
201.245.192.253 - - [30/Jan/2023:09:08:40 -0500] "POST /sipse/faces/presentacion/financiero/solicitudProceso/consultarSolicitudProceso.xhtml HTTP/1.1" 200 75682
191.95.56.26 - - [30/Jan/2023:09:08:41 -0500] "POST /sipse/faces/presentacion/contratacion/procesoContractual/registrarInvitacionContratista.xhtml HTTP/1.1" 200 40576
191.95.56.26 - - [30/Jan/2023:09:08:41 -0500] "GET /sipse/faces/javax.faces.resource/theme.css?ln=primefaces-sipse HTTP/1.1" 304 -
191.95.56.26 - - [30/Jan/2023:09:08:41 -0500] "GET /sipse/faces/javax.faces.resource/primefaces.css?ln=primefaces&v=4.0 HTTP/1.1" 304 -
191.95.56.26 - - [30/Jan/2023:09:08:41 -0500] "GET /sipse/faces/javax.faces.resource/layout/layout.css?ln=primefaces&v=4.0 HTTP/1.1" 304 -
191.95.56.26 - - [30/Jan/2023:09:08:41 -0500] "GET /sipse/faces/javax.faces.resource/jquery/jquery.js?ln=primefaces&v=4.0 HTTP/1.1" 304 -
191.95.56.26 - - [30/Jan/2023:09:08:41 -0500] "GET /sipse/faces/javax.faces.resource/jquery/jquery-plugins.js?ln=primefaces&v=4.0 HTTP/1.1" 304 -
191.95.56.26 - - [30/Jan/2023:09:08:41 -0500] "GET /sipse/faces/javax.faces.resource/primefaces.js?ln=primefaces&v=4.0 HTTP/1.1" 304 -
191.95.56.26 - - [30/Jan/2023:09:08:41 -0500] "GET /sipse/faces/javax.faces.resource/layout/layout.js?ln=primefaces&v=4.0 HTTP/1.1" 304 -
201.245.192.253 - - [30/Jan/2023:09:08:41 -0500] "POST /sipse/faces/presentacion/sistema/seguridad/seleccionRol.xhtml HTTP/1.1" 200 18679
201.245.192.253 - - [30/Jan/2023:09:08:41 -0500] "GET /sipse/js/jquery.min.js HTTP/1.1" 304 -
201.245.192.253 - - [30/Jan/2023:09:08:41 -0500] "GET /sipse/faces/javax.faces.resource/jquery/jquery.js?ln=primefaces&v=4.0 HTTP/1.1" 304 -
201.245.192.253 - - [30/Jan/2023:09:08:41 -0500] "GET /sipse/faces/javax.faces.resource/jquery/jquery-plugins.js?ln=primefaces&v=4.0 HTTP/1.1" 304 -
201.245.192.253 - - [30/Jan/2023:09:08:41 -0500] "GET /sipse/faces/javax.faces.resource/primefaces.js?ln=primefaces&v=4.0 HTTP/1.1" 304 -
201.245.192.253 - - [30/Jan/2023:09:08:41 -0500] "GET /sipse/faces/javax.faces.resource/layout/layout.js?ln=primefaces&v=4.0 HTTP/1.1" 304 -
201.245.192.253 - - [30/Jan/2023:09:08:42 -0500] "GET /sipse/imagenes/logoAplicacion.jpg HTTP/1.1" 200 155084
201.245.192.253 - - [30/Jan/2023:09:08:42 -0500] "GET /sipse/css/imagen/contrasena.png HTTP/1.1" 404 383
201.245.192.253 - - [30/Jan/2023:09:08:42 -0500] "GET /sipse/imagenes/cargando.gif HTTP/1.1" 200 36959
186.30.116.44 - - [30/Jan/2023:09:08:46 -0500] "POST /sipse/faces/presentacion/financiero/solicitudProceso/consultar.xhtml HTTP/1.1" 200 12911
191.95.56.26 - - [30/Jan/2023:09:08:47 -0500] "POST /sipse/faces/presentacion/financiero/estudioPrevio/personalSolicitado/expedirExperienciaIdoneidad.xhtml HTTP/1.1" 200 22694
191.95.56.26 - - [30/Jan/2023:09:08:47 -0500] "GET /sipse/faces/javax.faces.resource/primefaces.css?ln=primefaces&v=4.0 HTTP/1.1" 304 -
191.95.56.26 - - [30/Jan/2023:09:08:47 -0500] "GET /sipse/faces/javax.faces.resource/theme.css?ln=primefaces-sipse HTTP/1.1" 304 -
191.95.56.26 - - [30/Jan/2023:09:08:47 -0500] "GET /sipse/faces/javax.faces.resource/layout/layout.css?ln=primefaces&v=4.0 HTTP/1.1" 304 -
191.95.56.26 - - [30/Jan/2023:09:08:47 -0500] "GET /sipse/faces/javax.faces.resource/jquery/jquery.js?ln=primefaces&v=4.0 HTTP/1.1" 304 -
186.84.89.190 - - [30/Jan/2023:09:08:47 -0500] "POST /sipse/faces/presentacion/financiero/solicitudProceso/consultarHistorialSolProceso.xhtml HTTP/1.1" 200 36731
186.84.89.190 - - [30/Jan/2023:09:08:47 -0500] "GET /sipse/faces/javax.faces.resource/theme.css?ln=primefaces-sipse HTTP/1.1" 304 -
186.84.89.190 - - [30/Jan/2023:09:08:47 -0500] "GET /sipse/faces/javax.faces.resource/primefaces.css?ln=primefaces&v=4.0 HTTP/1.1" 304 -
186.84.89.190 - - [30/Jan/2023:09:08:47 -0500] "GET /sipse/faces/javax.faces.resource/layout/layout.css?ln=primefaces&v=4.0 HTTP/1.1" 304 -
186.84.89.190 - - [30/Jan/2023:09:08:47 -0500] "GET /sipse/faces/javax.faces.resource/jquery/jquery.js?ln=primefaces&v=4.0 HTTP/1.1" 304 -
191.95.56.26 - - [30/Jan/2023:09:08:47 -0500] "GET /sipse/faces/javax.faces.resource/jquery/jquery-plugins.js?ln=primefaces&v=4.0 HTTP/1.1" 304 -
186.84.89.190 - - [30/Jan/2023:09:08:48 -0500] "GET /sipse/faces/javax.faces.resource/jquery/jquery-plugins.js?ln=primefaces&v=4.0 HTTP/1.1" 304 -
186.84.89.190 - - [30/Jan/2023:09:08:48 -0500] "GET /sipse/faces/javax.faces.resource/primefaces.js?ln=primefaces&v=4.0 HTTP/1.1" 304 -
191.95.56.26 - - [30/Jan/2023:09:08:48 -0500] "GET /sipse/faces/javax.faces.resource/primefaces.js?ln=primefaces&v=4.0 HTTP/1.1" 304 -
186.84.89.190 - - [30/Jan/2023:09:08:48 -0500] "GET /sipse/faces/javax.faces.resource/layout/layout.js?ln=primefaces&v=4.0 HTTP/1.1" 304 -
191.95.56.26 - - [30/Jan/2023:09:08:48 -0500] "GET /sipse/faces/javax.faces.resource/layout/layout.js?ln=primefaces&v=4.0 HTTP/1.1" 304 -
186.84.89.190 - - [30/Jan/2023:09:08:48 -0500] "POST /sipse/faces/presentacion/financiero/solicitudProceso/listarSolicitudProceso.xhtml HTTP/1.1" 200 1396
186.102.60.191 - - [30/Jan/2023:09:08:49 -0500] "GET /kwssiamovil/sm/ldap/au?x=U2FsdGVkX1/8FSlK5ljrngrU6c9aI7GEc7fkd7j4HFjaGs8484bAni4V7b/Lfi7U&y=U2FsdGVkX1/NQ0Jj1zVw7hfOb/6oHEIapP6dVTIkrrvuY4B/vipsBagJJwOAp0Sl HTTP/1.1" 200 30
186.102.60.191 - - [30/Jan/2023:09:08:49 -0500] "GET /kwssiamovil/sm/acme/s?s=U2FsdGVkX18YigT+80qXWIH621xmyR6uA8J5AtE5+4ICgOH7HZOewUCQJ+k4pKrhR8DeBNZNoJuuYQirSMPzVSF0XX1SvcJXXh8plTzmGKg=&u=U2FsdGVkX1+AE2OwPQhjmCbxe562hr1qzl3sF1LUQyo=&y=U2FsdGVkX1/NQ0Jj1zVw7hfOb/6oHEIapP6dVTIkrrvuY4B/vipsBagJJwOAp0Sl HTTP/1.1" 200 97
186.102.60.191 - - [30/Jan/2023:09:08:49 -0500] "GET /kwssiamovil/sm/acme/s?s=U2FsdGVkX1+bbFOvXTWIuhpN+4rSTPZzoP48/LZG9ahNnA9pV+J7MQKXBmxURMplAhBsHITA4I8vkjyYKuLZwE2fHAoPdahoX9m7zwxMQezcQWP3K8zUQRMMNIPsFG28hxv9Cczmn9ImVv76uHIg1W/feZxWfR06gaai5i+HQZHnjOeGOgpkua2+VQnxxDoG/9uBFwFHNYapJfoIsG+2JWXgMkpntCGw2F+D6xYT8a3WfRPqKrclL6wjHeBcnxC3QbafkxOJaLF9SsiNlRsj9RnPpdHMO9mEr1X251eFWLBM4Ytn+I++X7iAqJYZgfDxgHal230+qgyuTBik6Kk59mFrX1M34GqtQLVPH17GdKZx9mpuPwl06Z41QScNkxFCVe6wkQ/KnnHrcmXgGjlaSSHs5iVEh+kJOkTr4fzfLiXHn8oDoJZVm4u+2jlOmVS0MAMzjCG9w6/czUcfJrPkjMA7CTWS66RohICh4hpUbRsMuXZypi42L4RC+4QWP5q1qBh5O8p+GoJ88n9mks6IXlCiSAt2DHYvTgAXFAdS4/4nnVNlyacDneWe91N0ONrbQLHYBVVjSpUW8wyz63KO7gJPGJwuggDHhmEt5MJR8v2QVRvUOzxDCvydar0OY8sXljRiHh8+gU2hkdXgx5WDRCjHdxRrheiOWUwnNxP5hJiJ/PUDJ8Yr1lVFMR5A3Pdxwy+IHISptblNl70YmqHKdAkvyfoZUDh/IvtVMgaXFLvzs3N3hA6EW70FeHZRCG8B/YurqSAanusI5uw9ENA7Vp9aVqWXYb2VB9ut7U+gX++p9WSpkAoJA/Cu94NYWR7j62TEg6bLLB/P4qNkBWtPYD41ZTiIfzuJX4yUY3jq+n/OYcvVH03GYWzYPmSiG+V04P5vuTrQ25VoKK4PAL7YVS4ifQP7m157/UzSByZoj45HEjxBaOTYjb1zNZABCJqibw2tYM7Gxu4n22Hii71kg6PxuQpmKg+j51ASCdhVdXJPb2oxS78p5iHGO/av+DXQvcCe/39/c4qz/f2xKGV1MOTxHqZmIeJj12jD+bLZrD9v3MNHyzWD8PCCRGMFnbh5zgB+YBf5GKynsDwLtg2kVqBDvQUdIV26Z8LvlqN+siPHubzFG2kN0WRcBqVwaKrVvK0KHm0M7vmwWHj7WjdqDpfeIiqPGmGEX0Mn4p8GoALEeFVhMYpe2pgocfDELMtI990VrU6HqiGqlKC18m3QJrolizItwYUM60R5hEkfCdpJjWBzp9Fw/EieQeM+75fqwEMAGTNLyl24FIDHu8OcTapBaA9a60EtEblqTg4Bg29EWVdrzmjzeOZN2qlxS0vw34u20iF75Jg9s+XTpwQgJINDYQRJ1i2AafOE/uFsWhEaxNzU4QUDWmLGCBDCZOnXLNs3SwsfJlARJMnjutJ5GvhOTOLorB7PH+kHElEmQEI=&u=U2FsdGVkX1+AE2OwPQhjmCbxe562hr1qzl3sF1LUQyo=&y=U2FsdGVkX1/NQ0Jj1zVw7hfOb/6oHEIapP6dVTIkrrvuY4B/vipsBagJJwOAp0Sl HTTP/1.1" 200 307
186.102.60.191 - - [30/Jan/2023:09:08:49 -0500] "GET /kwssiamovil/sm/acme/s?s=U2FsdGVkX1/55p48At5lCtfg2pTAcMd7FPcENR67YIT7f580ttrbs2a20C4JsUu4vUQOJPOYV40liTfJFVpqkx6DFf4/atYE4022YVNFwi2lmMdplgRAeNcc1QmQjS0/L8fHWSTRekpibEqm1pDz2uv1KAD1Hd7+hqF1LQXe8Ne2mD5mNEj3v/uf6xn0LumF9GCOgQx3WYJvrdmj+kCo6OdDZFX+Wgxa4DhOCfGXOrjb1Q9jtpbQSvka3O7+EvePI0idjlPMyMCo4outRBHImm64Ljy6nlmAZ8WVivVS2o0uLzq+COlyF7A+D72g37vuUNRG/wDoFBqHCzKf965+8gYL1ambg0nzU2r4HC/ZBbs=&u=U2FsdGVkX1+AE2OwPQhjmCbxe562hr1qzl3sF1LUQyo=&y=U2FsdGVkX1/NQ0Jj1zVw7hfOb/6oHEIapP6dVTIkrrvuY4B/vipsBagJJwOAp0Sl HTTP/1.1" 200 196
186.84.89.190 - - [30/Jan/2023:09:08:49 -0500] "POST /sipse/faces/presentacion/financiero/solicitudProceso/listarSolicitudProceso.xhtml HTTP/1.1" 200 7438
186.102.60.191 - - [30/Jan/2023:09:08:50 -0500] "GET /kwssiamovil/sm/cjson/pre?f=1&x=U2FsdGVkX1/8FSlK5ljrngrU6c9aI7GEc7fkd7j4HFjaGs8484bAni4V7b/Lfi7U HTTP/1.1" 200 31032
186.84.21.124 - - [30/Jan/2023:09:08:50 -0500] "POST /sipse/faces/presentacion/financiero/solicitudProceso/listarSolicitudProceso.xhtml HTTP/1.1" 200 911
201.245.192.253 - - [30/Jan/2023:09:08:53 -0500] "POST /sipse/faces/presentacion/financiero/solicitudProceso/consultarSolicitudProceso.xhtml HTTP/1.1" 200 751882
186.84.21.124 - - [30/Jan/2023:09:08:54 -0500] "GET /sipse/faces/presentacion/sistema/anexos/faces/autenticacion HTTP/1.1" 302 -
186.84.21.124 - - [30/Jan/2023:09:08:54 -0500] "GET /sipse/faces/autenticacion.xhtml HTTP/1.1" 200 12169
186.84.21.124 - - [30/Jan/2023:09:08:55 -0500] "GET /sipse/faces/javax.faces.resource/theme.css?ln=primefaces-sipse HTTP/1.1" 304 -
186.84.21.124 - - [30/Jan/2023:09:08:55 -0500] "GET /sipse/faces/javax.faces.resource/primefaces.css?ln=primefaces&v=4.0 HTTP/1.1" 304 -
186.84.21.124 - - [30/Jan/2023:09:08:55 -0500] "GET /sipse/faces/javax.faces.resource/layout/layout.css?ln=primefaces&v=4.0 HTTP/1.1" 304 -
186.84.21.124 - - [30/Jan/2023:09:08:55 -0500] "GET /sipse/faces/javax.faces.resource/jquery/jquery.js?ln=primefaces&v=4.0 HTTP/1.1" 304 -
186.84.21.124 - - [30/Jan/2023:09:08:55 -0500] "GET /sipse/faces/javax.faces.resource/jquery/jquery-plugins.js?ln=primefaces&v=4.0 HTTP/1.1" 304 -
186.84.21.124 - - [30/Jan/2023:09:08:55 -0500] "GET /sipse/faces/javax.faces.resource/primefaces.js?ln=primefaces&v=4.0 HTTP/1.1" 304 -
186.84.21.124 - - [30/Jan/2023:09:08:55 -0500] "GET /sipse/faces/javax.faces.resource/layout/layout.js?ln=primefaces&v=4.0 HTTP/1.1" 304 -
186.84.89.190 - - [30/Jan/2023:09:08:57 -0500] "POST /sipse/faces/presentacion/financiero/solicitudProceso/listarSolicitudProceso.xhtml HTTP/1.1" 200 7438
186.84.21.124 - - [30/Jan/2023:09:08:59 -0500] "POST /sipse/faces/autenticacion.xhtml HTTP/1.1" 200 2213
186.84.21.124 - - [30/Jan/2023:09:09:01 -0500] "POST /sipse/faces/autenticacion.xhtml HTTP/1.1" 200 16235
186.84.21.124 - - [30/Jan/2023:09:09:01 -0500] "GET /sipse/faces/javax.faces.resource/layout/layout.css?ln=primefaces&v=4.0 HTTP/1.1" 304 -
186.84.21.124 - - [30/Jan/2023:09:09:01 -0500] "GET /sipse/faces/javax.faces.resource/theme.css?ln=primefaces-sipse HTTP/1.1" 304 -
186.84.21.124 - - [30/Jan/2023:09:09:01 -0500] "GET /sipse/faces/javax.faces.resource/primefaces.css?ln=primefaces&v=4.0 HTTP/1.1" 304 -
186.84.21.124 - - [30/Jan/2023:09:09:01 -0500] "GET /sipse/faces/javax.faces.resource/jquery/jquery.js?ln=primefaces&v=4.0 HTTP/1.1" 304 -
186.84.21.124 - - [30/Jan/2023:09:09:01 -0500] "GET /sipse/faces/javax.faces.resource/jquery/jquery-plugins.js?ln=primefaces&v=4.0 HTTP/1.1" 304 -
186.84.21.124 - - [30/Jan/2023:09:09:01 -0500] "GET /sipse/faces/javax.faces.resource/primefaces.js?ln=primefaces&v=4.0 HTTP/1.1" 304 -
186.84.21.124 - - [30/Jan/2023:09:09:01 -0500] "GET /sipse/faces/javax.faces.resource/layout/layout.js?ln=primefaces&v=4.0 HTTP/1.1" 304 -
201.245.192.253 - - [30/Jan/2023:09:09:01 -0500] "POST /sipse/faces/presentacion/financiero/solicitudProceso/consultarSolicitudProceso.xhtml HTTP/1.1" 200 5515
186.30.116.44 - - [30/Jan/2023:09:09:03 -0500] "POST /sipse/faces/presentacion/financiero/solicitudProceso/consultar.xhtml HTTP/1.1" 200 12827
186.84.21.124 - - [30/Jan/2023:09:09:03 -0500] "POST /sipse/faces/bienvenido.xhtml HTTP/1.1" 200 2658
201.245.192.253 - - [30/Jan/2023:09:09:04 -0500] "POST /sipse/faces/presentacion/financiero/solicitudProceso/consultarSolicitudProceso.xhtml HTTP/1.1" 200 692322
186.84.21.124 - - [30/Jan/2023:09:09:04 -0500] "POST /sipse/faces/bienvenido.xhtml HTTP/1.1" 200 65104
186.84.21.124 - - [30/Jan/2023:09:09:05 -0500] "GET /sipse/faces/javax.faces.resource/theme.css?ln=primefaces-sipse HTTP/1.1" 304 -
186.84.21.124 - - [30/Jan/2023:09:09:05 -0500] "GET /sipse/faces/javax.faces.resource/primefaces.css?ln=primefaces&v=4.0 HTTP/1.1" 304 -
186.84.21.124 - - [30/Jan/2023:09:09:05 -0500] "GET /sipse/faces/javax.faces.resource/layout/layout.css?ln=primefaces&v=4.0 HTTP/1.1" 304 -
186.84.21.124 - - [30/Jan/2023:09:09:05 -0500] "GET /sipse/faces/javax.faces.resource/jquery/jquery.js?ln=primefaces&v=4.0 HTTP/1.1" 304 -
186.84.21.124 - - [30/Jan/2023:09:09:05 -0500] "GET /sipse/faces/javax.faces.resource/jquery/jquery-plugins.js?ln=primefaces&v=4.0 HTTP/1.1" 304 -
186.84.21.124 - - [30/Jan/2023:09:09:05 -0500] "GET /sipse/faces/javax.faces.resource/primefaces.js?ln=primefaces&v=4.0 HTTP/1.1" 304 -
186.84.21.124 - - [30/Jan/2023:09:09:05 -0500] "GET /sipse/faces/javax.faces.resource/layout/layout.js?ln=primefaces&v=4.0 HTTP/1.1" 304 -
186.84.21.124 - - [30/Jan/2023:09:09:05 -0500] "POST /sipse/faces/presentacion/financiero/solicitudProceso/listarSolicitudProceso.xhtml HTTP/1.1" 200 1556
186.84.21.124 - - [30/Jan/2023:09:09:09 -0500] "POST /sipse/faces/presentacion/financiero/solicitudProceso/listarSolicitudProceso.xhtml HTTP/1.1" 200 34775
186.84.21.124 - - [30/Jan/2023:09:09:10 -0500] "POST /sipse/faces/presentacion/financiero/solicitudProceso/listarSolicitudProceso.xhtml HTTP/1.1" 200 7742
186.84.21.124 - - [30/Jan/2023:09:09:14 -0500] "POST /sipse/faces/presentacion/financiero/solicitudProceso/listarSolicitudProceso.xhtml HTTP/1.1" 200 146982
186.84.21.124 - - [30/Jan/2023:09:09:15 -0500] "GET /sipse/faces/javax.faces.resource/jquery/jquery.js?ln=primefaces&v=4.0 HTTP/1.1" 304 -
186.84.21.124 - - [30/Jan/2023:09:09:15 -0500] "GET /sipse/faces/javax.faces.resource/layout/layout.css?ln=primefaces&v=4.0 HTTP/1.1" 304 -
186.84.21.124 - - [30/Jan/2023:09:09:15 -0500] "GET /sipse/faces/javax.faces.resource/primefaces.css?ln=primefaces&v=4.0 HTTP/1.1" 304 -
186.84.21.124 - - [30/Jan/2023:09:09:15 -0500] "GET /sipse/faces/javax.faces.resource/theme.css?ln=primefaces-sipse HTTP/1.1" 304 -
186.84.21.124 - - [30/Jan/2023:09:09:15 -0500] "GET /sipse/faces/javax.faces.resource/jquery/jquery-plugins.js?ln=primefaces&v=4.0 HTTP/1.1" 304 -
186.84.21.124 - - [30/Jan/2023:09:09:15 -0500] "GET /sipse/faces/javax.faces.resource/primefaces.js?ln=primefaces&v=4.0 HTTP/1.1" 304 -
186.84.21.124 - - [30/Jan/2023:09:09:15 -0500] "GET /sipse/faces/javax.faces.resource/layout/layout.js?ln=primefaces&v=4.0 HTTP/1.1" 304 -
186.84.89.190 - - [30/Jan/2023:09:09:15 -0500] "POST /sipse/faces/presentacion/financiero/solicitudProceso/listarSolicitudProceso.xhtml HTTP/1.1" 200 7356
201.245.192.253 - - [30/Jan/2023:09:09:17 -0500] "POST /sipse/faces/presentacion/financiero/solicitudProceso/consultarSolicitudProceso.xhtml HTTP/1.1" 200 34972
201.245.192.253 - - [30/Jan/2023:09:09:17 -0500] "GET /sipse/faces/javax.faces.resource/theme.css?ln=primefaces-sipse HTTP/1.1" 304 -
201.245.192.253 - - [30/Jan/2023:09:09:17 -0500] "GET /sipse/faces/javax.faces.resource/primefaces.css?ln=primefaces&v=4.0 HTTP/1.1" 304 -
201.245.192.253 - - [30/Jan/2023:09:09:17 -0500] "GET /sipse/faces/javax.faces.resource/layout/layout.css?ln=primefaces&v=4.0 HTTP/1.1" 304 -
201.245.192.253 - - [30/Jan/2023:09:09:17 -0500] "GET /sipse/faces/javax.faces.resource/jquery/jquery.js?ln=primefaces&v=4.0 HTTP/1.1" 304 -
201.245.192.253 - - [30/Jan/2023:09:09:17 -0500] "GET /sipse/faces/javax.faces.resource/jquery/jquery-plugins.js?ln=primefaces&v=4.0 HTTP/1.1" 304 -
201.245.192.253 - - [30/Jan/2023:09:09:17 -0500] "GET /sipse/faces/javax.faces.resource/primefaces.js?ln=primefaces&v=4.0 HTTP/1.1" 304 -
201.245.192.253 - - [30/Jan/2023:09:09:17 -0500] "GET /sipse/faces/javax.faces.resource/layout/layout.js?ln=primefaces&v=4.0 HTTP/1.1" 304 -
181.204.226.86 - - [30/Jan/2023:09:09:18 -0500] "POST /sipse/faces/autenticacion.xhtml HTTP/1.1" 200 2246
201.245.192.253 - - [30/Jan/2023:09:09:19 -0500] "POST /sipse/faces/presentacion/financiero/solicitudProceso/asignarContratacion.xhtml HTTP/1.1" 200 3441
186.84.89.190 - - [30/Jan/2023:09:09:18 -0500] "POST /sipse/faces/presentacion/financiero/solicitudProceso/listarSolicitudProceso.xhtml HTTP/1.1" 200 142960
186.84.89.190 - - [30/Jan/2023:09:09:19 -0500] "GET /sipse/faces/javax.faces.resource/theme.css?ln=primefaces-sipse HTTP/1.1" 304 -
186.84.89.190 - - [30/Jan/2023:09:09:19 -0500] "GET /sipse/faces/javax.faces.resource/primefaces.css?ln=primefaces&v=4.0 HTTP/1.1" 304 -
186.84.89.190 - - [30/Jan/2023:09:09:19 -0500] "GET /sipse/faces/javax.faces.resource/layout/layout.css?ln=primefaces&v=4.0 HTTP/1.1" 304 -
186.84.89.190 - - [30/Jan/2023:09:09:19 -0500] "GET /sipse/faces/javax.faces.resource/jquery/jquery.js?ln=primefaces&v=4.0 HTTP/1.1" 304 -
186.84.89.190 - - [30/Jan/2023:09:09:19 -0500] "GET /sipse/faces/javax.faces.resource/jquery/jquery-plugins.js?ln=primefaces&v=4.0 HTTP/1.1" 304 -
186.84.89.190 - - [30/Jan/2023:09:09:19 -0500] "GET /sipse/faces/javax.faces.resource/primefaces.js?ln=primefaces&v=4.0 HTTP/1.1" 304 -
186.84.89.190 - - [30/Jan/2023:09:09:19 -0500] "GET /sipse/faces/javax.faces.resource/layout/layout.js?ln=primefaces&v=4.0 HTTP/1.1" 304 -
181.204.226.86 - - [30/Jan/2023:09:09:20 -0500] "POST /sipse/faces/autenticacion.xhtml HTTP/1.1" 200 2246
186.30.116.44 - - [30/Jan/2023:09:09:20 -0500] "POST /sipse/faces/presentacion/financiero/solicitudProceso/consultar.xhtml HTTP/1.1" 200 12915
201.245.192.253 - - [30/Jan/2023:09:09:20 -0500] "POST /sipse/faces/presentacion/financiero/solicitudProceso/consultarSolicitudProceso.xhtml HTTP/1.1" 200 25349
201.245.192.253 - - [30/Jan/2023:09:09:20 -0500] "GET /sipse/faces/javax.faces.resource/primefaces.css?ln=primefaces&v=4.0 HTTP/1.1" 304 -
201.245.192.253 - - [30/Jan/2023:09:09:20 -0500] "GET /sipse/faces/javax.faces.resource/theme.css?ln=primefaces-sipse HTTP/1.1" 304 -
201.245.192.253 - - [30/Jan/2023:09:09:20 -0500] "GET /sipse/faces/javax.faces.resource/layout/layout.css?ln=primefaces&v=4.0 HTTP/1.1" 304 -
201.245.192.253 - - [30/Jan/2023:09:09:20 -0500] "GET /sipse/faces/javax.faces.resource/primefaces.js?ln=primefaces&v=4.0 HTTP/1.1" 304 -
201.245.192.253 - - [30/Jan/2023:09:09:20 -0500] "GET /sipse/faces/javax.faces.resource/jquery/jquery-plugins.js?ln=primefaces&v=4.0 HTTP/1.1" 304 -
201.245.192.253 - - [30/Jan/2023:09:09:20 -0500] "GET /sipse/faces/javax.faces.resource/jquery/jquery.js?ln=primefaces&v=4.0 HTTP/1.1" 304 -
201.245.192.253 - - [30/Jan/2023:09:09:20 -0500] "GET /sipse/faces/javax.faces.resource/layout/layout.js?ln=primefaces&v=4.0 HTTP/1.1" 304 -
181.204.226.86 - - [30/Jan/2023:09:09:20 -0500] "POST /sipse/faces/autenticacion.xhtml HTTP/1.1" 200 2246
181.204.226.86 - - [30/Jan/2023:09:09:21 -0500] "POST /sipse/faces/autenticacion.xhtml HTTP/1.1" 200 2246
186.84.21.124 - - [30/Jan/2023:09:09:20 -0500] "POST /sipse/faces/presentacion/financiero/solicitudProceso/consultarSolicitudProceso.xhtml HTTP/1.1" 200 78766
186.84.89.190 - - [30/Jan/2023:09:09:23 -0500] "POST /sipse/faces/presentacion/financiero/solicitudProceso/consultarSolicitudProceso.xhtml HTTP/1.1" 200 33818
186.84.89.190 - - [30/Jan/2023:09:09:23 -0500] "GET /sipse/faces/javax.faces.resource/primefaces.css?ln=primefaces&v=4.0 HTTP/1.1" 304 -
186.84.89.190 - - [30/Jan/2023:09:09:23 -0500] "GET /sipse/faces/javax.faces.resource/theme.css?ln=primefaces-sipse HTTP/1.1" 304 -
186.84.89.190 - - [30/Jan/2023:09:09:23 -0500] "GET /sipse/faces/javax.faces.resource/layout/layout.css?ln=primefaces&v=4.0 HTTP/1.1" 304 -
186.84.89.190 - - [30/Jan/2023:09:09:23 -0500] "GET /sipse/faces/javax.faces.resource/jquery/jquery.js?ln=primefaces&v=4.0 HTTP/1.1" 304 -
186.84.89.190 - - [30/Jan/2023:09:09:23 -0500] "GET /sipse/faces/javax.faces.resource/jquery/jquery-plugins.js?ln=primefaces&v=4.0 HTTP/1.1" 304 -
186.84.89.190 - - [30/Jan/2023:09:09:23 -0500] "GET /sipse/faces/javax.faces.resource/primefaces.js?ln=primefaces&v=4.0 HTTP/1.1" 304 -
186.84.89.190 - - [30/Jan/2023:09:09:23 -0500] "GET /sipse/faces/javax.faces.resource/layout/layout.js?ln=primefaces&v=4.0 HTTP/1.1" 304 -
201.245.192.253 - - [30/Jan/2023:09:09:22 -0500] "POST /sipse/faces/presentacion/financiero/solicitudProceso/asignarContratacion.xhtml HTTP/1.1" 200 43069
201.245.192.253 - - [30/Jan/2023:09:09:25 -0500] "GET /sipse/faces/javax.faces.resource/theme.css?ln=primefaces-sipse HTTP/1.1" 304 -
201.245.192.253 - - [30/Jan/2023:09:09:25 -0500] "GET /sipse/faces/javax.faces.resource/layout/layout.css?ln=primefaces&v=4.0 HTTP/1.1" 304 -
201.245.192.253 - - [30/Jan/2023:09:09:25 -0500] "GET /sipse/faces/javax.faces.resource/primefaces.css?ln=primefaces&v=4.0 HTTP/1.1" 304 -
201.245.192.253 - - [30/Jan/2023:09:09:25 -0500] "GET /sipse/faces/javax.faces.resource/jquery/jquery.js?ln=primefaces&v=4.0 HTTP/1.1" 304 -
201.245.192.253 - - [30/Jan/2023:09:09:25 -0500] "GET /sipse/faces/javax.faces.resource/jquery/jquery-plugins.js?ln=primefaces&v=4.0 HTTP/1.1" 304 -
201.245.192.253 - - [30/Jan/2023:09:09:25 -0500] "GET /sipse/faces/javax.faces.resource/primefaces.js?ln=primefaces&v=4.0 HTTP/1.1" 304 -
201.245.192.253 - - [30/Jan/2023:09:09:25 -0500] "GET /sipse/faces/javax.faces.resource/layout/layout.js?ln=primefaces&v=4.0 HTTP/1.1" 304 -
181.204.226.86 - - [30/Jan/2023:09:09:25 -0500] "POST /sipse/faces/autenticacion.xhtml HTTP/1.1" 200 2246
201.245.192.253 - - [30/Jan/2023:09:09:25 -0500] "POST /sipse/faces/presentacion/financiero/solicitudProceso/listarSolicitudProceso.xhtml HTTP/1.1" 200 1416
181.204.226.86 - - [30/Jan/2023:09:09:26 -0500] "POST /sipse/faces/autenticacion.xhtml HTTP/1.1" 200 2246
181.204.226.86 - - [30/Jan/2023:09:09:26 -0500] "POST /sipse/faces/autenticacion.xhtml HTTP/1.1" 200 2246
201.245.192.253 - - [30/Jan/2023:09:09:30 -0500] "POST /sipse/faces/presentacion/financiero/solicitudProceso/registrarAnotacion.xhtml HTTP/1.1" 200 127594
201.245.192.253 - - [30/Jan/2023:09:09:31 -0500] "GET /sipse/faces/javax.faces.resource/theme.css?ln=primefaces-sipse HTTP/1.1" 304 -
201.245.192.253 - - [30/Jan/2023:09:09:31 -0500] "GET /sipse/faces/javax.faces.resource/primefaces.css?ln=primefaces&v=4.0 HTTP/1.1" 304 -
201.245.192.253 - - [30/Jan/2023:09:09:31 -0500] "GET /sipse/faces/javax.faces.resource/layout/layout.css?ln=primefaces&v=4.0 HTTP/1.1" 304 -
201.245.192.253 - - [30/Jan/2023:09:09:31 -0500] "GET /sipse/faces/javax.faces.resource/jquery/jquery.js?ln=primefaces&v=4.0 HTTP/1.1" 304 -
201.245.192.253 - - [30/Jan/2023:09:09:31 -0500] "GET /sipse/faces/javax.faces.resource/jquery/jquery-plugins.js?ln=primefaces&v=4.0 HTTP/1.1" 304 -
201.245.192.253 - - [30/Jan/2023:09:09:31 -0500] "GET /sipse/faces/javax.faces.resource/primefaces.js?ln=primefaces&v=4.0 HTTP/1.1" 304 -
201.245.192.253 - - [30/Jan/2023:09:09:31 -0500] "GET /sipse/faces/javax.faces.resource/layout/layout.js?ln=primefaces&v=4.0 HTTP/1.1" 304 -
201.245.192.253 - - [30/Jan/2023:09:09:30 -0500] "POST /sipse/faces/presentacion/financiero/solicitudProceso/listarSolicitudProceso.xhtml HTTP/1.1" 200 158496
201.245.192.253 - - [30/Jan/2023:09:09:31 -0500] "GET /sipse/faces/javax.faces.resource/theme.css?ln=primefaces-sipse HTTP/1.1" 304 -
201.245.192.253 - - [30/Jan/2023:09:09:31 -0500] "GET /sipse/faces/javax.faces.resource/layout/layout.css?ln=primefaces&v=4.0 HTTP/1.1" 304 -
201.245.192.253 - - [30/Jan/2023:09:09:31 -0500] "GET /sipse/faces/javax.faces.resource/primefaces.css?ln=primefaces&v=4.0 HTTP/1.1" 304 -
201.245.192.253 - - [30/Jan/2023:09:09:31 -0500] "GET /sipse/faces/javax.faces.resource/images/ui-icons_898989_256x240.png?ln=primefaces-aristo HTTP/1.1" 304 -
201.245.192.253 - - [30/Jan/2023:09:09:31 -0500] "GET /sipse/faces/javax.faces.resource/jquery/jquery.js?ln=primefaces&v=4.0 HTTP/1.1" 304 -
201.245.192.253 - - [30/Jan/2023:09:09:31 -0500] "GET /sipse/faces/javax.faces.resource/jquery/jquery-plugins.js?ln=primefaces&v=4.0 HTTP/1.1" 304 -
201.245.192.253 - - [30/Jan/2023:09:09:31 -0500] "GET /sipse/faces/javax.faces.resource/primefaces.js?ln=primefaces&v=4.0 HTTP/1.1" 304 -
201.245.192.253 - - [30/Jan/2023:09:09:31 -0500] "GET /sipse/faces/javax.faces.resource/layout/layout.js?ln=primefaces&v=4.0 HTTP/1.1" 304 -
186.30.116.44 - - [30/Jan/2023:09:09:32 -0500] "POST /sipse/faces/presentacion/financiero/solicitudProceso/consultar.xhtml HTTP/1.1" 200 12872
201.245.192.253 - - [30/Jan/2023:09:09:34 -0500] "GET /sipse/faces/javax.faces.resource/images/ui-bg_flat_0_2d5972_40x100.png?ln=primefaces-aristo HTTP/1.1" 304 -
201.245.192.253 - - [30/Jan/2023:09:09:34 -0500] "POST /sipse/faces/presentacion/financiero/solicitudProceso/consultarSolicitudProceso.xhtml HTTP/1.1" 200 65876
201.245.192.253 - - [30/Jan/2023:09:09:36 -0500] "GET /sipse/faces/javax.faces.resource/theme.css?ln=primefaces-sipse HTTP/1.1" 304 -
201.245.192.253 - - [30/Jan/2023:09:09:36 -0500] "GET /sipse/faces/javax.faces.resource/primefaces.css?ln=primefaces&v=4.0 HTTP/1.1" 304 -
201.245.192.253 - - [30/Jan/2023:09:09:36 -0500] "GET /sipse/faces/javax.faces.resource/jquery/jquery.js?ln=primefaces&v=4.0 HTTP/1.1" 304 -
201.245.192.253 - - [30/Jan/2023:09:09:36 -0500] "GET /sipse/faces/javax.faces.resource/jquery/jquery-plugins.js?ln=primefaces&v=4.0 HTTP/1.1" 304 -
201.245.192.253 - - [30/Jan/2023:09:09:36 -0500] "GET /sipse/faces/javax.faces.resource/primefaces.js?ln=primefaces&v=4.0 HTTP/1.1" 304 -
201.245.192.253 - - [30/Jan/2023:09:09:36 -0500] "GET /sipse/faces/javax.faces.resource/layout/layout.js?ln=primefaces&v=4.0 HTTP/1.1" 304 -
201.245.192.253 - - [30/Jan/2023:09:09:36 -0500] "GET /sipse/faces/javax.faces.resource/layout/layout.css?ln=primefaces&v=4.0 HTTP/1.1" 304 -
201.245.192.253 - - [30/Jan/2023:09:09:37 -0500] "GET /sipse/css/imagen/contrasena.png HTTP/1.1" 404 383
201.245.192.253 - - [30/Jan/2023:09:09:37 -0500] "GET /sipse/faces/javax.faces.resource/messages/messages.png?ln=primefaces&v=4.0 HTTP/1.1" 304 -
201.245.192.253 - - [30/Jan/2023:09:09:37 -0500] "POST /sipse/faces/presentacion/financiero/solicitudProceso/listarSolicitudProceso.xhtml HTTP/1.1" 200 1556
201.245.192.253 - - [30/Jan/2023:09:09:38 -0500] "POST /sipse/faces/presentacion/financiero/solicitudProceso/consultarSolicitudProceso.xhtml HTTP/1.1" 200 68730
186.30.116.44 - - [30/Jan/2023:09:09:41 -0500] "POST /sipse/faces/presentacion/financiero/solicitudProceso/consultar.xhtml HTTP/1.1" 200 12871
201.245.192.253 - - [30/Jan/2023:09:09:47 -0500] "POST /sipse/faces/presentacion/financiero/solicitudProceso/listarSolicitudProceso.xhtml HTTP/1.1" 200 32782
201.245.192.253 - - [30/Jan/2023:09:09:48 -0500] "POST /sipse/faces/presentacion/financiero/solicitudProceso/listarSolicitudProceso.xhtml HTTP/1.1" 200 45184
201.245.192.253 - - [30/Jan/2023:09:09:48 -0500] "POST /sipse/faces/presentacion/financiero/solicitudProceso/listarSolicitudProceso.xhtml HTTP/1.1" 200 32778
201.245.192.253 - - [30/Jan/2023:09:09:49 -0500] "POST /sipse/faces/presentacion/financiero/solicitudProceso/consultarSolicitudProceso.xhtml HTTP/1.1" 200 615620
186.30.116.44 - - [30/Jan/2023:09:09:49 -0500] "POST /sipse/faces/presentacion/financiero/solicitudProceso/consultar.xhtml HTTP/1.1" 200 12856
186.84.89.190 - - [30/Jan/2023:09:09:55 -0500] "POST /sipse/faces/presentacion/financiero/solicitudProceso/consultarHistorialSolProceso.xhtml HTTP/1.1" 200 36744
186.84.89.190 - - [30/Jan/2023:09:09:55 -0500] "GET /sipse/faces/javax.faces.resource/theme.css?ln=primefaces-sipse HTTP/1.1" 304 -
186.84.89.190 - - [30/Jan/2023:09:09:55 -0500] "GET /sipse/faces/javax.faces.resource/primefaces.css?ln=primefaces&v=4.0 HTTP/1.1" 304 -
186.84.89.190 - - [30/Jan/2023:09:09:55 -0500] "GET /sipse/faces/javax.faces.resource/layout/layout.css?ln=primefaces&v=4.0 HTTP/1.1" 304 -
186.84.89.190 - - [30/Jan/2023:09:09:55 -0500] "GET /sipse/faces/javax.faces.resource/jquery/jquery.js?ln=primefaces&v=4.0 HTTP/1.1" 304 -
186.84.89.190 - - [30/Jan/2023:09:09:55 -0500] "GET /sipse/faces/javax.faces.resource/jquery/jquery-plugins.js?ln=primefaces&v=4.0 HTTP/1.1" 304 -
186.84.89.190 - - [30/Jan/2023:09:09:55 -0500] "GET /sipse/faces/javax.faces.resource/primefaces.js?ln=primefaces&v=4.0 HTTP/1.1" 304 -
186.84.89.190 - - [30/Jan/2023:09:09:55 -0500] "GET /sipse/faces/javax.faces.resource/layout/layout.js?ln=primefaces&v=4.0 HTTP/1.1" 304 -
186.84.89.190 - - [30/Jan/2023:09:09:55 -0500] "POST /sipse/faces/presentacion/financiero/solicitudProceso/listarSolicitudProceso.xhtml HTTP/1.1" 200 1396
186.84.89.190 - - [30/Jan/2023:09:09:57 -0500] "POST /sipse/faces/presentacion/financiero/solicitudProceso/listarSolicitudProceso.xhtml HTTP/1.1" 200 7380
201.245.192.253 - - [30/Jan/2023:09:09:57 -0500] "POST /sipse/faces/presentacion/financiero/solicitudProceso/consultarSolicitudProceso.xhtml HTTP/1.1" 200 34913
201.245.192.253 - - [30/Jan/2023:09:09:58 -0500] "GET /sipse/faces/javax.faces.resource/primefaces.css?ln=primefaces&v=4.0 HTTP/1.1" 304 -
201.245.192.253 - - [30/Jan/2023:09:09:58 -0500] "GET /sipse/faces/javax.faces.resource/theme.css?ln=primefaces-sipse HTTP/1.1" 304 -
201.245.192.253 - - [30/Jan/2023:09:09:58 -0500] "GET /sipse/faces/javax.faces.resource/layout/layout.css?ln=primefaces&v=4.0 HTTP/1.1" 304 -
201.245.192.253 - - [30/Jan/2023:09:09:58 -0500] "GET /sipse/faces/javax.faces.resource/jquery/jquery.js?ln=primefaces&v=4.0 HTTP/1.1" 304 -
201.245.192.253 - - [30/Jan/2023:09:09:58 -0500] "GET /sipse/faces/javax.faces.resource/jquery/jquery-plugins.js?ln=primefaces&v=4.0 HTTP/1.1" 304 -
201.245.192.253 - - [30/Jan/2023:09:09:58 -0500] "GET /sipse/faces/javax.faces.resource/primefaces.js?ln=primefaces&v=4.0 HTTP/1.1" 304 -
201.245.192.253 - - [30/Jan/2023:09:09:58 -0500] "GET /sipse/faces/javax.faces.resource/layout/layout.js?ln=primefaces&v=4.0 HTTP/1.1" 304 -
201.245.192.253 - - [30/Jan/2023:09:10:01 -0500] "POST /sipse/faces/presentacion/financiero/solicitudProceso/consultarSolicitudProceso.xhtml HTTP/1.1" 200 159805
186.30.116.44 - - [30/Jan/2023:09:10:01 -0500] "POST /sipse/faces/presentacion/financiero/solicitudProceso/consultar.xhtml HTTP/1.1" 200 12900
201.245.192.253 - - [30/Jan/2023:09:10:02 -0500] "POST /sipse/faces/presentacion/financiero/solicitudProceso/listarSolicitudProceso.xhtml HTTP/1.1" 200 12058
201.245.192.253 - - [30/Jan/2023:09:10:00 -0500] "POST /sipse/faces/presentacion/financiero/solicitudProceso/asignarContratacion.xhtml HTTP/1.1" 200 40118
201.245.192.253 - - [30/Jan/2023:09:10:02 -0500] "GET /sipse/faces/javax.faces.resource/layout/layout.css?ln=primefaces&v=4.0 HTTP/1.1" 304 -
201.245.192.253 - - [30/Jan/2023:09:10:02 -0500] "GET /sipse/faces/javax.faces.resource/theme.css?ln=primefaces-sipse HTTP/1.1" 304 -
201.245.192.253 - - [30/Jan/2023:09:10:02 -0500] "GET /sipse/faces/javax.faces.resource/primefaces.css?ln=primefaces&v=4.0 HTTP/1.1" 304 -
201.245.192.253 - - [30/Jan/2023:09:10:02 -0500] "GET /sipse/faces/javax.faces.resource/jquery/jquery.js?ln=primefaces&v=4.0 HTTP/1.1" 304 -
201.245.192.253 - - [30/Jan/2023:09:10:02 -0500] "GET /sipse/faces/javax.faces.resource/jquery/jquery-plugins.js?ln=primefaces&v=4.0 HTTP/1.1" 304 -
201.245.192.253 - - [30/Jan/2023:09:10:02 -0500] "GET /sipse/faces/javax.faces.resource/primefaces.js?ln=primefaces&v=4.0 HTTP/1.1" 304 -
201.245.192.253 - - [30/Jan/2023:09:10:02 -0500] "GET /sipse/faces/javax.faces.resource/layout/layout.js?ln=primefaces&v=4.0 HTTP/1.1" 304 -
201.245.192.253 - - [30/Jan/2023:09:10:02 -0500] "POST /sipse/faces/presentacion/financiero/solicitudProceso/listarSolicitudProceso.xhtml HTTP/1.1" 200 1396
167.0.131.70 - - [30/Jan/2023:09:10:04 -0500] "POST /sipsesda/faces/vista/administracion/funcionario/listadoFuncionario.jspx HTTP/1.1" 200 36920
173.252.79.9 - - [30/Jan/2023:09:10:06 -0500] "GET /images/Secretaria%20Urrutia%20evento%20h\xc3\xa1bitat%20Francia%2024%20de%20enero.jpeg HTTP/1.1" 404 1034
201.245.192.253 - - [30/Jan/2023:09:10:05 -0500] "POST /sipse/faces/presentacion/financiero/solicitudProceso/listarSolicitudProceso.xhtml HTTP/1.1" 200 153284
186.154.109.129 - - [30/Jan/2023:09:10:04 -0500] "POST /sipse/faces/presentacion/financiero/solicitudProceso/consultarSolicitudProceso.xhtml HTTP/1.1" 200 48832
186.154.109.129 - - [30/Jan/2023:09:10:07 -0500] "GET /sipse/faces/javax.faces.resource/theme.css?ln=primefaces-sipse HTTP/1.1" 304 -
186.154.109.129 - - [30/Jan/2023:09:10:07 -0500] "GET /sipse/faces/javax.faces.resource/primefaces.css?ln=primefaces&v=4.0 HTTP/1.1" 304 -
186.154.109.129 - - [30/Jan/2023:09:10:07 -0500] "GET /sipse/faces/javax.faces.resource/layout/layout.css?ln=primefaces&v=4.0 HTTP/1.1" 304 -
186.154.109.129 - - [30/Jan/2023:09:10:07 -0500] "GET /sipse/faces/javax.faces.resource/jquery/jquery.js?ln=primefaces&v=4.0 HTTP/1.1" 304 -
186.154.109.129 - - [30/Jan/2023:09:10:07 -0500] "GET /sipse/faces/javax.faces.resource/jquery/jquery-plugins.js?ln=primefaces&v=4.0 HTTP/1.1" 304 -
186.154.109.129 - - [30/Jan/2023:09:10:07 -0500] "GET /sipse/faces/javax.faces.resource/primefaces.js?ln=primefaces&v=4.0 HTTP/1.1" 304 -
186.154.109.129 - - [30/Jan/2023:09:10:07 -0500] "GET /sipse/faces/javax.faces.resource/layout/layout.js?ln=primefaces&v=4.0 HTTP/1.1" 304 -
201.245.192.253 - - [30/Jan/2023:09:10:07 -0500] "GET /sipse/faces/javax.faces.resource/theme.css?ln=primefaces-sipse HTTP/1.1" 304 -
201.245.192.253 - - [30/Jan/2023:09:10:07 -0500] "GET /sipse/faces/javax.faces.resource/layout/layout.css?ln=primefaces&v=4.0 HTTP/1.1" 304 -
201.245.192.253 - - [30/Jan/2023:09:10:07 -0500] "GET /sipse/faces/javax.faces.resource/primefaces.css?ln=primefaces&v=4.0 HTTP/1.1" 304 -
201.245.192.253 - - [30/Jan/2023:09:10:07 -0500] "GET /sipse/faces/javax.faces.resource/jquery/jquery.js?ln=primefaces&v=4.0 HTTP/1.1" 304 -
201.245.192.253 - - [30/Jan/2023:09:10:07 -0500] "GET /sipse/faces/javax.faces.resource/jquery/jquery-plugins.js?ln=primefaces&v=4.0 HTTP/1.1" 304 -
201.245.192.253 - - [30/Jan/2023:09:10:07 -0500] "GET /sipse/faces/javax.faces.resource/primefaces.js?ln=primefaces&v=4.0 HTTP/1.1" 304 -
201.245.192.253 - - [30/Jan/2023:09:10:07 -0500] "GET /sipse/faces/javax.faces.resource/layout/layout.js?ln=primefaces&v=4.0 HTTP/1.1" 304 -
186.154.109.129 - - [30/Jan/2023:09:10:07 -0500] "GET /sipse/faces/javax.faces.resource/messages/messages.png?ln=primefaces&v=4.0 HTTP/1.1" 304 -
186.154.109.129 - - [30/Jan/2023:09:10:07 -0500] "POST /sipse/faces/presentacion/financiero/solicitudProceso/listarSolicitudProceso.xhtml HTTP/1.1" 200 1480
186.84.89.190 - - [30/Jan/2023:09:10:07 -0500] "POST /sipse/faces/presentacion/financiero/solicitudProceso/listarSolicitudProceso.xhtml HTTP/1.1" 200 7384
167.0.131.70 - - [30/Jan/2023:09:10:08 -0500] "POST /sipsesda/faces/vista/administracion/funcionario/listadoFuncionario.jspx HTTP/1.1" 200 37363
186.154.109.129 - - [30/Jan/2023:09:10:08 -0500] "POST /sipse/faces/presentacion/financiero/solicitudProceso/listarSolicitudProceso.xhtml HTTP/1.1" 200 43295
186.154.109.129 - - [30/Jan/2023:09:10:09 -0500] "GET /sipse/faces/javax.faces.resource/layout/layout.css?ln=primefaces&v=4.0 HTTP/1.1" 304 -
186.154.109.129 - - [30/Jan/2023:09:10:09 -0500] "GET /sipse/faces/javax.faces.resource/theme.css?ln=primefaces-sipse HTTP/1.1" 304 -
186.154.109.129 - - [30/Jan/2023:09:10:09 -0500] "GET /sipse/faces/javax.faces.resource/primefaces.css?ln=primefaces&v=4.0 HTTP/1.1" 304 -
186.154.109.129 - - [30/Jan/2023:09:10:09 -0500] "GET /sipse/faces/javax.faces.resource/jquery/jquery.js?ln=primefaces&v=4.0 HTTP/1.1" 304 -
186.154.109.129 - - [30/Jan/2023:09:10:09 -0500] "GET /sipse/faces/javax.faces.resource/jquery/jquery-plugins.js?ln=primefaces&v=4.0 HTTP/1.1" 304 -
186.154.109.129 - - [30/Jan/2023:09:10:09 -0500] "GET /sipse/faces/javax.faces.resource/primefaces.js?ln=primefaces&v=4.0 HTTP/1.1" 304 -
186.154.109.129 - - [30/Jan/2023:09:10:09 -0500] "GET /sipse/faces/javax.faces.resource/layout/layout.js?ln=primefaces&v=4.0 HTTP/1.1" 304 -
186.154.109.129 - - [30/Jan/2023:09:10:09 -0500] "POST /sipse/faces/presentacion/financiero/solicitudProceso/consultar.xhtml HTTP/1.1" 200 36700
186.84.89.190 - - [30/Jan/2023:09:10:09 -0500] "POST /sipse/faces/presentacion/financiero/solicitudProceso/listarSolicitudProceso.xhtml HTTP/1.1" 200 7308
186.154.109.129 - - [30/Jan/2023:09:10:09 -0500] "POST /sipse/faces/presentacion/financiero/solicitudProceso/consultar.xhtml HTTP/1.1" 200 36700
186.154.109.129 - - [30/Jan/2023:09:10:09 -0500] "POST /sipse/faces/presentacion/financiero/solicitudProceso/consultar.xhtml HTTP/1.1" 200 36700
186.154.109.129 - - [30/Jan/2023:09:10:10 -0500] "POST /sipse/faces/presentacion/financiero/solicitudProceso/consultar.xhtml HTTP/1.1" 200 23077
167.0.131.70 - - [30/Jan/2023:09:10:10 -0500] "POST /sipsesda/faces/vista/administracion/funcionario/listadoFuncionario.jspx HTTP/1.1" 200 21097
186.154.109.129 - - [30/Jan/2023:09:10:13 -0500] "POST /sipse/faces/presentacion/financiero/solicitudProceso/consultar.xhtml HTTP/1.1" 200 12821
201.245.192.253 - - [30/Jan/2023:09:10:14 -0500] "POST /sipse/faces/presentacion/financiero/solicitudProceso/consultarSolicitudProceso.xhtml HTTP/1.1" 200 67649
186.84.89.190 - - [30/Jan/2023:09:10:15 -0500] "POST /sipse/faces/presentacion/financiero/solicitudProceso/listarSolicitudProceso.xhtml HTTP/1.1" 200 7308
186.30.116.44 - - [30/Jan/2023:09:10:15 -0500] "POST /sipse/faces/presentacion/financiero/solicitudProceso/consultar.xhtml HTTP/1.1" 200 13127
186.84.89.190 - - [30/Jan/2023:09:10:17 -0500] "POST /sipse/faces/presentacion/financiero/solicitudProceso/listarSolicitudProceso.xhtml HTTP/1.1" 200 7366
172.22.2.4 - - [30/Jan/2023:09:10:19 -0500] "GET /BLA/boletinlegal/actos.php HTTP/1.1" 200 9606
172.22.2.4 - - [30/Jan/2023:09:10:20 -0500] "GET /BLA/boletinlegal/favicon.ico HTTP/1.1" 404 1326
201.245.192.253 - - [30/Jan/2023:09:10:23 -0500] "POST /sipse/faces/presentacion/financiero/solicitudProceso/consultarSolicitudProceso.xhtml HTTP/1.1" 200 2763927
167.0.131.70 - - [30/Jan/2023:09:10:24 -0500] "POST /sipsesda/faces/vista/administracion/funcionario/registrarFuncionario.jspx?_afPfm=5 HTTP/1.1" 200 14753
186.30.116.44 - - [30/Jan/2023:09:10:24 -0500] "POST /sipse/faces/presentacion/financiero/solicitudProceso/consultar.xhtml HTTP/1.1" 200 12853
186.84.89.190 - - [30/Jan/2023:09:10:25 -0500] "POST /sipse/faces/presentacion/financiero/solicitudProceso/listarSolicitudProceso.xhtml HTTP/1.1" 200 7366
167.0.131.70 - - [30/Jan/2023:09:10:25 -0500] "GET /sipsesda/faces/__ADFv__?_afPfm=5.1&_t=fred&_red=cd&value=1675087783086&loc=es-CO&enc=UTF-8&minValue=1136073600000&maxValue=1801310400000 HTTP/1.1" 200 1074
167.0.131.70 - - [30/Jan/2023:09:10:26 -0500] "GET /sipsesda/faces/__ADFv__?_afPfm=5.1&_t=cd&maxValue=1801310400000&loc=es-CO&value=1675087783086&enc=UTF-8&minValue=1136073600000 HTTP/1.1" 200 7450
201.245.192.253 - - [30/Jan/2023:09:10:26 -0500] "POST /sipse/faces/presentacion/financiero/solicitudProceso/consultarSolicitudProceso.xhtml HTTP/1.1" 200 62931
201.245.192.253 - - [30/Jan/2023:09:10:27 -0500] "GET /sipse/faces/javax.faces.resource/theme.css?ln=primefaces-sipse HTTP/1.1" 304 -
201.245.192.253 - - [30/Jan/2023:09:10:27 -0500] "GET /sipse/faces/javax.faces.resource/primefaces.css?ln=primefaces&v=4.0 HTTP/1.1" 304 -
201.245.192.253 - - [30/Jan/2023:09:10:27 -0500] "GET /sipse/faces/javax.faces.resource/layout/layout.css?ln=primefaces&v=4.0 HTTP/1.1" 304 -
201.245.192.253 - - [30/Jan/2023:09:10:27 -0500] "GET /sipse/faces/javax.faces.resource/jquery/jquery.js?ln=primefaces&v=4.0 HTTP/1.1" 304 -
201.245.192.253 - - [30/Jan/2023:09:10:27 -0500] "GET /sipse/faces/javax.faces.resource/jquery/jquery-plugins.js?ln=primefaces&v=4.0 HTTP/1.1" 304 -
201.245.192.253 - - [30/Jan/2023:09:10:27 -0500] "GET /sipse/faces/javax.faces.resource/primefaces.js?ln=primefaces&v=4.0 HTTP/1.1" 304 -
201.245.192.253 - - [30/Jan/2023:09:10:27 -0500] "GET /sipse/faces/javax.faces.resource/layout/layout.js?ln=primefaces&v=4.0 HTTP/1.1" 304 -
201.245.192.253 - - [30/Jan/2023:09:10:27 -0500] "POST /sipse/faces/presentacion/financiero/solicitudProceso/listarSolicitudProceso.xhtml HTTP/1.1" 200 56322
201.245.192.253 - - [30/Jan/2023:09:10:27 -0500] "POST /sipse/faces/presentacion/financiero/solicitudProceso/listarSolicitudProceso.xhtml HTTP/1.1" 200 56322
201.245.192.253 - - [30/Jan/2023:09:10:27 -0500] "POST /sipse/faces/presentacion/financiero/solicitudProceso/listarSolicitudProceso.xhtml HTTP/1.1" 200 56322
201.245.192.253 - - [30/Jan/2023:09:10:27 -0500] "POST /sipse/faces/presentacion/financiero/solicitudProceso/listarSolicitudProceso.xhtml HTTP/1.1" 200 56322
186.84.89.190 - - [30/Jan/2023:09:10:28 -0500] "POST /sipse/faces/presentacion/financiero/solicitudProceso/listarSolicitudProceso.xhtml HTTP/1.1" 200 7356
201.245.192.253 - - [30/Jan/2023:09:10:28 -0500] "POST /sipse/faces/presentacion/financiero/solicitudProceso/listarSolicitudProceso.xhtml HTTP/1.1" 200 1556
201.245.192.253 - - [30/Jan/2023:09:10:28 -0500] "POST /sipse/faces/presentacion/financiero/solicitudProceso/listarSolicitudProceso.xhtml HTTP/1.1" 200 1560
201.245.192.253 - - [30/Jan/2023:09:10:28 -0500] "POST /sipse/faces/presentacion/financiero/solicitudProceso/listarSolicitudProceso.xhtml HTTP/1.1" 200 1560
201.245.192.253 - - [30/Jan/2023:09:10:28 -0500] "POST /sipse/faces/presentacion/financiero/solicitudProceso/listarSolicitudProceso.xhtml HTTP/1.1" 200 1560
201.245.192.253 - - [30/Jan/2023:09:10:28 -0500] "POST /sipse/faces/presentacion/financiero/solicitudProceso/listarSolicitudProceso.xhtml HTTP/1.1" 200 129491
201.245.192.253 - - [30/Jan/2023:09:10:29 -0500] "GET /sipse/faces/javax.faces.resource/theme.css?ln=primefaces-sipse HTTP/1.1" 304 -
201.245.192.253 - - [30/Jan/2023:09:10:29 -0500] "GET /sipse/faces/javax.faces.resource/primefaces.css?ln=primefaces&v=4.0 HTTP/1.1" 304 -
201.245.192.253 - - [30/Jan/2023:09:10:29 -0500] "GET /sipse/faces/javax.faces.resource/layout/layout.css?ln=primefaces&v=4.0 HTTP/1.1" 304 -
201.245.192.253 - - [30/Jan/2023:09:10:29 -0500] "GET /sipse/faces/javax.faces.resource/jquery/jquery.js?ln=primefaces&v=4.0 HTTP/1.1" 304 -
201.245.192.253 - - [30/Jan/2023:09:10:29 -0500] "POST /sipse/faces/presentacion/financiero/solicitudProceso/listarSolicitudProceso.xhtml HTTP/1.1" 200 1560
201.245.192.253 - - [30/Jan/2023:09:10:29 -0500] "GET /sipse/faces/javax.faces.resource/jquery/jquery-plugins.js?ln=primefaces&v=4.0 HTTP/1.1" 304 -
201.245.192.253 - - [30/Jan/2023:09:10:29 -0500] "GET /sipse/faces/javax.faces.resource/primefaces.js?ln=primefaces&v=4.0 HTTP/1.1" 304 -
201.245.192.253 - - [30/Jan/2023:09:10:29 -0500] "GET /sipse/faces/javax.faces.resource/layout/layout.js?ln=primefaces&v=4.0 HTTP/1.1" 304 -
167.0.131.70 - - [30/Jan/2023:09:10:30 -0500] "GET /sipsesda/faces/__ADFv__?_afPfm=5.1&_t=fred&_red=cd&value=1675123200000&loc=es-CO&enc=UTF-8&minValue=1136073600000&maxValue=1801310400000 HTTP/1.1" 200 1074
167.0.131.70 - - [30/Jan/2023:09:10:30 -0500] "GET /sipsesda/faces/__ADFv__?_afPfm=5.1&_t=cd&loc=es-CO&enc=UTF-8&maxValue=1801310400000&minValue=1136073600000&value=1675123200000 HTTP/1.1" 200 7450
172.22.2.4 - - [30/Jan/2023:09:10:32 -0500] "GET /BLA/boletinlegal/consulta_actos.php?tipo=resoluciones&no=&usuario=&sector=&fecha=2023&resuelve= HTTP/1.1" 200 1295
172.22.2.4 - - [30/Jan/2023:09:10:32 -0500] "GET /BLA/boletinlegal/images/pdf.gif HTTP/1.1" 200 567
201.245.192.253 - - [30/Jan/2023:09:10:32 -0500] "POST /sipse/faces/presentacion/financiero/solicitudProceso/consultarSolicitudProceso.xhtml HTTP/1.1" 200 86806
201.245.192.253 - - [30/Jan/2023:09:10:34 -0500] "POST /sipse/faces/presentacion/financiero/solicitudProceso/consultarSolicitudProceso.xhtml HTTP/1.1" 200 34972
201.245.192.253 - - [30/Jan/2023:09:10:35 -0500] "GET /sipse/faces/javax.faces.resource/theme.css?ln=primefaces-sipse HTTP/1.1" 304 -
201.245.192.253 - - [30/Jan/2023:09:10:35 -0500] "GET /sipse/faces/javax.faces.resource/primefaces.css?ln=primefaces&v=4.0 HTTP/1.1" 304 -
201.245.192.253 - - [30/Jan/2023:09:10:35 -0500] "GET /sipse/faces/javax.faces.resource/layout/layout.css?ln=primefaces&v=4.0 HTTP/1.1" 304 -
201.245.192.253 - - [30/Jan/2023:09:10:34 -0500] "POST /sipse/faces/presentacion/financiero/solicitudProceso/consultarSolicitudProceso.xhtml HTTP/1.1" 200 84597
201.245.192.253 - - [30/Jan/2023:09:10:35 -0500] "GET /sipse/faces/javax.faces.resource/jquery/jquery.js?ln=primefaces&v=4.0 HTTP/1.1" 304 -
201.245.192.253 - - [30/Jan/2023:09:10:35 -0500] "GET /sipse/faces/javax.faces.resource/jquery/jquery-plugins.js?ln=primefaces&v=4.0 HTTP/1.1" 304 -
201.245.192.253 - - [30/Jan/2023:09:10:35 -0500] "GET /sipse/faces/javax.faces.resource/primefaces.js?ln=primefaces&v=4.0 HTTP/1.1" 304 -
201.245.192.253 - - [30/Jan/2023:09:10:35 -0500] "GET /sipse/faces/javax.faces.resource/layout/layout.js?ln=primefaces&v=4.0 HTTP/1.1" 304 -
172.22.2.4 - - [30/Jan/2023:09:10:36 -0500] "GET /BLA/boletinlegal/robots.txt HTTP/1.1" 404 1038
172.22.2.4 - - [30/Jan/2023:09:10:36 -0500] "GET /BLA/boletinlegal/Circulares/2022/CIRCULAR%20No.%2000005%20DEL%2030%20DE%20JUNIO%20DEL%202022.pdf HTTP/1.1" 200 370015
167.0.131.70 - - [30/Jan/2023:09:10:36 -0500] "POST /sipsesda/faces/vista/administracion/dependenciaFuncionario/registrarDependenciaFuncionario.jspx?_afPfm=5.1 HTTP/1.1" 200 21107
186.84.89.190 - - [30/Jan/2023:09:10:36 -0500] "POST /sipse/faces/presentacion/financiero/solicitudProceso/listarSolicitudProceso.xhtml HTTP/1.1" 200 143108
186.84.89.190 - - [30/Jan/2023:09:10:37 -0500] "GET /sipse/faces/javax.faces.resource/theme.css?ln=primefaces-sipse HTTP/1.1" 304 -
186.84.89.190 - - [30/Jan/2023:09:10:37 -0500] "GET /sipse/faces/javax.faces.resource/primefaces.css?ln=primefaces&v=4.0 HTTP/1.1" 304 -
186.84.89.190 - - [30/Jan/2023:09:10:37 -0500] "GET /sipse/faces/javax.faces.resource/layout/layout.css?ln=primefaces&v=4.0 HTTP/1.1" 304 -
186.84.89.190 - - [30/Jan/2023:09:10:37 -0500] "GET /sipse/faces/javax.faces.resource/jquery/jquery.js?ln=primefaces&v=4.0 HTTP/1.1" 304 -
186.84.89.190 - - [30/Jan/2023:09:10:37 -0500] "GET /sipse/faces/javax.faces.resource/jquery/jquery-plugins.js?ln=primefaces&v=4.0 HTTP/1.1" 304 -
186.84.89.190 - - [30/Jan/2023:09:10:37 -0500] "GET /sipse/faces/javax.faces.resource/primefaces.js?ln=primefaces&v=4.0 HTTP/1.1" 304 -
201.245.192.253 - - [30/Jan/2023:09:10:37 -0500] "POST /sipse/faces/presentacion/financiero/solicitudProceso/asignarContratacion.xhtml HTTP/1.1" 200 3441
186.84.89.190 - - [30/Jan/2023:09:10:37 -0500] "GET /sipse/faces/javax.faces.resource/layout/layout.js?ln=primefaces&v=4.0 HTTP/1.1" 304 -
201.245.192.253 - - [30/Jan/2023:09:10:40 -0500] "POST /sipse/faces/presentacion/financiero/solicitudProceso/asignarContratacion.xhtml HTTP/1.1" 200 37060
201.245.192.253 - - [30/Jan/2023:09:10:42 -0500] "GET /sipse/faces/javax.faces.resource/theme.css?ln=primefaces-sipse HTTP/1.1" 304 -
201.245.192.253 - - [30/Jan/2023:09:10:42 -0500] "GET /sipse/faces/javax.faces.resource/layout/layout.css?ln=primefaces&v=4.0 HTTP/1.1" 304 -
201.245.192.253 - - [30/Jan/2023:09:10:42 -0500] "GET /sipse/faces/javax.faces.resource/primefaces.css?ln=primefaces&v=4.0 HTTP/1.1" 304 -
201.245.192.253 - - [30/Jan/2023:09:10:42 -0500] "GET /sipse/faces/javax.faces.resource/jquery/jquery.js?ln=primefaces&v=4.0 HTTP/1.1" 304 -
201.245.192.253 - - [30/Jan/2023:09:10:42 -0500] "GET /sipse/faces/javax.faces.resource/jquery/jquery-plugins.js?ln=primefaces&v=4.0 HTTP/1.1" 304 -
201.245.192.253 - - [30/Jan/2023:09:10:42 -0500] "GET /sipse/faces/javax.faces.resource/primefaces.js?ln=primefaces&v=4.0 HTTP/1.1" 304 -
201.245.192.253 - - [30/Jan/2023:09:10:42 -0500] "GET /sipse/faces/javax.faces.resource/layout/layout.js?ln=primefaces&v=4.0 HTTP/1.1" 304 -
201.245.192.253 - - [30/Jan/2023:09:10:42 -0500] "POST /sipse/faces/presentacion/financiero/solicitudProceso/listarSolicitudProceso.xhtml HTTP/1.1" 200 1372
186.84.89.190 - - [30/Jan/2023:09:10:43 -0500] "POST /sipse/faces/presentacion/financiero/solicitudProceso/consultarSolicitudProceso.xhtml HTTP/1.1" 200 33818
186.84.89.190 - - [30/Jan/2023:09:10:44 -0500] "GET /sipse/faces/javax.faces.resource/theme.css?ln=primefaces-sipse HTTP/1.1" 304 -
186.84.89.190 - - [30/Jan/2023:09:10:44 -0500] "GET /sipse/faces/javax.faces.resource/primefaces.css?ln=primefaces&v=4.0 HTTP/1.1" 304 -
186.84.89.190 - - [30/Jan/2023:09:10:44 -0500] "GET /sipse/faces/javax.faces.resource/layout/layout.css?ln=primefaces&v=4.0 HTTP/1.1" 304 -
186.84.89.190 - - [30/Jan/2023:09:10:44 -0500] "GET /sipse/faces/javax.faces.resource/jquery/jquery.js?ln=primefaces&v=4.0 HTTP/1.1" 304 -
186.84.89.190 - - [30/Jan/2023:09:10:44 -0500] "GET /sipse/faces/javax.faces.resource/jquery/jquery-plugins.js?ln=primefaces&v=4.0 HTTP/1.1" 304 -
186.84.89.190 - - [30/Jan/2023:09:10:44 -0500] "GET /sipse/faces/javax.faces.resource/primefaces.js?ln=primefaces&v=4.0 HTTP/1.1" 304 -
186.84.89.190 - - [30/Jan/2023:09:10:44 -0500] "GET /sipse/faces/javax.faces.resource/layout/layout.js?ln=primefaces&v=4.0 HTTP/1.1" 304 -
186.30.116.44 - - [30/Jan/2023:09:10:50 -0500] "POST /sipse/faces/presentacion/financiero/solicitudProceso/consultar.xhtml HTTP/1.1" 200 12904
