186.154.35.179 - - [02/Feb/2023:08:02:37 -0500] "GET /sipse/faces/javax.faces.resource/layout/layout.js?ln=primefaces&v=4.0 HTTP/1.1" 304 -
186.154.35.179 - - [02/Feb/2023:08:02:37 -0500] "GET /sipse/faces/javax.faces.resource/messages/messages.png?ln=primefaces&v=4.0 HTTP/1.1" 200 27209
186.154.35.179 - - [02/Feb/2023:08:02:37 -0500] "POST /sipse/faces/presentacion/financiero/solicitudProceso/listarSolicitudProceso.xhtml HTTP/1.1" 200 1396
186.84.20.177 - - [02/Feb/2023:08:02:40 -0500] "GET /sipse/faces/javax.faces.resource/theme.css?ln=primefaces-sipse HTTP/1.1" 304 -
186.84.20.177 - - [02/Feb/2023:08:02:40 -0500] "GET /sipse/faces/javax.faces.resource/jquery/jquery.js?ln=primefaces&v=4.0 HTTP/1.1" 304 -
186.84.20.177 - - [02/Feb/2023:08:02:40 -0500] "GET /sipse/faces/javax.faces.resource/primefaces.css?ln=primefaces&v=4.0 HTTP/1.1" 304 -
186.84.20.177 - - [02/Feb/2023:08:02:40 -0500] "GET /sipse/faces/javax.faces.resource/jquery/jquery-plugins.js?ln=primefaces&v=4.0 HTTP/1.1" 304 -
186.84.20.177 - - [02/Feb/2023:08:02:40 -0500] "GET /sipse/faces/javax.faces.resource/layout/layout.css?ln=primefaces&v=4.0 HTTP/1.1" 304 -
186.84.20.177 - - [02/Feb/2023:08:02:40 -0500] "GET /sipse/faces/javax.faces.resource/primefaces.js?ln=primefaces&v=4.0 HTTP/1.1" 304 -
186.84.20.177 - - [02/Feb/2023:08:02:40 -0500] "GET /sipse/faces/javax.faces.resource/layout/layout.js?ln=primefaces&v=4.0 HTTP/1.1" 304 -
186.84.20.177 - - [02/Feb/2023:08:02:39 -0500] "POST /sipse/faces/presentacion/financiero/solicitudProceso/consultarSolicitudProceso.xhtml HTTP/1.1" 200 104199
173.252.79.3 - - [02/Feb/2023:08:02:42 -0500] "GET /images/1%20de%20febrero%20D\xc3\xada%20sin%20carro.jpeg HTTP/1.1" 404 1034
186.84.20.177 - - [02/Feb/2023:08:02:44 -0500] "POST /sipse/faces/presentacion/financiero/solicitudProceso/crearModificarSolicitudProceso.xhtml HTTP/1.1" 200 22891
186.102.54.116 - - [02/Feb/2023:08:02:46 -0500] "GET /kwssiamovil/sm/ldap/au?x=U2FsdGVkX1+jIubLhcZ98+gW5YtRlkNi1Q/hTbqkOQiGgSqGf8k1w8WKgiIsWW1h&y=U2FsdGVkX19l1oJGX/gcUey6wt41eBAeflbtXMnHRRM= HTTP/1.1" 200 31
186.84.20.177 - - [02/Feb/2023:08:02:50 -0500] "POST /sipse/faces/presentacion/financiero/solicitudProceso/crearModificarSolicitudProceso.xhtml HTTP/1.1" 200 21120
186.84.20.177 - - [02/Feb/2023:08:02:50 -0500] "GET /sipse/faces/javax.faces.resource/theme.css?ln=primefaces-sipse HTTP/1.1" 304 -
186.84.20.177 - - [02/Feb/2023:08:02:50 -0500] "GET /sipse/faces/javax.faces.resource/layout/layout.css?ln=primefaces&v=4.0 HTTP/1.1" 304 -
186.84.20.177 - - [02/Feb/2023:08:02:50 -0500] "GET /sipse/faces/javax.faces.resource/fileupload/fileupload.css?ln=primefaces&v=4.0 HTTP/1.1" 304 -
186.84.20.177 - - [02/Feb/2023:08:02:50 -0500] "GET /sipse/faces/javax.faces.resource/jquery/jquery.js?ln=primefaces&v=4.0 HTTP/1.1" 304 -
186.84.20.177 - - [02/Feb/2023:08:02:50 -0500] "GET /sipse/faces/javax.faces.resource/jquery/jquery-plugins.js?ln=primefaces&v=4.0 HTTP/1.1" 304 -
186.84.20.177 - - [02/Feb/2023:08:02:50 -0500] "GET /sipse/faces/javax.faces.resource/primefaces.css?ln=primefaces&v=4.0 HTTP/1.1" 304 -
186.84.20.177 - - [02/Feb/2023:08:02:50 -0500] "GET /sipse/faces/javax.faces.resource/primefaces.js?ln=primefaces&v=4.0 HTTP/1.1" 304 -
186.84.20.177 - - [02/Feb/2023:08:02:50 -0500] "GET /sipse/faces/javax.faces.resource/layout/layout.js?ln=primefaces&v=4.0 HTTP/1.1" 304 -
186.84.20.177 - - [02/Feb/2023:08:02:50 -0500] "GET /sipse/faces/javax.faces.resource/fileupload/fileupload.js?ln=primefaces&v=4.0 HTTP/1.1" 304 -
191.92.188.128 - - [02/Feb/2023:08:02:52 -0500] "GET /sipse/faces/javax.faces.resource/images/ui-bg_flat_0_2d5972_40x100.png?ln=primefaces-aristo HTTP/1.1" 304 -
191.92.188.128 - - [02/Feb/2023:08:02:52 -0500] "POST /sipse/faces/presentacion/financiero/solicitudProceso/consultarSolicitudProceso.xhtml HTTP/1.1" 200 41973
191.92.188.128 - - [02/Feb/2023:08:02:53 -0500] "GET /sipse/faces/javax.faces.resource/theme.css?ln=primefaces-sipse HTTP/1.1" 304 -
191.92.188.128 - - [02/Feb/2023:08:02:53 -0500] "GET /sipse/faces/javax.faces.resource/primefaces.css?ln=primefaces&v=4.0 HTTP/1.1" 304 -
191.92.188.128 - - [02/Feb/2023:08:02:53 -0500] "GET /sipse/faces/javax.faces.resource/layout/layout.css?ln=primefaces&v=4.0 HTTP/1.1" 304 -
191.92.188.128 - - [02/Feb/2023:08:02:53 -0500] "GET /sipse/faces/javax.faces.resource/jquery/jquery.js?ln=primefaces&v=4.0 HTTP/1.1" 304 -
191.92.188.128 - - [02/Feb/2023:08:02:53 -0500] "GET /sipse/faces/javax.faces.resource/jquery/jquery-plugins.js?ln=primefaces&v=4.0 HTTP/1.1" 304 -
191.92.188.128 - - [02/Feb/2023:08:02:53 -0500] "GET /sipse/faces/javax.faces.resource/primefaces.js?ln=primefaces&v=4.0 HTTP/1.1" 304 -
191.92.188.128 - - [02/Feb/2023:08:02:53 -0500] "GET /sipse/faces/javax.faces.resource/layout/layout.js?ln=primefaces&v=4.0 HTTP/1.1" 304 -
191.92.188.128 - - [02/Feb/2023:08:02:53 -0500] "POST /sipse/faces/presentacion/financiero/solicitudProceso/consultar.xhtml HTTP/1.1" 200 35383
191.92.188.128 - - [02/Feb/2023:08:02:53 -0500] "POST /sipse/faces/presentacion/financiero/solicitudProceso/consultar.xhtml HTTP/1.1" 200 35383
191.92.188.128 - - [02/Feb/2023:08:02:53 -0500] "POST /sipse/faces/presentacion/financiero/solicitudProceso/consultar.xhtml HTTP/1.1" 200 35383
191.92.188.128 - - [02/Feb/2023:08:02:53 -0500] "POST /sipse/faces/presentacion/financiero/solicitudProceso/consultar.xhtml HTTP/1.1" 200 35383
172.22.2.4 - - [02/Feb/2023:08:01:15 -0500] "HEAD /BLA/boletinlegal/ HTTP/1.1" 200 -
191.92.188.128 - - [02/Feb/2023:08:02:55 -0500] "POST /sipse/faces/presentacion/financiero/solicitudProceso/consultar.xhtml HTTP/1.1" 200 12867
186.102.54.116 - - [02/Feb/2023:08:02:56 -0500] "GET /kwssiamovil/sm/ldap/au?x=U2FsdGVkX18rjGSqo8s4hING8MKeu/VfUPdM421lJQzhb5QkOpBV70th2IC7lAfP&y=U2FsdGVkX18BEPg+MURW/B0OS93auCAMckKe7QO1bYM= HTTP/1.1" 200 31
191.92.188.128 - - [02/Feb/2023:08:02:57 -0500] "POST /sipse/faces/presentacion/financiero/solicitudProceso/consultar.xhtml HTTP/1.1" 200 145307
191.92.188.128 - - [02/Feb/2023:08:02:58 -0500] "GET /sipse/faces/javax.faces.resource/theme.css?ln=primefaces-sipse HTTP/1.1" 304 -
191.92.188.128 - - [02/Feb/2023:08:02:58 -0500] "GET /sipse/faces/javax.faces.resource/primefaces.css?ln=primefaces&v=4.0 HTTP/1.1" 304 -
191.92.188.128 - - [02/Feb/2023:08:02:58 -0500] "GET /sipse/faces/javax.faces.resource/layout/layout.css?ln=primefaces&v=4.0 HTTP/1.1" 304 -
191.92.188.128 - - [02/Feb/2023:08:02:58 -0500] "GET /sipse/faces/javax.faces.resource/jquery/jquery.js?ln=primefaces&v=4.0 HTTP/1.1" 304 -
191.92.188.128 - - [02/Feb/2023:08:02:58 -0500] "GET /sipse/faces/javax.faces.resource/jquery/jquery-plugins.js?ln=primefaces&v=4.0 HTTP/1.1" 304 -
186.84.20.177 - - [02/Feb/2023:08:02:58 -0500] "POST /sipse/faces/presentacion/sistema/anexos/cargarAnexoSolicitudProceso.xhtml HTTP/1.1" 200 102141
186.84.20.177 - - [02/Feb/2023:08:02:58 -0500] "GET /sipse/faces/javax.faces.resource/primefaces.css?ln=primefaces&v=4.0 HTTP/1.1" 304 -
186.84.20.177 - - [02/Feb/2023:08:02:58 -0500] "GET /sipse/faces/javax.faces.resource/jquery/jquery-plugins.js?ln=primefaces&v=4.0 HTTP/1.1" 304 -
186.84.20.177 - - [02/Feb/2023:08:02:58 -0500] "GET /sipse/faces/javax.faces.resource/jquery/jquery.js?ln=primefaces&v=4.0 HTTP/1.1" 304 -
186.84.20.177 - - [02/Feb/2023:08:02:58 -0500] "GET /sipse/faces/javax.faces.resource/layout/layout.css?ln=primefaces&v=4.0 HTTP/1.1" 304 -
186.84.20.177 - - [02/Feb/2023:08:02:58 -0500] "GET /sipse/faces/javax.faces.resource/theme.css?ln=primefaces-sipse HTTP/1.1" 304 -
191.92.188.128 - - [02/Feb/2023:08:02:58 -0500] "GET /sipse/faces/javax.faces.resource/primefaces.js?ln=primefaces&v=4.0 HTTP/1.1" 304 -
186.84.20.177 - - [02/Feb/2023:08:02:58 -0500] "GET /sipse/faces/javax.faces.resource/primefaces.js?ln=primefaces&v=4.0 HTTP/1.1" 304 -
186.84.20.177 - - [02/Feb/2023:08:02:58 -0500] "GET /sipse/faces/javax.faces.resource/layout/layout.js?ln=primefaces&v=4.0 HTTP/1.1" 304 -
191.92.188.128 - - [02/Feb/2023:08:02:58 -0500] "GET /sipse/faces/javax.faces.resource/layout/layout.js?ln=primefaces&v=4.0 HTTP/1.1" 304 -
191.95.50.192 - - [02/Feb/2023:08:02:58 -0500] "POST /sipse/faces/presentacion/financiero/estudioPrevio/personalSolicitado/asociarProfesionPersonalSolicitado.xhtml HTTP/1.1" 200 20981
191.95.50.192 - - [02/Feb/2023:08:02:59 -0500] "POST /sipse/faces/presentacion/financiero/estudioPrevio/personalSolicitado/asociarProfesionPersonalSolicitado.xhtml HTTP/1.1" 200 20981
191.95.50.192 - - [02/Feb/2023:08:02:59 -0500] "POST /sipse/faces/presentacion/financiero/estudioPrevio/personalSolicitado/asociarProfesionPersonalSolicitado.xhtml HTTP/1.1" 200 20981
191.95.50.192 - - [02/Feb/2023:08:03:02 -0500] "POST /sipse/faces/presentacion/financiero/estudioPrevio/personalSolicitado/asociarProfesionPersonalSolicitado.xhtml HTTP/1.1" 200 21345
191.95.50.192 - - [02/Feb/2023:08:03:03 -0500] "POST /sipse/faces/presentacion/financiero/estudioPrevio/personalSolicitado/asociarProfesionPersonalSolicitado.xhtml HTTP/1.1" 200 21358
191.92.188.128 - - [02/Feb/2023:08:03:03 -0500] "POST /sipse/faces/presentacion/financiero/solicitudProceso/consultarSolicitudProceso.xhtml HTTP/1.1" 200 132855
191.95.50.192 - - [02/Feb/2023:08:03:03 -0500] "POST /sipse/faces/presentacion/financiero/estudioPrevio/personalSolicitado/asociarProfesionPersonalSolicitado.xhtml HTTP/1.1" 200 21354
191.95.50.192 - - [02/Feb/2023:08:03:04 -0500] "POST /sipse/faces/presentacion/financiero/estudioPrevio/personalSolicitado/asociarProfesionPersonalSolicitado.xhtml HTTP/1.1" 200 1415
186.154.35.179 - - [02/Feb/2023:08:03:05 -0500] "POST /sipse/faces/presentacion/financiero/solicitudProceso/listarSolicitudProceso.xhtml HTTP/1.1" 200 31860
186.84.20.177 - - [02/Feb/2023:08:03:04 -0500] "POST /sipse/faces/presentacion/financiero/solicitudProceso/crearModificarSolicitudProceso.xhtml HTTP/1.1" 200 142007
186.84.20.177 - - [02/Feb/2023:08:03:05 -0500] "GET /sipse/faces/javax.faces.resource/primefaces.css?ln=primefaces&v=4.0 HTTP/1.1" 304 -
186.84.20.177 - - [02/Feb/2023:08:03:05 -0500] "GET /sipse/faces/javax.faces.resource/layout/layout.css?ln=primefaces&v=4.0 HTTP/1.1" 304 -
186.84.20.177 - - [02/Feb/2023:08:03:05 -0500] "GET /sipse/faces/javax.faces.resource/theme.css?ln=primefaces-sipse HTTP/1.1" 304 -
186.84.20.177 - - [02/Feb/2023:08:03:05 -0500] "GET /sipse/faces/javax.faces.resource/jquery/jquery.js?ln=primefaces&v=4.0 HTTP/1.1" 304 -
186.84.20.177 - - [02/Feb/2023:08:03:05 -0500] "GET /sipse/faces/javax.faces.resource/jquery/jquery-plugins.js?ln=primefaces&v=4.0 HTTP/1.1" 304 -
186.84.20.177 - - [02/Feb/2023:08:03:05 -0500] "GET /sipse/faces/javax.faces.resource/primefaces.js?ln=primefaces&v=4.0 HTTP/1.1" 304 -
186.84.20.177 - - [02/Feb/2023:08:03:05 -0500] "GET /sipse/faces/javax.faces.resource/layout/layout.js?ln=primefaces&v=4.0 HTTP/1.1" 304 -
186.154.35.179 - - [02/Feb/2023:08:03:05 -0500] "POST /sipse/faces/presentacion/financiero/solicitudProceso/listarSolicitudProceso.xhtml HTTP/1.1" 200 31864
191.95.50.192 - - [02/Feb/2023:08:03:05 -0500] "POST /sipse/faces/presentacion/financiero/estudioPrevio/personalSolicitado/asociarProfesionPersonalSolicitado.xhtml HTTP/1.1" 200 21354
191.95.50.192 - - [02/Feb/2023:08:03:06 -0500] "POST /sipse/faces/presentacion/financiero/estudioPrevio/personalSolicitado/asociarProfesionPersonalSolicitado.xhtml HTTP/1.1" 200 1415
186.154.35.179 - - [02/Feb/2023:08:03:06 -0500] "POST /sipse/faces/presentacion/financiero/solicitudProceso/listarSolicitudProceso.xhtml HTTP/1.1" 200 5174
191.95.50.192 - - [02/Feb/2023:08:03:06 -0500] "POST /sipse/faces/presentacion/financiero/estudioPrevio/personalSolicitado/asociarProfesionPersonalSolicitado.xhtml HTTP/1.1" 200 1415
186.154.35.179 - - [02/Feb/2023:08:03:07 -0500] "POST /sipse/faces/presentacion/financiero/solicitudProceso/listarSolicitudProceso.xhtml HTTP/1.1" 200 8031
186.154.35.179 - - [02/Feb/2023:08:03:07 -0500] "POST /sipse/faces/presentacion/financiero/solicitudProceso/listarSolicitudProceso.xhtml HTTP/1.1" 200 5002
191.95.50.192 - - [02/Feb/2023:08:03:08 -0500] "POST /sipse/faces/presentacion/financiero/estudioPrevio/personalSolicitado/asociarProfesionPersonalSolicitado.xhtml HTTP/1.1" 200 21358
191.95.50.192 - - [02/Feb/2023:08:03:10 -0500] "POST /sipse/faces/presentacion/financiero/estudioPrevio/personalSolicitado/asociarProfesionPersonalSolicitado.xhtml HTTP/1.1" 200 21431
66.220.149.14 - - [02/Feb/2023:08:03:10 -0500] "GET /images/1%20de%20febrero%20D\xc3\xada%20sin%20carro.jpeg HTTP/1.1" 404 1034
186.154.35.179 - - [02/Feb/2023:08:03:10 -0500] "POST /sipse/faces/presentacion/financiero/solicitudProceso/listarSolicitudProceso.xhtml HTTP/1.1" 200 153094
186.154.35.179 - - [02/Feb/2023:08:03:11 -0500] "GET /sipse/faces/javax.faces.resource/jquery/jquery.js?ln=primefaces&v=4.0 HTTP/1.1" 304 -
186.154.35.179 - - [02/Feb/2023:08:03:11 -0500] "GET /sipse/faces/javax.faces.resource/jquery/jquery-plugins.js?ln=primefaces&v=4.0 HTTP/1.1" 304 -
186.154.35.179 - - [02/Feb/2023:08:03:11 -0500] "GET /sipse/faces/javax.faces.resource/primefaces.js?ln=primefaces&v=4.0 HTTP/1.1" 304 -
186.154.35.179 - - [02/Feb/2023:08:03:11 -0500] "GET /sipse/faces/javax.faces.resource/layout/layout.js?ln=primefaces&v=4.0 HTTP/1.1" 304 -
186.102.54.116 - - [02/Feb/2023:08:03:22 -0500] "GET /kwssiamovil/sm/ldap/au?x=U2FsdGVkX18Lbo6nTalRe3W+Z1KASkjfmaxYRJsy5iyEmAOUkSJN8f3ZlDQA2al1&y=U2FsdGVkX1/Dw/xlMGXWYW2Qwsd26TdgIWN5FrpYXUY= HTTP/1.1" 200 30
186.102.54.116 - - [02/Feb/2023:08:03:22 -0500] "GET /kwssiamovil/sm/acme/s?s=U2FsdGVkX19FzvZnS3HExnpRag8XmCoLgaQeMiVFV2HSWC1qpzMCFuE6hp0gRkBrvOy3+c5qxqf307+kaxPYUSodXXWNo2OgQ/Xv8UkTvxw=&u=U2FsdGVkX1/jsFlGFv7NnkR2/B7P+vmm7PvbKnFAeMY=&y=U2FsdGVkX1/Dw/xlMGXWYW2Qwsd26TdgIWN5FrpYXUY= HTTP/1.1" 200 97
186.102.54.116 - - [02/Feb/2023:08:03:22 -0500] "GET /kwssiamovil/sm/acme/s?s=U2FsdGVkX1/WmsTsVTNCKdNG8fvRtnJuHoyxYuNFTEHVDNwb1MZF8N0dcagCw61xvXl73ntb0AWqD25baLeN/RBf0fUO2yd8scybzNETLtE/if5DXmO7WTIiaTd9iY1Caz1Zn0xyj+gPwS6z/de77/9S13+gav+X0eve6Qja8XW0l30Bxp7wdKKXLNHVVhUfupsWCa2KTzl2qhXD/EgI0ZuF626WT0+N41nPYVYavZs5PDbBMlU8av0nwZ6BpywfzHJd5/0Zm4SRlhoqyQW0xMt7XCVpCCq7koLCKiTU4qXIYcmA3EWmiG6ZCvVT0xOSwaOJbtnlcFyWXxYbPwv5VRRwCq/jT94cjGLctyV1LPMNSG2nP5oS0MSzJtteeYTemTjf/i5p6lw6rS/1KzPLo0HGBV6WqIaN1dfJaDwPwAWruEC40oZnk2rh3TE/C0ilgE/yB3X1eV0fJ08LNfS7vRUiNB9r4i4Inrdm0aVRpCttA1hodBIWtHBnbMObZDgHph2bdaV0o3YVnRKLkXN1sVrVkSPwtISJVpqlbZxp6G6vxrZlTMt4r1QQbWoXl2PbqDFbFu47X6EF6zyGC4pREX/I1QeDCz5/h+sYM2Lr43e/LZxXtf4sIYzOGMZ+FeJepNAanF3ymIGDEmAFhbgAmzOogEzQaiCm0buj8D3eXWbZvBnWU6NDqAmMazXiGBJn3ad00+kfMNEGpoWrdGJOUQjE/cLZlsJ0mNKLcf+6DJl/pQCfQrIaUWyZDk/D+AA/KCzcnuIasjMNYHnQchTnr/rgkXPilKsc8ZR/mbJg+mnkoL1Kg2+QOxC0/04pPqhyEY6oNwQrOndxcA13u+qgW7txkeCuLjGHUjsMYPhg0C/e23BG8tEWjpKqjPdHf7Ar4lwAMmhynm6s58bxg8ZYNmznIDJEE+gcYTOI8+bTfq0kHFmCT6zT6g69hq5X+gzQRjkNIGl9q4jn2Uw0pquHWLpyJgRkeqzXV19yGKr/bN7fy9elpG62iSo77PkJIfMhgNmpAw/fe70qcKdnoGXxZoG//Ohu+W0utsBhf3Pho1ZEBILa3EPRT15WRCqcZcyRkhQBhr2hkOKpQb6PrsLfgegN1qN+nrvo8e4Sk/skY/+CjS6X98T9BNP59YQSrWcEu+qKw8EfCMRiiC02L5WtZ06cUcq+Q0F5iqBmlEjqsMgMFIZ4BPnvNSwoLiq7AhNADqJ4ca357PIR8zrX0KeWA6+Hb0E362NS4LPnLEAMpK2jFNExUZdOT5yhqTzwbI39iVQQbBWy7pvxD0kgEBXg0y8dv0xdntP5KzR06L+a427+oxyTIfDCkkAMuTQcGfBLGRwtk5i/O38DY6kj2HaMVURPnv1/owwfxBT8iHRaMJ6hGA85aiPalGMU99cZiXFrybQ7hoQLwfh1bqwABloE7g7R/q/35IdJpjNAtGmi+wO5Uaqjj+ftCU3QOUTX2ZqE8eBabWweb9ArsZZ8dZ6WtTZtoDRSN2KSBR2xU/nXvCrECuoBlE5oCYb1F3/G/kWohoeU/4NKA6x9lcaD4k710Xhg3UtDW1hR1TNr9V1Kl3+pAG1UnM831sahms6QrGrKxLVCvejAAZQ9jAfSoV4v4hocPR30EXSEn8FA9QU2lQ0uDKqbVqHBcAC1erExK2szZqUJT1hbvqyLHZVIviVS5ccB0s6lL9sFU8/8A9MxG6n/yi0C5PRglEh83k1MT6VG88ZSo9SeysculroRSYxME8XMQK9X06ckgEhB06JlxDo=&u=U2FsdGVkX1/jsFlGFv7NnkR2/B7P+vmm7PvbKnFAeMY=&y=U2FsdGVkX1/Dw/xlMGXWYW2Qwsd26TdgIWN5FrpYXUY= HTTP/1.1" 200 1032
186.102.54.116 - - [02/Feb/2023:08:03:22 -0500] "GET /kwssiamovil/sm/acme/s?s=U2FsdGVkX1+o3t73xI42kwMSHX/9GGxEqDNKWQIVdTlrtiFFd7zcyYEM8J27Kq/vv+i9hka9uOWf9LuIA4ALB9isAlHi+iOTQNPw9dd5PWwlRDL4OoeGKTLGZ1wFvfzMMZ7fo7u+sA4WkSbbhBIGF9951R+LlEmSyhVJoUicfeujbiygfk06eboReQnpWB9mB4jUc8yrpRzCcN6RBR6s9yBDwPL7O4plFNs9vNG44Zhk4QAa76aOOt8VynCf0OWismY4+be4us/WLNqibxQeAG0E/wqzDoIqMgdAj24qpLCtOXD9wNdIK4dEpNnxFt0CzmjH7BvbUBOFzZ7QfHN0PoV09bOR28czO2hnXFE3lAGLmGqdmBNSYyMWDcnU7O6fxqPa55W9aDExELbbi0CFHK8anSHWd2DQUTBPfAd1J2PteJ5mUaoS0H2MUCThdSAnt9IzPCFYSE99I3n+3+BPpcWnYuOtAro5i7LZ6j8m+slmc7bVZS0N6+JdPi4+06+TKlx12/A2rSiH0wjdM5dAt+1/UpXl1tfoAelZdwAvd85ZKDD3849NaVVvWNAL84OP/IqV1gHqB5heclbvIO9gvCZLFwnY21559gehhxuhzosLfWoBL+pSfUZ7FLket6ohYMyrJ0er2NE/OnAvmJ1/aaHA8kT+EoGZLB4oy+YnN9LXYC6N1C2Eb8siWR10amGr4eDz3Bg3Ak5H3YGY3JHlACSymuRjunLRskeYpyTYNrRi9hIl/QRP9uDoRr+7p29e&u=U2FsdGVkX1/jsFlGFv7NnkR2/B7P+vmm7PvbKnFAeMY=&y=U2FsdGVkX1/Dw/xlMGXWYW2Qwsd26TdgIWN5FrpYXUY= HTTP/1.1" 200 352
186.102.54.116 - - [02/Feb/2023:08:03:22 -0500] "GET /kwssiamovil/sm/cjson/pre?f=9&x=U2FsdGVkX18Lbo6nTalRe3W+Z1KASkjfmaxYRJsy5iyEmAOUkSJN8f3ZlDQA2al1 HTTP/1.1" 200 25142
186.102.54.116 - - [02/Feb/2023:08:03:22 -0500] "GET /kwssiamovil/sm/cjson/pre?f=18&x=U2FsdGVkX18Lbo6nTalRe3W+Z1KASkjfmaxYRJsy5iyEmAOUkSJN8f3ZlDQA2al1 HTTP/1.1" 200 32849
152.203.206.75 - - [02/Feb/2023:08:03:23 -0500] "POST /sipse/faces/presentacion/financiero/solicitudProceso/listarSolicitudProceso.xhtml HTTP/1.1" 200 911
186.84.20.177 - - [02/Feb/2023:08:03:23 -0500] "POST /sipse/faces/presentacion/financiero/solicitudProceso/consultarSolicitudProceso.xhtml HTTP/1.1" 200 36593
186.84.20.177 - - [02/Feb/2023:08:03:24 -0500] "GET /sipse/faces/javax.faces.resource/theme.css?ln=primefaces-sipse HTTP/1.1" 304 -
186.84.20.177 - - [02/Feb/2023:08:03:24 -0500] "GET /sipse/faces/javax.faces.resource/layout/layout.css?ln=primefaces&v=4.0 HTTP/1.1" 304 -
186.84.20.177 - - [02/Feb/2023:08:03:24 -0500] "GET /sipse/faces/javax.faces.resource/primefaces.css?ln=primefaces&v=4.0 HTTP/1.1" 304 -
186.84.20.177 - - [02/Feb/2023:08:03:24 -0500] "GET /sipse/faces/javax.faces.resource/jquery/jquery.js?ln=primefaces&v=4.0 HTTP/1.1" 304 -
186.84.20.177 - - [02/Feb/2023:08:03:24 -0500] "GET /sipse/faces/javax.faces.resource/jquery/jquery-plugins.js?ln=primefaces&v=4.0 HTTP/1.1" 304 -
186.84.20.177 - - [02/Feb/2023:08:03:24 -0500] "GET /sipse/faces/javax.faces.resource/primefaces.js?ln=primefaces&v=4.0 HTTP/1.1" 304 -
186.84.20.177 - - [02/Feb/2023:08:03:24 -0500] "GET /sipse/faces/javax.faces.resource/layout/layout.js?ln=primefaces&v=4.0 HTTP/1.1" 304 -
186.84.20.177 - - [02/Feb/2023:08:03:24 -0500] "POST /sipse/faces/presentacion/financiero/solicitudProceso/listarSolicitudProceso.xhtml HTTP/1.1" 200 29977
186.84.20.177 - - [02/Feb/2023:08:03:24 -0500] "POST /sipse/faces/presentacion/financiero/solicitudProceso/listarSolicitudProceso.xhtml HTTP/1.1" 200 1396
152.203.206.75 - - [02/Feb/2023:08:03:24 -0500] "GET /sipse/faces/faces/faces/autenticacion HTTP/1.1" 302 -
152.203.206.75 - - [02/Feb/2023:08:03:24 -0500] "GET /sipse/faces/autenticacion.xhtml HTTP/1.1" 200 12171
152.203.206.75 - - [02/Feb/2023:08:03:24 -0500] "GET /sipse/faces/javax.faces.resource/theme.css?ln=primefaces-sipse HTTP/1.1" 304 -
152.203.206.75 - - [02/Feb/2023:08:03:24 -0500] "GET /sipse/faces/javax.faces.resource/primefaces.css?ln=primefaces&v=4.0 HTTP/1.1" 304 -
152.203.206.75 - - [02/Feb/2023:08:03:24 -0500] "GET /sipse/faces/javax.faces.resource/layout/layout.css?ln=primefaces&v=4.0 HTTP/1.1" 304 -
152.203.206.75 - - [02/Feb/2023:08:03:24 -0500] "GET /sipse/faces/javax.faces.resource/jquery/jquery-plugins.js?ln=primefaces&v=4.0 HTTP/1.1" 304 -
152.203.206.75 - - [02/Feb/2023:08:03:24 -0500] "GET /sipse/faces/javax.faces.resource/jquery/jquery.js?ln=primefaces&v=4.0 HTTP/1.1" 304 -
152.203.206.75 - - [02/Feb/2023:08:03:24 -0500] "GET /sipse/faces/javax.faces.resource/primefaces.js?ln=primefaces&v=4.0 HTTP/1.1" 304 -
152.203.206.75 - - [02/Feb/2023:08:03:24 -0500] "GET /sipse/faces/javax.faces.resource/layout/layout.js?ln=primefaces&v=4.0 HTTP/1.1" 304 -
152.203.206.75 - - [02/Feb/2023:08:03:24 -0500] "GET /sipse/faces/javax.faces.resource/images/ui-icons_898989_256x240.png?ln=primefaces-aristo HTTP/1.1" 304 -
186.84.20.177 - - [02/Feb/2023:08:03:24 -0500] "POST /sipse/faces/presentacion/financiero/solicitudProceso/listarSolicitudProceso.xhtml HTTP/1.1" 200 1396
186.84.20.177 - - [02/Feb/2023:08:03:27 -0500] "POST /sipse/faces/presentacion/financiero/solicitudProceso/listarSolicitudProceso.xhtml HTTP/1.1" 200 7464
186.84.20.177 - - [02/Feb/2023:08:03:27 -0500] "POST /sipse/faces/presentacion/financiero/solicitudProceso/listarSolicitudProceso.xhtml HTTP/1.1" 200 7468
181.63.8.141 - - [02/Feb/2023:08:03:28 -0500] "GET /sipse/faces/index.xhtml HTTP/1.1" 200 677
181.63.8.141 - - [02/Feb/2023:08:03:28 -0500] "GET /sipse/faces/javax.faces.resource/theme.css?ln=primefaces-sipse HTTP/1.1" 304 -
181.63.8.141 - - [02/Feb/2023:08:03:28 -0500] "GET /sipse/faces/faces/autenticacion.xhtml HTTP/1.1" 200 12178
181.63.8.141 - - [02/Feb/2023:08:03:28 -0500] "GET /sipse/faces/javax.faces.resource/theme.css?ln=primefaces-sipse HTTP/1.1" 304 -
181.63.8.141 - - [02/Feb/2023:08:03:28 -0500] "GET /sipse/faces/javax.faces.resource/primefaces.css?ln=primefaces&v=4.0 HTTP/1.1" 304 -
181.63.8.141 - - [02/Feb/2023:08:03:28 -0500] "GET /sipse/faces/javax.faces.resource/layout/layout.css?ln=primefaces&v=4.0 HTTP/1.1" 304 -
181.63.8.141 - - [02/Feb/2023:08:03:28 -0500] "GET /sipse/faces/javax.faces.resource/jquery/jquery.js?ln=primefaces&v=4.0 HTTP/1.1" 304 -
181.63.8.141 - - [02/Feb/2023:08:03:28 -0500] "GET /sipse/faces/javax.faces.resource/jquery/jquery-plugins.js?ln=primefaces&v=4.0 HTTP/1.1" 304 -
181.63.8.141 - - [02/Feb/2023:08:03:28 -0500] "GET /sipse/faces/javax.faces.resource/primefaces.js?ln=primefaces&v=4.0 HTTP/1.1" 304 -
181.63.8.141 - - [02/Feb/2023:08:03:28 -0500] "GET /sipse/faces/javax.faces.resource/layout/layout.js?ln=primefaces&v=4.0 HTTP/1.1" 304 -
181.63.8.141 - - [02/Feb/2023:08:03:28 -0500] "GET /sipse/faces/javax.faces.resource/images/ui-icons_898989_256x240.png?ln=primefaces-aristo HTTP/1.1" 304 -
186.84.20.177 - - [02/Feb/2023:08:03:31 -0500] "POST /sipse/faces/presentacion/financiero/solicitudProceso/listarSolicitudProceso.xhtml HTTP/1.1" 200 143308
186.84.20.177 - - [02/Feb/2023:08:03:31 -0500] "GET /sipse/faces/javax.faces.resource/primefaces.css?ln=primefaces&v=4.0 HTTP/1.1" 304 -
186.84.20.177 - - [02/Feb/2023:08:03:31 -0500] "GET /sipse/faces/javax.faces.resource/theme.css?ln=primefaces-sipse HTTP/1.1" 304 -
186.84.20.177 - - [02/Feb/2023:08:03:31 -0500] "GET /sipse/faces/javax.faces.resource/layout/layout.css?ln=primefaces&v=4.0 HTTP/1.1" 304 -
186.84.20.177 - - [02/Feb/2023:08:03:31 -0500] "GET /sipse/faces/javax.faces.resource/jquery/jquery.js?ln=primefaces&v=4.0 HTTP/1.1" 304 -
186.84.20.177 - - [02/Feb/2023:08:03:31 -0500] "GET /sipse/faces/javax.faces.resource/jquery/jquery-plugins.js?ln=primefaces&v=4.0 HTTP/1.1" 304 -
186.84.20.177 - - [02/Feb/2023:08:03:31 -0500] "GET /sipse/faces/javax.faces.resource/primefaces.js?ln=primefaces&v=4.0 HTTP/1.1" 304 -
186.84.20.177 - - [02/Feb/2023:08:03:31 -0500] "GET /sipse/faces/javax.faces.resource/layout/layout.js?ln=primefaces&v=4.0 HTTP/1.1" 304 -
181.63.8.141 - - [02/Feb/2023:08:03:32 -0500] "POST /sipse/faces/autenticacion.xhtml HTTP/1.1" 200 16710
181.63.8.141 - - [02/Feb/2023:08:03:33 -0500] "GET /sipse/faces/javax.faces.resource/theme.css?ln=primefaces-sipse HTTP/1.1" 304 -
181.63.8.141 - - [02/Feb/2023:08:03:33 -0500] "GET /sipse/faces/javax.faces.resource/primefaces.css?ln=primefaces&v=4.0 HTTP/1.1" 304 -
181.63.8.141 - - [02/Feb/2023:08:03:33 -0500] "GET /sipse/faces/javax.faces.resource/layout/layout.css?ln=primefaces&v=4.0 HTTP/1.1" 304 -
181.63.8.141 - - [02/Feb/2023:08:03:33 -0500] "GET /sipse/faces/javax.faces.resource/jquery/jquery.js?ln=primefaces&v=4.0 HTTP/1.1" 304 -
152.203.206.75 - - [02/Feb/2023:08:03:33 -0500] "POST /sipse/faces/autenticacion.xhtml HTTP/1.1" 200 16697
152.203.206.75 - - [02/Feb/2023:08:03:33 -0500] "GET /sipse/faces/javax.faces.resource/theme.css?ln=primefaces-sipse HTTP/1.1" 304 -
152.203.206.75 - - [02/Feb/2023:08:03:33 -0500] "GET /sipse/faces/javax.faces.resource/layout/layout.css?ln=primefaces&v=4.0 HTTP/1.1" 304 -
152.203.206.75 - - [02/Feb/2023:08:03:33 -0500] "GET /sipse/faces/javax.faces.resource/primefaces.css?ln=primefaces&v=4.0 HTTP/1.1" 304 -
181.63.8.141 - - [02/Feb/2023:08:03:33 -0500] "GET /sipse/faces/javax.faces.resource/jquery/jquery-plugins.js?ln=primefaces&v=4.0 HTTP/1.1" 304 -
152.203.206.75 - - [02/Feb/2023:08:03:33 -0500] "GET /sipse/faces/javax.faces.resource/jquery/jquery.js?ln=primefaces&v=4.0 HTTP/1.1" 304 -
152.203.206.75 - - [02/Feb/2023:08:03:33 -0500] "GET /sipse/faces/javax.faces.resource/jquery/jquery-plugins.js?ln=primefaces&v=4.0 HTTP/1.1" 304 -
181.63.8.141 - - [02/Feb/2023:08:03:33 -0500] "GET /sipse/faces/javax.faces.resource/primefaces.js?ln=primefaces&v=4.0 HTTP/1.1" 304 -
152.203.206.75 - - [02/Feb/2023:08:03:33 -0500] "GET /sipse/faces/javax.faces.resource/primefaces.js?ln=primefaces&v=4.0 HTTP/1.1" 304 -
152.203.206.75 - - [02/Feb/2023:08:03:33 -0500] "GET /sipse/faces/javax.faces.resource/layout/layout.js?ln=primefaces&v=4.0 HTTP/1.1" 304 -
181.63.8.141 - - [02/Feb/2023:08:03:33 -0500] "GET /sipse/faces/javax.faces.resource/layout/layout.js?ln=primefaces&v=4.0 HTTP/1.1" 304 -
152.203.206.75 - - [02/Feb/2023:08:03:33 -0500] "GET /sipse/css/imagen/contrasena.png HTTP/1.1" 404 383
181.63.8.141 - - [02/Feb/2023:08:03:33 -0500] "GET /sipse/css/imagen/contrasena.png HTTP/1.1" 404 383
152.203.206.75 - - [02/Feb/2023:08:03:33 -0500] "GET /sipse/faces/javax.faces.resource/messages/messages.png?ln=primefaces&v=4.0 HTTP/1.1" 304 -
181.63.8.141 - - [02/Feb/2023:08:03:33 -0500] "GET /sipse/faces/javax.faces.resource/messages/messages.png?ln=primefaces&v=4.0 HTTP/1.1" 304 -
152.203.206.75 - - [02/Feb/2023:08:03:34 -0500] "GET /sipse/faces/javax.faces.resource/images/ui-bg_flat_0_2d5972_40x100.png?ln=primefaces-aristo HTTP/1.1" 304 -
152.203.206.75 - - [02/Feb/2023:08:03:34 -0500] "POST /sipse/faces/bienvenido.xhtml HTTP/1.1" 200 3255
181.63.8.141 - - [02/Feb/2023:08:03:35 -0500] "GET /sipse/faces/javax.faces.resource/images/ui-bg_flat_0_2d5972_40x100.png?ln=primefaces-aristo HTTP/1.1" 304 -
181.63.8.141 - - [02/Feb/2023:08:03:35 -0500] "POST /sipse/faces/bienvenido.xhtml HTTP/1.1" 200 2073
66.249.74.146 - - [02/Feb/2023:08:03:35 -0500] "-" 408 -
152.203.206.75 - - [02/Feb/2023:08:03:35 -0500] "POST /sipse/faces/bienvenido.xhtml HTTP/1.1" 200 36681
152.203.206.75 - - [02/Feb/2023:08:03:35 -0500] "GET /sipse/faces/javax.faces.resource/theme.css?ln=primefaces-sipse HTTP/1.1" 304 -
152.203.206.75 - - [02/Feb/2023:08:03:35 -0500] "GET /sipse/faces/javax.faces.resource/primefaces.css?ln=primefaces&v=4.0 HTTP/1.1" 304 -
152.203.206.75 - - [02/Feb/2023:08:03:35 -0500] "GET /sipse/faces/javax.faces.resource/layout/layout.css?ln=primefaces&v=4.0 HTTP/1.1" 304 -
152.203.206.75 - - [02/Feb/2023:08:03:35 -0500] "GET /sipse/faces/javax.faces.resource/jquery/jquery.js?ln=primefaces&v=4.0 HTTP/1.1" 304 -
152.203.206.75 - - [02/Feb/2023:08:03:35 -0500] "GET /sipse/faces/javax.faces.resource/jquery/jquery-plugins.js?ln=primefaces&v=4.0 HTTP/1.1" 304 -
152.203.206.75 - - [02/Feb/2023:08:03:35 -0500] "GET /sipse/faces/javax.faces.resource/primefaces.js?ln=primefaces&v=4.0 HTTP/1.1" 304 -
152.203.206.75 - - [02/Feb/2023:08:03:35 -0500] "GET /sipse/faces/javax.faces.resource/layout/layout.js?ln=primefaces&v=4.0 HTTP/1.1" 304 -
152.203.206.75 - - [02/Feb/2023:08:03:35 -0500] "POST /sipse/faces/presentacion/financiero/solicitudProceso/listarSolicitudProceso.xhtml HTTP/1.1" 200 1396
186.84.184.239 - - [02/Feb/2023:08:03:35 -0500] "POST /sipse/faces/presentacion/financiero/solicitudProceso/consultar.xhtml HTTP/1.1" 200 13055
181.63.8.141 - - [02/Feb/2023:08:03:36 -0500] "POST /sipse/faces/bienvenido.xhtml HTTP/1.1" 200 38960
181.63.8.141 - - [02/Feb/2023:08:03:36 -0500] "GET /sipse/faces/javax.faces.resource/theme.css?ln=primefaces-sipse HTTP/1.1" 304 -
181.63.8.141 - - [02/Feb/2023:08:03:36 -0500] "GET /sipse/faces/javax.faces.resource/primefaces.css?ln=primefaces&v=4.0 HTTP/1.1" 304 -
181.63.8.141 - - [02/Feb/2023:08:03:36 -0500] "GET /sipse/faces/javax.faces.resource/layout/layout.css?ln=primefaces&v=4.0 HTTP/1.1" 304 -
181.63.8.141 - - [02/Feb/2023:08:03:36 -0500] "GET /sipse/faces/javax.faces.resource/jquery/jquery.js?ln=primefaces&v=4.0 HTTP/1.1" 304 -
181.63.8.141 - - [02/Feb/2023:08:03:36 -0500] "GET /sipse/faces/javax.faces.resource/jquery/jquery-plugins.js?ln=primefaces&v=4.0 HTTP/1.1" 304 -
181.63.8.141 - - [02/Feb/2023:08:03:36 -0500] "GET /sipse/faces/javax.faces.resource/primefaces.js?ln=primefaces&v=4.0 HTTP/1.1" 304 -
181.63.8.141 - - [02/Feb/2023:08:03:36 -0500] "GET /sipse/faces/javax.faces.resource/layout/layout.js?ln=primefaces&v=4.0 HTTP/1.1" 304 -
152.203.206.75 - - [02/Feb/2023:08:03:37 -0500] "POST /sipse/faces/presentacion/financiero/solicitudProceso/listarSolicitudProceso.xhtml HTTP/1.1" 200 911
152.203.206.75 - - [02/Feb/2023:08:03:38 -0500] "GET /sipse/faces/faces/autenticacion HTTP/1.1" 302 -
152.203.206.75 - - [02/Feb/2023:08:03:38 -0500] "GET /sipse/faces/autenticacion.xhtml HTTP/1.1" 200 12171
152.203.206.75 - - [02/Feb/2023:08:03:38 -0500] "GET /sipse/faces/javax.faces.resource/theme.css?ln=primefaces-sipse HTTP/1.1" 304 -
152.203.206.75 - - [02/Feb/2023:08:03:38 -0500] "GET /sipse/faces/javax.faces.resource/primefaces.css?ln=primefaces&v=4.0 HTTP/1.1" 304 -
152.203.206.75 - - [02/Feb/2023:08:03:38 -0500] "GET /sipse/faces/javax.faces.resource/layout/layout.css?ln=primefaces&v=4.0 HTTP/1.1" 304 -
152.203.206.75 - - [02/Feb/2023:08:03:38 -0500] "GET /sipse/faces/javax.faces.resource/jquery/jquery.js?ln=primefaces&v=4.0 HTTP/1.1" 304 -
152.203.206.75 - - [02/Feb/2023:08:03:38 -0500] "GET /sipse/faces/javax.faces.resource/jquery/jquery-plugins.js?ln=primefaces&v=4.0 HTTP/1.1" 304 -
152.203.206.75 - - [02/Feb/2023:08:03:38 -0500] "GET /sipse/faces/javax.faces.resource/primefaces.js?ln=primefaces&v=4.0 HTTP/1.1" 304 -
152.203.206.75 - - [02/Feb/2023:08:03:38 -0500] "GET /sipse/faces/javax.faces.resource/layout/layout.js?ln=primefaces&v=4.0 HTTP/1.1" 304 -
186.154.35.179 - - [02/Feb/2023:08:03:38 -0500] "POST /sipse/faces/presentacion/financiero/solicitudProceso/consultarSolicitudProceso.xhtml HTTP/1.1" 200 105539
181.63.8.141 - - [02/Feb/2023:08:03:40 -0500] "POST /sipse/faces/presentacion/financiero/solicitudProceso/consultar.xhtml HTTP/1.1" 200 13120
152.203.206.75 - - [02/Feb/2023:08:03:43 -0500] "POST /sipse/faces/autenticacion.xhtml HTTP/1.1" 200 2217
152.203.206.75 - - [02/Feb/2023:08:03:43 -0500] "GET /sipse/faces/javax.faces.resource/messages/messages.png?ln=primefaces&v=4.0 HTTP/1.1" 304 -
152.203.206.75 - - [02/Feb/2023:08:03:44 -0500] "POST /sipse/faces/autenticacion.xhtml HTTP/1.1" 200 16244
152.203.206.75 - - [02/Feb/2023:08:03:45 -0500] "GET /sipse/faces/javax.faces.resource/theme.css?ln=primefaces-sipse HTTP/1.1" 304 -
152.203.206.75 - - [02/Feb/2023:08:03:45 -0500] "GET /sipse/faces/javax.faces.resource/layout/layout.css?ln=primefaces&v=4.0 HTTP/1.1" 304 -
152.203.206.75 - - [02/Feb/2023:08:03:45 -0500] "GET /sipse/faces/javax.faces.resource/primefaces.css?ln=primefaces&v=4.0 HTTP/1.1" 304 -
152.203.206.75 - - [02/Feb/2023:08:03:45 -0500] "GET /sipse/faces/javax.faces.resource/jquery/jquery.js?ln=primefaces&v=4.0 HTTP/1.1" 304 -
152.203.206.75 - - [02/Feb/2023:08:03:45 -0500] "GET /sipse/faces/javax.faces.resource/jquery/jquery-plugins.js?ln=primefaces&v=4.0 HTTP/1.1" 304 -
152.203.206.75 - - [02/Feb/2023:08:03:45 -0500] "GET /sipse/faces/javax.faces.resource/primefaces.js?ln=primefaces&v=4.0 HTTP/1.1" 304 -
152.203.206.75 - - [02/Feb/2023:08:03:45 -0500] "GET /sipse/faces/javax.faces.resource/layout/layout.js?ln=primefaces&v=4.0 HTTP/1.1" 304 -
172.22.2.4 - - [02/Feb/2023:08:02:06 -0500] "GET /BLA/boletinlegal/ HTTP/1.1" 200 57192
152.203.206.75 - - [02/Feb/2023:08:03:46 -0500] "POST /sipse/faces/bienvenido.xhtml HTTP/1.1" 200 2658
186.84.20.177 - - [02/Feb/2023:08:03:48 -0500] "POST /sipse/faces/presentacion/financiero/solicitudProceso/consultarSolicitudProceso.xhtml HTTP/1.1" 200 42265
186.84.20.177 - - [02/Feb/2023:08:03:49 -0500] "GET /sipse/faces/javax.faces.resource/theme.css?ln=primefaces-sipse HTTP/1.1" 304 -
186.84.20.177 - - [02/Feb/2023:08:03:49 -0500] "GET /sipse/faces/javax.faces.resource/primefaces.css?ln=primefaces&v=4.0 HTTP/1.1" 304 -
186.84.20.177 - - [02/Feb/2023:08:03:49 -0500] "GET /sipse/faces/javax.faces.resource/layout/layout.js?ln=primefaces&v=4.0 HTTP/1.1" 304 -
186.84.20.177 - - [02/Feb/2023:08:03:49 -0500] "GET /sipse/faces/javax.faces.resource/jquery/jquery.js?ln=primefaces&v=4.0 HTTP/1.1" 304 -
186.84.20.177 - - [02/Feb/2023:08:03:49 -0500] "GET /sipse/faces/javax.faces.resource/primefaces.js?ln=primefaces&v=4.0 HTTP/1.1" 304 -
186.84.20.177 - - [02/Feb/2023:08:03:49 -0500] "GET /sipse/faces/javax.faces.resource/jquery/jquery-plugins.js?ln=primefaces&v=4.0 HTTP/1.1" 304 -
186.84.20.177 - - [02/Feb/2023:08:03:49 -0500] "GET /sipse/faces/javax.faces.resource/layout/layout.css?ln=primefaces&v=4.0 HTTP/1.1" 304 -
152.203.206.75 - - [02/Feb/2023:08:03:50 -0500] "POST /sipse/faces/bienvenido.xhtml HTTP/1.1" 200 64185
152.203.206.75 - - [02/Feb/2023:08:03:51 -0500] "GET /sipse/faces/javax.faces.resource/theme.css?ln=primefaces-sipse HTTP/1.1" 304 -
152.203.206.75 - - [02/Feb/2023:08:03:51 -0500] "GET /sipse/faces/javax.faces.resource/layout/layout.css?ln=primefaces&v=4.0 HTTP/1.1" 304 -
152.203.206.75 - - [02/Feb/2023:08:03:51 -0500] "GET /sipse/faces/javax.faces.resource/primefaces.css?ln=primefaces&v=4.0 HTTP/1.1" 304 -
152.203.206.75 - - [02/Feb/2023:08:03:51 -0500] "GET /sipse/faces/javax.faces.resource/jquery/jquery.js?ln=primefaces&v=4.0 HTTP/1.1" 304 -
152.203.206.75 - - [02/Feb/2023:08:03:51 -0500] "GET /sipse/faces/javax.faces.resource/jquery/jquery-plugins.js?ln=primefaces&v=4.0 HTTP/1.1" 304 -
152.203.206.75 - - [02/Feb/2023:08:03:51 -0500] "GET /sipse/faces/javax.faces.resource/primefaces.js?ln=primefaces&v=4.0 HTTP/1.1" 304 -
152.203.206.75 - - [02/Feb/2023:08:03:51 -0500] "GET /sipse/faces/javax.faces.resource/layout/layout.js?ln=primefaces&v=4.0 HTTP/1.1" 304 -
152.203.206.75 - - [02/Feb/2023:08:03:51 -0500] "POST /sipse/faces/presentacion/financiero/solicitudProceso/listarSolicitudProceso.xhtml HTTP/1.1" 200 1552
181.63.8.141 - - [02/Feb/2023:08:03:52 -0500] "POST /sipse/faces/presentacion/financiero/solicitudProceso/consultar.xhtml HTTP/1.1" 200 911
191.95.50.192 - - [02/Feb/2023:08:03:53 -0500] "GET /sipse/faces/javax.faces.resource/theme.css?ln=primefaces-sipse HTTP/1.1" 304 -
191.95.50.192 - - [02/Feb/2023:08:03:53 -0500] "POST /sipse/faces/presentacion/financiero/estudioPrevio/personalSolicitado/asociarProfesionPersonalSolicitado.xhtml HTTP/1.1" 200 50927
191.95.50.192 - - [02/Feb/2023:08:03:53 -0500] "GET /sipse/faces/javax.faces.resource/jquery/jquery.js?ln=primefaces&v=4.0 HTTP/1.1" 304 -
191.95.50.192 - - [02/Feb/2023:08:03:53 -0500] "GET /sipse/faces/javax.faces.resource/layout/layout.js?ln=primefaces&v=4.0 HTTP/1.1" 304 -
191.95.50.192 - - [02/Feb/2023:08:03:53 -0500] "GET /sipse/faces/javax.faces.resource/jquery/jquery-plugins.js?ln=primefaces&v=4.0 HTTP/1.1" 304 -
191.95.50.192 - - [02/Feb/2023:08:03:53 -0500] "GET /sipse/faces/javax.faces.resource/layout/layout.css?ln=primefaces&v=4.0 HTTP/1.1" 304 -
191.95.50.192 - - [02/Feb/2023:08:03:53 -0500] "GET /sipse/faces/javax.faces.resource/primefaces.js?ln=primefaces&v=4.0 HTTP/1.1" 304 -
191.95.50.192 - - [02/Feb/2023:08:03:53 -0500] "GET /sipse/faces/javax.faces.resource/primefaces.css?ln=primefaces&v=4.0 HTTP/1.1" 304 -
152.203.206.75 - - [02/Feb/2023:08:03:55 -0500] "POST /sipse/faces/presentacion/financiero/solicitudProceso/listarSolicitudProceso.xhtml HTTP/1.1" 200 18976
191.95.50.192 - - [02/Feb/2023:08:03:56 -0500] "GET /sipse/faces/javax.faces.resource/images/ui-icons_898989_256x240.png?ln=primefaces-aristo HTTP/1.1" 304 -
191.95.50.192 - - [02/Feb/2023:08:03:59 -0500] "POST /sipse/faces/presentacion/financiero/estudioPrevio/personalSolicitado/personalSolicitadoSolicitudProceso.xhtml HTTP/1.1" 200 36870
191.95.50.192 - - [02/Feb/2023:08:03:59 -0500] "GET /sipse/faces/javax.faces.resource/theme.css?ln=primefaces-sipse HTTP/1.1" 304 -
191.95.50.192 - - [02/Feb/2023:08:03:59 -0500] "GET /sipse/faces/javax.faces.resource/primefaces.css?ln=primefaces&v=4.0 HTTP/1.1" 304 -
191.95.50.192 - - [02/Feb/2023:08:03:59 -0500] "GET /sipse/faces/javax.faces.resource/layout/layout.css?ln=primefaces&v=4.0 HTTP/1.1" 304 -
191.95.50.192 - - [02/Feb/2023:08:03:59 -0500] "GET /sipse/faces/javax.faces.resource/jquery/jquery.js?ln=primefaces&v=4.0 HTTP/1.1" 304 -
152.203.206.75 - - [02/Feb/2023:08:03:59 -0500] "POST /sipse/faces/presentacion/financiero/solicitudProceso/listarSolicitudProceso.xhtml HTTP/1.1" 200 18960
191.95.50.192 - - [02/Feb/2023:08:03:59 -0500] "GET /sipse/faces/javax.faces.resource/jquery/jquery-plugins.js?ln=primefaces&v=4.0 HTTP/1.1" 304 -
191.95.50.192 - - [02/Feb/2023:08:03:59 -0500] "GET /sipse/faces/javax.faces.resource/primefaces.js?ln=primefaces&v=4.0 HTTP/1.1" 304 -
191.95.50.192 - - [02/Feb/2023:08:03:59 -0500] "GET /sipse/faces/javax.faces.resource/layout/layout.js?ln=primefaces&v=4.0 HTTP/1.1" 304 -
191.95.50.192 - - [02/Feb/2023:08:04:03 -0500] "POST /sipse/faces/presentacion/financiero/estudioPrevio/personalSolicitado/asociarProfesionPersonalSolicitado.xhtml HTTP/1.1" 200 21282
216.245.221.92 - - [02/Feb/2023:08:04:11 -0500] "HEAD / HTTP/1.1" 200 -
191.95.50.192 - - [02/Feb/2023:08:04:12 -0500] "POST /sipse/faces/presentacion/financiero/estudioPrevio/personalSolicitado/asociarProfesionPersonalSolicitado.xhtml HTTP/1.1" 200 5297
186.84.20.177 - - [02/Feb/2023:08:04:14 -0500] "GET /sipse/faces/javax.faces.resource/theme.css?ln=primefaces-sipse HTTP/1.1" 304 -
186.84.20.177 - - [02/Feb/2023:08:04:14 -0500] "GET /sipse/faces/javax.faces.resource/jquery/jquery-plugins.js?ln=primefaces&v=4.0 HTTP/1.1" 304 -
186.84.20.177 - - [02/Feb/2023:08:04:14 -0500] "GET /sipse/faces/javax.faces.resource/jquery/jquery.js?ln=primefaces&v=4.0 HTTP/1.1" 304 -
186.84.20.177 - - [02/Feb/2023:08:04:14 -0500] "GET /sipse/faces/javax.faces.resource/primefaces.css?ln=primefaces&v=4.0 HTTP/1.1" 304 -
186.84.20.177 - - [02/Feb/2023:08:04:14 -0500] "GET /sipse/faces/javax.faces.resource/layout/layout.css?ln=primefaces&v=4.0 HTTP/1.1" 304 -
186.84.20.177 - - [02/Feb/2023:08:04:15 -0500] "GET /sipse/faces/javax.faces.resource/layout/layout.js?ln=primefaces&v=4.0 HTTP/1.1" 304 -
186.84.20.177 - - [02/Feb/2023:08:04:15 -0500] "GET /sipse/faces/javax.faces.resource/primefaces.js?ln=primefaces&v=4.0 HTTP/1.1" 304 -
186.84.20.177 - - [02/Feb/2023:08:04:14 -0500] "POST /sipse/faces/presentacion/financiero/solicitudProceso/consultarHistorialSolProceso.xhtml HTTP/1.1" 200 189102
181.56.107.124 - - [02/Feb/2023:08:04:17 -0500] "POST /sipse/faces/presentacion/financiero/solicitudProceso/listarSolicitudProceso.xhtml HTTP/1.1" 200 25350
66.220.149.2 - - [02/Feb/2023:08:04:18 -0500] "GET /images/1%20de%20febrero%20D\xc3\xada%20sin%20carro.jpeg HTTP/1.1" 404 1034
181.56.107.124 - - [02/Feb/2023:08:04:18 -0500] "POST /sipse/faces/presentacion/financiero/solicitudProceso/listarSolicitudProceso.xhtml HTTP/1.1" 200 25350
181.56.107.124 - - [02/Feb/2023:08:04:20 -0500] "POST /sipse/faces/presentacion/financiero/solicitudProceso/listarSolicitudProceso.xhtml HTTP/1.1" 200 7038
186.84.184.239 - - [02/Feb/2023:08:04:22 -0500] "POST /sipse/faces/presentacion/financiero/solicitudProceso/consultar.xhtml HTTP/1.1" 200 12961
191.95.50.192 - - [02/Feb/2023:08:04:22 -0500] "GET /sipse/faces/javax.faces.resource/theme.css?ln=primefaces-sipse HTTP/1.1" 304 -
191.95.50.192 - - [02/Feb/2023:08:04:22 -0500] "POST /sipse/faces/presentacion/financiero/estudioPrevio/personalSolicitado/asociarProfesionPersonalSolicitado.xhtml HTTP/1.1" 200 52212
191.95.50.192 - - [02/Feb/2023:08:04:22 -0500] "GET /sipse/faces/javax.faces.resource/layout/layout.css?ln=primefaces&v=4.0 HTTP/1.1" 304 -
191.95.50.192 - - [02/Feb/2023:08:04:22 -0500] "GET /sipse/faces/javax.faces.resource/primefaces.css?ln=primefaces&v=4.0 HTTP/1.1" 304 -
191.95.50.192 - - [02/Feb/2023:08:04:22 -0500] "GET /sipse/faces/javax.faces.resource/jquery/jquery-plugins.js?ln=primefaces&v=4.0 HTTP/1.1" 304 -
191.95.50.192 - - [02/Feb/2023:08:04:22 -0500] "GET /sipse/faces/javax.faces.resource/primefaces.js?ln=primefaces&v=4.0 HTTP/1.1" 304 -
191.95.50.192 - - [02/Feb/2023:08:04:23 -0500] "GET /sipse/faces/javax.faces.resource/jquery/jquery.js?ln=primefaces&v=4.0 HTTP/1.1" 304 -
191.95.50.192 - - [02/Feb/2023:08:04:23 -0500] "GET /sipse/faces/javax.faces.resource/layout/layout.js?ln=primefaces&v=4.0 HTTP/1.1" 304 -
181.56.171.197 - - [02/Feb/2023:08:04:25 -0500] "POST /sipse/faces/presentacion/financiero/solicitudProceso/consultarSolicitudProceso.xhtml HTTP/1.1" 200 1736864
181.56.107.124 - - [02/Feb/2023:08:04:26 -0500] "POST /sipse/faces/presentacion/financiero/solicitudProceso/listarSolicitudProceso.xhtml HTTP/1.1" 200 130234
181.56.107.124 - - [02/Feb/2023:08:04:27 -0500] "GET /sipse/faces/javax.faces.resource/theme.css?ln=primefaces-sipse HTTP/1.1" 304 -
181.56.107.124 - - [02/Feb/2023:08:04:27 -0500] "GET /sipse/faces/javax.faces.resource/primefaces.css?ln=primefaces&v=4.0 HTTP/1.1" 304 -
181.56.107.124 - - [02/Feb/2023:08:04:27 -0500] "GET /sipse/faces/javax.faces.resource/layout/layout.css?ln=primefaces&v=4.0 HTTP/1.1" 304 -
181.56.107.124 - - [02/Feb/2023:08:04:27 -0500] "GET /sipse/faces/javax.faces.resource/jquery/jquery.js?ln=primefaces&v=4.0 HTTP/1.1" 304 -
181.56.107.124 - - [02/Feb/2023:08:04:27 -0500] "GET /sipse/faces/javax.faces.resource/jquery/jquery-plugins.js?ln=primefaces&v=4.0 HTTP/1.1" 304 -
181.56.107.124 - - [02/Feb/2023:08:04:27 -0500] "GET /sipse/faces/javax.faces.resource/primefaces.js?ln=primefaces&v=4.0 HTTP/1.1" 304 -
181.56.107.124 - - [02/Feb/2023:08:04:27 -0500] "GET /sipse/faces/javax.faces.resource/layout/layout.js?ln=primefaces&v=4.0 HTTP/1.1" 304 -
191.95.50.192 - - [02/Feb/2023:08:04:35 -0500] "POST /sipse/faces/presentacion/financiero/estudioPrevio/personalSolicitado/personalSolicitadoSolicitudProceso.xhtml HTTP/1.1" 200 36875
191.95.50.192 - - [02/Feb/2023:08:04:35 -0500] "GET /sipse/faces/javax.faces.resource/theme.css?ln=primefaces-sipse HTTP/1.1" 304 -
191.95.50.192 - - [02/Feb/2023:08:04:35 -0500] "GET /sipse/faces/javax.faces.resource/layout/layout.css?ln=primefaces&v=4.0 HTTP/1.1" 304 -
191.95.50.192 - - [02/Feb/2023:08:04:35 -0500] "GET /sipse/faces/javax.faces.resource/primefaces.css?ln=primefaces&v=4.0 HTTP/1.1" 304 -
191.95.50.192 - - [02/Feb/2023:08:04:35 -0500] "GET /sipse/faces/javax.faces.resource/jquery/jquery.js?ln=primefaces&v=4.0 HTTP/1.1" 304 -
191.95.50.192 - - [02/Feb/2023:08:04:35 -0500] "GET /sipse/faces/javax.faces.resource/jquery/jquery-plugins.js?ln=primefaces&v=4.0 HTTP/1.1" 304 -
191.95.50.192 - - [02/Feb/2023:08:04:36 -0500] "GET /sipse/faces/javax.faces.resource/primefaces.js?ln=primefaces&v=4.0 HTTP/1.1" 304 -
191.95.50.192 - - [02/Feb/2023:08:04:36 -0500] "GET /sipse/faces/javax.faces.resource/layout/layout.js?ln=primefaces&v=4.0 HTTP/1.1" 304 -
191.92.188.128 - - [02/Feb/2023:08:04:38 -0500] "POST /sipse/faces/presentacion/financiero/solicitudProceso/consultarSolicitudProceso.xhtml HTTP/1.1" 200 42069
191.92.188.128 - - [02/Feb/2023:08:04:39 -0500] "GET /sipse/faces/javax.faces.resource/theme.css?ln=primefaces-sipse HTTP/1.1" 304 -
191.92.188.128 - - [02/Feb/2023:08:04:39 -0500] "GET /sipse/faces/javax.faces.resource/jquery/jquery.js?ln=primefaces&v=4.0 HTTP/1.1" 304 -
191.92.188.128 - - [02/Feb/2023:08:04:39 -0500] "GET /sipse/faces/javax.faces.resource/primefaces.css?ln=primefaces&v=4.0 HTTP/1.1" 304 -
191.92.188.128 - - [02/Feb/2023:08:04:39 -0500] "GET /sipse/faces/javax.faces.resource/layout/layout.css?ln=primefaces&v=4.0 HTTP/1.1" 304 -
191.92.188.128 - - [02/Feb/2023:08:04:39 -0500] "GET /sipse/faces/javax.faces.resource/jquery/jquery-plugins.js?ln=primefaces&v=4.0 HTTP/1.1" 304 -
191.92.188.128 - - [02/Feb/2023:08:04:39 -0500] "GET /sipse/faces/javax.faces.resource/primefaces.js?ln=primefaces&v=4.0 HTTP/1.1" 304 -
191.92.188.128 - - [02/Feb/2023:08:04:39 -0500] "GET /sipse/faces/javax.faces.resource/layout/layout.js?ln=primefaces&v=4.0 HTTP/1.1" 304 -
191.92.188.128 - - [02/Feb/2023:08:04:39 -0500] "POST /sipse/faces/presentacion/financiero/solicitudProceso/consultar.xhtml HTTP/1.1" 200 35479
191.92.188.128 - - [02/Feb/2023:08:04:39 -0500] "POST /sipse/faces/presentacion/financiero/solicitudProceso/consultar.xhtml HTTP/1.1" 200 35479
191.92.188.128 - - [02/Feb/2023:08:04:39 -0500] "POST /sipse/faces/presentacion/financiero/solicitudProceso/consultar.xhtml HTTP/1.1" 200 35479
191.95.50.192 - - [02/Feb/2023:08:04:39 -0500] "POST /sipse/faces/presentacion/financiero/estudioPrevio/personalSolicitado/asociarProfesionPersonalSolicitado.xhtml HTTP/1.1" 200 21544
191.92.188.128 - - [02/Feb/2023:08:04:39 -0500] "POST /sipse/faces/presentacion/financiero/solicitudProceso/consultar.xhtml HTTP/1.1" 200 35479
191.95.50.192 - - [02/Feb/2023:08:04:39 -0500] "POST /sipse/faces/presentacion/financiero/estudioPrevio/personalSolicitado/asociarProfesionPersonalSolicitado.xhtml HTTP/1.1" 200 21540
191.92.188.128 - - [02/Feb/2023:08:04:39 -0500] "POST /sipse/faces/presentacion/financiero/solicitudProceso/consultar.xhtml HTTP/1.1" 200 35479
191.92.188.128 - - [02/Feb/2023:08:04:39 -0500] "POST /sipse/faces/presentacion/financiero/solicitudProceso/consultar.xhtml HTTP/1.1" 200 35479
191.95.50.192 - - [02/Feb/2023:08:04:41 -0500] "POST /sipse/faces/presentacion/financiero/estudioPrevio/personalSolicitado/asociarProfesionPersonalSolicitado.xhtml HTTP/1.1" 200 21733
191.92.188.128 - - [02/Feb/2023:08:04:41 -0500] "POST /sipse/faces/presentacion/financiero/solicitudProceso/consultar.xhtml HTTP/1.1" 200 12824
191.92.188.128 - - [02/Feb/2023:08:04:45 -0500] "POST /sipse/faces/presentacion/financiero/solicitudProceso/consultar.xhtml HTTP/1.1" 200 147179
191.92.188.128 - - [02/Feb/2023:08:04:46 -0500] "GET /sipse/faces/javax.faces.resource/theme.css?ln=primefaces-sipse HTTP/1.1" 304 -
191.92.188.128 - - [02/Feb/2023:08:04:46 -0500] "GET /sipse/faces/javax.faces.resource/layout/layout.css?ln=primefaces&v=4.0 HTTP/1.1" 304 -
191.92.188.128 - - [02/Feb/2023:08:04:46 -0500] "GET /sipse/faces/javax.faces.resource/primefaces.css?ln=primefaces&v=4.0 HTTP/1.1" 304 -
191.92.188.128 - - [02/Feb/2023:08:04:46 -0500] "GET /sipse/faces/javax.faces.resource/jquery/jquery.js?ln=primefaces&v=4.0 HTTP/1.1" 304 -
191.92.188.128 - - [02/Feb/2023:08:04:46 -0500] "GET /sipse/faces/javax.faces.resource/jquery/jquery-plugins.js?ln=primefaces&v=4.0 HTTP/1.1" 304 -
191.92.188.128 - - [02/Feb/2023:08:04:46 -0500] "GET /sipse/faces/javax.faces.resource/primefaces.js?ln=primefaces&v=4.0 HTTP/1.1" 304 -
191.92.188.128 - - [02/Feb/2023:08:04:46 -0500] "GET /sipse/faces/javax.faces.resource/layout/layout.js?ln=primefaces&v=4.0 HTTP/1.1" 304 -
191.92.188.128 - - [02/Feb/2023:08:04:51 -0500] "POST /sipse/faces/presentacion/financiero/solicitudProceso/consultarSolicitudProceso.xhtml HTTP/1.1" 200 148410
186.154.35.179 - - [02/Feb/2023:08:04:52 -0500] "POST /sipse/faces/presentacion/financiero/solicitudProceso/consultarSolicitudProceso.xhtml HTTP/1.1" 200 37806
186.154.35.179 - - [02/Feb/2023:08:04:52 -0500] "GET /sipse/faces/javax.faces.resource/layout/layout.css?ln=primefaces&v=4.0 HTTP/1.1" 304 -
186.154.35.179 - - [02/Feb/2023:08:04:52 -0500] "GET /sipse/faces/javax.faces.resource/layout/layout.js?ln=primefaces&v=4.0 HTTP/1.1" 304 -
186.154.35.179 - - [02/Feb/2023:08:04:52 -0500] "GET /sipse/faces/javax.faces.resource/jquery/jquery.js?ln=primefaces&v=4.0 HTTP/1.1" 304 -
186.154.35.179 - - [02/Feb/2023:08:04:52 -0500] "GET /sipse/faces/javax.faces.resource/theme.css?ln=primefaces-sipse HTTP/1.1" 304 -
186.154.35.179 - - [02/Feb/2023:08:04:52 -0500] "GET /sipse/faces/javax.faces.resource/primefaces.css?ln=primefaces&v=4.0 HTTP/1.1" 304 -
186.154.35.179 - - [02/Feb/2023:08:04:52 -0500] "GET /sipse/faces/javax.faces.resource/jquery/jquery-plugins.js?ln=primefaces&v=4.0 HTTP/1.1" 304 -
186.154.35.179 - - [02/Feb/2023:08:04:52 -0500] "GET /sipse/faces/javax.faces.resource/primefaces.js?ln=primefaces&v=4.0 HTTP/1.1" 304 -
186.154.35.179 - - [02/Feb/2023:08:04:52 -0500] "GET /sipse/faces/javax.faces.resource/images/ui-icons_898989_256x240.png?ln=primefaces-aristo HTTP/1.1" 304 -
186.154.35.179 - - [02/Feb/2023:08:04:53 -0500] "GET /sipse/faces/javax.faces.resource/images/ui-bg_flat_0_2d5972_40x100.png?ln=primefaces-aristo HTTP/1.1" 304 -
186.154.35.179 - - [02/Feb/2023:08:04:53 -0500] "POST /sipse/faces/presentacion/financiero/solicitudProceso/listarSolicitudProceso.xhtml HTTP/1.1" 200 1396
186.154.35.179 - - [02/Feb/2023:08:04:53 -0500] "POST /sipse/faces/presentacion/financiero/solicitudProceso/listarSolicitudProceso.xhtml HTTP/1.1" 200 1396
191.95.50.192 - - [02/Feb/2023:08:04:55 -0500] "POST /sipse/faces/presentacion/financiero/estudioPrevio/personalSolicitado/asociarProfesionPersonalSolicitado.xhtml HTTP/1.1" 200 21680
66.220.149.117 - - [02/Feb/2023:08:04:56 -0500] "GET /images/1%20de%20febrero%20D\xc3\xada%20sin%20carro.jpeg HTTP/1.1" 404 1034
186.154.35.179 - - [02/Feb/2023:08:05:02 -0500] "POST /sipse/faces/presentacion/financiero/solicitudProceso/listarSolicitudProceso.xhtml HTTP/1.1" 200 32578
186.84.184.239 - - [02/Feb/2023:08:05:04 -0500] "POST /sipse/faces/presentacion/financiero/solicitudProceso/consultar.xhtml HTTP/1.1" 200 12953
200.118.80.103 - - [02/Feb/2023:08:05:08 -0500] "GET /appsia/controlador HTTP/1.1" 200 4799
191.95.50.192 - - [02/Feb/2023:08:05:08 -0500] "POST /sipse/faces/presentacion/financiero/estudioPrevio/personalSolicitado/asociarProfesionPersonalSolicitado.xhtml HTTP/1.1" 200 21584
200.118.80.103 - - [02/Feb/2023:08:05:09 -0500] "GET /appsia/css/estilos.css HTTP/1.1" 200 4804
200.118.80.103 - - [02/Feb/2023:08:05:09 -0500] "GET /appsia/scripts/validarIngreso.js HTTP/1.1" 200 851
200.118.80.103 - - [02/Feb/2023:08:05:09 -0500] "GET /appsia/images/logo_bogota_p.png HTTP/1.1" 200 14951
