186.154.33.110 - - [02/Feb/2023:01:48:43 -0500] "GET /sipse/faces/javax.faces.resource/layout/layout.js?ln=primefaces&v=4.0 HTTP/1.1" 304 -
186.154.33.110 - - [02/Feb/2023:01:48:43 -0500] "POST /sipse/faces/presentacion/financiero/solicitudProceso/listarSolicitudProceso.xhtml HTTP/1.1" 200 1396
186.154.33.110 - - [02/Feb/2023:01:48:50 -0500] "POST /sipse/faces/presentacion/financiero/solicitudProceso/listarSolicitudProceso.xhtml HTTP/1.1" 200 147027
186.154.33.110 - - [02/Feb/2023:01:48:51 -0500] "GET /sipse/faces/javax.faces.resource/theme.css?ln=primefaces-sipse HTTP/1.1" 304 -
186.154.33.110 - - [02/Feb/2023:01:48:51 -0500] "GET /sipse/faces/javax.faces.resource/layout/layout.css?ln=primefaces&v=4.0 HTTP/1.1" 304 -
186.154.33.110 - - [02/Feb/2023:01:48:51 -0500] "GET /sipse/faces/javax.faces.resource/primefaces.css?ln=primefaces&v=4.0 HTTP/1.1" 304 -
186.154.33.110 - - [02/Feb/2023:01:48:51 -0500] "GET /sipse/faces/javax.faces.resource/jquery/jquery.js?ln=primefaces&v=4.0 HTTP/1.1" 304 -
186.154.33.110 - - [02/Feb/2023:01:48:51 -0500] "GET /sipse/faces/javax.faces.resource/jquery/jquery-plugins.js?ln=primefaces&v=4.0 HTTP/1.1" 304 -
186.154.33.110 - - [02/Feb/2023:01:48:51 -0500] "GET /sipse/faces/javax.faces.resource/primefaces.js?ln=primefaces&v=4.0 HTTP/1.1" 304 -
186.154.33.110 - - [02/Feb/2023:01:48:51 -0500] "GET /sipse/faces/javax.faces.resource/layout/layout.js?ln=primefaces&v=4.0 HTTP/1.1" 304 -
172.22.2.4 - - [02/Feb/2023:01:47:56 -0500] "HEAD /BLA/boletinlegal/ HTTP/1.1" 200 -
172.22.2.4 - - [02/Feb/2023:01:49:33 -0500] "GET /BLA/boletinlegal/ HTTP/1.1" 200 24523
172.22.2.4 - - [02/Feb/2023:01:48:46 -0500] "GET /BLA/boletinlegal/ HTTP/1.1" 200 53739
5.161.189.9 - - [02/Feb/2023:01:52:08 -0500] "GET /wp-login.php HTTP/1.1" 404 1018
201.245.192.253 - - [02/Feb/2023:01:53:21 -0500] "POST /kwsrmcab/Wsrmcab  HTTP/1.1" 200 213
216.245.221.92 - - [02/Feb/2023:01:53:31 -0500] "HEAD / HTTP/1.1" 200 -
157.55.39.129 - - [02/Feb/2023:01:53:30 -0500] "GET /portaldeninos/humedal-la-vaca-2/ HTTP/1.1" 200 87837
52.167.144.31 - - [02/Feb/2023:01:53:46 -0500] "GET /portaldeninos/wp-content/themes/betheme/assets/animations/animations.min.js?ver=20.9.6 HTTP/1.1" 200 1896
52.167.144.31 - - [02/Feb/2023:01:53:46 -0500] "GET /portaldeninos/wp-content/themes/betheme/css/shortcodes.css?ver=20.9.6 HTTP/1.1" 200 138889
52.167.144.31 - - [02/Feb/2023:01:53:47 -0500] "GET /portaldeninos/wp-content/themes/betheme/style.css?ver=20.9.6 HTTP/1.1" 200 287
52.167.144.31 - - [02/Feb/2023:01:53:47 -0500] "GET /portaldeninos/wp-includes/js/jquery/ui/core.min.js?ver=1.11.4 HTTP/1.1" 200 4000
185.119.81.100 - - [02/Feb/2023:01:53:47 -0500] "GET /portaldeninos/wp-login.php HTTP/1.1" 200 2592
185.119.81.100 - - [02/Feb/2023:01:53:48 -0500] "POST /portaldeninos/wp-login.php HTTP/1.1" 200 3670
207.46.13.155 - - [02/Feb/2023:01:53:48 -0500] "GET /portaldeninos/wp-content/themes/betheme/assets/jplayer/jplayer.min.js?ver=20.9.6 HTTP/1.1" 200 52702
157.55.39.41 - - [02/Feb/2023:01:53:50 -0500] "GET /portaldeninos/wp-content/themes/betheme/assets/animations/animations.min.css?ver=20.9.6 HTTP/1.1" 200 58508
157.55.39.129 - - [02/Feb/2023:01:53:51 -0500] "GET /portaldeninos/wp-content/plugins/gallery-videos/CSS/Total-Soft-Gallery-Video-Widget.css?ver=4.9.8 HTTP/1.1" 200 51554
157.55.39.129 - - [02/Feb/2023:01:53:51 -0500] "GET /portaldeninos/wp-content/plugins/gallery-videos/JS/modernizr.custom.js?ver=4.9.8 HTTP/1.1" 200 9019
157.55.39.129 - - [02/Feb/2023:01:53:51 -0500] "GET /portaldeninos/wp-content/themes/betheme/assets/jplayer/css/jplayer.blue.monday.css?ver=20.9.6 HTTP/1.1" 200 9834
157.55.39.129 - - [02/Feb/2023:01:53:51 -0500] "GET /portaldeninos/wp-content/themes/betheme/css/base.css?ver=20.9.6 HTTP/1.1" 200 57283
157.55.39.129 - - [02/Feb/2023:01:53:52 -0500] "GET /portaldeninos/wp-content/themes/betheme/css/responsive.css?ver=20.9.6 HTTP/1.1" 200 55740
157.55.39.129 - - [02/Feb/2023:01:53:52 -0500] "GET /portaldeninos/wp-includes/js/jquery/jquery-migrate.min.js?ver=1.4.1 HTTP/1.1" 200 10056
40.77.167.226 - - [02/Feb/2023:01:53:56 -0500] "GET /portaldeninos/wp-content/themes/betheme/js/menu.js?ver=20.9.6 HTTP/1.1" 200 2449
40.77.167.226 - - [02/Feb/2023:01:53:57 -0500] "GET /portaldeninos/wp-includes/js/jquery/ui/mouse.min.js?ver=1.11.4 HTTP/1.1" 200 3148
40.77.167.226 - - [02/Feb/2023:01:53:57 -0500] "GET /portaldeninos/wp-includes/js/jquery/ui/tabs.min.js?ver=1.11.4 HTTP/1.1" 200 12110
40.77.167.226 - - [02/Feb/2023:01:53:57 -0500] "GET /portaldeninos/wp-includes/js/jquery/ui/widget.min.js?ver=1.11.4 HTTP/1.1" 200 6908
207.46.13.155 - - [02/Feb/2023:01:54:02 -0500] "GET /portaldeninos/wp-content/themes/betheme/js/plugins.js?ver=20.9.6 HTTP/1.1" 200 197151
207.46.13.155 - - [02/Feb/2023:01:54:03 -0500] "GET /portaldeninos/wp-includes/js/jquery/ui/sortable.min.js?ver=1.11.4 HTTP/1.1" 200 24899
207.46.13.155 - - [02/Feb/2023:01:54:03 -0500] "GET /portaldeninos/wp-includes/js/wp-emoji-release.min.js?ver=4.9.8 HTTP/1.1" 200 12026
157.55.39.41 - - [02/Feb/2023:01:54:10 -0500] "GET /portaldeninos/wp-includes/js/jquery/ui/accordion.min.js?ver=1.11.4 HTTP/1.1" 200 8584
157.55.39.41 - - [02/Feb/2023:01:54:11 -0500] "GET /portaldeninos/wp-includes/js/wp-embed.min.js?ver=4.9.8 HTTP/1.1" 200 1398
52.167.144.30 - - [02/Feb/2023:01:54:15 -0500] "GET /portaldeninos/wp-content/plugins/gallery-videos/CSS/totalsoft.css?ver=4.9.8 HTTP/1.1" 200 40622
52.167.144.30 - - [02/Feb/2023:01:54:15 -0500] "GET /portaldeninos/wp-content/themes/betheme/assets/ui/jquery.ui.all.css?ver=20.9.6 HTTP/1.1" 200 18765
52.167.144.30 - - [02/Feb/2023:01:54:15 -0500] "GET /portaldeninos/wp-content/themes/betheme/css/layout.css?ver=20.9.6 HTTP/1.1" 200 116639
52.167.144.30 - - [02/Feb/2023:01:54:15 -0500] "GET /portaldeninos/wp-content/themes/betheme/js/scripts.js?ver=20.9.6 HTTP/1.1" 200 77162
52.167.144.30 - - [02/Feb/2023:01:54:16 -0500] "GET /portaldeninos/wp-content/uploads/useanyfont/uaf.css?ver=1589905315 HTTP/1.1" 200 408
52.167.144.30 - - [02/Feb/2023:01:54:16 -0500] "GET /portaldeninos/wp-includes/js/jquery/jquery.js?ver=1.12.4 HTTP/1.1" 200 97184
132.255.180.109 - - [02/Feb/2023:01:55:04 -0500] "-" 408 -
172.22.2.4 - - [02/Feb/2023:01:53:46 -0500] "HEAD /BLA/boletinlegal/ HTTP/1.1" 200 -
172.22.2.4 - - [02/Feb/2023:01:54:36 -0500] "GET /BLA/boletinlegal/ HTTP/1.1" 200 59404
201.245.192.253 - - [02/Feb/2023:01:58:20 -0500] "POST /kwsrmcab/Wsrmcab  HTTP/1.1" 200 213
216.245.221.92 - - [02/Feb/2023:01:58:31 -0500] "HEAD / HTTP/1.1" 200 -
152.61.192.232 - - [02/Feb/2023:01:59:37 -0500] "GET /arcgis/services/Calidad_del_Agua_WQI/MapServer/WMSServer?request=GetCapabilities&service=WMS HTTP/1.1" 503 1020
152.61.192.232 - - [02/Feb/2023:01:59:38 -0500] "GET /arcgis/services/Calidad_del_Agua_WQI/MapServer/WMSServer?SERVICE=WMS&REQUEST=GetCapabilities HTTP/1.1" 503 1020
152.61.192.232 - - [02/Feb/2023:01:59:38 -0500] "GET /arcgis/services/Calidad_del_Agua_WQI/MapServer/WMSServer?WMTVER=1.0.0&REQUEST=capabilities HTTP/1.1" 503 1020
185.119.81.97 - - [02/Feb/2023:02:00:08 -0500] "GET /portaldeninos/wp-login.php HTTP/1.1" 200 2592
185.119.81.97 - - [02/Feb/2023:02:00:09 -0500] "POST /portaldeninos/wp-login.php HTTP/1.1" 200 3650
66.249.74.149 - - [02/Feb/2023:02:00:49 -0500] "-" 408 -
172.22.2.4 - - [02/Feb/2023:01:59:36 -0500] "HEAD /BLA/boletinlegal/ HTTP/1.1" 200 -
172.22.2.4 - - [02/Feb/2023:02:00:26 -0500] "GET /BLA/boletinlegal/ HTTP/1.1" 200 57192
201.245.192.253 - - [02/Feb/2023:02:03:19 -0500] "POST /kwsrmcab/Wsrmcab  HTTP/1.1" 200 213
216.245.221.92 - - [02/Feb/2023:02:03:31 -0500] "HEAD / HTTP/1.1" 200 -
184.105.139.76 - - [02/Feb/2023:02:04:47 -0500] "GET /favicon.ico HTTP/1.1" 200 7782
173.252.127.14 - - [02/Feb/2023:02:04:56 -0500] "GET /images/1%20de%20febrero%20D\xc3\xada%20sin%20carro.jpeg HTTP/1.1" 404 1034
173.252.127.9 - - [02/Feb/2023:02:04:56 -0500] "GET /images/1%20de%20febrero%20Humedal%20El%20Tunjo.jpeg HTTP/1.1" 200 52973
172.22.2.4 - - [02/Feb/2023:02:05:26 -0500] "HEAD /BLA/boletinlegal/ HTTP/1.1" 200 -
185.119.81.97 - - [02/Feb/2023:02:07:35 -0500] "GET /portaldeninos/wp-login.php HTTP/1.1" 200 2592
185.119.81.97 - - [02/Feb/2023:02:07:36 -0500] "POST /portaldeninos/wp-login.php HTTP/1.1" 200 3605
172.22.2.4 - - [02/Feb/2023:02:06:16 -0500] "GET /BLA/boletinlegal/ HTTP/1.1" 200 56825
185.119.81.100 - - [02/Feb/2023:02:08:11 -0500] "GET /portaldeninos/wp-login.php HTTP/1.1" 200 2592
185.119.81.100 - - [02/Feb/2023:02:08:12 -0500] "POST /portaldeninos/wp-login.php HTTP/1.1" 200 3605
152.61.128.50 - - [02/Feb/2023:02:08:14 -0500] "GET /arcgis/services/Calidad_del_Agua_WQI/MapServer/WMSServer?request=GetCapabilities&service=WMS HTTP/1.1" 503 1020
152.61.128.50 - - [02/Feb/2023:02:08:15 -0500] "GET /arcgis/services/Calidad_del_Agua_WQI/MapServer/WMSServer?SERVICE=WMS&REQUEST=GetCapabilities HTTP/1.1" 503 1020
152.61.128.50 - - [02/Feb/2023:02:08:15 -0500] "GET /arcgis/services/Calidad_del_Agua_WQI/MapServer/WMSServer?WMTVER=1.0.0&REQUEST=capabilities HTTP/1.1" 503 1020
201.245.192.253 - - [02/Feb/2023:02:08:18 -0500] "POST /kwsrmcab/Wsrmcab  HTTP/1.1" 200 213
31.13.127.118 - - [02/Feb/2023:02:08:24 -0500] "GET /images/1%20de%20febrero%20D\xc3\xada%20sin%20carro.jpeg HTTP/1.1" 404 1034
216.245.221.92 - - [02/Feb/2023:02:08:31 -0500] "HEAD / HTTP/1.1" 200 -
40.77.188.49 - - [02/Feb/2023:02:09:42 -0500] "GET /portaldeninos/wp-content/themes/betheme/fonts/mfn-icons.woff?93978679 HTTP/1.1" 200 80932
157.55.39.142 - - [02/Feb/2023:02:10:52 -0500] "GET /forest/ HTTP/1.1" 200 12041
18.232.31.206 - - [02/Feb/2023:02:09:18 -0500] "GET /BLA/boletinlegal/ HTTP/1.1" 200 62423
173.252.127.4 - - [02/Feb/2023:02:12:29 -0500] "GET /images/1%20de%20febrero%20D\xc3\xada%20sin%20carro.jpeg HTTP/1.1" 404 1034
157.55.39.142 - - [02/Feb/2023:02:12:43 -0500] "GET /BLA/resoluciones/RESOLUCIONES%202022/3572.pdf HTTP/1.1" 200 413148
66.220.149.116 - - [02/Feb/2023:02:12:53 -0500] "GET /images/1%20de%20febrero%20D\xc3\xada%20sin%20carro.jpeg HTTP/1.1" 404 1034
172.22.2.4 - - [02/Feb/2023:02:11:16 -0500] "HEAD /BLA/boletinlegal/ HTTP/1.1" 200 -
201.245.192.253 - - [02/Feb/2023:02:13:16 -0500] "POST /kwsrmcab/Wsrmcab  HTTP/1.1" 200 213
216.245.221.92 - - [02/Feb/2023:02:13:31 -0500] "HEAD / HTTP/1.1" 200 -
172.22.2.4 - - [02/Feb/2023:02:12:06 -0500] "GET /BLA/boletinlegal/ HTTP/1.1" 200 54816
186.116.221.212 - - [02/Feb/2023:02:14:13 -0500] "GET /secretaria-de-ambiente-suspende-tres-hornos-crematorios-de-bogota-por-contaminacion-del-aire.html HTTP/1.1" 200 927
168.119.252.243 - - [02/Feb/2023:02:15:45 -0500] "GET / HTTP/1.1" 200 319
66.220.149.120 - - [02/Feb/2023:02:17:27 -0500] "GET /images/1%20de%20febrero%20D\xc3\xada%20sin%20carro.jpeg HTTP/1.1" 404 1034
201.245.192.253 - - [02/Feb/2023:02:18:05 -0500] "POST /kwsrmcab/Wsrmcab HTTP/1.1" 200 41260
201.245.192.253 - - [02/Feb/2023:02:18:07 -0500] "POST /kwsrmcab/Wsrmcab HTTP/1.1" 200 42385
201.245.192.253 - - [02/Feb/2023:02:18:14 -0500] "POST /kwsrmcab/Wsrmcab  HTTP/1.1" 200 213
216.245.221.92 - - [02/Feb/2023:02:18:31 -0500] "HEAD / HTTP/1.1" 200 -
172.22.2.4 - - [02/Feb/2023:02:17:06 -0500] "HEAD /BLA/boletinlegal/ HTTP/1.1" 200 -
52.167.144.49 - - [02/Feb/2023:02:18:58 -0500] "GET /catalogoisis/ HTTP/1.1" 200 8575
5.78.64.195 - - [02/Feb/2023:02:19:08 -0500] "GET /wp-login.php HTTP/1.1" 404 1018
172.22.2.4 - - [02/Feb/2023:02:17:56 -0500] "GET /BLA/boletinlegal/ HTTP/1.1" 200 55680
185.119.81.105 - - [02/Feb/2023:02:22:33 -0500] "GET /portaldeninos/wp-login.php HTTP/1.1" 200 2592
185.119.81.105 - - [02/Feb/2023:02:22:34 -0500] "POST /portaldeninos/wp-login.php HTTP/1.1" 200 3650
201.245.192.253 - - [02/Feb/2023:02:23:13 -0500] "POST /kwsrmcab/Wsrmcab  HTTP/1.1" 200 213
216.245.221.92 - - [02/Feb/2023:02:23:31 -0500] "HEAD / HTTP/1.1" 200 -
172.22.2.4 - - [02/Feb/2023:02:22:56 -0500] "HEAD /BLA/boletinlegal/ HTTP/1.1" 200 -
172.22.2.4 - - [02/Feb/2023:02:23:46 -0500] "GET /BLA/boletinlegal/ HTTP/1.1" 200 57192
199.16.157.183 - - [02/Feb/2023:02:26:21 -0500] "GET /images/foto%202.jpg HTTP/1.1" 200 63300
201.245.192.253 - - [02/Feb/2023:02:28:04 -0500] "POST /kwsrmcab/Wsrmcab HTTP/1.1" 200 41260
201.245.192.253 - - [02/Feb/2023:02:28:07 -0500] "POST /kwsrmcab/Wsrmcab HTTP/1.1" 200 42385
201.245.192.253 - - [02/Feb/2023:02:28:12 -0500] "POST /kwsrmcab/Wsrmcab  HTTP/1.1" 200 213
216.245.221.92 - - [02/Feb/2023:02:28:31 -0500] "HEAD / HTTP/1.1" 200 -
173.252.107.118 - - [02/Feb/2023:02:30:13 -0500] "GET /ruta-de-emprendimiento-verde-fortalecera-mas-de-220-proyectos-e-ideas-de-negocio-en-bogota-este-ano.html HTTP/1.1" 206 1048
172.22.2.4 - - [02/Feb/2023:02:28:46 -0500] "HEAD /BLA/boletinlegal/ HTTP/1.1" 200 -
172.22.2.4 - - [02/Feb/2023:02:29:36 -0500] "GET /BLA/boletinlegal/ HTTP/1.1" 200 56474
201.245.192.253 - - [02/Feb/2023:02:33:11 -0500] "POST /kwsrmcab/Wsrmcab  HTTP/1.1" 200 213
216.245.221.92 - - [02/Feb/2023:02:33:31 -0500] "HEAD / HTTP/1.1" 200 -
172.22.2.4 - - [02/Feb/2023:02:34:36 -0500] "HEAD /BLA/boletinlegal/ HTTP/1.1" 200 -
172.22.2.4 - - [02/Feb/2023:02:35:26 -0500] "GET /BLA/boletinlegal/ HTTP/1.1" 200 57192
201.245.192.253 - - [02/Feb/2023:02:38:05 -0500] "POST /kwsrmcab/Wsrmcab HTTP/1.1" 200 41260
201.245.192.253 - - [02/Feb/2023:02:38:07 -0500] "POST /kwsrmcab/Wsrmcab HTTP/1.1" 200 42385
201.245.192.253 - - [02/Feb/2023:02:38:10 -0500] "POST /kwsrmcab/Wsrmcab  HTTP/1.1" 200 213
216.245.221.92 - - [02/Feb/2023:02:38:31 -0500] "HEAD / HTTP/1.1" 200 -
172.22.2.4 - - [02/Feb/2023:02:40:26 -0500] "HEAD /BLA/boletinlegal/ HTTP/1.1" 200 -
172.22.2.4 - - [02/Feb/2023:02:41:16 -0500] "GET /BLA/boletinlegal/ HTTP/1.1" 200 59404
201.245.192.253 - - [02/Feb/2023:02:43:09 -0500] "POST /kwsrmcab/Wsrmcab  HTTP/1.1" 200 213
216.245.221.92 - - [02/Feb/2023:02:43:31 -0500] "HEAD / HTTP/1.1" 200 -
117.93.214.161 - - [02/Feb/2023:02:44:42 -0500] "GET /BLA/resoluciones/RESOLUCIONES%202022/3949.pdf HTTP/1.1" 200 457549
5.78.64.195 - - [02/Feb/2023:02:45:54 -0500] "GET /wp-login.php HTTP/1.1" 404 1018
172.22.2.4 - - [02/Feb/2023:02:46:16 -0500] "HEAD /BLA/boletinlegal/ HTTP/1.1" 200 -
201.245.192.253 - - [02/Feb/2023:02:48:08 -0500] "POST /kwsrmcab/Wsrmcab  HTTP/1.1" 200 213
216.245.221.92 - - [02/Feb/2023:02:48:31 -0500] "HEAD / HTTP/1.1" 200 -
172.22.2.4 - - [02/Feb/2023:02:47:06 -0500] "GET /BLA/boletinlegal/ HTTP/1.1" 200 59404
157.55.39.142 - - [02/Feb/2023:02:49:17 -0500] "GET /forest/ HTTP/1.1" 200 12041
45.238.183.243 - - [02/Feb/2023:02:51:30 -0500] "GET /camino-guadalupe-aguanoso-abierto-este-fin-de-semana-y-cerrado-los-primeros-dias-de-febrero-por-mantenimiento.html HTTP/1.1" 200 804
66.220.149.14 - - [02/Feb/2023:02:51:38 -0500] "GET /images/1%20de%20febrero%20D\xc3\xada%20sin%20carro.jpeg HTTP/1.1" 404 1034
201.245.192.253 - - [02/Feb/2023:02:53:07 -0500] "POST /kwsrmcab/Wsrmcab  HTTP/1.1" 200 213
173.252.107.20 - - [02/Feb/2023:02:53:20 -0500] "GET /camino-guadalupe-aguanoso-abierto-este-fin-de-semana-y-cerrado-los-primeros-dias-de-febrero-por-mantenimiento.html HTTP/1.1" 206 804
216.245.221.92 - - [02/Feb/2023:02:53:31 -0500] "HEAD / HTTP/1.1" 200 -
69.171.251.119 - - [02/Feb/2023:02:53:46 -0500] "GET /images/1%20de%20febrero%20D\xc3\xada%20sin%20carro.jpeg HTTP/1.1" 404 1034
172.22.2.4 - - [02/Feb/2023:02:52:06 -0500] "HEAD /BLA/boletinlegal/ HTTP/1.1" 200 -
172.22.2.4 - - [02/Feb/2023:02:52:56 -0500] "GET /BLA/boletinlegal/ HTTP/1.1" 200 57824
66.220.149.118 - - [02/Feb/2023:02:55:32 -0500] "GET /images/Secretaria%20Urrutia%20evento%20h\xc3\xa1bitat%20Francia%2024%20de%20enero.jpeg HTTP/1.1" 404 1034
173.252.87.7 - - [02/Feb/2023:02:55:33 -0500] "GET /images/Archivo%20pacto%20aire%2023%20enero.jpeg HTTP/1.1" 200 28889
20.191.45.212 - - [02/Feb/2023:02:57:12 -0500] "GET / HTTP/1.1" 200 319
20.191.45.212 - - [02/Feb/2023:02:57:12 -0500] "GET /favicon.ico HTTP/1.1" 200 7782
201.245.192.253 - - [02/Feb/2023:02:58:07 -0500] "POST /kwsrmcab/Wsrmcab  HTTP/1.1" 200 213
216.245.221.92 - - [02/Feb/2023:02:58:31 -0500] "HEAD / HTTP/1.1" 200 -
27.50.90.149 - - [02/Feb/2023:02:59:26 -0500] "POST /portaldeninos/xmlrpc.php HTTP/1.1" 200 415
27.50.90.149 - - [02/Feb/2023:02:59:27 -0500] "POST /portaldeninos/xmlrpc.php HTTP/1.1" 200 415
103.164.34.93 - - [02/Feb/2023:02:59:29 -0500] "POST /portaldeninos/xmlrpc.php HTTP/1.1" 200 415
172.22.2.4 - - [02/Feb/2023:02:57:49 -0500] "GET /BLA/boletinlegal/index.php HTTP/1.1" 200 50495
103.164.34.93 - - [02/Feb/2023:02:59:30 -0500] "POST /portaldeninos/xmlrpc.php HTTP/1.1" 200 415
103.179.190.218 - - [02/Feb/2023:02:59:35 -0500] "POST /portaldeninos/xmlrpc.php HTTP/1.1" 200 415
172.22.2.4 - - [02/Feb/2023:02:57:56 -0500] "HEAD /BLA/boletinlegal/ HTTP/1.1" 200 -
103.179.190.218 - - [02/Feb/2023:02:59:37 -0500] "POST /portaldeninos/xmlrpc.php HTTP/1.1" 200 415
94.199.178.57 - - [02/Feb/2023:02:59:38 -0500] "POST /portaldeninos/xmlrpc.php HTTP/1.1" 200 415
116.203.194.198 - - [02/Feb/2023:02:59:39 -0500] "POST /portaldeninos/xmlrpc.php HTTP/1.1" 200 415
94.199.178.57 - - [02/Feb/2023:02:59:39 -0500] "POST /portaldeninos/xmlrpc.php HTTP/1.1" 200 415
116.203.194.198 - - [02/Feb/2023:02:59:40 -0500] "POST /portaldeninos/xmlrpc.php HTTP/1.1" 200 415
182.50.151.3 - - [02/Feb/2023:02:59:49 -0500] "POST /portaldeninos/xmlrpc.php HTTP/1.1" 200 415
182.50.151.3 - - [02/Feb/2023:02:59:50 -0500] "POST /portaldeninos/xmlrpc.php HTTP/1.1" 200 415
116.203.194.198 - - [02/Feb/2023:02:59:54 -0500] "POST /portaldeninos/xmlrpc.php HTTP/1.1" 200 415
116.203.194.198 - - [02/Feb/2023:02:59:55 -0500] "POST /portaldeninos/xmlrpc.php HTTP/1.1" 200 415
202.210.8.139 - - [02/Feb/2023:03:00:01 -0500] "POST /portaldeninos/xmlrpc.php HTTP/1.1" 200 415
202.210.8.139 - - [02/Feb/2023:03:00:02 -0500] "POST /portaldeninos/xmlrpc.php HTTP/1.1" 200 415
182.50.135.84 - - [02/Feb/2023:03:00:06 -0500] "POST /portaldeninos/xmlrpc.php HTTP/1.1" 200 415
182.50.135.84 - - [02/Feb/2023:03:00:07 -0500] "POST /portaldeninos/xmlrpc.php HTTP/1.1" 200 415
51.68.38.203 - - [02/Feb/2023:03:00:08 -0500] "POST /portaldeninos/xmlrpc.php HTTP/1.1" 200 415
51.68.38.203 - - [02/Feb/2023:03:00:09 -0500] "POST /portaldeninos/xmlrpc.php HTTP/1.1" 200 415
172.22.2.4 - - [02/Feb/2023:02:58:46 -0500] "GET /BLA/boletinlegal/ HTTP/1.1" 200 56474
201.245.192.253 - - [02/Feb/2023:03:03:06 -0500] "POST /kwsrmcab/Wsrmcab  HTTP/1.1" 200 213
216.245.221.92 - - [02/Feb/2023:03:03:31 -0500] "HEAD / HTTP/1.1" 200 -
40.77.167.251 - - [02/Feb/2023:03:05:17 -0500] "GET /sipse/faces/faces/autenticacion.xhtml HTTP/1.1" 200 12493
172.22.2.4 - - [02/Feb/2023:03:03:46 -0500] "HEAD /BLA/boletinlegal/ HTTP/1.1" 200 -
172.22.2.4 - - [02/Feb/2023:03:04:36 -0500] "GET /BLA/boletinlegal/ HTTP/1.1" 200 56474
201.245.192.253 - - [02/Feb/2023:03:08:05 -0500] "POST /kwsrmcab/Wsrmcab  HTTP/1.1" 200 213
216.245.221.92 - - [02/Feb/2023:03:08:31 -0500] "HEAD / HTTP/1.1" 200 -
157.55.39.41 - - [02/Feb/2023:03:08:38 -0500] "GET /participa-en-las-actividades-del-dia-mundial-de-humedales.html HTTP/1.1" 200 874
173.252.79.3 - - [02/Feb/2023:03:08:55 -0500] "GET /images/1%20de%20febrero%20D\xc3\xada%20sin%20carro.jpeg HTTP/1.1" 404 1034
185.119.81.100 - - [02/Feb/2023:03:09:22 -0500] "GET /portaldeninos/wp-login.php HTTP/1.1" 200 2592
185.119.81.100 - - [02/Feb/2023:03:09:23 -0500] "POST /portaldeninos/wp-login.php HTTP/1.1" 200 3650
172.22.2.4 - - [02/Feb/2023:03:09:36 -0500] "HEAD /BLA/boletinlegal/ HTTP/1.1" 200 -
172.22.2.4 - - [02/Feb/2023:03:10:26 -0500] "GET /BLA/boletinlegal/ HTTP/1.1" 200 57192
5.161.50.247 - - [02/Feb/2023:03:12:30 -0500] "GET /wp-login.php HTTP/1.1" 404 1018
185.119.81.100 - - [02/Feb/2023:03:12:52 -0500] "GET /portaldeninos/wp-login.php HTTP/1.1" 200 2592
185.119.81.100 - - [02/Feb/2023:03:12:53 -0500] "POST /portaldeninos/wp-login.php HTTP/1.1" 200 3605
201.245.192.253 - - [02/Feb/2023:03:13:04 -0500] "POST /kwsrmcab/Wsrmcab  HTTP/1.1" 200 213
216.245.221.92 - - [02/Feb/2023:03:13:31 -0500] "HEAD / HTTP/1.1" 200 -
172.22.2.4 - - [02/Feb/2023:03:15:26 -0500] "HEAD /BLA/boletinlegal/ HTTP/1.1" 200 -
172.22.2.4 - - [02/Feb/2023:03:16:16 -0500] "GET /BLA/boletinlegal/ HTTP/1.1" 200 52942
201.245.192.253 - - [02/Feb/2023:03:18:03 -0500] "POST /kwsrmcab/Wsrmcab  HTTP/1.1" 200 213
201.245.192.253 - - [02/Feb/2023:03:18:05 -0500] "POST /kwsrmcab/Wsrmcab HTTP/1.1" 200 39957
201.245.192.253 - - [02/Feb/2023:03:18:07 -0500] "POST /kwsrmcab/Wsrmcab HTTP/1.1" 200 42380
172.22.2.4 - - [02/Feb/2023:03:16:36 -0500] "HEAD /BLA/boletinlegal/ HTTP/1.1" 200 -
216.245.221.92 - - [02/Feb/2023:03:18:31 -0500] "HEAD / HTTP/1.1" 200 -
179.43.177.242 - - [02/Feb/2023:03:18:36 -0500] "POST /boaform/admin/formLogin HTTP/1.1" 404 1186
162.55.175.142 - - [02/Feb/2023:03:18:54 -0500] "GET / HTTP/1.1" 200 319
184.73.126.248 - - [02/Feb/2023:03:21:27 -0500] "GET /BLA/resoluciones/RESOLUCIONES%202022/3955.pdf HTTP/1.1" 200 386011
172.22.2.4 - - [02/Feb/2023:03:21:06 -0500] "GET /BLA/boletinlegal/ HTTP/1.1" 200 36811
172.22.2.4 - - [02/Feb/2023:03:21:16 -0500] "HEAD /BLA/boletinlegal/ HTTP/1.1" 200 -
201.245.192.253 - - [02/Feb/2023:03:23:02 -0500] "POST /kwsrmcab/Wsrmcab  HTTP/1.1" 200 213
216.245.221.92 - - [02/Feb/2023:03:23:30 -0500] "HEAD / HTTP/1.1" 200 -
172.22.2.4 - - [02/Feb/2023:03:22:06 -0500] "GET /BLA/boletinlegal/ HTTP/1.1" 200 49193
18.232.31.206 - - [02/Feb/2023:03:22:08 -0500] "GET /BLA/boletinlegal/index.php HTTP/1.1" 200 49193
31.13.115.13 - - [02/Feb/2023:03:24:56 -0500] "GET /images/IMG_3028%20(1).jpg HTTP/1.1" 200 435206
172.22.2.4 - - [02/Feb/2023:03:25:20 -0500] "GET /BLA/boletinlegal/owa/auth/logon.aspx?url=https%3a%2f%2f1%2fecp%2f HTTP/1.1" 404 1018
201.245.192.253 - - [02/Feb/2023:03:28:01 -0500] "POST /kwsrmcab/Wsrmcab  HTTP/1.1" 200 213
201.245.192.253 - - [02/Feb/2023:03:28:05 -0500] "POST /kwsrmcab/Wsrmcab HTTP/1.1" 200 39957
201.245.192.253 - - [02/Feb/2023:03:28:07 -0500] "POST /kwsrmcab/Wsrmcab HTTP/1.1" 200 42380
66.249.74.146 - - [02/Feb/2023:03:28:36 -0500] "-" 408 -
172.22.2.4 - - [02/Feb/2023:03:27:06 -0500] "HEAD /BLA/boletinlegal/ HTTP/1.1" 200 -
216.245.221.92 - - [02/Feb/2023:03:28:52 -0500] "GET / HTTP/1.1" 200 319
172.22.2.4 - - [02/Feb/2023:03:27:56 -0500] "GET /BLA/boletinlegal/ HTTP/1.1" 200 59404
201.245.192.253 - - [02/Feb/2023:03:33:00 -0500] "POST /kwsrmcab/Wsrmcab  HTTP/1.1" 200 213
216.245.221.92 - - [02/Feb/2023:03:33:52 -0500] "HEAD / HTTP/1.1" 200 -
172.22.2.4 - - [02/Feb/2023:03:32:56 -0500] "HEAD /BLA/boletinlegal/ HTTP/1.1" 200 -
172.22.2.4 - - [02/Feb/2023:03:33:46 -0500] "GET /BLA/boletinlegal/ HTTP/1.1" 200 56825
201.245.192.253 - - [02/Feb/2023:03:37:59 -0500] "POST /kwsrmcab/Wsrmcab  HTTP/1.1" 200 213
201.245.192.253 - - [02/Feb/2023:03:38:05 -0500] "POST /kwsrmcab/Wsrmcab HTTP/1.1" 200 39957
201.245.192.253 - - [02/Feb/2023:03:38:07 -0500] "POST /kwsrmcab/Wsrmcab HTTP/1.1" 200 42380
66.220.149.12 - - [02/Feb/2023:03:38:45 -0500] "GET /images/1%20de%20febrero%20D\xc3\xada%20sin%20carro.jpeg HTTP/1.1" 404 1034
216.245.221.92 - - [02/Feb/2023:03:38:52 -0500] "HEAD / HTTP/1.1" 200 -
47.251.11.3 - - [02/Feb/2023:03:39:00 -0500] "GET / HTTP/1.1" 200 319
47.251.11.3 - - [02/Feb/2023:03:39:00 -0500] "GET /Public/home/js/check.js HTTP/1.1" 404 1018
47.254.16.187 - - [02/Feb/2023:03:39:01 -0500] "GET /static/admin/javascript/hetong.js HTTP/1.1" 404 1018
101.199.254.234 - - [02/Feb/2023:03:39:03 -0500] "GET / HTTP/1.1" 200 319
47.88.93.234 - - [02/Feb/2023:03:39:05 -0500] "GET /favicon.ico HTTP/1.1" 200 7782
5.161.189.7 - - [02/Feb/2023:03:39:37 -0500] "GET /wp-login.php HTTP/1.1" 404 1018
172.22.2.4 - - [02/Feb/2023:03:38:46 -0500] "HEAD /BLA/boletinlegal/ HTTP/1.1" 200 -
172.22.2.4 - - [02/Feb/2023:03:39:36 -0500] "GET /BLA/boletinlegal/ HTTP/1.1" 200 59404
201.245.192.253 - - [02/Feb/2023:03:42:57 -0500] "POST /kwsrmcab/Wsrmcab  HTTP/1.1" 200 213
216.245.221.92 - - [02/Feb/2023:03:43:52 -0500] "HEAD / HTTP/1.1" 200 -
173.252.107.23 - - [02/Feb/2023:03:45:18 -0500] "GET /images/1%20de%20febrero%20D\xc3\xada%20sin%20carro.jpeg HTTP/1.1" 404 1034
172.22.2.4 - - [02/Feb/2023:03:44:36 -0500] "HEAD /BLA/boletinlegal/ HTTP/1.1" 200 -
172.22.2.4 - - [02/Feb/2023:03:45:26 -0500] "GET /BLA/boletinlegal/ HTTP/1.1" 200 57824
201.245.192.253 - - [02/Feb/2023:03:47:57 -0500] "POST /kwsrmcab/Wsrmcab  HTTP/1.1" 200 213
18.232.31.206 - - [02/Feb/2023:03:48:33 -0500] "-" 408 -
216.245.221.92 - - [02/Feb/2023:03:48:51 -0500] "HEAD / HTTP/1.1" 200 -
152.203.209.184 - - [02/Feb/2023:03:49:43 -0500] "GET /sipse/faces/faces/index.xhtml HTTP/1.1" 200 677
152.203.209.184 - - [02/Feb/2023:03:49:43 -0500] "GET /sipse/faces/javax.faces.resource/theme.css?ln=primefaces-sipse HTTP/1.1" 304 -
152.203.209.184 - - [02/Feb/2023:03:49:43 -0500] "GET /sipse/faces/faces/faces/autenticacion.xhtml HTTP/1.1" 200 12171
152.203.209.184 - - [02/Feb/2023:03:49:44 -0500] "GET /sipse/faces/javax.faces.resource/theme.css?ln=primefaces-sipse HTTP/1.1" 304 -
152.203.209.184 - - [02/Feb/2023:03:49:44 -0500] "GET /sipse/js/funciones.js HTTP/1.1" 304 -
152.203.209.184 - - [02/Feb/2023:03:49:44 -0500] "GET /sipse/faces/javax.faces.resource/layout/layout.js?ln=primefaces&v=4.0 HTTP/1.1" 304 -
152.203.209.184 - - [02/Feb/2023:03:49:44 -0500] "GET /sipse/css/custom_css_sg.css HTTP/1.1" 304 -
152.203.209.184 - - [02/Feb/2023:03:49:44 -0500] "GET /sipse/faces/javax.faces.resource/primefaces.css?ln=primefaces&v=4.0 HTTP/1.1" 304 -
152.203.209.184 - - [02/Feb/2023:03:49:44 -0500] "GET /sipse/faces/javax.faces.resource/layout/layout.css?ln=primefaces&v=4.0 HTTP/1.1" 304 -
152.203.209.184 - - [02/Feb/2023:03:49:44 -0500] "GET /sipse/js/disable_browser_buttons.js HTTP/1.1" 304 -
152.203.209.184 - - [02/Feb/2023:03:49:44 -0500] "GET /sipse/faces/javax.faces.resource/jquery/jquery.js?ln=primefaces&v=4.0 HTTP/1.1" 304 -
152.203.209.184 - - [02/Feb/2023:03:49:44 -0500] "GET /sipse/css/custom_css_sg_prime_login.css HTTP/1.1" 304 -
152.203.209.184 - - [02/Feb/2023:03:49:44 -0500] "GET /sipse/faces/javax.faces.resource/jquery/jquery-plugins.js?ln=primefaces&v=4.0 HTTP/1.1" 304 -
152.203.209.184 - - [02/Feb/2023:03:49:44 -0500] "GET /sipse/faces/javax.faces.resource/primefaces.js?ln=primefaces&v=4.0 HTTP/1.1" 304 -
152.203.209.184 - - [02/Feb/2023:03:49:44 -0500] "GET /sipse/css/imagen/logoSDG.png HTTP/1.1" 304 -
152.203.209.184 - - [02/Feb/2023:03:49:44 -0500] "GET /sipse/css/imagen/loginimg.png HTTP/1.1" 304 -
152.203.209.184 - - [02/Feb/2023:03:49:44 -0500] "GET /sipse/faces/javax.faces.resource/images/ui-icons_898989_256x240.png?ln=primefaces-aristo HTTP/1.1" 304 -
152.203.209.184 - - [02/Feb/2023:03:49:50 -0500] "POST /sipse/faces/autenticacion.xhtml HTTP/1.1" 200 2220
152.203.209.184 - - [02/Feb/2023:03:49:50 -0500] "GET /sipse/faces/javax.faces.resource/messages/messages.png?ln=primefaces&v=4.0 HTTP/1.1" 304 -
152.203.209.184 - - [02/Feb/2023:03:49:53 -0500] "GET /sipse/faces/javax.faces.resource/images/ui-icons_898989_256x240.png?ln=primefaces-aristo HTTP/1.1" 304 -
152.203.209.184 - - [02/Feb/2023:03:49:53 -0500] "POST /sipse/faces/autenticacion.xhtml HTTP/1.1" 200 16255
152.203.209.184 - - [02/Feb/2023:03:49:53 -0500] "GET /sipse/faces/javax.faces.resource/primefaces.css?ln=primefaces&v=4.0 HTTP/1.1" 304 -
152.203.209.184 - - [02/Feb/2023:03:49:53 -0500] "GET /sipse/css/custom_css_sg_prime.css HTTP/1.1" 304 -
152.203.209.184 - - [02/Feb/2023:03:49:53 -0500] "GET /sipse/faces/javax.faces.resource/layout/layout.css?ln=primefaces&v=4.0 HTTP/1.1" 304 -
152.203.209.184 - - [02/Feb/2023:03:49:53 -0500] "GET /sipse/faces/javax.faces.resource/theme.css?ln=primefaces-sipse HTTP/1.1" 304 -
152.203.209.184 - - [02/Feb/2023:03:49:53 -0500] "GET /sipse/js/jquery.min.js HTTP/1.1" 304 -
152.203.209.184 - - [02/Feb/2023:03:49:53 -0500] "GET /sipse/faces/javax.faces.resource/jquery/jquery.js?ln=primefaces&v=4.0 HTTP/1.1" 304 -
152.203.209.184 - - [02/Feb/2023:03:49:53 -0500] "GET /sipse/faces/javax.faces.resource/jquery/jquery-plugins.js?ln=primefaces&v=4.0 HTTP/1.1" 304 -
152.203.209.184 - - [02/Feb/2023:03:49:54 -0500] "GET /sipse/faces/javax.faces.resource/primefaces.js?ln=primefaces&v=4.0 HTTP/1.1" 304 -
152.203.209.184 - - [02/Feb/2023:03:49:54 -0500] "GET /sipse/faces/javax.faces.resource/layout/layout.js?ln=primefaces&v=4.0 HTTP/1.1" 304 -
152.203.209.184 - - [02/Feb/2023:03:49:54 -0500] "GET /sipse/imagenes/cargando.gif HTTP/1.1" 304 -
152.203.209.184 - - [02/Feb/2023:03:49:54 -0500] "GET /sipse/faces/javax.faces.resource/images/ui-icons_898989_256x240.png?ln=primefaces-aristo HTTP/1.1" 304 -
152.203.209.184 - - [02/Feb/2023:03:49:54 -0500] "GET /sipse/imagenes/logoAplicacion.jpg HTTP/1.1" 304 -
152.203.209.184 - - [02/Feb/2023:03:49:54 -0500] "GET /sipse/css/imagen/contrasena.png HTTP/1.1" 304 -
152.203.209.184 - - [02/Feb/2023:03:50:00 -0500] "GET /sipse/faces/javax.faces.resource/images/ui-bg_flat_0_2d5972_40x100.png?ln=primefaces-aristo HTTP/1.1" 304 -
152.203.209.184 - - [02/Feb/2023:03:50:00 -0500] "POST /sipse/faces/bienvenido.xhtml HTTP/1.1" 200 2658
152.203.209.184 - - [02/Feb/2023:03:50:02 -0500] "POST /sipse/faces/bienvenido.xhtml HTTP/1.1" 200 65678
152.203.209.184 - - [02/Feb/2023:03:50:04 -0500] "GET /sipse/faces/javax.faces.resource/theme.css?ln=primefaces-sipse HTTP/1.1" 304 -
152.203.209.184 - - [02/Feb/2023:03:50:04 -0500] "GET /sipse/faces/javax.faces.resource/primefaces.css?ln=primefaces&v=4.0 HTTP/1.1" 304 -
152.203.209.184 - - [02/Feb/2023:03:50:04 -0500] "GET /sipse/faces/javax.faces.resource/layout/layout.css?ln=primefaces&v=4.0 HTTP/1.1" 304 -
152.203.209.184 - - [02/Feb/2023:03:50:04 -0500] "GET /sipse/faces/javax.faces.resource/jquery/jquery.js?ln=primefaces&v=4.0 HTTP/1.1" 304 -
152.203.209.184 - - [02/Feb/2023:03:50:04 -0500] "GET /sipse/faces/javax.faces.resource/jquery/jquery-plugins.js?ln=primefaces&v=4.0 HTTP/1.1" 304 -
152.203.209.184 - - [02/Feb/2023:03:50:04 -0500] "GET /sipse/faces/javax.faces.resource/primefaces.js?ln=primefaces&v=4.0 HTTP/1.1" 304 -
152.203.209.184 - - [02/Feb/2023:03:50:04 -0500] "GET /sipse/faces/javax.faces.resource/layout/layout.js?ln=primefaces&v=4.0 HTTP/1.1" 304 -
152.203.209.184 - - [02/Feb/2023:03:50:04 -0500] "GET /sipse/faces/javax.faces.resource/images/ui-icons_898989_256x240.png?ln=primefaces-aristo HTTP/1.1" 304 -
152.203.209.184 - - [02/Feb/2023:03:50:04 -0500] "POST /sipse/faces/presentacion/financiero/solicitudProceso/listarSolicitudProceso.xhtml HTTP/1.1" 200 1552
152.203.209.184 - - [02/Feb/2023:03:50:20 -0500] "POST /sipse/faces/presentacion/financiero/solicitudProceso/listarSolicitudProceso.xhtml HTTP/1.1" 200 43672
152.203.209.184 - - [02/Feb/2023:03:50:20 -0500] "POST /sipse/faces/presentacion/financiero/solicitudProceso/listarSolicitudProceso.xhtml HTTP/1.1" 200 43668
152.203.209.184 - - [02/Feb/2023:03:50:21 -0500] "POST /sipse/faces/presentacion/financiero/solicitudProceso/listarSolicitudProceso.xhtml HTTP/1.1" 200 43856
152.203.209.184 - - [02/Feb/2023:03:50:23 -0500] "POST /sipse/faces/presentacion/financiero/solicitudProceso/listarSolicitudProceso.xhtml HTTP/1.1" 200 16493
152.203.209.184 - - [02/Feb/2023:03:50:29 -0500] "POST /sipse/faces/presentacion/financiero/solicitudProceso/listarSolicitudProceso.xhtml HTTP/1.1" 200 37718
152.203.209.184 - - [02/Feb/2023:03:50:30 -0500] "POST /sipse/faces/presentacion/financiero/solicitudProceso/listarSolicitudProceso.xhtml HTTP/1.1" 200 43844
152.203.209.184 - - [02/Feb/2023:03:50:31 -0500] "POST /sipse/faces/presentacion/financiero/solicitudProceso/listarSolicitudProceso.xhtml HTTP/1.1" 200 43856
152.203.209.184 - - [02/Feb/2023:03:50:32 -0500] "POST /sipse/faces/presentacion/financiero/solicitudProceso/listarSolicitudProceso.xhtml HTTP/1.1" 200 43668
152.203.209.184 - - [02/Feb/2023:03:50:34 -0500] "POST /sipse/faces/presentacion/financiero/solicitudProceso/listarSolicitudProceso.xhtml HTTP/1.1" 200 43542
152.203.209.184 - - [02/Feb/2023:03:50:41 -0500] "POST /sipse/faces/presentacion/financiero/solicitudProceso/listarSolicitudProceso.xhtml HTTP/1.1" 200 25474
152.203.209.184 - - [02/Feb/2023:03:51:16 -0500] "POST /sipse/faces/presentacion/financiero/solicitudProceso/listarSolicitudProceso.xhtml HTTP/1.1" 200 43656
172.22.2.4 - - [02/Feb/2023:03:50:26 -0500] "HEAD /BLA/boletinlegal/ HTTP/1.1" 200 -
172.22.2.4 - - [02/Feb/2023:03:51:16 -0500] "GET /BLA/boletinlegal/ HTTP/1.1" 200 59404
201.245.192.253 - - [02/Feb/2023:03:52:56 -0500] "POST /kwsrmcab/Wsrmcab  HTTP/1.1" 200 213
216.245.221.92 - - [02/Feb/2023:03:53:52 -0500] "HEAD / HTTP/1.1" 200 -
172.22.2.4 - - [02/Feb/2023:03:54:25 -0500] "GET /BLA/boletinlegal/actos.php HTTP/1.1" 200 9606
172.22.2.4 - - [02/Feb/2023:03:54:25 -0500] "GET /BLA/boletinlegal/js/ajax_actos.js HTTP/1.1" 200 1322
172.22.2.4 - - [02/Feb/2023:03:54:25 -0500] "GET /BLA/boletinlegal/styles2.css HTTP/1.1" 200 1838
172.22.2.4 - - [02/Feb/2023:03:54:25 -0500] "GET /BLA/boletinlegal/niceforms-default.css HTTP/1.1" 200 6694
172.22.2.4 - - [02/Feb/2023:03:54:25 -0500] "GET /BLA/boletinlegal/style.css HTTP/1.1" 200 9406
172.22.2.4 - - [02/Feb/2023:03:54:25 -0500] "GET /BLA/boletinlegal/niceforms.js HTTP/1.1" 200 22876
172.22.2.4 - - [02/Feb/2023:03:54:25 -0500] "GET /BLA/boletinlegal/js/jquery1.js HTTP/1.1" 200 29846
172.22.2.4 - - [02/Feb/2023:03:54:25 -0500] "GET /BLA/boletinlegal/js/popup.js HTTP/1.1" 200 1270
172.22.2.4 - - [02/Feb/2023:03:54:25 -0500] "GET /BLA/boletinlegal/js/lib.js HTTP/1.1" 200 6474
172.22.2.4 - - [02/Feb/2023:03:54:25 -0500] "GET /BLA/boletinlegal/images/subscribe-icon-big.png HTTP/1.1" 200 47702
172.22.2.4 - - [02/Feb/2023:03:54:25 -0500] "GET /BLA/boletinlegal/images/registro-usuarios.png HTTP/1.1" 200 8106
172.22.2.4 - - [02/Feb/2023:03:54:25 -0500] "GET /BLA/boletinlegal/images/cabezote%20BLEGAL.jpg HTTP/1.1" 200 118164
172.22.2.4 - - [02/Feb/2023:03:54:25 -0500] "GET /BLA/boletinlegal/images/historia.png HTTP/1.1" 200 52775
172.22.2.4 - - [02/Feb/2023:03:54:25 -0500] "GET /BLA/boletinlegal/images/green-yellow-blue-pink-th.png HTTP/1.1" 200 7394
172.22.2.4 - - [02/Feb/2023:03:54:25 -0500] "GET /BLA/boletinlegal/images/tel.png HTTP/1.1" 200 14477
172.22.2.4 - - [02/Feb/2023:03:54:25 -0500] "GET /BLA/boletinlegal/images/icono-email.png HTTP/1.1" 200 5544
172.22.2.4 - - [02/Feb/2023:03:54:25 -0500] "GET /BLA/boletinlegal/images/body_bg.jpg HTTP/1.1" 200 1601
172.22.2.4 - - [02/Feb/2023:03:54:25 -0500] "GET /BLA/boletinlegal/images/menu_lft.gif HTTP/1.1" 200 1713
172.22.2.4 - - [02/Feb/2023:03:54:25 -0500] "GET /BLA/boletinlegal/images/menu_rght.gif HTTP/1.1" 200 1627
172.22.2.4 - - [02/Feb/2023:03:54:25 -0500] "GET /BLA/boletinlegal/images/bg_top.jpg HTTP/1.1" 200 522
172.22.2.4 - - [02/Feb/2023:03:54:25 -0500] "GET /BLA/boletinlegal/images/menu_bg.jpg HTTP/1.1" 200 620
172.22.2.4 - - [02/Feb/2023:03:54:25 -0500] "GET /BLA/boletinlegal/images/hover.jpg HTTP/1.1" 200 640
172.22.2.4 - - [02/Feb/2023:03:54:25 -0500] "GET /BLA/boletinlegal/images/text.jpg HTTP/1.1" 200 568
172.22.2.4 - - [02/Feb/2023:03:54:25 -0500] "GET /BLA/boletinlegal/images/footer_bg.jpg HTTP/1.1" 200 586
172.22.2.4 - - [02/Feb/2023:03:54:25 -0500] "GET /BLA/boletinlegal/images/footer_bg_l.jpg HTTP/1.1" 200 776
172.22.2.4 - - [02/Feb/2023:03:54:25 -0500] "GET /BLA/boletinlegal/img/button-left.png HTTP/1.1" 200 57071
172.22.2.4 - - [02/Feb/2023:03:54:25 -0500] "GET /BLA/boletinlegal/favicon.ico HTTP/1.1" 404 1326
172.22.2.4 - - [02/Feb/2023:03:54:25 -0500] "GET /BLA/boletinlegal/img/select-left.png HTTP/1.1" 200 263
172.22.2.4 - - [02/Feb/2023:03:54:25 -0500] "GET /BLA/boletinlegal/img/0.png HTTP/1.1" 200 110
172.22.2.4 - - [02/Feb/2023:03:54:25 -0500] "GET /BLA/boletinlegal/img/button-right.png HTTP/1.1" 200 57878
172.22.2.4 - - [02/Feb/2023:03:54:25 -0500] "GET /BLA/boletinlegal/img/button.png HTTP/1.1" 200 43241
172.22.2.4 - - [02/Feb/2023:03:54:25 -0500] "GET /BLA/boletinlegal/img/select-right.png HTTP/1.1" 200 44019
190.0.241.186 - - [02/Feb/2023:03:54:28 -0500] "GET /BLA/resoluciones/ HTTP/1.1" 200 13502
190.0.241.186 - - [02/Feb/2023:03:54:28 -0500] "GET /BLA/resoluciones/dlf/styles.css HTTP/1.1" 200 3049
190.0.241.186 - - [02/Feb/2023:03:54:28 -0500] "GET /BLA/resoluciones/dlf/folder.png HTTP/1.1" 200 410
190.0.241.186 - - [02/Feb/2023:03:54:28 -0500] "GET /BLA/resoluciones/dlf/bg.gif HTTP/1.1" 200 54
190.0.241.186 - - [02/Feb/2023:03:54:28 -0500] "GET /favicon.ico HTTP/1.1" 200 7782
190.0.241.186 - - [02/Feb/2023:03:54:31 -0500] "GET /BLA/resoluciones/dlf/dirup.png HTTP/1.1" 200 644
190.0.241.186 - - [02/Feb/2023:03:54:31 -0500] "GET /BLA/resoluciones/dlf/pdf.gif HTTP/1.1" 200 272
190.0.241.186 - - [02/Feb/2023:03:54:30 -0500] "GET /BLA/resoluciones/index.php?dir=RESOLUCIONES+2017%2F HTTP/1.1" 200 285467
116.203.250.97 - - [02/Feb/2023:03:57:49 -0500] "GET / HTTP/1.1" 200 319
172.22.2.4 - - [02/Feb/2023:03:56:16 -0500] "HEAD /BLA/boletinlegal/ HTTP/1.1" 200 -
201.245.192.253 - - [02/Feb/2023:03:57:55 -0500] "POST /kwsrmcab/Wsrmcab  HTTP/1.1" 200 213
172.22.2.4 - - [02/Feb/2023:03:57:06 -0500] "GET /BLA/boletinlegal/ HTTP/1.1" 200 57192
216.245.221.92 - - [02/Feb/2023:03:58:52 -0500] "HEAD / HTTP/1.1" 200 -
66.220.149.120 - - [02/Feb/2023:03:58:57 -0500] "GET /images/1%20de%20febrero%20D\xc3\xada%20sin%20carro.jpeg HTTP/1.1" 404 1034
172.22.2.4 - - [02/Feb/2023:03:59:24 -0500] "HEAD /BLA/boletinlegal/actos.php HTTP/1.1" 200 -
40.77.167.251 - - [02/Feb/2023:04:01:02 -0500] "GET /appsia/controlador HTTP/1.1" 200 4799
190.25.37.141 - - [02/Feb/2023:04:02:36 -0500] "GET /sipse/faces/index.xhtml HTTP/1.1" 200 677
190.25.37.141 - - [02/Feb/2023:04:02:36 -0500] "GET /sipse/faces/javax.faces.resource/theme.css?ln=primefaces-sipse HTTP/1.1" 200 50058
190.25.37.141 - - [02/Feb/2023:04:02:37 -0500] "GET /favicon.ico HTTP/1.1" 200 7782
190.25.37.141 - - [02/Feb/2023:04:02:44 -0500] "GET /sipse/faces/index.xhtml HTTP/1.1" 200 677
190.25.37.141 - - [02/Feb/2023:04:02:44 -0500] "GET /sipse/faces/javax.faces.resource/theme.css?ln=primefaces-sipse HTTP/1.1" 304 -
190.25.37.141 - - [02/Feb/2023:04:02:55 -0500] "GET /sipse/faces/index.xhtml HTTP/1.1" 200 677
190.25.37.141 - - [02/Feb/2023:04:02:55 -0500] "GET /sipse/faces/javax.faces.resource/theme.css?ln=primefaces-sipse HTTP/1.1" 304 -
190.25.37.141 - - [02/Feb/2023:04:02:55 -0500] "GET /sipse/faces/faces/autenticacion.xhtml HTTP/1.1" 200 12171
190.25.37.141 - - [02/Feb/2023:04:02:55 -0500] "GET /sipse/js/disable_browser_buttons.js HTTP/1.1" 200 3230
190.25.37.141 - - [02/Feb/2023:04:02:55 -0500] "GET /sipse/js/funciones.js HTTP/1.1" 200 12592
190.25.37.141 - - [02/Feb/2023:04:02:55 -0500] "GET /sipse/css/custom_css_sg.css HTTP/1.1" 200 9694
190.25.37.141 - - [02/Feb/2023:04:02:55 -0500] "GET /sipse/css/custom_css_sg_prime_login.css HTTP/1.1" 200 443
190.25.37.141 - - [02/Feb/2023:04:02:55 -0500] "GET /sipse/faces/javax.faces.resource/theme.css?ln=primefaces-sipse HTTP/1.1" 304 -
190.25.37.141 - - [02/Feb/2023:04:02:55 -0500] "GET /sipse/faces/javax.faces.resource/layout/layout.css?ln=primefaces&v=4.0 HTTP/1.1" 200 542
190.25.37.141 - - [02/Feb/2023:04:02:55 -0500] "GET /sipse/faces/javax.faces.resource/primefaces.css?ln=primefaces&v=4.0 HTTP/1.1" 200 53295
190.25.37.141 - - [02/Feb/2023:04:02:55 -0500] "GET /sipse/faces/javax.faces.resource/jquery/jquery.js?ln=primefaces&v=4.0 HTTP/1.1" 200 105384
190.25.37.141 - - [02/Feb/2023:04:02:55 -0500] "GET /sipse/faces/javax.faces.resource/primefaces.js?ln=primefaces&v=4.0 HTTP/1.1" 200 276924
190.25.37.141 - - [02/Feb/2023:04:02:55 -0500] "GET /sipse/faces/javax.faces.resource/jquery/jquery-plugins.js?ln=primefaces&v=4.0 HTTP/1.1" 200 220526
190.25.37.141 - - [02/Feb/2023:04:02:55 -0500] "GET /sipse/faces/javax.faces.resource/layout/layout.js?ln=primefaces&v=4.0 HTTP/1.1" 200 87560
190.25.37.141 - - [02/Feb/2023:04:02:55 -0500] "GET /sipse/faces/javax.faces.resource/images/ui-icons_898989_256x240.png?ln=primefaces-aristo HTTP/1.1" 200 5355
190.25.37.141 - - [02/Feb/2023:04:02:55 -0500] "GET /sipse/css/imagen/logoSDG.png HTTP/1.1" 200 53064
190.25.37.141 - - [02/Feb/2023:04:02:55 -0500] "GET /sipse/css/imagen/loginimg.png HTTP/1.1" 200 71635
201.245.192.253 - - [02/Feb/2023:04:02:55 -0500] "POST /kwsrmcab/Wsrmcab  HTTP/1.1" 200 213
172.22.2.4 - - [02/Feb/2023:04:02:06 -0500] "HEAD /BLA/boletinlegal/ HTTP/1.1" 200 -
216.245.221.92 - - [02/Feb/2023:04:03:51 -0500] "HEAD / HTTP/1.1" 200 -
31.13.103.119 - - [02/Feb/2023:04:03:53 -0500] "GET /images/1%20de%20febrero%20Humedal%20El%20Tunjo.jpeg HTTP/1.1" 200 52973
31.13.115.15 - - [02/Feb/2023:04:03:53 -0500] "GET /images/1%20de%20febrero%20D\xc3\xada%20sin%20carro.jpeg HTTP/1.1" 404 1034
172.22.2.4 - - [02/Feb/2023:04:02:56 -0500] "GET /BLA/boletinlegal/ HTTP/1.1" 200 57192
5.78.64.195 - - [02/Feb/2023:04:06:42 -0500] "GET /wp-login.php HTTP/1.1" 404 1018
201.245.192.253 - - [02/Feb/2023:04:07:54 -0500] "POST /kwsrmcab/Wsrmcab  HTTP/1.1" 200 213
216.245.221.92 - - [02/Feb/2023:04:08:51 -0500] "HEAD / HTTP/1.1" 200 -
172.22.2.4 - - [02/Feb/2023:04:07:56 -0500] "HEAD /BLA/boletinlegal/ HTTP/1.1" 200 -
172.22.2.4 - - [02/Feb/2023:04:08:46 -0500] "GET /BLA/boletinlegal/ HTTP/1.1" 200 57824
201.245.192.253 - - [02/Feb/2023:04:12:53 -0500] "POST /kwsrmcab/Wsrmcab  HTTP/1.1" 200 213
185.119.81.97 - - [02/Feb/2023:04:13:09 -0500] "GET /portaldeninos/wp-login.php HTTP/1.1" 200 2592
185.119.81.97 - - [02/Feb/2023:04:13:10 -0500] "POST /portaldeninos/wp-login.php HTTP/1.1" 200 3670
216.245.221.92 - - [02/Feb/2023:04:13:51 -0500] "HEAD / HTTP/1.1" 200 -
167.94.138.47 - - [02/Feb/2023:04:14:25 -0500] "GET / HTTP/1.1" 200 319
167.94.138.47 - - [02/Feb/2023:04:14:26 -0500] "GET / HTTP/1.1" 200 319
167.94.138.47 - - [02/Feb/2023:04:14:26 -0500] "PRI * HTTP/2.0" 400 946
167.94.138.47 - - [02/Feb/2023:04:14:26 -0500] "GET /favicon.ico HTTP/1.1" 200 7782
172.22.2.4 - - [02/Feb/2023:04:13:46 -0500] "HEAD /BLA/boletinlegal/ HTTP/1.1" 200 -
172.22.2.4 - - [02/Feb/2023:04:14:36 -0500] "GET /BLA/boletinlegal/ HTTP/1.1" 200 57192
201.245.192.253 - - [02/Feb/2023:04:17:53 -0500] "POST /kwsrmcab/Wsrmcab  HTTP/1.1" 200 213
201.245.192.253 - - [02/Feb/2023:04:18:04 -0500] "POST /kwsrmcab/Wsrmcab HTTP/1.1" 200 40106
201.245.192.253 - - [02/Feb/2023:04:18:07 -0500] "POST /kwsrmcab/Wsrmcab HTTP/1.1" 200 42369
216.245.221.92 - - [02/Feb/2023:04:18:51 -0500] "HEAD / HTTP/1.1" 200 -
172.22.2.4 - - [02/Feb/2023:04:19:35 -0500] "HEAD /BLA/boletinlegal/ HTTP/1.1" 200 -
172.22.2.4 - - [02/Feb/2023:04:20:26 -0500] "GET /BLA/boletinlegal/ HTTP/1.1" 200 59404
64.124.8.41 - - [02/Feb/2023:04:22:34 -0500] "GET /portaldeninos/aula-ambiental-artistica-itinerante-auambari/ HTTP/1.1" 200 89306
201.245.192.253 - - [02/Feb/2023:04:22:52 -0500] "POST /kwsrmcab/Wsrmcab  HTTP/1.1" 200 213
216.245.221.92 - - [02/Feb/2023:04:23:51 -0500] "HEAD / HTTP/1.1" 200 -
194.87.151.116 - - [02/Feb/2023:04:24:45 -0500] "POST /boaform/admin/formLogin HTTP/1.1" 404 1186
172.22.2.4 - - [02/Feb/2023:04:25:26 -0500] "HEAD /BLA/boletinlegal/ HTTP/1.1" 200 -
201.245.192.253 - - [02/Feb/2023:04:27:51 -0500] "POST /kwsrmcab/Wsrmcab  HTTP/1.1" 200 213
172.22.2.4 - - [02/Feb/2023:04:26:16 -0500] "GET /BLA/boletinlegal/ HTTP/1.1" 200 56079
201.245.192.253 - - [02/Feb/2023:04:28:04 -0500] "POST /kwsrmcab/Wsrmcab HTTP/1.1" 200 40106
201.245.192.253 - - [02/Feb/2023:04:28:07 -0500] "POST /kwsrmcab/Wsrmcab HTTP/1.1" 200 42369
216.245.221.92 - - [02/Feb/2023:04:28:51 -0500] "HEAD / HTTP/1.1" 200 -
179.43.177.242 - - [02/Feb/2023:04:30:07 -0500] "GET / HTTP/1.1" 200 319
172.22.2.4 - - [02/Feb/2023:04:30:46 -0500] "GET /BLA/boletinlegal/autodiscover/autodiscover.json?@zdi/Powershell HTTP/1.1" 404 1018
201.245.192.253 - - [02/Feb/2023:04:32:49 -0500] "POST /kwsrmcab/Wsrmcab  HTTP/1.1" 200 213
172.22.2.4 - - [02/Feb/2023:04:31:15 -0500] "HEAD /BLA/boletinlegal/ HTTP/1.1" 200 -
66.220.149.16 - - [02/Feb/2023:04:33:17 -0500] "GET /images/1%20de%20febrero%20D\xc3\xada%20sin%20carro.jpeg HTTP/1.1" 404 1034
5.161.189.9 - - [02/Feb/2023:04:33:39 -0500] "GET /wp-login.php HTTP/1.1" 404 1018
172.22.2.4 - - [02/Feb/2023:04:32:06 -0500] "GET /BLA/boletinlegal/ HTTP/1.1" 200 55680
216.245.221.92 - - [02/Feb/2023:04:33:51 -0500] "HEAD / HTTP/1.1" 200 -
5.58.203.92 - - [02/Feb/2023:04:34:31 -0500] "GET / HTTP/1.1" 200 319
201.245.192.253 - - [02/Feb/2023:04:37:48 -0500] "POST /kwsrmcab/Wsrmcab  HTTP/1.1" 200 213
201.245.192.253 - - [02/Feb/2023:04:38:04 -0500] "POST /kwsrmcab/Wsrmcab HTTP/1.1" 200 40106
201.245.192.253 - - [02/Feb/2023:04:38:07 -0500] "POST /kwsrmcab/Wsrmcab HTTP/1.1" 200 42369
172.22.2.4 - - [02/Feb/2023:04:37:05 -0500] "HEAD /BLA/boletinlegal/ HTTP/1.1" 200 -
216.245.221.92 - - [02/Feb/2023:04:38:51 -0500] "HEAD / HTTP/1.1" 200 -
172.22.2.4 - - [02/Feb/2023:04:37:56 -0500] "GET /BLA/boletinlegal/ HTTP/1.1" 200 57192
66.220.149.116 - - [02/Feb/2023:04:41:00 -0500] "GET /images/1%20de%20febrero%20D\xc3\xada%20sin%20carro.jpeg HTTP/1.1" 404 1034
168.119.61.24 - - [02/Feb/2023:04:42:36 -0500] "GET / HTTP/1.1" 200 319
201.245.192.253 - - [02/Feb/2023:04:42:47 -0500] "POST /kwsrmcab/Wsrmcab  HTTP/1.1" 200 213
66.220.149.9 - - [02/Feb/2023:04:43:12 -0500] "GET /images/1%20de%20febrero%20D\xc3\xada%20sin%20carro.jpeg HTTP/1.1" 404 1034
216.245.221.92 - - [02/Feb/2023:04:43:51 -0500] "HEAD / HTTP/1.1" 200 -
181.50.142.205 - - [02/Feb/2023:04:44:13 -0500] "GET /sipse/faces/index.xhtml HTTP/1.1" 200 677
181.50.142.205 - - [02/Feb/2023:04:44:13 -0500] "GET /sipse/faces/javax.faces.resource/theme.css?ln=primefaces-sipse HTTP/1.1" 304 -
181.50.142.205 - - [02/Feb/2023:04:44:13 -0500] "GET /sipse/faces/faces/autenticacion.xhtml HTTP/1.1" 200 12171
181.50.142.205 - - [02/Feb/2023:04:44:14 -0500] "GET /sipse/faces/javax.faces.resource/theme.css?ln=primefaces-sipse HTTP/1.1" 304 -
181.50.142.205 - - [02/Feb/2023:04:44:14 -0500] "GET /sipse/css/custom_css_sg_prime_login.css HTTP/1.1" 304 -
181.50.142.205 - - [02/Feb/2023:04:44:14 -0500] "GET /sipse/css/custom_css_sg.css HTTP/1.1" 304 -
181.50.142.205 - - [02/Feb/2023:04:44:14 -0500] "GET /sipse/js/disable_browser_buttons.js HTTP/1.1" 200 3230
181.50.142.205 - - [02/Feb/2023:04:44:14 -0500] "GET /sipse/faces/javax.faces.resource/layout/layout.css?ln=primefaces&v=4.0 HTTP/1.1" 304 -
181.50.142.205 - - [02/Feb/2023:04:44:14 -0500] "GET /sipse/js/funciones.js HTTP/1.1" 200 12592
181.50.142.205 - - [02/Feb/2023:04:44:14 -0500] "GET /sipse/faces/javax.faces.resource/primefaces.css?ln=primefaces&v=4.0 HTTP/1.1" 304 -
181.50.142.205 - - [02/Feb/2023:04:44:14 -0500] "GET /sipse/faces/javax.faces.resource/jquery/jquery.js?ln=primefaces&v=4.0 HTTP/1.1" 304 -
181.50.142.205 - - [02/Feb/2023:04:44:14 -0500] "GET /sipse/faces/javax.faces.resource/layout/layout.js?ln=primefaces&v=4.0 HTTP/1.1" 304 -
181.50.142.205 - - [02/Feb/2023:04:44:14 -0500] "GET /sipse/faces/javax.faces.resource/jquery/jquery-plugins.js?ln=primefaces&v=4.0 HTTP/1.1" 304 -
181.50.142.205 - - [02/Feb/2023:04:44:14 -0500] "GET /sipse/faces/javax.faces.resource/primefaces.js?ln=primefaces&v=4.0 HTTP/1.1" 304 -
181.50.142.205 - - [02/Feb/2023:04:44:14 -0500] "GET /sipse/css/imagen/loginimg.png HTTP/1.1" 304 -
181.50.142.205 - - [02/Feb/2023:04:44:14 -0500] "GET /sipse/css/imagen/logoSDG.png HTTP/1.1" 304 -
181.50.142.205 - - [02/Feb/2023:04:44:14 -0500] "GET /sipse/faces/javax.faces.resource/images/ui-icons_898989_256x240.png?ln=primefaces-aristo HTTP/1.1" 304 -
181.50.142.205 - - [02/Feb/2023:04:44:16 -0500] "POST /sipse/faces/autenticacion.xhtml HTTP/1.1" 200 2220
181.50.142.205 - - [02/Feb/2023:04:44:16 -0500] "GET /sipse/faces/javax.faces.resource/messages/messages.png?ln=primefaces&v=4.0 HTTP/1.1" 304 -
181.50.142.205 - - [02/Feb/2023:04:44:17 -0500] "GET /sipse/faces/javax.faces.resource/images/ui-icons_898989_256x240.png?ln=primefaces-aristo HTTP/1.1" 304 -
181.50.142.205 - - [02/Feb/2023:04:44:18 -0500] "GET /sipse/faces/javax.faces.resource/images/ui-icons_898989_256x240.png?ln=primefaces-aristo HTTP/1.1" 304 -
181.50.142.205 - - [02/Feb/2023:04:44:18 -0500] "POST /sipse/faces/autenticacion.xhtml HTTP/1.1" 200 16251
181.50.142.205 - - [02/Feb/2023:04:44:18 -0500] "GET /sipse/css/custom_css_sg_prime.css HTTP/1.1" 200 5201
181.50.142.205 - - [02/Feb/2023:04:44:18 -0500] "GET /sipse/faces/javax.faces.resource/theme.css?ln=primefaces-sipse HTTP/1.1" 304 -
181.50.142.205 - - [02/Feb/2023:04:44:18 -0500] "GET /sipse/js/jquery.min.js HTTP/1.1" 304 -
181.50.142.205 - - [02/Feb/2023:04:44:18 -0500] "GET /sipse/faces/javax.faces.resource/layout/layout.css?ln=primefaces&v=4.0 HTTP/1.1" 304 -
181.50.142.205 - - [02/Feb/2023:04:44:18 -0500] "GET /sipse/faces/javax.faces.resource/primefaces.css?ln=primefaces&v=4.0 HTTP/1.1" 304 -
181.50.142.205 - - [02/Feb/2023:04:44:18 -0500] "GET /sipse/faces/javax.faces.resource/jquery/jquery.js?ln=primefaces&v=4.0 HTTP/1.1" 304 -
181.50.142.205 - - [02/Feb/2023:04:44:18 -0500] "GET /sipse/faces/javax.faces.resource/jquery/jquery-plugins.js?ln=primefaces&v=4.0 HTTP/1.1" 304 -
181.50.142.205 - - [02/Feb/2023:04:44:18 -0500] "GET /sipse/faces/javax.faces.resource/primefaces.js?ln=primefaces&v=4.0 HTTP/1.1" 304 -
181.50.142.205 - - [02/Feb/2023:04:44:18 -0500] "GET /sipse/faces/javax.faces.resource/layout/layout.js?ln=primefaces&v=4.0 HTTP/1.1" 304 -
181.50.142.205 - - [02/Feb/2023:04:44:18 -0500] "GET /sipse/css/imagen/contrasena.png HTTP/1.1" 304 -
181.50.142.205 - - [02/Feb/2023:04:44:18 -0500] "GET /sipse/faces/javax.faces.resource/images/ui-icons_898989_256x240.png?ln=primefaces-aristo HTTP/1.1" 304 -
181.50.142.205 - - [02/Feb/2023:04:44:18 -0500] "GET /sipse/imagenes/cargando.gif HTTP/1.1" 200 36959
181.50.142.205 - - [02/Feb/2023:04:44:18 -0500] "GET /sipse/imagenes/logoAplicacion.jpg HTTP/1.1" 200 155084
181.50.142.205 - - [02/Feb/2023:04:44:19 -0500] "GET /sipse/faces/javax.faces.resource/images/ui-bg_flat_0_2d5972_40x100.png?ln=primefaces-aristo HTTP/1.1" 304 -
181.50.142.205 - - [02/Feb/2023:04:44:19 -0500] "POST /sipse/faces/bienvenido.xhtml HTTP/1.1" 200 2658
181.50.142.205 - - [02/Feb/2023:04:44:20 -0500] "POST /sipse/faces/bienvenido.xhtml HTTP/1.1" 200 65805
181.50.142.205 - - [02/Feb/2023:04:44:21 -0500] "GET /sipse/faces/javax.faces.resource/layout/layout.css?ln=primefaces&v=4.0 HTTP/1.1" 304 -
