152.203.46.93 - - [02/Feb/2023:05:34:51 -0500] "POST /sipse/faces/presentacion/financiero/solicitudProceso/listarSolicitudProceso.xhtml HTTP/1.1" 200 34819
152.203.46.93 - - [02/Feb/2023:05:34:53 -0500] "POST /sipse/faces/presentacion/financiero/solicitudProceso/listarSolicitudProceso.xhtml HTTP/1.1" 200 35106
152.203.46.93 - - [02/Feb/2023:05:34:54 -0500] "POST /sipse/faces/presentacion/financiero/solicitudProceso/listarSolicitudProceso.xhtml HTTP/1.1" 200 7857
172.22.2.4 - - [02/Feb/2023:05:35:25 -0500] "HEAD /BLA/boletinlegal/ HTTP/1.1" 200 -
201.245.192.253 - - [02/Feb/2023:05:37:35 -0500] "POST /kwsrmcab/Wsrmcab  HTTP/1.1" 200 213
172.22.2.4 - - [02/Feb/2023:05:36:16 -0500] "GET /BLA/boletinlegal/ HTTP/1.1" 200 56474
201.245.192.253 - - [02/Feb/2023:05:38:05 -0500] "POST /kwsrmcab/Wsrmcab HTTP/1.1" 200 40110
201.245.192.253 - - [02/Feb/2023:05:38:07 -0500] "POST /kwsrmcab/Wsrmcab HTTP/1.1" 200 42370
66.220.149.18 - - [02/Feb/2023:05:38:10 -0500] "GET /images/1%20de%20febrero%20D\xc3\xada%20sin%20carro.jpeg HTTP/1.1" 404 1034
216.245.221.92 - - [02/Feb/2023:05:38:51 -0500] "HEAD / HTTP/1.1" 200 -
201.245.192.253 - - [02/Feb/2023:05:42:34 -0500] "POST /kwsrmcab/Wsrmcab  HTTP/1.1" 200 213
172.22.2.4 - - [02/Feb/2023:05:41:15 -0500] "HEAD /BLA/boletinlegal/ HTTP/1.1" 200 -
172.22.2.4 - - [02/Feb/2023:05:42:06 -0500] "GET /BLA/boletinlegal/ HTTP/1.1" 200 57192
216.245.221.92 - - [02/Feb/2023:05:43:51 -0500] "HEAD / HTTP/1.1" 200 -
173.252.127.13 - - [02/Feb/2023:05:45:02 -0500] "GET /images/1%20de%20febrero%20D\xc3\xada%20sin%20carro.jpeg HTTP/1.1" 404 1034
206.226.64.150 - - [02/Feb/2023:05:46:54 -0500] "GET /.env HTTP/1.1" 404 1018
206.226.64.150 - - [02/Feb/2023:05:46:54 -0500] "POST / HTTP/1.1" 200 319
192.133.77.15 - - [02/Feb/2023:05:47:23 -0500] "GET /images/foto%202.jpg HTTP/1.1" 200 63300
66.220.149.120 - - [02/Feb/2023:05:47:28 -0500] "GET /images/1%20de%20febrero%20D\xc3\xada%20sin%20carro.jpeg HTTP/1.1" 404 1034
201.245.192.253 - - [02/Feb/2023:05:47:32 -0500] "POST /kwsrmcab/Wsrmcab  HTTP/1.1" 200 213
172.22.2.4 - - [02/Feb/2023:05:47:05 -0500] "HEAD /BLA/boletinlegal/ HTTP/1.1" 200 -
216.245.221.92 - - [02/Feb/2023:05:48:51 -0500] "HEAD / HTTP/1.1" 200 -
172.22.2.4 - - [02/Feb/2023:05:47:56 -0500] "GET /BLA/boletinlegal/ HTTP/1.1" 200 59404
168.119.253.11 - - [02/Feb/2023:05:50:27 -0500] "GET / HTTP/1.1" 200 319
201.245.192.253 - - [02/Feb/2023:05:52:31 -0500] "POST /kwsrmcab/Wsrmcab  HTTP/1.1" 200 213
216.245.221.92 - - [02/Feb/2023:05:53:51 -0500] "HEAD / HTTP/1.1" 200 -
173.252.107.9 - - [02/Feb/2023:05:53:53 -0500] "GET /images/1%20de%20febrero%20D\xc3\xada%20sin%20carro.jpeg HTTP/1.1" 404 1034
172.22.2.4 - - [02/Feb/2023:05:52:55 -0500] "HEAD /BLA/boletinlegal/ HTTP/1.1" 200 -
5.161.189.6 - - [02/Feb/2023:05:54:43 -0500] "GET /wp-login.php HTTP/1.1" 404 1018
191.108.12.135 - - [02/Feb/2023:05:55:24 -0500] "GET /sipse/faces/faces/index.xhtml HTTP/1.1" 200 677
191.108.12.135 - - [02/Feb/2023:05:55:24 -0500] "GET /sipse/faces/javax.faces.resource/theme.css?ln=primefaces-sipse HTTP/1.1" 200 50058
191.108.12.135 - - [02/Feb/2023:05:55:24 -0500] "GET /sipse/faces/faces/faces/autenticacion.xhtml HTTP/1.1" 200 12171
191.108.12.135 - - [02/Feb/2023:05:55:24 -0500] "GET /sipse/js/disable_browser_buttons.js HTTP/1.1" 200 3230
191.108.12.135 - - [02/Feb/2023:05:55:24 -0500] "GET /sipse/css/custom_css_sg.css HTTP/1.1" 200 9694
191.108.12.135 - - [02/Feb/2023:05:55:24 -0500] "GET /sipse/css/custom_css_sg_prime_login.css HTTP/1.1" 200 443
191.108.12.135 - - [02/Feb/2023:05:55:24 -0500] "GET /sipse/js/funciones.js HTTP/1.1" 200 12592
191.108.12.135 - - [02/Feb/2023:05:55:24 -0500] "GET /sipse/faces/javax.faces.resource/theme.css?ln=primefaces-sipse HTTP/1.1" 304 -
191.108.12.135 - - [02/Feb/2023:05:55:24 -0500] "GET /sipse/faces/javax.faces.resource/layout/layout.css?ln=primefaces&v=4.0 HTTP/1.1" 200 542
191.108.12.135 - - [02/Feb/2023:05:55:24 -0500] "GET /sipse/faces/javax.faces.resource/primefaces.css?ln=primefaces&v=4.0 HTTP/1.1" 200 53295
191.108.12.135 - - [02/Feb/2023:05:55:24 -0500] "GET /sipse/faces/javax.faces.resource/layout/layout.js?ln=primefaces&v=4.0 HTTP/1.1" 200 87560
191.108.12.135 - - [02/Feb/2023:05:55:24 -0500] "GET /sipse/faces/javax.faces.resource/jquery/jquery.js?ln=primefaces&v=4.0 HTTP/1.1" 200 105384
191.108.12.135 - - [02/Feb/2023:05:55:24 -0500] "GET /sipse/faces/javax.faces.resource/jquery/jquery-plugins.js?ln=primefaces&v=4.0 HTTP/1.1" 200 220526
191.108.12.135 - - [02/Feb/2023:05:55:24 -0500] "GET /sipse/faces/javax.faces.resource/primefaces.js?ln=primefaces&v=4.0 HTTP/1.1" 200 276924
191.108.12.135 - - [02/Feb/2023:05:55:25 -0500] "GET /sipse/faces/javax.faces.resource/images/ui-icons_898989_256x240.png?ln=primefaces-aristo HTTP/1.1" 200 5355
191.108.12.135 - - [02/Feb/2023:05:55:25 -0500] "GET /sipse/css/imagen/loginimg.png HTTP/1.1" 200 71635
191.108.12.135 - - [02/Feb/2023:05:55:25 -0500] "GET /sipse/css/imagen/logoSDG.png HTTP/1.1" 200 53064
172.22.2.4 - - [02/Feb/2023:05:53:46 -0500] "GET /BLA/boletinlegal/ HTTP/1.1" 200 56825
191.108.12.135 - - [02/Feb/2023:05:55:30 -0500] "POST /sipse/faces/autenticacion.xhtml HTTP/1.1" 200 2219
191.108.12.135 - - [02/Feb/2023:05:55:30 -0500] "GET /sipse/faces/javax.faces.resource/messages/messages.png?ln=primefaces&v=4.0 HTTP/1.1" 200 27209
191.108.12.135 - - [02/Feb/2023:05:55:31 -0500] "POST /sipse/faces/autenticacion.xhtml HTTP/1.1" 200 16238
191.108.12.135 - - [02/Feb/2023:05:55:32 -0500] "GET /sipse/css/custom_css_sg_prime.css HTTP/1.1" 200 5201
191.108.12.135 - - [02/Feb/2023:05:55:32 -0500] "GET /sipse/faces/javax.faces.resource/layout/layout.css?ln=primefaces&v=4.0 HTTP/1.1" 304 -
191.108.12.135 - - [02/Feb/2023:05:55:32 -0500] "GET /sipse/faces/javax.faces.resource/theme.css?ln=primefaces-sipse HTTP/1.1" 304 -
191.108.12.135 - - [02/Feb/2023:05:55:32 -0500] "GET /sipse/faces/javax.faces.resource/primefaces.css?ln=primefaces&v=4.0 HTTP/1.1" 304 -
191.108.12.135 - - [02/Feb/2023:05:55:32 -0500] "GET /sipse/js/jquery.min.js HTTP/1.1" 200 85582
191.108.12.135 - - [02/Feb/2023:05:55:32 -0500] "GET /sipse/faces/javax.faces.resource/jquery/jquery.js?ln=primefaces&v=4.0 HTTP/1.1" 304 -
191.108.12.135 - - [02/Feb/2023:05:55:32 -0500] "GET /sipse/faces/javax.faces.resource/jquery/jquery-plugins.js?ln=primefaces&v=4.0 HTTP/1.1" 304 -
191.108.12.135 - - [02/Feb/2023:05:55:32 -0500] "GET /sipse/faces/javax.faces.resource/primefaces.js?ln=primefaces&v=4.0 HTTP/1.1" 304 -
191.108.12.135 - - [02/Feb/2023:05:55:32 -0500] "GET /sipse/faces/javax.faces.resource/layout/layout.js?ln=primefaces&v=4.0 HTTP/1.1" 304 -
191.108.12.135 - - [02/Feb/2023:05:55:32 -0500] "GET /sipse/css/imagen/contrasena.png HTTP/1.1" 404 383
191.108.12.135 - - [02/Feb/2023:05:55:32 -0500] "GET /sipse/imagenes/cargando.gif HTTP/1.1" 200 36959
191.108.12.135 - - [02/Feb/2023:05:55:32 -0500] "GET /sipse/imagenes/logoAplicacion.jpg HTTP/1.1" 200 155084
191.108.12.135 - - [02/Feb/2023:05:55:33 -0500] "GET /sipse/faces/javax.faces.resource/images/ui-bg_flat_0_2d5972_40x100.png?ln=primefaces-aristo HTTP/1.1" 200 183
191.108.12.135 - - [02/Feb/2023:05:55:33 -0500] "POST /sipse/faces/bienvenido.xhtml HTTP/1.1" 200 2658
191.108.12.135 - - [02/Feb/2023:05:55:34 -0500] "POST /sipse/faces/bienvenido.xhtml HTTP/1.1" 200 64531
191.108.12.135 - - [02/Feb/2023:05:55:34 -0500] "GET /sipse/faces/javax.faces.resource/theme.css?ln=primefaces-sipse HTTP/1.1" 304 -
191.108.12.135 - - [02/Feb/2023:05:55:34 -0500] "GET /sipse/faces/javax.faces.resource/primefaces.css?ln=primefaces&v=4.0 HTTP/1.1" 304 -
191.108.12.135 - - [02/Feb/2023:05:55:34 -0500] "GET /sipse/faces/javax.faces.resource/layout/layout.css?ln=primefaces&v=4.0 HTTP/1.1" 304 -
191.108.12.135 - - [02/Feb/2023:05:55:34 -0500] "GET /sipse/faces/javax.faces.resource/jquery/jquery.js?ln=primefaces&v=4.0 HTTP/1.1" 304 -
191.108.12.135 - - [02/Feb/2023:05:55:35 -0500] "GET /sipse/faces/javax.faces.resource/jquery/jquery-plugins.js?ln=primefaces&v=4.0 HTTP/1.1" 304 -
191.108.12.135 - - [02/Feb/2023:05:55:35 -0500] "GET /sipse/faces/javax.faces.resource/primefaces.js?ln=primefaces&v=4.0 HTTP/1.1" 304 -
191.108.12.135 - - [02/Feb/2023:05:55:35 -0500] "GET /sipse/faces/javax.faces.resource/layout/layout.js?ln=primefaces&v=4.0 HTTP/1.1" 304 -
191.108.12.135 - - [02/Feb/2023:05:55:35 -0500] "POST /sipse/faces/presentacion/financiero/solicitudProceso/listarSolicitudProceso.xhtml HTTP/1.1" 200 1552
173.252.79.116 - - [02/Feb/2023:05:56:08 -0500] "GET /images/1%20de%20febrero%20D\xc3\xada%20sin%20carro.jpeg HTTP/1.1" 404 1034
191.95.56.153 - - [02/Feb/2023:05:56:46 -0500] "GET /con-liberacion-de-fauna-plantaciones-de-arboles-recorridos-interpretativos-y-de-educacion-bogota-celebra-el-dia-mundial-de-los-humedales.html HTTP/1.1" 200 885
201.245.192.253 - - [02/Feb/2023:05:57:30 -0500] "POST /kwsrmcab/Wsrmcab  HTTP/1.1" 200 213
191.108.12.135 - - [02/Feb/2023:05:57:45 -0500] "POST /sipse/faces/presentacion/financiero/solicitudProceso/listarSolicitudProceso.xhtml HTTP/1.1" 200 5879
191.108.12.135 - - [02/Feb/2023:05:57:48 -0500] "POST /sipse/faces/presentacion/financiero/solicitudProceso/listarSolicitudProceso.xhtml HTTP/1.1" 200 143551
191.108.12.135 - - [02/Feb/2023:05:57:49 -0500] "GET /sipse/faces/javax.faces.resource/theme.css?ln=primefaces-sipse HTTP/1.1" 304 -
191.108.12.135 - - [02/Feb/2023:05:57:49 -0500] "GET /sipse/faces/javax.faces.resource/primefaces.css?ln=primefaces&v=4.0 HTTP/1.1" 304 -
191.108.12.135 - - [02/Feb/2023:05:57:49 -0500] "GET /sipse/faces/javax.faces.resource/layout/layout.css?ln=primefaces&v=4.0 HTTP/1.1" 304 -
191.108.12.135 - - [02/Feb/2023:05:57:49 -0500] "GET /sipse/faces/javax.faces.resource/jquery/jquery.js?ln=primefaces&v=4.0 HTTP/1.1" 304 -
191.108.12.135 - - [02/Feb/2023:05:57:49 -0500] "GET /sipse/faces/javax.faces.resource/jquery/jquery-plugins.js?ln=primefaces&v=4.0 HTTP/1.1" 304 -
191.108.12.135 - - [02/Feb/2023:05:57:49 -0500] "GET /sipse/faces/javax.faces.resource/primefaces.js?ln=primefaces&v=4.0 HTTP/1.1" 304 -
191.108.12.135 - - [02/Feb/2023:05:57:49 -0500] "GET /sipse/faces/javax.faces.resource/layout/layout.js?ln=primefaces&v=4.0 HTTP/1.1" 304 -
173.252.107.17 - - [02/Feb/2023:05:58:12 -0500] "GET /images/1%20de%20febrero%20D\xc3\xada%20sin%20carro.jpeg HTTP/1.1" 404 1034
216.245.221.92 - - [02/Feb/2023:05:58:51 -0500] "HEAD / HTTP/1.1" 200 -
190.60.254.217 - - [02/Feb/2023:05:59:02 -0500] "GET /con-liberacion-de-fauna-plantaciones-de-arboles-recorridos-interpretativos-y-de-educacion-bogota-celebra-el-dia-mundial-de-los-humedales.html HTTP/1.1" 200 885
66.220.149.24 - - [02/Feb/2023:05:59:24 -0500] "GET /images/1%20de%20febrero%20D\xc3\xada%20sin%20carro.jpeg HTTP/1.1" 404 1034
173.252.79.10 - - [02/Feb/2023:06:00:13 -0500] "GET /images/Acuerdos%2001%20(1)%20(1).jpeg HTTP/1.1" 200 32884
172.22.2.4 - - [02/Feb/2023:05:58:45 -0500] "HEAD /BLA/boletinlegal/ HTTP/1.1" 200 -
172.22.2.4 - - [02/Feb/2023:05:59:26 -0500] "GET /BLA/boletinlegal/ HTTP/1.1" 200 40907
40.77.167.234 - - [02/Feb/2023:06:01:04 -0500] "GET /BLA/resoluciones/RESOLUCIONES%202021/5502.pdf HTTP/1.1" 304 -
172.22.2.4 - - [02/Feb/2023:05:59:36 -0500] "GET /BLA/boletinlegal/ HTTP/1.1" 200 47659
64.124.8.41 - - [02/Feb/2023:06:02:24 -0500] "-" 408 -
201.245.192.253 - - [02/Feb/2023:06:02:29 -0500] "POST /kwsrmcab/Wsrmcab  HTTP/1.1" 200 213
216.245.221.92 - - [02/Feb/2023:06:03:51 -0500] "HEAD / HTTP/1.1" 200 -
66.220.149.17 - - [02/Feb/2023:06:04:17 -0500] "GET /images/1%20de%20febrero%20D\xc3\xada%20sin%20carro.jpeg HTTP/1.1" 404 1034
181.59.3.29 - - [02/Feb/2023:06:06:01 -0500] "GET /secretaria-de-ambiente-suspende-tres-hornos-crematorios-de-bogota-por-contaminacion-del-aire.html HTTP/1.1" 200 927
173.252.107.24 - - [02/Feb/2023:06:06:14 -0500] "GET /images/1%20de%20febrero%20D\xc3\xada%20sin%20carro.jpeg HTTP/1.1" 404 1034
172.22.2.4 - - [02/Feb/2023:06:04:35 -0500] "HEAD /BLA/boletinlegal/ HTTP/1.1" 200 -
172.22.2.4 - - [02/Feb/2023:06:05:26 -0500] "GET /BLA/boletinlegal/ HTTP/1.1" 200 59404
186.144.243.145 - - [02/Feb/2023:06:07:15 -0500] "GET /appsia/controlador HTTP/1.1" 200 4799
186.144.243.145 - - [02/Feb/2023:06:07:15 -0500] "GET /appsia/scripts/validarIngreso.js HTTP/1.1" 200 851
186.144.243.145 - - [02/Feb/2023:06:07:15 -0500] "GET /appsia/css/estilos.css HTTP/1.1" 200 4804
186.144.243.145 - - [02/Feb/2023:06:07:15 -0500] "GET /appsia/images/logo_bogota_p.png HTTP/1.1" 200 14951
186.144.243.145 - - [02/Feb/2023:06:07:15 -0500] "GET /appsia/images/cabezoteHojaVida.png HTTP/1.1" 200 32493
186.144.243.145 - - [02/Feb/2023:06:07:15 -0500] "GET /favicon.ico HTTP/1.1" 200 7782
201.245.192.253 - - [02/Feb/2023:06:07:28 -0500] "POST /kwsrmcab/Wsrmcab  HTTP/1.1" 200 213
109.237.98.226 - - [02/Feb/2023:06:08:14 -0500] "GET /.env HTTP/1.1" 404 1018
109.237.98.226 - - [02/Feb/2023:06:08:14 -0500] "\x16\x03\x01\x01H\x01" 400 226
216.245.221.92 - - [02/Feb/2023:06:08:51 -0500] "HEAD / HTTP/1.1" 200 -
159.223.80.61 - - [02/Feb/2023:06:11:12 -0500] "\x16\x03\x01" 400 226
159.223.80.61 - - [02/Feb/2023:06:11:12 -0500] "\x16\x03\x01" 400 226
159.223.80.61 - - [02/Feb/2023:06:11:13 -0500] "GET / HTTP/1.1" 200 319
172.22.2.4 - - [02/Feb/2023:06:10:25 -0500] "HEAD /BLA/boletinlegal/ HTTP/1.1" 200 -
201.245.192.253 - - [02/Feb/2023:06:12:27 -0500] "POST /kwsrmcab/Wsrmcab  HTTP/1.1" 200 213
172.22.2.4 - - [02/Feb/2023:06:11:16 -0500] "GET /BLA/boletinlegal/ HTTP/1.1" 200 57192
31.13.115.21 - - [02/Feb/2023:06:13:09 -0500] "GET /images/1%20de%20febrero%20D\xc3\xada%20sin%20carro.jpeg HTTP/1.1" 404 1034
216.245.221.92 - - [02/Feb/2023:06:13:51 -0500] "HEAD / HTTP/1.1" 200 -
173.252.83.1 - - [02/Feb/2023:06:14:50 -0500] "GET /images/1%20de%20febrero%20D\xc3\xada%20sin%20carro.jpeg HTTP/1.1" 404 1034
201.245.192.253 - - [02/Feb/2023:06:17:26 -0500] "POST /kwsrmcab/Wsrmcab  HTTP/1.1" 200 213
31.13.115.22 - - [02/Feb/2023:06:17:37 -0500] "GET /images/1%20de%20febrero%20D\xc3\xada%20sin%20carro.jpeg HTTP/1.1" 404 1034
173.252.95.8 - - [02/Feb/2023:06:17:51 -0500] "GET /images/1%20de%20febrero%20D\xc3\xada%20sin%20carro.jpeg HTTP/1.1" 404 1034
172.22.2.4 - - [02/Feb/2023:06:16:15 -0500] "HEAD /BLA/boletinlegal/ HTTP/1.1" 200 -
201.245.192.253 - - [02/Feb/2023:06:18:04 -0500] "POST /kwsrmcab/Wsrmcab HTTP/1.1" 200 38968
201.245.192.253 - - [02/Feb/2023:06:18:06 -0500] "POST /kwsrmcab/Wsrmcab HTTP/1.1" 200 42064
172.22.2.4 - - [02/Feb/2023:06:17:06 -0500] "GET /BLA/boletinlegal/ HTTP/1.1" 200 55680
216.245.221.92 - - [02/Feb/2023:06:18:51 -0500] "HEAD / HTTP/1.1" 200 -
66.249.74.152 - - [02/Feb/2023:06:19:40 -0500] "-" 408 -
5.161.50.247 - - [02/Feb/2023:06:21:48 -0500] "GET /wp-login.php HTTP/1.1" 404 1018
66.220.149.120 - - [02/Feb/2023:06:21:59 -0500] "GET /images/1%20de%20febrero%20D\xc3\xada%20sin%20carro.jpeg HTTP/1.1" 404 1034
201.245.192.253 - - [02/Feb/2023:06:22:25 -0500] "POST /kwsrmcab/Wsrmcab  HTTP/1.1" 200 213
191.108.12.135 - - [02/Feb/2023:06:23:13 -0500] "GET /sipse/faces/javax.faces.resource/images/ui-bg_flat_0_2d5972_40x100.png?ln=primefaces-aristo HTTP/1.1" 304 -
191.108.12.135 - - [02/Feb/2023:06:23:13 -0500] "POST /sipse/faces/presentacion/financiero/solicitudProceso/consultarSolicitudProceso.xhtml HTTP/1.1" 200 5526
185.119.81.97 - - [02/Feb/2023:06:23:16 -0500] "GET /portaldeninos/wp-login.php HTTP/1.1" 200 2592
185.119.81.97 - - [02/Feb/2023:06:23:17 -0500] "POST /portaldeninos/wp-login.php HTTP/1.1" 200 3670
172.22.2.4 - - [02/Feb/2023:06:22:05 -0500] "HEAD /BLA/boletinlegal/ HTTP/1.1" 200 -
216.245.221.92 - - [02/Feb/2023:06:23:51 -0500] "HEAD / HTTP/1.1" 200 -
172.22.2.4 - - [02/Feb/2023:06:22:56 -0500] "GET /BLA/boletinlegal/ HTTP/1.1" 200 57192
191.108.12.135 - - [02/Feb/2023:06:24:53 -0500] "POST /sipse/faces/presentacion/financiero/solicitudProceso/consultarSolicitudProceso.xhtml HTTP/1.1" 200 5522
191.108.12.135 - - [02/Feb/2023:06:25:08 -0500] "POST /sipse/faces/presentacion/financiero/solicitudProceso/consultarSolicitudProceso.xhtml HTTP/1.1" 200 5441
191.108.12.135 - - [02/Feb/2023:06:25:09 -0500] "POST /sipse/faces/presentacion/financiero/solicitudProceso/consultarSolicitudProceso.xhtml HTTP/1.1" 200 40721
191.108.12.135 - - [02/Feb/2023:06:25:09 -0500] "GET /sipse/faces/javax.faces.resource/theme.css?ln=primefaces-sipse HTTP/1.1" 304 -
191.108.12.135 - - [02/Feb/2023:06:25:09 -0500] "GET /sipse/faces/javax.faces.resource/primefaces.css?ln=primefaces&v=4.0 HTTP/1.1" 304 -
191.108.12.135 - - [02/Feb/2023:06:25:09 -0500] "GET /sipse/faces/javax.faces.resource/layout/layout.css?ln=primefaces&v=4.0 HTTP/1.1" 304 -
191.108.12.135 - - [02/Feb/2023:06:25:09 -0500] "GET /sipse/faces/javax.faces.resource/jquery/jquery.js?ln=primefaces&v=4.0 HTTP/1.1" 304 -
191.108.12.135 - - [02/Feb/2023:06:25:09 -0500] "GET /sipse/faces/javax.faces.resource/jquery/jquery-plugins.js?ln=primefaces&v=4.0 HTTP/1.1" 304 -
191.108.12.135 - - [02/Feb/2023:06:25:09 -0500] "GET /sipse/faces/javax.faces.resource/primefaces.js?ln=primefaces&v=4.0 HTTP/1.1" 304 -
191.108.12.135 - - [02/Feb/2023:06:25:09 -0500] "GET /sipse/faces/javax.faces.resource/layout/layout.js?ln=primefaces&v=4.0 HTTP/1.1" 304 -
191.108.12.135 - - [02/Feb/2023:06:25:09 -0500] "POST /sipse/faces/presentacion/financiero/solicitudProceso/consultar.xhtml HTTP/1.1" 200 34137
191.108.12.135 - - [02/Feb/2023:06:25:09 -0500] "POST /sipse/faces/presentacion/financiero/solicitudProceso/consultar.xhtml HTTP/1.1" 200 34137
191.108.12.135 - - [02/Feb/2023:06:25:13 -0500] "POST /sipse/faces/presentacion/financiero/solicitudProceso/consultar.xhtml HTTP/1.1" 200 12859
191.108.12.135 - - [02/Feb/2023:06:25:22 -0500] "POST /sipse/faces/presentacion/financiero/solicitudProceso/consultar.xhtml HTTP/1.1" 200 37692
191.108.12.135 - - [02/Feb/2023:06:25:22 -0500] "GET /sipse/faces/javax.faces.resource/theme.css?ln=primefaces-sipse HTTP/1.1" 304 -
191.108.12.135 - - [02/Feb/2023:06:25:22 -0500] "GET /sipse/faces/javax.faces.resource/primefaces.css?ln=primefaces&v=4.0 HTTP/1.1" 304 -
191.108.12.135 - - [02/Feb/2023:06:25:22 -0500] "GET /sipse/faces/javax.faces.resource/layout/layout.css?ln=primefaces&v=4.0 HTTP/1.1" 304 -
191.108.12.135 - - [02/Feb/2023:06:25:22 -0500] "GET /sipse/faces/javax.faces.resource/jquery/jquery.js?ln=primefaces&v=4.0 HTTP/1.1" 304 -
191.108.12.135 - - [02/Feb/2023:06:25:22 -0500] "GET /sipse/faces/javax.faces.resource/jquery/jquery-plugins.js?ln=primefaces&v=4.0 HTTP/1.1" 304 -
191.108.12.135 - - [02/Feb/2023:06:25:22 -0500] "GET /sipse/faces/javax.faces.resource/primefaces.js?ln=primefaces&v=4.0 HTTP/1.1" 304 -
191.108.12.135 - - [02/Feb/2023:06:25:22 -0500] "GET /sipse/faces/javax.faces.resource/layout/layout.js?ln=primefaces&v=4.0 HTTP/1.1" 304 -
191.108.12.135 - - [02/Feb/2023:06:25:22 -0500] "POST /sipse/faces/presentacion/financiero/solicitudProceso/listarSolicitudProceso.xhtml HTTP/1.1" 200 31082
191.108.12.135 - - [02/Feb/2023:06:25:22 -0500] "POST /sipse/faces/presentacion/financiero/solicitudProceso/listarSolicitudProceso.xhtml HTTP/1.1" 200 31082
191.108.12.135 - - [02/Feb/2023:06:25:22 -0500] "POST /sipse/faces/presentacion/financiero/solicitudProceso/listarSolicitudProceso.xhtml HTTP/1.1" 200 31082
191.108.12.135 - - [02/Feb/2023:06:25:22 -0500] "POST /sipse/faces/presentacion/financiero/solicitudProceso/listarSolicitudProceso.xhtml HTTP/1.1" 200 1396
191.108.12.135 - - [02/Feb/2023:06:25:23 -0500] "POST /sipse/faces/presentacion/financiero/solicitudProceso/listarSolicitudProceso.xhtml HTTP/1.1" 200 1396
191.108.12.135 - - [02/Feb/2023:06:25:23 -0500] "POST /sipse/faces/presentacion/financiero/solicitudProceso/listarSolicitudProceso.xhtml HTTP/1.1" 200 1400
191.108.12.135 - - [02/Feb/2023:06:25:23 -0500] "POST /sipse/faces/presentacion/financiero/solicitudProceso/listarSolicitudProceso.xhtml HTTP/1.1" 200 1396
191.108.12.135 - - [02/Feb/2023:06:25:25 -0500] "POST /sipse/faces/presentacion/financiero/solicitudProceso/listarSolicitudProceso.xhtml HTTP/1.1" 200 31082
191.108.12.135 - - [02/Feb/2023:06:25:25 -0500] "POST /sipse/faces/presentacion/financiero/solicitudProceso/listarSolicitudProceso.xhtml HTTP/1.1" 200 31082
191.108.12.135 - - [02/Feb/2023:06:25:25 -0500] "POST /sipse/faces/presentacion/financiero/solicitudProceso/listarSolicitudProceso.xhtml HTTP/1.1" 200 31082
191.108.12.135 - - [02/Feb/2023:06:25:26 -0500] "POST /sipse/faces/presentacion/financiero/solicitudProceso/listarSolicitudProceso.xhtml HTTP/1.1" 200 31082
191.108.12.135 - - [02/Feb/2023:06:25:26 -0500] "POST /sipse/faces/presentacion/financiero/solicitudProceso/listarSolicitudProceso.xhtml HTTP/1.1" 200 31082
191.108.12.135 - - [02/Feb/2023:06:25:26 -0500] "POST /sipse/faces/presentacion/financiero/solicitudProceso/listarSolicitudProceso.xhtml HTTP/1.1" 200 1396
191.108.12.135 - - [02/Feb/2023:06:25:27 -0500] "POST /sipse/faces/presentacion/financiero/solicitudProceso/listarSolicitudProceso.xhtml HTTP/1.1" 200 1396
191.108.12.135 - - [02/Feb/2023:06:25:27 -0500] "POST /sipse/faces/presentacion/financiero/solicitudProceso/listarSolicitudProceso.xhtml HTTP/1.1" 200 1400
191.108.12.135 - - [02/Feb/2023:06:25:27 -0500] "POST /sipse/faces/presentacion/financiero/solicitudProceso/listarSolicitudProceso.xhtml HTTP/1.1" 200 1396
191.108.12.135 - - [02/Feb/2023:06:25:27 -0500] "POST /sipse/faces/presentacion/financiero/solicitudProceso/listarSolicitudProceso.xhtml HTTP/1.1" 200 1400
191.108.12.135 - - [02/Feb/2023:06:25:30 -0500] "POST /sipse/faces/presentacion/financiero/solicitudProceso/listarSolicitudProceso.xhtml HTTP/1.1" 200 144738
191.108.12.135 - - [02/Feb/2023:06:25:31 -0500] "GET /sipse/faces/javax.faces.resource/theme.css?ln=primefaces-sipse HTTP/1.1" 304 -
191.108.12.135 - - [02/Feb/2023:06:25:31 -0500] "GET /sipse/faces/javax.faces.resource/layout/layout.css?ln=primefaces&v=4.0 HTTP/1.1" 304 -
191.108.12.135 - - [02/Feb/2023:06:25:31 -0500] "GET /sipse/faces/javax.faces.resource/primefaces.css?ln=primefaces&v=4.0 HTTP/1.1" 304 -
191.108.12.135 - - [02/Feb/2023:06:25:31 -0500] "GET /sipse/faces/javax.faces.resource/jquery/jquery.js?ln=primefaces&v=4.0 HTTP/1.1" 304 -
191.108.12.135 - - [02/Feb/2023:06:25:31 -0500] "GET /sipse/faces/javax.faces.resource/jquery/jquery-plugins.js?ln=primefaces&v=4.0 HTTP/1.1" 304 -
191.108.12.135 - - [02/Feb/2023:06:25:31 -0500] "GET /sipse/faces/javax.faces.resource/primefaces.js?ln=primefaces&v=4.0 HTTP/1.1" 304 -
191.108.12.135 - - [02/Feb/2023:06:25:31 -0500] "GET /sipse/faces/javax.faces.resource/layout/layout.js?ln=primefaces&v=4.0 HTTP/1.1" 304 -
66.249.74.146 - - [02/Feb/2023:06:25:35 -0500] "-" 408 -
191.108.12.135 - - [02/Feb/2023:06:25:55 -0500] "POST /sipse/faces/presentacion/financiero/solicitudProceso/consultarSolicitudProceso.xhtml HTTP/1.1" 200 1746926
172.22.2.4 - - [02/Feb/2023:06:25:39 -0500] "GET /BLA/boletinlegal/ HTTP/1.1" 200 24523
191.108.12.135 - - [02/Feb/2023:06:26:20 -0500] "POST /sipse/faces/presentacion/financiero/solicitudProceso/consultarSolicitudProceso.xhtml HTTP/1.1" 200 1720981
191.95.55.98 - - [02/Feb/2023:06:26:31 -0500] "GET /con-liberacion-de-fauna-plantaciones-de-arboles-recorridos-interpretativos-y-de-educacion-bogota-celebra-el-dia-mundial-de-los-humedales.html HTTP/1.1" 200 885
172.22.2.4 - - [02/Feb/2023:06:26:42 -0500] "GET /BLA/boletinlegal/jurisprudencia/analisis/CUADRO%20SENTENCIA%20C-222%20DE%202011.doc HTTP/1.1" 304 -
66.220.149.18 - - [02/Feb/2023:06:26:55 -0500] "GET /images/1%20de%20febrero%20D\xc3\xada%20sin%20carro.jpeg HTTP/1.1" 404 1034
201.245.192.253 - - [02/Feb/2023:06:27:24 -0500] "POST /kwsrmcab/Wsrmcab  HTTP/1.1" 200 213
191.108.12.135 - - [02/Feb/2023:06:27:37 -0500] "POST /sipse/faces/presentacion/financiero/solicitudProceso/consultarSolicitudProceso.xhtml HTTP/1.1" 200 37692
191.108.12.135 - - [02/Feb/2023:06:27:37 -0500] "GET /sipse/faces/javax.faces.resource/theme.css?ln=primefaces-sipse HTTP/1.1" 304 -
191.108.12.135 - - [02/Feb/2023:06:27:37 -0500] "GET /sipse/faces/javax.faces.resource/primefaces.css?ln=primefaces&v=4.0 HTTP/1.1" 304 -
191.108.12.135 - - [02/Feb/2023:06:27:37 -0500] "GET /sipse/faces/javax.faces.resource/layout/layout.css?ln=primefaces&v=4.0 HTTP/1.1" 304 -
191.108.12.135 - - [02/Feb/2023:06:27:37 -0500] "GET /sipse/faces/javax.faces.resource/jquery/jquery.js?ln=primefaces&v=4.0 HTTP/1.1" 304 -
191.108.12.135 - - [02/Feb/2023:06:27:37 -0500] "GET /sipse/faces/javax.faces.resource/jquery/jquery-plugins.js?ln=primefaces&v=4.0 HTTP/1.1" 304 -
191.108.12.135 - - [02/Feb/2023:06:27:37 -0500] "GET /sipse/faces/javax.faces.resource/primefaces.js?ln=primefaces&v=4.0 HTTP/1.1" 304 -
191.108.12.135 - - [02/Feb/2023:06:27:37 -0500] "GET /sipse/faces/javax.faces.resource/layout/layout.js?ln=primefaces&v=4.0 HTTP/1.1" 304 -
191.108.12.135 - - [02/Feb/2023:06:27:37 -0500] "POST /sipse/faces/presentacion/financiero/solicitudProceso/listarSolicitudProceso.xhtml HTTP/1.1" 200 31082
191.108.12.135 - - [02/Feb/2023:06:27:38 -0500] "POST /sipse/faces/presentacion/financiero/solicitudProceso/listarSolicitudProceso.xhtml HTTP/1.1" 200 31082
191.108.12.135 - - [02/Feb/2023:06:27:38 -0500] "POST /sipse/faces/presentacion/financiero/solicitudProceso/listarSolicitudProceso.xhtml HTTP/1.1" 200 31082
191.108.12.135 - - [02/Feb/2023:06:27:38 -0500] "POST /sipse/faces/presentacion/financiero/solicitudProceso/listarSolicitudProceso.xhtml HTTP/1.1" 200 31082
191.108.12.135 - - [02/Feb/2023:06:27:38 -0500] "POST /sipse/faces/presentacion/financiero/solicitudProceso/listarSolicitudProceso.xhtml HTTP/1.1" 200 31082
191.108.12.135 - - [02/Feb/2023:06:27:38 -0500] "POST /sipse/faces/presentacion/financiero/solicitudProceso/listarSolicitudProceso.xhtml HTTP/1.1" 200 1396
191.108.12.135 - - [02/Feb/2023:06:27:38 -0500] "POST /sipse/faces/presentacion/financiero/solicitudProceso/listarSolicitudProceso.xhtml HTTP/1.1" 200 1396
191.108.12.135 - - [02/Feb/2023:06:27:38 -0500] "POST /sipse/faces/presentacion/financiero/solicitudProceso/listarSolicitudProceso.xhtml HTTP/1.1" 200 1400
191.108.12.135 - - [02/Feb/2023:06:27:39 -0500] "POST /sipse/faces/presentacion/financiero/solicitudProceso/listarSolicitudProceso.xhtml HTTP/1.1" 200 1396
191.108.12.135 - - [02/Feb/2023:06:27:39 -0500] "POST /sipse/faces/presentacion/financiero/solicitudProceso/listarSolicitudProceso.xhtml HTTP/1.1" 200 1400
191.108.12.135 - - [02/Feb/2023:06:27:39 -0500] "POST /sipse/faces/presentacion/financiero/solicitudProceso/listarSolicitudProceso.xhtml HTTP/1.1" 200 1396
201.245.192.253 - - [02/Feb/2023:06:28:04 -0500] "POST /kwsrmcab/Wsrmcab HTTP/1.1" 200 38968
201.245.192.253 - - [02/Feb/2023:06:28:07 -0500] "POST /kwsrmcab/Wsrmcab HTTP/1.1" 200 42064
66.220.149.8 - - [02/Feb/2023:06:28:46 -0500] "GET /images/1%20de%20febrero%20D\xc3\xada%20sin%20carro.jpeg HTTP/1.1" 404 1034
216.245.221.92 - - [02/Feb/2023:06:28:51 -0500] "HEAD / HTTP/1.1" 200 -
172.22.2.4 - - [02/Feb/2023:06:27:55 -0500] "HEAD /BLA/boletinlegal/ HTTP/1.1" 200 -
207.46.13.1 - - [02/Feb/2023:06:30:25 -0500] "-" 408 -
172.22.2.4 - - [02/Feb/2023:06:28:46 -0500] "GET /BLA/boletinlegal/ HTTP/1.1" 200 57192
186.102.51.140 - - [02/Feb/2023:06:31:49 -0500] "GET /appsia/controlador HTTP/1.1" 200 4799
186.102.51.140 - - [02/Feb/2023:06:31:53 -0500] "POST /appsia/controlador HTTP/1.1" 200 5437
186.102.51.140 - - [02/Feb/2023:06:31:56 -0500] "POST /appsia/controlador HTTP/1.1" 200 9265
201.245.192.253 - - [02/Feb/2023:06:32:22 -0500] "POST /kwsrmcab/Wsrmcab  HTTP/1.1" 200 213
186.102.51.140 - - [02/Feb/2023:06:32:29 -0500] "POST /appsia/controlador HTTP/1.1" 200 5437
186.102.51.140 - - [02/Feb/2023:06:32:31 -0500] "POST /appsia/controlador HTTP/1.1" 200 4799
173.252.107.19 - - [02/Feb/2023:06:32:59 -0500] "GET /images/1%20de%20febrero%20D\xc3\xada%20sin%20carro.jpeg HTTP/1.1" 404 1034
69.171.251.8 - - [02/Feb/2023:06:33:02 -0500] "GET /images/1%20de%20febrero%20D\xc3\xada%20sin%20carro.jpeg HTTP/1.1" 404 1034
216.245.221.92 - - [02/Feb/2023:06:33:51 -0500] "HEAD / HTTP/1.1" 200 -
191.108.12.135 - - [02/Feb/2023:06:34:06 -0500] "GET /sipse/faces/faces/index.xhtml HTTP/1.1" 200 677
191.108.12.135 - - [02/Feb/2023:06:34:06 -0500] "GET /sipse/faces/javax.faces.resource/theme.css?ln=primefaces-sipse HTTP/1.1" 304 -
191.108.12.135 - - [02/Feb/2023:06:34:07 -0500] "GET /sipse/faces/faces/faces/autenticacion.xhtml HTTP/1.1" 200 12171
191.108.12.135 - - [02/Feb/2023:06:34:07 -0500] "GET /sipse/faces/javax.faces.resource/theme.css?ln=primefaces-sipse HTTP/1.1" 304 -
191.108.12.135 - - [02/Feb/2023:06:34:07 -0500] "GET /sipse/faces/javax.faces.resource/jquery/jquery.js?ln=primefaces&v=4.0 HTTP/1.1" 304 -
191.108.12.135 - - [02/Feb/2023:06:34:07 -0500] "GET /sipse/faces/javax.faces.resource/jquery/jquery-plugins.js?ln=primefaces&v=4.0 HTTP/1.1" 304 -
191.108.12.135 - - [02/Feb/2023:06:34:07 -0500] "GET /sipse/faces/javax.faces.resource/layout/layout.css?ln=primefaces&v=4.0 HTTP/1.1" 304 -
191.108.12.135 - - [02/Feb/2023:06:34:07 -0500] "GET /sipse/faces/javax.faces.resource/primefaces.css?ln=primefaces&v=4.0 HTTP/1.1" 304 -
191.108.12.135 - - [02/Feb/2023:06:34:07 -0500] "GET /sipse/faces/javax.faces.resource/primefaces.js?ln=primefaces&v=4.0 HTTP/1.1" 304 -
191.108.12.135 - - [02/Feb/2023:06:34:07 -0500] "GET /sipse/faces/javax.faces.resource/layout/layout.js?ln=primefaces&v=4.0 HTTP/1.1" 304 -
191.108.12.135 - - [02/Feb/2023:06:34:07 -0500] "GET /sipse/faces/javax.faces.resource/images/ui-icons_898989_256x240.png?ln=primefaces-aristo HTTP/1.1" 304 -
69.171.251.22 - - [02/Feb/2023:06:34:11 -0500] "GET /images/1%20de%20febrero%20D\xc3\xada%20sin%20carro.jpeg HTTP/1.1" 404 1034
191.108.12.135 - - [02/Feb/2023:06:34:19 -0500] "POST /sipse/faces/autenticacion.xhtml HTTP/1.1" 200 2219
191.108.12.135 - - [02/Feb/2023:06:34:20 -0500] "GET /sipse/faces/javax.faces.resource/messages/messages.png?ln=primefaces&v=4.0 HTTP/1.1" 304 -
191.108.12.135 - - [02/Feb/2023:06:34:21 -0500] "POST /sipse/faces/autenticacion.xhtml HTTP/1.1" 200 16238
191.108.12.135 - - [02/Feb/2023:06:34:21 -0500] "GET /sipse/faces/javax.faces.resource/theme.css?ln=primefaces-sipse HTTP/1.1" 304 -
191.108.12.135 - - [02/Feb/2023:06:34:21 -0500] "GET /sipse/faces/javax.faces.resource/layout/layout.css?ln=primefaces&v=4.0 HTTP/1.1" 304 -
191.108.12.135 - - [02/Feb/2023:06:34:21 -0500] "GET /sipse/faces/javax.faces.resource/primefaces.css?ln=primefaces&v=4.0 HTTP/1.1" 304 -
191.108.12.135 - - [02/Feb/2023:06:34:21 -0500] "GET /sipse/faces/javax.faces.resource/jquery/jquery.js?ln=primefaces&v=4.0 HTTP/1.1" 304 -
191.108.12.135 - - [02/Feb/2023:06:34:21 -0500] "GET /sipse/faces/javax.faces.resource/jquery/jquery-plugins.js?ln=primefaces&v=4.0 HTTP/1.1" 304 -
191.108.12.135 - - [02/Feb/2023:06:34:21 -0500] "GET /sipse/faces/javax.faces.resource/primefaces.js?ln=primefaces&v=4.0 HTTP/1.1" 304 -
191.108.12.135 - - [02/Feb/2023:06:34:21 -0500] "GET /sipse/faces/javax.faces.resource/layout/layout.js?ln=primefaces&v=4.0 HTTP/1.1" 304 -
191.108.12.135 - - [02/Feb/2023:06:34:21 -0500] "GET /sipse/css/imagen/contrasena.png HTTP/1.1" 404 383
173.252.107.17 - - [02/Feb/2023:06:34:22 -0500] "GET /images/foto%202.jpg HTTP/1.1" 200 63300
66.249.74.146 - - [02/Feb/2023:06:34:50 -0500] "-" 408 -
172.22.2.4 - - [02/Feb/2023:06:33:45 -0500] "HEAD /BLA/boletinlegal/ HTTP/1.1" 200 -
172.22.2.4 - - [02/Feb/2023:06:34:36 -0500] "GET /BLA/boletinlegal/ HTTP/1.1" 200 57192
190.25.33.108 - - [02/Feb/2023:06:37:07 -0500] "GET /con-liberacion-de-fauna-plantaciones-de-arboles-recorridos-interpretativos-y-de-educacion-bogota-celebra-el-dia-mundial-de-los-humedales.html HTTP/1.1" 200 885
173.252.111.19 - - [02/Feb/2023:06:37:13 -0500] "GET /images/1%20de%20febrero%20D\xc3\xada%20sin%20carro.jpeg HTTP/1.1" 404 1034
201.245.192.253 - - [02/Feb/2023:06:37:21 -0500] "POST /kwsrmcab/Wsrmcab  HTTP/1.1" 200 213
201.245.192.253 - - [02/Feb/2023:06:38:04 -0500] "POST /kwsrmcab/Wsrmcab HTTP/1.1" 200 38968
201.245.192.253 - - [02/Feb/2023:06:38:07 -0500] "POST /kwsrmcab/Wsrmcab HTTP/1.1" 200 42064
173.252.127.14 - - [02/Feb/2023:06:38:21 -0500] "GET /images/1%20de%20febrero%20D\xc3\xada%20sin%20carro.jpeg HTTP/1.1" 404 1034
66.220.149.7 - - [02/Feb/2023:06:38:29 -0500] "GET /images/1%20de%20febrero%20D\xc3\xada%20sin%20carro.jpeg HTTP/1.1" 404 1034
216.245.221.92 - - [02/Feb/2023:06:38:51 -0500] "HEAD / HTTP/1.1" 200 -
173.252.79.5 - - [02/Feb/2023:06:38:52 -0500] "GET /images/1%20de%20febrero%20D\xc3\xada%20sin%20carro.jpeg HTTP/1.1" 404 1034
173.252.107.17 - - [02/Feb/2023:06:39:26 -0500] "GET /images/1%20de%20febrero%20D\xc3\xada%20sin%20carro.jpeg HTTP/1.1" 404 1034
162.55.171.138 - - [02/Feb/2023:06:40:22 -0500] "GET / HTTP/1.1" 200 319
172.22.2.4 - - [02/Feb/2023:06:39:35 -0500] "HEAD /BLA/boletinlegal/ HTTP/1.1" 200 -
201.245.192.253 - - [02/Feb/2023:06:41:19 -0500] "GET /sipse/faces/javax.faces.resource/theme.css?ln=primefaces-sipse HTTP/1.1" 304 -
201.245.192.253 - - [02/Feb/2023:06:41:20 -0500] "GET /sipse/faces/faces/autenticacion.xhtml HTTP/1.1" 200 12171
201.245.192.253 - - [02/Feb/2023:06:41:21 -0500] "GET /sipse/js/disable_browser_buttons.js HTTP/1.1" 304 -
201.245.192.253 - - [02/Feb/2023:06:41:21 -0500] "GET /sipse/css/custom_css_sg.css HTTP/1.1" 304 -
201.245.192.253 - - [02/Feb/2023:06:41:21 -0500] "GET /sipse/faces/javax.faces.resource/theme.css?ln=primefaces-sipse HTTP/1.1" 304 -
201.245.192.253 - - [02/Feb/2023:06:41:21 -0500] "GET /sipse/faces/javax.faces.resource/jquery/jquery.js?ln=primefaces&v=4.0 HTTP/1.1" 304 -
201.245.192.253 - - [02/Feb/2023:06:41:21 -0500] "GET /sipse/faces/javax.faces.resource/primefaces.css?ln=primefaces&v=4.0 HTTP/1.1" 304 -
201.245.192.253 - - [02/Feb/2023:06:41:21 -0500] "GET /sipse/faces/javax.faces.resource/primefaces.js?ln=primefaces&v=4.0 HTTP/1.1" 304 -
201.245.192.253 - - [02/Feb/2023:06:41:21 -0500] "GET /sipse/faces/javax.faces.resource/layout/layout.js?ln=primefaces&v=4.0 HTTP/1.1" 304 -
201.245.192.253 - - [02/Feb/2023:06:41:21 -0500] "GET /sipse/faces/javax.faces.resource/layout/layout.css?ln=primefaces&v=4.0 HTTP/1.1" 304 -
201.245.192.253 - - [02/Feb/2023:06:41:21 -0500] "GET /sipse/faces/javax.faces.resource/jquery/jquery-plugins.js?ln=primefaces&v=4.0 HTTP/1.1" 304 -
201.245.192.253 - - [02/Feb/2023:06:41:21 -0500] "GET /sipse/js/funciones.js HTTP/1.1" 304 -
201.245.192.253 - - [02/Feb/2023:06:41:21 -0500] "GET /sipse/css/custom_css_sg_prime_login.css HTTP/1.1" 304 -
201.245.192.253 - - [02/Feb/2023:06:41:21 -0500] "GET /sipse/css/imagen/loginimg.png HTTP/1.1" 304 -
201.245.192.253 - - [02/Feb/2023:06:41:21 -0500] "GET /sipse/css/imagen/logoSDG.png HTTP/1.1" 304 -
201.245.192.253 - - [02/Feb/2023:06:41:21 -0500] "GET /sipse/faces/javax.faces.resource/images/ui-icons_898989_256x240.png?ln=primefaces-aristo HTTP/1.1" 304 -
201.245.192.253 - - [02/Feb/2023:06:41:36 -0500] "POST /sipse/faces/autenticacion.xhtml HTTP/1.1" 200 2220
201.245.192.253 - - [02/Feb/2023:06:41:36 -0500] "GET /sipse/faces/javax.faces.resource/messages/messages.png?ln=primefaces&v=4.0 HTTP/1.1" 304 -
201.245.192.253 - - [02/Feb/2023:06:41:36 -0500] "POST /sipse/faces/autenticacion.xhtml HTTP/1.1" 200 2224
201.245.192.253 - - [02/Feb/2023:06:41:37 -0500] "POST /sipse/faces/autenticacion.xhtml HTTP/1.1" 200 16255
201.245.192.253 - - [02/Feb/2023:06:41:38 -0500] "GET /sipse/css/custom_css_sg_prime.css HTTP/1.1" 304 -
201.245.192.253 - - [02/Feb/2023:06:41:38 -0500] "GET /sipse/faces/javax.faces.resource/theme.css?ln=primefaces-sipse HTTP/1.1" 304 -
201.245.192.253 - - [02/Feb/2023:06:41:38 -0500] "GET /sipse/faces/javax.faces.resource/primefaces.css?ln=primefaces&v=4.0 HTTP/1.1" 304 -
201.245.192.253 - - [02/Feb/2023:06:41:38 -0500] "GET /sipse/faces/javax.faces.resource/layout/layout.css?ln=primefaces&v=4.0 HTTP/1.1" 304 -
201.245.192.253 - - [02/Feb/2023:06:41:38 -0500] "GET /sipse/js/jquery.min.js HTTP/1.1" 304 -
201.245.192.253 - - [02/Feb/2023:06:41:38 -0500] "GET /sipse/faces/javax.faces.resource/jquery/jquery.js?ln=primefaces&v=4.0 HTTP/1.1" 304 -
201.245.192.253 - - [02/Feb/2023:06:41:38 -0500] "GET /sipse/faces/javax.faces.resource/jquery/jquery-plugins.js?ln=primefaces&v=4.0 HTTP/1.1" 304 -
201.245.192.253 - - [02/Feb/2023:06:41:38 -0500] "GET /sipse/faces/javax.faces.resource/primefaces.js?ln=primefaces&v=4.0 HTTP/1.1" 304 -
201.245.192.253 - - [02/Feb/2023:06:41:38 -0500] "GET /sipse/faces/javax.faces.resource/layout/layout.js?ln=primefaces&v=4.0 HTTP/1.1" 304 -
201.245.192.253 - - [02/Feb/2023:06:41:39 -0500] "GET /sipse/imagenes/cargando.gif HTTP/1.1" 304 -
201.245.192.253 - - [02/Feb/2023:06:41:39 -0500] "GET /sipse/imagenes/logoAplicacion.jpg HTTP/1.1" 304 -
201.245.192.253 - - [02/Feb/2023:06:41:39 -0500] "GET /sipse/css/imagen/contrasena.png HTTP/1.1" 404 383
201.245.192.253 - - [02/Feb/2023:06:41:42 -0500] "POST /sipse/faces/bienvenido.xhtml HTTP/1.1" 200 2658
201.245.192.253 - - [02/Feb/2023:06:41:42 -0500] "GET /sipse/faces/javax.faces.resource/images/ui-bg_flat_0_2d5972_40x100.png?ln=primefaces-aristo HTTP/1.1" 304 -
201.245.192.253 - - [02/Feb/2023:06:41:43 -0500] "POST /sipse/faces/bienvenido.xhtml HTTP/1.1" 200 65678
201.245.192.253 - - [02/Feb/2023:06:41:45 -0500] "GET /sipse/faces/javax.faces.resource/theme.css?ln=primefaces-sipse HTTP/1.1" 304 -
201.245.192.253 - - [02/Feb/2023:06:41:45 -0500] "GET /sipse/faces/javax.faces.resource/primefaces.css?ln=primefaces&v=4.0 HTTP/1.1" 304 -
201.245.192.253 - - [02/Feb/2023:06:41:45 -0500] "GET /sipse/faces/javax.faces.resource/layout/layout.css?ln=primefaces&v=4.0 HTTP/1.1" 304 -
201.245.192.253 - - [02/Feb/2023:06:41:45 -0500] "GET /sipse/faces/javax.faces.resource/jquery/jquery.js?ln=primefaces&v=4.0 HTTP/1.1" 304 -
201.245.192.253 - - [02/Feb/2023:06:41:45 -0500] "GET /sipse/faces/javax.faces.resource/jquery/jquery-plugins.js?ln=primefaces&v=4.0 HTTP/1.1" 304 -
201.245.192.253 - - [02/Feb/2023:06:41:46 -0500] "GET /sipse/faces/javax.faces.resource/primefaces.js?ln=primefaces&v=4.0 HTTP/1.1" 304 -
201.245.192.253 - - [02/Feb/2023:06:41:46 -0500] "GET /sipse/faces/javax.faces.resource/layout/layout.js?ln=primefaces&v=4.0 HTTP/1.1" 304 -
201.245.192.253 - - [02/Feb/2023:06:41:46 -0500] "POST /sipse/faces/presentacion/financiero/solicitudProceso/listarSolicitudProceso.xhtml HTTP/1.1" 200 1552
172.22.2.4 - - [02/Feb/2023:06:40:26 -0500] "GET /BLA/boletinlegal/ HTTP/1.1" 200 59404
201.245.192.253 - - [02/Feb/2023:06:42:12 -0500] "POST /sipse/faces/presentacion/financiero/solicitudProceso/listarSolicitudProceso.xhtml HTTP/1.1" 200 43672
201.245.192.253 - - [02/Feb/2023:06:42:16 -0500] "POST /sipse/faces/presentacion/financiero/solicitudProceso/listarSolicitudProceso.xhtml HTTP/1.1" 200 43848
201.245.192.253 - - [02/Feb/2023:06:42:20 -0500] "POST /sipse/faces/presentacion/financiero/solicitudProceso/listarSolicitudProceso.xhtml HTTP/1.1" 200 16484
201.245.192.253 - - [02/Feb/2023:06:42:21 -0500] "POST /sipse/faces/presentacion/financiero/solicitudProceso/listarSolicitudProceso.xhtml HTTP/1.1" 200 16476
201.245.192.253 - - [02/Feb/2023:06:42:20 -0500] "POST /kwsrmcab/Wsrmcab  HTTP/1.1" 200 213
201.245.192.253 - - [02/Feb/2023:06:42:23 -0500] "POST /sipse/faces/presentacion/financiero/solicitudProceso/listarSolicitudProceso.xhtml HTTP/1.1" 200 43856
201.245.192.253 - - [02/Feb/2023:06:42:25 -0500] "POST /sipse/faces/presentacion/financiero/solicitudProceso/listarSolicitudProceso.xhtml HTTP/1.1" 200 43664
201.245.192.253 - - [02/Feb/2023:06:42:34 -0500] "POST /sipse/faces/presentacion/financiero/solicitudProceso/listarSolicitudProceso.xhtml HTTP/1.1" 200 16481
201.245.192.253 - - [02/Feb/2023:06:42:39 -0500] "POST /sipse/faces/presentacion/financiero/solicitudProceso/listarSolicitudProceso.xhtml HTTP/1.1" 200 43405
201.245.192.253 - - [02/Feb/2023:06:42:39 -0500] "POST /sipse/faces/presentacion/financiero/solicitudProceso/listarSolicitudProceso.xhtml HTTP/1.1" 200 43413
201.245.192.253 - - [02/Feb/2023:06:42:43 -0500] "POST /sipse/faces/presentacion/financiero/solicitudProceso/listarSolicitudProceso.xhtml HTTP/1.1" 200 16598
193.35.18.206 - - [02/Feb/2023:06:42:37 -0500] "POST /boaform/admin/formLogin HTTP/1.1" 404 1186
66.249.74.146 - - [02/Feb/2023:06:42:53 -0500] "-" 408 -
69.171.251.22 - - [02/Feb/2023:06:43:04 -0500] "GET /images/1%20de%20febrero%20D\xc3\xada%20sin%20carro.jpeg HTTP/1.1" 404 1034
216.245.221.92 - - [02/Feb/2023:06:44:11 -0500] "GET / HTTP/1.1" 200 319
132.145.39.16 - - [02/Feb/2023:06:45:46 -0500] "GET /.env HTTP/1.1" 404 1018
132.145.39.16 - - [02/Feb/2023:06:45:49 -0500] "GET /_profiler/phpinfo HTTP/1.1" 404 1018
132.145.39.16 - - [02/Feb/2023:06:45:52 -0500] "GET /phpinfo HTTP/1.1" 404 1018
132.145.39.16 - - [02/Feb/2023:06:45:53 -0500] "GET /phpinfo.php HTTP/1.1" 404 1018
168.119.76.223 - - [02/Feb/2023:06:45:54 -0500] "GET /con-liberacion-de-fauna-plantaciones-de-arboles-recorridos-interpretativos-y-de-educacion-bogota-celebra-el-dia-mundial-de-los-humedales.html HTTP/1.1" 200 885
132.145.39.16 - - [02/Feb/2023:06:45:57 -0500] "GET /info.php HTTP/1.1" 404 1018
132.145.39.16 - - [02/Feb/2023:06:46:00 -0500] "GET /php.php HTTP/1.1" 404 1018
132.145.39.16 - - [02/Feb/2023:06:46:02 -0500] "GET /test.php HTTP/1.1" 404 1018
172.22.2.4 - - [02/Feb/2023:06:45:25 -0500] "HEAD /BLA/boletinlegal/ HTTP/1.1" 200 -
66.220.149.15 - - [02/Feb/2023:06:47:10 -0500] "GET /images/1%20de%20febrero%20D\xc3\xada%20sin%20carro.jpeg HTTP/1.1" 404 1034
201.245.192.253 - - [02/Feb/2023:06:47:19 -0500] "POST /kwsrmcab/Wsrmcab  HTTP/1.1" 200 213
173.252.107.17 - - [02/Feb/2023:06:47:44 -0500] "GET /images/1%20de%20febrero%20D\xc3\xada%20sin%20carro.jpeg HTTP/1.1" 404 1034
172.22.2.4 - - [02/Feb/2023:06:46:16 -0500] "GET /BLA/boletinlegal/ HTTP/1.1" 200 59404
193.35.18.231 - - [02/Feb/2023:06:47:49 -0500] "POST /boaform/admin/formLogin HTTP/1.1" 404 1186
186.28.44.128 - - [02/Feb/2023:06:48:09 -0500] "GET /este-jueves-muevete-sostenible-y-dale-un-respiro-a-la-ciudad-en-el-dia-sin-carro-y-sin-moto.html HTTP/1.1" 200 913
66.220.149.12 - - [02/Feb/2023:06:48:17 -0500] "GET /images/1%20de%20febrero%20D\xc3\xada%20sin%20carro.jpeg HTTP/1.1" 404 1034
180.149.15.242 - - [02/Feb/2023:06:48:19 -0500] "GET /secretaria-de-ambiente-suspende-tres-hornos-crematorios-de-bogota-por-contaminacion-del-aire.html HTTP/1.1" 200 927
206.204.63.63 - - [02/Feb/2023:06:48:19 -0500] "GET /este-jueves-muevete-sostenible-y-dale-un-respiro-a-la-ciudad-en-el-dia-sin-carro-y-sin-moto.html HTTP/1.1" 200 913
94.176.87.67 - - [02/Feb/2023:06:48:20 -0500] "GET /con-liberacion-de-fauna-plantaciones-de-arboles-recorridos-interpretativos-y-de-educacion-bogota-celebra-el-dia-mundial-de-los-humedales.html HTTP/1.1" 200 885
216.245.221.92 - - [02/Feb/2023:06:49:11 -0500] "HEAD / HTTP/1.1" 200 -
5.78.72.246 - - [02/Feb/2023:06:49:16 -0500] "GET /wp-login.php HTTP/1.1" 404 1018
186.28.44.128 - - [02/Feb/2023:06:49:24 -0500] "GET /secretaria-de-ambiente-suspende-tres-hornos-crematorios-de-bogota-por-contaminacion-del-aire.html HTTP/1.1" 200 927
66.220.149.17 - - [02/Feb/2023:06:49:33 -0500] "GET /images/1%20de%20febrero%20D\xc3\xada%20sin%20carro.jpeg HTTP/1.1" 404 1034
66.249.74.146 - - [02/Feb/2023:06:50:06 -0500] "-" 408 -
193.35.18.203 - - [02/Feb/2023:06:51:04 -0500] "POST /boaform/admin/formLogin HTTP/1.1" 404 1186
201.245.192.253 - - [02/Feb/2023:06:52:18 -0500] "POST /kwsrmcab/Wsrmcab  HTTP/1.1" 200 213
186.154.32.232 - - [02/Feb/2023:06:52:27 -0500] "POST /sipse/faces/presentacion/financiero/solicitudProceso/consultarSolicitudProceso.xhtml HTTP/1.1" 302 -
186.154.32.232 - - [02/Feb/2023:06:52:27 -0500] "GET /sipse/faces/javax.faces.resource/images/ui-bg_flat_0_2d5972_40x100.png?ln=primefaces-aristo HTTP/1.1" 304 -
186.154.32.232 - - [02/Feb/2023:06:52:27 -0500] "GET /sipse/faces/autenticacion.xhtml HTTP/1.1" 200 1099
186.154.32.232 - - [02/Feb/2023:06:52:33 -0500] "POST /sipse/faces/presentacion/financiero/solicitudProceso/consultarSolicitudProceso.xhtml HTTP/1.1" 302 -
186.154.32.232 - - [02/Feb/2023:06:52:33 -0500] "GET /sipse/faces/autenticacion.xhtml HTTP/1.1" 200 1099
186.154.32.232 - - [02/Feb/2023:06:52:42 -0500] "GET /sipse/faces/presentacion/sistema/anexos/cargarAnexoSolicitudProceso.xhtml HTTP/1.1" 302 -
186.154.32.232 - - [02/Feb/2023:06:52:42 -0500] "GET /sipse/faces/autenticacion.xhtml HTTP/1.1" 200 12171
186.154.32.232 - - [02/Feb/2023:06:52:42 -0500] "GET /sipse/faces/javax.faces.resource/theme.css?ln=primefaces-sipse HTTP/1.1" 304 -
186.154.32.232 - - [02/Feb/2023:06:52:42 -0500] "GET /sipse/faces/javax.faces.resource/primefaces.css?ln=primefaces&v=4.0 HTTP/1.1" 304 -
186.154.32.232 - - [02/Feb/2023:06:52:42 -0500] "GET /sipse/faces/javax.faces.resource/layout/layout.css?ln=primefaces&v=4.0 HTTP/1.1" 304 -
186.154.32.232 - - [02/Feb/2023:06:52:42 -0500] "GET /sipse/faces/javax.faces.resource/jquery/jquery-plugins.js?ln=primefaces&v=4.0 HTTP/1.1" 304 -
186.154.32.232 - - [02/Feb/2023:06:52:42 -0500] "GET /sipse/faces/javax.faces.resource/jquery/jquery.js?ln=primefaces&v=4.0 HTTP/1.1" 304 -
186.154.32.232 - - [02/Feb/2023:06:52:42 -0500] "GET /sipse/faces/javax.faces.resource/layout/layout.js?ln=primefaces&v=4.0 HTTP/1.1" 304 -
186.154.32.232 - - [02/Feb/2023:06:52:42 -0500] "GET /sipse/faces/javax.faces.resource/primefaces.js?ln=primefaces&v=4.0 HTTP/1.1" 304 -
186.154.32.232 - - [02/Feb/2023:06:52:42 -0500] "GET /sipse/faces/javax.faces.resource/images/ui-icons_898989_256x240.png?ln=primefaces-aristo HTTP/1.1" 304 -
186.154.32.232 - - [02/Feb/2023:06:52:42 -0500] "GET /sipse/faces/index.xhtml HTTP/1.1" 200 677
186.154.32.232 - - [02/Feb/2023:06:52:42 -0500] "GET /sipse/faces/javax.faces.resource/theme.css?ln=primefaces-sipse HTTP/1.1" 304 -
186.154.32.232 - - [02/Feb/2023:06:52:43 -0500] "GET /sipse/faces/faces/autenticacion.xhtml HTTP/1.1" 200 12171
186.154.32.232 - - [02/Feb/2023:06:52:43 -0500] "GET /sipse/faces/javax.faces.resource/theme.css?ln=primefaces-sipse HTTP/1.1" 304 -
186.154.32.232 - - [02/Feb/2023:06:52:43 -0500] "GET /sipse/faces/javax.faces.resource/primefaces.js?ln=primefaces&v=4.0 HTTP/1.1" 304 -
186.154.32.232 - - [02/Feb/2023:06:52:43 -0500] "GET /sipse/faces/javax.faces.resource/jquery/jquery.js?ln=primefaces&v=4.0 HTTP/1.1" 304 -
186.154.32.232 - - [02/Feb/2023:06:52:43 -0500] "GET /sipse/faces/javax.faces.resource/jquery/jquery-plugins.js?ln=primefaces&v=4.0 HTTP/1.1" 304 -
186.154.32.232 - - [02/Feb/2023:06:52:43 -0500] "GET /sipse/faces/javax.faces.resource/primefaces.css?ln=primefaces&v=4.0 HTTP/1.1" 304 -
186.154.32.232 - - [02/Feb/2023:06:52:43 -0500] "GET /sipse/faces/javax.faces.resource/layout/layout.css?ln=primefaces&v=4.0 HTTP/1.1" 304 -
186.154.32.232 - - [02/Feb/2023:06:52:43 -0500] "GET /sipse/faces/javax.faces.resource/layout/layout.js?ln=primefaces&v=4.0 HTTP/1.1" 304 -
69.171.251.22 - - [02/Feb/2023:06:52:45 -0500] "GET /images/1%20de%20febrero%20D\xc3\xada%20sin%20carro.jpeg HTTP/1.1" 404 1034
186.154.32.232 - - [02/Feb/2023:06:52:45 -0500] "POST /sipse/faces/autenticacion.xhtml HTTP/1.1" 200 2217
186.154.32.232 - - [02/Feb/2023:06:52:45 -0500] "GET /sipse/faces/javax.faces.resource/messages/messages.png?ln=primefaces&v=4.0 HTTP/1.1" 304 -
186.154.32.232 - - [02/Feb/2023:06:52:47 -0500] "GET /sipse/faces/javax.faces.resource/images/ui-icons_898989_256x240.png?ln=primefaces-aristo HTTP/1.1" 304 -
186.154.32.232 - - [02/Feb/2023:06:52:47 -0500] "POST /sipse/faces/autenticacion.xhtml HTTP/1.1" 200 16243
186.154.32.232 - - [02/Feb/2023:06:52:47 -0500] "GET /sipse/faces/javax.faces.resource/theme.css?ln=primefaces-sipse HTTP/1.1" 304 -
186.154.32.232 - - [02/Feb/2023:06:52:47 -0500] "GET /sipse/faces/javax.faces.resource/layout/layout.css?ln=primefaces&v=4.0 HTTP/1.1" 304 -
186.154.32.232 - - [02/Feb/2023:06:52:47 -0500] "GET /sipse/faces/javax.faces.resource/primefaces.css?ln=primefaces&v=4.0 HTTP/1.1" 304 -
186.154.32.232 - - [02/Feb/2023:06:52:47 -0500] "GET /sipse/faces/javax.faces.resource/jquery/jquery.js?ln=primefaces&v=4.0 HTTP/1.1" 304 -
186.154.32.232 - - [02/Feb/2023:06:52:47 -0500] "GET /sipse/faces/javax.faces.resource/jquery/jquery-plugins.js?ln=primefaces&v=4.0 HTTP/1.1" 304 -
186.154.32.232 - - [02/Feb/2023:06:52:48 -0500] "GET /sipse/faces/javax.faces.resource/primefaces.js?ln=primefaces&v=4.0 HTTP/1.1" 304 -
186.154.32.232 - - [02/Feb/2023:06:52:48 -0500] "GET /sipse/faces/javax.faces.resource/layout/layout.js?ln=primefaces&v=4.0 HTTP/1.1" 304 -
186.154.32.232 - - [02/Feb/2023:06:52:48 -0500] "GET /sipse/imagenes/logoAplicacion.jpg HTTP/1.1" 304 -
186.154.32.232 - - [02/Feb/2023:06:52:48 -0500] "GET /sipse/css/imagen/contrasena.png HTTP/1.1" 404 383
186.154.32.232 - - [02/Feb/2023:06:52:50 -0500] "GET /sipse/faces/javax.faces.resource/images/ui-bg_flat_0_2d5972_40x100.png?ln=primefaces-aristo HTTP/1.1" 304 -
186.154.32.232 - - [02/Feb/2023:06:52:50 -0500] "POST /sipse/faces/bienvenido.xhtml HTTP/1.1" 200 2658
186.154.32.232 - - [02/Feb/2023:06:52:50 -0500] "POST /sipse/faces/bienvenido.xhtml HTTP/1.1" 200 63886
186.154.32.232 - - [02/Feb/2023:06:52:51 -0500] "GET /sipse/faces/javax.faces.resource/layout/layout.css?ln=primefaces&v=4.0 HTTP/1.1" 304 -
186.154.32.232 - - [02/Feb/2023:06:52:51 -0500] "GET /sipse/faces/javax.faces.resource/theme.css?ln=primefaces-sipse HTTP/1.1" 304 -
186.154.32.232 - - [02/Feb/2023:06:52:51 -0500] "GET /sipse/faces/javax.faces.resource/primefaces.css?ln=primefaces&v=4.0 HTTP/1.1" 304 -
186.154.32.232 - - [02/Feb/2023:06:52:51 -0500] "GET /sipse/faces/javax.faces.resource/jquery/jquery.js?ln=primefaces&v=4.0 HTTP/1.1" 304 -
186.154.32.232 - - [02/Feb/2023:06:52:51 -0500] "GET /sipse/faces/javax.faces.resource/jquery/jquery-plugins.js?ln=primefaces&v=4.0 HTTP/1.1" 304 -
186.154.32.232 - - [02/Feb/2023:06:52:51 -0500] "GET /sipse/faces/javax.faces.resource/primefaces.js?ln=primefaces&v=4.0 HTTP/1.1" 304 -
186.154.32.232 - - [02/Feb/2023:06:52:51 -0500] "GET /sipse/faces/javax.faces.resource/layout/layout.js?ln=primefaces&v=4.0 HTTP/1.1" 304 -
186.154.32.232 - - [02/Feb/2023:06:52:51 -0500] "POST /sipse/faces/presentacion/financiero/solicitudProceso/listarSolicitudProceso.xhtml HTTP/1.1" 200 1552
172.22.2.4 - - [02/Feb/2023:06:51:15 -0500] "HEAD /BLA/boletinlegal/ HTTP/1.1" 200 -
