181.56.171.197 - - [02/Feb/2023:07:03:56 -0500] "GET /sipse/faces/javax.faces.resource/theme.css?ln=primefaces-sipse HTTP/1.1" 304 -
181.56.171.197 - - [02/Feb/2023:07:03:56 -0500] "GET /sipse/faces/javax.faces.resource/primefaces.css?ln=primefaces&v=4.0 HTTP/1.1" 304 -
181.56.171.197 - - [02/Feb/2023:07:03:56 -0500] "GET /sipse/faces/javax.faces.resource/layout/layout.css?ln=primefaces&v=4.0 HTTP/1.1" 304 -
181.56.171.197 - - [02/Feb/2023:07:03:56 -0500] "GET /sipse/faces/javax.faces.resource/jquery/jquery.js?ln=primefaces&v=4.0 HTTP/1.1" 304 -
181.56.171.197 - - [02/Feb/2023:07:03:56 -0500] "GET /sipse/faces/javax.faces.resource/jquery/jquery-plugins.js?ln=primefaces&v=4.0 HTTP/1.1" 304 -
181.56.171.197 - - [02/Feb/2023:07:03:56 -0500] "GET /sipse/faces/javax.faces.resource/primefaces.js?ln=primefaces&v=4.0 HTTP/1.1" 304 -
181.56.171.197 - - [02/Feb/2023:07:03:56 -0500] "GET /sipse/faces/javax.faces.resource/layout/layout.js?ln=primefaces&v=4.0 HTTP/1.1" 304 -
186.84.184.239 - - [02/Feb/2023:07:03:58 -0500] "POST /sipse/faces/presentacion/financiero/solicitudProceso/consultar.xhtml HTTP/1.1" 200 13009
186.80.234.110 - - [02/Feb/2023:07:04:03 -0500] "POST /sipse/faces/presentacion/financiero/solicitudProceso/consultar.xhtml HTTP/1.1" 200 23085
186.84.184.239 - - [02/Feb/2023:07:04:05 -0500] "POST /sipse/faces/presentacion/financiero/solicitudProceso/consultar.xhtml HTTP/1.1" 200 13092
186.80.234.110 - - [02/Feb/2023:07:04:05 -0500] "POST /sipse/faces/presentacion/financiero/solicitudProceso/consultar.xhtml HTTP/1.1" 200 12816
181.56.171.197 - - [02/Feb/2023:07:04:09 -0500] "POST /sipse/faces/presentacion/financiero/solicitudProceso/consultarSolicitudProceso.xhtml HTTP/1.1" 200 40724
181.56.171.197 - - [02/Feb/2023:07:04:09 -0500] "GET /sipse/faces/javax.faces.resource/theme.css?ln=primefaces-sipse HTTP/1.1" 304 -
181.56.171.197 - - [02/Feb/2023:07:04:09 -0500] "GET /sipse/faces/javax.faces.resource/primefaces.css?ln=primefaces&v=4.0 HTTP/1.1" 304 -
181.56.171.197 - - [02/Feb/2023:07:04:09 -0500] "GET /sipse/faces/javax.faces.resource/layout/layout.css?ln=primefaces&v=4.0 HTTP/1.1" 304 -
181.56.171.197 - - [02/Feb/2023:07:04:09 -0500] "GET /sipse/faces/javax.faces.resource/jquery/jquery.js?ln=primefaces&v=4.0 HTTP/1.1" 304 -
181.56.171.197 - - [02/Feb/2023:07:04:09 -0500] "GET /sipse/faces/javax.faces.resource/jquery/jquery-plugins.js?ln=primefaces&v=4.0 HTTP/1.1" 304 -
181.56.171.197 - - [02/Feb/2023:07:04:09 -0500] "GET /sipse/faces/javax.faces.resource/primefaces.js?ln=primefaces&v=4.0 HTTP/1.1" 304 -
181.56.171.197 - - [02/Feb/2023:07:04:10 -0500] "GET /sipse/faces/javax.faces.resource/layout/layout.js?ln=primefaces&v=4.0 HTTP/1.1" 304 -
181.56.171.197 - - [02/Feb/2023:07:04:10 -0500] "POST /sipse/faces/presentacion/financiero/solicitudProceso/consultar.xhtml HTTP/1.1" 200 34137
181.56.171.197 - - [02/Feb/2023:07:04:10 -0500] "POST /sipse/faces/presentacion/financiero/solicitudProceso/consultar.xhtml HTTP/1.1" 200 34137
181.56.171.197 - - [02/Feb/2023:07:04:10 -0500] "POST /sipse/faces/presentacion/financiero/solicitudProceso/consultar.xhtml HTTP/1.1" 200 34137
186.84.184.239 - - [02/Feb/2023:07:04:10 -0500] "POST /sipse/faces/presentacion/financiero/solicitudProceso/consultar.xhtml HTTP/1.1" 200 13015
181.56.171.197 - - [02/Feb/2023:07:04:10 -0500] "POST /sipse/faces/presentacion/financiero/solicitudProceso/consultar.xhtml HTTP/1.1" 200 34137
216.245.221.92 - - [02/Feb/2023:07:04:11 -0500] "HEAD / HTTP/1.1" 200 -
186.84.184.239 - - [02/Feb/2023:07:04:15 -0500] "POST /sipse/faces/presentacion/financiero/solicitudProceso/consultar.xhtml HTTP/1.1" 200 12922
181.56.171.197 - - [02/Feb/2023:07:04:24 -0500] "POST /sipse/faces/presentacion/financiero/solicitudProceso/consultar.xhtml HTTP/1.1" 200 34137
181.56.171.197 - - [02/Feb/2023:07:04:24 -0500] "POST /sipse/faces/presentacion/financiero/solicitudProceso/consultar.xhtml HTTP/1.1" 200 34137
181.56.171.197 - - [02/Feb/2023:07:04:24 -0500] "POST /sipse/faces/presentacion/financiero/solicitudProceso/consultar.xhtml HTTP/1.1" 200 34137
181.56.171.197 - - [02/Feb/2023:07:04:25 -0500] "POST /sipse/faces/presentacion/financiero/solicitudProceso/consultar.xhtml HTTP/1.1" 200 34137
186.84.184.239 - - [02/Feb/2023:07:04:23 -0500] "POST /sipse/faces/presentacion/financiero/solicitudProceso/consultar.xhtml HTTP/1.1" 200 13126
181.56.171.197 - - [02/Feb/2023:07:04:25 -0500] "POST /sipse/faces/presentacion/financiero/solicitudProceso/consultar.xhtml HTTP/1.1" 200 34137
181.56.171.197 - - [02/Feb/2023:07:04:25 -0500] "POST /sipse/faces/presentacion/financiero/solicitudProceso/consultar.xhtml HTTP/1.1" 200 34137
186.80.234.110 - - [02/Feb/2023:07:04:27 -0500] "POST /sipse/faces/presentacion/financiero/solicitudProceso/consultar.xhtml HTTP/1.1" 200 12887
181.56.171.197 - - [02/Feb/2023:07:04:28 -0500] "POST /sipse/faces/presentacion/financiero/solicitudProceso/consultar.xhtml HTTP/1.1" 200 34137
181.56.171.197 - - [02/Feb/2023:07:04:28 -0500] "POST /sipse/faces/presentacion/financiero/solicitudProceso/consultar.xhtml HTTP/1.1" 200 34137
181.56.171.197 - - [02/Feb/2023:07:04:28 -0500] "POST /sipse/faces/presentacion/financiero/solicitudProceso/consultar.xhtml HTTP/1.1" 200 34137
181.56.171.197 - - [02/Feb/2023:07:04:28 -0500] "POST /sipse/faces/presentacion/financiero/solicitudProceso/consultar.xhtml HTTP/1.1" 200 34137
181.56.171.197 - - [02/Feb/2023:07:04:28 -0500] "POST /sipse/faces/presentacion/financiero/solicitudProceso/consultar.xhtml HTTP/1.1" 200 34137
181.56.171.197 - - [02/Feb/2023:07:04:29 -0500] "POST /sipse/faces/presentacion/financiero/solicitudProceso/consultar.xhtml HTTP/1.1" 200 34137
172.22.2.4 - - [02/Feb/2023:07:02:55 -0500] "HEAD /BLA/boletinlegal/ HTTP/1.1" 200 -
91.134.248.249 - - [02/Feb/2023:07:04:42 -0500] "POST /portaldeninos/xmlrpc.php HTTP/1.1" 200 415
91.134.248.249 - - [02/Feb/2023:07:04:43 -0500] "POST /portaldeninos/xmlrpc.php HTTP/1.1" 200 415
182.50.151.3 - - [02/Feb/2023:07:04:52 -0500] "POST /portaldeninos/xmlrpc.php HTTP/1.1" 200 415
186.80.234.110 - - [02/Feb/2023:07:04:52 -0500] "POST /sipse/faces/presentacion/financiero/solicitudProceso/consultar.xhtml HTTP/1.1" 200 23085
72.167.222.62 - - [02/Feb/2023:07:04:53 -0500] "POST /portaldeninos/xmlrpc.php HTTP/1.1" 200 415
182.50.151.3 - - [02/Feb/2023:07:04:53 -0500] "POST /portaldeninos/xmlrpc.php HTTP/1.1" 200 415
72.167.222.62 - - [02/Feb/2023:07:04:53 -0500] "POST /portaldeninos/xmlrpc.php HTTP/1.1" 200 415
186.80.234.110 - - [02/Feb/2023:07:04:54 -0500] "POST /sipse/faces/presentacion/financiero/solicitudProceso/consultar.xhtml HTTP/1.1" 200 12851
92.205.148.93 - - [02/Feb/2023:07:04:56 -0500] "POST /portaldeninos/xmlrpc.php HTTP/1.1" 200 415
92.205.148.93 - - [02/Feb/2023:07:04:56 -0500] "POST /portaldeninos/xmlrpc.php HTTP/1.1" 200 415
142.93.223.16 - - [02/Feb/2023:07:05:03 -0500] "POST /portaldeninos/xmlrpc.php HTTP/1.1" 200 415
148.66.145.141 - - [02/Feb/2023:07:05:04 -0500] "POST /portaldeninos/xmlrpc.php HTTP/1.1" 200 415
142.93.223.16 - - [02/Feb/2023:07:05:05 -0500] "POST /portaldeninos/xmlrpc.php HTTP/1.1" 200 415
148.66.145.141 - - [02/Feb/2023:07:05:05 -0500] "POST /portaldeninos/xmlrpc.php HTTP/1.1" 200 415
186.80.234.110 - - [02/Feb/2023:07:05:12 -0500] "POST /sipse/faces/presentacion/financiero/solicitudProceso/consultar.xhtml HTTP/1.1" 200 23085
192.190.220.41 - - [02/Feb/2023:07:05:12 -0500] "POST /portaldeninos/xmlrpc.php HTTP/1.1" 200 415
192.190.220.41 - - [02/Feb/2023:07:05:13 -0500] "POST /portaldeninos/xmlrpc.php HTTP/1.1" 200 415
186.80.234.110 - - [02/Feb/2023:07:05:15 -0500] "POST /sipse/faces/presentacion/financiero/solicitudProceso/consultar.xhtml HTTP/1.1" 200 12931
160.153.153.135 - - [02/Feb/2023:07:05:18 -0500] "POST /portaldeninos/xmlrpc.php HTTP/1.1" 200 415
160.153.153.135 - - [02/Feb/2023:07:05:18 -0500] "POST /portaldeninos/xmlrpc.php HTTP/1.1" 200 415
23.88.24.92 - - [02/Feb/2023:07:05:21 -0500] "POST /portaldeninos/xmlrpc.php HTTP/1.1" 200 415
23.88.24.92 - - [02/Feb/2023:07:05:22 -0500] "POST /portaldeninos/xmlrpc.php HTTP/1.1" 200 415
181.56.171.197 - - [02/Feb/2023:07:05:23 -0500] "POST /sipse/faces/presentacion/financiero/solicitudProceso/consultar.xhtml HTTP/1.1" 200 12891
148.66.145.141 - - [02/Feb/2023:07:05:24 -0500] "POST /portaldeninos/xmlrpc.php HTTP/1.1" 200 415
148.66.145.141 - - [02/Feb/2023:07:05:25 -0500] "POST /portaldeninos/xmlrpc.php HTTP/1.1" 200 415
172.22.2.4 - - [02/Feb/2023:07:03:46 -0500] "GET /BLA/boletinlegal/ HTTP/1.1" 200 57192
181.56.171.197 - - [02/Feb/2023:07:05:27 -0500] "POST /sipse/faces/presentacion/financiero/solicitudProceso/consultar.xhtml HTTP/1.1" 200 152735
181.56.171.197 - - [02/Feb/2023:07:05:28 -0500] "GET /sipse/faces/javax.faces.resource/theme.css?ln=primefaces-sipse HTTP/1.1" 304 -
181.56.171.197 - - [02/Feb/2023:07:05:28 -0500] "GET /sipse/faces/javax.faces.resource/primefaces.css?ln=primefaces&v=4.0 HTTP/1.1" 304 -
181.56.171.197 - - [02/Feb/2023:07:05:28 -0500] "GET /sipse/faces/javax.faces.resource/layout/layout.css?ln=primefaces&v=4.0 HTTP/1.1" 304 -
181.56.171.197 - - [02/Feb/2023:07:05:28 -0500] "GET /sipse/faces/javax.faces.resource/jquery/jquery.js?ln=primefaces&v=4.0 HTTP/1.1" 304 -
181.56.171.197 - - [02/Feb/2023:07:05:28 -0500] "GET /sipse/faces/javax.faces.resource/jquery/jquery-plugins.js?ln=primefaces&v=4.0 HTTP/1.1" 304 -
181.56.171.197 - - [02/Feb/2023:07:05:28 -0500] "GET /sipse/faces/javax.faces.resource/primefaces.js?ln=primefaces&v=4.0 HTTP/1.1" 304 -
181.56.171.197 - - [02/Feb/2023:07:05:28 -0500] "GET /sipse/faces/javax.faces.resource/layout/layout.js?ln=primefaces&v=4.0 HTTP/1.1" 304 -
89.22.104.110 - - [02/Feb/2023:07:05:28 -0500] "POST /portaldeninos/xmlrpc.php HTTP/1.1" 200 415
89.22.104.110 - - [02/Feb/2023:07:05:29 -0500] "POST /portaldeninos/xmlrpc.php HTTP/1.1" 200 415
181.56.171.197 - - [02/Feb/2023:07:05:39 -0500] "POST /sipse/faces/presentacion/financiero/solicitudProceso/consultarSolicitudProceso.xhtml HTTP/1.1" 200 5526
186.80.234.110 - - [02/Feb/2023:07:05:41 -0500] "POST /sipse/faces/presentacion/financiero/solicitudProceso/consultar.xhtml HTTP/1.1" 200 23085
186.80.234.110 - - [02/Feb/2023:07:05:43 -0500] "POST /sipse/faces/presentacion/financiero/solicitudProceso/consultar.xhtml HTTP/1.1" 200 12805
186.80.234.110 - - [02/Feb/2023:07:06:01 -0500] "POST /sipse/faces/presentacion/financiero/solicitudProceso/consultar.xhtml HTTP/1.1" 200 23085
186.80.234.110 - - [02/Feb/2023:07:06:03 -0500] "POST /sipse/faces/presentacion/financiero/solicitudProceso/consultar.xhtml HTTP/1.1" 200 12797
186.154.32.232 - - [02/Feb/2023:07:06:06 -0500] "GET /galeria/carrusel/Carrusel/jquery.thumbnailScroller.css HTTP/1.1" 200 2066
186.154.32.232 - - [02/Feb/2023:07:06:06 -0500] "GET /BLA/boletinlegal/js/jquery.scrollShow.js HTTP/1.1" 200 4586
186.154.32.232 - - [02/Feb/2023:07:06:06 -0500] "GET /galeria/carrusel/Carrusel/jquery-ui-1.8.13.custom.min.js HTTP/1.1" 200 10800
186.154.32.232 - - [02/Feb/2023:07:06:06 -0500] "GET /galeria/galeria/jquery.fancybox.js?v=2.1.5 HTTP/1.1" 200 48706
186.154.32.232 - - [02/Feb/2023:07:06:06 -0500] "GET /galeria/nivo-slider/themes/default/default.css HTTP/1.1" 200 1569
186.154.32.232 - - [02/Feb/2023:07:06:06 -0500] "GET /galeria/nivo-slider/demo/images/bannertortuga_optimized.jpg HTTP/1.1" 200 39066
186.154.32.232 - - [02/Feb/2023:07:06:06 -0500] "GET /galeria/nivo-slider/demo/images/bannertrafico_optimized.jpg HTTP/1.1" 200 42578
186.154.32.232 - - [02/Feb/2023:07:06:06 -0500] "GET /galeria/nivo-slider/demo/images/Bannersedeelectronica.jpg HTTP/1.1" 200 40383
186.154.32.232 - - [02/Feb/2023:07:06:06 -0500] "GET /galeria/nivo-slider/demo/images/banneraire2021.jpg HTTP/1.1" 200 265101
186.154.32.232 - - [02/Feb/2023:07:06:06 -0500] "GET /galeria/nivo-slider/demo/images/bannerresiduoshospitalariosagosto.jpg HTTP/1.1" 200 36499
186.154.32.232 - - [02/Feb/2023:07:06:07 -0500] "GET /galeria/nivo-slider/demo/images/bannerclases2021.jpg HTTP/1.1" 200 68230
186.154.32.232 - - [02/Feb/2023:07:06:07 -0500] "GET /galeria/nivo-slider/demo/images/bannercapacitacionesbogota.jpg HTTP/1.1" 200 42416
186.154.32.232 - - [02/Feb/2023:07:06:07 -0500] "GET /galeria/nivo-slider/demo/images/Bannervirtualescanales.jpg HTTP/1.1" 200 174544
186.154.32.232 - - [02/Feb/2023:07:06:07 -0500] "GET /galeria/nivo-slider/themes/default/loading.gif HTTP/1.1" 200 1737
186.154.32.232 - - [02/Feb/2023:07:06:07 -0500] "GET /galeria/nivo-slider/themes/default/arrows.png HTTP/1.1" 200 824
186.154.32.232 - - [02/Feb/2023:07:06:07 -0500] "GET /galeria/nivo-slider/themes/default/bullets.png HTTP/1.1" 200 1281
173.252.107.1 - - [02/Feb/2023:07:06:11 -0500] "GET /images/Aire%20Reyes%20(1)%20(1).jpeg HTTP/1.1" 200 59709
173.252.107.117 - - [02/Feb/2023:07:06:11 -0500] "GET /images/19%20de%20enero%20\xc3\xa1rbol%20bosque%20San%20Carlos.jpg HTTP/1.1" 404 1034
173.252.107.7 - - [02/Feb/2023:07:06:11 -0500] "GET /images/mantener-calidad-del-aire_optimized.jpeg HTTP/1.1" 200 67646
173.252.107.23 - - [02/Feb/2023:07:06:11 -0500] "GET /images/Archivo%20pacto%20aire%2023%20enero.jpeg HTTP/1.1" 200 28889
173.252.107.18 - - [02/Feb/2023:07:06:11 -0500] "GET /images/vertimiento-Comprimida%20(1).png HTTP/1.1" 200 22870
173.252.107.117 - - [02/Feb/2023:07:06:11 -0500] "GET /images/Fauna%20Silvestre%20SDA%2002.jpeg HTTP/1.1" 200 41590
173.252.107.2 - - [02/Feb/2023:07:06:12 -0500] "GET /images/Secretaria%20Urrutia%20evento%20h\xc3\xa1bitat%20Francia%2024%20de%20enero.jpeg HTTP/1.1" 404 1034
173.252.107.9 - - [02/Feb/2023:07:06:12 -0500] "GET /images/Humedal%20Tunjo%20RAMSAR.jpeg HTTP/1.1" 200 120269
186.80.234.110 - - [02/Feb/2023:07:06:16 -0500] "POST /sipse/faces/presentacion/financiero/solicitudProceso/consultar.xhtml HTTP/1.1" 200 23085
186.80.234.110 - - [02/Feb/2023:07:06:18 -0500] "POST /sipse/faces/presentacion/financiero/solicitudProceso/consultar.xhtml HTTP/1.1" 200 12814
186.80.234.110 - - [02/Feb/2023:07:06:41 -0500] "POST /sipse/faces/presentacion/financiero/solicitudProceso/consultar.xhtml HTTP/1.1" 200 23085
186.80.234.110 - - [02/Feb/2023:07:06:43 -0500] "POST /sipse/faces/presentacion/financiero/solicitudProceso/consultar.xhtml HTTP/1.1" 200 12941
186.80.234.110 - - [02/Feb/2023:07:07:13 -0500] "POST /sipse/faces/presentacion/financiero/solicitudProceso/consultar.xhtml HTTP/1.1" 200 23085
186.80.234.110 - - [02/Feb/2023:07:07:15 -0500] "POST /sipse/faces/presentacion/financiero/solicitudProceso/consultar.xhtml HTTP/1.1" 200 12841
201.245.192.253 - - [02/Feb/2023:07:07:15 -0500] "POST /kwsrmcab/Wsrmcab  HTTP/1.1" 200 213
186.80.234.110 - - [02/Feb/2023:07:07:22 -0500] "POST /sipse/faces/presentacion/financiero/solicitudProceso/consultar.xhtml HTTP/1.1" 200 23085
186.80.234.110 - - [02/Feb/2023:07:07:27 -0500] "POST /sipse/faces/presentacion/financiero/solicitudProceso/consultar.xhtml HTTP/1.1" 200 12851
186.80.234.110 - - [02/Feb/2023:07:07:36 -0500] "POST /sipse/faces/presentacion/financiero/solicitudProceso/consultar.xhtml HTTP/1.1" 200 152174
186.80.234.110 - - [02/Feb/2023:07:07:37 -0500] "GET /sipse/faces/javax.faces.resource/jquery/jquery.js?ln=primefaces&v=4.0 HTTP/1.1" 304 -
186.80.234.110 - - [02/Feb/2023:07:07:37 -0500] "GET /sipse/faces/javax.faces.resource/jquery/jquery-plugins.js?ln=primefaces&v=4.0 HTTP/1.1" 304 -
186.80.234.110 - - [02/Feb/2023:07:07:37 -0500] "GET /sipse/faces/javax.faces.resource/primefaces.js?ln=primefaces&v=4.0 HTTP/1.1" 304 -
186.80.234.110 - - [02/Feb/2023:07:07:38 -0500] "GET /sipse/faces/javax.faces.resource/layout/layout.js?ln=primefaces&v=4.0 HTTP/1.1" 304 -
181.63.8.141 - - [02/Feb/2023:07:07:40 -0500] "GET /sipse/faces/index.xhtml HTTP/1.1" 200 677
181.63.8.141 - - [02/Feb/2023:07:07:40 -0500] "GET /sipse/faces/javax.faces.resource/theme.css?ln=primefaces-sipse HTTP/1.1" 304 -
181.63.8.141 - - [02/Feb/2023:07:07:40 -0500] "GET /sipse/faces/faces/autenticacion.xhtml HTTP/1.1" 200 12171
181.63.8.141 - - [02/Feb/2023:07:07:40 -0500] "GET /sipse/faces/javax.faces.resource/theme.css?ln=primefaces-sipse HTTP/1.1" 304 -
181.63.8.141 - - [02/Feb/2023:07:07:40 -0500] "GET /sipse/faces/javax.faces.resource/primefaces.css?ln=primefaces&v=4.0 HTTP/1.1" 304 -
181.63.8.141 - - [02/Feb/2023:07:07:40 -0500] "GET /sipse/faces/javax.faces.resource/layout/layout.css?ln=primefaces&v=4.0 HTTP/1.1" 304 -
181.63.8.141 - - [02/Feb/2023:07:07:40 -0500] "GET /sipse/faces/javax.faces.resource/jquery/jquery.js?ln=primefaces&v=4.0 HTTP/1.1" 304 -
181.63.8.141 - - [02/Feb/2023:07:07:40 -0500] "GET /sipse/faces/javax.faces.resource/jquery/jquery-plugins.js?ln=primefaces&v=4.0 HTTP/1.1" 304 -
181.63.8.141 - - [02/Feb/2023:07:07:40 -0500] "GET /sipse/faces/javax.faces.resource/primefaces.js?ln=primefaces&v=4.0 HTTP/1.1" 304 -
181.63.8.141 - - [02/Feb/2023:07:07:40 -0500] "GET /sipse/faces/javax.faces.resource/layout/layout.js?ln=primefaces&v=4.0 HTTP/1.1" 304 -
181.63.8.141 - - [02/Feb/2023:07:07:41 -0500] "GET /sipse/faces/javax.faces.resource/images/ui-icons_898989_256x240.png?ln=primefaces-aristo HTTP/1.1" 304 -
186.80.234.110 - - [02/Feb/2023:07:07:43 -0500] "POST /sipse/faces/presentacion/financiero/solicitudProceso/consultarSolicitudProceso.xhtml HTTP/1.1" 200 47128
186.80.234.110 - - [02/Feb/2023:07:07:44 -0500] "GET /sipse/faces/javax.faces.resource/jquery/jquery-plugins.js?ln=primefaces&v=4.0 HTTP/1.1" 304 -
186.80.234.110 - - [02/Feb/2023:07:07:44 -0500] "GET /sipse/faces/javax.faces.resource/jquery/jquery.js?ln=primefaces&v=4.0 HTTP/1.1" 304 -
186.80.234.110 - - [02/Feb/2023:07:07:44 -0500] "GET /sipse/faces/javax.faces.resource/layout/layout.css?ln=primefaces&v=4.0 HTTP/1.1" 200 542
186.80.234.110 - - [02/Feb/2023:07:07:44 -0500] "GET /sipse/faces/javax.faces.resource/primefaces.js?ln=primefaces&v=4.0 HTTP/1.1" 304 -
186.80.234.110 - - [02/Feb/2023:07:07:44 -0500] "GET /sipse/faces/javax.faces.resource/layout/layout.js?ln=primefaces&v=4.0 HTTP/1.1" 304 -
186.80.234.110 - - [02/Feb/2023:07:07:44 -0500] "GET /sipse/faces/javax.faces.resource/theme.css?ln=primefaces-sipse HTTP/1.1" 200 50058
186.80.234.110 - - [02/Feb/2023:07:07:44 -0500] "GET /sipse/faces/javax.faces.resource/primefaces.css?ln=primefaces&v=4.0 HTTP/1.1" 200 53295
186.80.234.110 - - [02/Feb/2023:07:07:44 -0500] "GET /sipse/faces/javax.faces.resource/images/ui-icons_898989_256x240.png?ln=primefaces-aristo HTTP/1.1" 200 5355
186.80.234.110 - - [02/Feb/2023:07:07:44 -0500] "GET /favicon.ico HTTP/1.1" 200 7782
181.63.8.141 - - [02/Feb/2023:07:07:44 -0500] "POST /sipse/faces/autenticacion.xhtml HTTP/1.1" 200 16676
181.63.8.141 - - [02/Feb/2023:07:07:44 -0500] "GET /sipse/faces/javax.faces.resource/theme.css?ln=primefaces-sipse HTTP/1.1" 304 -
181.63.8.141 - - [02/Feb/2023:07:07:44 -0500] "GET /sipse/faces/javax.faces.resource/primefaces.css?ln=primefaces&v=4.0 HTTP/1.1" 304 -
181.63.8.141 - - [02/Feb/2023:07:07:44 -0500] "GET /sipse/faces/javax.faces.resource/layout/layout.css?ln=primefaces&v=4.0 HTTP/1.1" 304 -
181.63.8.141 - - [02/Feb/2023:07:07:44 -0500] "GET /sipse/faces/javax.faces.resource/jquery/jquery.js?ln=primefaces&v=4.0 HTTP/1.1" 304 -
181.63.8.141 - - [02/Feb/2023:07:07:44 -0500] "GET /sipse/faces/javax.faces.resource/jquery/jquery-plugins.js?ln=primefaces&v=4.0 HTTP/1.1" 304 -
181.63.8.141 - - [02/Feb/2023:07:07:44 -0500] "GET /sipse/faces/javax.faces.resource/primefaces.js?ln=primefaces&v=4.0 HTTP/1.1" 304 -
181.63.8.141 - - [02/Feb/2023:07:07:44 -0500] "GET /sipse/faces/javax.faces.resource/layout/layout.js?ln=primefaces&v=4.0 HTTP/1.1" 304 -
181.63.8.141 - - [02/Feb/2023:07:07:45 -0500] "GET /sipse/css/imagen/contrasena.png HTTP/1.1" 404 383
181.63.8.141 - - [02/Feb/2023:07:07:45 -0500] "GET /sipse/faces/javax.faces.resource/messages/messages.png?ln=primefaces&v=4.0 HTTP/1.1" 304 -
181.63.8.141 - - [02/Feb/2023:07:07:46 -0500] "GET /sipse/faces/javax.faces.resource/images/ui-bg_flat_0_2d5972_40x100.png?ln=primefaces-aristo HTTP/1.1" 304 -
181.63.8.141 - - [02/Feb/2023:07:07:46 -0500] "POST /sipse/faces/bienvenido.xhtml HTTP/1.1" 200 2073
181.63.8.141 - - [02/Feb/2023:07:07:47 -0500] "POST /sipse/faces/bienvenido.xhtml HTTP/1.1" 200 38960
181.63.8.141 - - [02/Feb/2023:07:07:47 -0500] "GET /sipse/faces/javax.faces.resource/theme.css?ln=primefaces-sipse HTTP/1.1" 304 -
181.63.8.141 - - [02/Feb/2023:07:07:47 -0500] "GET /sipse/faces/javax.faces.resource/primefaces.css?ln=primefaces&v=4.0 HTTP/1.1" 304 -
181.63.8.141 - - [02/Feb/2023:07:07:47 -0500] "GET /sipse/faces/javax.faces.resource/layout/layout.css?ln=primefaces&v=4.0 HTTP/1.1" 304 -
181.63.8.141 - - [02/Feb/2023:07:07:47 -0500] "GET /sipse/faces/javax.faces.resource/jquery/jquery.js?ln=primefaces&v=4.0 HTTP/1.1" 304 -
181.63.8.141 - - [02/Feb/2023:07:07:47 -0500] "GET /sipse/faces/javax.faces.resource/jquery/jquery-plugins.js?ln=primefaces&v=4.0 HTTP/1.1" 304 -
181.63.8.141 - - [02/Feb/2023:07:07:47 -0500] "GET /sipse/faces/javax.faces.resource/primefaces.js?ln=primefaces&v=4.0 HTTP/1.1" 304 -
181.63.8.141 - - [02/Feb/2023:07:07:47 -0500] "GET /sipse/faces/javax.faces.resource/layout/layout.js?ln=primefaces&v=4.0 HTTP/1.1" 304 -
181.63.8.141 - - [02/Feb/2023:07:07:51 -0500] "POST /sipse/faces/presentacion/financiero/solicitudProceso/consultar.xhtml HTTP/1.1" 200 13120
181.63.8.141 - - [02/Feb/2023:07:07:59 -0500] "POST /sipse/faces/presentacion/financiero/solicitudProceso/consultar.xhtml HTTP/1.1" 200 12911
172.22.2.4 - - [02/Feb/2023:07:08:00 -0500] "GET /BLA/boletinlegal/.git/config HTTP/1.1" 404 1038
181.63.8.141 - - [02/Feb/2023:07:08:04 -0500] "POST /sipse/faces/presentacion/financiero/solicitudProceso/consultar.xhtml HTTP/1.1" 200 12947
181.63.8.141 - - [02/Feb/2023:07:08:10 -0500] "POST /sipse/faces/presentacion/financiero/solicitudProceso/consultar.xhtml HTTP/1.1" 200 13132
181.63.8.141 - - [02/Feb/2023:07:08:23 -0500] "POST /sipse/faces/presentacion/financiero/solicitudProceso/consultar.xhtml HTTP/1.1" 200 12942
185.119.81.97 - - [02/Feb/2023:07:08:28 -0500] "GET /portaldeninos/wp-login.php HTTP/1.1" 200 2592
95.108.213.149 - - [02/Feb/2023:07:08:29 -0500] "GET /con-liberacion-de-fauna-plantaciones-de-arboles-recorridos-interpretativos-y-de-educacion-bogota-celebra-el-dia-mundial-de-los-humedales.html HTTP/1.1" 200 885
213.180.203.134 - - [02/Feb/2023:07:08:29 -0500] "GET /secretaria-de-ambiente-suspende-tres-hornos-crematorios-de-bogota-por-contaminacion-del-aire.html HTTP/1.1" 200 927
95.108.213.141 - - [02/Feb/2023:07:08:29 -0500] "GET /este-jueves-muevete-sostenible-y-dale-un-respiro-a-la-ciudad-en-el-dia-sin-carro-y-sin-moto.html HTTP/1.1" 200 913
185.119.81.97 - - [02/Feb/2023:07:08:29 -0500] "POST /portaldeninos/wp-login.php HTTP/1.1" 200 3605
181.63.8.141 - - [02/Feb/2023:07:08:32 -0500] "POST /sipse/faces/presentacion/financiero/solicitudProceso/consultar.xhtml HTTP/1.1" 200 13132
181.63.8.141 - - [02/Feb/2023:07:08:38 -0500] "POST /sipse/faces/presentacion/financiero/solicitudProceso/consultar.xhtml HTTP/1.1" 200 141136
181.63.8.141 - - [02/Feb/2023:07:08:39 -0500] "GET /sipse/faces/javax.faces.resource/theme.css?ln=primefaces-sipse HTTP/1.1" 304 -
181.63.8.141 - - [02/Feb/2023:07:08:39 -0500] "GET /sipse/faces/javax.faces.resource/primefaces.css?ln=primefaces&v=4.0 HTTP/1.1" 304 -
181.63.8.141 - - [02/Feb/2023:07:08:39 -0500] "GET /sipse/faces/javax.faces.resource/layout/layout.css?ln=primefaces&v=4.0 HTTP/1.1" 304 -
181.63.8.141 - - [02/Feb/2023:07:08:39 -0500] "GET /sipse/faces/javax.faces.resource/jquery/jquery.js?ln=primefaces&v=4.0 HTTP/1.1" 304 -
181.63.8.141 - - [02/Feb/2023:07:08:39 -0500] "GET /sipse/faces/javax.faces.resource/jquery/jquery-plugins.js?ln=primefaces&v=4.0 HTTP/1.1" 304 -
181.63.8.141 - - [02/Feb/2023:07:08:39 -0500] "GET /sipse/faces/javax.faces.resource/primefaces.js?ln=primefaces&v=4.0 HTTP/1.1" 304 -
181.63.8.141 - - [02/Feb/2023:07:08:39 -0500] "GET /sipse/faces/javax.faces.resource/layout/layout.js?ln=primefaces&v=4.0 HTTP/1.1" 304 -
186.80.234.110 - - [02/Feb/2023:07:08:44 -0500] "GET /sipse/faces/javax.faces.resource/jquery/jquery.js?ln=primefaces&v=4.0 HTTP/1.1" 304 -
186.80.234.110 - - [02/Feb/2023:07:08:44 -0500] "GET /sipse/faces/javax.faces.resource/jquery/jquery-plugins.js?ln=primefaces&v=4.0 HTTP/1.1" 304 -
186.80.234.110 - - [02/Feb/2023:07:08:44 -0500] "GET /sipse/faces/javax.faces.resource/primefaces.js?ln=primefaces&v=4.0 HTTP/1.1" 304 -
186.80.234.110 - - [02/Feb/2023:07:08:44 -0500] "GET /sipse/faces/javax.faces.resource/layout/layout.js?ln=primefaces&v=4.0 HTTP/1.1" 304 -
186.80.234.110 - - [02/Feb/2023:07:08:44 -0500] "GET /sipse/faces/javax.faces.resource/layout/layout.css?ln=primefaces&v=4.0 HTTP/1.1" 200 542
186.80.234.110 - - [02/Feb/2023:07:08:44 -0500] "GET /sipse/faces/javax.faces.resource/theme.css?ln=primefaces-sipse HTTP/1.1" 200 50058
186.80.234.110 - - [02/Feb/2023:07:08:44 -0500] "GET /sipse/faces/javax.faces.resource/primefaces.css?ln=primefaces&v=4.0 HTTP/1.1" 200 53295
186.80.234.110 - - [02/Feb/2023:07:08:43 -0500] "POST /sipse/faces/presentacion/financiero/solicitudProceso/consultarHistorialSolProceso.xhtml HTTP/1.1" 200 197968
186.80.234.110 - - [02/Feb/2023:07:08:44 -0500] "GET /sipse/faces/javax.faces.resource/images/ui-icons_898989_256x240.png?ln=primefaces-aristo HTTP/1.1" 200 5355
186.80.234.110 - - [02/Feb/2023:07:08:44 -0500] "GET /favicon.ico HTTP/1.1" 200 7782
186.80.234.110 - - [02/Feb/2023:07:08:48 -0500] "GET /sipse/faces/javax.faces.resource/primefaces.css?ln=primefaces&v=4.0 HTTP/1.1" 304 -
186.80.234.110 - - [02/Feb/2023:07:08:48 -0500] "GET /sipse/faces/javax.faces.resource/theme.css?ln=primefaces-sipse HTTP/1.1" 304 -
186.80.234.110 - - [02/Feb/2023:07:08:48 -0500] "GET /sipse/faces/javax.faces.resource/jquery/jquery.js?ln=primefaces&v=4.0 HTTP/1.1" 304 -
186.80.234.110 - - [02/Feb/2023:07:08:48 -0500] "GET /sipse/faces/javax.faces.resource/layout/layout.css?ln=primefaces&v=4.0 HTTP/1.1" 304 -
186.80.234.110 - - [02/Feb/2023:07:08:48 -0500] "GET /sipse/faces/javax.faces.resource/jquery/jquery-plugins.js?ln=primefaces&v=4.0 HTTP/1.1" 304 -
186.80.234.110 - - [02/Feb/2023:07:08:48 -0500] "POST /sipse/faces/presentacion/financiero/solicitudProceso/consultarSolicitudProceso.xhtml HTTP/1.1" 200 49692
186.80.234.110 - - [02/Feb/2023:07:08:48 -0500] "GET /sipse/faces/javax.faces.resource/primefaces.js?ln=primefaces&v=4.0 HTTP/1.1" 304 -
186.80.234.110 - - [02/Feb/2023:07:08:48 -0500] "GET /sipse/faces/javax.faces.resource/layout/layout.js?ln=primefaces&v=4.0 HTTP/1.1" 304 -
186.80.234.110 - - [02/Feb/2023:07:08:48 -0500] "GET /sipse/faces/javax.faces.resource/images/ui-icons_898989_256x240.png?ln=primefaces-aristo HTTP/1.1" 304 -
186.80.234.110 - - [02/Feb/2023:07:08:50 -0500] "GET /sipse/faces/javax.faces.resource/images/ui-bg_flat_0_2d5972_40x100.png?ln=primefaces-aristo HTTP/1.1" 200 183
186.80.234.110 - - [02/Feb/2023:07:08:50 -0500] "POST /sipse/faces/presentacion/financiero/solicitudProceso/consultar.xhtml HTTP/1.1" 200 23073
181.63.8.141 - - [02/Feb/2023:07:08:54 -0500] "POST /sipse/faces/presentacion/financiero/solicitudProceso/consultarSolicitudProceso.xhtml HTTP/1.1" 200 148840
186.80.234.110 - - [02/Feb/2023:07:08:55 -0500] "POST /sipse/faces/presentacion/financiero/solicitudProceso/consultar.xhtml HTTP/1.1" 200 12857
181.63.8.141 - - [02/Feb/2023:07:09:06 -0500] "POST /sipse/faces/presentacion/financiero/solicitudProceso/consultarSolicitudProceso.xhtml HTTP/1.1" 200 7427794
216.245.221.92 - - [02/Feb/2023:07:09:11 -0500] "HEAD / HTTP/1.1" 200 -
181.56.171.197 - - [02/Feb/2023:07:09:14 -0500] "POST /sipse/faces/presentacion/financiero/solicitudProceso/consultarSolicitudProceso.xhtml HTTP/1.1" 200 65183
181.56.171.197 - - [02/Feb/2023:07:09:14 -0500] "GET /sipse/faces/javax.faces.resource/theme.css?ln=primefaces-sipse HTTP/1.1" 304 -
181.56.171.197 - - [02/Feb/2023:07:09:14 -0500] "GET /sipse/faces/javax.faces.resource/primefaces.css?ln=primefaces&v=4.0 HTTP/1.1" 304 -
181.56.171.197 - - [02/Feb/2023:07:09:14 -0500] "GET /sipse/faces/javax.faces.resource/layout/layout.css?ln=primefaces&v=4.0 HTTP/1.1" 304 -
181.56.171.197 - - [02/Feb/2023:07:09:14 -0500] "GET /sipse/faces/javax.faces.resource/jquery/jquery.js?ln=primefaces&v=4.0 HTTP/1.1" 304 -
181.56.171.197 - - [02/Feb/2023:07:09:14 -0500] "GET /sipse/faces/javax.faces.resource/jquery/jquery-plugins.js?ln=primefaces&v=4.0 HTTP/1.1" 304 -
181.56.171.197 - - [02/Feb/2023:07:09:14 -0500] "GET /sipse/faces/javax.faces.resource/primefaces.js?ln=primefaces&v=4.0 HTTP/1.1" 304 -
181.56.171.197 - - [02/Feb/2023:07:09:14 -0500] "GET /sipse/faces/javax.faces.resource/layout/layout.js?ln=primefaces&v=4.0 HTTP/1.1" 304 -
181.56.171.197 - - [02/Feb/2023:07:09:14 -0500] "POST /sipse/faces/presentacion/financiero/solicitudProceso/listarSolicitudProceso.xhtml HTTP/1.1" 200 58570
181.56.171.197 - - [02/Feb/2023:07:09:15 -0500] "POST /sipse/faces/presentacion/financiero/solicitudProceso/listarSolicitudProceso.xhtml HTTP/1.1" 200 58570
181.56.171.197 - - [02/Feb/2023:07:09:15 -0500] "POST /sipse/faces/presentacion/financiero/solicitudProceso/listarSolicitudProceso.xhtml HTTP/1.1" 200 58570
181.56.171.197 - - [02/Feb/2023:07:09:15 -0500] "POST /sipse/faces/presentacion/financiero/solicitudProceso/listarSolicitudProceso.xhtml HTTP/1.1" 200 58570
181.56.171.197 - - [02/Feb/2023:07:09:16 -0500] "POST /sipse/faces/presentacion/financiero/solicitudProceso/listarSolicitudProceso.xhtml HTTP/1.1" 200 58570
181.56.171.197 - - [02/Feb/2023:07:09:16 -0500] "POST /sipse/faces/presentacion/financiero/solicitudProceso/listarSolicitudProceso.xhtml HTTP/1.1" 200 58570
186.80.234.110 - - [02/Feb/2023:07:09:16 -0500] "POST /sipse/faces/presentacion/financiero/solicitudProceso/consultar.xhtml HTTP/1.1" 200 23085
181.56.171.197 - - [02/Feb/2023:07:09:16 -0500] "POST /sipse/faces/presentacion/financiero/solicitudProceso/listarSolicitudProceso.xhtml HTTP/1.1" 200 1552
181.56.171.197 - - [02/Feb/2023:07:09:16 -0500] "POST /sipse/faces/presentacion/financiero/solicitudProceso/listarSolicitudProceso.xhtml HTTP/1.1" 200 1564
181.56.171.197 - - [02/Feb/2023:07:09:17 -0500] "POST /sipse/faces/presentacion/financiero/solicitudProceso/listarSolicitudProceso.xhtml HTTP/1.1" 200 1556
181.56.171.197 - - [02/Feb/2023:07:09:17 -0500] "POST /sipse/faces/presentacion/financiero/solicitudProceso/listarSolicitudProceso.xhtml HTTP/1.1" 200 1560
181.56.171.197 - - [02/Feb/2023:07:09:17 -0500] "POST /sipse/faces/presentacion/financiero/solicitudProceso/listarSolicitudProceso.xhtml HTTP/1.1" 200 1556
181.56.171.197 - - [02/Feb/2023:07:09:17 -0500] "POST /sipse/faces/presentacion/financiero/solicitudProceso/listarSolicitudProceso.xhtml HTTP/1.1" 200 1560
181.56.171.197 - - [02/Feb/2023:07:09:17 -0500] "POST /sipse/faces/presentacion/financiero/solicitudProceso/listarSolicitudProceso.xhtml HTTP/1.1" 200 1556
186.80.234.110 - - [02/Feb/2023:07:09:19 -0500] "POST /sipse/faces/presentacion/financiero/solicitudProceso/consultar.xhtml HTTP/1.1" 200 12810
181.63.8.141 - - [02/Feb/2023:07:09:24 -0500] "POST /sipse/faces/presentacion/financiero/solicitudProceso/consultarSolicitudProceso.xhtml HTTP/1.1" 200 148840
181.56.171.197 - - [02/Feb/2023:07:09:26 -0500] "POST /sipse/faces/presentacion/financiero/solicitudProceso/listarSolicitudProceso.xhtml HTTP/1.1" 200 32305
181.56.171.197 - - [02/Feb/2023:07:09:33 -0500] "POST /sipse/faces/presentacion/financiero/solicitudProceso/listarSolicitudProceso.xhtml HTTP/1.1" 200 32297
181.56.171.197 - - [02/Feb/2023:07:09:34 -0500] "POST /sipse/faces/presentacion/financiero/solicitudProceso/listarSolicitudProceso.xhtml HTTP/1.1" 200 5308
186.80.234.110 - - [02/Feb/2023:07:09:36 -0500] "POST /sipse/faces/presentacion/financiero/solicitudProceso/consultar.xhtml HTTP/1.1" 200 23085
181.56.171.197 - - [02/Feb/2023:07:09:37 -0500] "POST /sipse/faces/presentacion/financiero/solicitudProceso/listarSolicitudProceso.xhtml HTTP/1.1" 200 2521
186.80.234.110 - - [02/Feb/2023:07:09:39 -0500] "POST /sipse/faces/presentacion/financiero/solicitudProceso/consultar.xhtml HTTP/1.1" 200 12965
181.56.171.197 - - [02/Feb/2023:07:09:40 -0500] "POST /sipse/faces/presentacion/financiero/solicitudProceso/listarSolicitudProceso.xhtml HTTP/1.1" 200 27908
181.56.171.197 - - [02/Feb/2023:07:09:41 -0500] "POST /sipse/faces/presentacion/financiero/solicitudProceso/listarSolicitudProceso.xhtml HTTP/1.1" 200 27908
181.56.171.197 - - [02/Feb/2023:07:09:41 -0500] "POST /sipse/faces/presentacion/financiero/solicitudProceso/listarSolicitudProceso.xhtml HTTP/1.1" 200 27908
181.56.171.197 - - [02/Feb/2023:07:09:41 -0500] "POST /sipse/faces/presentacion/financiero/solicitudProceso/listarSolicitudProceso.xhtml HTTP/1.1" 200 27908
181.56.171.197 - - [02/Feb/2023:07:09:41 -0500] "POST /sipse/faces/presentacion/financiero/solicitudProceso/listarSolicitudProceso.xhtml HTTP/1.1" 200 27908
181.56.171.197 - - [02/Feb/2023:07:09:41 -0500] "POST /sipse/faces/presentacion/financiero/solicitudProceso/listarSolicitudProceso.xhtml HTTP/1.1" 200 27908
181.56.171.197 - - [02/Feb/2023:07:09:42 -0500] "POST /sipse/faces/presentacion/financiero/solicitudProceso/listarSolicitudProceso.xhtml HTTP/1.1" 200 27908
181.56.171.197 - - [02/Feb/2023:07:09:42 -0500] "POST /sipse/faces/presentacion/financiero/solicitudProceso/listarSolicitudProceso.xhtml HTTP/1.1" 200 27908
181.56.171.197 - - [02/Feb/2023:07:09:42 -0500] "POST /sipse/faces/presentacion/financiero/solicitudProceso/listarSolicitudProceso.xhtml HTTP/1.1" 200 1376
181.56.171.197 - - [02/Feb/2023:07:09:42 -0500] "POST /sipse/faces/presentacion/financiero/solicitudProceso/listarSolicitudProceso.xhtml HTTP/1.1" 200 1380
181.56.171.197 - - [02/Feb/2023:07:09:42 -0500] "POST /sipse/faces/presentacion/financiero/solicitudProceso/listarSolicitudProceso.xhtml HTTP/1.1" 200 1380
181.56.171.197 - - [02/Feb/2023:07:09:42 -0500] "POST /sipse/faces/presentacion/financiero/solicitudProceso/listarSolicitudProceso.xhtml HTTP/1.1" 200 1380
181.56.171.197 - - [02/Feb/2023:07:09:43 -0500] "POST /sipse/faces/presentacion/financiero/solicitudProceso/listarSolicitudProceso.xhtml HTTP/1.1" 200 1380
181.56.171.197 - - [02/Feb/2023:07:09:43 -0500] "POST /sipse/faces/presentacion/financiero/solicitudProceso/listarSolicitudProceso.xhtml HTTP/1.1" 200 1380
181.56.171.197 - - [02/Feb/2023:07:09:43 -0500] "POST /sipse/faces/presentacion/financiero/solicitudProceso/listarSolicitudProceso.xhtml HTTP/1.1" 200 1380
181.56.171.197 - - [02/Feb/2023:07:09:43 -0500] "POST /sipse/faces/presentacion/financiero/solicitudProceso/listarSolicitudProceso.xhtml HTTP/1.1" 200 1384
181.56.171.197 - - [02/Feb/2023:07:09:48 -0500] "POST /sipse/faces/presentacion/financiero/solicitudProceso/listarSolicitudProceso.xhtml HTTP/1.1" 200 5308
186.80.234.110 - - [02/Feb/2023:07:09:48 -0500] "POST /sipse/faces/presentacion/financiero/solicitudProceso/consultar.xhtml HTTP/1.1" 200 23085
181.56.171.197 - - [02/Feb/2023:07:09:48 -0500] "POST /sipse/faces/presentacion/financiero/solicitudProceso/listarSolicitudProceso.xhtml HTTP/1.1" 200 2521
181.63.8.141 - - [02/Feb/2023:07:09:43 -0500] "POST /sipse/faces/presentacion/financiero/solicitudProceso/consultarSolicitudProceso.xhtml HTTP/1.1" 200 7427794
181.56.171.197 - - [02/Feb/2023:07:09:50 -0500] "POST /sipse/faces/presentacion/financiero/solicitudProceso/listarSolicitudProceso.xhtml HTTP/1.1" 200 2525
181.56.171.197 - - [02/Feb/2023:07:09:50 -0500] "POST /sipse/faces/presentacion/financiero/solicitudProceso/listarSolicitudProceso.xhtml HTTP/1.1" 200 2525
181.56.171.197 - - [02/Feb/2023:07:09:51 -0500] "POST /sipse/faces/presentacion/financiero/solicitudProceso/listarSolicitudProceso.xhtml HTTP/1.1" 200 32289
186.80.234.110 - - [02/Feb/2023:07:09:51 -0500] "POST /sipse/faces/presentacion/financiero/solicitudProceso/consultar.xhtml HTTP/1.1" 200 13105
181.56.171.197 - - [02/Feb/2023:07:09:51 -0500] "POST /sipse/faces/presentacion/financiero/solicitudProceso/listarSolicitudProceso.xhtml HTTP/1.1" 200 44682
181.56.171.197 - - [02/Feb/2023:07:09:52 -0500] "POST /sipse/faces/presentacion/financiero/solicitudProceso/listarSolicitudProceso.xhtml HTTP/1.1" 200 32289
173.252.87.11 - - [02/Feb/2023:07:10:03 -0500] "GET /images/1%20de%20febrero%20D\xc3\xada%20sin%20carro.jpeg HTTP/1.1" 404 1034
186.80.234.110 - - [02/Feb/2023:07:10:04 -0500] "POST /sipse/faces/presentacion/financiero/solicitudProceso/consultar.xhtml HTTP/1.1" 200 23085
181.56.171.197 - - [02/Feb/2023:07:10:05 -0500] "POST /sipse/faces/presentacion/financiero/solicitudProceso/listarSolicitudProceso.xhtml HTTP/1.1" 200 43848
181.56.171.197 - - [02/Feb/2023:07:10:05 -0500] "GET /sipse/faces/javax.faces.resource/theme.css?ln=primefaces-sipse HTTP/1.1" 304 -
181.56.171.197 - - [02/Feb/2023:07:10:05 -0500] "GET /sipse/faces/javax.faces.resource/primefaces.css?ln=primefaces&v=4.0 HTTP/1.1" 304 -
181.56.171.197 - - [02/Feb/2023:07:10:05 -0500] "GET /sipse/faces/javax.faces.resource/layout/layout.css?ln=primefaces&v=4.0 HTTP/1.1" 304 -
181.56.171.197 - - [02/Feb/2023:07:10:05 -0500] "GET /sipse/faces/javax.faces.resource/jquery/jquery.js?ln=primefaces&v=4.0 HTTP/1.1" 304 -
181.56.171.197 - - [02/Feb/2023:07:10:05 -0500] "GET /sipse/faces/javax.faces.resource/jquery/jquery-plugins.js?ln=primefaces&v=4.0 HTTP/1.1" 304 -
181.56.171.197 - - [02/Feb/2023:07:10:05 -0500] "GET /sipse/faces/javax.faces.resource/primefaces.js?ln=primefaces&v=4.0 HTTP/1.1" 304 -
181.56.171.197 - - [02/Feb/2023:07:10:05 -0500] "GET /sipse/faces/javax.faces.resource/layout/layout.js?ln=primefaces&v=4.0 HTTP/1.1" 304 -
181.56.171.197 - - [02/Feb/2023:07:10:05 -0500] "POST /sipse/faces/presentacion/financiero/solicitudProceso/consultar.xhtml HTTP/1.1" 200 37261
181.56.171.197 - - [02/Feb/2023:07:10:06 -0500] "POST /sipse/faces/presentacion/financiero/solicitudProceso/consultar.xhtml HTTP/1.1" 200 37261
181.56.171.197 - - [02/Feb/2023:07:10:06 -0500] "POST /sipse/faces/presentacion/financiero/solicitudProceso/consultar.xhtml HTTP/1.1" 200 37261
181.56.171.197 - - [02/Feb/2023:07:10:06 -0500] "POST /sipse/faces/presentacion/financiero/solicitudProceso/consultar.xhtml HTTP/1.1" 200 37261
181.56.171.197 - - [02/Feb/2023:07:10:06 -0500] "POST /sipse/faces/presentacion/financiero/solicitudProceso/consultar.xhtml HTTP/1.1" 200 37261
181.56.171.197 - - [02/Feb/2023:07:10:06 -0500] "POST /sipse/faces/presentacion/financiero/solicitudProceso/consultar.xhtml HTTP/1.1" 200 37261
181.56.171.197 - - [02/Feb/2023:07:10:07 -0500] "POST /sipse/faces/presentacion/financiero/solicitudProceso/consultar.xhtml HTTP/1.1" 200 37261
181.56.171.197 - - [02/Feb/2023:07:10:07 -0500] "POST /sipse/faces/presentacion/financiero/solicitudProceso/consultar.xhtml HTTP/1.1" 200 23073
186.80.234.110 - - [02/Feb/2023:07:10:08 -0500] "POST /sipse/faces/presentacion/financiero/solicitudProceso/consultar.xhtml HTTP/1.1" 200 12828
52.167.144.97 - - [02/Feb/2023:07:10:12 -0500] "GET /sipse/faces/autenticacion.xhtml HTTP/1.1" 200 12493
181.56.171.197 - - [02/Feb/2023:07:10:17 -0500] "POST /sipse/faces/presentacion/financiero/solicitudProceso/consultar.xhtml HTTP/1.1" 200 12783
181.63.8.141 - - [02/Feb/2023:07:10:19 -0500] "POST /sipse/faces/presentacion/financiero/solicitudProceso/consultarSolicitudProceso.xhtml HTTP/1.1" 200 80998
181.56.171.197 - - [02/Feb/2023:07:10:21 -0500] "POST /sipse/faces/presentacion/financiero/solicitudProceso/consultar.xhtml HTTP/1.1" 200 122798
181.56.171.197 - - [02/Feb/2023:07:10:22 -0500] "GET /sipse/faces/javax.faces.resource/theme.css?ln=primefaces-sipse HTTP/1.1" 304 -
181.56.171.197 - - [02/Feb/2023:07:10:22 -0500] "GET /sipse/faces/javax.faces.resource/primefaces.css?ln=primefaces&v=4.0 HTTP/1.1" 304 -
181.56.171.197 - - [02/Feb/2023:07:10:22 -0500] "GET /sipse/faces/javax.faces.resource/layout/layout.css?ln=primefaces&v=4.0 HTTP/1.1" 304 -
181.56.171.197 - - [02/Feb/2023:07:10:22 -0500] "GET /sipse/faces/javax.faces.resource/jquery/jquery.js?ln=primefaces&v=4.0 HTTP/1.1" 304 -
181.56.171.197 - - [02/Feb/2023:07:10:22 -0500] "GET /sipse/faces/javax.faces.resource/jquery/jquery-plugins.js?ln=primefaces&v=4.0 HTTP/1.1" 304 -
181.56.171.197 - - [02/Feb/2023:07:10:22 -0500] "GET /sipse/faces/javax.faces.resource/primefaces.js?ln=primefaces&v=4.0 HTTP/1.1" 304 -
181.56.171.197 - - [02/Feb/2023:07:10:22 -0500] "GET /sipse/faces/javax.faces.resource/layout/layout.js?ln=primefaces&v=4.0 HTTP/1.1" 304 -
52.167.144.97 - - [02/Feb/2023:07:10:22 -0500] "GET /sipse/css/custom_css_sg.css HTTP/1.1" 200 9694
172.22.2.4 - - [02/Feb/2023:07:08:45 -0500] "HEAD /BLA/boletinlegal/ HTTP/1.1" 200 -
157.55.39.117 - - [02/Feb/2023:07:10:24 -0500] "GET /sipse/faces/javax.faces.resource/jquery/jquery-plugins.js;jsessionid=gQqzJQmDNuA-f0ayTXz1Pkhh.undefined?ln=primefaces&v=4.0 HTTP/1.1" 200 220526
52.167.144.49 - - [02/Feb/2023:07:10:27 -0500] "GET /sipse/js/funciones.js HTTP/1.1" 200 12592
186.80.234.110 - - [02/Feb/2023:07:10:28 -0500] "POST /sipse/faces/presentacion/financiero/solicitudProceso/consultar.xhtml HTTP/1.1" 200 23085
186.84.20.177 - - [02/Feb/2023:07:10:28 -0500] "GET /sipse/faces/index.xhtml HTTP/1.1" 200 677
186.84.20.177 - - [02/Feb/2023:07:10:28 -0500] "GET /sipse/faces/javax.faces.resource/theme.css?ln=primefaces-sipse HTTP/1.1" 304 -
186.84.20.177 - - [02/Feb/2023:07:10:28 -0500] "GET /sipse/faces/faces/autenticacion.xhtml HTTP/1.1" 200 12171
186.84.20.177 - - [02/Feb/2023:07:10:28 -0500] "GET /sipse/js/disable_browser_buttons.js HTTP/1.1" 304 -
186.84.20.177 - - [02/Feb/2023:07:10:28 -0500] "GET /sipse/css/custom_css_sg.css HTTP/1.1" 304 -
186.84.20.177 - - [02/Feb/2023:07:10:28 -0500] "GET /sipse/js/funciones.js HTTP/1.1" 304 -
186.84.20.177 - - [02/Feb/2023:07:10:28 -0500] "GET /sipse/faces/javax.faces.resource/jquery/jquery.js?ln=primefaces&v=4.0 HTTP/1.1" 304 -
186.84.20.177 - - [02/Feb/2023:07:10:28 -0500] "GET /sipse/faces/javax.faces.resource/primefaces.css?ln=primefaces&v=4.0 HTTP/1.1" 304 -
186.84.20.177 - - [02/Feb/2023:07:10:28 -0500] "GET /sipse/faces/javax.faces.resource/layout/layout.css?ln=primefaces&v=4.0 HTTP/1.1" 304 -
186.84.20.177 - - [02/Feb/2023:07:10:28 -0500] "GET /sipse/faces/javax.faces.resource/theme.css?ln=primefaces-sipse HTTP/1.1" 304 -
186.84.20.177 - - [02/Feb/2023:07:10:28 -0500] "GET /sipse/css/custom_css_sg_prime_login.css HTTP/1.1" 304 -
186.84.20.177 - - [02/Feb/2023:07:10:28 -0500] "GET /sipse/faces/javax.faces.resource/layout/layout.js?ln=primefaces&v=4.0 HTTP/1.1" 304 -
186.84.20.177 - - [02/Feb/2023:07:10:28 -0500] "GET /sipse/faces/javax.faces.resource/primefaces.js?ln=primefaces&v=4.0 HTTP/1.1" 304 -
186.84.20.177 - - [02/Feb/2023:07:10:28 -0500] "GET /sipse/faces/javax.faces.resource/jquery/jquery-plugins.js?ln=primefaces&v=4.0 HTTP/1.1" 304 -
186.84.20.177 - - [02/Feb/2023:07:10:28 -0500] "GET /sipse/css/imagen/logoSDG.png HTTP/1.1" 304 -
186.84.20.177 - - [02/Feb/2023:07:10:28 -0500] "GET /sipse/css/imagen/loginimg.png HTTP/1.1" 304 -
186.84.20.177 - - [02/Feb/2023:07:10:28 -0500] "GET /sipse/faces/javax.faces.resource/images/ui-icons_898989_256x240.png?ln=primefaces-aristo HTTP/1.1" 304 -
157.55.39.142 - - [02/Feb/2023:07:10:30 -0500] "GET /sipse/css/custom_css_sg_prime_login.css HTTP/1.1" 200 443
66.220.149.5 - - [02/Feb/2023:07:10:30 -0500] "GET /images/1%20de%20febrero%20D\xc3\xada%20sin%20carro.jpeg HTTP/1.1" 404 1034
186.84.22.153 - - [02/Feb/2023:07:10:31 -0500] "GET /con-liberacion-de-fauna-plantaciones-de-arboles-recorridos-interpretativos-y-de-educacion-bogota-celebra-el-dia-mundial-de-los-humedales.html?fbclid=IwAR1kKYOIylYlUBd5jJWCHVyOJXBfvos3u3Hsf_qDBodM6YX0fGSn_ogaUVk HTTP/1.1" 200 885
186.80.234.110 - - [02/Feb/2023:07:10:31 -0500] "POST /sipse/faces/presentacion/financiero/solicitudProceso/consultar.xhtml HTTP/1.1" 200 12929
40.77.167.234 - - [02/Feb/2023:07:10:32 -0500] "GET /sipse/faces/javax.faces.resource/theme.css?ln=primefaces-sipse HTTP/1.1" 200 50058
40.77.167.234 - - [02/Feb/2023:07:10:32 -0500] "GET /sipse/js/disable_browser_buttons.js HTTP/1.1" 200 3230
157.55.39.117 - - [02/Feb/2023:07:10:37 -0500] "GET /sipse/faces/javax.faces.resource/jquery/jquery.js;jsessionid=gQqzJQmDNuA-f0ayTXz1Pkhh.undefined?ln=primefaces&v=4.0 HTTP/1.1" 200 105384
186.84.20.177 - - [02/Feb/2023:07:10:43 -0500] "POST /sipse/faces/autenticacion.xhtml HTTP/1.1" 200 2220
186.84.20.177 - - [02/Feb/2023:07:10:43 -0500] "GET /sipse/faces/javax.faces.resource/messages/messages.png?ln=primefaces&v=4.0 HTTP/1.1" 304 -
186.84.20.177 - - [02/Feb/2023:07:10:44 -0500] "POST /sipse/faces/autenticacion.xhtml HTTP/1.1" 200 16244
186.84.20.177 - - [02/Feb/2023:07:10:44 -0500] "GET /sipse/faces/javax.faces.resource/theme.css?ln=primefaces-sipse HTTP/1.1" 304 -
186.84.20.177 - - [02/Feb/2023:07:10:44 -0500] "GET /sipse/js/jquery.min.js HTTP/1.1" 304 -
186.84.20.177 - - [02/Feb/2023:07:10:44 -0500] "GET /sipse/css/custom_css_sg_prime.css HTTP/1.1" 304 -
186.84.20.177 - - [02/Feb/2023:07:10:44 -0500] "GET /sipse/faces/javax.faces.resource/layout/layout.css?ln=primefaces&v=4.0 HTTP/1.1" 304 -
186.84.20.177 - - [02/Feb/2023:07:10:44 -0500] "GET /sipse/faces/javax.faces.resource/primefaces.css?ln=primefaces&v=4.0 HTTP/1.1" 304 -
186.84.20.177 - - [02/Feb/2023:07:10:44 -0500] "GET /sipse/faces/javax.faces.resource/jquery/jquery.js?ln=primefaces&v=4.0 HTTP/1.1" 304 -
186.84.20.177 - - [02/Feb/2023:07:10:44 -0500] "GET /sipse/faces/javax.faces.resource/jquery/jquery-plugins.js?ln=primefaces&v=4.0 HTTP/1.1" 304 -
186.84.20.177 - - [02/Feb/2023:07:10:44 -0500] "GET /sipse/faces/javax.faces.resource/primefaces.js?ln=primefaces&v=4.0 HTTP/1.1" 304 -
186.84.20.177 - - [02/Feb/2023:07:10:44 -0500] "GET /sipse/faces/javax.faces.resource/layout/layout.js?ln=primefaces&v=4.0 HTTP/1.1" 304 -
186.84.20.177 - - [02/Feb/2023:07:10:45 -0500] "GET /sipse/imagenes/cargando.gif HTTP/1.1" 304 -
186.84.20.177 - - [02/Feb/2023:07:10:45 -0500] "GET /sipse/css/imagen/contrasena.png HTTP/1.1" 404 383
181.63.8.141 - - [02/Feb/2023:07:10:45 -0500] "POST /sipse/faces/presentacion/financiero/solicitudProceso/consultarSolicitudProceso.xhtml HTTP/1.1" 200 95346
186.80.234.110 - - [02/Feb/2023:07:10:45 -0500] "POST /sipse/faces/presentacion/financiero/solicitudProceso/consultar.xhtml HTTP/1.1" 200 23085
186.84.20.177 - - [02/Feb/2023:07:10:47 -0500] "GET /sipse/faces/javax.faces.resource/images/ui-bg_flat_0_2d5972_40x100.png?ln=primefaces-aristo HTTP/1.1" 304 -
186.84.20.177 - - [02/Feb/2023:07:10:47 -0500] "POST /sipse/faces/bienvenido.xhtml HTTP/1.1" 200 2658
186.84.20.177 - - [02/Feb/2023:07:10:48 -0500] "POST /sipse/faces/bienvenido.xhtml HTTP/1.1" 200 64622
186.84.20.177 - - [02/Feb/2023:07:10:48 -0500] "GET /sipse/faces/javax.faces.resource/theme.css?ln=primefaces-sipse HTTP/1.1" 304 -
186.84.20.177 - - [02/Feb/2023:07:10:48 -0500] "GET /sipse/faces/javax.faces.resource/layout/layout.css?ln=primefaces&v=4.0 HTTP/1.1" 304 -
186.84.20.177 - - [02/Feb/2023:07:10:48 -0500] "GET /sipse/faces/javax.faces.resource/primefaces.css?ln=primefaces&v=4.0 HTTP/1.1" 304 -
186.84.20.177 - - [02/Feb/2023:07:10:48 -0500] "GET /sipse/faces/javax.faces.resource/jquery/jquery.js?ln=primefaces&v=4.0 HTTP/1.1" 304 -
186.84.20.177 - - [02/Feb/2023:07:10:48 -0500] "GET /sipse/faces/javax.faces.resource/jquery/jquery-plugins.js?ln=primefaces&v=4.0 HTTP/1.1" 304 -
186.84.20.177 - - [02/Feb/2023:07:10:48 -0500] "GET /sipse/faces/javax.faces.resource/primefaces.js?ln=primefaces&v=4.0 HTTP/1.1" 304 -
186.84.20.177 - - [02/Feb/2023:07:10:48 -0500] "GET /sipse/faces/javax.faces.resource/layout/layout.js?ln=primefaces&v=4.0 HTTP/1.1" 304 -
186.80.234.110 - - [02/Feb/2023:07:10:48 -0500] "POST /sipse/faces/presentacion/financiero/solicitudProceso/consultar.xhtml HTTP/1.1" 200 12948
186.84.20.177 - - [02/Feb/2023:07:10:48 -0500] "POST /sipse/faces/presentacion/financiero/solicitudProceso/listarSolicitudProceso.xhtml HTTP/1.1" 200 1552
186.80.234.110 - - [02/Feb/2023:07:10:56 -0500] "POST /sipse/faces/presentacion/financiero/solicitudProceso/consultar.xhtml HTTP/1.1" 200 23085
186.84.20.177 - - [02/Feb/2023:07:10:57 -0500] "POST /sipse/faces/presentacion/financiero/solicitudProceso/listarSolicitudProceso.xhtml HTTP/1.1" 200 7495
186.84.20.177 - - [02/Feb/2023:07:10:57 -0500] "POST /sipse/faces/presentacion/financiero/solicitudProceso/listarSolicitudProceso.xhtml HTTP/1.1" 200 7495
186.80.234.110 - - [02/Feb/2023:07:10:59 -0500] "POST /sipse/faces/presentacion/financiero/solicitudProceso/consultar.xhtml HTTP/1.1" 200 12945
66.220.149.1 - - [02/Feb/2023:07:11:02 -0500] "GET /images/1%20de%20febrero%20D\xc3\xada%20sin%20carro.jpeg HTTP/1.1" 404 1034
186.80.234.110 - - [02/Feb/2023:07:11:07 -0500] "POST /sipse/faces/presentacion/financiero/solicitudProceso/consultar.xhtml HTTP/1.1" 200 23085
186.84.20.177 - - [02/Feb/2023:07:11:09 -0500] "POST /sipse/faces/presentacion/financiero/solicitudProceso/listarSolicitudProceso.xhtml HTTP/1.1" 200 7338
186.84.20.177 - - [02/Feb/2023:07:11:09 -0500] "POST /sipse/faces/presentacion/financiero/solicitudProceso/listarSolicitudProceso.xhtml HTTP/1.1" 200 7338
186.80.234.110 - - [02/Feb/2023:07:11:10 -0500] "POST /sipse/faces/presentacion/financiero/solicitudProceso/consultar.xhtml HTTP/1.1" 200 12924
172.22.2.4 - - [02/Feb/2023:07:09:36 -0500] "GET /BLA/boletinlegal/ HTTP/1.1" 200 57192
186.80.234.110 - - [02/Feb/2023:07:11:25 -0500] "POST /sipse/faces/presentacion/financiero/solicitudProceso/consultar.xhtml HTTP/1.1" 200 23085
181.63.8.141 - - [02/Feb/2023:07:11:21 -0500] "POST /sipse/faces/presentacion/financiero/solicitudProceso/consultarSolicitudProceso.xhtml HTTP/1.1" 200 42313
181.63.8.141 - - [02/Feb/2023:07:11:26 -0500] "GET /sipse/faces/javax.faces.resource/theme.css?ln=primefaces-sipse HTTP/1.1" 304 -
181.63.8.141 - - [02/Feb/2023:07:11:26 -0500] "GET /sipse/faces/javax.faces.resource/primefaces.css?ln=primefaces&v=4.0 HTTP/1.1" 304 -
181.63.8.141 - - [02/Feb/2023:07:11:26 -0500] "GET /sipse/faces/javax.faces.resource/layout/layout.css?ln=primefaces&v=4.0 HTTP/1.1" 304 -
181.63.8.141 - - [02/Feb/2023:07:11:26 -0500] "GET /sipse/faces/javax.faces.resource/jquery/jquery.js?ln=primefaces&v=4.0 HTTP/1.1" 304 -
