201.245.192.253 - - [04/Feb/2023:15:17:53 -0500] "POST /kwsrmcab/Wsrmcab HTTP/1.1" 200 39315
172.22.2.4 - - [04/Feb/2023:15:16:15 -0500] "HEAD /BLA/boletinlegal/ HTTP/1.1" 200 -
201.245.192.253 - - [04/Feb/2023:15:17:55 -0500] "POST /kwsrmcab/Wsrmcab HTTP/1.1" 200 42995
190.27.102.115 - - [04/Feb/2023:15:18:10 -0500] "POST /sipse/faces/autenticacion.xhtml HTTP/1.1" 200 2219
190.27.102.115 - - [04/Feb/2023:15:18:10 -0500] "GET /sipse/faces/javax.faces.resource/messages/messages.png?ln=primefaces&v=4.0 HTTP/1.1" 304 -
190.27.102.115 - - [04/Feb/2023:15:18:11 -0500] "GET /sipse/faces/javax.faces.resource/images/ui-icons_898989_256x240.png?ln=primefaces-aristo HTTP/1.1" 304 -
190.27.102.115 - - [04/Feb/2023:15:18:12 -0500] "POST /sipse/faces/autenticacion.xhtml HTTP/1.1" 200 16239
190.27.102.115 - - [04/Feb/2023:15:18:12 -0500] "GET /sipse/css/custom_css_sg_prime.css HTTP/1.1" 304 -
190.27.102.115 - - [04/Feb/2023:15:18:12 -0500] "GET /sipse/faces/javax.faces.resource/theme.css?ln=primefaces-sipse HTTP/1.1" 304 -
190.27.102.115 - - [04/Feb/2023:15:18:12 -0500] "GET /sipse/faces/javax.faces.resource/primefaces.css?ln=primefaces&v=4.0 HTTP/1.1" 304 -
190.27.102.115 - - [04/Feb/2023:15:18:12 -0500] "GET /sipse/faces/javax.faces.resource/layout/layout.css?ln=primefaces&v=4.0 HTTP/1.1" 304 -
190.27.102.115 - - [04/Feb/2023:15:18:12 -0500] "GET /sipse/js/jquery.min.js HTTP/1.1" 304 -
190.27.102.115 - - [04/Feb/2023:15:18:12 -0500] "GET /sipse/faces/javax.faces.resource/jquery/jquery.js?ln=primefaces&v=4.0 HTTP/1.1" 304 -
190.27.102.115 - - [04/Feb/2023:15:18:12 -0500] "GET /sipse/faces/javax.faces.resource/jquery/jquery-plugins.js?ln=primefaces&v=4.0 HTTP/1.1" 304 -
190.27.102.115 - - [04/Feb/2023:15:18:12 -0500] "GET /sipse/faces/javax.faces.resource/primefaces.js?ln=primefaces&v=4.0 HTTP/1.1" 304 -
190.27.102.115 - - [04/Feb/2023:15:18:12 -0500] "GET /sipse/faces/javax.faces.resource/layout/layout.js?ln=primefaces&v=4.0 HTTP/1.1" 304 -
190.27.102.115 - - [04/Feb/2023:15:18:12 -0500] "GET /sipse/imagenes/cargando.gif HTTP/1.1" 304 -
190.27.102.115 - - [04/Feb/2023:15:18:12 -0500] "GET /sipse/imagenes/logoAplicacion.jpg HTTP/1.1" 304 -
190.27.102.115 - - [04/Feb/2023:15:18:12 -0500] "GET /sipse/css/imagen/contrasena.png HTTP/1.1" 404 383
190.27.102.115 - - [04/Feb/2023:15:18:34 -0500] "GET /sipse/faces/javax.faces.resource/images/ui-bg_flat_0_2d5972_40x100.png?ln=primefaces-aristo HTTP/1.1" 304 -
190.27.102.115 - - [04/Feb/2023:15:18:34 -0500] "POST /sipse/faces/bienvenido.xhtml HTTP/1.1" 200 2658
190.27.102.115 - - [04/Feb/2023:15:18:35 -0500] "POST /sipse/faces/bienvenido.xhtml HTTP/1.1" 200 64398
190.27.102.115 - - [04/Feb/2023:15:18:35 -0500] "GET /sipse/faces/javax.faces.resource/theme.css?ln=primefaces-sipse HTTP/1.1" 304 -
190.27.102.115 - - [04/Feb/2023:15:18:35 -0500] "GET /sipse/faces/javax.faces.resource/primefaces.css?ln=primefaces&v=4.0 HTTP/1.1" 304 -
190.27.102.115 - - [04/Feb/2023:15:18:35 -0500] "GET /sipse/faces/javax.faces.resource/layout/layout.css?ln=primefaces&v=4.0 HTTP/1.1" 304 -
190.27.102.115 - - [04/Feb/2023:15:18:35 -0500] "GET /sipse/faces/javax.faces.resource/jquery/jquery.js?ln=primefaces&v=4.0 HTTP/1.1" 304 -
190.27.102.115 - - [04/Feb/2023:15:18:36 -0500] "GET /sipse/faces/javax.faces.resource/jquery/jquery-plugins.js?ln=primefaces&v=4.0 HTTP/1.1" 304 -
190.27.102.115 - - [04/Feb/2023:15:18:36 -0500] "GET /sipse/faces/javax.faces.resource/primefaces.js?ln=primefaces&v=4.0 HTTP/1.1" 304 -
190.27.102.115 - - [04/Feb/2023:15:18:36 -0500] "GET /sipse/faces/javax.faces.resource/layout/layout.js?ln=primefaces&v=4.0 HTTP/1.1" 304 -
190.27.102.115 - - [04/Feb/2023:15:18:36 -0500] "POST /sipse/faces/presentacion/financiero/solicitudProceso/listarSolicitudProceso.xhtml HTTP/1.1" 200 1552
190.27.102.115 - - [04/Feb/2023:15:18:39 -0500] "POST /sipse/faces/presentacion/financiero/solicitudProceso/listarSolicitudProceso.xhtml HTTP/1.1" 200 32669
52.167.144.49 - - [04/Feb/2023:15:18:44 -0500] "GET /bla/resoluciones/resoluciones%202022/5212.pdf HTTP/1.1" 200 285556
172.22.2.4 - - [04/Feb/2023:15:17:05 -0500] "GET /BLA/boletinlegal/ HTTP/1.1" 200 54816
185.119.81.97 - - [04/Feb/2023:15:18:57 -0500] "GET /portaldeninos/wp-login.php HTTP/1.1" 200 2592
185.119.81.97 - - [04/Feb/2023:15:18:58 -0500] "POST /portaldeninos/wp-login.php HTTP/1.1" 200 3605
186.80.52.223 - - [04/Feb/2023:15:19:33 -0500] "GET /sipse/faces/index.xhtml HTTP/1.1" 200 677
186.80.52.223 - - [04/Feb/2023:15:19:33 -0500] "GET /sipse/faces/javax.faces.resource/theme.css?ln=primefaces-sipse HTTP/1.1" 304 -
186.80.52.223 - - [04/Feb/2023:15:19:34 -0500] "GET /sipse/faces/faces/autenticacion.xhtml HTTP/1.1" 200 12172
186.80.52.223 - - [04/Feb/2023:15:19:34 -0500] "GET /sipse/js/disable_browser_buttons.js HTTP/1.1" 304 -
186.80.52.223 - - [04/Feb/2023:15:19:34 -0500] "GET /sipse/js/funciones.js HTTP/1.1" 304 -
186.80.52.223 - - [04/Feb/2023:15:19:34 -0500] "GET /sipse/css/custom_css_sg.css HTTP/1.1" 304 -
186.80.52.223 - - [04/Feb/2023:15:19:34 -0500] "GET /sipse/css/custom_css_sg_prime_login.css HTTP/1.1" 304 -
186.80.52.223 - - [04/Feb/2023:15:19:34 -0500] "GET /sipse/faces/javax.faces.resource/theme.css?ln=primefaces-sipse HTTP/1.1" 304 -
186.80.52.223 - - [04/Feb/2023:15:19:34 -0500] "GET /sipse/faces/javax.faces.resource/primefaces.js?ln=primefaces&v=4.0 HTTP/1.1" 304 -
186.80.52.223 - - [04/Feb/2023:15:19:34 -0500] "GET /sipse/faces/javax.faces.resource/layout/layout.js?ln=primefaces&v=4.0 HTTP/1.1" 304 -
186.80.52.223 - - [04/Feb/2023:15:19:34 -0500] "GET /sipse/faces/javax.faces.resource/jquery/jquery.js?ln=primefaces&v=4.0 HTTP/1.1" 304 -
186.80.52.223 - - [04/Feb/2023:15:19:34 -0500] "GET /sipse/faces/javax.faces.resource/layout/layout.css?ln=primefaces&v=4.0 HTTP/1.1" 304 -
186.80.52.223 - - [04/Feb/2023:15:19:34 -0500] "GET /sipse/faces/javax.faces.resource/primefaces.css?ln=primefaces&v=4.0 HTTP/1.1" 304 -
186.80.52.223 - - [04/Feb/2023:15:19:34 -0500] "GET /sipse/faces/javax.faces.resource/jquery/jquery-plugins.js?ln=primefaces&v=4.0 HTTP/1.1" 304 -
186.80.52.223 - - [04/Feb/2023:15:19:34 -0500] "GET /sipse/css/imagen/logoSDG.png HTTP/1.1" 304 -
186.80.52.223 - - [04/Feb/2023:15:19:34 -0500] "GET /sipse/css/imagen/loginimg.png HTTP/1.1" 304 -
186.80.52.223 - - [04/Feb/2023:15:19:34 -0500] "GET /sipse/faces/javax.faces.resource/images/ui-icons_898989_256x240.png?ln=primefaces-aristo HTTP/1.1" 304 -
190.27.102.115 - - [04/Feb/2023:15:19:56 -0500] "POST /sipse/faces/presentacion/financiero/solicitudProceso/listarSolicitudProceso.xhtml HTTP/1.1" 200 4093
201.245.192.253 - - [04/Feb/2023:15:19:54 -0500] "POST /kwsrmcab/Wsrmcab  HTTP/1.1" 200 213
190.27.102.115 - - [04/Feb/2023:15:19:57 -0500] "POST /sipse/faces/presentacion/financiero/solicitudProceso/listarSolicitudProceso.xhtml HTTP/1.1" 200 40722
190.27.102.115 - - [04/Feb/2023:15:19:57 -0500] "GET /sipse/faces/javax.faces.resource/theme.css?ln=primefaces-sipse HTTP/1.1" 304 -
190.27.102.115 - - [04/Feb/2023:15:19:57 -0500] "GET /sipse/faces/javax.faces.resource/primefaces.css?ln=primefaces&v=4.0 HTTP/1.1" 304 -
190.27.102.115 - - [04/Feb/2023:15:19:57 -0500] "GET /sipse/faces/javax.faces.resource/layout/layout.css?ln=primefaces&v=4.0 HTTP/1.1" 304 -
190.27.102.115 - - [04/Feb/2023:15:19:57 -0500] "GET /sipse/faces/javax.faces.resource/jquery/jquery.js?ln=primefaces&v=4.0 HTTP/1.1" 304 -
190.27.102.115 - - [04/Feb/2023:15:19:57 -0500] "GET /sipse/faces/javax.faces.resource/jquery/jquery-plugins.js?ln=primefaces&v=4.0 HTTP/1.1" 304 -
190.27.102.115 - - [04/Feb/2023:15:19:57 -0500] "GET /sipse/faces/javax.faces.resource/primefaces.js?ln=primefaces&v=4.0 HTTP/1.1" 304 -
190.27.102.115 - - [04/Feb/2023:15:19:57 -0500] "GET /sipse/faces/javax.faces.resource/layout/layout.js?ln=primefaces&v=4.0 HTTP/1.1" 304 -
190.27.102.115 - - [04/Feb/2023:15:19:57 -0500] "POST /sipse/faces/presentacion/financiero/solicitudProceso/consultar.xhtml HTTP/1.1" 200 34137
190.27.102.115 - - [04/Feb/2023:15:20:03 -0500] "POST /sipse/faces/presentacion/financiero/solicitudProceso/consultar.xhtml HTTP/1.1" 200 12819
172.22.2.4 - - [04/Feb/2023:15:18:23 -0500] "GET /BLA/boletinlegal/ HTTP/1.1" 200 57824
66.249.88.43 - - [04/Feb/2023:15:21:41 -0500] "GET /galeria/galeria/fotos/Soratama1G.jpg HTTP/1.1" 200 127762
216.245.221.92 - - [04/Feb/2023:15:22:32 -0500] "HEAD / HTTP/1.1" 200 -
172.22.2.4 - - [04/Feb/2023:15:22:05 -0500] "HEAD /BLA/boletinlegal/ HTTP/1.1" 200 -
172.22.2.4 - - [04/Feb/2023:15:22:55 -0500] "GET /BLA/boletinlegal/ HTTP/1.1" 200 57192
201.245.192.253 - - [04/Feb/2023:15:24:53 -0500] "POST /kwsrmcab/Wsrmcab  HTTP/1.1" 200 213
186.80.52.223 - - [04/Feb/2023:15:25:13 -0500] "POST /sipse/faces/autenticacion.xhtml HTTP/1.1" 200 2220
186.80.52.223 - - [04/Feb/2023:15:25:13 -0500] "GET /sipse/faces/javax.faces.resource/messages/messages.png?ln=primefaces&v=4.0 HTTP/1.1" 304 -
186.80.52.223 - - [04/Feb/2023:15:25:15 -0500] "POST /sipse/faces/autenticacion.xhtml HTTP/1.1" 200 16232
186.80.52.223 - - [04/Feb/2023:15:25:15 -0500] "GET /sipse/css/custom_css_sg_prime.css HTTP/1.1" 304 -
186.80.52.223 - - [04/Feb/2023:15:25:15 -0500] "GET /sipse/faces/javax.faces.resource/theme.css?ln=primefaces-sipse HTTP/1.1" 304 -
186.80.52.223 - - [04/Feb/2023:15:25:15 -0500] "GET /sipse/faces/javax.faces.resource/primefaces.css?ln=primefaces&v=4.0 HTTP/1.1" 304 -
186.80.52.223 - - [04/Feb/2023:15:25:15 -0500] "GET /sipse/faces/javax.faces.resource/layout/layout.css?ln=primefaces&v=4.0 HTTP/1.1" 304 -
186.80.52.223 - - [04/Feb/2023:15:25:15 -0500] "GET /sipse/js/jquery.min.js HTTP/1.1" 304 -
186.80.52.223 - - [04/Feb/2023:15:25:15 -0500] "GET /sipse/faces/javax.faces.resource/jquery/jquery.js?ln=primefaces&v=4.0 HTTP/1.1" 304 -
186.80.52.223 - - [04/Feb/2023:15:25:15 -0500] "GET /sipse/faces/javax.faces.resource/jquery/jquery-plugins.js?ln=primefaces&v=4.0 HTTP/1.1" 304 -
186.80.52.223 - - [04/Feb/2023:15:25:15 -0500] "GET /sipse/faces/javax.faces.resource/primefaces.js?ln=primefaces&v=4.0 HTTP/1.1" 304 -
186.80.52.223 - - [04/Feb/2023:15:25:15 -0500] "GET /sipse/faces/javax.faces.resource/layout/layout.js?ln=primefaces&v=4.0 HTTP/1.1" 304 -
186.80.52.223 - - [04/Feb/2023:15:25:16 -0500] "GET /sipse/imagenes/logoAplicacion.jpg HTTP/1.1" 304 -
186.80.52.223 - - [04/Feb/2023:15:25:16 -0500] "GET /sipse/imagenes/cargando.gif HTTP/1.1" 304 -
186.80.52.223 - - [04/Feb/2023:15:25:16 -0500] "GET /sipse/css/imagen/contrasena.png HTTP/1.1" 404 383
186.80.52.223 - - [04/Feb/2023:15:25:18 -0500] "GET /sipse/faces/javax.faces.resource/images/ui-bg_flat_0_2d5972_40x100.png?ln=primefaces-aristo HTTP/1.1" 304 -
186.80.52.223 - - [04/Feb/2023:15:25:18 -0500] "POST /sipse/faces/bienvenido.xhtml HTTP/1.1" 200 2658
186.80.52.223 - - [04/Feb/2023:15:25:19 -0500] "POST /sipse/faces/bienvenido.xhtml HTTP/1.1" 200 65144
186.80.52.223 - - [04/Feb/2023:15:25:20 -0500] "GET /sipse/faces/javax.faces.resource/theme.css?ln=primefaces-sipse HTTP/1.1" 304 -
186.80.52.223 - - [04/Feb/2023:15:25:20 -0500] "GET /sipse/faces/javax.faces.resource/primefaces.css?ln=primefaces&v=4.0 HTTP/1.1" 304 -
186.80.52.223 - - [04/Feb/2023:15:25:20 -0500] "GET /sipse/faces/javax.faces.resource/layout/layout.css?ln=primefaces&v=4.0 HTTP/1.1" 304 -
186.80.52.223 - - [04/Feb/2023:15:25:20 -0500] "GET /sipse/faces/javax.faces.resource/jquery/jquery.js?ln=primefaces&v=4.0 HTTP/1.1" 304 -
186.80.52.223 - - [04/Feb/2023:15:25:20 -0500] "GET /sipse/faces/javax.faces.resource/jquery/jquery-plugins.js?ln=primefaces&v=4.0 HTTP/1.1" 304 -
186.80.52.223 - - [04/Feb/2023:15:25:20 -0500] "GET /sipse/faces/javax.faces.resource/primefaces.js?ln=primefaces&v=4.0 HTTP/1.1" 304 -
186.80.52.223 - - [04/Feb/2023:15:25:20 -0500] "GET /sipse/faces/javax.faces.resource/layout/layout.js?ln=primefaces&v=4.0 HTTP/1.1" 304 -
186.80.52.223 - - [04/Feb/2023:15:25:21 -0500] "POST /sipse/faces/presentacion/financiero/solicitudProceso/listarSolicitudProceso.xhtml HTTP/1.1" 200 1552
185.119.81.103 - - [04/Feb/2023:15:26:25 -0500] "GET /portaldeninos/wp-login.php HTTP/1.1" 200 2592
185.119.81.103 - - [04/Feb/2023:15:26:26 -0500] "POST /portaldeninos/wp-login.php HTTP/1.1" 200 3670
185.119.81.97 - - [04/Feb/2023:15:26:52 -0500] "GET /portaldeninos/wp-login.php HTTP/1.1" 200 2592
185.119.81.97 - - [04/Feb/2023:15:26:53 -0500] "POST /portaldeninos/wp-login.php HTTP/1.1" 200 3670
186.102.103.252 - - [04/Feb/2023:15:27:03 -0500] "POST /sipse/faces/presentacion/financiero/solicitudProceso/consultar.xhtml HTTP/1.1" 200 911
216.245.221.92 - - [04/Feb/2023:15:27:17 -0500] "HEAD / HTTP/1.1" 200 -
201.245.192.253 - - [04/Feb/2023:15:27:52 -0500] "POST /kwsrmcab/Wsrmcab HTTP/1.1" 200 39315
201.245.192.253 - - [04/Feb/2023:15:27:55 -0500] "POST /kwsrmcab/Wsrmcab HTTP/1.1" 200 42995
185.119.81.105 - - [04/Feb/2023:15:29:16 -0500] "GET /portaldeninos/wp-login.php HTTP/1.1" 200 2592
185.119.81.105 - - [04/Feb/2023:15:29:17 -0500] "POST /portaldeninos/wp-login.php HTTP/1.1" 200 3605
52.167.144.97 - - [04/Feb/2023:15:29:32 -0500] "GET /sipse/faces/autenticacion.xhtml HTTP/1.1" 200 12494
172.22.2.4 - - [04/Feb/2023:15:27:55 -0500] "HEAD /BLA/boletinlegal/ HTTP/1.1" 200 -
201.245.192.253 - - [04/Feb/2023:15:29:52 -0500] "POST /kwsrmcab/Wsrmcab  HTTP/1.1" 200 213
172.22.2.4 - - [04/Feb/2023:15:28:45 -0500] "GET /BLA/boletinlegal/ HTTP/1.1" 200 57824
157.55.39.142 - - [04/Feb/2023:15:30:40 -0500] "GET /bla/resoluciones/autos%202021/6837.pdf HTTP/1.1" 200 390353
186.80.52.223 - - [04/Feb/2023:15:31:00 -0500] "POST /sipse/faces/presentacion/financiero/solicitudProceso/listarSolicitudProceso.xhtml HTTP/1.1" 200 32648
52.167.144.49 - - [04/Feb/2023:15:31:34 -0500] "GET /bla/resoluciones/autos%202022/0450.pdf HTTP/1.1" 200 377510
186.80.52.223 - - [04/Feb/2023:15:31:51 -0500] "POST /sipse/faces/presentacion/financiero/solicitudProceso/listarSolicitudProceso.xhtml HTTP/1.1" 200 32608
216.245.221.92 - - [04/Feb/2023:15:32:17 -0500] "HEAD / HTTP/1.1" 200 -
66.249.79.111 - - [04/Feb/2023:15:32:32 -0500] "-" 408 -
18.220.21.2 - - [04/Feb/2023:15:34:13 -0500] "GET /distrito-declara-alerta-fase-i-en-suroccidente-de-bogota-por-altas-concentraciones-de-material-particulado.html HTTP/1.1" 200 883
172.22.2.4 - - [04/Feb/2023:15:33:00 -0500] "GET /BLA/boletinlegal/ HTTP/1.1" 200 54452
201.245.192.253 - - [04/Feb/2023:15:34:51 -0500] "POST /kwsrmcab/Wsrmcab  HTTP/1.1" 200 213
172.22.2.4 - - [04/Feb/2023:15:33:45 -0500] "HEAD /BLA/boletinlegal/ HTTP/1.1" 200 -
186.102.3.143 - - [04/Feb/2023:15:35:53 -0500] "GET /distrito-declara-alerta-fase-i-en-suroccidente-de-bogota-por-altas-concentraciones-de-material-particulado.html?fbclid=PAAaZXP0pzoo4kdkpLjLjRDa15uW393B8oKEscf_XoJMDMycxAjWS9ce3OuZg HTTP/1.1" 200 883
172.22.2.4 - - [04/Feb/2023:15:34:35 -0500] "GET /BLA/boletinlegal/ HTTP/1.1" 200 57824
172.22.2.4 - - [04/Feb/2023:15:36:51 -0500] "GET /BLA/boletinlegal/Circulares/2019/.pdf HTTP/1.1" 404 1218
179.60.242.100 - - [04/Feb/2023:15:36:59 -0500] "GET /sipse/faces/presentacion/sistema/reporte/listarReportes.xhtml HTTP/1.1" 302 -
179.60.242.100 - - [04/Feb/2023:15:36:59 -0500] "GET /sipse/faces/autenticacion.xhtml HTTP/1.1" 200 12172
179.60.242.100 - - [04/Feb/2023:15:37:00 -0500] "GET /sipse/js/funciones.js HTTP/1.1" 304 -
179.60.242.100 - - [04/Feb/2023:15:37:00 -0500] "GET /sipse/css/custom_css_sg_prime_login.css HTTP/1.1" 304 -
179.60.242.100 - - [04/Feb/2023:15:37:00 -0500] "GET /sipse/css/custom_css_sg.css HTTP/1.1" 304 -
179.60.242.100 - - [04/Feb/2023:15:37:00 -0500] "GET /sipse/js/disable_browser_buttons.js HTTP/1.1" 304 -
179.60.242.100 - - [04/Feb/2023:15:37:00 -0500] "GET /sipse/faces/javax.faces.resource/theme.css?ln=primefaces-sipse HTTP/1.1" 304 -
179.60.242.100 - - [04/Feb/2023:15:37:00 -0500] "GET /sipse/faces/javax.faces.resource/primefaces.css?ln=primefaces&v=4.0 HTTP/1.1" 304 -
179.60.242.100 - - [04/Feb/2023:15:37:00 -0500] "GET /sipse/faces/javax.faces.resource/layout/layout.css?ln=primefaces&v=4.0 HTTP/1.1" 304 -
179.60.242.100 - - [04/Feb/2023:15:37:00 -0500] "GET /sipse/faces/javax.faces.resource/layout/layout.js?ln=primefaces&v=4.0 HTTP/1.1" 304 -
179.60.242.100 - - [04/Feb/2023:15:37:00 -0500] "GET /sipse/faces/javax.faces.resource/jquery/jquery-plugins.js?ln=primefaces&v=4.0 HTTP/1.1" 304 -
179.60.242.100 - - [04/Feb/2023:15:37:00 -0500] "GET /sipse/faces/javax.faces.resource/primefaces.js?ln=primefaces&v=4.0 HTTP/1.1" 304 -
179.60.242.100 - - [04/Feb/2023:15:37:00 -0500] "GET /sipse/faces/javax.faces.resource/jquery/jquery.js?ln=primefaces&v=4.0 HTTP/1.1" 304 -
179.60.242.100 - - [04/Feb/2023:15:37:00 -0500] "GET /sipse/faces/javax.faces.resource/images/ui-icons_898989_256x240.png?ln=primefaces-aristo HTTP/1.1" 200 5355
179.60.242.100 - - [04/Feb/2023:15:37:00 -0500] "GET /sipse/css/imagen/logoSDG.png HTTP/1.1" 200 53064
179.60.242.100 - - [04/Feb/2023:15:37:00 -0500] "GET /sipse/css/imagen/loginimg.png HTTP/1.1" 200 71635
179.60.242.100 - - [04/Feb/2023:15:37:00 -0500] "GET /favicon.ico HTTP/1.1" 200 7782
179.60.242.100 - - [04/Feb/2023:15:37:00 -0500] "GET /sipse/faces/index.xhtml HTTP/1.1" 200 677
179.60.242.100 - - [04/Feb/2023:15:37:00 -0500] "GET /sipse/faces/javax.faces.resource/theme.css?ln=primefaces-sipse HTTP/1.1" 304 -
179.60.242.100 - - [04/Feb/2023:15:37:01 -0500] "GET /sipse/faces/faces/autenticacion.xhtml HTTP/1.1" 200 12172
179.60.242.100 - - [04/Feb/2023:15:37:01 -0500] "GET /sipse/faces/javax.faces.resource/jquery/jquery.js?ln=primefaces&v=4.0 HTTP/1.1" 304 -
179.60.242.100 - - [04/Feb/2023:15:37:01 -0500] "GET /sipse/faces/javax.faces.resource/layout/layout.css?ln=primefaces&v=4.0 HTTP/1.1" 304 -
179.60.242.100 - - [04/Feb/2023:15:37:01 -0500] "GET /sipse/faces/javax.faces.resource/primefaces.css?ln=primefaces&v=4.0 HTTP/1.1" 304 -
179.60.242.100 - - [04/Feb/2023:15:37:01 -0500] "GET /sipse/faces/javax.faces.resource/theme.css?ln=primefaces-sipse HTTP/1.1" 304 -
179.60.242.100 - - [04/Feb/2023:15:37:01 -0500] "GET /sipse/faces/javax.faces.resource/jquery/jquery-plugins.js?ln=primefaces&v=4.0 HTTP/1.1" 304 -
179.60.242.100 - - [04/Feb/2023:15:37:01 -0500] "GET /sipse/faces/javax.faces.resource/layout/layout.js?ln=primefaces&v=4.0 HTTP/1.1" 304 -
179.60.242.100 - - [04/Feb/2023:15:37:01 -0500] "GET /sipse/faces/javax.faces.resource/primefaces.js?ln=primefaces&v=4.0 HTTP/1.1" 304 -
179.60.242.100 - - [04/Feb/2023:15:37:01 -0500] "GET /sipse/faces/javax.faces.resource/images/ui-icons_898989_256x240.png?ln=primefaces-aristo HTTP/1.1" 304 -
179.60.242.100 - - [04/Feb/2023:15:37:03 -0500] "POST /sipse/faces/autenticacion.xhtml HTTP/1.1" 200 16067
179.60.242.100 - - [04/Feb/2023:15:37:03 -0500] "GET /sipse/css/custom_css_sg_prime.css HTTP/1.1" 200 5201
179.60.242.100 - - [04/Feb/2023:15:37:03 -0500] "GET /sipse/js/jquery.min.js HTTP/1.1" 304 -
179.60.242.100 - - [04/Feb/2023:15:37:04 -0500] "GET /sipse/faces/javax.faces.resource/jquery/jquery.js?ln=primefaces&v=4.0 HTTP/1.1" 304 -
179.60.242.100 - - [04/Feb/2023:15:37:04 -0500] "GET /sipse/faces/javax.faces.resource/jquery/jquery-plugins.js?ln=primefaces&v=4.0 HTTP/1.1" 304 -
179.60.242.100 - - [04/Feb/2023:15:37:04 -0500] "GET /sipse/faces/javax.faces.resource/primefaces.js?ln=primefaces&v=4.0 HTTP/1.1" 304 -
179.60.242.100 - - [04/Feb/2023:15:37:04 -0500] "GET /sipse/faces/javax.faces.resource/layout/layout.js?ln=primefaces&v=4.0 HTTP/1.1" 304 -
179.60.242.100 - - [04/Feb/2023:15:37:04 -0500] "GET /sipse/css/imagen/contrasena.png HTTP/1.1" 404 383
179.60.242.100 - - [04/Feb/2023:15:37:04 -0500] "GET /sipse/imagenes/cargando.gif HTTP/1.1" 200 36959
179.60.242.100 - - [04/Feb/2023:15:37:04 -0500] "GET /sipse/faces/javax.faces.resource/messages/messages.png?ln=primefaces&v=4.0 HTTP/1.1" 200 27209
179.60.242.100 - - [04/Feb/2023:15:37:04 -0500] "GET /sipse/imagenes/logoAplicacion.jpg HTTP/1.1" 200 155084
179.60.242.100 - - [04/Feb/2023:15:37:06 -0500] "GET /sipse/faces/javax.faces.resource/images/ui-bg_flat_0_2d5972_40x100.png?ln=primefaces-aristo HTTP/1.1" 200 183
179.60.242.100 - - [04/Feb/2023:15:37:06 -0500] "POST /sipse/faces/bienvenido.xhtml HTTP/1.1" 200 1471
179.60.242.100 - - [04/Feb/2023:15:37:08 -0500] "POST /sipse/faces/bienvenido.xhtml HTTP/1.1" 200 61743
179.60.242.100 - - [04/Feb/2023:15:37:09 -0500] "GET /sipse/faces/javax.faces.resource/jquery/jquery.js?ln=primefaces&v=4.0 HTTP/1.1" 304 -
179.60.242.100 - - [04/Feb/2023:15:37:09 -0500] "GET /sipse/faces/javax.faces.resource/jquery/jquery-plugins.js?ln=primefaces&v=4.0 HTTP/1.1" 304 -
179.60.242.100 - - [04/Feb/2023:15:37:09 -0500] "GET /sipse/faces/javax.faces.resource/primefaces.js?ln=primefaces&v=4.0 HTTP/1.1" 304 -
179.60.242.100 - - [04/Feb/2023:15:37:09 -0500] "GET /sipse/faces/javax.faces.resource/layout/layout.js?ln=primefaces&v=4.0 HTTP/1.1" 304 -
179.60.242.100 - - [04/Feb/2023:15:37:10 -0500] "POST /sipse/faces/presentacion/financiero/solicitudProceso/listarSolicitudProceso.xhtml HTTP/1.1" 200 1552
179.60.242.100 - - [04/Feb/2023:15:37:12 -0500] "POST /sipse/faces/presentacion/financiero/solicitudProceso/listarSolicitudProceso.xhtml HTTP/1.1" 200 32090
179.60.242.100 - - [04/Feb/2023:15:37:14 -0500] "POST /sipse/faces/presentacion/financiero/solicitudProceso/listarSolicitudProceso.xhtml HTTP/1.1" 200 32061
179.60.242.100 - - [04/Feb/2023:15:37:16 -0500] "POST /sipse/faces/presentacion/financiero/solicitudProceso/listarSolicitudProceso.xhtml HTTP/1.1" 200 26286
216.245.221.92 - - [04/Feb/2023:15:37:17 -0500] "HEAD / HTTP/1.1" 200 -
179.60.242.100 - - [04/Feb/2023:15:37:23 -0500] "POST /sipse/faces/presentacion/financiero/solicitudProceso/listarSolicitudProceso.xhtml HTTP/1.1" 200 17330
179.60.242.100 - - [04/Feb/2023:15:37:36 -0500] "POST /sipse/faces/presentacion/financiero/solicitudProceso/listarSolicitudProceso.xhtml HTTP/1.1" 200 137901
179.60.242.100 - - [04/Feb/2023:15:37:37 -0500] "GET /sipse/faces/javax.faces.resource/jquery/jquery.js?ln=primefaces&v=4.0 HTTP/1.1" 304 -
179.60.242.100 - - [04/Feb/2023:15:37:38 -0500] "GET /sipse/faces/javax.faces.resource/jquery/jquery-plugins.js?ln=primefaces&v=4.0 HTTP/1.1" 304 -
179.60.242.100 - - [04/Feb/2023:15:37:38 -0500] "GET /sipse/faces/javax.faces.resource/primefaces.js?ln=primefaces&v=4.0 HTTP/1.1" 304 -
179.60.242.100 - - [04/Feb/2023:15:37:38 -0500] "GET /sipse/faces/javax.faces.resource/layout/layout.js?ln=primefaces&v=4.0 HTTP/1.1" 304 -
179.60.242.100 - - [04/Feb/2023:15:37:48 -0500] "POST /sipse/faces/presentacion/financiero/solicitudProceso/consultarSolicitudProceso.xhtml HTTP/1.1" 200 46598
179.60.242.100 - - [04/Feb/2023:15:37:49 -0500] "GET /sipse/faces/javax.faces.resource/jquery/jquery.js?ln=primefaces&v=4.0 HTTP/1.1" 304 -
179.60.242.100 - - [04/Feb/2023:15:37:49 -0500] "GET /sipse/faces/javax.faces.resource/jquery/jquery-plugins.js?ln=primefaces&v=4.0 HTTP/1.1" 304 -
179.60.242.100 - - [04/Feb/2023:15:37:49 -0500] "GET /sipse/faces/javax.faces.resource/primefaces.js?ln=primefaces&v=4.0 HTTP/1.1" 304 -
179.60.242.100 - - [04/Feb/2023:15:37:49 -0500] "GET /sipse/faces/javax.faces.resource/layout/layout.js?ln=primefaces&v=4.0 HTTP/1.1" 304 -
179.60.242.100 - - [04/Feb/2023:15:37:49 -0500] "POST /sipse/faces/presentacion/financiero/solicitudProceso/listarSolicitudProceso.xhtml HTTP/1.1" 200 39993
179.60.242.100 - - [04/Feb/2023:15:37:50 -0500] "POST /sipse/faces/presentacion/financiero/solicitudProceso/listarSolicitudProceso.xhtml HTTP/1.1" 200 39993
179.60.242.100 - - [04/Feb/2023:15:37:50 -0500] "POST /sipse/faces/presentacion/financiero/solicitudProceso/listarSolicitudProceso.xhtml HTTP/1.1" 200 1476
179.60.242.100 - - [04/Feb/2023:15:37:51 -0500] "POST /sipse/faces/presentacion/financiero/solicitudProceso/listarSolicitudProceso.xhtml HTTP/1.1" 200 1484
179.60.242.100 - - [04/Feb/2023:15:37:51 -0500] "POST /sipse/faces/presentacion/financiero/solicitudProceso/listarSolicitudProceso.xhtml HTTP/1.1" 200 1480
201.245.192.253 - - [04/Feb/2023:15:37:53 -0500] "POST /kwsrmcab/Wsrmcab HTTP/1.1" 200 39315
201.245.192.253 - - [04/Feb/2023:15:37:55 -0500] "POST /kwsrmcab/Wsrmcab HTTP/1.1" 200 42995
52.167.144.49 - - [04/Feb/2023:15:38:25 -0500] "GET /bla/resoluciones/autos%202021/6342.pdf HTTP/1.1" 200 878056
40.77.167.234 - - [04/Feb/2023:15:38:50 -0500] "GET /bla/resoluciones/autos%202021/6398.pdf HTTP/1.1" 200 482998
186.28.191.246 - - [04/Feb/2023:15:39:11 -0500] "OPTIONS /kwssiamovil/sm/setfile/f? HTTP/1.1" 200 13
186.28.191.246 - - [04/Feb/2023:15:39:11 -0500] "POST /kwssiamovil/sm/setfile/f? HTTP/1.1" 200 381
186.80.52.223 - - [04/Feb/2023:15:39:15 -0500] "POST /sipse/faces/presentacion/financiero/solicitudProceso/listarSolicitudProceso.xhtml HTTP/1.1" 200 32828
186.80.52.223 - - [04/Feb/2023:15:39:19 -0500] "POST /sipse/faces/presentacion/financiero/solicitudProceso/listarSolicitudProceso.xhtml HTTP/1.1" 200 32059
186.28.191.246 - - [04/Feb/2023:15:39:20 -0500] "GET /kwssiamovil/sm/acme/a?s=U2FsdGVkX198Jz2t54I8gRV11cAgQNrblD1IdvI2nt6muRNiRInjAJu9fIOoHYWh/+wiRWp+an2/HuJN6dWJTSq1uXMelZXgOD5pV3i4iyQ3dwiZb8UxZDUKlGCOqTkrn4U5QjC5mTVRAUXNiN7Mfg9XgwxvPsl071I5Riw3DgOUidaz6JLjcYfLlWZ7klRqaMFQk+2YzCeqMOF+KkGn39RKPOv/VYTyxx+0Gb1yytmMyFmS4SZIB0PjcDhG/A4OnfZWFFX1ri8KrhVqPaexeg==&u=U2FsdGVkX1+1TEncbknw07MMH9mFNweLJZjDNxmg4uFUBtJE17bXoctYD4F5/AzB&y=U2FsdGVkX18IFRiimrrqdu5xzmimC4L86Y6OvEVYXRNDqHD8BegBmxMEgmBKptJL HTTP/1.1" 200 26
186.28.191.246 - - [04/Feb/2023:15:39:21 -0500] "GET /kwssiamovil/sm/acme/a?s=U2FsdGVkX19a5NrYDlWW4pnAB64tCAsnQ8/Id8wwl3JcS/IMV2aXRyNoIMumPyXAtAN8IeOPXyjVRq8/CwEgihaOp4xb0RrKe9BTLlQsPq6CnvwfzznKuheexsnOWzSvtGeGmEQvONjhgpXFP2IZK6mQ2N4fwJCBG1vaeK2la5nJ8vho5q5VhTYouIbqHTAB7CA112gOpNWmAQT1aRNfeeqlssDAqlmCSMfTS6ko7iewKZypFJI7gkFOfsqSN87PnAmAtSRSN/+QB2Tvq4yKJH5Bz6XfrqHpCUVYA9QAA8/HmDw/aXhpenw9AXJkFvS/x4sJ6+LG2Q17PVl/PPnqdzbm3Vomw6EB/1mdy51UObM6AkJrKFX0CUMybMrHaQbIfnpMoDOrrq+ToLa0n2QiFaT+4Bfn5mNu0l6owMbvONEWwlveNOJfIsbhNZeeRTL+p2jfo5hVlqqWBa21tCJYFLKQ9S5ExsjrP6nJ3DoTVxAhbF//K2+Ah5lISDp6LpkXdXF0CeRC/HgovroD+qpkh8yOdhbCXKXSRQvBbXBtSOBL1AchmyukUg9kRA6nDq9btkU427iP9cxdwhdqMnvcbuEVz+Woifg2PTASnJGVom4WcDHLlwLM0izwFLu4hNNuybDTzq1UkV3+jtpMLgawIZUZ2/mJMkjx5iM8H1Lvd1J1/PehG1zI76hxNFBMAXWUmIc/z71R+sQb98u5SDWX4AoOMrhFQhswW6EtRdpVVH/BdvNkz0bTQggBpS56djB2kxAac9xtf4RbHrwpyOLjyE1+4VfOS2cCWJj423uGU3Jg3FQVyYF4KJ515vPSL4gt7E0tsKV9h+OCpvrp+7p6PCbiwQI6ALuemZLEp9bQ5749EZX8xsSIiOgVUNNeISIG40MM3l+hly7kv3I6c++rVNrQyx8oa/bTK196DhDbjpxx7Hc/707vyvkUBFo0oQhYMCj1Hsfp+Zm+ws4Ft9nLm/NIuezDK3KbRXXgujyHOa6oldGpVpSyjjFgQ+A5GtdXRagJr88Wq4CJEXM1mNcVIe1yftZGYKdr8S8bXBZ94tWHtvPm5rKKhhE5mM6ZLIzQfvwboJ6jPMZn1C5jXYuxMV93Ba/GklIKYsS0+f7iLwvH2txtw8OTvDeejmND/sNtB0rr89bty6sNhgP3xtNSG5TZO97/KyOHvqlreI2jhBFSz+3r0nTtC4Wukx4W53MlACVlakOlJPh6vFRjbepz73a9D5BAqSEnXnd83U0w0MSnak//HH7tRM+DTWnYGIrZV7Rgt85ppxNLf39Ed5h84uvn925LG0YhKF+a1+mJHxibCEJzjmfvJ7B9PGtYBvv4JI+m6dNtqD4f0CrIM4FyeJwghwoUhTWVfuUiRB9rlC3iBb9otd4gCzhHmKd33Znd1zlrhDu6LmawHiwZHVwREKbH2tcD4FNBtjpJxgmWXnXHRZdqeaWMInscRMv+apf4wxMs4s8MDSfLJtwfATmjAP3wUDqHh4jaKTjCwOHcSV1yrzdrA6qXqsHwpJ6fVoMPePxtePzQ4pd/88U9Ub/EmLSG8h2i29JJRa3Z8pa2AGI98WzCNElAyeBiM9ShMHAYtKnTdjlZRfNZkKIkoJjY6hl5XMzCDeNaNjrxZdJbqGNO6BTkglFffmVPYx6ESf5cGwUTErjtCsQilJ2YBNzPP4Lp7mfFUFnGt8hPslLMuuGz4p21krvdkthOd1N2lG8Z/NFIbGiyxMPpjma4EUgj+ryIffRqkdpjHHbJOIh0t2mtfCLLNkLfF5S3rdjVvlFz0QVB2zXMlzYIE/oCEtYaqCEnX/N7o7glotGygmfoOubkIpeBdFLYXAqGHXqYX+7sULF9DnSsPO0O7+EAc4nWox/jqevp5CY03t6iLIt5+3LmrZfti2ikqEyN7a/5FeY06pfc58fNjIVZTf1hnB1MZqONiFYOb0RLDE8qZsULLFbxxI/NEHTAPlu1iU05w4FLVON8wjzvYI+Rnt39aIx1Hw==&u=U2FsdGVkX1+1TEncbknw07MMH9mFNweLJZjDNxmg4uFUBtJE17bXoctYD4F5/AzB&y=U2FsdGVkX18IFRiimrrqdu5xzmimC4L86Y6OvEVYXRNDqHD8BegBmxMEgmBKptJL HTTP/1.1" 200 26
186.28.191.246 - - [04/Feb/2023:15:39:21 -0500] "GET /kwssiamovil/sm/acme/a?s=U2FsdGVkX1+/PwheAYwd8yqbx1NpWWPZ1HqsE4dXvJtUdMY4vwiS0rO5sy0njwT3o8gvijudpQpmTLF4kPFen/O0tJ/9mIBj9y/AkoZBuN/BRCkjZdXdxJakzsnHyoHmsN94Su2bW88IFn2E0UPU1pFzR1lr4OQSkd6pDv42J7I=&u=U2FsdGVkX1+1TEncbknw07MMH9mFNweLJZjDNxmg4uFUBtJE17bXoctYD4F5/AzB&y=U2FsdGVkX18IFRiimrrqdu5xzmimC4L86Y6OvEVYXRNDqHD8BegBmxMEgmBKptJL HTTP/1.1" 200 26
186.28.191.246 - - [04/Feb/2023:15:39:21 -0500] "GET /kwssiamovil/sm/acme/a?s=U2FsdGVkX1+H7+oymj7G+0+5Fy7kjQlrQ+fAu3ILqE8MqMkeZ1a/3hMnFUoh+KEwHEvvpUTcklD9Q4eED//Fn5g8uDfJ4chfs64po6h/pn58fv2CmFT7Eq+fDWhecUSnvgMWj12BWbjGiQgwjYkTp/+ZFbdS5ux7bgyLCF7Ub/o=&u=U2FsdGVkX1+1TEncbknw07MMH9mFNweLJZjDNxmg4uFUBtJE17bXoctYD4F5/AzB&y=U2FsdGVkX18IFRiimrrqdu5xzmimC4L86Y6OvEVYXRNDqHD8BegBmxMEgmBKptJL HTTP/1.1" 200 26
186.28.191.246 - - [04/Feb/2023:15:39:22 -0500] "GET /kwssiamovil/sm/acme/a?s=U2FsdGVkX1+jAQOq2S2gLnTyupVEkAvth5eOtZrGwtDjCG0LKAA3sdWOZGS/h057awb/Xqe+CiLMeJC2Cgs46tVC/nSvZxBk64/noF84zYxeEDAXGumywBErCykhBYwAIkvKaw9kmzOWPRoHnbOjVA/DEV3ZCpSOoiul1c7J79k=&u=U2FsdGVkX1+1TEncbknw07MMH9mFNweLJZjDNxmg4uFUBtJE17bXoctYD4F5/AzB&y=U2FsdGVkX18IFRiimrrqdu5xzmimC4L86Y6OvEVYXRNDqHD8BegBmxMEgmBKptJL HTTP/1.1" 200 26
186.28.191.246 - - [04/Feb/2023:15:39:22 -0500] "GET /kwssiamovil/sm/acme/a?s=U2FsdGVkX1+tJ5l6qz3l/ZBtviFYDk573zgR8DlOxeOjKxjIJxZ9q0vUd3Ogd7pVEhmuuw13Oyz5vlvm1/dus5DO5Ep/EqNwqri1g2n/Tikzn93zwmD21vLR6dFRziNGlqzJN0eU5RFEGc7Ypu4PZR/Y3cbcgpHD3dopfz4s47SN9oPvLjCidFS9qXNQ0FA5PZuw3/zKnJdhPfO7QQXG4A==&u=U2FsdGVkX1+1TEncbknw07MMH9mFNweLJZjDNxmg4uFUBtJE17bXoctYD4F5/AzB&y=U2FsdGVkX18IFRiimrrqdu5xzmimC4L86Y6OvEVYXRNDqHD8BegBmxMEgmBKptJL HTTP/1.1" 200 26
186.28.191.246 - - [04/Feb/2023:15:39:22 -0500] "GET /kwssiamovil/sm/acme/a?s=U2FsdGVkX19BE7piuOf6G9Ji1E8V628ZzHH0/MBlv8wWCE/kaySpFicq4LhYwqsXJNfeU51dCHjZtCjFTcAWQYoz78IWYK8NyNin0BZ/4DqConZLzEaatz7751S8dHkK03A9LHCEGS4eTNKC66qlhlVYqzMcoqK/cvh0dszbnbh4yanSuoZajndplf6UHYBhGyN/aBA+NGNLRPZOE2zHkA==&u=U2FsdGVkX1+1TEncbknw07MMH9mFNweLJZjDNxmg4uFUBtJE17bXoctYD4F5/AzB&y=U2FsdGVkX18IFRiimrrqdu5xzmimC4L86Y6OvEVYXRNDqHD8BegBmxMEgmBKptJL HTTP/1.1" 200 25
186.28.191.246 - - [04/Feb/2023:15:39:22 -0500] "GET /kwssiamovil/sm/acme/a?s=U2FsdGVkX1/1FA1sXjy5NsDOWxXWdnuBVtyTmZppqMYFiwRHsEn1K2MPAjxgsNW4UzdEncNDkNfP7VW5gBxmxp+RC5+7o7dF2s4XVE01IfJjbADQkw/a/AtmvqgMns+ic03CCIHgoChmb1kw9zCIGRUpN8gFLmhIGeoGZw+tpW//mD3HtdFE0E8Er7lNss6Y&u=U2FsdGVkX1+1TEncbknw07MMH9mFNweLJZjDNxmg4uFUBtJE17bXoctYD4F5/AzB&y=U2FsdGVkX18IFRiimrrqdu5xzmimC4L86Y6OvEVYXRNDqHD8BegBmxMEgmBKptJL HTTP/1.1" 200 26
186.80.52.163 - - [04/Feb/2023:15:39:35 -0500] "GET /sipse/faces/index.xhtml HTTP/1.1" 200 677
186.80.52.163 - - [04/Feb/2023:15:39:35 -0500] "GET /sipse/faces/javax.faces.resource/theme.css?ln=primefaces-sipse HTTP/1.1" 304 -
186.80.52.163 - - [04/Feb/2023:15:39:35 -0500] "GET /sipse/faces/faces/autenticacion.xhtml HTTP/1.1" 200 12172
186.80.52.163 - - [04/Feb/2023:15:39:35 -0500] "GET /sipse/faces/javax.faces.resource/theme.css?ln=primefaces-sipse HTTP/1.1" 304 -
186.80.52.163 - - [04/Feb/2023:15:39:35 -0500] "GET /sipse/faces/javax.faces.resource/primefaces.css?ln=primefaces&v=4.0 HTTP/1.1" 304 -
186.80.52.163 - - [04/Feb/2023:15:39:35 -0500] "GET /sipse/faces/javax.faces.resource/layout/layout.css?ln=primefaces&v=4.0 HTTP/1.1" 304 -
186.80.52.163 - - [04/Feb/2023:15:39:35 -0500] "GET /sipse/faces/javax.faces.resource/jquery/jquery-plugins.js?ln=primefaces&v=4.0 HTTP/1.1" 304 -
186.80.52.163 - - [04/Feb/2023:15:39:35 -0500] "GET /sipse/faces/javax.faces.resource/jquery/jquery.js?ln=primefaces&v=4.0 HTTP/1.1" 304 -
186.80.52.163 - - [04/Feb/2023:15:39:35 -0500] "GET /sipse/faces/javax.faces.resource/primefaces.js?ln=primefaces&v=4.0 HTTP/1.1" 304 -
186.80.52.163 - - [04/Feb/2023:15:39:35 -0500] "GET /sipse/faces/javax.faces.resource/layout/layout.js?ln=primefaces&v=4.0 HTTP/1.1" 304 -
186.80.52.163 - - [04/Feb/2023:15:39:36 -0500] "GET /sipse/faces/javax.faces.resource/images/ui-icons_898989_256x240.png?ln=primefaces-aristo HTTP/1.1" 304 -
186.80.52.163 - - [04/Feb/2023:15:39:40 -0500] "POST /sipse/faces/autenticacion.xhtml HTTP/1.1" 200 2217
186.80.52.163 - - [04/Feb/2023:15:39:40 -0500] "GET /sipse/faces/javax.faces.resource/messages/messages.png?ln=primefaces&v=4.0 HTTP/1.1" 304 -
186.80.52.163 - - [04/Feb/2023:15:39:42 -0500] "POST /sipse/faces/autenticacion.xhtml HTTP/1.1" 200 16232
186.80.52.163 - - [04/Feb/2023:15:39:42 -0500] "GET /sipse/faces/javax.faces.resource/theme.css?ln=primefaces-sipse HTTP/1.1" 304 -
186.80.52.163 - - [04/Feb/2023:15:39:42 -0500] "GET /sipse/faces/javax.faces.resource/layout/layout.css?ln=primefaces&v=4.0 HTTP/1.1" 304 -
186.80.52.163 - - [04/Feb/2023:15:39:42 -0500] "GET /sipse/faces/javax.faces.resource/primefaces.css?ln=primefaces&v=4.0 HTTP/1.1" 304 -
186.80.52.163 - - [04/Feb/2023:15:39:42 -0500] "GET /sipse/faces/javax.faces.resource/jquery/jquery.js?ln=primefaces&v=4.0 HTTP/1.1" 304 -
186.80.52.163 - - [04/Feb/2023:15:39:42 -0500] "GET /sipse/faces/javax.faces.resource/jquery/jquery-plugins.js?ln=primefaces&v=4.0 HTTP/1.1" 304 -
186.80.52.163 - - [04/Feb/2023:15:39:42 -0500] "GET /sipse/faces/javax.faces.resource/primefaces.js?ln=primefaces&v=4.0 HTTP/1.1" 304 -
186.80.52.163 - - [04/Feb/2023:15:39:42 -0500] "GET /sipse/faces/javax.faces.resource/layout/layout.js?ln=primefaces&v=4.0 HTTP/1.1" 304 -
186.80.52.163 - - [04/Feb/2023:15:39:42 -0500] "GET /sipse/css/imagen/contrasena.png HTTP/1.1" 404 383
186.80.52.163 - - [04/Feb/2023:15:39:45 -0500] "GET /sipse/faces/javax.faces.resource/images/ui-bg_flat_0_2d5972_40x100.png?ln=primefaces-aristo HTTP/1.1" 304 -
186.80.52.163 - - [04/Feb/2023:15:39:45 -0500] "POST /sipse/faces/bienvenido.xhtml HTTP/1.1" 200 2658
186.80.52.163 - - [04/Feb/2023:15:39:46 -0500] "POST /sipse/faces/bienvenido.xhtml HTTP/1.1" 200 64672
186.80.52.163 - - [04/Feb/2023:15:39:49 -0500] "GET /sipse/faces/javax.faces.resource/primefaces.css?ln=primefaces&v=4.0 HTTP/1.1" 304 -
186.80.52.163 - - [04/Feb/2023:15:39:49 -0500] "GET /sipse/faces/javax.faces.resource/theme.css?ln=primefaces-sipse HTTP/1.1" 304 -
186.80.52.163 - - [04/Feb/2023:15:39:49 -0500] "GET /sipse/faces/javax.faces.resource/layout/layout.css?ln=primefaces&v=4.0 HTTP/1.1" 304 -
186.80.52.163 - - [04/Feb/2023:15:39:50 -0500] "GET /sipse/faces/javax.faces.resource/jquery/jquery.js?ln=primefaces&v=4.0 HTTP/1.1" 304 -
186.80.52.163 - - [04/Feb/2023:15:39:50 -0500] "GET /sipse/faces/javax.faces.resource/jquery/jquery-plugins.js?ln=primefaces&v=4.0 HTTP/1.1" 304 -
186.80.52.163 - - [04/Feb/2023:15:39:50 -0500] "GET /sipse/faces/javax.faces.resource/primefaces.js?ln=primefaces&v=4.0 HTTP/1.1" 304 -
186.80.52.163 - - [04/Feb/2023:15:39:50 -0500] "GET /sipse/faces/javax.faces.resource/layout/layout.js?ln=primefaces&v=4.0 HTTP/1.1" 304 -
186.80.52.163 - - [04/Feb/2023:15:39:50 -0500] "POST /sipse/faces/presentacion/financiero/solicitudProceso/listarSolicitudProceso.xhtml HTTP/1.1" 200 1552
201.245.192.253 - - [04/Feb/2023:15:39:50 -0500] "POST /kwsrmcab/Wsrmcab  HTTP/1.1" 200 213
186.80.52.163 - - [04/Feb/2023:15:40:01 -0500] "POST /sipse/faces/presentacion/financiero/solicitudProceso/listarSolicitudProceso.xhtml HTTP/1.1" 200 31746
34.85.220.166 - - [04/Feb/2023:15:40:03 -0500] "GET /distrito-declara-alerta-fase-i-en-suroccidente-de-bogota-por-altas-concentraciones-de-material-particulado.html HTTP/1.0" 200 883
186.80.52.163 - - [04/Feb/2023:15:40:09 -0500] "POST /sipse/faces/presentacion/financiero/solicitudProceso/listarSolicitudProceso.xhtml HTTP/1.1" 200 31942
5.255.253.117 - - [04/Feb/2023:15:41:08 -0500] "-" 408 -
172.22.2.4 - - [04/Feb/2023:15:39:35 -0500] "HEAD /BLA/boletinlegal/ HTTP/1.1" 200 -
186.28.191.246 - - [04/Feb/2023:15:41:28 -0500] "OPTIONS /kwssiamovil/sm/setfile/f? HTTP/1.1" 200 13
186.28.191.246 - - [04/Feb/2023:15:41:28 -0500] "POST /kwssiamovil/sm/setfile/f? HTTP/1.1" 200 381
186.28.191.246 - - [04/Feb/2023:15:41:38 -0500] "GET /kwssiamovil/sm/acme/a?s=U2FsdGVkX18ONZJzaGfdX+eWXbUXi5EAwMahFixQUpyFqd5FKpoKkiiDk7jBt8+42iXBYZQm5xswNIvtMGmcVAt2H0ShF0nAMBYl1theBiVxDGlxS2gv/A3MplGvZi3YO/OkkXsFuCmcI0ryDK451EKgprQ/lVSPsj+/RtueghS/hpJsDXN2yXqWVi9Cu55W6/20O+EdNGG5xAHtupjzYJbT9L++T1SworCZoBnTKrMSKV/tOwx7f+3MGQ0qN5msX+ql/KxaxJhuW7IBQcm/nw==&u=U2FsdGVkX1+1TEncbknw07MMH9mFNweLJZjDNxmg4uFUBtJE17bXoctYD4F5/AzB&y=U2FsdGVkX18IFRiimrrqdu5xzmimC4L86Y6OvEVYXRNDqHD8BegBmxMEgmBKptJL HTTP/1.1" 200 26
186.28.191.246 - - [04/Feb/2023:15:41:38 -0500] "GET /kwssiamovil/sm/acme/a?s=U2FsdGVkX19IL8zTb+RRwuGOPzAuODXo3PA/mQrcz1zonwWg1j648K2fK2+35AmyaY64gM1v1ijacQPTXJtP0PKSLAUVlM6siRfofK3tmMVRTk+yAEqG3a+5KtsHZmilx/nMQiaSQQyqxbE/XZMdv232Rd+VYCPOT5u4ywhMdR6zZUT6ouKhbjZhF7Vp2MuumaPu8TvblEBUyPKlFb1tZcMw0HVGU+n4cm8nLQK8mZh782i2x+vLUU1AfYHpfPYWedUqZ2TXtB3xbcMvWbPBOzK9OgLVzgTTMjWa7ExAJDaPTlbGfXrvMUZ9Lj8HDwYnPkQCCgkQh2Pe2OFNhx0B8S+czrWdLKnm3ytHMJbASA7b0GxDacMZnj+QWxYAqJTpqMCYLEi9GogKhTcgeKuYdc1PaHunjjMBEGkryWgW2/SOMIXMxE8m2eSWQlnGyBJpBZaJIADOWDTnJACdgReLSHqc/N8V4OaTq56r3AM3zOoTo633HHMk7+CvvSYd48NXPuQE2j8jjS5pKOW2LGl5agz9BptlzU7oqke2ZRz3QF8oK9GULsABYQOcUFxlbFszh6VvZX8LvqAcBL2jz6YMonV07qmZjwtClM6lyOq5vyZ0x0Y0D76sRuE/I8mnSdPGYjnQWwPxRpXnnDvdsFMxHYCXokMz/qycNSgqpiH7qX7V3oz+siySNUVDitdDFX/LVXYVgT55/qvoRcQZ2gkVTUGbvZBe0QhnSSYe9+LMFpiczRsOs58miKjwyauoLjGPHw8wG4GcAQ3BZBLu7GHzvwrZajqbULaXPhJgK7nwz7wC4WGzK7nvS+i1rxI+CBfUkaK/AAu5qShNj06UO7QCo2iyx35qPIu75WUAie4trMWsga9BnkuxgPzaZm3P4x2637nUDQBnRZeWOiWlW+AvUyyA6eaheZZyik5GoNskqgMODhYrLwrQ3S96d7W+pozhD9O5DF5BaMaNpaWvO9y8EJecrpsSj/jR1fHzSNOsL9B4qyDS63lUCqJBxmj9I0bx7gRjOznxLQV+KLy7WQmV4ulMYscN8TIRw+kxN0HjMki9cYNHVkd6hfPwhZwSEg3idqYK/DBcs9Zs6FPVAkHE3SICdNNL2K343NmqIQz8l1EcjGH3txlYZ50NWqKrw67BGezB3ses5I+v3unzDCMWsi1nQSVEmgzICnwOCi0RV6dYfNXPeBo6vuJuQ5HVl2p4R881eRRBS46Y9QU2k2TV2ZkHziRpTSjBL0jTCiGjOdhEEnxPWxKc/D+Wmr9WpRhefLf2VWS8ai//+M/rLF2fRMwf01QswpIzurQTL4SEm/L7AFDUUm5Ol89ufLzQMB59lcGMulTfNpoff43VexC74g1oIrwYxD6h6VMG9PfZH7iFW5I4bVp4kzsvrtmHzzasWfp4FFS/5tdUqJKZtp07KKiQnoTH5hWI/QFEx3O0eeLX1w1GLkkS2GyX5+Zs6BJvPsElN2irJIYWrMb2cBW4YGzhLPo7WOc9e/uxztBvZAwtVcbt3Bk4Ggt3VoBzovO4ubebp4pl8QrJn/4KSxw9OUcFeUfeHPGbHbw3L9vhk+QlZ7tlC0867nIqXUg5pvf99GHUodvIPUJpqNWIwm7YC8NmFSYTdUmNXOOQhelVbpmU18BmylcBAkXOE/kTmpv5C7geLCo/DyWIgdjcsl2f22CnPqsT5GUNPPeMMPz2ftgovcOPTccMp1bGkxCwg30sxWh3nmEEz3gEJphbsNCkcDFTZEfHYy2Bq/B29gSZphu7nvrVNi0k/SrjRRx9JXf6&u=U2FsdGVkX1+1TEncbknw07MMH9mFNweLJZjDNxmg4uFUBtJE17bXoctYD4F5/AzB&y=U2FsdGVkX18IFRiimrrqdu5xzmimC4L86Y6OvEVYXRNDqHD8BegBmxMEgmBKptJL HTTP/1.1" 200 26
186.28.191.246 - - [04/Feb/2023:15:41:38 -0500] "GET /kwssiamovil/sm/acme/a?s=U2FsdGVkX1+MqUXVjqQAdy48/LttTJ11U7M6YkHoXrzjG9L3AxAd4Qe/7negjj6gr3RlsZM6anEO5fjUEjq/gbDBzFXievdio1gstgW4C+Pwab4Xe0CK0uZIpb/GmwnL2q1h8/ckDcnn2o0LHNN7B/Cz3RQHBSM9xkvGdZixYt4=&u=U2FsdGVkX1+1TEncbknw07MMH9mFNweLJZjDNxmg4uFUBtJE17bXoctYD4F5/AzB&y=U2FsdGVkX18IFRiimrrqdu5xzmimC4L86Y6OvEVYXRNDqHD8BegBmxMEgmBKptJL HTTP/1.1" 200 26
186.28.191.246 - - [04/Feb/2023:15:41:39 -0500] "GET /kwssiamovil/sm/acme/a?s=U2FsdGVkX1/0OcPg4gmxN/RhZPiEYaAcy2dg7E1wxq997q4CB761Kj4OFHPPrAehULGDqHiHsl1oku9qOO87nQS17XelCP+TmdklJzT/o5ti+BVF8Cdv1NAI+6z7GA6wdcAdmZrTFYPG8zZNz+jg3/VqONLv5N4JXhjgd4uLzeM=&u=U2FsdGVkX1+1TEncbknw07MMH9mFNweLJZjDNxmg4uFUBtJE17bXoctYD4F5/AzB&y=U2FsdGVkX18IFRiimrrqdu5xzmimC4L86Y6OvEVYXRNDqHD8BegBmxMEgmBKptJL HTTP/1.1" 200 26
186.28.191.246 - - [04/Feb/2023:15:41:39 -0500] "GET /kwssiamovil/sm/acme/a?s=U2FsdGVkX1/dgXRKRBzjnOYoQEv6GUqWM7zjMKpDVx44kZcSUZsca9Y4pxUbQS8cgOVA9sgkdv/hcY+LeYtfFHSYDSTDQeTVOouEMOj62g6FKVj4d0m3HHBkU0cvJGwM4EL3rWS1HEs129sragzc+fqmRMUFohZx5p1eHeEKqoA=&u=U2FsdGVkX1+1TEncbknw07MMH9mFNweLJZjDNxmg4uFUBtJE17bXoctYD4F5/AzB&y=U2FsdGVkX18IFRiimrrqdu5xzmimC4L86Y6OvEVYXRNDqHD8BegBmxMEgmBKptJL HTTP/1.1" 200 26
186.28.191.246 - - [04/Feb/2023:15:41:39 -0500] "GET /kwssiamovil/sm/acme/a?s=U2FsdGVkX1/ughOsOxo4mzI6XJe83oGhk8YsWteHP5QK72wwfll/IJqhxAqug1D1XMI9nqSEaqslBI0PiyubmJTK1YhG/tfeBdJ735aBHl4mD+fUw0r6SW0o+OGNflPHjsMf0Bfpuu2hEm20rC8ny+RV1O5DRqSX41vmxWO3Nktsr4WEBGio2+/JgsC8quXBIO7Io5vMFRGMuvKMRCs2fQ==&u=U2FsdGVkX1+1TEncbknw07MMH9mFNweLJZjDNxmg4uFUBtJE17bXoctYD4F5/AzB&y=U2FsdGVkX18IFRiimrrqdu5xzmimC4L86Y6OvEVYXRNDqHD8BegBmxMEgmBKptJL HTTP/1.1" 200 26
186.28.191.246 - - [04/Feb/2023:15:41:39 -0500] "GET /kwssiamovil/sm/acme/a?s=U2FsdGVkX18aDihLJAU+z+kmM7GPXzSP9JSxwoq/tzbRlNVqlPYlCBOI2BvGV1qL9XzDEsCqhBsjYzVpyRhFb0is8si8T4st8LguV5Af9MEahjRK0KJ1DJBq/GX7j2IxP/pIQHBglx7f9yPgB2WuDbU4RUnY7dHVz9qmOVLmSJbwokA4KLygay/sn61RpGTHw2EmcxYv/2FbTBg8VXbmXg==&u=U2FsdGVkX1+1TEncbknw07MMH9mFNweLJZjDNxmg4uFUBtJE17bXoctYD4F5/AzB&y=U2FsdGVkX18IFRiimrrqdu5xzmimC4L86Y6OvEVYXRNDqHD8BegBmxMEgmBKptJL HTTP/1.1" 200 25
186.28.191.246 - - [04/Feb/2023:15:41:39 -0500] "GET /kwssiamovil/sm/acme/a?s=U2FsdGVkX18hAJ5ToTmtX7v1QRN9X7InjE5o27coCAhsPxkFwzH3t966aU49W0V5MCmq9pl8Dz+4+foMm8f4kPMtJidMT39iYD826N0fEL0cvEY9PTwZ+fqXLVCdne3XqvNugGCCLEzr7JUd1CibpEFvBA67HQzgc9sClV54MXnwwsF9El00qw43a1TqfXx8&u=U2FsdGVkX1+1TEncbknw07MMH9mFNweLJZjDNxmg4uFUBtJE17bXoctYD4F5/AzB&y=U2FsdGVkX18IFRiimrrqdu5xzmimC4L86Y6OvEVYXRNDqHD8BegBmxMEgmBKptJL HTTP/1.1" 200 26
186.29.202.223 - - [04/Feb/2023:15:42:01 -0500] "GET /sipse/faces/index.xhtml HTTP/1.1" 200 677
186.29.202.223 - - [04/Feb/2023:15:42:01 -0500] "GET /sipse/faces/javax.faces.resource/theme.css?ln=primefaces-sipse HTTP/1.1" 304 -
186.29.202.223 - - [04/Feb/2023:15:42:01 -0500] "GET /sipse/faces/faces/autenticacion.xhtml HTTP/1.1" 200 12172
186.29.202.223 - - [04/Feb/2023:15:42:01 -0500] "GET /sipse/faces/javax.faces.resource/theme.css?ln=primefaces-sipse HTTP/1.1" 304 -
186.29.202.223 - - [04/Feb/2023:15:42:01 -0500] "GET /sipse/faces/javax.faces.resource/primefaces.css?ln=primefaces&v=4.0 HTTP/1.1" 304 -
186.29.202.223 - - [04/Feb/2023:15:42:01 -0500] "GET /sipse/faces/javax.faces.resource/layout/layout.css?ln=primefaces&v=4.0 HTTP/1.1" 304 -
186.29.202.223 - - [04/Feb/2023:15:42:01 -0500] "GET /sipse/faces/javax.faces.resource/jquery/jquery-plugins.js?ln=primefaces&v=4.0 HTTP/1.1" 304 -
186.29.202.223 - - [04/Feb/2023:15:42:01 -0500] "GET /sipse/faces/javax.faces.resource/jquery/jquery.js?ln=primefaces&v=4.0 HTTP/1.1" 304 -
186.29.202.223 - - [04/Feb/2023:15:42:01 -0500] "GET /sipse/faces/javax.faces.resource/primefaces.js?ln=primefaces&v=4.0 HTTP/1.1" 304 -
186.29.202.223 - - [04/Feb/2023:15:42:01 -0500] "GET /sipse/faces/javax.faces.resource/layout/layout.js?ln=primefaces&v=4.0 HTTP/1.1" 304 -
186.29.202.223 - - [04/Feb/2023:15:42:01 -0500] "GET /sipse/faces/javax.faces.resource/images/ui-icons_898989_256x240.png?ln=primefaces-aristo HTTP/1.1" 304 -
186.29.202.223 - - [04/Feb/2023:15:42:04 -0500] "POST /sipse/faces/autenticacion.xhtml HTTP/1.1" 200 2220
186.29.202.223 - - [04/Feb/2023:15:42:04 -0500] "GET /sipse/faces/javax.faces.resource/messages/messages.png?ln=primefaces&v=4.0 HTTP/1.1" 304 -
172.22.2.4 - - [04/Feb/2023:15:40:25 -0500] "GET /BLA/boletinlegal/ HTTP/1.1" 200 59404
186.29.202.223 - - [04/Feb/2023:15:42:06 -0500] "POST /sipse/faces/autenticacion.xhtml HTTP/1.1" 200 16245
186.29.202.223 - - [04/Feb/2023:15:42:06 -0500] "GET /sipse/faces/javax.faces.resource/theme.css?ln=primefaces-sipse HTTP/1.1" 304 -
186.29.202.223 - - [04/Feb/2023:15:42:06 -0500] "GET /sipse/faces/javax.faces.resource/primefaces.css?ln=primefaces&v=4.0 HTTP/1.1" 304 -
186.29.202.223 - - [04/Feb/2023:15:42:06 -0500] "GET /sipse/faces/javax.faces.resource/layout/layout.css?ln=primefaces&v=4.0 HTTP/1.1" 304 -
186.29.202.223 - - [04/Feb/2023:15:42:06 -0500] "GET /sipse/faces/javax.faces.resource/jquery/jquery.js?ln=primefaces&v=4.0 HTTP/1.1" 304 -
186.29.202.223 - - [04/Feb/2023:15:42:06 -0500] "GET /sipse/faces/javax.faces.resource/jquery/jquery-plugins.js?ln=primefaces&v=4.0 HTTP/1.1" 304 -
186.29.202.223 - - [04/Feb/2023:15:42:06 -0500] "GET /sipse/faces/javax.faces.resource/primefaces.js?ln=primefaces&v=4.0 HTTP/1.1" 304 -
186.29.202.223 - - [04/Feb/2023:15:42:06 -0500] "GET /sipse/faces/javax.faces.resource/layout/layout.js?ln=primefaces&v=4.0 HTTP/1.1" 304 -
186.29.202.223 - - [04/Feb/2023:15:42:06 -0500] "GET /sipse/css/imagen/contrasena.png HTTP/1.1" 404 383
186.29.202.223 - - [04/Feb/2023:15:42:08 -0500] "GET /sipse/faces/javax.faces.resource/images/ui-bg_flat_0_2d5972_40x100.png?ln=primefaces-aristo HTTP/1.1" 304 -
87.250.224.158 - - [04/Feb/2023:15:42:08 -0500] "-" 408 -
186.29.202.223 - - [04/Feb/2023:15:42:08 -0500] "POST /sipse/faces/bienvenido.xhtml HTTP/1.1" 200 9754
186.29.202.223 - - [04/Feb/2023:15:42:09 -0500] "POST /sipse/faces/bienvenido.xhtml HTTP/1.1" 200 2073
186.29.202.223 - - [04/Feb/2023:15:42:10 -0500] "POST /sipse/faces/bienvenido.xhtml HTTP/1.1" 200 38970
186.29.202.223 - - [04/Feb/2023:15:42:10 -0500] "GET /sipse/faces/javax.faces.resource/theme.css?ln=primefaces-sipse HTTP/1.1" 304 -
186.29.202.223 - - [04/Feb/2023:15:42:10 -0500] "GET /sipse/faces/javax.faces.resource/layout/layout.css?ln=primefaces&v=4.0 HTTP/1.1" 304 -
186.29.202.223 - - [04/Feb/2023:15:42:10 -0500] "GET /sipse/faces/javax.faces.resource/primefaces.css?ln=primefaces&v=4.0 HTTP/1.1" 304 -
186.29.202.223 - - [04/Feb/2023:15:42:10 -0500] "GET /sipse/faces/javax.faces.resource/jquery/jquery.js?ln=primefaces&v=4.0 HTTP/1.1" 304 -
186.29.202.223 - - [04/Feb/2023:15:42:10 -0500] "GET /sipse/faces/javax.faces.resource/jquery/jquery-plugins.js?ln=primefaces&v=4.0 HTTP/1.1" 304 -
186.29.202.223 - - [04/Feb/2023:15:42:10 -0500] "GET /sipse/faces/javax.faces.resource/primefaces.js?ln=primefaces&v=4.0 HTTP/1.1" 304 -
186.29.202.223 - - [04/Feb/2023:15:42:11 -0500] "GET /sipse/faces/javax.faces.resource/layout/layout.js?ln=primefaces&v=4.0 HTTP/1.1" 304 -
157.55.39.142 - - [04/Feb/2023:15:42:12 -0500] "GET /bla/resoluciones/autos%202021/5501.pdf HTTP/1.1" 200 363884
186.29.202.223 - - [04/Feb/2023:15:42:15 -0500] "POST /sipse/faces/presentacion/financiero/solicitudProceso/consultar.xhtml HTTP/1.1" 200 12822
216.245.221.92 - - [04/Feb/2023:15:42:17 -0500] "HEAD / HTTP/1.1" 200 -
157.55.39.142 - - [04/Feb/2023:15:42:21 -0500] "GET /bla/resoluciones/autos%202021/5046.pdf HTTP/1.1" 200 353132
186.29.202.223 - - [04/Feb/2023:15:42:24 -0500] "POST /sipse/faces/presentacion/financiero/solicitudProceso/consultar.xhtml HTTP/1.1" 200 12935
186.29.202.223 - - [04/Feb/2023:15:42:47 -0500] "POST /sipse/faces/presentacion/financiero/solicitudProceso/consultar.xhtml HTTP/1.1" 200 12957
157.55.39.117 - - [04/Feb/2023:15:43:01 -0500] "GET /bla/resoluciones/autos%202022/2034.pdf HTTP/1.1" 200 387814
186.29.202.223 - - [04/Feb/2023:15:43:06 -0500] "POST /sipse/faces/presentacion/financiero/solicitudProceso/consultar.xhtml HTTP/1.1" 200 12943
186.29.202.223 - - [04/Feb/2023:15:43:18 -0500] "POST /sipse/faces/presentacion/financiero/solicitudProceso/consultar.xhtml HTTP/1.1" 200 12880
173.252.87.21 - - [04/Feb/2023:15:44:07 -0500] "GET /images/2%20de%20febrero%20liberaci\xc3\xb3n%20Tunjo.jpeg HTTP/1.1" 404 1034
5.255.231.249 - - [04/Feb/2023:15:44:08 -0500] "-" 408 -
66.220.149.8 - - [04/Feb/2023:15:44:22 -0500] "GET /images/1%20de%20febrero%20D\xc3\xada%20sin%20carro.jpeg HTTP/1.1" 404 1034
79.110.72.156 - - [04/Feb/2023:15:44:45 -0500] "GET /BLA/resoluciones/AUTOS%202021/5041.pdf HTTP/1.1" 200 429265
201.245.192.253 - - [04/Feb/2023:15:44:49 -0500] "POST /kwsrmcab/Wsrmcab  HTTP/1.1" 200 213
157.55.39.142 - - [04/Feb/2023:15:44:51 -0500] "GET /bla/resoluciones/autos%202021/6225.pdf HTTP/1.1" 200 382668
186.80.52.223 - - [04/Feb/2023:15:44:58 -0500] "POST /sipse/faces/presentacion/financiero/solicitudProceso/listarSolicitudProceso.xhtml HTTP/1.1" 200 153713
186.80.52.223 - - [04/Feb/2023:15:44:59 -0500] "GET /sipse/faces/javax.faces.resource/theme.css?ln=primefaces-sipse HTTP/1.1" 304 -
186.80.52.223 - - [04/Feb/2023:15:44:59 -0500] "GET /sipse/faces/javax.faces.resource/primefaces.css?ln=primefaces&v=4.0 HTTP/1.1" 304 -
186.80.52.223 - - [04/Feb/2023:15:44:59 -0500] "GET /sipse/faces/javax.faces.resource/layout/layout.css?ln=primefaces&v=4.0 HTTP/1.1" 304 -
186.80.52.223 - - [04/Feb/2023:15:44:59 -0500] "GET /sipse/faces/javax.faces.resource/jquery/jquery.js?ln=primefaces&v=4.0 HTTP/1.1" 304 -
186.80.52.223 - - [04/Feb/2023:15:44:59 -0500] "GET /sipse/faces/javax.faces.resource/jquery/jquery-plugins.js?ln=primefaces&v=4.0 HTTP/1.1" 304 -
186.80.52.223 - - [04/Feb/2023:15:45:00 -0500] "GET /sipse/faces/javax.faces.resource/primefaces.js?ln=primefaces&v=4.0 HTTP/1.1" 304 -
186.80.52.223 - - [04/Feb/2023:15:45:00 -0500] "GET /sipse/faces/javax.faces.resource/layout/layout.js?ln=primefaces&v=4.0 HTTP/1.1" 304 -
157.90.251.233 - - [04/Feb/2023:15:45:08 -0500] "GET / HTTP/1.1" 200 319
157.90.251.233 - - [04/Feb/2023:15:45:09 -0500] "GET / HTTP/1.1" 200 4720
186.80.52.223 - - [04/Feb/2023:15:45:14 -0500] "POST /sipse/faces/presentacion/financiero/solicitudProceso/consultarSolicitudProceso.xhtml HTTP/1.1" 200 45347
186.80.52.223 - - [04/Feb/2023:15:45:15 -0500] "GET /sipse/faces/javax.faces.resource/theme.css?ln=primefaces-sipse HTTP/1.1" 304 -
186.80.52.223 - - [04/Feb/2023:15:45:15 -0500] "GET /sipse/faces/javax.faces.resource/primefaces.css?ln=primefaces&v=4.0 HTTP/1.1" 304 -
186.80.52.223 - - [04/Feb/2023:15:45:15 -0500] "GET /sipse/faces/javax.faces.resource/layout/layout.css?ln=primefaces&v=4.0 HTTP/1.1" 304 -
186.80.52.223 - - [04/Feb/2023:15:45:15 -0500] "GET /sipse/faces/javax.faces.resource/jquery/jquery.js?ln=primefaces&v=4.0 HTTP/1.1" 304 -
186.80.52.223 - - [04/Feb/2023:15:45:15 -0500] "GET /sipse/faces/javax.faces.resource/jquery/jquery-plugins.js?ln=primefaces&v=4.0 HTTP/1.1" 304 -
186.80.52.223 - - [04/Feb/2023:15:45:15 -0500] "GET /sipse/faces/javax.faces.resource/primefaces.js?ln=primefaces&v=4.0 HTTP/1.1" 304 -
186.80.52.223 - - [04/Feb/2023:15:45:15 -0500] "GET /sipse/faces/javax.faces.resource/layout/layout.js?ln=primefaces&v=4.0 HTTP/1.1" 304 -
186.80.52.223 - - [04/Feb/2023:15:45:15 -0500] "GET /sipse/css/imagen/contrasena.png HTTP/1.1" 404 383
186.102.103.252 - - [04/Feb/2023:15:45:21 -0500] "POST /sipse/faces/presentacion/financiero/solicitudProceso/consultar.xhtml HTTP/1.1" 302 -
186.102.103.252 - - [04/Feb/2023:15:45:21 -0500] "GET /sipse/faces/autenticacion.xhtml HTTP/1.1" 200 1099
186.102.103.252 - - [04/Feb/2023:15:45:27 -0500] "POST /sipse/faces/presentacion/financiero/solicitudProceso/consultar.xhtml HTTP/1.1" 302 -
186.102.103.252 - - [04/Feb/2023:15:45:27 -0500] "GET /sipse/faces/autenticacion.xhtml HTTP/1.1" 200 1099
186.102.103.252 - - [04/Feb/2023:15:45:35 -0500] "POST /sipse/faces/presentacion/financiero/solicitudProceso/consultar.xhtml HTTP/1.1" 302 -
186.102.103.252 - - [04/Feb/2023:15:45:35 -0500] "GET /sipse/faces/autenticacion.xhtml HTTP/1.1" 200 1099
78.87.243.186 - - [04/Feb/2023:15:45:42 -0500] "GET / HTTP/1.1" 200 319
109.237.98.226 - - [04/Feb/2023:15:45:43 -0500] "GET /.env HTTP/1.1" 404 1018
