!C99Shell v. 1.0 pre-release build #13!

Software: Apache. PHP/5.5.15 

uname -a: Windows NT SVR-DMZ 6.1 build 7600 (Windows Server 2008 R2 Enterprise Edition) i586 

SYSTEM 

Safe-mode: OFF (not secure)

E:\nuevo\apache\logs\   drwxrwxrwx
Free 5.02 GB of 239.26 GB (2.1%)
Detected drives: [ a ] [ c ] [ d ] [ e ] [ f ]
Home    Back    Forward    UPDIR    Refresh    Search    Buffer    Encoder    Tools    Proc.    FTP brute    Sec.    SQL    PHP-code    Update    Feedback    Self remove    Logout    


Viewing file:     access.2023.02.04.log (1.86 MB)      -rw-rw-rw-
Select action/file-type:
(+) | (+) | (+) | Code (+) | Session (+) | (+) | SDB (+) | (+) | (+) | (+) | (+) | (+) |
66.249.74.158 - - [04/Feb/2023:00:00:02 -0500] "-" 408 -
216.245.221.92 - - [04/Feb/2023:00:00:07 -0500] "HEAD / HTTP/1.1" 200 -
172.22.2.4 - - [03/Feb/2023:23:58:42 -0500] "GET /BLA/boletinlegal/ HTTP/1.1" 200 59404
186.155.14.108 - - [04/Feb/2023:00:01:08 -0500] "POST /appsia/controlador HTTP/1.1" 200 3238
186.155.14.108 - - [04/Feb/2023:00:01:08 -0500] "GET /appsia/jscripts/validarSolicitud.js HTTP/1.1" 404 68
186.155.14.108 - - [04/Feb/2023:00:01:12 -0500] "POST /appsia/controlador HTTP/1.1" 200 5437
186.154.32.232 - - [04/Feb/2023:00:01:17 -0500] "POST /sipse/faces/presentacion/financiero/solicitudProceso/listarSolicitudProceso.xhtml HTTP/1.1" 200 57132
186.154.32.232 - - [04/Feb/2023:00:01:17 -0500] "POST /sipse/faces/presentacion/financiero/solicitudProceso/listarSolicitudProceso.xhtml HTTP/1.1" 200 57132
186.154.32.232 - - [04/Feb/2023:00:01:17 -0500] "POST /sipse/faces/presentacion/financiero/solicitudProceso/listarSolicitudProceso.xhtml HTTP/1.1" 200 57132
186.154.32.232 - - [04/Feb/2023:00:01:18 -0500] "POST /sipse/faces/presentacion/financiero/solicitudProceso/listarSolicitudProceso.xhtml HTTP/1.1" 200 57132
186.154.32.232 - - [04/Feb/2023:00:01:18 -0500] "POST /sipse/faces/presentacion/financiero/solicitudProceso/listarSolicitudProceso.xhtml HTTP/1.1" 200 57132
186.154.32.232 - - [04/Feb/2023:00:01:18 -0500] "POST /sipse/faces/presentacion/financiero/solicitudProceso/listarSolicitudProceso.xhtml HTTP/1.1" 200 57132
186.154.32.232 - - [04/Feb/2023:00:01:18 -0500] "POST /sipse/faces/presentacion/financiero/solicitudProceso/listarSolicitudProceso.xhtml HTTP/1.1" 200 57132
186.154.32.232 - - [04/Feb/2023:00:01:19 -0500] "POST /sipse/faces/presentacion/financiero/solicitudProceso/listarSolicitudProceso.xhtml HTTP/1.1" 200 57132
186.155.14.108 - - [04/Feb/2023:00:01:19 -0500] "GET /appsia/controlador HTTP/1.1" 200 5437
186.154.32.232 - - [04/Feb/2023:00:01:19 -0500] "POST /sipse/faces/presentacion/financiero/solicitudProceso/listarSolicitudProceso.xhtml HTTP/1.1" 200 1552
186.154.32.232 - - [04/Feb/2023:00:01:20 -0500] "POST /sipse/faces/presentacion/financiero/solicitudProceso/listarSolicitudProceso.xhtml HTTP/1.1" 200 1564
186.154.32.232 - - [04/Feb/2023:00:01:20 -0500] "POST /sipse/faces/presentacion/financiero/solicitudProceso/listarSolicitudProceso.xhtml HTTP/1.1" 200 1556
186.154.32.232 - - [04/Feb/2023:00:01:20 -0500] "POST /sipse/faces/presentacion/financiero/solicitudProceso/listarSolicitudProceso.xhtml HTTP/1.1" 200 1560
186.154.32.232 - - [04/Feb/2023:00:01:20 -0500] "POST /sipse/faces/presentacion/financiero/solicitudProceso/listarSolicitudProceso.xhtml HTTP/1.1" 200 1556
186.154.32.232 - - [04/Feb/2023:00:01:21 -0500] "POST /sipse/faces/presentacion/financiero/solicitudProceso/listarSolicitudProceso.xhtml HTTP/1.1" 200 1560
186.154.32.232 - - [04/Feb/2023:00:01:21 -0500] "POST /sipse/faces/presentacion/financiero/solicitudProceso/listarSolicitudProceso.xhtml HTTP/1.1" 200 1556
186.154.32.232 - - [04/Feb/2023:00:01:21 -0500] "POST /sipse/faces/presentacion/financiero/solicitudProceso/listarSolicitudProceso.xhtml HTTP/1.1" 200 1564
186.154.32.232 - - [04/Feb/2023:00:01:35 -0500] "POST /sipse/faces/presentacion/financiero/solicitudProceso/listarSolicitudProceso.xhtml HTTP/1.1" 200 57132
186.154.32.232 - - [04/Feb/2023:00:01:35 -0500] "POST /sipse/faces/presentacion/financiero/solicitudProceso/listarSolicitudProceso.xhtml HTTP/1.1" 200 57132
186.154.32.232 - - [04/Feb/2023:00:01:35 -0500] "POST /sipse/faces/presentacion/financiero/solicitudProceso/listarSolicitudProceso.xhtml HTTP/1.1" 200 57132
186.154.32.232 - - [04/Feb/2023:00:01:35 -0500] "POST /sipse/faces/presentacion/financiero/solicitudProceso/listarSolicitudProceso.xhtml HTTP/1.1" 200 57132
186.154.32.232 - - [04/Feb/2023:00:01:36 -0500] "POST /sipse/faces/presentacion/financiero/solicitudProceso/listarSolicitudProceso.xhtml HTTP/1.1" 200 57132
186.154.32.232 - - [04/Feb/2023:00:01:36 -0500] "POST /sipse/faces/presentacion/financiero/solicitudProceso/listarSolicitudProceso.xhtml HTTP/1.1" 200 57132
186.154.32.232 - - [04/Feb/2023:00:01:36 -0500] "POST /sipse/faces/presentacion/financiero/solicitudProceso/listarSolicitudProceso.xhtml HTTP/1.1" 200 57132
186.154.32.232 - - [04/Feb/2023:00:01:37 -0500] "POST /sipse/faces/presentacion/financiero/solicitudProceso/listarSolicitudProceso.xhtml HTTP/1.1" 200 57132
186.154.32.232 - - [04/Feb/2023:00:01:37 -0500] "POST /sipse/faces/presentacion/financiero/solicitudProceso/listarSolicitudProceso.xhtml HTTP/1.1" 200 1552
186.154.32.232 - - [04/Feb/2023:00:01:37 -0500] "POST /sipse/faces/presentacion/financiero/solicitudProceso/listarSolicitudProceso.xhtml HTTP/1.1" 200 1564
186.154.32.232 - - [04/Feb/2023:00:01:37 -0500] "POST /sipse/faces/presentacion/financiero/solicitudProceso/listarSolicitudProceso.xhtml HTTP/1.1" 200 1556
186.154.32.232 - - [04/Feb/2023:00:01:37 -0500] "POST /sipse/faces/presentacion/financiero/solicitudProceso/listarSolicitudProceso.xhtml HTTP/1.1" 200 1560
186.154.32.232 - - [04/Feb/2023:00:01:38 -0500] "POST /sipse/faces/presentacion/financiero/solicitudProceso/listarSolicitudProceso.xhtml HTTP/1.1" 200 1556
186.154.32.232 - - [04/Feb/2023:00:01:38 -0500] "POST /sipse/faces/presentacion/financiero/solicitudProceso/listarSolicitudProceso.xhtml HTTP/1.1" 200 1560
186.154.32.232 - - [04/Feb/2023:00:01:38 -0500] "POST /sipse/faces/presentacion/financiero/solicitudProceso/listarSolicitudProceso.xhtml HTTP/1.1" 200 1556
186.154.32.232 - - [04/Feb/2023:00:01:38 -0500] "POST /sipse/faces/presentacion/financiero/solicitudProceso/listarSolicitudProceso.xhtml HTTP/1.1" 200 1564
186.154.32.232 - - [04/Feb/2023:00:01:44 -0500] "POST /sipse/faces/presentacion/financiero/solicitudProceso/listarSolicitudProceso.xhtml HTTP/1.1" 200 31663
186.29.13.35 - - [04/Feb/2023:00:01:57 -0500] "POST /sipse/faces/presentacion/financiero/solicitudProceso/consultarSolicitudProceso.xhtml HTTP/1.1" 200 192060
186.29.13.35 - - [04/Feb/2023:00:01:58 -0500] "GET /sipse/faces/javax.faces.resource/theme.css?ln=primefaces-sipse HTTP/1.1" 304 -
186.29.13.35 - - [04/Feb/2023:00:01:58 -0500] "GET /sipse/faces/javax.faces.resource/primefaces.css?ln=primefaces&v=4.0 HTTP/1.1" 304 -
186.29.13.35 - - [04/Feb/2023:00:01:58 -0500] "GET /sipse/faces/javax.faces.resource/primefaces.js?ln=primefaces&v=4.0 HTTP/1.1" 304 -
186.29.13.35 - - [04/Feb/2023:00:01:58 -0500] "GET /sipse/faces/javax.faces.resource/layout/layout.css?ln=primefaces&v=4.0 HTTP/1.1" 304 -
186.29.13.35 - - [04/Feb/2023:00:01:58 -0500] "GET /sipse/faces/javax.faces.resource/jquery/jquery.js?ln=primefaces&v=4.0 HTTP/1.1" 304 -
186.29.13.35 - - [04/Feb/2023:00:01:58 -0500] "GET /sipse/faces/javax.faces.resource/layout/layout.js?ln=primefaces&v=4.0 HTTP/1.1" 304 -
186.29.13.35 - - [04/Feb/2023:00:01:58 -0500] "GET /sipse/faces/javax.faces.resource/jquery/jquery-plugins.js?ln=primefaces&v=4.0 HTTP/1.1" 304 -
186.29.13.35 - - [04/Feb/2023:00:01:58 -0500] "GET /sipse/faces/javax.faces.resource/images/ui-icons_898989_256x240.png?ln=primefaces-aristo HTTP/1.1" 304 -
186.29.13.35 - - [04/Feb/2023:00:01:58 -0500] "GET /sipse/css/imagen/contrasena.png HTTP/1.1" 404 383
186.29.13.35 - - [04/Feb/2023:00:02:05 -0500] "GET /sipse/faces/javax.faces.resource/images/ui-bg_flat_0_2d5972_40x100.png?ln=primefaces-aristo HTTP/1.1" 304 -
186.29.13.35 - - [04/Feb/2023:00:02:05 -0500] "POST /sipse/faces/presentacion/financiero/solicitudProceso/consultarSolicitudProceso.xhtml HTTP/1.1" 200 62010
186.29.13.35 - - [04/Feb/2023:00:02:08 -0500] "GET /sipse/faces/javax.faces.resource/theme.css?ln=primefaces-sipse HTTP/1.1" 304 -
186.29.13.35 - - [04/Feb/2023:00:02:08 -0500] "GET /sipse/faces/javax.faces.resource/layout/layout.css?ln=primefaces&v=4.0 HTTP/1.1" 304 -
186.29.13.35 - - [04/Feb/2023:00:02:08 -0500] "GET /sipse/faces/javax.faces.resource/primefaces.css?ln=primefaces&v=4.0 HTTP/1.1" 304 -
186.29.13.35 - - [04/Feb/2023:00:02:08 -0500] "GET /sipse/faces/javax.faces.resource/jquery/jquery.js?ln=primefaces&v=4.0 HTTP/1.1" 304 -
186.29.13.35 - - [04/Feb/2023:00:02:08 -0500] "GET /sipse/faces/javax.faces.resource/jquery/jquery-plugins.js?ln=primefaces&v=4.0 HTTP/1.1" 304 -
186.29.13.35 - - [04/Feb/2023:00:02:08 -0500] "GET /sipse/faces/javax.faces.resource/primefaces.js?ln=primefaces&v=4.0 HTTP/1.1" 304 -
186.29.13.35 - - [04/Feb/2023:00:02:08 -0500] "GET /sipse/faces/javax.faces.resource/layout/layout.js?ln=primefaces&v=4.0 HTTP/1.1" 304 -
186.29.13.35 - - [04/Feb/2023:00:02:09 -0500] "GET /sipse/faces/javax.faces.resource/messages/messages.png?ln=primefaces&v=4.0 HTTP/1.1" 304 -
186.29.13.35 - - [04/Feb/2023:00:02:09 -0500] "POST /sipse/faces/presentacion/financiero/solicitudProceso/listarSolicitudProceso.xhtml HTTP/1.1" 200 1552
186.29.13.35 - - [04/Feb/2023:00:02:16 -0500] "POST /sipse/faces/presentacion/financiero/solicitudProceso/listarSolicitudProceso.xhtml HTTP/1.1" 200 72948
186.29.13.35 - - [04/Feb/2023:00:02:36 -0500] "POST /sipse/faces/presentacion/financiero/solicitudProceso/listarSolicitudProceso.xhtml HTTP/1.1" 200 70382
186.29.13.35 - - [04/Feb/2023:00:02:48 -0500] "POST /sipse/faces/presentacion/financiero/solicitudProceso/listarSolicitudProceso.xhtml HTTP/1.1" 200 143653
186.29.13.35 - - [04/Feb/2023:00:02:50 -0500] "GET /sipse/faces/javax.faces.resource/theme.css?ln=primefaces-sipse HTTP/1.1" 304 -
186.29.13.35 - - [04/Feb/2023:00:02:50 -0500] "GET /sipse/faces/javax.faces.resource/primefaces.css?ln=primefaces&v=4.0 HTTP/1.1" 304 -
186.29.13.35 - - [04/Feb/2023:00:02:50 -0500] "GET /sipse/faces/javax.faces.resource/layout/layout.css?ln=primefaces&v=4.0 HTTP/1.1" 304 -
186.29.13.35 - - [04/Feb/2023:00:02:50 -0500] "GET /sipse/faces/javax.faces.resource/jquery/jquery.js?ln=primefaces&v=4.0 HTTP/1.1" 304 -
186.29.13.35 - - [04/Feb/2023:00:02:50 -0500] "GET /sipse/faces/javax.faces.resource/jquery/jquery-plugins.js?ln=primefaces&v=4.0 HTTP/1.1" 304 -
186.29.13.35 - - [04/Feb/2023:00:02:50 -0500] "GET /sipse/faces/javax.faces.resource/primefaces.js?ln=primefaces&v=4.0 HTTP/1.1" 304 -
186.29.13.35 - - [04/Feb/2023:00:02:50 -0500] "GET /sipse/faces/javax.faces.resource/layout/layout.js?ln=primefaces&v=4.0 HTTP/1.1" 304 -
201.245.192.253 - - [04/Feb/2023:00:03:10 -0500] "POST /kwsrmcab/Wsrmcab  HTTP/1.1" 200 213
173.252.83.11 - - [04/Feb/2023:00:04:14 -0500] "GET /images/2%20de%20febrero%20liberaci\xc3\xb3n%20Tunjo.jpeg HTTP/1.1" 404 1034
186.29.13.35 - - [04/Feb/2023:00:04:28 -0500] "GET /sipse/faces/javax.faces.resource/images/ui-bg_flat_0_2d5972_40x100.png?ln=primefaces-aristo HTTP/1.1" 200 183
186.29.13.35 - - [04/Feb/2023:00:04:28 -0500] "POST /sipse/faces/presentacion/sistema/reporte/ventanaVerReporteParametros.xhtml HTTP/1.1" 200 33615
186.29.13.35 - - [04/Feb/2023:00:04:28 -0500] "GET /sipse/faces/javax.faces.resource/jquery/jquery.js?ln=primefaces&v=4.0 HTTP/1.1" 304 -
186.29.13.35 - - [04/Feb/2023:00:04:28 -0500] "GET /sipse/faces/javax.faces.resource/jquery/jquery-plugins.js?ln=primefaces&v=4.0 HTTP/1.1" 304 -
186.29.13.35 - - [04/Feb/2023:00:04:29 -0500] "GET /sipse/faces/javax.faces.resource/primefaces.js?ln=primefaces&v=4.0 HTTP/1.1" 304 -
186.29.13.35 - - [04/Feb/2023:00:04:29 -0500] "GET /sipse/faces/javax.faces.resource/layout/layout.js?ln=primefaces&v=4.0 HTTP/1.1" 304 -
186.29.13.35 - - [04/Feb/2023:00:04:31 -0500] "POST /sipse/faces/presentacion/sistema/reporte/listarReportes.xhtml HTTP/1.1" 200 22243
186.29.13.35 - - [04/Feb/2023:00:04:31 -0500] "GET /sipse/faces/javax.faces.resource/theme.css?ln=primefaces-sipse HTTP/1.1" 304 -
186.29.13.35 - - [04/Feb/2023:00:04:31 -0500] "GET /sipse/faces/javax.faces.resource/primefaces.css?ln=primefaces&v=4.0 HTTP/1.1" 304 -
186.29.13.35 - - [04/Feb/2023:00:04:31 -0500] "GET /sipse/faces/javax.faces.resource/layout/layout.css?ln=primefaces&v=4.0 HTTP/1.1" 304 -
186.29.13.35 - - [04/Feb/2023:00:04:31 -0500] "GET /sipse/faces/javax.faces.resource/jquery/jquery.js?ln=primefaces&v=4.0 HTTP/1.1" 304 -
186.29.13.35 - - [04/Feb/2023:00:04:31 -0500] "GET /sipse/faces/javax.faces.resource/jquery/jquery-plugins.js?ln=primefaces&v=4.0 HTTP/1.1" 304 -
186.29.13.35 - - [04/Feb/2023:00:04:31 -0500] "GET /sipse/faces/javax.faces.resource/primefaces.js?ln=primefaces&v=4.0 HTTP/1.1" 304 -
186.29.13.35 - - [04/Feb/2023:00:04:31 -0500] "GET /sipse/faces/javax.faces.resource/layout/layout.js?ln=primefaces&v=4.0 HTTP/1.1" 304 -
186.29.13.35 - - [04/Feb/2023:00:04:31 -0500] "GET /sipse/faces/javax.faces.resource/images/ui-icons_898989_256x240.png?ln=primefaces-aristo HTTP/1.1" 304 -
216.245.221.92 - - [04/Feb/2023:00:05:07 -0500] "HEAD / HTTP/1.1" 200 -
186.29.13.35 - - [04/Feb/2023:00:05:15 -0500] "POST /sipse/faces/presentacion/financiero/solicitudProceso/consultarSolicitudProceso.xhtml HTTP/1.1" 200 5526
52.167.144.49 - - [04/Feb/2023:00:05:19 -0500] "GET /bla/resoluciones/autos%202022/0206.pdf HTTP/1.1" 200 455626
172.22.2.4 - - [04/Feb/2023:00:03:41 -0500] "HEAD /BLA/boletinlegal/ HTTP/1.1" 200 -
186.29.13.35 - - [04/Feb/2023:00:05:52 -0500] "POST /sipse/faces/presentacion/financiero/solicitudProceso/consultarSolicitudProceso.xhtml HTTP/1.1" 200 5533
186.29.13.35 - - [04/Feb/2023:00:05:53 -0500] "GET /sipse/faces/javax.faces.resource/dynamiccontent.properties?ln=primefaces&pfdrid=XjOR5%2F%2FfPAZAuY9TpWQeCiM0BhlXxYRBGKi%2FQcXXfeA%3D&pfdrid_c=false HTTP/1.1" 200 165353
66.249.74.158 - - [04/Feb/2023:00:06:08 -0500] "-" 408 -
186.29.13.35 - - [04/Feb/2023:00:06:11 -0500] "POST /sipse/faces/presentacion/financiero/solicitudProceso/consultarSolicitudProceso.xhtml HTTP/1.1" 200 89944
172.22.2.4 - - [04/Feb/2023:00:04:32 -0500] "GET /BLA/boletinlegal/ HTTP/1.1" 200 59404
186.29.13.35 - - [04/Feb/2023:00:06:16 -0500] "POST /sipse/faces/presentacion/financiero/solicitudProceso/consultarSolicitudProceso.xhtml HTTP/1.1" 200 293074
186.29.13.35 - - [04/Feb/2023:00:06:20 -0500] "POST /sipse/faces/presentacion/financiero/solicitudProceso/consultarSolicitudProceso.xhtml HTTP/1.1" 200 132804
186.29.13.35 - - [04/Feb/2023:00:06:24 -0500] "POST /sipse/faces/presentacion/financiero/solicitudProceso/consultarSolicitudProceso.xhtml HTTP/1.1" 200 322107
186.29.13.35 - - [04/Feb/2023:00:06:27 -0500] "POST /sipse/faces/presentacion/financiero/solicitudProceso/consultarSolicitudProceso.xhtml HTTP/1.1" 200 1950779
186.29.13.35 - - [04/Feb/2023:00:06:31 -0500] "POST /sipse/faces/presentacion/financiero/solicitudProceso/consultarSolicitudProceso.xhtml HTTP/1.1" 200 64863
186.29.13.35 - - [04/Feb/2023:00:06:37 -0500] "POST /sipse/faces/presentacion/financiero/solicitudProceso/consultarSolicitudProceso.xhtml HTTP/1.1" 200 586818
186.29.13.35 - - [04/Feb/2023:00:06:42 -0500] "POST /sipse/faces/presentacion/financiero/solicitudProceso/consultarSolicitudProceso.xhtml HTTP/1.1" 200 2964448
201.245.192.253 - - [04/Feb/2023:00:08:09 -0500] "POST /kwsrmcab/Wsrmcab  HTTP/1.1" 200 213
40.77.167.251 - - [04/Feb/2023:00:09:10 -0500] "GET /bla/resoluciones/autos%202022/0449.pdf HTTP/1.1" 200 371463
173.252.83.8 - - [04/Feb/2023:00:09:18 -0500] "GET /images/2%20de%20febrero%20liberaci\xc3\xb3n%20Tunjo.jpeg HTTP/1.1" 404 1034
5.235.230.151 - - [04/Feb/2023:00:10:00 -0500] "GET / HTTP/1.1" 200 319
216.245.221.92 - - [04/Feb/2023:00:10:07 -0500] "HEAD / HTTP/1.1" 200 -
185.180.143.6 - - [04/Feb/2023:00:10:11 -0500] "GET /portaldeninos/ HTTP/1.1" 200 110197
186.84.20.252 - - [04/Feb/2023:00:10:21 -0500] "-" 408 -
185.119.81.97 - - [04/Feb/2023:00:10:59 -0500] "GET /portaldeninos/wp-login.php HTTP/1.1" 200 2592
185.119.81.97 - - [04/Feb/2023:00:11:00 -0500] "POST /portaldeninos/wp-login.php HTTP/1.1" 200 3670
172.22.2.4 - - [04/Feb/2023:00:09:31 -0500] "HEAD /BLA/boletinlegal/ HTTP/1.1" 200 -
64.62.197.175 - - [04/Feb/2023:00:11:31 -0500] "GET / HTTP/1.1" 200 319
40.77.167.234 - - [04/Feb/2023:00:11:37 -0500] "GET /bla/resoluciones/resoluciones%202022/3751.pdf HTTP/1.1" 200 658839
173.252.79.15 - - [04/Feb/2023:00:12:01 -0500] "GET /images/1%20de%20febrero%20D\xc3\xada%20sin%20carro.jpeg HTTP/1.1" 404 1034
172.22.2.4 - - [04/Feb/2023:00:10:22 -0500] "GET /BLA/boletinlegal/ HTTP/1.1" 200 59404
66.249.74.131 - - [04/Feb/2023:00:12:13 -0500] "-" 408 -
186.155.15.95 - - [04/Feb/2023:00:12:39 -0500] "GET /distrito-declara-alerta-fase-i-en-suroccidente-de-bogota-por-altas-concentraciones-de-material-particulado.html?fbclid=IwAR0t3BPlLmob_Iuw5J2bxxbvXcxXiF2LKSdEP5Ukzw3Hbez3OAvHK5p87_k HTTP/1.1" 200 883
173.252.83.119 - - [04/Feb/2023:00:12:49 -0500] "GET /images/2%20de%20febrero%20liberaci\xc3\xb3n%20Tunjo.jpeg HTTP/1.1" 404 1034
64.62.197.173 - - [04/Feb/2023:00:12:51 -0500] "GET /favicon.ico HTTP/1.1" 200 7782
201.245.192.253 - - [04/Feb/2023:00:13:08 -0500] "POST /kwsrmcab/Wsrmcab  HTTP/1.1" 200 213
216.245.221.92 - - [04/Feb/2023:00:15:07 -0500] "HEAD / HTTP/1.1" 200 -
51.161.84.126 - - [04/Feb/2023:00:16:53 -0500] "GET /auambari-deleito-con-sus-sonidos-ambientales-a-los-asistentes-de-fima-2021.html HTTP/1.1" 200 888
172.22.2.4 - - [04/Feb/2023:00:15:21 -0500] "HEAD /BLA/boletinlegal/ HTTP/1.1" 200 -
40.77.167.236 - - [04/Feb/2023:00:17:11 -0500] "GET /bla/resoluciones/resoluciones%202022/4434.pdf HTTP/1.1" 200 470749
172.22.2.4 - - [04/Feb/2023:00:16:11 -0500] "GET /BLA/boletinlegal/ HTTP/1.1" 200 57192
201.245.192.253 - - [04/Feb/2023:00:17:56 -0500] "POST /kwsrmcab/Wsrmcab HTTP/1.1" 200 38048
201.245.192.253 - - [04/Feb/2023:00:17:58 -0500] "POST /kwsrmcab/Wsrmcab HTTP/1.1" 200 42697
201.245.192.253 - - [04/Feb/2023:00:18:07 -0500] "POST /kwsrmcab/Wsrmcab  HTTP/1.1" 200 213
66.249.74.158 - - [04/Feb/2023:00:18:25 -0500] "-" 408 -
40.77.167.251 - - [04/Feb/2023:00:19:41 -0500] "GET /sipse/faces/faces/autenticacion.xhtml HTTP/1.1" 200 12494
216.245.221.92 - - [04/Feb/2023:00:20:07 -0500] "HEAD / HTTP/1.1" 200 -
173.252.83.18 - - [04/Feb/2023:00:22:01 -0500] "GET /images/2%20de%20febrero%20liberaci\xc3\xb3n%20Tunjo.jpeg HTTP/1.1" 404 1034
186.29.13.35 - - [04/Feb/2023:00:22:40 -0500] "POST /sipse/faces/presentacion/financiero/solicitudProceso/consultarSolicitudProceso.xhtml HTTP/1.1" 200 61945
186.29.13.35 - - [04/Feb/2023:00:22:43 -0500] "GET /sipse/faces/javax.faces.resource/theme.css?ln=primefaces-sipse HTTP/1.1" 304 -
186.29.13.35 - - [04/Feb/2023:00:22:43 -0500] "GET /sipse/faces/javax.faces.resource/jquery/jquery.js?ln=primefaces&v=4.0 HTTP/1.1" 304 -
186.29.13.35 - - [04/Feb/2023:00:22:43 -0500] "GET /sipse/faces/javax.faces.resource/jquery/jquery-plugins.js?ln=primefaces&v=4.0 HTTP/1.1" 304 -
186.29.13.35 - - [04/Feb/2023:00:22:43 -0500] "GET /sipse/faces/javax.faces.resource/primefaces.js?ln=primefaces&v=4.0 HTTP/1.1" 304 -
186.29.13.35 - - [04/Feb/2023:00:22:43 -0500] "GET /sipse/faces/javax.faces.resource/layout/layout.js?ln=primefaces&v=4.0 HTTP/1.1" 304 -
186.29.13.35 - - [04/Feb/2023:00:22:44 -0500] "GET /sipse/faces/javax.faces.resource/primefaces.css?ln=primefaces&v=4.0 HTTP/1.1" 304 -
186.29.13.35 - - [04/Feb/2023:00:22:44 -0500] "GET /sipse/faces/javax.faces.resource/layout/layout.css?ln=primefaces&v=4.0 HTTP/1.1" 304 -
186.29.13.35 - - [04/Feb/2023:00:22:44 -0500] "POST /sipse/faces/presentacion/financiero/solicitudProceso/listarSolicitudProceso.xhtml HTTP/1.1" 200 1552
186.29.13.35 - - [04/Feb/2023:00:22:44 -0500] "GET /sipse/faces/javax.faces.resource/messages/messages.png?ln=primefaces&v=4.0 HTTP/1.1" 304 -
172.22.2.4 - - [04/Feb/2023:00:21:11 -0500] "HEAD /BLA/boletinlegal/ HTTP/1.1" 200 -
52.167.144.49 - - [04/Feb/2023:00:23:01 -0500] "GET /bla/resoluciones/autos%202022/2017.pdf HTTP/1.1" 200 370960
52.167.144.49 - - [04/Feb/2023:00:23:01 -0500] "GET /BLA/resoluciones/RESOLUCIONES%202021/4309.pdf HTTP/1.1" 304 -
186.29.13.35 - - [04/Feb/2023:00:23:06 -0500] "POST /sipse/faces/presentacion/financiero/solicitudProceso/listarSolicitudProceso.xhtml HTTP/1.1" 200 31788
186.29.13.35 - - [04/Feb/2023:00:23:06 -0500] "POST /sipse/faces/presentacion/financiero/solicitudProceso/listarSolicitudProceso.xhtml HTTP/1.1" 200 43945
201.245.192.253 - - [04/Feb/2023:00:23:06 -0500] "POST /kwsrmcab/Wsrmcab  HTTP/1.1" 200 213
186.29.13.35 - - [04/Feb/2023:00:23:12 -0500] "POST /sipse/faces/presentacion/financiero/solicitudProceso/listarSolicitudProceso.xhtml HTTP/1.1" 200 32027
186.29.13.35 - - [04/Feb/2023:00:23:34 -0500] "POST /sipse/faces/presentacion/financiero/solicitudProceso/listarSolicitudProceso.xhtml HTTP/1.1" 200 31832
186.29.13.35 - - [04/Feb/2023:00:23:39 -0500] "POST /sipse/faces/presentacion/financiero/solicitudProceso/listarSolicitudProceso.xhtml HTTP/1.1" 200 67362
172.22.2.4 - - [04/Feb/2023:00:22:02 -0500] "GET /BLA/boletinlegal/ HTTP/1.1" 200 56474
186.29.13.35 - - [04/Feb/2023:00:23:56 -0500] "POST /sipse/faces/presentacion/financiero/solicitudProceso/listarSolicitudProceso.xhtml HTTP/1.1" 200 143556
186.29.13.35 - - [04/Feb/2023:00:23:57 -0500] "GET /sipse/faces/javax.faces.resource/theme.css?ln=primefaces-sipse HTTP/1.1" 304 -
186.29.13.35 - - [04/Feb/2023:00:23:57 -0500] "GET /sipse/faces/javax.faces.resource/primefaces.css?ln=primefaces&v=4.0 HTTP/1.1" 304 -
186.29.13.35 - - [04/Feb/2023:00:23:57 -0500] "GET /sipse/faces/javax.faces.resource/layout/layout.css?ln=primefaces&v=4.0 HTTP/1.1" 304 -
186.29.13.35 - - [04/Feb/2023:00:23:58 -0500] "GET /sipse/faces/javax.faces.resource/jquery/jquery.js?ln=primefaces&v=4.0 HTTP/1.1" 304 -
186.29.13.35 - - [04/Feb/2023:00:23:58 -0500] "GET /sipse/faces/javax.faces.resource/jquery/jquery-plugins.js?ln=primefaces&v=4.0 HTTP/1.1" 304 -
186.29.13.35 - - [04/Feb/2023:00:23:58 -0500] "GET /sipse/faces/javax.faces.resource/primefaces.js?ln=primefaces&v=4.0 HTTP/1.1" 304 -
186.29.13.35 - - [04/Feb/2023:00:23:58 -0500] "GET /sipse/faces/javax.faces.resource/layout/layout.js?ln=primefaces&v=4.0 HTTP/1.1" 304 -
66.249.74.158 - - [04/Feb/2023:00:24:08 -0500] "-" 408 -
179.43.177.242 - - [04/Feb/2023:00:24:27 -0500] "GET / HTTP/1.1" 200 319
216.245.221.92 - - [04/Feb/2023:00:25:07 -0500] "HEAD / HTTP/1.1" 200 -
186.29.13.35 - - [04/Feb/2023:00:26:29 -0500] "GET /sipse/faces/javax.faces.resource/images/ui-bg_flat_0_2d5972_40x100.png?ln=primefaces-aristo HTTP/1.1" 304 -
186.29.13.35 - - [04/Feb/2023:00:26:29 -0500] "POST /sipse/faces/presentacion/sistema/reporte/ventanaVerReporteParametros.xhtml HTTP/1.1" 200 33615
186.29.13.35 - - [04/Feb/2023:00:26:29 -0500] "GET /sipse/faces/javax.faces.resource/jquery/jquery.js?ln=primefaces&v=4.0 HTTP/1.1" 304 -
186.29.13.35 - - [04/Feb/2023:00:26:29 -0500] "GET /sipse/faces/javax.faces.resource/jquery/jquery-plugins.js?ln=primefaces&v=4.0 HTTP/1.1" 304 -
186.29.13.35 - - [04/Feb/2023:00:26:29 -0500] "GET /sipse/faces/javax.faces.resource/primefaces.js?ln=primefaces&v=4.0 HTTP/1.1" 304 -
186.29.13.35 - - [04/Feb/2023:00:26:29 -0500] "GET /sipse/faces/javax.faces.resource/layout/layout.js?ln=primefaces&v=4.0 HTTP/1.1" 304 -
186.29.13.35 - - [04/Feb/2023:00:26:34 -0500] "POST /sipse/faces/presentacion/sistema/reporte/listarReportes.xhtml HTTP/1.1" 200 27046
186.29.13.35 - - [04/Feb/2023:00:26:34 -0500] "POST /sipse/faces/presentacion/sistema/reporte/listarReportes.xhtml HTTP/1.1" 200 27046
186.29.13.35 - - [04/Feb/2023:00:26:36 -0500] "POST /sipse/faces/presentacion/sistema/reporte/listarReportes.xhtml HTTP/1.1" 200 22243
186.29.13.35 - - [04/Feb/2023:00:26:36 -0500] "GET /sipse/faces/javax.faces.resource/theme.css?ln=primefaces-sipse HTTP/1.1" 304 -
186.29.13.35 - - [04/Feb/2023:00:26:36 -0500] "GET /sipse/faces/javax.faces.resource/primefaces.css?ln=primefaces&v=4.0 HTTP/1.1" 304 -
186.29.13.35 - - [04/Feb/2023:00:26:36 -0500] "GET /sipse/faces/javax.faces.resource/layout/layout.css?ln=primefaces&v=4.0 HTTP/1.1" 304 -
186.29.13.35 - - [04/Feb/2023:00:26:36 -0500] "GET /sipse/faces/javax.faces.resource/jquery/jquery.js?ln=primefaces&v=4.0 HTTP/1.1" 304 -
186.29.13.35 - - [04/Feb/2023:00:26:36 -0500] "GET /sipse/faces/javax.faces.resource/jquery/jquery-plugins.js?ln=primefaces&v=4.0 HTTP/1.1" 304 -
186.29.13.35 - - [04/Feb/2023:00:26:36 -0500] "GET /sipse/faces/javax.faces.resource/primefaces.js?ln=primefaces&v=4.0 HTTP/1.1" 304 -
186.29.13.35 - - [04/Feb/2023:00:26:36 -0500] "GET /sipse/faces/javax.faces.resource/layout/layout.js?ln=primefaces&v=4.0 HTTP/1.1" 304 -
186.29.13.35 - - [04/Feb/2023:00:26:36 -0500] "GET /sipse/faces/javax.faces.resource/images/ui-icons_898989_256x240.png?ln=primefaces-aristo HTTP/1.1" 304 -
186.29.13.35 - - [04/Feb/2023:00:27:06 -0500] "POST /sipse/faces/presentacion/financiero/solicitudProceso/consultarSolicitudProceso.xhtml HTTP/1.1" 200 5526
186.29.13.35 - - [04/Feb/2023:00:27:34 -0500] "POST /sipse/faces/presentacion/financiero/solicitudProceso/consultarSolicitudProceso.xhtml HTTP/1.1" 200 5533
186.29.13.35 - - [04/Feb/2023:00:27:34 -0500] "GET /sipse/faces/javax.faces.resource/dynamiccontent.properties?ln=primefaces&pfdrid=XjOR5%2F%2FfPAZAuY9TpWQeCiM0BhlXxYRBGKi%2FQcXXfeA%3D&pfdrid_c=false HTTP/1.1" 200 165353
186.29.13.35 - - [04/Feb/2023:00:27:54 -0500] "POST /sipse/faces/presentacion/financiero/solicitudProceso/consultarSolicitudProceso.xhtml HTTP/1.1" 200 293074
201.245.192.253 - - [04/Feb/2023:00:27:56 -0500] "POST /kwsrmcab/Wsrmcab HTTP/1.1" 200 38048
201.245.192.253 - - [04/Feb/2023:00:27:58 -0500] "POST /kwsrmcab/Wsrmcab HTTP/1.1" 200 42697
186.29.13.35 - - [04/Feb/2023:00:28:02 -0500] "POST /sipse/faces/presentacion/financiero/solicitudProceso/consultarSolicitudProceso.xhtml HTTP/1.1" 200 90335
186.29.13.35 - - [04/Feb/2023:00:28:06 -0500] "POST /sipse/faces/presentacion/financiero/solicitudProceso/consultarSolicitudProceso.xhtml HTTP/1.1" 200 157951
201.245.192.253 - - [04/Feb/2023:00:28:06 -0500] "POST /kwsrmcab/Wsrmcab  HTTP/1.1" 200 213
186.29.13.35 - - [04/Feb/2023:00:28:10 -0500] "POST /sipse/faces/presentacion/financiero/solicitudProceso/consultarSolicitudProceso.xhtml HTTP/1.1" 200 322074
186.29.13.35 - - [04/Feb/2023:00:28:14 -0500] "POST /sipse/faces/presentacion/financiero/solicitudProceso/consultarSolicitudProceso.xhtml HTTP/1.1" 200 2693003
186.29.13.35 - - [04/Feb/2023:00:28:21 -0500] "POST /sipse/faces/presentacion/financiero/solicitudProceso/consultarSolicitudProceso.xhtml HTTP/1.1" 200 185261
186.29.13.35 - - [04/Feb/2023:00:28:27 -0500] "POST /sipse/faces/presentacion/financiero/solicitudProceso/consultarSolicitudProceso.xhtml HTTP/1.1" 200 1556857
173.252.79.120 - - [04/Feb/2023:00:28:30 -0500] "GET /images/2%20de%20febrero%20liberaci\xc3\xb3n%20Tunjo.jpeg HTTP/1.1" 404 1034
186.29.13.35 - - [04/Feb/2023:00:28:31 -0500] "POST /sipse/faces/presentacion/financiero/solicitudProceso/consultarSolicitudProceso.xhtml HTTP/1.1" 200 2444250
52.167.144.97 - - [04/Feb/2023:00:28:40 -0500] "GET /galeria/galeria/fotos/Humedal-la-conejera1G.jpg HTTP/1.1" 200 340987
172.22.2.4 - - [04/Feb/2023:00:27:01 -0500] "HEAD /BLA/boletinlegal/ HTTP/1.1" 200 -
172.22.2.4 - - [04/Feb/2023:00:28:50 -0500] "GET /BLA/boletinlegal/actos.php HTTP/1.1" 200 9606
172.22.2.4 - - [04/Feb/2023:00:27:52 -0500] "GET /BLA/boletinlegal/ HTTP/1.1" 200 57192
173.252.127.19 - - [04/Feb/2023:00:29:44 -0500] "GET /images/2%20de%20febrero%20liberaci\xc3\xb3n%20Tunjo.jpeg HTTP/1.1" 404 1034
66.249.74.158 - - [04/Feb/2023:00:29:47 -0500] "-" 408 -
216.245.221.92 - - [04/Feb/2023:00:30:07 -0500] "HEAD / HTTP/1.1" 200 -
201.245.192.253 - - [04/Feb/2023:00:33:03 -0500] "POST /kwsrmcab/Wsrmcab  HTTP/1.1" 200 213
172.22.2.4 - - [04/Feb/2023:00:32:51 -0500] "HEAD /BLA/boletinlegal/ HTTP/1.1" 200 -
216.245.221.92 - - [04/Feb/2023:00:35:07 -0500] "HEAD / HTTP/1.1" 200 -
185.119.81.97 - - [04/Feb/2023:00:35:11 -0500] "GET /portaldeninos/wp-login.php HTTP/1.1" 200 2592
185.119.81.97 - - [04/Feb/2023:00:35:12 -0500] "POST /portaldeninos/wp-login.php HTTP/1.1" 200 3605
172.22.2.4 - - [04/Feb/2023:00:33:41 -0500] "GET /BLA/boletinlegal/ HTTP/1.1" 200 59404
66.249.74.158 - - [04/Feb/2023:00:35:27 -0500] "-" 408 -
52.167.144.49 - - [04/Feb/2023:00:37:22 -0500] "GET /bla/resoluciones/resoluciones%202022/4360.pdf HTTP/1.1" 200 383723
201.245.192.253 - - [04/Feb/2023:00:37:56 -0500] "POST /kwsrmcab/Wsrmcab HTTP/1.1" 200 38048
201.245.192.253 - - [04/Feb/2023:00:37:58 -0500] "POST /kwsrmcab/Wsrmcab HTTP/1.1" 200 42697
201.245.192.253 - - [04/Feb/2023:00:38:02 -0500] "POST /kwsrmcab/Wsrmcab  HTTP/1.1" 200 213
216.245.221.92 - - [04/Feb/2023:00:40:07 -0500] "HEAD / HTTP/1.1" 200 -
172.22.2.4 - - [04/Feb/2023:00:38:41 -0500] "HEAD /BLA/boletinlegal/ HTTP/1.1" 200 -
172.22.2.4 - - [04/Feb/2023:00:39:32 -0500] "GET /BLA/boletinlegal/ HTTP/1.1" 200 57824
66.249.74.158 - - [04/Feb/2023:00:41:17 -0500] "-" 408 -
186.29.13.35 - - [04/Feb/2023:00:41:43 -0500] "POST /sipse/faces/presentacion/financiero/solicitudProceso/consultarSolicitudProceso.xhtml HTTP/1.1" 200 191918
186.29.13.35 - - [04/Feb/2023:00:41:44 -0500] "GET /sipse/faces/javax.faces.resource/theme.css?ln=primefaces-sipse HTTP/1.1" 304 -
186.29.13.35 - - [04/Feb/2023:00:41:44 -0500] "GET /sipse/faces/javax.faces.resource/primefaces.css?ln=primefaces&v=4.0 HTTP/1.1" 304 -
186.29.13.35 - - [04/Feb/2023:00:41:44 -0500] "GET /sipse/faces/javax.faces.resource/jquery/jquery.js?ln=primefaces&v=4.0 HTTP/1.1" 304 -
186.29.13.35 - - [04/Feb/2023:00:41:44 -0500] "GET /sipse/faces/javax.faces.resource/layout/layout.css?ln=primefaces&v=4.0 HTTP/1.1" 304 -
186.29.13.35 - - [04/Feb/2023:00:41:44 -0500] "GET /sipse/faces/javax.faces.resource/jquery/jquery-plugins.js?ln=primefaces&v=4.0 HTTP/1.1" 304 -
186.29.13.35 - - [04/Feb/2023:00:41:44 -0500] "GET /sipse/faces/javax.faces.resource/primefaces.js?ln=primefaces&v=4.0 HTTP/1.1" 304 -
186.29.13.35 - - [04/Feb/2023:00:41:44 -0500] "GET /sipse/faces/javax.faces.resource/layout/layout.js?ln=primefaces&v=4.0 HTTP/1.1" 304 -
186.29.13.35 - - [04/Feb/2023:00:41:44 -0500] "GET /sipse/faces/javax.faces.resource/images/ui-icons_898989_256x240.png?ln=primefaces-aristo HTTP/1.1" 304 -
186.29.13.35 - - [04/Feb/2023:00:41:44 -0500] "GET /sipse/css/imagen/contrasena.png HTTP/1.1" 404 383
186.29.13.35 - - [04/Feb/2023:00:41:59 -0500] "GET /sipse/faces/javax.faces.resource/layout/layout.css?ln=primefaces&v=4.0 HTTP/1.1" 304 -
186.29.13.35 - - [04/Feb/2023:00:41:59 -0500] "GET /sipse/faces/javax.faces.resource/jquery/jquery.js?ln=primefaces&v=4.0 HTTP/1.1" 304 -
186.29.13.35 - - [04/Feb/2023:00:41:59 -0500] "GET /sipse/faces/javax.faces.resource/primefaces.css?ln=primefaces&v=4.0 HTTP/1.1" 304 -
186.29.13.35 - - [04/Feb/2023:00:41:59 -0500] "GET /sipse/faces/javax.faces.resource/theme.css?ln=primefaces-sipse HTTP/1.1" 304 -
186.29.13.35 - - [04/Feb/2023:00:41:59 -0500] "GET /sipse/faces/javax.faces.resource/jquery/jquery-plugins.js?ln=primefaces&v=4.0 HTTP/1.1" 304 -
186.29.13.35 - - [04/Feb/2023:00:41:58 -0500] "POST /sipse/faces/presentacion/financiero/solicitudProceso/consultarSolicitudProceso.xhtml HTTP/1.1" 200 191866
186.29.13.35 - - [04/Feb/2023:00:41:59 -0500] "GET /sipse/faces/javax.faces.resource/primefaces.js?ln=primefaces&v=4.0 HTTP/1.1" 304 -
186.29.13.35 - - [04/Feb/2023:00:41:59 -0500] "GET /sipse/faces/javax.faces.resource/layout/layout.js?ln=primefaces&v=4.0 HTTP/1.1" 304 -
186.29.13.35 - - [04/Feb/2023:00:41:59 -0500] "GET /sipse/css/imagen/contrasena.png HTTP/1.1" 404 383
186.29.13.35 - - [04/Feb/2023:00:41:59 -0500] "GET /sipse/faces/javax.faces.resource/images/ui-icons_898989_256x240.png?ln=primefaces-aristo HTTP/1.1" 304 -
186.29.13.35 - - [04/Feb/2023:00:42:13 -0500] "GET /sipse/faces/javax.faces.resource/images/ui-bg_flat_0_2d5972_40x100.png?ln=primefaces-aristo HTTP/1.1" 304 -
186.29.13.35 - - [04/Feb/2023:00:42:13 -0500] "POST /sipse/faces/presentacion/financiero/solicitudProceso/consultarSolicitudProceso.xhtml HTTP/1.1" 200 62010
186.29.13.35 - - [04/Feb/2023:00:42:15 -0500] "GET /sipse/faces/javax.faces.resource/primefaces.css?ln=primefaces&v=4.0 HTTP/1.1" 304 -
186.29.13.35 - - [04/Feb/2023:00:42:15 -0500] "GET /sipse/faces/javax.faces.resource/theme.css?ln=primefaces-sipse HTTP/1.1" 304 -
186.29.13.35 - - [04/Feb/2023:00:42:15 -0500] "GET /sipse/faces/javax.faces.resource/layout/layout.css?ln=primefaces&v=4.0 HTTP/1.1" 304 -
186.29.13.35 - - [04/Feb/2023:00:42:15 -0500] "GET /sipse/faces/javax.faces.resource/jquery/jquery.js?ln=primefaces&v=4.0 HTTP/1.1" 304 -
186.29.13.35 - - [04/Feb/2023:00:42:15 -0500] "GET /sipse/faces/javax.faces.resource/jquery/jquery-plugins.js?ln=primefaces&v=4.0 HTTP/1.1" 304 -
186.29.13.35 - - [04/Feb/2023:00:42:15 -0500] "GET /sipse/faces/javax.faces.resource/primefaces.js?ln=primefaces&v=4.0 HTTP/1.1" 304 -
186.29.13.35 - - [04/Feb/2023:00:42:15 -0500] "GET /sipse/faces/javax.faces.resource/layout/layout.js?ln=primefaces&v=4.0 HTTP/1.1" 304 -
186.29.13.35 - - [04/Feb/2023:00:42:16 -0500] "GET /sipse/faces/javax.faces.resource/messages/messages.png?ln=primefaces&v=4.0 HTTP/1.1" 304 -
186.29.13.35 - - [04/Feb/2023:00:42:16 -0500] "POST /sipse/faces/presentacion/financiero/solicitudProceso/listarSolicitudProceso.xhtml HTTP/1.1" 200 1552
186.29.13.35 - - [04/Feb/2023:00:42:22 -0500] "POST /sipse/faces/presentacion/financiero/solicitudProceso/listarSolicitudProceso.xhtml HTTP/1.1" 200 67070
186.29.13.35 - - [04/Feb/2023:00:42:47 -0500] "POST /sipse/faces/presentacion/financiero/solicitudProceso/listarSolicitudProceso.xhtml HTTP/1.1" 200 64491
186.29.13.35 - - [04/Feb/2023:00:42:53 -0500] "POST /sipse/faces/presentacion/financiero/solicitudProceso/listarSolicitudProceso.xhtml HTTP/1.1" 200 143661
186.29.13.35 - - [04/Feb/2023:00:42:54 -0500] "GET /sipse/faces/javax.faces.resource/theme.css?ln=primefaces-sipse HTTP/1.1" 304 -
186.29.13.35 - - [04/Feb/2023:00:42:54 -0500] "GET /sipse/faces/javax.faces.resource/layout/layout.css?ln=primefaces&v=4.0 HTTP/1.1" 304 -
186.29.13.35 - - [04/Feb/2023:00:42:54 -0500] "GET /sipse/faces/javax.faces.resource/primefaces.css?ln=primefaces&v=4.0 HTTP/1.1" 304 -
186.29.13.35 - - [04/Feb/2023:00:42:54 -0500] "GET /sipse/faces/javax.faces.resource/jquery/jquery.js?ln=primefaces&v=4.0 HTTP/1.1" 304 -
186.29.13.35 - - [04/Feb/2023:00:42:54 -0500] "GET /sipse/faces/javax.faces.resource/jquery/jquery-plugins.js?ln=primefaces&v=4.0 HTTP/1.1" 304 -
186.29.13.35 - - [04/Feb/2023:00:42:54 -0500] "GET /sipse/faces/javax.faces.resource/primefaces.js?ln=primefaces&v=4.0 HTTP/1.1" 304 -
186.29.13.35 - - [04/Feb/2023:00:42:54 -0500] "GET /sipse/faces/javax.faces.resource/layout/layout.js?ln=primefaces&v=4.0 HTTP/1.1" 304 -
201.245.192.253 - - [04/Feb/2023:00:43:02 -0500] "POST /kwsrmcab/Wsrmcab  HTTP/1.1" 200 213
173.252.95.4 - - [04/Feb/2023:00:43:44 -0500] "GET /images/2%20de%20febrero%20liberaci\xc3\xb3n%20Tunjo.jpeg HTTP/1.1" 404 1034
40.77.167.251 - - [04/Feb/2023:00:44:33 -0500] "GET /bla/resoluciones/resoluciones%202022/4057.pdf HTTP/1.1" 200 371678
186.29.13.35 - - [04/Feb/2023:00:44:56 -0500] "GET /sipse/faces/javax.faces.resource/images/ui-bg_flat_0_2d5972_40x100.png?ln=primefaces-aristo HTTP/1.1" 304 -
186.29.13.35 - - [04/Feb/2023:00:44:56 -0500] "POST /sipse/faces/presentacion/sistema/reporte/ventanaVerReporteParametros.xhtml HTTP/1.1" 200 33615
186.29.13.35 - - [04/Feb/2023:00:44:56 -0500] "GET /sipse/faces/javax.faces.resource/jquery/jquery.js?ln=primefaces&v=4.0 HTTP/1.1" 304 -
186.29.13.35 - - [04/Feb/2023:00:44:56 -0500] "GET /sipse/faces/javax.faces.resource/jquery/jquery-plugins.js?ln=primefaces&v=4.0 HTTP/1.1" 304 -
186.29.13.35 - - [04/Feb/2023:00:44:56 -0500] "GET /sipse/faces/javax.faces.resource/primefaces.js?ln=primefaces&v=4.0 HTTP/1.1" 304 -
186.29.13.35 - - [04/Feb/2023:00:44:57 -0500] "GET /sipse/faces/javax.faces.resource/layout/layout.js?ln=primefaces&v=4.0 HTTP/1.1" 304 -
186.29.13.35 - - [04/Feb/2023:00:44:58 -0500] "POST /sipse/faces/presentacion/sistema/reporte/listarReportes.xhtml HTTP/1.1" 200 22243
186.29.13.35 - - [04/Feb/2023:00:44:59 -0500] "GET /sipse/faces/javax.faces.resource/theme.css?ln=primefaces-sipse HTTP/1.1" 304 -
186.29.13.35 - - [04/Feb/2023:00:44:59 -0500] "GET /sipse/faces/javax.faces.resource/primefaces.css?ln=primefaces&v=4.0 HTTP/1.1" 304 -
186.29.13.35 - - [04/Feb/2023:00:44:59 -0500] "GET /sipse/faces/javax.faces.resource/jquery/jquery.js?ln=primefaces&v=4.0 HTTP/1.1" 304 -
186.29.13.35 - - [04/Feb/2023:00:44:59 -0500] "GET /sipse/faces/javax.faces.resource/layout/layout.js?ln=primefaces&v=4.0 HTTP/1.1" 304 -
186.29.13.35 - - [04/Feb/2023:00:44:59 -0500] "GET /sipse/faces/javax.faces.resource/primefaces.js?ln=primefaces&v=4.0 HTTP/1.1" 304 -
186.29.13.35 - - [04/Feb/2023:00:44:59 -0500] "GET /sipse/faces/javax.faces.resource/layout/layout.css?ln=primefaces&v=4.0 HTTP/1.1" 304 -
186.29.13.35 - - [04/Feb/2023:00:44:59 -0500] "GET /sipse/faces/javax.faces.resource/jquery/jquery-plugins.js?ln=primefaces&v=4.0 HTTP/1.1" 304 -
186.29.13.35 - - [04/Feb/2023:00:44:59 -0500] "GET /sipse/faces/javax.faces.resource/images/ui-icons_898989_256x240.png?ln=primefaces-aristo HTTP/1.1" 304 -
60.188.11.5 - - [04/Feb/2023:00:45:03 -0500] "GET / HTTP/1.1" 200 319
216.245.221.92 - - [04/Feb/2023:00:45:07 -0500] "HEAD / HTTP/1.1" 200 -
186.29.13.35 - - [04/Feb/2023:00:45:26 -0500] "POST /sipse/faces/presentacion/financiero/solicitudProceso/consultarSolicitudProceso.xhtml HTTP/1.1" 200 5526
186.29.13.35 - - [04/Feb/2023:00:45:58 -0500] "POST /sipse/faces/presentacion/financiero/solicitudProceso/consultarSolicitudProceso.xhtml HTTP/1.1" 200 5533
186.29.13.35 - - [04/Feb/2023:00:45:58 -0500] "GET /sipse/faces/javax.faces.resource/dynamiccontent.properties?ln=primefaces&pfdrid=XjOR5%2F%2FfPAZAuY9TpWQeCiM0BhlXxYRBGKi%2FQcXXfeA%3D&pfdrid_c=false HTTP/1.1" 200 165354
172.22.2.4 - - [04/Feb/2023:00:44:31 -0500] "HEAD /BLA/boletinlegal/ HTTP/1.1" 200 -
186.29.13.35 - - [04/Feb/2023:00:46:17 -0500] "POST /sipse/faces/presentacion/financiero/solicitudProceso/consultarSolicitudProceso.xhtml HTTP/1.1" 200 89987
186.29.13.35 - - [04/Feb/2023:00:46:23 -0500] "POST /sipse/faces/presentacion/financiero/solicitudProceso/consultarSolicitudProceso.xhtml HTTP/1.1" 200 293074
186.29.13.35 - - [04/Feb/2023:00:46:28 -0500] "POST /sipse/faces/presentacion/financiero/solicitudProceso/consultarSolicitudProceso.xhtml HTTP/1.1" 200 157947
186.29.13.35 - - [04/Feb/2023:00:46:32 -0500] "POST /sipse/faces/presentacion/financiero/solicitudProceso/consultarSolicitudProceso.xhtml HTTP/1.1" 200 322065
186.29.13.35 - - [04/Feb/2023:00:46:35 -0500] "POST /sipse/faces/presentacion/financiero/solicitudProceso/consultarSolicitudProceso.xhtml HTTP/1.1" 200 2686360
186.29.13.35 - - [04/Feb/2023:00:46:40 -0500] "POST /sipse/faces/presentacion/financiero/solicitudProceso/consultarSolicitudProceso.xhtml HTTP/1.1" 200 2100083
186.29.13.35 - - [04/Feb/2023:00:46:46 -0500] "POST /sipse/faces/presentacion/financiero/solicitudProceso/consultarSolicitudProceso.xhtml HTTP/1.1" 200 185090
186.29.13.35 - - [04/Feb/2023:00:46:51 -0500] "POST /sipse/faces/presentacion/financiero/solicitudProceso/consultarSolicitudProceso.xhtml HTTP/1.1" 200 1673173
172.22.2.4 - - [04/Feb/2023:00:45:21 -0500] "GET /BLA/boletinlegal/ HTTP/1.1" 200 57192
66.249.74.131 - - [04/Feb/2023:00:47:27 -0500] "-" 408 -
201.245.192.253 - - [04/Feb/2023:00:48:01 -0500] "POST /kwsrmcab/Wsrmcab  HTTP/1.1" 200 213
69.63.184.3 - - [04/Feb/2023:00:49:45 -0500] "GET /images/1%20de%20febrero%20Humedal%20El%20Tunjo.jpeg HTTP/1.1" 200 52973
216.245.221.92 - - [04/Feb/2023:00:50:07 -0500] "HEAD / HTTP/1.1" 200 -
152.39.164.134 - - [04/Feb/2023:00:50:50 -0500] "GET /dia-mundial-de-los-humedales-mas-de-60-aves-alzaron-vuelo-en-el-humedal-el-tunjo.html HTTP/1.1" 200 885
172.22.2.4 - - [04/Feb/2023:00:50:21 -0500] "HEAD /BLA/boletinlegal/ HTTP/1.1" 200 -
172.22.2.4 - - [04/Feb/2023:00:52:34 -0500] "GET /BLA/boletinlegal/Circulares/2012/Circular%20No.%203%20del%2023%20de%20Marzo%20de%202012.pdf HTTP/1.1" 304 -
172.22.2.4 - - [04/Feb/2023:00:51:11 -0500] "GET /BLA/boletinlegal/ HTTP/1.1" 200 57824
201.245.192.253 - - [04/Feb/2023:00:53:01 -0500] "POST /kwsrmcab/Wsrmcab  HTTP/1.1" 200 213
66.249.74.131 - - [04/Feb/2023:00:53:41 -0500] "-" 408 -
216.245.221.92 - - [04/Feb/2023:00:55:07 -0500] "HEAD / HTTP/1.1" 200 -
173.252.83.9 - - [04/Feb/2023:00:56:37 -0500] "GET /images/2%20de%20febrero%20liberaci\xc3\xb3n%20Tunjo.jpeg HTTP/1.1" 404 1034
172.22.2.4 - - [04/Feb/2023:00:56:11 -0500] "HEAD /BLA/boletinlegal/ HTTP/1.1" 200 -
201.245.192.253 - - [04/Feb/2023:00:58:02 -0500] "POST /kwsrmcab/Wsrmcab  HTTP/1.1" 200 213
186.29.13.35 - - [04/Feb/2023:00:58:11 -0500] "GET /sipse/faces/javax.faces.resource/theme.css?ln=primefaces-sipse HTTP/1.1" 304 -
186.29.13.35 - - [04/Feb/2023:00:58:10 -0500] "POST /sipse/faces/presentacion/financiero/solicitudProceso/consultarSolicitudProceso.xhtml HTTP/1.1" 200 192038
186.29.13.35 - - [04/Feb/2023:00:58:11 -0500] "GET /sipse/faces/javax.faces.resource/primefaces.css?ln=primefaces&v=4.0 HTTP/1.1" 304 -
186.29.13.35 - - [04/Feb/2023:00:58:11 -0500] "GET /sipse/faces/javax.faces.resource/primefaces.js?ln=primefaces&v=4.0 HTTP/1.1" 304 -
186.29.13.35 - - [04/Feb/2023:00:58:11 -0500] "GET /sipse/faces/javax.faces.resource/jquery/jquery.js?ln=primefaces&v=4.0 HTTP/1.1" 304 -
186.29.13.35 - - [04/Feb/2023:00:58:11 -0500] "GET /sipse/faces/javax.faces.resource/jquery/jquery-plugins.js?ln=primefaces&v=4.0 HTTP/1.1" 304 -
186.29.13.35 - - [04/Feb/2023:00:58:11 -0500] "GET /sipse/faces/javax.faces.resource/layout/layout.css?ln=primefaces&v=4.0 HTTP/1.1" 304 -
186.29.13.35 - - [04/Feb/2023:00:58:11 -0500] "GET /sipse/faces/javax.faces.resource/layout/layout.js?ln=primefaces&v=4.0 HTTP/1.1" 304 -
186.29.13.35 - - [04/Feb/2023:00:58:11 -0500] "GET /sipse/faces/javax.faces.resource/images/ui-icons_898989_256x240.png?ln=primefaces-aristo HTTP/1.1" 304 -
186.29.13.35 - - [04/Feb/2023:00:58:11 -0500] "GET /sipse/css/imagen/contrasena.png HTTP/1.1" 404 383
186.29.13.35 - - [04/Feb/2023:00:58:13 -0500] "GET /sipse/faces/javax.faces.resource/dynamiccontent.properties?ln=primefaces&pfdrid=XjOR5%2F%2FfPAZAuY9TpWQeCiM0BhlXxYRBGKi%2FQcXXfeA%3D&pfdrid_c=false HTTP/1.1" 500 383
186.29.13.35 - - [04/Feb/2023:00:58:17 -0500] "GET /sipse/faces/javax.faces.resource/images/ui-bg_flat_0_2d5972_40x100.png?ln=primefaces-aristo HTTP/1.1" 304 -
186.29.13.35 - - [04/Feb/2023:00:58:17 -0500] "POST /sipse/faces/presentacion/financiero/solicitudProceso/consultarSolicitudProceso.xhtml HTTP/1.1" 200 62010
186.29.13.35 - - [04/Feb/2023:00:58:20 -0500] "GET /sipse/faces/javax.faces.resource/theme.css?ln=primefaces-sipse HTTP/1.1" 304 -
186.29.13.35 - - [04/Feb/2023:00:58:20 -0500] "GET /sipse/faces/javax.faces.resource/primefaces.css?ln=primefaces&v=4.0 HTTP/1.1" 304 -
186.29.13.35 - - [04/Feb/2023:00:58:20 -0500] "GET /sipse/faces/javax.faces.resource/layout/layout.css?ln=primefaces&v=4.0 HTTP/1.1" 304 -
186.29.13.35 - - [04/Feb/2023:00:58:20 -0500] "GET /sipse/faces/javax.faces.resource/jquery/jquery.js?ln=primefaces&v=4.0 HTTP/1.1" 304 -
186.29.13.35 - - [04/Feb/2023:00:58:20 -0500] "GET /sipse/faces/javax.faces.resource/jquery/jquery-plugins.js?ln=primefaces&v=4.0 HTTP/1.1" 304 -
186.29.13.35 - - [04/Feb/2023:00:58:20 -0500] "GET /sipse/faces/javax.faces.resource/primefaces.js?ln=primefaces&v=4.0 HTTP/1.1" 304 -
186.29.13.35 - - [04/Feb/2023:00:58:20 -0500] "GET /sipse/faces/javax.faces.resource/layout/layout.js?ln=primefaces&v=4.0 HTTP/1.1" 304 -
186.29.13.35 - - [04/Feb/2023:00:58:20 -0500] "GET /sipse/faces/javax.faces.resource/messages/messages.png?ln=primefaces&v=4.0 HTTP/1.1" 304 -
186.29.13.35 - - [04/Feb/2023:00:58:20 -0500] "POST /sipse/faces/presentacion/financiero/solicitudProceso/listarSolicitudProceso.xhtml HTTP/1.1" 200 1552
185.119.81.97 - - [04/Feb/2023:00:58:21 -0500] "GET /portaldeninos/wp-login.php HTTP/1.1" 200 2592
185.119.81.97 - - [04/Feb/2023:00:58:22 -0500] "POST /portaldeninos/wp-login.php HTTP/1.1" 200 3650
186.29.13.35 - - [04/Feb/2023:00:58:25 -0500] "POST /sipse/faces/presentacion/financiero/solicitudProceso/listarSolicitudProceso.xhtml HTTP/1.1" 200 8274
186.29.13.35 - - [04/Feb/2023:00:58:27 -0500] "POST /sipse/faces/presentacion/financiero/solicitudProceso/listarSolicitudProceso.xhtml HTTP/1.1" 200 31796
186.29.13.35 - - [04/Feb/2023:00:58:33 -0500] "POST /sipse/faces/presentacion/financiero/solicitudProceso/listarSolicitudProceso.xhtml HTTP/1.1" 200 61475
172.22.2.4 - - [04/Feb/2023:00:57:01 -0500] "GET /BLA/boletinlegal/ HTTP/1.1" 200 53739
186.29.13.35 - - [04/Feb/2023:00:58:57 -0500] "POST /sipse/faces/presentacion/financiero/solicitudProceso/listarSolicitudProceso.xhtml HTTP/1.1" 200 143682
186.29.13.35 - - [04/Feb/2023:00:58:58 -0500] "GET /sipse/faces/javax.faces.resource/layout/layout.css?ln=primefaces&v=4.0 HTTP/1.1" 304 -
186.29.13.35 - - [04/Feb/2023:00:58:58 -0500] "GET /sipse/faces/javax.faces.resource/theme.css?ln=primefaces-sipse HTTP/1.1" 304 -
186.29.13.35 - - [04/Feb/2023:00:58:58 -0500] "GET /sipse/faces/javax.faces.resource/primefaces.css?ln=primefaces&v=4.0 HTTP/1.1" 304 -
186.29.13.35 - - [04/Feb/2023:00:58:58 -0500] "GET /sipse/faces/javax.faces.resource/jquery/jquery.js?ln=primefaces&v=4.0 HTTP/1.1" 304 -
186.29.13.35 - - [04/Feb/2023:00:58:59 -0500] "GET /sipse/faces/javax.faces.resource/jquery/jquery-plugins.js?ln=primefaces&v=4.0 HTTP/1.1" 304 -
186.29.13.35 - - [04/Feb/2023:00:58:59 -0500] "GET /sipse/faces/javax.faces.resource/primefaces.js?ln=primefaces&v=4.0 HTTP/1.1" 304 -
186.29.13.35 - - [04/Feb/2023:00:58:59 -0500] "GET /sipse/faces/javax.faces.resource/layout/layout.js?ln=primefaces&v=4.0 HTTP/1.1" 304 -
186.29.13.35 - - [04/Feb/2023:00:59:00 -0500] "GET /sipse/faces/javax.faces.resource/dynamiccontent.properties?ln=primefaces&pfdrid=XjOR5%2F%2FfPAZAuY9TpWQeCiM0BhlXxYRBGKi%2FQcXXfeA%3D&pfdrid_c=false HTTP/1.1" 500 383
216.245.221.92 - - [04/Feb/2023:01:00:07 -0500] "HEAD / HTTP/1.1" 200 -
66.249.74.158 - - [04/Feb/2023:01:02:20 -0500] "-" 408 -
201.245.192.253 - - [04/Feb/2023:01:03:01 -0500] "POST /kwsrmcab/Wsrmcab  HTTP/1.1" 200 213
172.22.2.4 - - [04/Feb/2023:01:02:01 -0500] "HEAD /BLA/boletinlegal/ HTTP/1.1" 200 -
172.22.2.4 - - [04/Feb/2023:01:02:52 -0500] "GET /BLA/boletinlegal/ HTTP/1.1" 200 59404
216.245.221.92 - - [04/Feb/2023:01:05:07 -0500] "HEAD / HTTP/1.1" 200 -
185.119.81.100 - - [04/Feb/2023:01:05:22 -0500] "GET /portaldeninos/wp-login.php HTTP/1.1" 200 2592
185.119.81.100 - - [04/Feb/2023:01:05:23 -0500] "POST /portaldeninos/wp-login.php HTTP/1.1" 200 3605
66.249.74.158 - - [04/Feb/2023:01:06:12 -0500] "-" 408 -
152.61.192.232 - - [04/Feb/2023:01:07:02 -0500] "GET / HTTP/1.1" 200 319
185.119.81.105 - - [04/Feb/2023:01:07:40 -0500] "GET /portaldeninos/wp-login.php HTTP/1.1" 200 2592
185.119.81.105 - - [04/Feb/2023:01:07:41 -0500] "POST /portaldeninos/wp-login.php HTTP/1.1" 200 3650
201.245.192.253 - - [04/Feb/2023:01:08:01 -0500] "POST /kwsrmcab/Wsrmcab  HTTP/1.1" 200 213
173.252.95.116 - - [04/Feb/2023:01:08:26 -0500] "GET /images/2%20de%20febrero%20liberaci\xc3\xb3n%20Tunjo.jpeg HTTP/1.1" 404 1034
186.29.13.35 - - [04/Feb/2023:01:08:38 -0500] "GET /sipse/faces/javax.faces.resource/images/ui-bg_flat_0_2d5972_40x100.png?ln=primefaces-aristo HTTP/1.1" 304 -
186.29.13.35 - - [04/Feb/2023:01:08:38 -0500] "POST /sipse/faces/presentacion/sistema/reporte/ventanaVerReporteParametros.xhtml HTTP/1.1" 200 33615
186.29.13.35 - - [04/Feb/2023:01:08:38 -0500] "GET /sipse/faces/javax.faces.resource/jquery/jquery.js?ln=primefaces&v=4.0 HTTP/1.1" 304 -
186.29.13.35 - - [04/Feb/2023:01:08:38 -0500] "GET /sipse/faces/javax.faces.resource/jquery/jquery-plugins.js?ln=primefaces&v=4.0 HTTP/1.1" 304 -
186.29.13.35 - - [04/Feb/2023:01:08:38 -0500] "GET /sipse/faces/javax.faces.resource/primefaces.js?ln=primefaces&v=4.0 HTTP/1.1" 304 -
186.29.13.35 - - [04/Feb/2023:01:08:38 -0500] "GET /sipse/faces/javax.faces.resource/layout/layout.js?ln=primefaces&v=4.0 HTTP/1.1" 304 -
186.29.13.35 - - [04/Feb/2023:01:08:41 -0500] "POST /sipse/faces/presentacion/sistema/reporte/listarReportes.xhtml HTTP/1.1" 200 22243
186.29.13.35 - - [04/Feb/2023:01:08:41 -0500] "GET /sipse/faces/javax.faces.resource/theme.css?ln=primefaces-sipse HTTP/1.1" 304 -
186.29.13.35 - - [04/Feb/2023:01:08:41 -0500] "GET /sipse/faces/javax.faces.resource/primefaces.css?ln=primefaces&v=4.0 HTTP/1.1" 304 -
186.29.13.35 - - [04/Feb/2023:01:08:41 -0500] "GET /sipse/faces/javax.faces.resource/layout/layout.css?ln=primefaces&v=4.0 HTTP/1.1" 304 -
186.29.13.35 - - [04/Feb/2023:01:08:41 -0500] "GET /sipse/faces/javax.faces.resource/jquery/jquery.js?ln=primefaces&v=4.0 HTTP/1.1" 304 -
186.29.13.35 - - [04/Feb/2023:01:08:41 -0500] "GET /sipse/faces/javax.faces.resource/jquery/jquery-plugins.js?ln=primefaces&v=4.0 HTTP/1.1" 304 -
186.29.13.35 - - [04/Feb/2023:01:08:41 -0500] "GET /sipse/faces/javax.faces.resource/primefaces.js?ln=primefaces&v=4.0 HTTP/1.1" 304 -
186.29.13.35 - - [04/Feb/2023:01:08:41 -0500] "GET /sipse/faces/javax.faces.resource/layout/layout.js?ln=primefaces&v=4.0 HTTP/1.1" 304 -
186.29.13.35 - - [04/Feb/2023:01:08:41 -0500] "GET /sipse/faces/javax.faces.resource/images/ui-icons_898989_256x240.png?ln=primefaces-aristo HTTP/1.1" 304 -
186.29.13.35 - - [04/Feb/2023:01:09:15 -0500] "POST /sipse/faces/presentacion/financiero/solicitudProceso/consultarSolicitudProceso.xhtml HTTP/1.1" 200 5526
172.22.2.4 - - [04/Feb/2023:01:07:51 -0500] "HEAD /BLA/boletinlegal/ HTTP/1.1" 200 -
173.252.83.19 - - [04/Feb/2023:01:09:35 -0500] "GET /images/2%20de%20febrero%20liberaci\xc3\xb3n%20Tunjo.jpeg HTTP/1.1" 404 1034
186.29.13.35 - - [04/Feb/2023:01:09:43 -0500] "POST /sipse/faces/presentacion/financiero/solicitudProceso/consultarSolicitudProceso.xhtml HTTP/1.1" 200 5533
