186.86.33.189 - - [04/Feb/2023:19:48:02 -0500] "GET /sipse/faces/javax.faces.resource/messages/messages.png?ln=primefaces&v=4.0 HTTP/1.1" 304 -
186.86.33.189 - - [04/Feb/2023:19:48:02 -0500] "POST /sipse/faces/presentacion/financiero/solicitudProceso/listarSolicitudProceso.xhtml HTTP/1.1" 200 1552
179.60.242.100 - - [04/Feb/2023:19:48:04 -0500] "GET /sipse/faces/javax.faces.resource/jquery/jquery-plugins.js?ln=primefaces&v=4.0 HTTP/1.1" 304 -
179.60.242.100 - - [04/Feb/2023:19:48:04 -0500] "GET /sipse/faces/javax.faces.resource/primefaces.css?ln=primefaces&v=4.0 HTTP/1.1" 304 -
179.60.242.100 - - [04/Feb/2023:19:48:04 -0500] "GET /sipse/faces/javax.faces.resource/layout/layout.css?ln=primefaces&v=4.0 HTTP/1.1" 304 -
179.60.242.100 - - [04/Feb/2023:19:48:04 -0500] "GET /sipse/faces/javax.faces.resource/jquery/jquery.js?ln=primefaces&v=4.0 HTTP/1.1" 304 -
179.60.242.100 - - [04/Feb/2023:19:48:04 -0500] "GET /sipse/faces/javax.faces.resource/theme.css?ln=primefaces-sipse HTTP/1.1" 304 -
179.60.242.100 - - [04/Feb/2023:19:48:04 -0500] "GET /sipse/faces/javax.faces.resource/layout/layout.js?ln=primefaces&v=4.0 HTTP/1.1" 304 -
179.60.242.100 - - [04/Feb/2023:19:48:04 -0500] "GET /sipse/faces/javax.faces.resource/primefaces.js?ln=primefaces&v=4.0 HTTP/1.1" 304 -
179.60.242.100 - - [04/Feb/2023:19:48:05 -0500] "GET /sipse/faces/javax.faces.resource/images/ui-icons_898989_256x240.png?ln=primefaces-aristo HTTP/1.1" 304 -
179.60.242.100 - - [04/Feb/2023:19:48:04 -0500] "POST /sipse/faces/presentacion/financiero/solicitudProceso/consultarSolicitudProceso.xhtml HTTP/1.1" 200 207711
191.111.20.117 - - [04/Feb/2023:19:48:05 -0500] "GET /BLA/resoluciones/index.php?dir=RESOLUCIONES+2011%2F HTTP/1.1" 200 746823
179.60.242.100 - - [04/Feb/2023:19:48:10 -0500] "GET /sipse/faces/javax.faces.resource/images/ui-bg_flat_0_2d5972_40x100.png?ln=primefaces-aristo HTTP/1.1" 304 -
179.60.242.100 - - [04/Feb/2023:19:48:10 -0500] "POST /sipse/faces/presentacion/financiero/solicitudProceso/consultarSolicitudProceso.xhtml HTTP/1.1" 200 62270
179.60.242.100 - - [04/Feb/2023:19:48:12 -0500] "GET /sipse/faces/javax.faces.resource/jquery/jquery.js?ln=primefaces&v=4.0 HTTP/1.1" 304 -
179.60.242.100 - - [04/Feb/2023:19:48:12 -0500] "GET /sipse/faces/javax.faces.resource/jquery/jquery-plugins.js?ln=primefaces&v=4.0 HTTP/1.1" 304 -
179.60.242.100 - - [04/Feb/2023:19:48:12 -0500] "GET /sipse/faces/javax.faces.resource/primefaces.js?ln=primefaces&v=4.0 HTTP/1.1" 304 -
179.60.242.100 - - [04/Feb/2023:19:48:12 -0500] "GET /sipse/faces/javax.faces.resource/layout/layout.js?ln=primefaces&v=4.0 HTTP/1.1" 304 -
179.60.242.100 - - [04/Feb/2023:19:48:13 -0500] "GET /sipse/faces/javax.faces.resource/messages/messages.png?ln=primefaces&v=4.0 HTTP/1.1" 304 -
179.60.242.100 - - [04/Feb/2023:19:48:13 -0500] "POST /sipse/faces/presentacion/financiero/solicitudProceso/listarSolicitudProceso.xhtml HTTP/1.1" 200 1552
191.111.20.117 - - [04/Feb/2023:19:48:27 -0500] "GET /BLA/resoluciones/RESOLUCIONES%202011/5144.pdf HTTP/1.1" 200 599938
191.111.20.117 - - [04/Feb/2023:19:48:34 -0500] "GET /BLA/resoluciones/RESOLUCIONES%202011/5146.pdf HTTP/1.1" 200 494219
186.86.33.189 - - [04/Feb/2023:19:48:43 -0500] "POST /sipse/faces/presentacion/financiero/solicitudProceso/listarSolicitudProceso.xhtml HTTP/1.1" 200 16349
191.111.20.117 - - [04/Feb/2023:19:48:51 -0500] "GET /BLA/resoluciones/index.php?dir=RESOLUCIONES+2010%2F HTTP/1.1" 200 1307967
201.245.192.253 - - [04/Feb/2023:19:48:52 -0500] "POST /kwsrmcab/Wsrmcab  HTTP/1.1" 200 213
191.111.20.117 - - [04/Feb/2023:19:49:04 -0500] "GET /BLA/resoluciones/RESOLUCIONES%202010/2980.pdf HTTP/1.1" 200 1161887
186.86.33.189 - - [04/Feb/2023:19:49:05 -0500] "POST /sipse/faces/presentacion/financiero/solicitudProceso/listarSolicitudProceso.xhtml HTTP/1.1" 200 153462
186.86.33.189 - - [04/Feb/2023:19:49:06 -0500] "GET /sipse/faces/javax.faces.resource/theme.css?ln=primefaces-sipse HTTP/1.1" 304 -
186.86.33.189 - - [04/Feb/2023:19:49:06 -0500] "GET /sipse/faces/javax.faces.resource/primefaces.css?ln=primefaces&v=4.0 HTTP/1.1" 304 -
186.86.33.189 - - [04/Feb/2023:19:49:06 -0500] "GET /sipse/faces/javax.faces.resource/layout/layout.css?ln=primefaces&v=4.0 HTTP/1.1" 304 -
186.86.33.189 - - [04/Feb/2023:19:49:06 -0500] "GET /sipse/faces/javax.faces.resource/jquery/jquery.js?ln=primefaces&v=4.0 HTTP/1.1" 304 -
186.86.33.189 - - [04/Feb/2023:19:49:06 -0500] "GET /sipse/faces/javax.faces.resource/jquery/jquery-plugins.js?ln=primefaces&v=4.0 HTTP/1.1" 304 -
186.86.33.189 - - [04/Feb/2023:19:49:06 -0500] "GET /sipse/faces/javax.faces.resource/primefaces.js?ln=primefaces&v=4.0 HTTP/1.1" 304 -
186.86.33.189 - - [04/Feb/2023:19:49:06 -0500] "GET /sipse/faces/javax.faces.resource/layout/layout.js?ln=primefaces&v=4.0 HTTP/1.1" 304 -
216.245.221.92 - - [04/Feb/2023:19:49:06 -0500] "HEAD / HTTP/1.1" 200 -
186.86.33.189 - - [04/Feb/2023:19:49:18 -0500] "POST /sipse/faces/presentacion/financiero/solicitudProceso/consultarSolicitudProceso.xhtml HTTP/1.1" 200 78318
186.86.33.189 - - [04/Feb/2023:19:49:37 -0500] "POST /sipse/faces/presentacion/financiero/solicitudProceso/consultarSolicitudProceso.xhtml HTTP/1.1" 200 1457778
179.60.242.100 - - [04/Feb/2023:19:50:03 -0500] "POST /sipse/faces/presentacion/financiero/solicitudProceso/listarSolicitudProceso.xhtml HTTP/1.1" 200 41412
179.60.242.100 - - [04/Feb/2023:19:50:04 -0500] "GET /sipse/faces/javax.faces.resource/jquery/jquery.js?ln=primefaces&v=4.0 HTTP/1.1" 304 -
179.60.242.100 - - [04/Feb/2023:19:50:04 -0500] "GET /sipse/faces/javax.faces.resource/jquery/jquery-plugins.js?ln=primefaces&v=4.0 HTTP/1.1" 304 -
179.60.242.100 - - [04/Feb/2023:19:50:04 -0500] "GET /sipse/faces/javax.faces.resource/primefaces.js?ln=primefaces&v=4.0 HTTP/1.1" 304 -
179.60.242.100 - - [04/Feb/2023:19:50:04 -0500] "GET /sipse/faces/javax.faces.resource/layout/layout.js?ln=primefaces&v=4.0 HTTP/1.1" 304 -
179.60.242.100 - - [04/Feb/2023:19:50:04 -0500] "POST /sipse/faces/presentacion/financiero/solicitudProceso/consultar.xhtml HTTP/1.1" 200 34833
186.86.33.189 - - [04/Feb/2023:19:50:07 -0500] "POST /sipse/faces/presentacion/financiero/solicitudProceso/consultarSolicitudProceso.xhtml HTTP/1.1" 200 5541
186.86.33.189 - - [04/Feb/2023:19:50:07 -0500] "GET /sipse/faces/javax.faces.resource/dynamiccontent.properties?ln=primefaces&pfdrid=XjOR5%2F%2FfPAZAuY9TpWQeCiM0BhlXxYRBGKi%2FQcXXfeA%3D&pfdrid_c=false HTTP/1.1" 200 165313
179.60.242.100 - - [04/Feb/2023:19:50:09 -0500] "POST /sipse/faces/presentacion/financiero/solicitudProceso/consultar.xhtml HTTP/1.1" 200 12932
179.60.242.100 - - [04/Feb/2023:19:50:12 -0500] "POST /sipse/faces/presentacion/financiero/solicitudProceso/consultar.xhtml HTTP/1.1" 200 61763
179.60.242.100 - - [04/Feb/2023:19:50:13 -0500] "GET /sipse/faces/javax.faces.resource/jquery/jquery.js?ln=primefaces&v=4.0 HTTP/1.1" 304 -
179.60.242.100 - - [04/Feb/2023:19:50:13 -0500] "GET /sipse/faces/javax.faces.resource/jquery/jquery-plugins.js?ln=primefaces&v=4.0 HTTP/1.1" 304 -
179.60.242.100 - - [04/Feb/2023:19:50:13 -0500] "GET /sipse/faces/javax.faces.resource/primefaces.js?ln=primefaces&v=4.0 HTTP/1.1" 304 -
179.60.242.100 - - [04/Feb/2023:19:50:13 -0500] "GET /sipse/faces/javax.faces.resource/layout/layout.js?ln=primefaces&v=4.0 HTTP/1.1" 304 -
179.60.242.100 - - [04/Feb/2023:19:50:13 -0500] "POST /sipse/faces/presentacion/financiero/solicitudProceso/listarSolicitudProceso.xhtml HTTP/1.1" 200 55158
179.60.242.100 - - [04/Feb/2023:19:50:14 -0500] "POST /sipse/faces/presentacion/financiero/solicitudProceso/listarSolicitudProceso.xhtml HTTP/1.1" 200 55158
179.60.242.100 - - [04/Feb/2023:19:50:14 -0500] "POST /sipse/faces/presentacion/financiero/solicitudProceso/listarSolicitudProceso.xhtml HTTP/1.1" 200 1552
179.60.242.100 - - [04/Feb/2023:19:50:14 -0500] "POST /sipse/faces/presentacion/financiero/solicitudProceso/listarSolicitudProceso.xhtml HTTP/1.1" 200 1564
179.60.242.100 - - [04/Feb/2023:19:50:15 -0500] "POST /sipse/faces/presentacion/financiero/solicitudProceso/listarSolicitudProceso.xhtml HTTP/1.1" 200 1556
179.60.242.100 - - [04/Feb/2023:19:50:28 -0500] "POST /sipse/faces/presentacion/financiero/solicitudProceso/listarSolicitudProceso.xhtml HTTP/1.1" 200 149166
179.60.242.100 - - [04/Feb/2023:19:50:29 -0500] "GET /sipse/faces/javax.faces.resource/jquery/jquery.js?ln=primefaces&v=4.0 HTTP/1.1" 304 -
179.60.242.100 - - [04/Feb/2023:19:50:30 -0500] "GET /sipse/faces/javax.faces.resource/jquery/jquery-plugins.js?ln=primefaces&v=4.0 HTTP/1.1" 304 -
179.60.242.100 - - [04/Feb/2023:19:50:30 -0500] "GET /sipse/faces/javax.faces.resource/primefaces.js?ln=primefaces&v=4.0 HTTP/1.1" 304 -
179.60.242.100 - - [04/Feb/2023:19:50:30 -0500] "GET /sipse/faces/javax.faces.resource/layout/layout.js?ln=primefaces&v=4.0 HTTP/1.1" 304 -
179.60.242.100 - - [04/Feb/2023:19:50:30 -0500] "GET /sipse/faces/javax.faces.resource/dynamiccontent.properties?ln=primefaces&pfdrid=XjOR5%2F%2FfPAZAuY9TpWQeCiM0BhlXxYRBGKi%2FQcXXfeA%3D&pfdrid_c=false HTTP/1.1" 500 383
179.60.242.100 - - [04/Feb/2023:19:50:36 -0500] "POST /sipse/faces/presentacion/financiero/solicitudProceso/consultarSolicitudProceso.xhtml HTTP/1.1" 200 41485
179.60.242.100 - - [04/Feb/2023:19:50:37 -0500] "GET /sipse/faces/javax.faces.resource/jquery/jquery.js?ln=primefaces&v=4.0 HTTP/1.1" 304 -
179.60.242.100 - - [04/Feb/2023:19:50:37 -0500] "GET /sipse/faces/javax.faces.resource/jquery/jquery-plugins.js?ln=primefaces&v=4.0 HTTP/1.1" 304 -
179.60.242.100 - - [04/Feb/2023:19:50:37 -0500] "GET /sipse/faces/javax.faces.resource/primefaces.js?ln=primefaces&v=4.0 HTTP/1.1" 304 -
179.60.242.100 - - [04/Feb/2023:19:50:37 -0500] "GET /sipse/faces/javax.faces.resource/layout/layout.js?ln=primefaces&v=4.0 HTTP/1.1" 304 -
179.60.242.100 - - [04/Feb/2023:19:50:37 -0500] "POST /sipse/faces/presentacion/financiero/solicitudProceso/consultar.xhtml HTTP/1.1" 200 34906
179.60.242.100 - - [04/Feb/2023:19:50:42 -0500] "GET /sipse/faces/presentacion/sistema/reporte/listarReportes.xhtml HTTP/1.1" 302 -
179.60.242.100 - - [04/Feb/2023:19:50:42 -0500] "GET /sipse/faces/autenticacion.xhtml HTTP/1.1" 200 12172
179.60.242.100 - - [04/Feb/2023:19:50:42 -0500] "GET /sipse/faces/javax.faces.resource/layout/layout.css?ln=primefaces&v=4.0 HTTP/1.1" 304 -
179.60.242.100 - - [04/Feb/2023:19:50:42 -0500] "GET /sipse/faces/javax.faces.resource/theme.css?ln=primefaces-sipse HTTP/1.1" 304 -
179.60.242.100 - - [04/Feb/2023:19:50:42 -0500] "GET /sipse/faces/javax.faces.resource/jquery/jquery-plugins.js?ln=primefaces&v=4.0 HTTP/1.1" 304 -
179.60.242.100 - - [04/Feb/2023:19:50:42 -0500] "GET /sipse/faces/javax.faces.resource/primefaces.js?ln=primefaces&v=4.0 HTTP/1.1" 304 -
179.60.242.100 - - [04/Feb/2023:19:50:42 -0500] "GET /sipse/faces/javax.faces.resource/jquery/jquery.js?ln=primefaces&v=4.0 HTTP/1.1" 304 -
179.60.242.100 - - [04/Feb/2023:19:50:42 -0500] "GET /sipse/faces/javax.faces.resource/primefaces.css?ln=primefaces&v=4.0 HTTP/1.1" 304 -
179.60.242.100 - - [04/Feb/2023:19:50:42 -0500] "GET /sipse/faces/javax.faces.resource/layout/layout.js?ln=primefaces&v=4.0 HTTP/1.1" 304 -
179.60.242.100 - - [04/Feb/2023:19:50:43 -0500] "GET /sipse/faces/javax.faces.resource/images/ui-icons_898989_256x240.png?ln=primefaces-aristo HTTP/1.1" 200 5355
179.60.242.100 - - [04/Feb/2023:19:50:43 -0500] "GET /sipse/css/imagen/loginimg.png HTTP/1.1" 200 12242
179.60.242.100 - - [04/Feb/2023:19:50:43 -0500] "GET /sipse/css/imagen/logoSDG.png HTTP/1.1" 200 12242
179.60.242.100 - - [04/Feb/2023:19:50:43 -0500] "GET /favicon.ico HTTP/1.1" 200 7782
179.60.242.100 - - [04/Feb/2023:19:50:43 -0500] "GET /sipse/faces/index.xhtml HTTP/1.1" 200 677
179.60.242.100 - - [04/Feb/2023:19:50:43 -0500] "GET /sipse/faces/javax.faces.resource/theme.css?ln=primefaces-sipse HTTP/1.1" 304 -
179.60.242.100 - - [04/Feb/2023:19:50:43 -0500] "GET /sipse/faces/faces/autenticacion.xhtml HTTP/1.1" 200 12172
179.60.242.100 - - [04/Feb/2023:19:50:43 -0500] "GET /sipse/faces/javax.faces.resource/primefaces.css?ln=primefaces&v=4.0 HTTP/1.1" 304 -
179.60.242.100 - - [04/Feb/2023:19:50:43 -0500] "GET /sipse/faces/javax.faces.resource/theme.css?ln=primefaces-sipse HTTP/1.1" 304 -
179.60.242.100 - - [04/Feb/2023:19:50:43 -0500] "GET /sipse/faces/javax.faces.resource/primefaces.js?ln=primefaces&v=4.0 HTTP/1.1" 304 -
179.60.242.100 - - [04/Feb/2023:19:50:43 -0500] "GET /sipse/faces/javax.faces.resource/jquery/jquery.js?ln=primefaces&v=4.0 HTTP/1.1" 304 -
179.60.242.100 - - [04/Feb/2023:19:50:43 -0500] "GET /sipse/faces/javax.faces.resource/layout/layout.css?ln=primefaces&v=4.0 HTTP/1.1" 304 -
179.60.242.100 - - [04/Feb/2023:19:50:43 -0500] "GET /sipse/faces/javax.faces.resource/layout/layout.js?ln=primefaces&v=4.0 HTTP/1.1" 304 -
179.60.242.100 - - [04/Feb/2023:19:50:43 -0500] "GET /sipse/faces/javax.faces.resource/jquery/jquery-plugins.js?ln=primefaces&v=4.0 HTTP/1.1" 304 -
179.60.242.100 - - [04/Feb/2023:19:50:43 -0500] "GET /sipse/faces/javax.faces.resource/images/ui-icons_898989_256x240.png?ln=primefaces-aristo HTTP/1.1" 304 -
179.60.242.100 - - [04/Feb/2023:19:50:46 -0500] "POST /sipse/faces/autenticacion.xhtml HTTP/1.1" 200 16067
179.60.242.100 - - [04/Feb/2023:19:50:46 -0500] "GET /sipse/css/custom_css_sg_prime.css HTTP/1.1" 200 5201
179.60.242.100 - - [04/Feb/2023:19:50:46 -0500] "GET /sipse/faces/javax.faces.resource/jquery/jquery.js?ln=primefaces&v=4.0 HTTP/1.1" 304 -
179.60.242.100 - - [04/Feb/2023:19:50:46 -0500] "GET /sipse/faces/javax.faces.resource/jquery/jquery-plugins.js?ln=primefaces&v=4.0 HTTP/1.1" 304 -
179.60.242.100 - - [04/Feb/2023:19:50:46 -0500] "GET /sipse/faces/javax.faces.resource/primefaces.js?ln=primefaces&v=4.0 HTTP/1.1" 304 -
179.60.242.100 - - [04/Feb/2023:19:50:46 -0500] "GET /sipse/faces/javax.faces.resource/layout/layout.js?ln=primefaces&v=4.0 HTTP/1.1" 304 -
179.60.242.100 - - [04/Feb/2023:19:50:47 -0500] "GET /sipse/css/imagen/contrasena.png HTTP/1.1" 404 383
179.60.242.100 - - [04/Feb/2023:19:50:47 -0500] "GET /sipse/faces/javax.faces.resource/messages/messages.png?ln=primefaces&v=4.0 HTTP/1.1" 200 27209
179.60.242.100 - - [04/Feb/2023:19:50:49 -0500] "GET /sipse/faces/javax.faces.resource/images/ui-bg_flat_0_2d5972_40x100.png?ln=primefaces-aristo HTTP/1.1" 200 183
179.60.242.100 - - [04/Feb/2023:19:50:49 -0500] "POST /sipse/faces/bienvenido.xhtml HTTP/1.1" 200 1471
179.60.242.100 - - [04/Feb/2023:19:50:50 -0500] "POST /sipse/faces/bienvenido.xhtml HTTP/1.1" 200 61255
179.60.242.100 - - [04/Feb/2023:19:50:50 -0500] "GET /sipse/faces/javax.faces.resource/jquery/jquery.js?ln=primefaces&v=4.0 HTTP/1.1" 304 -
179.60.242.100 - - [04/Feb/2023:19:50:51 -0500] "GET /sipse/faces/javax.faces.resource/jquery/jquery-plugins.js?ln=primefaces&v=4.0 HTTP/1.1" 304 -
179.60.242.100 - - [04/Feb/2023:19:50:51 -0500] "GET /sipse/faces/javax.faces.resource/primefaces.js?ln=primefaces&v=4.0 HTTP/1.1" 304 -
179.60.242.100 - - [04/Feb/2023:19:50:51 -0500] "GET /sipse/faces/javax.faces.resource/layout/layout.js?ln=primefaces&v=4.0 HTTP/1.1" 304 -
179.60.242.100 - - [04/Feb/2023:19:50:51 -0500] "POST /sipse/faces/presentacion/financiero/solicitudProceso/listarSolicitudProceso.xhtml HTTP/1.1" 200 1552
186.86.33.189 - - [04/Feb/2023:19:50:56 -0500] "POST /sipse/faces/presentacion/financiero/solicitudProceso/consultarSolicitudProceso.xhtml HTTP/1.1" 200 5526
179.60.242.100 - - [04/Feb/2023:19:50:57 -0500] "POST /sipse/faces/presentacion/financiero/solicitudProceso/listarSolicitudProceso.xhtml HTTP/1.1" 200 7752
179.60.242.100 - - [04/Feb/2023:19:51:00 -0500] "POST /sipse/faces/presentacion/financiero/solicitudProceso/listarSolicitudProceso.xhtml HTTP/1.1" 200 28399
179.60.242.100 - - [04/Feb/2023:19:51:15 -0500] "POST /sipse/faces/presentacion/financiero/solicitudProceso/listarSolicitudProceso.xhtml HTTP/1.1" 200 31346
179.60.242.100 - - [04/Feb/2023:19:51:16 -0500] "POST /sipse/faces/presentacion/financiero/solicitudProceso/listarSolicitudProceso.xhtml HTTP/1.1" 200 43115
179.60.242.100 - - [04/Feb/2023:19:51:19 -0500] "POST /sipse/faces/presentacion/financiero/solicitudProceso/listarSolicitudProceso.xhtml HTTP/1.1" 200 4702
179.60.242.100 - - [04/Feb/2023:19:51:23 -0500] "POST /sipse/faces/presentacion/financiero/solicitudProceso/listarSolicitudProceso.xhtml HTTP/1.1" 200 31308
172.22.2.4 - - [04/Feb/2023:19:50:24 -0500] "HEAD /BLA/boletinlegal/ HTTP/1.1" 200 -
172.22.2.4 - - [04/Feb/2023:19:51:15 -0500] "GET /BLA/boletinlegal/ HTTP/1.1" 200 59035
157.55.39.117 - - [04/Feb/2023:19:53:06 -0500] "GET /bla/resoluciones/resoluciones%202022/5023.pdf HTTP/1.1" 200 418635
52.167.144.49 - - [04/Feb/2023:19:53:39 -0500] "GET /bla/resoluciones/autos%202021/5128.pdf HTTP/1.1" 200 358600
201.245.192.253 - - [04/Feb/2023:19:53:51 -0500] "POST /kwsrmcab/Wsrmcab  HTTP/1.1" 200 213
216.245.221.92 - - [04/Feb/2023:19:54:06 -0500] "HEAD / HTTP/1.1" 200 -
191.111.20.117 - - [04/Feb/2023:19:54:23 -0500] "GET /BLA/resoluciones/RESOLUCIONES%202010/1261.pdf HTTP/1.1" 200 101244
69.171.249.16 - - [04/Feb/2023:19:54:38 -0500] "GET /secretaria-de-ambiente-suspende-tres-hornos-crematorios-de-bogota-por-contaminacion-del-aire.html HTTP/1.1" 206 927
69.171.251.12 - - [04/Feb/2023:19:54:41 -0500] "GET /secretaria-de-ambiente-suspende-tres-hornos-crematorios-de-bogota-por-contaminacion-del-aire.html HTTP/1.1" 206 927
52.167.144.49 - - [04/Feb/2023:19:54:59 -0500] "GET /bla/resoluciones/autos%202021/6551.pdf HTTP/1.1" 200 356288
191.111.20.117 - - [04/Feb/2023:19:55:07 -0500] "GET /BLA/resoluciones/index.php?dir=RESOLUCIONES+2021%2F HTTP/1.1" 200 438114
191.111.20.117 - - [04/Feb/2023:19:55:22 -0500] "GET /BLA/resoluciones/RESOLUCIONES%202021/1261.pdf HTTP/1.1" 200 423093
157.55.39.117 - - [04/Feb/2023:19:55:45 -0500] "GET /bla/resoluciones/resoluciones%202022/3138.pdf HTTP/1.1" 200 400489
185.119.81.97 - - [04/Feb/2023:19:55:48 -0500] "GET /portaldeninos/wp-login.php HTTP/1.1" 200 2592
87.250.224.88 - - [04/Feb/2023:19:55:49 -0500] "-" 408 -
185.119.81.97 - - [04/Feb/2023:19:55:49 -0500] "POST /portaldeninos/wp-login.php HTTP/1.1" 200 3605
172.22.2.4 - - [04/Feb/2023:19:56:14 -0500] "HEAD /BLA/boletinlegal/ HTTP/1.1" 200 -
172.22.2.4 - - [04/Feb/2023:19:57:05 -0500] "GET /BLA/boletinlegal/ HTTP/1.1" 200 57824
186.86.33.189 - - [04/Feb/2023:19:58:47 -0500] "GET /sipse/faces/javax.faces.resource/theme.css?ln=primefaces-sipse HTTP/1.1" 304 -
186.86.33.189 - - [04/Feb/2023:19:58:47 -0500] "GET /sipse/faces/javax.faces.resource/primefaces.css?ln=primefaces&v=4.0 HTTP/1.1" 304 -
186.86.33.189 - - [04/Feb/2023:19:58:47 -0500] "GET /sipse/faces/javax.faces.resource/layout/layout.css?ln=primefaces&v=4.0 HTTP/1.1" 304 -
186.86.33.189 - - [04/Feb/2023:19:58:47 -0500] "GET /sipse/faces/javax.faces.resource/jquery/jquery.js?ln=primefaces&v=4.0 HTTP/1.1" 304 -
186.86.33.189 - - [04/Feb/2023:19:58:47 -0500] "GET /sipse/faces/javax.faces.resource/jquery/jquery-plugins.js?ln=primefaces&v=4.0 HTTP/1.1" 304 -
186.86.33.189 - - [04/Feb/2023:19:58:47 -0500] "GET /sipse/faces/javax.faces.resource/primefaces.js?ln=primefaces&v=4.0 HTTP/1.1" 304 -
186.86.33.189 - - [04/Feb/2023:19:58:47 -0500] "GET /sipse/faces/javax.faces.resource/layout/layout.js?ln=primefaces&v=4.0 HTTP/1.1" 304 -
186.86.33.189 - - [04/Feb/2023:19:58:47 -0500] "GET /sipse/css/imagen/contrasena.png HTTP/1.1" 404 383
186.86.33.189 - - [04/Feb/2023:19:58:47 -0500] "GET /sipse/faces/javax.faces.resource/images/ui-icons_898989_256x240.png?ln=primefaces-aristo HTTP/1.1" 304 -
186.86.33.189 - - [04/Feb/2023:19:58:46 -0500] "POST /sipse/faces/presentacion/financiero/solicitudProceso/consultarSolicitudProceso.xhtml HTTP/1.1" 200 201824
201.245.192.253 - - [04/Feb/2023:19:58:50 -0500] "POST /kwsrmcab/Wsrmcab  HTTP/1.1" 200 213
186.86.33.189 - - [04/Feb/2023:19:58:56 -0500] "GET /sipse/faces/javax.faces.resource/images/ui-bg_flat_0_2d5972_40x100.png?ln=primefaces-aristo HTTP/1.1" 304 -
186.86.33.189 - - [04/Feb/2023:19:58:56 -0500] "POST /sipse/faces/presentacion/financiero/solicitudProceso/consultarSolicitudProceso.xhtml HTTP/1.1" 200 62245
186.86.33.189 - - [04/Feb/2023:19:58:58 -0500] "GET /sipse/faces/javax.faces.resource/theme.css?ln=primefaces-sipse HTTP/1.1" 304 -
186.86.33.189 - - [04/Feb/2023:19:58:58 -0500] "GET /sipse/faces/javax.faces.resource/layout/layout.css?ln=primefaces&v=4.0 HTTP/1.1" 304 -
186.86.33.189 - - [04/Feb/2023:19:58:58 -0500] "GET /sipse/faces/javax.faces.resource/primefaces.css?ln=primefaces&v=4.0 HTTP/1.1" 304 -
186.86.33.189 - - [04/Feb/2023:19:58:58 -0500] "GET /sipse/faces/javax.faces.resource/jquery/jquery.js?ln=primefaces&v=4.0 HTTP/1.1" 304 -
186.86.33.189 - - [04/Feb/2023:19:58:58 -0500] "GET /sipse/faces/javax.faces.resource/jquery/jquery-plugins.js?ln=primefaces&v=4.0 HTTP/1.1" 304 -
186.86.33.189 - - [04/Feb/2023:19:58:58 -0500] "GET /sipse/faces/javax.faces.resource/primefaces.js?ln=primefaces&v=4.0 HTTP/1.1" 304 -
186.86.33.189 - - [04/Feb/2023:19:58:58 -0500] "GET /sipse/faces/javax.faces.resource/layout/layout.js?ln=primefaces&v=4.0 HTTP/1.1" 304 -
186.86.33.189 - - [04/Feb/2023:19:58:58 -0500] "GET /sipse/faces/javax.faces.resource/messages/messages.png?ln=primefaces&v=4.0 HTTP/1.1" 304 -
186.86.33.189 - - [04/Feb/2023:19:58:58 -0500] "POST /sipse/faces/presentacion/financiero/solicitudProceso/listarSolicitudProceso.xhtml HTTP/1.1" 200 1552
216.245.221.92 - - [04/Feb/2023:19:59:06 -0500] "HEAD / HTTP/1.1" 200 -
186.86.33.189 - - [04/Feb/2023:19:59:09 -0500] "POST /sipse/faces/presentacion/financiero/solicitudProceso/listarSolicitudProceso.xhtml HTTP/1.1" 200 16349
40.77.167.226 - - [04/Feb/2023:19:59:19 -0500] "GET / HTTP/1.1" 200 4720
186.86.33.189 - - [04/Feb/2023:19:59:18 -0500] "POST /sipse/faces/presentacion/financiero/solicitudProceso/listarSolicitudProceso.xhtml HTTP/1.1" 200 148676
186.86.33.189 - - [04/Feb/2023:19:59:20 -0500] "GET /sipse/faces/javax.faces.resource/theme.css?ln=primefaces-sipse HTTP/1.1" 304 -
186.86.33.189 - - [04/Feb/2023:19:59:20 -0500] "GET /sipse/faces/javax.faces.resource/jquery/jquery.js?ln=primefaces&v=4.0 HTTP/1.1" 304 -
186.86.33.189 - - [04/Feb/2023:19:59:20 -0500] "GET /sipse/faces/javax.faces.resource/layout/layout.css?ln=primefaces&v=4.0 HTTP/1.1" 304 -
186.86.33.189 - - [04/Feb/2023:19:59:20 -0500] "GET /sipse/faces/javax.faces.resource/primefaces.css?ln=primefaces&v=4.0 HTTP/1.1" 304 -
186.86.33.189 - - [04/Feb/2023:19:59:20 -0500] "GET /sipse/faces/javax.faces.resource/jquery/jquery-plugins.js?ln=primefaces&v=4.0 HTTP/1.1" 304 -
186.86.33.189 - - [04/Feb/2023:19:59:20 -0500] "GET /sipse/faces/javax.faces.resource/primefaces.js?ln=primefaces&v=4.0 HTTP/1.1" 304 -
186.86.33.189 - - [04/Feb/2023:19:59:20 -0500] "GET /sipse/faces/javax.faces.resource/layout/layout.js?ln=primefaces&v=4.0 HTTP/1.1" 304 -
185.119.81.103 - - [04/Feb/2023:20:00:01 -0500] "GET /portaldeninos/wp-login.php HTTP/1.1" 200 2592
185.119.81.103 - - [04/Feb/2023:20:00:02 -0500] "POST /portaldeninos/wp-login.php HTTP/1.1" 200 3605
186.86.33.189 - - [04/Feb/2023:20:00:43 -0500] "POST /sipse/faces/presentacion/financiero/solicitudProceso/consultarSolicitudProceso.xhtml HTTP/1.1" 200 78616
157.55.39.142 - - [04/Feb/2023:20:00:57 -0500] "GET /bla/resoluciones/resoluciones%202022/3018.pdf HTTP/1.1" 200 1090009
186.86.33.189 - - [04/Feb/2023:20:02:30 -0500] "POST /sipse/faces/presentacion/financiero/solicitudProceso/consultarSolicitudProceso.xhtml HTTP/1.1" 200 5541
186.86.33.189 - - [04/Feb/2023:20:02:31 -0500] "GET /sipse/faces/javax.faces.resource/dynamiccontent.properties?ln=primefaces&pfdrid=XjOR5%2F%2FfPAZAuY9TpWQeCiM0BhlXxYRBGKi%2FQcXXfeA%3D&pfdrid_c=false HTTP/1.1" 200 165300
173.252.83.13 - - [04/Feb/2023:20:02:51 -0500] "GET /images/2%20de%20febrero%20liberaci\xc3\xb3n%20Tunjo.jpeg HTTP/1.1" 404 1034
186.86.33.189 - - [04/Feb/2023:20:02:50 -0500] "POST /sipse/faces/presentacion/financiero/solicitudProceso/consultarSolicitudProceso.xhtml HTTP/1.1" 200 2389413
193.32.162.159 - - [04/Feb/2023:20:02:58 -0500] "GET / HTTP/1.1" 200 319
173.252.79.116 - - [04/Feb/2023:20:03:13 -0500] "GET /images/1%20de%20febrero%20D\xc3\xada%20sin%20carro.jpeg HTTP/1.1" 404 1034
172.22.2.4 - - [04/Feb/2023:20:02:04 -0500] "HEAD /BLA/boletinlegal/ HTTP/1.1" 200 -
186.86.33.189 - - [04/Feb/2023:20:03:50 -0500] "POST /sipse/faces/presentacion/financiero/solicitudProceso/consultarSolicitudProceso.xhtml HTTP/1.1" 200 5526
201.245.192.253 - - [04/Feb/2023:20:03:49 -0500] "POST /kwsrmcab/Wsrmcab  HTTP/1.1" 200 213
216.245.221.92 - - [04/Feb/2023:20:04:06 -0500] "HEAD / HTTP/1.1" 200 -
172.22.2.4 - - [04/Feb/2023:20:02:55 -0500] "GET /BLA/boletinlegal/ HTTP/1.1" 200 57192
40.77.167.234 - - [04/Feb/2023:20:05:10 -0500] "GET /bla/resoluciones/autos%202021/6541.pdf HTTP/1.1" 200 373806
87.250.224.132 - - [04/Feb/2023:20:06:38 -0500] "-" 408 -
186.86.33.189 - - [04/Feb/2023:20:07:07 -0500] "POST /sipse/faces/presentacion/sistema/reporte/ventanaVerReporteParametros.xhtml HTTP/1.1" 200 8697
186.86.33.189 - - [04/Feb/2023:20:07:11 -0500] "POST /sipse/faces/presentacion/sistema/reporte/ventanaVerReporteParametros.xhtml HTTP/1.1" 200 8697
186.86.33.189 - - [04/Feb/2023:20:07:13 -0500] "POST /sipse/faces/presentacion/sistema/reporte/ventanaVerReporteParametros.xhtml HTTP/1.1" 200 2048
186.86.33.189 - - [04/Feb/2023:20:07:14 -0500] "POST /sipse/faces/presentacion/sistema/reporte/ventanaVerReporteParametros.xhtml HTTP/1.1" 200 25796
186.86.33.189 - - [04/Feb/2023:20:07:15 -0500] "GET /sipse/faces/javax.faces.resource/jquery/jquery.js?ln=primefaces&v=4.0 HTTP/1.1" 304 -
186.86.33.189 - - [04/Feb/2023:20:07:15 -0500] "GET /sipse/faces/javax.faces.resource/jquery/jquery-plugins.js?ln=primefaces&v=4.0 HTTP/1.1" 304 -
186.86.33.189 - - [04/Feb/2023:20:07:15 -0500] "GET /sipse/faces/javax.faces.resource/primefaces.js?ln=primefaces&v=4.0 HTTP/1.1" 304 -
186.86.33.189 - - [04/Feb/2023:20:07:16 -0500] "GET /sipse/faces/javax.faces.resource/layout/layout.js?ln=primefaces&v=4.0 HTTP/1.1" 304 -
186.86.33.189 - - [04/Feb/2023:20:07:20 -0500] "POST /sipse/faces/presentacion/contratacion/contratista/listarContratista.xhtml HTTP/1.1" 200 6889
186.86.33.189 - - [04/Feb/2023:20:07:21 -0500] "POST /sipse/faces/presentacion/contratacion/contratista/listarContratista.xhtml HTTP/1.1" 200 34190
186.86.33.189 - - [04/Feb/2023:20:07:22 -0500] "GET /sipse/faces/javax.faces.resource/jquery/jquery.js?ln=primefaces&v=4.0 HTTP/1.1" 304 -
186.86.33.189 - - [04/Feb/2023:20:07:23 -0500] "GET /sipse/faces/javax.faces.resource/jquery/jquery-plugins.js?ln=primefaces&v=4.0 HTTP/1.1" 304 -
186.86.33.189 - - [04/Feb/2023:20:07:23 -0500] "GET /sipse/faces/javax.faces.resource/primefaces.js?ln=primefaces&v=4.0 HTTP/1.1" 304 -
186.86.33.189 - - [04/Feb/2023:20:07:23 -0500] "GET /sipse/faces/javax.faces.resource/layout/layout.js?ln=primefaces&v=4.0 HTTP/1.1" 304 -
186.86.33.189 - - [04/Feb/2023:20:07:23 -0500] "POST /sipse/faces/presentacion/sistema/reporte/listarReportes.xhtml HTTP/1.1" 200 27623
186.86.33.189 - - [04/Feb/2023:20:07:27 -0500] "POST /sipse/faces/presentacion/sistema/reporte/listarReportes.xhtml HTTP/1.1" 200 22818
186.86.33.189 - - [04/Feb/2023:20:07:27 -0500] "GET /sipse/faces/javax.faces.resource/theme.css?ln=primefaces-sipse HTTP/1.1" 304 -
186.86.33.189 - - [04/Feb/2023:20:07:27 -0500] "GET /sipse/faces/javax.faces.resource/primefaces.js?ln=primefaces&v=4.0 HTTP/1.1" 304 -
186.86.33.189 - - [04/Feb/2023:20:07:27 -0500] "GET /sipse/faces/javax.faces.resource/jquery/jquery.js?ln=primefaces&v=4.0 HTTP/1.1" 304 -
186.86.33.189 - - [04/Feb/2023:20:07:27 -0500] "GET /sipse/faces/javax.faces.resource/primefaces.css?ln=primefaces&v=4.0 HTTP/1.1" 304 -
186.86.33.189 - - [04/Feb/2023:20:07:27 -0500] "GET /sipse/faces/javax.faces.resource/layout/layout.css?ln=primefaces&v=4.0 HTTP/1.1" 304 -
186.86.33.189 - - [04/Feb/2023:20:07:27 -0500] "GET /sipse/faces/javax.faces.resource/jquery/jquery-plugins.js?ln=primefaces&v=4.0 HTTP/1.1" 304 -
186.86.33.189 - - [04/Feb/2023:20:07:27 -0500] "GET /sipse/faces/javax.faces.resource/layout/layout.js?ln=primefaces&v=4.0 HTTP/1.1" 304 -
186.86.33.189 - - [04/Feb/2023:20:07:27 -0500] "GET /sipse/faces/javax.faces.resource/images/ui-icons_898989_256x240.png?ln=primefaces-aristo HTTP/1.1" 304 -
114.119.143.82 - - [04/Feb/2023:20:07:49 -0500] "-" 408 -
201.245.192.253 - - [04/Feb/2023:20:08:48 -0500] "POST /kwsrmcab/Wsrmcab  HTTP/1.1" 200 213
216.245.221.92 - - [04/Feb/2023:20:09:07 -0500] "HEAD / HTTP/1.1" 200 -
52.167.144.97 - - [04/Feb/2023:20:09:09 -0500] "GET /bla/resoluciones/autos%202022/2358.pdf HTTP/1.1" 200 398090
172.22.2.4 - - [04/Feb/2023:20:07:54 -0500] "HEAD /BLA/boletinlegal/ HTTP/1.1" 200 -
186.86.33.189 - - [04/Feb/2023:20:09:53 -0500] "POST /sipse/faces/presentacion/financiero/solicitudProceso/consultarSolicitudProceso.xhtml HTTP/1.1" 200 62180
186.86.33.189 - - [04/Feb/2023:20:09:57 -0500] "GET /sipse/faces/javax.faces.resource/theme.css?ln=primefaces-sipse HTTP/1.1" 304 -
186.86.33.189 - - [04/Feb/2023:20:09:57 -0500] "GET /sipse/faces/javax.faces.resource/primefaces.css?ln=primefaces&v=4.0 HTTP/1.1" 304 -
186.86.33.189 - - [04/Feb/2023:20:09:58 -0500] "GET /sipse/faces/javax.faces.resource/jquery/jquery.js?ln=primefaces&v=4.0 HTTP/1.1" 304 -
186.86.33.189 - - [04/Feb/2023:20:09:58 -0500] "GET /sipse/faces/javax.faces.resource/layout/layout.css?ln=primefaces&v=4.0 HTTP/1.1" 304 -
186.86.33.189 - - [04/Feb/2023:20:09:58 -0500] "GET /sipse/faces/javax.faces.resource/jquery/jquery-plugins.js?ln=primefaces&v=4.0 HTTP/1.1" 304 -
186.86.33.189 - - [04/Feb/2023:20:09:58 -0500] "GET /sipse/faces/javax.faces.resource/primefaces.js?ln=primefaces&v=4.0 HTTP/1.1" 304 -
186.86.33.189 - - [04/Feb/2023:20:09:58 -0500] "GET /sipse/faces/javax.faces.resource/layout/layout.js?ln=primefaces&v=4.0 HTTP/1.1" 304 -
186.86.33.189 - - [04/Feb/2023:20:09:58 -0500] "POST /sipse/faces/presentacion/financiero/solicitudProceso/listarSolicitudProceso.xhtml HTTP/1.1" 200 1552
186.86.33.189 - - [04/Feb/2023:20:10:06 -0500] "POST /sipse/faces/presentacion/financiero/solicitudProceso/listarSolicitudProceso.xhtml HTTP/1.1" 200 16349
172.22.2.4 - - [04/Feb/2023:20:08:45 -0500] "GET /BLA/boletinlegal/ HTTP/1.1" 200 59404
201.245.192.253 - - [04/Feb/2023:20:13:47 -0500] "POST /kwsrmcab/Wsrmcab  HTTP/1.1" 200 213
216.245.221.92 - - [04/Feb/2023:20:14:06 -0500] "HEAD / HTTP/1.1" 200 -
172.22.2.4 - - [04/Feb/2023:20:13:44 -0500] "HEAD /BLA/boletinlegal/ HTTP/1.1" 200 -
173.252.111.20 - - [04/Feb/2023:20:16:12 -0500] "GET /images/foto%202.jpg HTTP/1.1" 200 63300
172.22.2.4 - - [04/Feb/2023:20:14:35 -0500] "GET /BLA/boletinlegal/ HTTP/1.1" 200 59404
5.45.207.123 - - [04/Feb/2023:20:16:37 -0500] "-" 408 -
201.245.192.253 - - [04/Feb/2023:20:17:51 -0500] "POST /kwsrmcab/Wsrmcab HTTP/1.1" 200 39440
201.245.192.253 - - [04/Feb/2023:20:17:54 -0500] "POST /kwsrmcab/Wsrmcab HTTP/1.1" 200 42935
201.245.192.253 - - [04/Feb/2023:20:18:46 -0500] "POST /kwsrmcab/Wsrmcab  HTTP/1.1" 200 213
216.245.221.92 - - [04/Feb/2023:20:19:06 -0500] "HEAD / HTTP/1.1" 200 -
186.98.79.207 - - [04/Feb/2023:20:18:36 -0500] "GET /galeria/nivo-slider/demo/escuadron.mp4 HTTP/1.1" 206 141917477
172.22.2.4 - - [04/Feb/2023:20:20:01 -0500] "GET /BLA/boletinlegal/robots.txt HTTP/1.1" 404 1038
172.22.2.4 - - [04/Feb/2023:20:20:05 -0500] "GET /BLA/boletinlegal/Circulares/2011/Circular%20No.%203%20del%2016%20de%20Junio%20de%202011.pdf HTTP/1.1" 200 346378
52.167.144.49 - - [04/Feb/2023:20:20:22 -0500] "GET /bla/resoluciones/autos%202021/5854.pdf HTTP/1.1" 200 400169
69.171.249.17 - - [04/Feb/2023:20:20:40 -0500] "GET /images/2%20de%20febrero%20liberaci\xc3\xb3n%20Tunjo.jpeg HTTP/1.1" 404 1034
172.22.2.4 - - [04/Feb/2023:20:20:43 -0500] "GET /BLA/boletinlegal/robots.txt HTTP/1.1" 404 1037
172.22.2.4 - - [04/Feb/2023:20:20:43 -0500] "GET /BLA/boletinlegal/robots.txt HTTP/1.1" 404 1037
172.22.2.4 - - [04/Feb/2023:20:20:46 -0500] "GET /BLA/boletinlegal/Directivas/2009/Directiva%20No.%20del%2023%20de%20Diciembre%20de%202009.pdf HTTP/1.1" 304 -
52.167.144.31 - - [04/Feb/2023:20:20:50 -0500] "GET /fauna-silvestre-acciones-de-control-y-recuperacion-en-puente-de-reyes.html HTTP/1.1" 200 1061
172.22.2.4 - - [04/Feb/2023:20:19:34 -0500] "HEAD /BLA/boletinlegal/ HTTP/1.1" 200 -
173.252.79.22 - - [04/Feb/2023:20:21:48 -0500] "GET /images/2%20de%20febrero%20liberaci\xc3\xb3n%20Tunjo.jpeg HTTP/1.1" 404 1034
173.252.87.20 - - [04/Feb/2023:20:22:01 -0500] "GET /images/1%20de%20febrero%20D\xc3\xada%20sin%20carro.jpeg HTTP/1.1" 404 1034
172.22.2.4 - - [04/Feb/2023:20:20:25 -0500] "GET /BLA/boletinlegal/ HTTP/1.1" 200 59404
179.43.177.242 - - [04/Feb/2023:20:22:23 -0500] "POST /boaform/admin/formLogin HTTP/1.1" 404 1186
173.252.107.120 - - [04/Feb/2023:20:23:13 -0500] "GET /caminos-de-los-cerros-espacios-naturales-seguros-para-cuidar-la-salud-fisica-y-mental-de-los-ciudadanos.html HTTP/1.1" 206 1139
173.252.107.15 - - [04/Feb/2023:20:23:13 -0500] "GET /images/Quebrada1.jpg HTTP/1.1" 200 77711
173.252.87.17 - - [04/Feb/2023:20:23:13 -0500] "GET /images/Quebrada1.jpg HTTP/1.1" 200 77711
52.167.144.97 - - [04/Feb/2023:20:23:20 -0500] "GET /bla/resoluciones/resoluciones%202022/3954.pdf HTTP/1.1" 200 378850
201.245.192.253 - - [04/Feb/2023:20:23:44 -0500] "POST /kwsrmcab/Wsrmcab  HTTP/1.1" 200 213
216.245.221.92 - - [04/Feb/2023:20:24:06 -0500] "HEAD / HTTP/1.1" 200 -
186.29.230.207 - - [04/Feb/2023:20:24:09 -0500] "GET /inventario-de-emisiones-2020-transporte-publico-sitp-redujo-emisiones-de-pm-2-5-en-un-37.html HTTP/1.1" 200 925
185.119.81.97 - - [04/Feb/2023:20:24:53 -0500] "GET /portaldeninos/wp-login.php HTTP/1.1" 200 2592
185.119.81.97 - - [04/Feb/2023:20:24:54 -0500] "POST /portaldeninos/wp-login.php HTTP/1.1" 200 3650
52.167.144.97 - - [04/Feb/2023:20:25:51 -0500] "GET /bla/resoluciones/autos%202021/6412.pdf HTTP/1.1" 200 369646
40.77.167.234 - - [04/Feb/2023:20:26:00 -0500] "GET /bla/resoluciones/autos%202021/6385.pdf HTTP/1.1" 200 406351
87.250.224.100 - - [04/Feb/2023:20:26:37 -0500] "-" 408 -
191.102.197.102 - - [04/Feb/2023:20:26:40 -0500] "OPTIONS /kwssiamovil/sm/setfile/f? HTTP/1.1" 200 13
191.102.197.102 - - [04/Feb/2023:20:26:41 -0500] "POST /kwssiamovil/sm/setfile/f? HTTP/1.1" 200 381
191.102.197.102 - - [04/Feb/2023:20:26:52 -0500] "OPTIONS /kwssiamovil/sm/setfile/f? HTTP/1.1" 200 13
191.102.197.102 - - [04/Feb/2023:20:26:52 -0500] "POST /kwssiamovil/sm/setfile/f? HTTP/1.1" 200 381
172.22.2.4 - - [04/Feb/2023:20:25:24 -0500] "HEAD /BLA/boletinlegal/ HTTP/1.1" 200 -
191.102.197.102 - - [04/Feb/2023:20:27:06 -0500] "GET /kwssiamovil/sm/acme/a?s=U2FsdGVkX1+qZY0PNH2B12i8smpsZ9agUOXM/Kn30ykw0/tzaDJiTlXbeGXallLYsLeXD92AKUUw2RYg/q+qJ+Z/yZwfcyo9h0RAJL2uIer7Mamob3+qa9WZ0yAl5bC+BjdEQ/5/bV4OlE8b0pY0mWTffPQ/TFgWBEr4nfLD1KZDK4yiiWuwi4wZDFwVuu2nSMELbdK6HNA+2taTFDH8PCj6qaI1ozqK2coMlioT/F7B1QhzVB+ZTbRvSTj/gG7Me9cfsyWyBz6p4jjn3hfAtg==&u=U2FsdGVkX1+u9cFc7Vqx4J2OG/F0PgaSBpmMsLIn7Us=&y=U2FsdGVkX19cvlWJCOs5QpcdtsnrnbcFC3X1BaijNk0= HTTP/1.1" 200 26
191.102.197.102 - - [04/Feb/2023:20:27:06 -0500] "GET /kwssiamovil/sm/acme/a?s=U2FsdGVkX1+/yCjy5rHD5dRgSW6QdElIbheBx9a0wpXUIy9RTMhR7ls7ezPR0ek/uw1+DnjIWUr6SZlxfEYhFgEasWfcoLPELcNkA8lRp7AszR9sxcB+8fiRZGC15n24XHVItQ5tqXN6psXDNOGjaKOds2eVTmu9LnBelA+f0UIKmee670NJhEzEOA+JkWn5JF2cx+AXV+O2Ba0JpCrIwcnS9u0Bn79AqtidXa9EuyWlGRJia27xfkqETwW4UzWp0UK1E1g/BgZ3peBHNDptkj/LuhVUnn0EFaF7EGvpg2K/7LvzSW4WFN61OPMLtuGSZX8+6teKBVsDtGL1DlG6z6vO/rQf6iwaUwdAWY4+Wh10SM4HOKdO1LGoEY34XQfFeI/gFFdicIzYo8C/O0bj/Bh3PYYNRA4K2nh6cxy6Huc5rt5VqiXLDSO7ebvOer4iXoEJyN1Fl21kG7krEAo8VfLeeFAGhZIaK5XrO+Ui/GKzaAb0/VNun7TSFv1/NGJRs0ZE5/Yq3sz4Q79BUjLSSOzvzw3tTE0jg5zJubfm+6KQ1ag4qzKM3DkqPWSRAILFD9JKnL55WPfyAU6yQHAdH5UwiblsF+CvYod7LMFtReZ2YmuHCFkFtpDDUQE2S02/3FAJosNs7Y+9zuBvmvs01YCLEpqX7RE0GP1oGMqHyC0wMFgSTX3HmSEfhWn4IeNS/xebaQrChJSdkqOgIilWs24unP8WJE27U7LFeC+FU0GLthcHw04dTWmWHx4K25XfJ8ht2r6qsO428HI1fP5dZpBT/7ntbfFo7PoTKH69Dk7bYtJlIOR5U2x982WNqfVruLo7oL/sscYAupI4SuqcwkI0lS14Kgw+Z8oB7iPIftfYb2mrgtPfQs1G7KVCKNNVa1CnWffCLWe75qKG5b2+++u7zDtq3jQ0FFGkVGBoL2sg+OdMo7z7+hzNx/r7JcG5J1e929LNRlGAUbGS2IaVUwlyxZPvqAPCK66X/UHtXdM1vxMW7zLLJDNmT9RORYjKj62hJnJIv2isjHd6T/fgx7E0KZ71BHF5LnfuG+uGp6UtWdZ5YchJgHsnH8Hgf5SNBxVK/tlXxwDsjgQysxvpEZFIzcTX+39iO1BYezhEstFkkMu7cBnSw/hGKoHYeCB3sOHiPCC49PrLuAW+/tgIi4akTOB0tdAJyEkmMkRr8Fu4nWJZxF98JpIr7o7EUL8Olnj8c177f26M5aDiw8AeSpjE/1jR28S2szNVBdSn7OP/KgwTyVU+/YXzaKpBCDvda5DNtGkt0Rn1r8K9zvBRsouFtXfZA7GzhUPwtSPO3i3dLIz9ylWNqv2xhF85+dOmNOk1B4WQXkRXSuxM7Gatq001dUSKMoMLB3a6uI0zz9s0Ui9akpz3qAAKSozG+Wn57TMRlIA9M6WL3iWk8XW9Jyu78AZ3hnFZZW+HlNIl4AUcChuoRzJ1UzU3LXb4s8se4gHiCSL2YpZa+A47F5JMngANcBMf8QNmVASiHR9ldL3W9FbWIpfb9JxPLGrphED7KreS1QyDsZZlG0chINf8p8v6lyeCbFDJQ6gPwIAdd8wrpeGcbr783T+XZ4YSSNrfYZ5D8sMDUAl+dR1kXrVkXKYqinwtxwBW8LIYfaBy0Rn388UJYzIkCjaJaRx7Ex/R7g5gXjo7WFI5qfEmu3d+uSarM0IyWFR7hmhV5qpk7ZL9UGreO7rGRcAfYQux+AWI5YrHKJoPBVmGYZU4Qu/qFg==&u=U2FsdGVkX1+u9cFc7Vqx4J2OG/F0PgaSBpmMsLIn7Us=&y=U2FsdGVkX19cvlWJCOs5QpcdtsnrnbcFC3X1BaijNk0= HTTP/1.1" 200 26
191.102.197.102 - - [04/Feb/2023:20:27:08 -0500] "GET /kwssiamovil/sm/acme/a?s=U2FsdGVkX1/7H5ncz77bhWtlnwYlklp5/XLCu5nQBOtOHt/ElUXgvsC4Qz6V7mONcDKdQvLum2sJAheWlRFJcwsmCD7ouab6uIMCuxCkuer99dlKx+wJq8I3owh00j4ZqoIsc8cqnfMo8qDsgQ/1GIjgkVpOvAaI6Rdwt3ZT1xw=&u=U2FsdGVkX1+u9cFc7Vqx4J2OG/F0PgaSBpmMsLIn7Us=&y=U2FsdGVkX19cvlWJCOs5QpcdtsnrnbcFC3X1BaijNk0= HTTP/1.1" 200 26
191.102.197.102 - - [04/Feb/2023:20:27:08 -0500] "GET /kwssiamovil/sm/acme/a?s=U2FsdGVkX18Y+BSTqVJv3gAq6padJgR15y3CWhmlHmbZbdUETx/KUgN8ZVQlcphYJlMLr5+pd1PEgf20b05NCMf6coyewETBtx7upScWhgQDNGwX4xYgFV5bhqzEpyXG/0lrc/O7HYbhIteFs81SL436V9iItTCnR3nwYx5AfvA=&u=U2FsdGVkX1+u9cFc7Vqx4J2OG/F0PgaSBpmMsLIn7Us=&y=U2FsdGVkX19cvlWJCOs5QpcdtsnrnbcFC3X1BaijNk0= HTTP/1.1" 200 26
191.102.197.102 - - [04/Feb/2023:20:27:08 -0500] "GET /kwssiamovil/sm/acme/a?s=U2FsdGVkX198ZZ93tBySIwEUTXCYVUJJpnWqFr3tev/X0sv/hp2Tv0I2XPyBRoEHvBW/ttinJZMeWwRgTykhxriijnuWcHfSgRFgd+hyD0eBSUYNa4scZNzB+Rwhy9Xg/MwXFseBQtw7k6CuEKbf6PxbLbrtWHlyxCRW2Hweo5U=&u=U2FsdGVkX1+u9cFc7Vqx4J2OG/F0PgaSBpmMsLIn7Us=&y=U2FsdGVkX19cvlWJCOs5QpcdtsnrnbcFC3X1BaijNk0= HTTP/1.1" 200 26
191.102.197.102 - - [04/Feb/2023:20:27:09 -0500] "GET /kwssiamovil/sm/acme/a?s=U2FsdGVkX1//yFI0Tf3QLtv4gVHsNInNYn3BFHN2M3SpiyCqvuxOmmHY8Orcqn/9qUl6PA7n3DlitPfthJIa6KmCPSYAapKgq892lB1haXkkiso5A1U4bOQw3jtcjGCUDghaTFQtWre4ssAkJP5GaTHt4BlE7RQWycJI494iVJqhnrraz0VQzdI2vqipiDt9&u=U2FsdGVkX1+u9cFc7Vqx4J2OG/F0PgaSBpmMsLIn7Us=&y=U2FsdGVkX19cvlWJCOs5QpcdtsnrnbcFC3X1BaijNk0= HTTP/1.1" 200 26
191.102.197.102 - - [04/Feb/2023:20:27:09 -0500] "GET /kwssiamovil/sm/acme/a?s=U2FsdGVkX19uMKx3vRY4MesOuWrTgDXPp4TktG46CcmkCDYN/EACrZ0McKVNUGlZZoBnLuCsLuPl1h3xuSOYRbhWuSxchkrfGLQZMjKVr+XSzFglBipOa4DmG326c/KLrT5mK63ac0Oj7Z/R6S0YgJ0PLszou7YVwFhse/dD1gy3h7RHKQ5ejIehEztXP2+/509qqc5jsSzC2SF0HapO9Bww+M2GsNhfFV5UjuAAUxU=&u=U2FsdGVkX1+u9cFc7Vqx4J2OG/F0PgaSBpmMsLIn7Us=&y=U2FsdGVkX19cvlWJCOs5QpcdtsnrnbcFC3X1BaijNk0= HTTP/1.1" 200 25
191.102.197.102 - - [04/Feb/2023:20:27:09 -0500] "GET /kwssiamovil/sm/acme/a?s=U2FsdGVkX1/UF4LLyuAqCLatnQULWelvNQwvE4PiUYAVvbXXfT47rG7X9qqQUXPBKm6Qvc8W94vKF2iMeod4pLzpvGMf94fq7OW6aBnm747s1yS/QmXkpsvqLBWAYsmhK4gYOurHVFmGV9fStZsm13T5KTyuV11woAvScswP/R5dJVa0IUgGxYDnOyeevICb4HGHn6LRWFWzI74+ho0+nQ==&u=U2FsdGVkX1+u9cFc7Vqx4J2OG/F0PgaSBpmMsLIn7Us=&y=U2FsdGVkX19cvlWJCOs5QpcdtsnrnbcFC3X1BaijNk0= HTTP/1.1" 200 26
191.102.197.102 - - [04/Feb/2023:20:27:09 -0500] "GET /kwssiamovil/sm/acme/a?s=U2FsdGVkX18oviRTyOm8lklgTsha+5+CvEDiFWK71zHLH9zBfhA/gt2QX5Cdxh94Qvj82eVIPRr45SAt5xB2ryaY4dUstMf3oe9r0mC5hxQH0/koxEmxh/F92y8nYluWlKQKyNbhl9aSNm/x2NqCQbyXEx6o5w/6OG23zbC3BfAqxuJLZ1iJwYMo+zzqgprFLfZcemt+Mg+KJi4ws4XuhpabVfHgDVTagEw7jKe1G1M=&u=U2FsdGVkX1+u9cFc7Vqx4J2OG/F0PgaSBpmMsLIn7Us=&y=U2FsdGVkX19cvlWJCOs5QpcdtsnrnbcFC3X1BaijNk0= HTTP/1.1" 200 25
191.102.197.102 - - [04/Feb/2023:20:27:09 -0500] "GET /kwssiamovil/sm/acme/a?s=U2FsdGVkX18+xW+4LE18YUToOKLSUA0fn1xDzk0P4/BXhfKXvAW3B1snFEU755oIODg78BrCbd6/tVhDZb5FW94Y71/Xx2MiKpfDVU/wKhPLj1C1HwrINAUVFFvMvMx8zN71hhnuRte3+wqRTyaXd0XProVbpZU48Osf/6MfMr/Dzk8AHuj5jlRNnDV0jtMv/vdf0teRel3xuvSMZ8UZFg==&u=U2FsdGVkX1+u9cFc7Vqx4J2OG/F0PgaSBpmMsLIn7Us=&y=U2FsdGVkX19cvlWJCOs5QpcdtsnrnbcFC3X1BaijNk0= HTTP/1.1" 200 26
191.102.197.102 - - [04/Feb/2023:20:27:39 -0500] "OPTIONS /kwssiamovil/sm/setfile/f? HTTP/1.1" 200 13
191.102.197.102 - - [04/Feb/2023:20:27:40 -0500] "POST /kwssiamovil/sm/setfile/f? HTTP/1.1" 200 381
191.102.197.102 - - [04/Feb/2023:20:27:48 -0500] "OPTIONS /kwssiamovil/sm/setfile/f? HTTP/1.1" 200 13
201.245.192.253 - - [04/Feb/2023:20:27:52 -0500] "GET /kwsrmcab/Wsrmcab?wsdl HTTP/1.1" 200 6948
201.245.192.253 - - [04/Feb/2023:20:27:52 -0500] "POST /kwsrmcab/Wsrmcab HTTP/1.1" 200 39440
191.102.197.102 - - [04/Feb/2023:20:27:48 -0500] "POST /kwssiamovil/sm/setfile/f? HTTP/1.1" 200 381
191.102.197.102 - - [04/Feb/2023:20:27:55 -0500] "OPTIONS /kwssiamovil/sm/setfile/f? HTTP/1.1" 200 13
172.22.2.4 - - [04/Feb/2023:20:26:15 -0500] "GET /BLA/boletinlegal/ HTTP/1.1" 200 56825
201.245.192.253 - - [04/Feb/2023:20:27:54 -0500] "POST /kwsrmcab/Wsrmcab HTTP/1.1" 200 42935
191.102.197.102 - - [04/Feb/2023:20:27:55 -0500] "POST /kwssiamovil/sm/setfile/f? HTTP/1.1" 200 381
191.102.197.102 - - [04/Feb/2023:20:28:25 -0500] "GET /kwssiamovil/sm/acme/a?s=U2FsdGVkX1/sQjRaO8hG/ki0Uec3y1lU3WHQoeV9zJ/heQdVwyxrZx3S0lraAVOmET8ZHKL3XWENE7B+OBFtsfKRCcRbE3QHgjRB1XUGEqFR4zqj4oqN7xwNxMKG4QfGjCCG20BuoWtpi42QRxa5qM/mXI4bA4dxrAlHUCUclFmWuxOwQbPWnzqmc2LL/WAJULA+9FvAWJ1QQycL7x/wKbEgbHsBZHFqWWyvu2KwCXtCtzBt5JlqXSM+IkxSESfF40rdst+8vnhH0L/srBcG6A==&u=U2FsdGVkX1+u9cFc7Vqx4J2OG/F0PgaSBpmMsLIn7Us=&y=U2FsdGVkX19cvlWJCOs5QpcdtsnrnbcFC3X1BaijNk0= HTTP/1.1" 200 26
191.102.197.102 - - [04/Feb/2023:20:28:26 -0500] "GET /kwssiamovil/sm/acme/a?s=U2FsdGVkX1/VFjTxmK6XE/yZ/fYVWVS+VVFyHfUnKSxA+2cbBOFtU5lzB13DGULN+uSm/xYecDxDSY8eEhKBkrnuMuuonoCApV3R80PmcxzlwMH4n3qJvwN36prDaiNaBEAPxsiP/2IHzz49q4aLwxjBMQo2pqIdrhFfO8WXuOgWxHvphulEAciH9iBnRILNNoxwG8L0tC3gCeOGvagQeBT8YO3N1xzaoV595B+2/7ziLCi6WgOeH2aL3xtwAZ7uQCl59UFtebAwSkYQS5LM2Atuyti4OJaQkEIdiM4znhHBZvuzvcRtEFhhqkg0AtC7qydRt6bALtC5mrJvVSLwepSUBsj1ndaXLFVrx+j/pUdETkTW/JyT+CqbjgeZ2hMOEWi9nTEh8H0B78gPB9KhRi40gjrJSZPmEADQeh8yJlUZ1CKYk9UvvN0bqN8VAwFccwzMbZ2dJq3h6kPqCrCk0PI7P+qP6cM3ZMfyEKtRrDnKvzqPApwuXH5dwWLrk6V0GbH99tQuStTdXNm7cm/P4cO/O8DzMxy488DQdbnSBO5a9tVtI9qwwrxyS/8Oytjm0fP+MYtTj8vK83l1gX2wmq/t14HbhWMYw4GOk0g6UEIfKVTh/ONeuxLbZq/Q7hHz/T0EOFMQPfSOcgx1vHUvq/28VTBa4cXKVyWzR9OQScytrqEKcPkWlllPGg9j1NUsh0eBV3pP/PESMFC9EFU/WIpxDLWNenA+3K3O8k1hvbD+wJVYcAAb8O6Yd0Vo5YIxwgzpnKWLUXzcxW8j2Zjuq4e1ALfNZrXjo1VRIYbU0ya3JQ6khruy1GZtY1ya2K52lXcy1bJPeOmEixujh3fuhLdmTJDpTX+s4rbRozWHAIs5XD1U6Nr4eCrentnEgzFx5AmPp/q/ni2lutmVOya3THrrI/HyWsyP7iucEUUiXqulOdok/XA3WYGonKtydngGKKDt0z1UspFHEx3rNlwQMA/xvJ9bwj7pqybFhlFWPpeDOfzvqqb8/hfOZMnPDlerMcQJeP5FeTPuiP2LRKKF48u1rziIA0n1j6blSZkPdMSLjz+rxdV6QvGlI9F8vwxysfatyHgsNu42KBhQpEqrkE1C++cwqOGPBBZLbtGHiaaluMDpZtJ/GkmvuUl5EKfv6R7Gq2wNILOnWzz+3pPpa9j/g3kFxUSO9+glNT0cqN3hRpTH25fdNx56Sg1o5KMvp2q5KOIA/fQwwCkfAwSsB2+hCmOTrw/aZkZUIEfNVyadJlBHkojFshFpUqXCfyZX7gr8GyIljWMu8v8rD+qdqcYKuJ8WsBZOch3YFQwkR1ogTYU4KYFVN3SEAwaflmi+hVP8xWDqtu93k3so91Q/bK29kLnbvEGK3FBTlJc4xIgR6KClWv2NNLzVVo1MedOALnhx76HG7lnvv53xeMTFaMmgLkOWg+9tc3H02vn5eyF0H6KoGIdAarb64RRrXJ7liILQBLBPXgdsPuAqlAX/UBPf6hIZgX7hwlkQ4/j3ZMc8AJwMpdaQeAD8njRwHD56310M6dPxkWcPsB/ZRyxksjcUgiq1M/w1I0wjblTOSHta5I0q+CKWqTs42Sxxk+W7oVQZj/xbC67MW2Y9Qj3VmoQ7PTSxB0Xh49+khdG3L3HsNMybA08A48G+SRzWuSuBBjrUyebHLOX0qS+HbblJvvscoUQhVKSTLauoPGx/Zm+bDId7ZmNLBnvWZAjTFTZndczVvEgUKdF4s3j/3IhewJ2RThbFltMr5ddedo5mEF2DSWtxqtkGn6yumdp3frScIpICAxoi/E5NdhK9M2p144/J29EPRZJUAjWUXVkqva6++YbJQvP5KBrDPKCIU2kAyjXY/iix5VnCT2ByvrDHKc4fDd8zFKPDffftIebDbK66ViGZbEKhy43j4BrAVdym7rIzNHbAdOVxCepRJjiJgwiv1rQfZvKqZsCotiV3fRGydGZlZ15fFtAK/yPtDRdMO73qpwt+Ynr4zMK1pQzGxeCBvTXo9x7kTuPB/S2Mx2kMUgiOyeWtQ4/fiOjJMqoD7/jUTntkSSAQVw3xVqBk+cutiBbOztl0DtfQujBbFlJ+XAyoLH/s0QvO2vZIXwbHumnRAt5LFbFvMsCzwVjkMvHfOopA4s6s/MhzU/OI3klYTCwf0mThkIpRXgcl6Qy/XCkDJRYXN8KAtO2OrmdS/tCf+pX88TjlfY5YPRu8UoGQWww2OynbOuBbsg67OZDgj9AoEIsf55gQCpBmoVo6a+N+kkMRY/HnODf6xmEMKTnpy74SNOEkBoQWkqQYDt/6PsoVTYKnoNr318Buqq8W1n/M7fTnKJpyq+URi38vQne24F/RgCsBaj5vGzU9IAV2gRUPkxOpieXYR5uvREtyd7xUZfvZp4OkNHw1RMMfQkvuN/obgWrPlpDOF1JMV5j0fhc3i0jEz5/aDsacshc6R1ljDtHftci6PC2Qx3kGpFqCbWlmofyp9ISPelzdEQQb/cd5/vu4aVbhzdYz3Exvj+Nw7TPAQkO7xNuiYBnZsgBFXS7z6upAv0lq4RN3QCB1&u=U2FsdGVkX1+u9cFc7Vqx4J2OG/F0PgaSBpmMsLIn7Us=&y=U2FsdGVkX19cvlWJCOs5QpcdtsnrnbcFC3X1BaijNk0= HTTP/1.1" 200 26
191.102.197.102 - - [04/Feb/2023:20:28:26 -0500] "GET /kwssiamovil/sm/acme/a?s=U2FsdGVkX18qFp8k1MtLFFLbmunXssuqPYhQOo8RqRay8KdGqtYV8E6s7g/29XlUsJ5qeWISA3MDm7uRiX+Xoh0yI8AYdhAw/iyRIEGx6pk3XqvyJa4APXhyYUrHIdpI5rh0E/3XVD3Dlfceng+28eUT+KAsqPZw2N5xlx3Wndg=&u=U2FsdGVkX1+u9cFc7Vqx4J2OG/F0PgaSBpmMsLIn7Us=&y=U2FsdGVkX19cvlWJCOs5QpcdtsnrnbcFC3X1BaijNk0= HTTP/1.1" 200 26
191.102.197.102 - - [04/Feb/2023:20:28:26 -0500] "GET /kwssiamovil/sm/acme/a?s=U2FsdGVkX1+7QMNcmkn2PMJceTJubdXLSj/N+GpX1eJ6GfWttIIoHhWuDO+XPPuUSv3Rmxy+Dd6oqdO6BMxsolGoELzzt5jEIxd2Vs9CynOACuXMgHvpwHAoZaAC8TYkZ6UroFRwlWm980t5ug6ihID86+Z/Bnm/HxNxrsVr56Q=&u=U2FsdGVkX1+u9cFc7Vqx4J2OG/F0PgaSBpmMsLIn7Us=&y=U2FsdGVkX19cvlWJCOs5QpcdtsnrnbcFC3X1BaijNk0= HTTP/1.1" 200 26
191.102.197.102 - - [04/Feb/2023:20:28:26 -0500] "GET /kwssiamovil/sm/acme/a?s=U2FsdGVkX1+hICvFbsILCGhklR4A0RB9qmmcHz5JPn3RSn4cYELrWtHWUxagbDw2JOh2r6gGiaNGYShWCA3Cr0UF+DFjBpBUlc5NOZ7modQU2rcCc2HK3tBE2J76MiRTVlvHx3j6zCAIVH0IMjShakioans590rAhx2bRL0M+nI=&u=U2FsdGVkX1+u9cFc7Vqx4J2OG/F0PgaSBpmMsLIn7Us=&y=U2FsdGVkX19cvlWJCOs5QpcdtsnrnbcFC3X1BaijNk0= HTTP/1.1" 200 26
191.102.197.102 - - [04/Feb/2023:20:28:27 -0500] "GET /kwssiamovil/sm/acme/a?s=U2FsdGVkX1/tsR/KQP3rXoz8DX/n6y9UbzGjqg9f73C58Upl63JxNeER0G0sOAVLd/XSUJjDhZyeN2iSr9+I+YutJHyx927E6VuSREwSbhpp3tY7SSEZ5YniY9smlZ6yZnnMdyYJhkQDQlSYv0Vi26DqeLZAE0M7B10n9eRK+YzGY30iE0sZa91qP8zF8SNr&u=U2FsdGVkX1+u9cFc7Vqx4J2OG/F0PgaSBpmMsLIn7Us=&y=U2FsdGVkX19cvlWJCOs5QpcdtsnrnbcFC3X1BaijNk0= HTTP/1.1" 200 26
191.102.197.102 - - [04/Feb/2023:20:28:27 -0500] "GET /kwssiamovil/sm/acme/a?s=U2FsdGVkX19uCTr+1plObaMNp3GoGsD4qpHuGswh9VFPqURvTmcFfq4uDZr5q1ot4Rv9VpPUYD/6uiFJJ5gkPH0aAby92cPx5AJA2qr18NkX07xSxSrWHxYWf07aUraFpAs6gfVLbpZUFE3ns29I7h4S7Uy1P61jHBViR6ED8WSQNuFE+jym3+61Fcm2fUs5XAXxQ8b2sisRanQ/RzcQrg==&u=U2FsdGVkX1+u9cFc7Vqx4J2OG/F0PgaSBpmMsLIn7Us=&y=U2FsdGVkX19cvlWJCOs5QpcdtsnrnbcFC3X1BaijNk0= HTTP/1.1" 200 25
191.102.197.102 - - [04/Feb/2023:20:28:27 -0500] "GET /kwssiamovil/sm/acme/a?s=U2FsdGVkX1/1/yickdy+/qC+bgax8n7p0QpNK7Nqj0jmYwToGztGnP9BUKktnDNu8aDdwJNOUuQJQ/VZoKnl3gdfm2rUdogiZkVQao2lFjyS9/BahdGJKLjC+531rzxWWGNKufmFcV7kith4lueoN6jqp4XtRkNJmIO1q5kgI9ggf0eoYdb2z7vx09ExNdUP&u=U2FsdGVkX1+u9cFc7Vqx4J2OG/F0PgaSBpmMsLIn7Us=&y=U2FsdGVkX19cvlWJCOs5QpcdtsnrnbcFC3X1BaijNk0= HTTP/1.1" 200 26
191.102.197.102 - - [04/Feb/2023:20:28:27 -0500] "GET /kwssiamovil/sm/acme/a?s=U2FsdGVkX19NIhSKbFBcCkU4vaWQKLcPJJOatcMW6GIVInnSUYvMjmCn2uT26FjrJvA0Cix9FgnaCx/IPwR6FvdngbKvrnTsoD7d1EMILNA7wEV2RBOBJF2Pm2eLuYKcHAbFAspQ1dFFsq3gj+299nHjVxGxXfJ8FGxlzTzbmYa8xzWQZMVOsau/y3yLCsNmo6Zh/LF9Frug3Z99dJ8KfDekSgTSLiQJvuhvOII/oS8=&u=U2FsdGVkX1+u9cFc7Vqx4J2OG/F0PgaSBpmMsLIn7Us=&y=U2FsdGVkX19cvlWJCOs5QpcdtsnrnbcFC3X1BaijNk0= HTTP/1.1" 200 25
191.102.197.102 - - [04/Feb/2023:20:28:27 -0500] "GET /kwssiamovil/sm/acme/a?s=U2FsdGVkX1850nY1C5sNKPf+AeXJAiz4/f5itGUZtTILSLZtWjjLO6B8rCMQ7TXRIED58fS/F77MeptmgszILIuke369oMGDi8L1jC3PTQmgJRZckTlthfAz3jh6fSMNFJNFDO6KgfkVizb5JxaNdnurzPawsIgbzOlzdYZ0jAP0/tH1VzhkwB9rpOLTi1qgZHyN2hU1p5yV9Ft1upuonQ==&u=U2FsdGVkX1+u9cFc7Vqx4J2OG/F0PgaSBpmMsLIn7Us=&y=U2FsdGVkX19cvlWJCOs5QpcdtsnrnbcFC3X1BaijNk0= HTTP/1.1" 200 26
191.102.197.102 - - [04/Feb/2023:20:28:28 -0500] "GET /kwssiamovil/sm/acme/a?s=U2FsdGVkX19VR2QOS330gSaVKVTKeP9P13ML1kntgP6YwMSzgvAVBgXKKkg3WAdcrL9bup0QFW4I7OFuQYgKsI7G5dLbY5IkjzCpJC22g3RQrYgCzhWbICQXJHZxg9tfrriJAOPX+QZg9a/sERKgYUUeoHVanMiYZ7kngxTse14jPl1u4EG8gKStFgcs1h2GFzvvj2FexzIzXJSN1Eo6DA==&u=U2FsdGVkX1+u9cFc7Vqx4J2OG/F0PgaSBpmMsLIn7Us=&y=U2FsdGVkX19cvlWJCOs5QpcdtsnrnbcFC3X1BaijNk0= HTTP/1.1" 200 25
191.102.197.102 - - [04/Feb/2023:20:28:28 -0500] "GET /kwssiamovil/sm/acme/a?s=U2FsdGVkX19E5Hd2FTgWBKtgx5nI4Dbgc95QCKc6W9DNCjNZ4eSYd/iUqDN3eNIJVPI8TUoby1xnrYBfY+DabfLfN99XwMs11Ju2Fu/05h5Cp4uJmvXsNDc5E3SXRZJGPXbzCRFO/qGn2Oosf7pGx1U3UnrNd6A160aJ8b/KiC0/CIkEBfrmaZu+NTtnyU1c&u=U2FsdGVkX1+u9cFc7Vqx4J2OG/F0PgaSBpmMsLIn7Us=&y=U2FsdGVkX19cvlWJCOs5QpcdtsnrnbcFC3X1BaijNk0= HTTP/1.1" 200 26
192.168.171.73 - - [04/Feb/2023:20:28:17 -0500] "GET /BLA/boletinlegal/admin/index.php HTTP/1.1" 200 7248
192.168.171.73 - - [04/Feb/2023:20:28:34 -0500] "GET /BLA/boletinlegal/admin/index_files/index_files/tback.gif HTTP/1.1" 404 1322
201.245.192.253 - - [04/Feb/2023:20:28:43 -0500] "POST /kwsrmcab/Wsrmcab  HTTP/1.1" 200 213
192.168.171.73 - - [04/Feb/2023:20:28:48 -0500] "GET /BLA/boletinlegal/admin/actos/ingresar.php HTTP/1.1" 200 7143
216.245.221.92 - - [04/Feb/2023:20:29:06 -0500] "HEAD / HTTP/1.1" 200 -
168.119.51.200 - - [04/Feb/2023:20:29:07 -0500] "GET / HTTP/1.1" 200 319
168.119.51.200 - - [04/Feb/2023:20:29:08 -0500] "GET / HTTP/1.1" 200 4720
40.77.167.251 - - [04/Feb/2023:20:29:27 -0500] "GET /bla/resoluciones/autos%202021/6054.pdf HTTP/1.1" 200 379044
192.168.171.73 - - [04/Feb/2023:20:29:46 -0500] "POST /BLA/boletinlegal/admin/actos/ingresar.php HTTP/1.1" 200 7236
192.168.171.73 - - [04/Feb/2023:20:30:01 -0500] "GET /BLA/boletinlegal/consulta_actos.php?tipo=resoluciones&no=1920&usuario=&sector=&fecha=2022&resuelve= HTTP/1.1" 200 1157
66.249.79.111 - - [04/Feb/2023:20:30:26 -0500] "-" 408 -
186.86.33.189 - - [04/Feb/2023:20:31:45 -0500] "GET /sipse/faces/index.xhtml HTTP/1.1" 200 677
186.86.33.189 - - [04/Feb/2023:20:31:48 -0500] "GET /sipse/faces/javax.faces.resource/theme.css?ln=primefaces-sipse HTTP/1.1" 304 -
186.86.33.189 - - [04/Feb/2023:20:31:48 -0500] "GET /sipse/faces/faces/autenticacion.xhtml HTTP/1.1" 200 12179
186.86.33.189 - - [04/Feb/2023:20:31:49 -0500] "GET /sipse/faces/javax.faces.resource/theme.css?ln=primefaces-sipse HTTP/1.1" 304 -
186.86.33.189 - - [04/Feb/2023:20:31:49 -0500] "GET /sipse/faces/javax.faces.resource/layout/layout.css?ln=primefaces&v=4.0 HTTP/1.1" 304 -
186.86.33.189 - - [04/Feb/2023:20:31:49 -0500] "GET /sipse/faces/javax.faces.resource/primefaces.css?ln=primefaces&v=4.0 HTTP/1.1" 304 -
186.86.33.189 - - [04/Feb/2023:20:31:49 -0500] "GET /sipse/faces/javax.faces.resource/jquery/jquery.js?ln=primefaces&v=4.0 HTTP/1.1" 304 -
