172.22.2.4 - - [04/Feb/2023:05:48:41 -0500] "GET /BLA/boletinlegal/ HTTP/1.1" 200 59404
216.245.221.92 - - [04/Feb/2023:05:50:48 -0500] "HEAD / HTTP/1.1" 200 -
66.249.74.158 - - [04/Feb/2023:05:50:51 -0500] "-" 408 -
157.55.39.117 - - [04/Feb/2023:05:51:57 -0500] "GET /calculadora/ HTTP/1.1" 200 5879
201.245.192.253 - - [04/Feb/2023:05:51:58 -0500] "POST /kwsrmcab/Wsrmcab  HTTP/1.1" 200 213
5.188.210.227 - - [04/Feb/2023:05:52:03 -0500] "GET http://5.188.210.227/echo.php HTTP/1.1" 404 1151
157.55.39.142 - - [04/Feb/2023:05:52:07 -0500] "GET /calculadora/fonts/font-awesome-4.7.0/css/font-awesome.min.css HTTP/1.1" 200 31000
157.55.39.142 - - [04/Feb/2023:05:52:08 -0500] "GET /calculadora/vendor/animate/animate.css HTTP/1.1" 200 23848
157.55.39.142 - - [04/Feb/2023:05:52:08 -0500] "GET /calculadora/vendor/css-hamburgers/hamburgers.min.css HTTP/1.1" 200 19686
157.55.39.117 - - [04/Feb/2023:05:52:15 -0500] "GET /calculadora/ajax_calculadora.js HTTP/1.1" 200 1470
157.55.39.117 - - [04/Feb/2023:05:52:16 -0500] "GET /calculadora/css/main.css HTTP/1.1" 200 9984
157.55.39.117 - - [04/Feb/2023:05:52:16 -0500] "GET /calculadora/vendor/bootstrap/css/bootstrap.min.css HTTP/1.1" 200 124962
40.77.167.251 - - [04/Feb/2023:05:52:19 -0500] "GET /calculadora/vendor/daterangepicker/daterangepicker.css HTTP/1.1" 200 8163
52.167.144.97 - - [04/Feb/2023:05:52:19 -0500] "GET /calculadora/css/util.css HTTP/1.1" 200 86814
40.77.167.234 - - [04/Feb/2023:05:52:19 -0500] "GET /calculadora/fonts/Linearicons-Free-v1.0.0/icon-font.min.css HTTP/1.1" 200 7354
40.77.167.234 - - [04/Feb/2023:05:52:19 -0500] "GET /calculadora/vendor/animsition/css/animsition.min.css HTTP/1.1" 200 27478
52.167.144.97 - - [04/Feb/2023:05:52:29 -0500] "GET /calculadora/js/main.js HTTP/1.1" 200 1424
52.167.144.97 - - [04/Feb/2023:05:52:29 -0500] "GET /calculadora/vendor/select2/select2.min.css HTTP/1.1" 200 15196
66.220.149.12 - - [04/Feb/2023:05:53:26 -0500] "GET /images/2%20de%20febrero%20liberaci\xc3\xb3n%20Tunjo.jpeg HTTP/1.1" 404 1034
69.171.249.4 - - [04/Feb/2023:05:54:26 -0500] "GET /images/2%20de%20febrero%20liberaci\xc3\xb3n%20Tunjo.jpeg HTTP/1.1" 404 1034
173.252.79.17 - - [04/Feb/2023:05:54:31 -0500] "GET /images/1%20de%20febrero%20D\xc3\xada%20sin%20carro.jpeg HTTP/1.1" 404 1034
173.252.87.24 - - [04/Feb/2023:05:54:52 -0500] "GET /images/2%20de%20febrero%20liberaci\xc3\xb3n%20Tunjo.jpeg HTTP/1.1" 404 1034
172.22.2.4 - - [04/Feb/2023:05:53:40 -0500] "HEAD /BLA/boletinlegal/ HTTP/1.1" 200 -
216.245.221.92 - - [04/Feb/2023:05:55:48 -0500] "HEAD / HTTP/1.1" 200 -
172.22.2.4 - - [04/Feb/2023:05:54:31 -0500] "GET /BLA/boletinlegal/ HTTP/1.1" 200 59404
31.148.130.52 - - [04/Feb/2023:05:56:20 -0500] "GET /BLA/resoluciones/RESOLUCIONES%202022/3916.pdf HTTP/1.1" 200 440609
66.249.74.158 - - [04/Feb/2023:05:56:39 -0500] "-" 408 -
201.245.192.253 - - [04/Feb/2023:05:56:57 -0500] "POST /kwsrmcab/Wsrmcab  HTTP/1.1" 200 213
173.252.107.4 - - [04/Feb/2023:05:58:32 -0500] "GET /images/2%20de%20febrero%20liberaci\xc3\xb3n%20Tunjo.jpeg HTTP/1.1" 404 1034
216.245.221.92 - - [04/Feb/2023:06:00:48 -0500] "HEAD / HTTP/1.1" 200 -
172.22.2.4 - - [04/Feb/2023:05:59:30 -0500] "HEAD /BLA/boletinlegal/ HTTP/1.1" 200 -
201.245.192.253 - - [04/Feb/2023:06:01:56 -0500] "POST /kwsrmcab/Wsrmcab  HTTP/1.1" 200 213
172.22.2.4 - - [04/Feb/2023:06:00:21 -0500] "GET /BLA/boletinlegal/ HTTP/1.1" 200 56079
66.249.74.158 - - [04/Feb/2023:06:03:57 -0500] "-" 408 -
216.245.221.92 - - [04/Feb/2023:06:05:48 -0500] "HEAD / HTTP/1.1" 200 -
201.245.192.253 - - [04/Feb/2023:06:06:54 -0500] "POST /kwsrmcab/Wsrmcab  HTTP/1.1" 200 213
172.22.2.4 - - [04/Feb/2023:06:05:20 -0500] "HEAD /BLA/boletinlegal/ HTTP/1.1" 200 -
172.22.2.4 - - [04/Feb/2023:06:06:11 -0500] "GET /BLA/boletinlegal/ HTTP/1.1" 200 57192
40.77.139.86 - - [04/Feb/2023:06:08:06 -0500] "GET /calculadora/fonts/montserrat/Montserrat-Bold.ttf HTTP/1.1" 200 261588
40.77.139.86 - - [04/Feb/2023:06:08:06 -0500] "GET /calculadora/fonts/poppins/Poppins-Regular.ttf HTTP/1.1" 200 145312
66.249.74.158 - - [04/Feb/2023:06:10:04 -0500] "-" 408 -
216.245.221.92 - - [04/Feb/2023:06:10:48 -0500] "HEAD / HTTP/1.1" 200 -
201.245.192.253 - - [04/Feb/2023:06:11:53 -0500] "POST /kwsrmcab/Wsrmcab  HTTP/1.1" 200 213
172.22.2.4 - - [04/Feb/2023:06:11:10 -0500] "HEAD /BLA/boletinlegal/ HTTP/1.1" 200 -
172.22.2.4 - - [04/Feb/2023:06:12:01 -0500] "GET /BLA/boletinlegal/ HTTP/1.1" 200 59404
191.109.188.16 - - [04/Feb/2023:06:15:12 -0500] "GET /distrito-declara-alerta-fase-i-en-suroccidente-de-bogota-por-altas-concentraciones-de-material-particulado.html?fbclid=PAAaaIpgAxYZCCcAkbJ6oAUrqR0W6OnWuZTaBTO6oUo6DVLG--8Nac3Jlg0es HTTP/1.1" 200 883
66.220.149.22 - - [04/Feb/2023:06:15:29 -0500] "GET /images/2%20de%20febrero%20liberaci\xc3\xb3n%20Tunjo.jpeg HTTP/1.1" 404 1034
216.245.221.92 - - [04/Feb/2023:06:15:48 -0500] "HEAD / HTTP/1.1" 200 -
165.154.44.158 - - [04/Feb/2023:06:16:37 -0500] "GET / HTTP/1.1" 200 319
66.249.74.158 - - [04/Feb/2023:06:16:40 -0500] "-" 408 -
201.245.192.253 - - [04/Feb/2023:06:16:52 -0500] "POST /kwsrmcab/Wsrmcab  HTTP/1.1" 200 213
201.245.192.253 - - [04/Feb/2023:06:17:54 -0500] "POST /kwsrmcab/Wsrmcab HTTP/1.1" 200 39184
201.245.192.253 - - [04/Feb/2023:06:17:57 -0500] "POST /kwsrmcab/Wsrmcab HTTP/1.1" 200 42682
172.22.2.4 - - [04/Feb/2023:06:17:00 -0500] "HEAD /BLA/boletinlegal/ HTTP/1.1" 200 -
172.22.2.4 - - [04/Feb/2023:06:17:09 -0500] "GET /BLA/boletinlegal/index.php HTTP/1.1" 200 51643
66.220.149.10 - - [04/Feb/2023:06:18:50 -0500] "GET /images/2%20de%20febrero%20liberaci\xc3\xb3n%20Tunjo.jpeg HTTP/1.1" 404 1034
172.22.2.4 - - [04/Feb/2023:06:17:51 -0500] "GET /BLA/boletinlegal/ HTTP/1.1" 200 55680
216.245.221.92 - - [04/Feb/2023:06:20:48 -0500] "HEAD / HTTP/1.1" 200 -
201.245.192.253 - - [04/Feb/2023:06:21:51 -0500] "POST /kwsrmcab/Wsrmcab  HTTP/1.1" 200 213
66.249.74.158 - - [04/Feb/2023:06:22:19 -0500] "-" 408 -
157.55.39.117 - - [04/Feb/2023:06:23:48 -0500] "GET /BLA/resoluciones/RESOLUCIONES%202022/3372.pdf HTTP/1.1" 200 657863
172.22.2.4 - - [04/Feb/2023:06:22:50 -0500] "HEAD /BLA/boletinlegal/ HTTP/1.1" 200 -
172.22.2.4 - - [04/Feb/2023:06:23:41 -0500] "GET /BLA/boletinlegal/ HTTP/1.1" 200 56474
52.167.144.97 - - [04/Feb/2023:06:25:32 -0500] "GET /galeria/galeria/fotos/Humedal-Santa-Mar%C3%ADa-del-Lago4G.jpg HTTP/1.1" 200 361652
216.245.221.92 - - [04/Feb/2023:06:25:48 -0500] "HEAD / HTTP/1.1" 200 -
185.119.81.105 - - [04/Feb/2023:06:26:35 -0500] "GET /portaldeninos/wp-login.php HTTP/1.1" 200 2592
185.119.81.105 - - [04/Feb/2023:06:26:35 -0500] "POST /portaldeninos/wp-login.php HTTP/1.1" 200 3605
201.245.192.253 - - [04/Feb/2023:06:26:50 -0500] "POST /kwsrmcab/Wsrmcab  HTTP/1.1" 200 213
66.220.149.15 - - [04/Feb/2023:06:27:20 -0500] "GET /images/2%20de%20febrero%20liberaci\xc3\xb3n%20Tunjo.jpeg HTTP/1.1" 404 1034
173.252.83.3 - - [04/Feb/2023:06:27:34 -0500] "GET /images/2%20de%20febrero%20liberaci\xc3\xb3n%20Tunjo.jpeg HTTP/1.1" 404 1034
201.245.192.253 - - [04/Feb/2023:06:27:55 -0500] "POST /kwsrmcab/Wsrmcab HTTP/1.1" 200 39184
201.245.192.253 - - [04/Feb/2023:06:27:57 -0500] "POST /kwsrmcab/Wsrmcab HTTP/1.1" 200 42682
157.55.39.142 - - [04/Feb/2023:06:28:51 -0500] "GET /galeria/nivo-slider/nivo-slider.css HTTP/1.1" 200 1507
66.249.74.158 - - [04/Feb/2023:06:29:38 -0500] "-" 408 -
172.22.2.4 - - [04/Feb/2023:06:30:15 -0500] "GET /BLA/boletinlegal/actos.php HTTP/1.1" 200 9606
172.22.2.4 - - [04/Feb/2023:06:28:40 -0500] "HEAD /BLA/boletinlegal/ HTTP/1.1" 200 -
179.43.177.242 - - [04/Feb/2023:06:30:23 -0500] "GET / HTTP/1.1" 200 319
216.245.221.92 - - [04/Feb/2023:06:30:48 -0500] "HEAD / HTTP/1.1" 200 -
172.22.2.4 - - [04/Feb/2023:06:29:31 -0500] "GET /BLA/boletinlegal/ HTTP/1.1" 200 59404
193.32.162.159 - - [04/Feb/2023:06:31:33 -0500] "GET / HTTP/1.1" 200 319
201.245.192.253 - - [04/Feb/2023:06:31:49 -0500] "POST /kwsrmcab/Wsrmcab  HTTP/1.1" 200 213
52.167.144.97 - - [04/Feb/2023:06:34:05 -0500] "GET /BLA/resoluciones/AUTOS%202019/4490.pdf HTTP/1.1" 304 -
66.220.149.21 - - [04/Feb/2023:06:34:19 -0500] "GET /images/2%20de%20febrero%20liberaci\xc3\xb3n%20Tunjo.jpeg HTTP/1.1" 404 1034
173.252.83.24 - - [04/Feb/2023:06:34:38 -0500] "GET /images/1%20de%20febrero%20D\xc3\xada%20sin%20carro.jpeg HTTP/1.1" 404 1034
66.249.74.158 - - [04/Feb/2023:06:35:42 -0500] "-" 408 -
216.245.221.92 - - [04/Feb/2023:06:35:48 -0500] "HEAD / HTTP/1.1" 200 -
172.22.2.4 - - [04/Feb/2023:06:34:30 -0500] "HEAD /BLA/boletinlegal/ HTTP/1.1" 200 -
52.167.144.49 - - [04/Feb/2023:06:36:15 -0500] "GET /bla/resoluciones/resoluciones%202022/5212.pdf HTTP/1.1" 200 285556
173.252.87.118 - - [04/Feb/2023:06:36:32 -0500] "GET /images/2%20de%20febrero%20liberaci\xc3\xb3n%20Tunjo.jpeg HTTP/1.1" 404 1034
201.245.192.253 - - [04/Feb/2023:06:36:47 -0500] "POST /kwsrmcab/Wsrmcab  HTTP/1.1" 200 213
172.22.2.4 - - [04/Feb/2023:06:35:21 -0500] "GET /BLA/boletinlegal/ HTTP/1.1" 200 56825
173.252.95.3 - - [04/Feb/2023:06:37:52 -0500] "GET /images/1%20de%20febrero%20D\xc3\xada%20sin%20carro.jpeg HTTP/1.1" 404 1034
201.245.192.253 - - [04/Feb/2023:06:37:54 -0500] "POST /kwsrmcab/Wsrmcab HTTP/1.1" 200 39184
201.245.192.253 - - [04/Feb/2023:06:37:57 -0500] "POST /kwsrmcab/Wsrmcab HTTP/1.1" 200 42682
157.55.39.129 - - [04/Feb/2023:06:38:59 -0500] "GET /este-jueves-muevete-sostenible-y-dale-un-respiro-a-la-ciudad-en-el-dia-sin-carro-y-sin-moto.html HTTP/1.1" 200 913
157.55.39.117 - - [04/Feb/2023:06:40:30 -0500] "GET /BLA/resoluciones/AUTOS%202022/2178.pdf HTTP/1.1" 200 367348
216.245.221.92 - - [04/Feb/2023:06:40:48 -0500] "HEAD / HTTP/1.1" 200 -
201.245.192.253 - - [04/Feb/2023:06:41:46 -0500] "POST /kwsrmcab/Wsrmcab  HTTP/1.1" 200 213
172.22.2.4 - - [04/Feb/2023:06:40:20 -0500] "HEAD /BLA/boletinlegal/ HTTP/1.1" 200 -
66.249.74.158 - - [04/Feb/2023:06:42:42 -0500] "-" 408 -
172.22.2.4 - - [04/Feb/2023:06:41:11 -0500] "GET /BLA/boletinlegal/ HTTP/1.1" 200 57192
173.252.127.6 - - [04/Feb/2023:06:44:30 -0500] "GET /images/1%20de%20febrero%20D\xc3\xada%20sin%20carro.jpeg HTTP/1.1" 404 1034
157.55.39.117 - - [04/Feb/2023:06:45:22 -0500] "GET /bla/resoluciones/resoluciones%202022/4456.pdf HTTP/1.1" 200 492056
216.245.221.92 - - [04/Feb/2023:06:45:48 -0500] "HEAD / HTTP/1.1" 200 -
191.95.52.184 - - [04/Feb/2023:06:46:41 -0500] "GET /sipse/faces/index.xhtml HTTP/1.1" 200 677
191.95.52.184 - - [04/Feb/2023:06:46:41 -0500] "GET /sipse/faces/javax.faces.resource/theme.css?ln=primefaces-sipse HTTP/1.1" 304 -
191.95.52.184 - - [04/Feb/2023:06:46:41 -0500] "GET /sipse/faces/faces/autenticacion.xhtml HTTP/1.1" 200 12172
191.95.52.184 - - [04/Feb/2023:06:46:41 -0500] "GET /sipse/js/disable_browser_buttons.js HTTP/1.1" 304 -
191.95.52.184 - - [04/Feb/2023:06:46:41 -0500] "GET /sipse/css/custom_css_sg.css HTTP/1.1" 304 -
191.95.52.184 - - [04/Feb/2023:06:46:41 -0500] "GET /sipse/css/custom_css_sg_prime_login.css HTTP/1.1" 304 -
191.95.52.184 - - [04/Feb/2023:06:46:41 -0500] "GET /sipse/faces/javax.faces.resource/theme.css?ln=primefaces-sipse HTTP/1.1" 304 -
191.95.52.184 - - [04/Feb/2023:06:46:42 -0500] "GET /sipse/faces/javax.faces.resource/primefaces.css?ln=primefaces&v=4.0 HTTP/1.1" 304 -
191.95.52.184 - - [04/Feb/2023:06:46:42 -0500] "GET /sipse/js/funciones.js HTTP/1.1" 304 -
191.95.52.184 - - [04/Feb/2023:06:46:42 -0500] "GET /sipse/faces/javax.faces.resource/layout/layout.css?ln=primefaces&v=4.0 HTTP/1.1" 304 -
191.95.52.184 - - [04/Feb/2023:06:46:42 -0500] "GET /sipse/faces/javax.faces.resource/primefaces.js?ln=primefaces&v=4.0 HTTP/1.1" 304 -
191.95.52.184 - - [04/Feb/2023:06:46:42 -0500] "GET /sipse/faces/javax.faces.resource/jquery/jquery-plugins.js?ln=primefaces&v=4.0 HTTP/1.1" 304 -
191.95.52.184 - - [04/Feb/2023:06:46:42 -0500] "GET /sipse/faces/javax.faces.resource/jquery/jquery.js?ln=primefaces&v=4.0 HTTP/1.1" 304 -
191.95.52.184 - - [04/Feb/2023:06:46:42 -0500] "GET /sipse/faces/javax.faces.resource/layout/layout.js?ln=primefaces&v=4.0 HTTP/1.1" 304 -
191.95.52.184 - - [04/Feb/2023:06:46:42 -0500] "GET /sipse/css/imagen/logoSDG.png HTTP/1.1" 304 -
191.95.52.184 - - [04/Feb/2023:06:46:42 -0500] "GET /sipse/css/imagen/loginimg.png HTTP/1.1" 304 -
191.95.52.184 - - [04/Feb/2023:06:46:42 -0500] "GET /sipse/faces/javax.faces.resource/images/ui-icons_898989_256x240.png?ln=primefaces-aristo HTTP/1.1" 304 -
201.245.192.253 - - [04/Feb/2023:06:46:45 -0500] "POST /kwsrmcab/Wsrmcab  HTTP/1.1" 200 213
191.95.52.184 - - [04/Feb/2023:06:46:59 -0500] "POST /sipse/faces/autenticacion.xhtml HTTP/1.1" 200 16689
191.95.52.184 - - [04/Feb/2023:06:46:59 -0500] "GET /sipse/css/custom_css_sg_prime.css HTTP/1.1" 304 -
191.95.52.184 - - [04/Feb/2023:06:46:59 -0500] "GET /sipse/faces/javax.faces.resource/theme.css?ln=primefaces-sipse HTTP/1.1" 304 -
191.95.52.184 - - [04/Feb/2023:06:46:59 -0500] "GET /sipse/faces/javax.faces.resource/layout/layout.css?ln=primefaces&v=4.0 HTTP/1.1" 304 -
191.95.52.184 - - [04/Feb/2023:06:46:59 -0500] "GET /sipse/faces/javax.faces.resource/primefaces.css?ln=primefaces&v=4.0 HTTP/1.1" 304 -
191.95.52.184 - - [04/Feb/2023:06:46:59 -0500] "GET /sipse/js/jquery.min.js HTTP/1.1" 304 -
191.95.52.184 - - [04/Feb/2023:06:46:59 -0500] "GET /sipse/faces/javax.faces.resource/jquery/jquery.js?ln=primefaces&v=4.0 HTTP/1.1" 304 -
191.95.52.184 - - [04/Feb/2023:06:46:59 -0500] "GET /sipse/faces/javax.faces.resource/jquery/jquery-plugins.js?ln=primefaces&v=4.0 HTTP/1.1" 304 -
191.95.52.184 - - [04/Feb/2023:06:47:00 -0500] "GET /sipse/faces/javax.faces.resource/primefaces.js?ln=primefaces&v=4.0 HTTP/1.1" 304 -
191.95.52.184 - - [04/Feb/2023:06:47:00 -0500] "GET /sipse/faces/javax.faces.resource/layout/layout.js?ln=primefaces&v=4.0 HTTP/1.1" 304 -
191.95.52.184 - - [04/Feb/2023:06:47:00 -0500] "GET /sipse/imagenes/cargando.gif HTTP/1.1" 304 -
191.95.52.184 - - [04/Feb/2023:06:47:00 -0500] "GET /sipse/imagenes/logoAplicacion.jpg HTTP/1.1" 304 -
191.95.52.184 - - [04/Feb/2023:06:47:00 -0500] "GET /sipse/css/imagen/contrasena.png HTTP/1.1" 404 383
191.95.52.184 - - [04/Feb/2023:06:47:00 -0500] "GET /sipse/faces/javax.faces.resource/messages/messages.png?ln=primefaces&v=4.0 HTTP/1.1" 304 -
191.95.52.184 - - [04/Feb/2023:06:47:03 -0500] "GET /sipse/faces/javax.faces.resource/images/ui-bg_flat_0_2d5972_40x100.png?ln=primefaces-aristo HTTP/1.1" 304 -
191.95.52.184 - - [04/Feb/2023:06:47:03 -0500] "POST /sipse/faces/bienvenido.xhtml HTTP/1.1" 200 9754
191.95.52.184 - - [04/Feb/2023:06:47:05 -0500] "POST /sipse/faces/bienvenido.xhtml HTTP/1.1" 200 2073
191.95.52.184 - - [04/Feb/2023:06:47:06 -0500] "POST /sipse/faces/bienvenido.xhtml HTTP/1.1" 200 38972
191.95.52.184 - - [04/Feb/2023:06:47:07 -0500] "GET /sipse/faces/javax.faces.resource/layout/layout.css?ln=primefaces&v=4.0 HTTP/1.1" 304 -
191.95.52.184 - - [04/Feb/2023:06:47:07 -0500] "GET /sipse/faces/javax.faces.resource/primefaces.css?ln=primefaces&v=4.0 HTTP/1.1" 304 -
191.95.52.184 - - [04/Feb/2023:06:47:07 -0500] "GET /sipse/faces/javax.faces.resource/theme.css?ln=primefaces-sipse HTTP/1.1" 304 -
191.95.52.184 - - [04/Feb/2023:06:47:07 -0500] "GET /sipse/faces/javax.faces.resource/jquery/jquery.js?ln=primefaces&v=4.0 HTTP/1.1" 304 -
191.95.52.184 - - [04/Feb/2023:06:47:07 -0500] "GET /sipse/faces/javax.faces.resource/jquery/jquery-plugins.js?ln=primefaces&v=4.0 HTTP/1.1" 304 -
191.95.52.184 - - [04/Feb/2023:06:47:07 -0500] "GET /sipse/faces/javax.faces.resource/primefaces.js?ln=primefaces&v=4.0 HTTP/1.1" 304 -
191.95.52.184 - - [04/Feb/2023:06:47:07 -0500] "GET /sipse/faces/javax.faces.resource/layout/layout.js?ln=primefaces&v=4.0 HTTP/1.1" 304 -
191.95.52.184 - - [04/Feb/2023:06:47:16 -0500] "POST /sipse/faces/presentacion/financiero/solicitudProceso/consultar.xhtml HTTP/1.1" 200 12868
191.95.52.184 - - [04/Feb/2023:06:47:36 -0500] "POST /sipse/faces/presentacion/financiero/solicitudProceso/consultar.xhtml HTTP/1.1" 200 12891
172.22.2.4 - - [04/Feb/2023:06:46:10 -0500] "HEAD /BLA/boletinlegal/ HTTP/1.1" 200 -
191.95.52.184 - - [04/Feb/2023:06:47:53 -0500] "POST /sipse/faces/presentacion/financiero/solicitudProceso/consultar.xhtml HTTP/1.1" 200 12876
191.95.52.184 - - [04/Feb/2023:06:48:09 -0500] "POST /sipse/faces/presentacion/financiero/solicitudProceso/consultar.xhtml HTTP/1.1" 200 12872
44.192.21.163 - - [04/Feb/2023:06:48:12 -0500] "\x16\x03\x01" 400 226
66.249.74.158 - - [04/Feb/2023:06:48:22 -0500] "-" 408 -
172.22.2.4 - - [04/Feb/2023:06:47:01 -0500] "GET /BLA/boletinlegal/ HTTP/1.1" 200 57192
173.252.107.11 - - [04/Feb/2023:06:48:45 -0500] "GET /images/2%20de%20febrero%20liberaci\xc3\xb3n%20Tunjo.jpeg HTTP/1.1" 404 1034
172.226.13.231 - - [04/Feb/2023:06:48:57 -0500] "GET /distrito-declara-alerta-fase-i-en-suroccidente-de-bogota-por-altas-concentraciones-de-material-particulado.html?fbclid=PAAabQZr_UPB_rr-nh9LOiZf8LG5hc2Fyw3x4akLw6DPezjQbAxxGNWW-KngQ HTTP/1.1" 200 883
66.220.149.16 - - [04/Feb/2023:06:49:03 -0500] "GET /images/2%20de%20febrero%20liberaci\xc3\xb3n%20Tunjo.jpeg HTTP/1.1" 404 1034
173.252.107.22 - - [04/Feb/2023:06:50:25 -0500] "GET /images/1%20de%20febrero%20D\xc3\xada%20sin%20carro.jpeg HTTP/1.1" 404 1034
173.252.83.12 - - [04/Feb/2023:06:50:28 -0500] "GET /images/2%20de%20febrero%20liberaci\xc3\xb3n%20Tunjo.jpeg HTTP/1.1" 404 1034
216.245.221.92 - - [04/Feb/2023:06:50:48 -0500] "HEAD / HTTP/1.1" 200 -
52.167.144.49 - - [04/Feb/2023:06:51:37 -0500] "GET /bla/resoluciones/autos%202022/1332.pdf HTTP/1.1" 200 361880
201.245.192.253 - - [04/Feb/2023:06:51:44 -0500] "POST /kwsrmcab/Wsrmcab  HTTP/1.1" 200 213
186.155.73.64 - - [04/Feb/2023:06:51:55 -0500] "GET /este-jueves-muevete-sostenible-y-dale-un-respiro-a-la-ciudad-en-el-dia-sin-carro-y-sin-moto.html HTTP/1.1" 200 913
54.39.104.161 - - [04/Feb/2023:06:51:55 -0500] "GET /distrito-declara-alerta-fase-i-en-suroccidente-de-bogota-por-altas-concentraciones-de-material-particulado.html HTTP/1.1" 200 883
52.167.144.97 - - [04/Feb/2023:06:52:34 -0500] "GET /BLA/resoluciones/AUTOS%202022/1895.pdf HTTP/1.1" 200 391953
173.252.83.14 - - [04/Feb/2023:06:52:34 -0500] "GET /images/2%20de%20febrero%20liberaci\xc3\xb3n%20Tunjo.jpeg HTTP/1.1" 404 1034
172.22.2.4 - - [04/Feb/2023:06:52:00 -0500] "HEAD /BLA/boletinlegal/ HTTP/1.1" 200 -
172.22.2.4 - - [04/Feb/2023:06:52:51 -0500] "GET /BLA/boletinlegal/ HTTP/1.1" 200 54452
66.249.74.158 - - [04/Feb/2023:06:55:45 -0500] "-" 408 -
216.245.221.92 - - [04/Feb/2023:06:55:48 -0500] "HEAD / HTTP/1.1" 200 -
66.220.149.20 - - [04/Feb/2023:06:55:54 -0500] "GET /images/2%20de%20febrero%20liberaci\xc3\xb3n%20Tunjo.jpeg HTTP/1.1" 404 1034
159.65.170.173 - - [04/Feb/2023:06:56:10 -0500] "GET /portaldeninos/ HTTP/1.1" 200 110197
201.245.192.253 - - [04/Feb/2023:06:56:43 -0500] "POST /kwsrmcab/Wsrmcab  HTTP/1.1" 200 213
66.220.149.24 - - [04/Feb/2023:06:57:58 -0500] "GET /images/2%20de%20febrero%20liberaci\xc3\xb3n%20Tunjo.jpeg HTTP/1.1" 404 1034
64.124.8.34 - - [04/Feb/2023:06:59:06 -0500] "-" 408 -
66.220.149.2 - - [04/Feb/2023:06:59:14 -0500] "GET /images/2%20de%20febrero%20liberaci\xc3\xb3n%20Tunjo.jpeg HTTP/1.1" 404 1034
172.22.2.4 - - [04/Feb/2023:06:57:50 -0500] "HEAD /BLA/boletinlegal/ HTTP/1.1" 200 -
172.22.2.4 - - [04/Feb/2023:07:00:01 -0500] "GET /BLA/boletinlegal/style.css HTTP/1.1" 200 9406
172.22.2.4 - - [04/Feb/2023:07:00:01 -0500] "GET /BLA/boletinlegal/styles2.css HTTP/1.1" 200 1838
172.22.2.4 - - [04/Feb/2023:07:00:01 -0500] "GET /BLA/boletinlegal/js/jquery.js HTTP/1.1" 200 57254
172.22.2.4 - - [04/Feb/2023:07:00:01 -0500] "GET /BLA/boletinlegal/js/jquery.scrollTo-min.js HTTP/1.1" 200 1150
172.22.2.4 - - [04/Feb/2023:07:00:01 -0500] "GET /BLA/boletinlegal/js/jquery.scrollShow.js HTTP/1.1" 200 4586
172.22.2.4 - - [04/Feb/2023:07:00:01 -0500] "GET /BLA/boletinlegal/images/cabezote%20BLEGAL.jpg HTTP/1.1" 200 118164
172.22.2.4 - - [04/Feb/2023:07:00:01 -0500] "GET /BLA/boletinlegal/images/subscribe-icon-big.png HTTP/1.1" 200 47702
172.22.2.4 - - [04/Feb/2023:07:00:01 -0500] "GET /BLA/boletinlegal/images/historia.png HTTP/1.1" 200 52775
172.22.2.4 - - [04/Feb/2023:07:00:01 -0500] "GET /BLA/boletinlegal/images/registro-usuarios.png HTTP/1.1" 200 8106
172.22.2.4 - - [04/Feb/2023:07:00:01 -0500] "GET /BLA/boletinlegal/images/arr_l.jpg HTTP/1.1" 200 1979
172.22.2.4 - - [04/Feb/2023:07:00:01 -0500] "GET /BLA/boletinlegal/images/screen_1.png HTTP/1.1" 200 202547
172.22.2.4 - - [04/Feb/2023:07:00:01 -0500] "GET /BLA/boletinlegal/images/launch.jpg HTTP/1.1" 200 14577
172.22.2.4 - - [04/Feb/2023:07:00:01 -0500] "GET /BLA/boletinlegal/images/body_bg.jpg HTTP/1.1" 200 1601
172.22.2.4 - - [04/Feb/2023:07:00:01 -0500] "GET /BLA/boletinlegal/images/menu_bg.jpg HTTP/1.1" 200 620
172.22.2.4 - - [04/Feb/2023:07:00:01 -0500] "GET /BLA/boletinlegal/images/bg_top.jpg HTTP/1.1" 200 522
172.22.2.4 - - [04/Feb/2023:07:00:01 -0500] "GET /BLA/boletinlegal/images/text.jpg HTTP/1.1" 200 568
172.22.2.4 - - [04/Feb/2023:07:00:01 -0500] "GET /BLA/boletinlegal/images/menu_rght.gif HTTP/1.1" 200 1627
172.22.2.4 - - [04/Feb/2023:07:00:01 -0500] "GET /BLA/boletinlegal/images/hover.jpg HTTP/1.1" 200 640
172.22.2.4 - - [04/Feb/2023:07:00:01 -0500] "GET /BLA/boletinlegal/images/menu_lft.gif HTTP/1.1" 200 1713
172.22.2.4 - - [04/Feb/2023:07:00:06 -0500] "GET /BLA/boletinlegal/images/arr_r.jpg HTTP/1.1" 200 1998
172.22.2.4 - - [04/Feb/2023:07:00:06 -0500] "GET /BLA/boletinlegal/images/screen_2.png HTTP/1.1" 200 362502
172.22.2.4 - - [04/Feb/2023:07:00:06 -0500] "GET /BLA/boletinlegal/images/screen_3.png HTTP/1.1" 200 210620
172.22.2.4 - - [04/Feb/2023:07:00:06 -0500] "GET /BLA/boletinlegal/images/footer_bg.jpg HTTP/1.1" 200 586
172.22.2.4 - - [04/Feb/2023:07:00:06 -0500] "GET /BLA/boletinlegal/images/screen_5.png HTTP/1.1" 200 368876
172.22.2.4 - - [04/Feb/2023:07:00:12 -0500] "GET /BLA/boletinlegal/actos.php HTTP/1.1" 200 9606
172.22.2.4 - - [04/Feb/2023:07:00:12 -0500] "GET /BLA/boletinlegal/js/ajax_actos.js HTTP/1.1" 200 1322
172.22.2.4 - - [04/Feb/2023:07:00:12 -0500] "GET /BLA/boletinlegal/niceforms.js HTTP/1.1" 200 22876
172.22.2.4 - - [04/Feb/2023:07:00:12 -0500] "GET /BLA/boletinlegal/niceforms-default.css HTTP/1.1" 200 6694
172.22.2.4 - - [04/Feb/2023:07:00:12 -0500] "GET /BLA/boletinlegal/js/lib.js HTTP/1.1" 200 6474
172.22.2.4 - - [04/Feb/2023:07:00:12 -0500] "GET /BLA/boletinlegal/js/popup.js HTTP/1.1" 200 1270
172.22.2.4 - - [04/Feb/2023:07:00:12 -0500] "GET /BLA/boletinlegal/js/jquery1.js HTTP/1.1" 200 29846
172.22.2.4 - - [04/Feb/2023:07:00:12 -0500] "GET /BLA/boletinlegal/images/green-yellow-blue-pink-th.png HTTP/1.1" 200 7394
172.22.2.4 - - [04/Feb/2023:07:00:12 -0500] "GET /BLA/boletinlegal/images/tel.png HTTP/1.1" 200 14477
172.22.2.4 - - [04/Feb/2023:07:00:12 -0500] "GET /BLA/boletinlegal/images/icono-email.png HTTP/1.1" 200 5544
172.22.2.4 - - [04/Feb/2023:07:00:12 -0500] "GET /BLA/boletinlegal/images/footer_bg_l.jpg HTTP/1.1" 200 776
172.22.2.4 - - [04/Feb/2023:07:00:12 -0500] "GET /BLA/boletinlegal/img/select-left.png HTTP/1.1" 200 263
172.22.2.4 - - [04/Feb/2023:07:00:12 -0500] "GET /BLA/boletinlegal/img/select-right.png HTTP/1.1" 200 44019
172.22.2.4 - - [04/Feb/2023:07:00:12 -0500] "GET /BLA/boletinlegal/img/button-left.png HTTP/1.1" 200 57071
172.22.2.4 - - [04/Feb/2023:07:00:12 -0500] "GET /BLA/boletinlegal/img/0.png HTTP/1.1" 200 110
172.22.2.4 - - [04/Feb/2023:07:00:12 -0500] "GET /BLA/boletinlegal/img/button.png HTTP/1.1" 200 43241
172.22.2.4 - - [04/Feb/2023:07:00:12 -0500] "GET /BLA/boletinlegal/img/button-right.png HTTP/1.1" 200 57878
172.22.2.4 - - [04/Feb/2023:07:00:12 -0500] "GET /BLA/boletinlegal/favicon.ico HTTP/1.1" 404 1326
172.22.2.4 - - [04/Feb/2023:07:00:13 -0500] "GET /BLA/boletinlegal/style.css HTTP/1.1" 200 9406
172.22.2.4 - - [04/Feb/2023:07:00:13 -0500] "GET /BLA/boletinlegal/styles2.css HTTP/1.1" 200 1838
172.22.2.4 - - [04/Feb/2023:07:00:13 -0500] "GET /BLA/boletinlegal/js/jquery.js HTTP/1.1" 200 57254
172.22.2.4 - - [04/Feb/2023:07:00:13 -0500] "GET /BLA/boletinlegal/js/jquery.scrollTo-min.js HTTP/1.1" 200 1150
172.22.2.4 - - [04/Feb/2023:07:00:13 -0500] "GET /BLA/boletinlegal/js/jquery.scrollShow.js HTTP/1.1" 200 4586
172.22.2.4 - - [04/Feb/2023:07:00:14 -0500] "GET /BLA/boletinlegal/images/cabezote%20BLEGAL.jpg HTTP/1.1" 200 118164
172.22.2.4 - - [04/Feb/2023:07:00:14 -0500] "GET /BLA/boletinlegal/images/subscribe-icon-big.png HTTP/1.1" 200 47702
172.22.2.4 - - [04/Feb/2023:07:00:14 -0500] "GET /BLA/boletinlegal/images/historia.png HTTP/1.1" 200 52775
172.22.2.4 - - [04/Feb/2023:07:00:14 -0500] "GET /BLA/boletinlegal/images/registro-usuarios.png HTTP/1.1" 200 8106
172.22.2.4 - - [04/Feb/2023:07:00:14 -0500] "GET /BLA/boletinlegal/images/arr_l.jpg HTTP/1.1" 200 1979
172.22.2.4 - - [04/Feb/2023:07:00:14 -0500] "GET /BLA/boletinlegal/images/launch.jpg HTTP/1.1" 200 14577
172.22.2.4 - - [04/Feb/2023:07:00:14 -0500] "GET /BLA/boletinlegal/images/menu_rght.gif HTTP/1.1" 200 1627
172.22.2.4 - - [04/Feb/2023:07:00:14 -0500] "GET /BLA/boletinlegal/images/body_bg.jpg HTTP/1.1" 200 1601
172.22.2.4 - - [04/Feb/2023:07:00:14 -0500] "GET /BLA/boletinlegal/images/screen_1.png HTTP/1.1" 200 202547
172.22.2.4 - - [04/Feb/2023:07:00:14 -0500] "GET /BLA/boletinlegal/images/menu_lft.gif HTTP/1.1" 200 1713
172.22.2.4 - - [04/Feb/2023:07:00:14 -0500] "GET /BLA/boletinlegal/images/bg_top.jpg HTTP/1.1" 200 522
172.22.2.4 - - [04/Feb/2023:07:00:14 -0500] "GET /BLA/boletinlegal/images/menu_bg.jpg HTTP/1.1" 200 620
172.22.2.4 - - [04/Feb/2023:07:00:14 -0500] "GET /BLA/boletinlegal/images/hover.jpg HTTP/1.1" 200 640
172.22.2.4 - - [04/Feb/2023:07:00:14 -0500] "GET /BLA/boletinlegal/images/text.jpg HTTP/1.1" 200 568
172.22.2.4 - - [04/Feb/2023:06:58:41 -0500] "GET /BLA/boletinlegal/ HTTP/1.1" 200 56474
172.22.2.4 - - [04/Feb/2023:07:00:23 -0500] "GET /BLA/boletinlegal/consulta_actos.php?tipo=resoluciones&no=&usuario=&sector=AIRE&fecha=2023&resuelve= HTTP/1.1" 200 626
172.22.2.4 - - [04/Feb/2023:07:00:27 -0500] "GET /BLA/boletinlegal/consulta_actos.php?tipo=resoluciones&no=&usuario=&sector=AIRE&fecha=2023&resuelve= HTTP/1.1" 200 626
172.22.2.4 - - [04/Feb/2023:07:00:46 -0500] "GET /BLA/boletinlegal/consulta_actos.php?tipo=resoluciones&no=&usuario=&sector=AIRE&fecha=2023&resuelve=ALERTA%20 HTTP/1.1" 200 626
216.245.221.92 - - [04/Feb/2023:07:00:48 -0500] "HEAD / HTTP/1.1" 200 -
66.220.149.1 - - [04/Feb/2023:07:00:48 -0500] "GET /images/2%20de%20febrero%20liberaci\xc3\xb3n%20Tunjo.jpeg HTTP/1.1" 404 1034
172.22.2.4 - - [04/Feb/2023:07:00:49 -0500] "GET /BLA/boletinlegal/consulta_actos.php?tipo=resoluciones&no=&usuario=&sector=AIRE&fecha=2023&resuelve=ALERTA%20 HTTP/1.1" 200 626
172.22.2.4 - - [04/Feb/2023:07:00:52 -0500] "GET /BLA/boletinlegal/consulta_actos.php?tipo=resoluciones&no=&usuario=&sector=AIRE&fecha=2023&resuelve=ALERTA%20 HTTP/1.1" 200 626
172.22.2.4 - - [04/Feb/2023:07:00:53 -0500] "GET /BLA/boletinlegal/consulta_actos.php?tipo=resoluciones&no=&usuario=&sector=AIRE&fecha=2023&resuelve=ALERTA%20 HTTP/1.1" 200 626
172.22.2.4 - - [04/Feb/2023:07:00:53 -0500] "GET /BLA/boletinlegal/consulta_actos.php?tipo=resoluciones&no=&usuario=&sector=AIRE&fecha=2023&resuelve=ALERTA%20 HTTP/1.1" 200 626
172.22.2.4 - - [04/Feb/2023:07:00:53 -0500] "GET /BLA/boletinlegal/images/pdf.gif HTTP/1.1" 200 567
172.22.2.4 - - [04/Feb/2023:06:59:57 -0500] "GET /BLA/boletinlegal/ HTTP/1.1" 200 32715
172.22.2.4 - - [04/Feb/2023:07:01:00 -0500] "GET /BLA/boletinlegal/consulta_actos.php?tipo=resoluciones&no=&usuario=&sector=AIRE&fecha=2023&resuelve=ALERTA%20 HTTP/1.1" 200 626
172.22.2.4 - - [04/Feb/2023:07:01:00 -0500] "GET /BLA/boletinlegal/consulta_actos.php?tipo=resoluciones&no=&usuario=&sector=AIRE&fecha=2023&resuelve=ALERTA%20 HTTP/1.1" 200 626
172.22.2.4 - - [04/Feb/2023:07:01:04 -0500] "GET /BLA/boletinlegal/consulta_actos.php?tipo=autos&no=&usuario=&sector=AIRE&fecha=2023&resuelve=ALERTA%20 HTTP/1.1" 200 626
172.22.2.4 - - [04/Feb/2023:07:00:13 -0500] "GET /BLA/boletinlegal/ HTTP/1.1" 200 24523
172.22.2.4 - - [04/Feb/2023:07:00:22 -0500] "GET /BLA/boletinlegal/ HTTP/1.1" 200 24523
172.22.2.4 - - [04/Feb/2023:07:01:39 -0500] "GET /BLA/boletinlegal/consulta_actos.php?tipo=resoluciones&no=&usuario=cristian.carabaly&sector=AIRE&fecha=2023&resuelve=ALERTA%20 HTTP/1.1" 200 626
172.22.2.4 - - [04/Feb/2023:07:01:41 -0500] "GET /BLA/boletinlegal/consulta_actos.php?tipo=resoluciones&no=&usuario=cristian.carabaly&sector=AIRE&fecha=2023&resuelve=ALERTA%20 HTTP/1.1" 200 626
172.22.2.4 - - [04/Feb/2023:07:01:41 -0500] "GET /BLA/boletinlegal/consulta_actos.php?tipo=resoluciones&no=&usuario=cristian.carabaly&sector=AIRE&fecha=2023&resuelve=ALERTA%20 HTTP/1.1" 200 626
172.22.2.4 - - [04/Feb/2023:07:01:42 -0500] "GET /BLA/boletinlegal/consulta_actos.php?tipo=resoluciones&no=&usuario=cristian.carabaly&sector=AIRE&fecha=2023&resuelve=ALERTA%20 HTTP/1.1" 200 626
172.22.2.4 - - [04/Feb/2023:07:01:42 -0500] "GET /BLA/boletinlegal/consulta_actos.php?tipo=resoluciones&no=&usuario=cristian.carabaly&sector=AIRE&fecha=2023&resuelve=ALERTA%20 HTTP/1.1" 200 626
172.22.2.4 - - [04/Feb/2023:07:01:43 -0500] "GET /BLA/boletinlegal/consulta_actos.php?tipo=resoluciones&no=&usuario=cristian.carabaly&sector=AIRE&fecha=2023&resuelve=ALERTA%20 HTTP/1.1" 200 626
172.22.2.4 - - [04/Feb/2023:07:01:44 -0500] "GET /BLA/boletinlegal/actos.php HTTP/1.1" 200 9606
201.245.192.253 - - [04/Feb/2023:07:01:42 -0500] "POST /kwsrmcab/Wsrmcab  HTTP/1.1" 200 213
172.22.2.4 - - [04/Feb/2023:07:01:54 -0500] "GET /BLA/boletinlegal/consulta_actos.php?tipo=resoluciones&no=&usuario=cristian.carabaly&sector=AIRE&fecha=2023&resuelve= HTTP/1.1" 200 626
172.22.2.4 - - [04/Feb/2023:07:01:54 -0500] "GET /BLA/boletinlegal/consulta_actos.php?tipo=resoluciones&no=&usuario=cristian.carabaly&sector=AIRE&fecha=2023&resuelve= HTTP/1.1" 200 626
157.55.39.117 - - [04/Feb/2023:07:01:54 -0500] "GET /bla/resoluciones/resoluciones%202022/4067.pdf HTTP/1.1" 200 603020
172.22.2.4 - - [04/Feb/2023:07:01:55 -0500] "GET /BLA/boletinlegal/consulta_actos.php?tipo=resoluciones&no=&usuario=cristian.carabaly&sector=AIRE&fecha=2023&resuelve= HTTP/1.1" 200 626
172.22.2.4 - - [04/Feb/2023:07:00:30 -0500] "GET /BLA/boletinlegal/ HTTP/1.1" 200 55272
173.252.83.116 - - [04/Feb/2023:07:02:33 -0500] "GET /images/2%20de%20febrero%20liberaci\xc3\xb3n%20Tunjo.jpeg HTTP/1.1" 404 1034
172.22.2.4 - - [04/Feb/2023:07:02:05 -0500] "GET /BLA/boletinlegal/ HTTP/1.1" 200 24523
172.22.2.4 - - [04/Feb/2023:07:02:41 -0500] "GET /BLA/boletinlegal/consulta_actos.php?tipo=resoluciones&no=&usuario=lorena.aponte&sector=AIRE&fecha=2023&resuelve= HTTP/1.1" 200 626
172.22.2.4 - - [04/Feb/2023:07:02:43 -0500] "GET /BLA/boletinlegal/consulta_actos.php?tipo=resoluciones&no=&usuario=lorena.aponte&sector=AIRE&fecha=2023&resuelve= HTTP/1.1" 200 626
172.22.2.4 - - [04/Feb/2023:07:02:44 -0500] "GET /BLA/boletinlegal/consulta_actos.php?tipo=resoluciones&no=&usuario=lorena.aponte&sector=AIRE&fecha=2023&resuelve= HTTP/1.1" 200 626
172.22.2.4 - - [04/Feb/2023:07:02:45 -0500] "GET /BLA/boletinlegal/consulta_actos.php?tipo=resoluciones&no=&usuario=lorena.aponte&sector=AIRE&fecha=2023&resuelve= HTTP/1.1" 200 626
172.22.2.4 - - [04/Feb/2023:07:02:52 -0500] "GET /BLA/boletinlegal/consulta_actos.php?tipo=resoluciones&no=&usuario=lorena.aponte&sector=AIRE&fecha=2023&resuelve= HTTP/1.1" 200 626
172.22.2.4 - - [04/Feb/2023:07:02:52 -0500] "GET /BLA/boletinlegal/consulta_actos.php?tipo=resoluciones&no=&usuario=lorena.aponte&sector=AIRE&fecha=2023&resuelve= HTTP/1.1" 200 626
172.22.2.4 - - [04/Feb/2023:07:02:57 -0500] "GET /BLA/boletinlegal/consulta_actos.php?tipo=resoluciones&no=&usuario=lorena.aponte&sector=AIRE&fecha=2023&resuelve=ALERTA HTTP/1.1" 200 626
172.22.2.4 - - [04/Feb/2023:07:02:58 -0500] "GET /BLA/boletinlegal/images/screen_2.png HTTP/1.1" 200 362502
172.22.2.4 - - [04/Feb/2023:07:02:58 -0500] "GET /BLA/boletinlegal/images/screen_3.png HTTP/1.1" 200 210620
172.22.2.4 - - [04/Feb/2023:07:02:58 -0500] "GET /BLA/boletinlegal/images/screen_5.png HTTP/1.1" 200 368876
172.22.2.4 - - [04/Feb/2023:07:02:58 -0500] "GET /BLA/boletinlegal/images/arr_r.jpg HTTP/1.1" 200 1998
172.22.2.4 - - [04/Feb/2023:07:02:58 -0500] "GET /BLA/boletinlegal/images/footer_bg.jpg HTTP/1.1" 200 586
172.22.2.4 - - [04/Feb/2023:07:02:58 -0500] "GET /BLA/boletinlegal/consulta_actos.php?tipo=resoluciones&no=&usuario=lorena.aponte&sector=AIRE&fecha=2023&resuelve=ALERTA HTTP/1.1" 200 626
172.22.2.4 - - [04/Feb/2023:07:03:06 -0500] "GET /BLA/boletinlegal/images/pdf.gif HTTP/1.1" 200 567
172.22.2.4 - - [04/Feb/2023:07:03:51 -0500] "GET /BLA/boletinlegal/actos.php HTTP/1.1" 200 9606
172.22.2.4 - - [04/Feb/2023:07:03:51 -0500] "GET /BLA/boletinlegal/js/ajax_actos.js HTTP/1.1" 200 1322
172.22.2.4 - - [04/Feb/2023:07:03:51 -0500] "GET /BLA/boletinlegal/niceforms-default.css HTTP/1.1" 200 6694
172.22.2.4 - - [04/Feb/2023:07:03:51 -0500] "GET /BLA/boletinlegal/js/lib.js HTTP/1.1" 200 6474
172.22.2.4 - - [04/Feb/2023:07:03:51 -0500] "GET /BLA/boletinlegal/niceforms.js HTTP/1.1" 200 22876
172.22.2.4 - - [04/Feb/2023:07:03:51 -0500] "GET /BLA/boletinlegal/js/jquery1.js HTTP/1.1" 200 29846
172.22.2.4 - - [04/Feb/2023:07:03:51 -0500] "GET /BLA/boletinlegal/js/popup.js HTTP/1.1" 200 1270
172.22.2.4 - - [04/Feb/2023:07:03:51 -0500] "GET /BLA/boletinlegal/images/green-yellow-blue-pink-th.png HTTP/1.1" 200 7394
172.22.2.4 - - [04/Feb/2023:07:03:51 -0500] "GET /BLA/boletinlegal/images/tel.png HTTP/1.1" 200 14477
172.22.2.4 - - [04/Feb/2023:07:03:51 -0500] "GET /BLA/boletinlegal/images/icono-email.png HTTP/1.1" 200 5544
172.22.2.4 - - [04/Feb/2023:07:03:51 -0500] "GET /BLA/boletinlegal/images/footer_bg_l.jpg HTTP/1.1" 200 776
172.22.2.4 - - [04/Feb/2023:07:03:51 -0500] "GET /BLA/boletinlegal/img/0.png HTTP/1.1" 200 110
172.22.2.4 - - [04/Feb/2023:07:03:51 -0500] "GET /BLA/boletinlegal/img/select-left.png HTTP/1.1" 200 263
172.22.2.4 - - [04/Feb/2023:07:03:51 -0500] "GET /BLA/boletinlegal/img/select-right.png HTTP/1.1" 200 44019
172.22.2.4 - - [04/Feb/2023:07:03:51 -0500] "GET /BLA/boletinlegal/img/button-left.png HTTP/1.1" 200 57071
172.22.2.4 - - [04/Feb/2023:07:03:51 -0500] "GET /BLA/boletinlegal/favicon.ico HTTP/1.1" 404 1230
172.22.2.4 - - [04/Feb/2023:07:03:51 -0500] "GET /BLA/boletinlegal/img/button-right.png HTTP/1.1" 200 57878
172.22.2.4 - - [04/Feb/2023:07:03:51 -0500] "GET /BLA/boletinlegal/img/button.png HTTP/1.1" 200 43241
172.22.2.4 - - [04/Feb/2023:07:04:03 -0500] "GET /BLA/boletinlegal/consulta_actos.php?tipo=resoluciones&no=&usuario=&sector=&fecha=2023&resuelve=Aire HTTP/1.1" 200 626
172.22.2.4 - - [04/Feb/2023:07:04:04 -0500] "GET /BLA/boletinlegal/consulta_actos.php?tipo=resoluciones&no=&usuario=&sector=&fecha=2023&resuelve=Aire HTTP/1.1" 200 626
172.22.2.4 - - [04/Feb/2023:07:04:09 -0500] "GET /BLA/boletinlegal/consulta_actos.php?tipo=resoluciones&no=&usuario=&sector=&fecha=2023&resuelve=Aire HTTP/1.1" 200 626
172.22.2.4 - - [04/Feb/2023:07:04:14 -0500] "GET /BLA/boletinlegal/consulta_actos.php?tipo=resoluciones&no=&usuario=&sector=&fecha=2023&resuelve=Aire HTTP/1.1" 200 626
172.22.2.4 - - [04/Feb/2023:07:04:20 -0500] "GET /BLA/boletinlegal/consulta_actos.php?tipo=resoluciones&no=&usuario=&sector=&fecha=2023&resuelve= HTTP/1.1" 200 2370
172.22.2.4 - - [04/Feb/2023:07:04:20 -0500] "GET /BLA/boletinlegal/images/background.gif HTTP/1.1" 200 -
31.148.131.220 - - [04/Feb/2023:07:04:22 -0500] "GET /BLA/resoluciones/AUTOS%202021/6793.pdf HTTP/1.1" 200 450507
172.22.2.4 - - [04/Feb/2023:07:02:50 -0500] "GET /BLA/boletinlegal/ HTTP/1.1" 200 53195
172.22.2.4 - - [04/Feb/2023:07:04:36 -0500] "GET /BLA/boletinlegal/consulta_actos.php?tipo=autos&no=&usuario=&sector=&fecha=2023&resuelve= HTTP/1.1" 200 5991
172.22.2.4 - - [04/Feb/2023:07:03:31 -0500] "GET /BLA/boletinlegal/ HTTP/1.1" 200 36811
172.22.2.4 - - [04/Feb/2023:07:04:45 -0500] "GET /BLA/boletinlegal/consulta_actos.php?tipo=resoluciones&no=&usuario=&sector=&fecha=2023&resuelve= HTTP/1.1" 200 2370
172.22.2.4 - - [04/Feb/2023:07:04:50 -0500] "GET /BLA/boletinlegal/consulta_actos.php?tipo=resoluciones&no=&usuario=&sector=&fecha=2023&resuelve= HTTP/1.1" 200 2370
172.22.2.4 - - [04/Feb/2023:07:03:40 -0500] "HEAD /BLA/boletinlegal/ HTTP/1.1" 200 -
31.148.130.6 - - [04/Feb/2023:07:05:21 -0500] "GET /BLA/resoluciones/AUTOS%202021/5610.pdf HTTP/1.1" 200 397290
66.220.149.22 - - [04/Feb/2023:07:05:27 -0500] "GET /images/2%20de%20febrero%20liberaci\xc3\xb3n%20Tunjo.jpeg HTTP/1.1" 404 1034
216.245.221.92 - - [04/Feb/2023:07:05:48 -0500] "HEAD / HTTP/1.1" 200 -
172.22.2.4 - - [04/Feb/2023:07:04:30 -0500] "GET /BLA/boletinlegal/ HTTP/1.1" 200 59035
201.245.192.253 - - [04/Feb/2023:07:06:40 -0500] "POST /kwsrmcab/Wsrmcab  HTTP/1.1" 200 213
51.159.195.16 - - [04/Feb/2023:07:07:47 -0500] "GET /distrito-declara-alerta-fase-i-en-suroccidente-de-bogota-por-altas-concentraciones-de-material-particulado.html HTTP/1.1" 200 883
51.159.195.16 - - [04/Feb/2023:07:07:48 -0500] "GET /images/3%20de%20febrero%20l%C3%ADneas%20de%20contaminaci%C3%B3n.jpeg HTTP/1.1" 404 1034
69.171.251.18 - - [04/Feb/2023:07:08:17 -0500] "GET /images/2%20de%20febrero%20liberaci\xc3\xb3n%20Tunjo.jpeg HTTP/1.1" 404 1034
173.252.107.118 - - [04/Feb/2023:07:09:04 -0500] "GET /images/2%20de%20febrero%20liberaci\xc3\xb3n%20Tunjo.jpeg HTTP/1.1" 404 1034
186.102.39.226 - - [04/Feb/2023:07:09:27 -0500] "GET /kwssiamovil/sm/ldap/au?x=U2FsdGVkX1/mDqKr4K+PBIeRTnKH5x5Jz5UqFz+ASxxnfzQSsoVH4F5rtgmDXyYm&y=U2FsdGVkX1+nk9+3okoSh4rdUIOApGOpKx5KL2xjHVY= HTTP/1.1" 200 30
186.102.39.226 - - [04/Feb/2023:07:09:28 -0500] "GET /kwssiamovil/sm/acme/s?s=U2FsdGVkX1+omCATHlszEgydyKmSoViLRepzeRNkcbOO14EeziFJTGAjfSsWa07j7ZJigFXfjm7ja28XQO3ZCTZIfL3DAwZRdmYiNx9b2q4=&u=U2FsdGVkX18MhVUBmEicnAVbdc4AMYzNhQtLTi7L5fo=&y=U2FsdGVkX1+nk9+3okoSh4rdUIOApGOpKx5KL2xjHVY= HTTP/1.1" 200 97
186.102.39.226 - - [04/Feb/2023:07:09:28 -0500] "GET /kwssiamovil/sm/acme/s?s=U2FsdGVkX1/4dDrYCwt9B5BQjaLOU+7u3wDJhmMBFkLWVjzm137ZYoU29FnRJKLlZASUBcJ3jhotO93keIedYQXp5iWloxR2xVLWgN0nlxVZv9GBfrZIYyjup3glsulLyNCd88TsL92+OH3fc9wyzSKI0kqc/Odo1Am/XmtnbGesJ5zNVDiipASWAlPQ/xJ6lgwS1MR87L4qdd+xdXX6a3HecHypsP37xsqaruKKevgcjjpB5g+zSrKoOZmMtQ7q9rqTyndtXLTxe0VciuZ77/8ScKRC/ccvblFvHXbjQA8FGGveyFutzDoP9Ihv72Ah8zQAis8e1IRiadLvSX8BTrQSOSGWQjv2hdvRBmHw3B+mXAHXkvs0XidCljtYe3BVfNLpkQMv6TkXxSgU3FidJTooMddnR/1HI/ANifb8bDw5GLvm5aNXHLpUz4wxHHtE/xF77jCwAhm0rdgXFh0uIZn7a5rKEqMriEU7iYYHMHx/sjbGuaLyOuZd9dk9g89P+lOPcC5Lqo5URUbhsjjeJ/oFk9AI0j47Qq8sG6sUuI9iWqiHC+mVR6t9391LPnAHnBzNyegNdTlKqt+V+ljnm2gyBqwjHwN+qTbwvw02eZkbqcgn4kG15kbMyE/ZDr/2F6Yr4WX42s5qqeT9BZ7wtukL8jgCz3fHkHErUyl8IWfzBhLZtnKbJliYWHVwy65RsfCxMHCm0qOyDJi4VBuxWyZi3OFPX5Nis2emnVUa58zrPNnSn4Cq+39M0+hH3qJ9L1vQuNMX39tSuwC7G0vFylDY1Hsj6/qrmYPnrl39SQKFgQukfFsIVSPbPN61C0IjxugiBbsWQTqzz6RQLbYd7B/cmHLH6fKl4TH1Zk//ikiR8nBqYkuQHePgIp5484ELRIEl9bqHPIj8OXHrV2mNqDhuVIKErG09cL2NWtlgMV7vxY5BCKu+BKODgSAPnH1zhxSVlVhXW0U5WDRdS9DYjPQeXtxrV7g4ZI6aOhLhai90EbRTvRSdKz0Lnf74Dgd9KhWrlyrWl9EqKK0bp8+xuhpIyxbdbagcq+mkN+MU8tn7B60bLNV6h0tqzozMvGxwCKPA1mLMragLMshhc8Use8iAzW/L5cFOfIRuuxZwIhpHycdmyCR+fwNlRGOj6/To7jbuwgJf6nTE599S7U8sC6o4uYL3+wpqwoa4oWmndV1M4/G6IIzHetkE5VqpEvB3zr19v3Kc1JK5B05epW951ODcSZG7OcBGaxnA6hNG5j6fvN1bbU/fdy1eFjPI4p/uTRnZZpN0421NkgjxRrGMYFtD/DXLJoS39gc0MYeb7bPXe44AOgyn768Gpn5SArGNeVpaNEM3CNvuoo3mVvdE8tnuUZJ9LXW1wE0CF+YcN5CdWOEQhXN5W2i3ZZwZN4I0cZ+5vpyOewRFGk4lt6WglLOFJxWT8aduMCLzVkde2QE=&u=U2FsdGVkX18MhVUBmEicnAVbdc4AMYzNhQtLTi7L5fo=&y=U2FsdGVkX1+nk9+3okoSh4rdUIOApGOpKx5KL2xjHVY= HTTP/1.1" 200 2280
186.102.39.226 - - [04/Feb/2023:07:09:28 -0500] "GET /kwssiamovil/sm/acme/s?s=U2FsdGVkX1+OfRwH76upcoZl0H1fVVdqAIGeXjMrO22fsu5S/dw+mtTR4zzaQK8Na7MTO2GKb2DLL0HForshU5pSoEAURWEQE+YvreHJp5P7TcoJ/sL3nOKwlfL0PDXl5lBAaikyjCBu06lNtaZsps5pfwvHQ8xfLzsGVPML5RgDSpQrMwo6P99mw11yWbctot2T4cpAlrQsW9jm5i1OYUDug3U4uFdxQjAwikBavqy+UxWbydW0x07Y5FapsiPWUKdLiu1DFN5C6D3a74JoFa2lKkaM3dBg9Izq6+SWiGTdUUoQUpQGyqSMUwFO1tI5V8uvV8xERJQo9t1IhfjaSA==&u=U2FsdGVkX18MhVUBmEicnAVbdc4AMYzNhQtLTi7L5fo=&y=U2FsdGVkX1+nk9+3okoSh4rdUIOApGOpKx5KL2xjHVY= HTTP/1.1" 200 196
186.102.39.226 - - [04/Feb/2023:07:09:28 -0500] "GET /kwssiamovil/sm/cjson/pre?f=1&x=U2FsdGVkX1/mDqKr4K+PBIeRTnKH5x5Jz5UqFz+ASxxnfzQSsoVH4F5rtgmDXyYm HTTP/1.1" 200 31032
216.245.221.92 - - [04/Feb/2023:07:10:48 -0500] "HEAD / HTTP/1.1" 200 -
172.22.2.4 - - [04/Feb/2023:07:09:30 -0500] "HEAD /BLA/boletinlegal/ HTTP/1.1" 200 -
173.252.87.23 - - [04/Feb/2023:07:11:36 -0500] "GET /images/2%20de%20febrero%20liberaci\xc3\xb3n%20Tunjo.jpeg HTTP/1.1" 404 1034
201.245.192.253 - - [04/Feb/2023:07:11:39 -0500] "POST /kwsrmcab/Wsrmcab  HTTP/1.1" 200 213
172.22.2.4 - - [04/Feb/2023:07:10:21 -0500] "GET /BLA/boletinlegal/ HTTP/1.1" 200 58612
172.22.2.4 - - [04/Feb/2023:07:15:26 -0500] "GET /BLA/boletinlegal/api/tools/protocol/checkUpdate HTTP/1.1" 404 1020
191.111.3.160 - - [04/Feb/2023:07:15:46 -0500] "GET /galeria/galeria/jquery.fancybox.js?v=2.1.5 HTTP/1.1" 200 48706
191.111.3.160 - - [04/Feb/2023:07:15:46 -0500] "GET /galeria/carrusel/Carrusel/jquery.thumbnailScroller.css HTTP/1.1" 200 2066
191.111.3.160 - - [04/Feb/2023:07:15:46 -0500] "GET /galeria/carrusel/Carrusel/jquery-ui-1.8.13.custom.min.js HTTP/1.1" 200 10800
191.111.3.160 - - [04/Feb/2023:07:15:46 -0500] "GET /galeria/carrusel/Carrusel/jquery.thumbnailScroller.js HTTP/1.1" 200 8157
191.111.3.160 - - [04/Feb/2023:07:15:47 -0500] "GET /galeria/nivo-slider/demo/banner.html HTTP/1.1" 200 5446
191.111.3.160 - - [04/Feb/2023:07:15:47 -0500] "GET /galeria/nivo-slider/themes/default/default.css HTTP/1.1" 200 1569
191.111.3.160 - - [04/Feb/2023:07:15:47 -0500] "GET /galeria/nivo-slider/nivo-slider.css HTTP/1.1" 200 1507
191.111.3.160 - - [04/Feb/2023:07:15:47 -0500] "GET /galeria/nivo-slider/themes/pascal/pascal.css HTTP/1.1" 200 2258
191.111.3.160 - - [04/Feb/2023:07:15:47 -0500] "GET /galeria/nivo-slider/demo/style.css HTTP/1.1" 200 2222
191.111.3.160 - - [04/Feb/2023:07:15:47 -0500] "GET /galeria/nivo-slider/themes/orman/orman.css HTTP/1.1" 200 2152
191.111.3.160 - - [04/Feb/2023:07:15:47 -0500] "GET /galeria/nivo-slider/jquery.nivo.slider.pack.js HTTP/1.1" 200 11561
191.111.3.160 - - [04/Feb/2023:07:15:47 -0500] "GET /galeria/nivo-slider/demo/images/bannertortuga_optimized.jpg HTTP/1.1" 200 39066
191.111.3.160 - - [04/Feb/2023:07:15:47 -0500] "GET /galeria/nivo-slider/demo/images/bannertrafico_optimized.jpg HTTP/1.1" 200 42578
191.111.3.160 - - [04/Feb/2023:07:15:47 -0500] "GET /galeria/nivo-slider/demo/images/Bannermujeresquereverdecen.jpg HTTP/1.1" 200 46558
191.111.3.160 - - [04/Feb/2023:07:15:47 -0500] "GET /galeria/nivo-slider/demo/scripts/jquery-1.7.1.min.js HTTP/1.1" 200 93868
191.111.3.160 - - [04/Feb/2023:07:15:47 -0500] "GET /galeria/nivo-slider/demo/images/Bannersedeelectronica.jpg HTTP/1.1" 200 40383
191.111.3.160 - - [04/Feb/2023:07:15:47 -0500] "GET /galeria/nivo-slider/demo/images/bannerrutaesperanza.jpg HTTP/1.1" 200 55560
191.111.3.160 - - [04/Feb/2023:07:15:47 -0500] "GET /galeria/nivo-slider/demo/images/banneraire2021.jpg HTTP/1.1" 200 265101
191.111.3.160 - - [04/Feb/2023:07:15:47 -0500] "GET /galeria/nivo-slider/demo/images/banneraccionpopularcrr68.jpg HTTP/1.1" 200 51887
191.111.3.160 - - [04/Feb/2023:07:15:47 -0500] "GET /galeria/nivo-slider/demo/images/Bannerplasticosseptiembre.jpg HTTP/1.1" 200 45633
191.111.3.160 - - [04/Feb/2023:07:15:47 -0500] "GET /galeria/nivo-slider/demo/images/bannerresiduoshospitalariosagosto.jpg HTTP/1.1" 200 36499
191.111.3.160 - - [04/Feb/2023:07:15:47 -0500] "GET /galeria/nivo-slider/demo/images/4Simple_Slider.png HTTP/1.1" 200 11722
191.111.3.160 - - [04/Feb/2023:07:15:47 -0500] "GET /galeria/nivo-slider/themes/default/loading.gif HTTP/1.1" 200 1737
191.111.3.160 - - [04/Feb/2023:07:15:47 -0500] "GET /galeria/nivo-slider/demo/images/banneraccionpopular.jpeg HTTP/1.1" 200 41707
191.111.3.160 - - [04/Feb/2023:07:15:47 -0500] "GET /galeria/nivo-slider/demo/images/bannerclases2021.jpg HTTP/1.1" 200 68230
191.111.3.160 - - [04/Feb/2023:07:15:47 -0500] "GET /galeria/nivo-slider/demo/images/bannercapacitacionesbogota.jpg HTTP/1.1" 200 42416
191.111.3.160 - - [04/Feb/2023:07:15:47 -0500] "GET /galeria/nivo-slider/demo/images/Bannerenvases.jpg HTTP/1.1" 200 37316
191.111.3.160 - - [04/Feb/2023:07:15:47 -0500] "GET /galeria/nivo-slider/demo/images/Bannervirtualescanales.jpg HTTP/1.1" 200 174544
191.111.3.160 - - [04/Feb/2023:07:15:48 -0500] "GET /galeria/nivo-slider/themes/default/arrows.png HTTP/1.1" 200 824
191.111.3.160 - - [04/Feb/2023:07:15:48 -0500] "GET /galeria/nivo-slider/themes/default/bullets.png HTTP/1.1" 200 1281
216.245.221.92 - - [04/Feb/2023:07:15:48 -0500] "HEAD / HTTP/1.1" 200 -
186.82.104.227 - - [04/Feb/2023:07:15:57 -0500] "GET /distrito-declara-alerta-fase-i-en-suroccidente-de-bogota-por-altas-concentraciones-de-material-particulado.html HTTP/1.1" 200 883
173.252.79.3 - - [04/Feb/2023:07:16:03 -0500] "GET /images/2%20de%20febrero%20liberaci\xc3\xb3n%20Tunjo.jpeg HTTP/1.1" 404 1034
201.245.192.253 - - [04/Feb/2023:07:16:39 -0500] "POST /kwsrmcab/Wsrmcab  HTTP/1.1" 200 213
172.22.2.4 - - [04/Feb/2023:07:15:20 -0500] "HEAD /BLA/boletinlegal/ HTTP/1.1" 200 -
172.22.2.4 - - [04/Feb/2023:07:16:10 -0500] "GET /BLA/boletinlegal/ HTTP/1.1" 200 59404
201.245.192.253 - - [04/Feb/2023:07:17:55 -0500] "POST /kwsrmcab/Wsrmcab HTTP/1.1" 200 39235
201.245.192.253 - - [04/Feb/2023:07:17:57 -0500] "POST /kwsrmcab/Wsrmcab HTTP/1.1" 200 42715
190.27.6.96 - - [04/Feb/2023:07:19:05 -0500] "GET /si-tienes-ropa-y-calzado-que-ya-no-usas-aca-te-presentamos-seis-puntos-a-donde-los-puedes-llevar.html HTTP/1.1" 200 872
66.220.149.9 - - [04/Feb/2023:07:19:10 -0500] "GET /images/2%20de%20febrero%20liberaci\xc3\xb3n%20Tunjo.jpeg HTTP/1.1" 404 1034
47.246.164.147 - - [04/Feb/2023:07:20:09 -0500] "GET /galeria/galeria/fotos/mirador4P.jpg HTTP/1.1" 200 11757
101.68.211.2 - - [04/Feb/2023:07:20:28 -0500] "GET / HTTP/1.1" 200 4720
52.167.144.49 - - [04/Feb/2023:07:20:28 -0500] "GET /BLA/resoluciones/RESOLUCIONES%202022/2639.pdf HTTP/1.1" 200 400842
152.203.46.93 - - [04/Feb/2023:07:20:36 -0500] "GET /sipse/faces/index.xhtml HTTP/1.1" 200 677
152.203.46.93 - - [04/Feb/2023:07:20:36 -0500] "GET /sipse/faces/javax.faces.resource/theme.css?ln=primefaces-sipse HTTP/1.1" 304 -
152.203.46.93 - - [04/Feb/2023:07:20:37 -0500] "GET /sipse/faces/faces/autenticacion.xhtml HTTP/1.1" 200 12172
152.203.46.93 - - [04/Feb/2023:07:20:37 -0500] "GET /sipse/css/custom_css_sg.css HTTP/1.1" 304 -
152.203.46.93 - - [04/Feb/2023:07:20:37 -0500] "GET /sipse/css/custom_css_sg_prime_login.css HTTP/1.1" 304 -
152.203.46.93 - - [04/Feb/2023:07:20:37 -0500] "GET /sipse/js/disable_browser_buttons.js HTTP/1.1" 304 -
152.203.46.93 - - [04/Feb/2023:07:20:37 -0500] "GET /sipse/faces/javax.faces.resource/theme.css?ln=primefaces-sipse HTTP/1.1" 304 -
152.203.46.93 - - [04/Feb/2023:07:20:37 -0500] "GET /sipse/js/funciones.js HTTP/1.1" 304 -
152.203.46.93 - - [04/Feb/2023:07:20:37 -0500] "GET /sipse/faces/javax.faces.resource/layout/layout.css?ln=primefaces&v=4.0 HTTP/1.1" 304 -
152.203.46.93 - - [04/Feb/2023:07:20:37 -0500] "GET /sipse/faces/javax.faces.resource/primefaces.css?ln=primefaces&v=4.0 HTTP/1.1" 304 -
152.203.46.93 - - [04/Feb/2023:07:20:37 -0500] "GET /sipse/faces/javax.faces.resource/jquery/jquery.js?ln=primefaces&v=4.0 HTTP/1.1" 304 -
152.203.46.93 - - [04/Feb/2023:07:20:37 -0500] "GET /sipse/faces/javax.faces.resource/primefaces.js?ln=primefaces&v=4.0 HTTP/1.1" 304 -
152.203.46.93 - - [04/Feb/2023:07:20:37 -0500] "GET /sipse/faces/javax.faces.resource/jquery/jquery-plugins.js?ln=primefaces&v=4.0 HTTP/1.1" 304 -
152.203.46.93 - - [04/Feb/2023:07:20:37 -0500] "GET /sipse/faces/javax.faces.resource/layout/layout.js?ln=primefaces&v=4.0 HTTP/1.1" 304 -
152.203.46.93 - - [04/Feb/2023:07:20:37 -0500] "GET /sipse/css/imagen/logoSDG.png HTTP/1.1" 304 -
152.203.46.93 - - [04/Feb/2023:07:20:37 -0500] "GET /sipse/faces/javax.faces.resource/images/ui-icons_898989_256x240.png?ln=primefaces-aristo HTTP/1.1" 304 -
152.203.46.93 - - [04/Feb/2023:07:20:37 -0500] "GET /sipse/css/imagen/loginimg.png HTTP/1.1" 304 -
152.203.46.93 - - [04/Feb/2023:07:20:41 -0500] "POST /sipse/faces/autenticacion.xhtml HTTP/1.1" 200 2217
152.203.46.93 - - [04/Feb/2023:07:20:41 -0500] "GET /sipse/faces/javax.faces.resource/messages/messages.png?ln=primefaces&v=4.0 HTTP/1.1" 304 -
152.203.46.93 - - [04/Feb/2023:07:20:45 -0500] "POST /sipse/faces/autenticacion.xhtml HTTP/1.1" 200 16238
152.203.46.93 - - [04/Feb/2023:07:20:45 -0500] "GET /sipse/css/custom_css_sg_prime.css HTTP/1.1" 304 -
152.203.46.93 - - [04/Feb/2023:07:20:45 -0500] "GET /sipse/faces/javax.faces.resource/theme.css?ln=primefaces-sipse HTTP/1.1" 304 -
152.203.46.93 - - [04/Feb/2023:07:20:45 -0500] "GET /sipse/faces/javax.faces.resource/primefaces.css?ln=primefaces&v=4.0 HTTP/1.1" 304 -
152.203.46.93 - - [04/Feb/2023:07:20:45 -0500] "GET /sipse/faces/javax.faces.resource/layout/layout.css?ln=primefaces&v=4.0 HTTP/1.1" 304 -
152.203.46.93 - - [04/Feb/2023:07:20:45 -0500] "GET /sipse/js/jquery.min.js HTTP/1.1" 304 -
152.203.46.93 - - [04/Feb/2023:07:20:45 -0500] "GET /sipse/faces/javax.faces.resource/jquery/jquery.js?ln=primefaces&v=4.0 HTTP/1.1" 304 -
152.203.46.93 - - [04/Feb/2023:07:20:45 -0500] "GET /sipse/faces/javax.faces.resource/jquery/jquery-plugins.js?ln=primefaces&v=4.0 HTTP/1.1" 304 -
152.203.46.93 - - [04/Feb/2023:07:20:45 -0500] "GET /sipse/faces/javax.faces.resource/primefaces.js?ln=primefaces&v=4.0 HTTP/1.1" 304 -
152.203.46.93 - - [04/Feb/2023:07:20:45 -0500] "GET /sipse/faces/javax.faces.resource/layout/layout.js?ln=primefaces&v=4.0 HTTP/1.1" 304 -
152.203.46.93 - - [04/Feb/2023:07:20:45 -0500] "GET /sipse/imagenes/logoAplicacion.jpg HTTP/1.1" 304 -
152.203.46.93 - - [04/Feb/2023:07:20:45 -0500] "GET /sipse/imagenes/cargando.gif HTTP/1.1" 304 -
152.203.46.93 - - [04/Feb/2023:07:20:45 -0500] "GET /sipse/css/imagen/contrasena.png HTTP/1.1" 404 383
216.245.221.92 - - [04/Feb/2023:07:20:48 -0500] "HEAD / HTTP/1.1" 200 -
152.203.46.93 - - [04/Feb/2023:07:20:50 -0500] "GET /sipse/faces/javax.faces.resource/images/ui-bg_flat_0_2d5972_40x100.png?ln=primefaces-aristo HTTP/1.1" 304 -
152.203.46.93 - - [04/Feb/2023:07:20:50 -0500] "POST /sipse/faces/bienvenido.xhtml HTTP/1.1" 200 9754
152.203.46.93 - - [04/Feb/2023:07:20:52 -0500] "POST /sipse/faces/bienvenido.xhtml HTTP/1.1" 200 2658
