190.66.247.53 - - [05/Feb/2023:13:00:32 -0500] "GET /sipse/faces/javax.faces.resource/layout/layout.css?ln=primefaces&v=4.0 HTTP/1.1" 304 -
190.66.247.53 - - [05/Feb/2023:13:00:32 -0500] "GET /sipse/faces/javax.faces.resource/jquery/jquery-plugins.js?ln=primefaces&v=4.0 HTTP/1.1" 304 -
190.66.247.53 - - [05/Feb/2023:13:00:32 -0500] "GET /sipse/faces/javax.faces.resource/jquery/jquery.js?ln=primefaces&v=4.0 HTTP/1.1" 304 -
190.66.247.53 - - [05/Feb/2023:13:00:33 -0500] "GET /sipse/css/imagen/contrasena.png HTTP/1.1" 404 383
190.66.247.53 - - [05/Feb/2023:13:00:32 -0500] "POST /sipse/faces/presentacion/financiero/solicitudProceso/consultarHistorialSolProceso.xhtml HTTP/1.1" 200 194584
172.22.2.4 - - [05/Feb/2023:12:58:53 -0500] "GET /BLA/boletinlegal/ HTTP/1.1" 200 57192
190.66.247.53 - - [05/Feb/2023:13:00:46 -0500] "GET /sipse/faces/javax.faces.resource/images/ui-bg_flat_0_2d5972_40x100.png?ln=primefaces-aristo HTTP/1.1" 304 -
190.66.247.53 - - [05/Feb/2023:13:00:46 -0500] "POST /sipse/faces/presentacion/financiero/solicitudProceso/consultarSolicitudProceso.xhtml HTTP/1.1" 200 5526
157.55.39.117 - - [05/Feb/2023:13:00:47 -0500] "GET /BLA/resoluciones/AUTOS%202021/3955.pdf HTTP/1.1" 200 360533
157.55.39.117 - - [05/Feb/2023:13:00:49 -0500] "GET /BLA/resoluciones/AUTOS%202021/3999.pdf HTTP/1.1" 200 325327
157.55.39.142 - - [05/Feb/2023:13:00:50 -0500] "GET /BLA/resoluciones/AUTOS%202021/4020.pdf HTTP/1.1" 200 391253
52.167.144.97 - - [05/Feb/2023:13:00:50 -0500] "GET /BLA/resoluciones/AUTOS%202021/3949.pdf HTTP/1.1" 200 388913
157.55.39.6 - - [05/Feb/2023:13:00:52 -0500] "GET /BLA/resoluciones/AUTOS%202021/3953.pdf HTTP/1.1" 200 401651
40.77.167.251 - - [05/Feb/2023:13:00:58 -0500] "GET /BLA/resoluciones/AUTOS%202021/4018.pdf HTTP/1.1" 200 406917
190.66.247.53 - - [05/Feb/2023:13:00:58 -0500] "GET /sipse/faces/javax.faces.resource/theme.css?ln=primefaces-sipse HTTP/1.1" 304 -
190.66.247.53 - - [05/Feb/2023:13:00:58 -0500] "GET /sipse/faces/javax.faces.resource/primefaces.css?ln=primefaces&v=4.0 HTTP/1.1" 304 -
190.66.247.53 - - [05/Feb/2023:13:00:58 -0500] "GET /sipse/faces/javax.faces.resource/layout/layout.css?ln=primefaces&v=4.0 HTTP/1.1" 304 -
190.66.247.53 - - [05/Feb/2023:13:00:58 -0500] "GET /sipse/faces/javax.faces.resource/jquery/jquery.js?ln=primefaces&v=4.0 HTTP/1.1" 304 -
190.66.247.53 - - [05/Feb/2023:13:00:58 -0500] "GET /sipse/faces/javax.faces.resource/jquery/jquery-plugins.js?ln=primefaces&v=4.0 HTTP/1.1" 304 -
190.66.247.53 - - [05/Feb/2023:13:00:58 -0500] "POST /sipse/faces/presentacion/financiero/solicitudProceso/consultarSolicitudProceso.xhtml HTTP/1.1" 200 195416
190.66.247.53 - - [05/Feb/2023:13:00:58 -0500] "GET /sipse/faces/javax.faces.resource/primefaces.js?ln=primefaces&v=4.0 HTTP/1.1" 304 -
190.66.247.53 - - [05/Feb/2023:13:00:58 -0500] "GET /sipse/faces/javax.faces.resource/layout/layout.js?ln=primefaces&v=4.0 HTTP/1.1" 304 -
190.66.247.53 - - [05/Feb/2023:13:00:59 -0500] "GET /sipse/css/imagen/contrasena.png HTTP/1.1" 404 383
52.167.144.97 - - [05/Feb/2023:13:01:04 -0500] "GET /BLA/resoluciones/AUTOS%202021/3967.pdf HTTP/1.1" 200 347280
40.77.167.251 - - [05/Feb/2023:13:01:05 -0500] "GET /BLA/resoluciones/AUTOS%202021/3963.pdf HTTP/1.1" 200 365439
190.66.247.53 - - [05/Feb/2023:13:01:04 -0500] "POST /sipse/faces/presentacion/financiero/solicitudProceso/consultarSolicitudProceso.xhtml HTTP/1.1" 200 62249
190.66.247.53 - - [05/Feb/2023:13:01:07 -0500] "GET /sipse/faces/javax.faces.resource/theme.css?ln=primefaces-sipse HTTP/1.1" 304 -
190.66.247.53 - - [05/Feb/2023:13:01:07 -0500] "GET /sipse/faces/javax.faces.resource/layout/layout.css?ln=primefaces&v=4.0 HTTP/1.1" 304 -
190.66.247.53 - - [05/Feb/2023:13:01:07 -0500] "GET /sipse/faces/javax.faces.resource/primefaces.css?ln=primefaces&v=4.0 HTTP/1.1" 304 -
190.66.247.53 - - [05/Feb/2023:13:01:07 -0500] "GET /sipse/faces/javax.faces.resource/jquery/jquery.js?ln=primefaces&v=4.0 HTTP/1.1" 304 -
190.66.247.53 - - [05/Feb/2023:13:01:07 -0500] "GET /sipse/faces/javax.faces.resource/jquery/jquery-plugins.js?ln=primefaces&v=4.0 HTTP/1.1" 304 -
190.66.247.53 - - [05/Feb/2023:13:01:07 -0500] "GET /sipse/faces/javax.faces.resource/primefaces.js?ln=primefaces&v=4.0 HTTP/1.1" 304 -
190.66.247.53 - - [05/Feb/2023:13:01:07 -0500] "GET /sipse/faces/javax.faces.resource/layout/layout.js?ln=primefaces&v=4.0 HTTP/1.1" 304 -
190.66.247.53 - - [05/Feb/2023:13:01:08 -0500] "GET /sipse/faces/javax.faces.resource/messages/messages.png?ln=primefaces&v=4.0 HTTP/1.1" 304 -
190.66.247.53 - - [05/Feb/2023:13:01:08 -0500] "POST /sipse/faces/presentacion/financiero/solicitudProceso/listarSolicitudProceso.xhtml HTTP/1.1" 200 1552
157.55.39.117 - - [05/Feb/2023:13:01:09 -0500] "GET /BLA/resoluciones/AUTOS%202021/3956.pdf HTTP/1.1" 200 352953
157.55.39.142 - - [05/Feb/2023:13:01:09 -0500] "GET /BLA/resoluciones/AUTOS%202021/3968.pdf HTTP/1.1" 200 346704
52.167.144.97 - - [05/Feb/2023:13:01:11 -0500] "GET /BLA/resoluciones/AUTOS%202021/3970.pdf HTTP/1.1" 200 1813626
190.66.247.53 - - [05/Feb/2023:13:01:12 -0500] "POST /sipse/faces/presentacion/financiero/solicitudProceso/listarSolicitudProceso.xhtml HTTP/1.1" 200 19609
40.77.167.251 - - [05/Feb/2023:13:01:13 -0500] "GET /BLA/resoluciones/AUTOS%202021/3950.pdf HTTP/1.1" 200 412072
52.167.144.49 - - [05/Feb/2023:13:01:14 -0500] "GET /BLA/resoluciones/AUTOS%202021/3964.pdf HTTP/1.1" 200 351421
52.167.144.97 - - [05/Feb/2023:13:01:14 -0500] "GET /BLA/resoluciones/AUTOS%202021/3962.pdf HTTP/1.1" 200 378711
201.245.192.253 - - [05/Feb/2023:13:01:13 -0500] "POST /kwsrmcab/Wsrmcab  HTTP/1.1" 200 213
157.55.39.117 - - [05/Feb/2023:13:01:16 -0500] "GET /BLA/resoluciones/AUTOS%202021/4011.pdf HTTP/1.1" 200 355144
190.66.247.53 - - [05/Feb/2023:13:01:19 -0500] "POST /sipse/faces/presentacion/financiero/solicitudProceso/listarSolicitudProceso.xhtml HTTP/1.1" 200 153589
190.66.247.53 - - [05/Feb/2023:13:01:20 -0500] "GET /sipse/faces/javax.faces.resource/theme.css?ln=primefaces-sipse HTTP/1.1" 304 -
190.66.247.53 - - [05/Feb/2023:13:01:20 -0500] "GET /sipse/faces/javax.faces.resource/primefaces.css?ln=primefaces&v=4.0 HTTP/1.1" 304 -
190.66.247.53 - - [05/Feb/2023:13:01:20 -0500] "GET /sipse/faces/javax.faces.resource/layout/layout.css?ln=primefaces&v=4.0 HTTP/1.1" 304 -
190.66.247.53 - - [05/Feb/2023:13:01:20 -0500] "GET /sipse/faces/javax.faces.resource/jquery/jquery.js?ln=primefaces&v=4.0 HTTP/1.1" 304 -
190.66.247.53 - - [05/Feb/2023:13:01:21 -0500] "GET /sipse/faces/javax.faces.resource/jquery/jquery-plugins.js?ln=primefaces&v=4.0 HTTP/1.1" 304 -
190.66.247.53 - - [05/Feb/2023:13:01:21 -0500] "GET /sipse/faces/javax.faces.resource/primefaces.js?ln=primefaces&v=4.0 HTTP/1.1" 304 -
190.66.247.53 - - [05/Feb/2023:13:01:21 -0500] "GET /sipse/faces/javax.faces.resource/layout/layout.js?ln=primefaces&v=4.0 HTTP/1.1" 304 -
52.167.144.49 - - [05/Feb/2023:13:01:21 -0500] "GET /BLA/resoluciones/AUTOS%202021/4001.pdf HTTP/1.1" 200 313688
40.77.167.251 - - [05/Feb/2023:13:01:23 -0500] "GET /BLA/resoluciones/AUTOS%202021/4022.pdf HTTP/1.1" 200 353667
157.55.39.117 - - [05/Feb/2023:13:01:28 -0500] "GET /BLA/resoluciones/AUTOS%202021/3974.pdf HTTP/1.1" 200 376706
52.167.144.49 - - [05/Feb/2023:13:01:28 -0500] "GET /BLA/resoluciones/AUTOS%202021/3952.pdf HTTP/1.1" 200 397587
52.167.144.97 - - [05/Feb/2023:13:01:30 -0500] "GET /BLA/resoluciones/AUTOS%202021/4026.pdf HTTP/1.1" 200 348990
40.77.167.251 - - [05/Feb/2023:13:01:31 -0500] "GET /BLA/resoluciones/AUTOS%202021/3966.pdf HTTP/1.1" 200 350078
157.55.39.6 - - [05/Feb/2023:13:01:33 -0500] "GET /BLA/resoluciones/AUTOS%202021/3926.pdf HTTP/1.1" 200 385713
157.55.39.117 - - [05/Feb/2023:13:01:35 -0500] "GET /BLA/resoluciones/AUTOS%202021/3923.pdf HTTP/1.1" 200 388390
40.77.167.251 - - [05/Feb/2023:13:01:38 -0500] "GET /BLA/resoluciones/AUTOS%202021/3965.pdf HTTP/1.1" 200 410819
190.66.247.53 - - [05/Feb/2023:13:01:37 -0500] "POST /sipse/faces/presentacion/financiero/solicitudProceso/consultarSolicitudProceso.xhtml HTTP/1.1" 200 37887
190.66.247.53 - - [05/Feb/2023:13:01:38 -0500] "GET /sipse/faces/javax.faces.resource/primefaces.css?ln=primefaces&v=4.0 HTTP/1.1" 304 -
190.66.247.53 - - [05/Feb/2023:13:01:38 -0500] "GET /sipse/faces/javax.faces.resource/theme.css?ln=primefaces-sipse HTTP/1.1" 304 -
190.66.247.53 - - [05/Feb/2023:13:01:38 -0500] "GET /sipse/faces/javax.faces.resource/layout/layout.css?ln=primefaces&v=4.0 HTTP/1.1" 304 -
190.66.247.53 - - [05/Feb/2023:13:01:38 -0500] "GET /sipse/faces/javax.faces.resource/jquery/jquery.js?ln=primefaces&v=4.0 HTTP/1.1" 304 -
190.66.247.53 - - [05/Feb/2023:13:01:38 -0500] "GET /sipse/faces/javax.faces.resource/primefaces.js?ln=primefaces&v=4.0 HTTP/1.1" 304 -
190.66.247.53 - - [05/Feb/2023:13:01:38 -0500] "GET /sipse/faces/javax.faces.resource/jquery/jquery-plugins.js?ln=primefaces&v=4.0 HTTP/1.1" 304 -
190.66.247.53 - - [05/Feb/2023:13:01:38 -0500] "GET /sipse/faces/javax.faces.resource/layout/layout.js?ln=primefaces&v=4.0 HTTP/1.1" 304 -
190.66.247.53 - - [05/Feb/2023:13:01:38 -0500] "GET /sipse/css/imagen/contrasena.png HTTP/1.1" 404 383
157.55.39.6 - - [05/Feb/2023:13:01:40 -0500] "GET /BLA/resoluciones/AUTOS%202021/4030.pdf HTTP/1.1" 200 390304
157.55.39.142 - - [05/Feb/2023:13:01:44 -0500] "GET /BLA/resoluciones/AUTOS%202021/3930.pdf HTTP/1.1" 200 379398
40.77.167.251 - - [05/Feb/2023:13:01:45 -0500] "GET /BLA/resoluciones/AUTOS%202021/4017.pdf HTTP/1.1" 200 396549
31.148.130.237 - - [05/Feb/2023:13:01:47 -0500] "GET /BLA/resoluciones/AUTOS%202021/5655.pdf HTTP/1.1" 200 398833
157.55.39.117 - - [05/Feb/2023:13:01:49 -0500] "GET /BLA/resoluciones/AUTOS%202021/3925.pdf HTTP/1.1" 200 394245
157.55.39.142 - - [05/Feb/2023:13:01:51 -0500] "GET /BLA/resoluciones/AUTOS%202021/3927.pdf HTTP/1.1" 200 398774
190.66.247.53 - - [05/Feb/2023:13:01:53 -0500] "GET /sipse/faces/javax.faces.resource/theme.css?ln=primefaces-sipse HTTP/1.1" 304 -
190.66.247.53 - - [05/Feb/2023:13:01:53 -0500] "GET /sipse/faces/javax.faces.resource/primefaces.css?ln=primefaces&v=4.0 HTTP/1.1" 304 -
190.66.247.53 - - [05/Feb/2023:13:01:53 -0500] "GET /sipse/faces/javax.faces.resource/jquery/jquery-plugins.js?ln=primefaces&v=4.0 HTTP/1.1" 304 -
190.66.247.53 - - [05/Feb/2023:13:01:53 -0500] "GET /sipse/faces/javax.faces.resource/layout/layout.css?ln=primefaces&v=4.0 HTTP/1.1" 304 -
190.66.247.53 - - [05/Feb/2023:13:01:53 -0500] "GET /sipse/faces/javax.faces.resource/jquery/jquery.js?ln=primefaces&v=4.0 HTTP/1.1" 304 -
190.66.247.53 - - [05/Feb/2023:13:01:53 -0500] "GET /sipse/faces/javax.faces.resource/primefaces.js?ln=primefaces&v=4.0 HTTP/1.1" 304 -
190.66.247.53 - - [05/Feb/2023:13:01:53 -0500] "GET /sipse/faces/javax.faces.resource/layout/layout.js?ln=primefaces&v=4.0 HTTP/1.1" 304 -
190.66.247.53 - - [05/Feb/2023:13:01:52 -0500] "POST /sipse/faces/presentacion/financiero/solicitudProceso/consultarHistorialSolProceso.xhtml HTTP/1.1" 200 199383
190.66.247.53 - - [05/Feb/2023:13:01:53 -0500] "GET /sipse/css/imagen/contrasena.png HTTP/1.1" 404 383
52.167.144.97 - - [05/Feb/2023:13:01:55 -0500] "GET /BLA/resoluciones/AUTOS%202021/3892.pdf HTTP/1.1" 200 2161714
157.55.39.117 - - [05/Feb/2023:13:01:57 -0500] "GET /BLA/resoluciones/AUTOS%202021/3934.pdf HTTP/1.1" 200 355725
190.66.247.53 - - [05/Feb/2023:13:01:59 -0500] "POST /sipse/faces/presentacion/financiero/solicitudProceso/consultarSolicitudProceso.xhtml HTTP/1.1" 200 80307
157.55.39.6 - - [05/Feb/2023:13:02:00 -0500] "GET /BLA/resoluciones/AUTOS%202021/3907.pdf HTTP/1.1" 200 341988
173.252.87.11 - - [05/Feb/2023:13:02:01 -0500] "GET /images/1%20de%20febrero%20D\xc3\xada%20sin%20carro.jpeg HTTP/1.1" 404 1034
40.77.167.251 - - [05/Feb/2023:13:02:04 -0500] "GET /BLA/resoluciones/AUTOS%202021/3959.pdf HTTP/1.1" 200 393416
40.77.167.251 - - [05/Feb/2023:13:02:12 -0500] "GET /BLA/resoluciones/AUTOS%202021/3938.pdf HTTP/1.1" 200 456737
157.55.39.142 - - [05/Feb/2023:13:02:12 -0500] "GET /BLA/resoluciones/AUTOS%202021/3936.pdf HTTP/1.1" 200 503237
52.167.144.49 - - [05/Feb/2023:13:02:17 -0500] "GET /BLA/resoluciones/AUTOS%202021/3976.pdf HTTP/1.1" 200 695926
190.66.247.53 - - [05/Feb/2023:13:02:18 -0500] "POST /sipse/faces/presentacion/financiero/solicitudProceso/consultarSolicitudProceso.xhtml HTTP/1.1" 200 117085
157.55.39.142 - - [05/Feb/2023:13:02:19 -0500] "GET /BLA/resoluciones/AUTOS%202021/4029.pdf HTTP/1.1" 200 351122
52.167.144.49 - - [05/Feb/2023:13:02:24 -0500] "GET /BLA/resoluciones/AUTOS%202021/4019.pdf HTTP/1.1" 200 766061
40.77.167.251 - - [05/Feb/2023:13:02:26 -0500] "GET /BLA/resoluciones/AUTOS%202021/3929.pdf HTTP/1.1" 200 394603
31.148.131.13 - - [05/Feb/2023:13:02:26 -0500] "GET /BLA/resoluciones/AUTOS%202021/6161.pdf HTTP/1.1" 200 380019
157.55.39.142 - - [05/Feb/2023:13:02:31 -0500] "GET /BLA/resoluciones/AUTOS%202021/3917.pdf HTTP/1.1" 200 3840003
52.167.144.49 - - [05/Feb/2023:13:02:32 -0500] "GET /BLA/resoluciones/AUTOS%202021/3958.pdf HTTP/1.1" 200 413726
40.77.167.251 - - [05/Feb/2023:13:02:33 -0500] "GET /BLA/resoluciones/AUTOS%202021/3948.pdf HTTP/1.1" 200 404344
157.55.39.142 - - [05/Feb/2023:13:02:34 -0500] "GET /BLA/resoluciones/AUTOS%202021/4025.pdf HTTP/1.1" 200 348862
52.167.144.49 - - [05/Feb/2023:13:02:43 -0500] "GET /BLA/resoluciones/AUTOS%202021/3975.pdf HTTP/1.1" 200 810122
40.77.167.251 - - [05/Feb/2023:13:02:48 -0500] "GET /BLA/resoluciones/AUTOS%202021/4024.pdf HTTP/1.1" 200 345340
52.167.144.49 - - [05/Feb/2023:13:02:50 -0500] "GET /BLA/resoluciones/AUTOS%202021/3954.pdf HTTP/1.1" 200 392813
40.77.167.251 - - [05/Feb/2023:13:02:55 -0500] "GET /BLA/resoluciones/AUTOS%202021/3931.pdf HTTP/1.1" 200 385781
190.66.247.53 - - [05/Feb/2023:13:03:02 -0500] "GET /sipse/faces/javax.faces.resource/theme.css?ln=primefaces-sipse HTTP/1.1" 304 -
190.66.247.53 - - [05/Feb/2023:13:03:02 -0500] "GET /sipse/faces/javax.faces.resource/layout/layout.css?ln=primefaces&v=4.0 HTTP/1.1" 304 -
190.66.247.53 - - [05/Feb/2023:13:03:02 -0500] "GET /sipse/faces/javax.faces.resource/primefaces.css?ln=primefaces&v=4.0 HTTP/1.1" 304 -
190.66.247.53 - - [05/Feb/2023:13:03:02 -0500] "GET /sipse/faces/javax.faces.resource/jquery/jquery.js?ln=primefaces&v=4.0 HTTP/1.1" 304 -
190.66.247.53 - - [05/Feb/2023:13:03:02 -0500] "GET /sipse/faces/javax.faces.resource/jquery/jquery-plugins.js?ln=primefaces&v=4.0 HTTP/1.1" 304 -
190.66.247.53 - - [05/Feb/2023:13:03:02 -0500] "GET /sipse/faces/javax.faces.resource/primefaces.js?ln=primefaces&v=4.0 HTTP/1.1" 304 -
190.66.247.53 - - [05/Feb/2023:13:03:02 -0500] "GET /sipse/faces/javax.faces.resource/layout/layout.js?ln=primefaces&v=4.0 HTTP/1.1" 304 -
190.66.247.53 - - [05/Feb/2023:13:03:01 -0500] "POST /sipse/faces/presentacion/financiero/solicitudProceso/consultarSolicitudProceso.xhtml HTTP/1.1" 200 200215
190.66.247.53 - - [05/Feb/2023:13:03:02 -0500] "GET /sipse/css/imagen/contrasena.png HTTP/1.1" 404 383
52.167.144.49 - - [05/Feb/2023:13:03:03 -0500] "GET /BLA/resoluciones/AUTOS%202021/3897.pdf HTTP/1.1" 200 902746
52.167.144.49 - - [05/Feb/2023:13:03:10 -0500] "GET /BLA/resoluciones/AUTOS%202021/3924.pdf HTTP/1.1" 200 405901
190.66.247.53 - - [05/Feb/2023:13:03:10 -0500] "POST /sipse/faces/presentacion/financiero/solicitudProceso/consultarSolicitudProceso.xhtml HTTP/1.1" 200 62249
190.66.247.53 - - [05/Feb/2023:13:03:12 -0500] "GET /sipse/faces/javax.faces.resource/layout/layout.css?ln=primefaces&v=4.0 HTTP/1.1" 304 -
190.66.247.53 - - [05/Feb/2023:13:03:12 -0500] "GET /sipse/faces/javax.faces.resource/theme.css?ln=primefaces-sipse HTTP/1.1" 304 -
190.66.247.53 - - [05/Feb/2023:13:03:12 -0500] "GET /sipse/faces/javax.faces.resource/primefaces.css?ln=primefaces&v=4.0 HTTP/1.1" 304 -
190.66.247.53 - - [05/Feb/2023:13:03:12 -0500] "GET /sipse/faces/javax.faces.resource/jquery/jquery.js?ln=primefaces&v=4.0 HTTP/1.1" 304 -
190.66.247.53 - - [05/Feb/2023:13:03:12 -0500] "GET /sipse/faces/javax.faces.resource/jquery/jquery-plugins.js?ln=primefaces&v=4.0 HTTP/1.1" 304 -
190.66.247.53 - - [05/Feb/2023:13:03:13 -0500] "GET /sipse/faces/javax.faces.resource/primefaces.js?ln=primefaces&v=4.0 HTTP/1.1" 304 -
40.77.167.251 - - [05/Feb/2023:13:03:13 -0500] "GET /BLA/resoluciones/AUTOS%202021/3920.pdf HTTP/1.1" 200 298522
190.66.247.53 - - [05/Feb/2023:13:03:13 -0500] "GET /sipse/faces/javax.faces.resource/layout/layout.js?ln=primefaces&v=4.0 HTTP/1.1" 304 -
190.66.247.53 - - [05/Feb/2023:13:03:14 -0500] "POST /sipse/faces/presentacion/financiero/solicitudProceso/listarSolicitudProceso.xhtml HTTP/1.1" 200 1552
190.66.247.53 - - [05/Feb/2023:13:03:16 -0500] "POST /sipse/faces/presentacion/financiero/solicitudProceso/listarSolicitudProceso.xhtml HTTP/1.1" 200 19609
190.66.247.53 - - [05/Feb/2023:13:03:19 -0500] "POST /sipse/faces/presentacion/financiero/solicitudProceso/listarSolicitudProceso.xhtml HTTP/1.1" 200 32483
40.77.167.251 - - [05/Feb/2023:13:03:20 -0500] "GET /bla/resoluciones/autos%202021/5384.pdf HTTP/1.1" 200 796355
190.66.247.53 - - [05/Feb/2023:13:03:22 -0500] "POST /sipse/faces/presentacion/financiero/solicitudProceso/listarSolicitudProceso.xhtml HTTP/1.1" 200 14412
52.167.144.49 - - [05/Feb/2023:13:03:24 -0500] "GET /BLA/resoluciones/AUTOS%202021/3922.pdf HTTP/1.1" 200 389195
190.66.247.53 - - [05/Feb/2023:13:03:24 -0500] "POST /sipse/faces/presentacion/financiero/solicitudProceso/listarSolicitudProceso.xhtml HTTP/1.1" 200 156156
190.66.247.53 - - [05/Feb/2023:13:03:25 -0500] "GET /sipse/faces/javax.faces.resource/layout/layout.css?ln=primefaces&v=4.0 HTTP/1.1" 304 -
190.66.247.53 - - [05/Feb/2023:13:03:25 -0500] "GET /sipse/faces/javax.faces.resource/theme.css?ln=primefaces-sipse HTTP/1.1" 304 -
190.66.247.53 - - [05/Feb/2023:13:03:25 -0500] "GET /sipse/faces/javax.faces.resource/primefaces.css?ln=primefaces&v=4.0 HTTP/1.1" 304 -
190.66.247.53 - - [05/Feb/2023:13:03:25 -0500] "GET /sipse/faces/javax.faces.resource/jquery/jquery.js?ln=primefaces&v=4.0 HTTP/1.1" 304 -
190.66.247.53 - - [05/Feb/2023:13:03:25 -0500] "GET /sipse/faces/javax.faces.resource/jquery/jquery-plugins.js?ln=primefaces&v=4.0 HTTP/1.1" 304 -
190.66.247.53 - - [05/Feb/2023:13:03:26 -0500] "GET /sipse/faces/javax.faces.resource/primefaces.js?ln=primefaces&v=4.0 HTTP/1.1" 304 -
190.66.247.53 - - [05/Feb/2023:13:03:26 -0500] "GET /sipse/faces/javax.faces.resource/layout/layout.js?ln=primefaces&v=4.0 HTTP/1.1" 304 -
52.167.144.49 - - [05/Feb/2023:13:03:31 -0500] "GET /BLA/resoluciones/AUTOS%202021/3928.pdf HTTP/1.1" 200 383134
186.29.181.171 - - [05/Feb/2023:13:03:36 -0500] "GET /BLA/resoluciones/AUTOS%202021/3891.pdf HTTP/1.1" 200 418984
186.29.181.171 - - [05/Feb/2023:13:03:39 -0500] "GET /BLA/resoluciones/AUTOS%202021/3890.pdf HTTP/1.1" 200 1050390
190.66.247.53 - - [05/Feb/2023:13:03:40 -0500] "POST /sipse/faces/presentacion/financiero/solicitudProceso/consultarSolicitudProceso.xhtml HTTP/1.1" 200 42948
190.66.247.53 - - [05/Feb/2023:13:03:41 -0500] "GET /sipse/faces/javax.faces.resource/theme.css?ln=primefaces-sipse HTTP/1.1" 304 -
190.66.247.53 - - [05/Feb/2023:13:03:41 -0500] "GET /sipse/faces/javax.faces.resource/primefaces.css?ln=primefaces&v=4.0 HTTP/1.1" 304 -
190.66.247.53 - - [05/Feb/2023:13:03:41 -0500] "GET /sipse/faces/javax.faces.resource/layout/layout.css?ln=primefaces&v=4.0 HTTP/1.1" 304 -
190.66.247.53 - - [05/Feb/2023:13:03:41 -0500] "GET /sipse/faces/javax.faces.resource/jquery/jquery.js?ln=primefaces&v=4.0 HTTP/1.1" 304 -
190.66.247.53 - - [05/Feb/2023:13:03:41 -0500] "GET /sipse/faces/javax.faces.resource/jquery/jquery-plugins.js?ln=primefaces&v=4.0 HTTP/1.1" 304 -
190.66.247.53 - - [05/Feb/2023:13:03:41 -0500] "GET /sipse/faces/javax.faces.resource/layout/layout.js?ln=primefaces&v=4.0 HTTP/1.1" 304 -
190.66.247.53 - - [05/Feb/2023:13:03:41 -0500] "GET /sipse/faces/javax.faces.resource/primefaces.js?ln=primefaces&v=4.0 HTTP/1.1" 304 -
190.66.247.53 - - [05/Feb/2023:13:03:41 -0500] "GET /sipse/css/imagen/contrasena.png HTTP/1.1" 404 383
186.29.181.171 - - [05/Feb/2023:13:03:42 -0500] "GET /BLA/resoluciones/AUTOS%202021/3868.pdf HTTP/1.1" 200 403302
186.29.181.171 - - [05/Feb/2023:13:03:45 -0500] "GET /BLA/resoluciones/AUTOS%202021/3867.pdf HTTP/1.1" 200 361811
186.29.181.171 - - [05/Feb/2023:13:03:47 -0500] "GET /BLA/resoluciones/AUTOS%202021/3865.pdf HTTP/1.1" 200 416326
186.29.181.171 - - [05/Feb/2023:13:03:50 -0500] "GET /BLA/resoluciones/AUTOS%202021/3864.pdf HTTP/1.1" 200 350334
186.29.181.171 - - [05/Feb/2023:13:03:53 -0500] "GET /BLA/resoluciones/AUTOS%202021/3863.pdf HTTP/1.1" 200 359886
190.66.247.53 - - [05/Feb/2023:13:03:53 -0500] "GET /sipse/faces/javax.faces.resource/theme.css?ln=primefaces-sipse HTTP/1.1" 304 -
190.66.247.53 - - [05/Feb/2023:13:03:53 -0500] "GET /sipse/faces/javax.faces.resource/layout/layout.css?ln=primefaces&v=4.0 HTTP/1.1" 304 -
190.66.247.53 - - [05/Feb/2023:13:03:53 -0500] "GET /sipse/faces/javax.faces.resource/primefaces.css?ln=primefaces&v=4.0 HTTP/1.1" 304 -
190.66.247.53 - - [05/Feb/2023:13:03:53 -0500] "GET /sipse/faces/javax.faces.resource/jquery/jquery.js?ln=primefaces&v=4.0 HTTP/1.1" 304 -
190.66.247.53 - - [05/Feb/2023:13:03:53 -0500] "GET /sipse/faces/javax.faces.resource/layout/layout.js?ln=primefaces&v=4.0 HTTP/1.1" 304 -
190.66.247.53 - - [05/Feb/2023:13:03:53 -0500] "GET /sipse/faces/javax.faces.resource/primefaces.js?ln=primefaces&v=4.0 HTTP/1.1" 304 -
190.66.247.53 - - [05/Feb/2023:13:03:53 -0500] "POST /sipse/faces/presentacion/financiero/solicitudProceso/consultarHistorialSolProceso.xhtml HTTP/1.1" 200 201950
190.66.247.53 - - [05/Feb/2023:13:03:53 -0500] "GET /sipse/faces/javax.faces.resource/jquery/jquery-plugins.js?ln=primefaces&v=4.0 HTTP/1.1" 304 -
190.66.247.53 - - [05/Feb/2023:13:03:54 -0500] "GET /sipse/css/imagen/contrasena.png HTTP/1.1" 404 383
190.66.247.53 - - [05/Feb/2023:13:03:54 -0500] "GET /sipse/faces/javax.faces.resource/images/ui-icons_898989_256x240.png?ln=primefaces-aristo HTTP/1.1" 304 -
186.29.181.171 - - [05/Feb/2023:13:03:55 -0500] "GET /BLA/resoluciones/AUTOS%202021/3862.pdf HTTP/1.1" 200 397774
186.29.181.171 - - [05/Feb/2023:13:03:57 -0500] "GET /BLA/resoluciones/AUTOS%202021/3861.pdf HTTP/1.1" 200 377588
186.29.181.171 - - [05/Feb/2023:13:04:01 -0500] "GET /BLA/resoluciones/AUTOS%202021/3860.pdf HTTP/1.1" 200 349472
190.66.247.53 - - [05/Feb/2023:13:04:03 -0500] "GET /sipse/faces/javax.faces.resource/theme.css?ln=primefaces-sipse HTTP/1.1" 304 -
190.66.247.53 - - [05/Feb/2023:13:04:03 -0500] "GET /sipse/faces/javax.faces.resource/primefaces.css?ln=primefaces&v=4.0 HTTP/1.1" 304 -
190.66.247.53 - - [05/Feb/2023:13:04:03 -0500] "GET /sipse/faces/javax.faces.resource/layout/layout.css?ln=primefaces&v=4.0 HTTP/1.1" 304 -
190.66.247.53 - - [05/Feb/2023:13:04:03 -0500] "GET /sipse/faces/javax.faces.resource/jquery/jquery.js?ln=primefaces&v=4.0 HTTP/1.1" 304 -
190.66.247.53 - - [05/Feb/2023:13:04:03 -0500] "GET /sipse/faces/javax.faces.resource/jquery/jquery-plugins.js?ln=primefaces&v=4.0 HTTP/1.1" 304 -
190.66.247.53 - - [05/Feb/2023:13:04:03 -0500] "GET /sipse/faces/javax.faces.resource/primefaces.js?ln=primefaces&v=4.0 HTTP/1.1" 304 -
190.66.247.53 - - [05/Feb/2023:13:04:03 -0500] "GET /sipse/faces/javax.faces.resource/layout/layout.js?ln=primefaces&v=4.0 HTTP/1.1" 304 -
190.66.247.53 - - [05/Feb/2023:13:04:02 -0500] "POST /sipse/faces/presentacion/financiero/solicitudProceso/consultarSolicitudProceso.xhtml HTTP/1.1" 200 202782
190.66.247.53 - - [05/Feb/2023:13:04:03 -0500] "GET /sipse/css/imagen/contrasena.png HTTP/1.1" 404 383
186.29.181.171 - - [05/Feb/2023:13:04:03 -0500] "GET /BLA/resoluciones/AUTOS%202021/3859.pdf HTTP/1.1" 200 348600
186.29.181.171 - - [05/Feb/2023:13:04:06 -0500] "GET /BLA/resoluciones/AUTOS%202021/3858.pdf HTTP/1.1" 200 352248
186.29.181.171 - - [05/Feb/2023:13:04:08 -0500] "GET /BLA/resoluciones/AUTOS%202021/3857.pdf HTTP/1.1" 200 356628
190.66.247.53 - - [05/Feb/2023:13:04:09 -0500] "POST /sipse/faces/presentacion/financiero/solicitudProceso/consultarSolicitudProceso.xhtml HTTP/1.1" 200 88800
186.29.181.171 - - [05/Feb/2023:13:04:10 -0500] "GET /BLA/resoluciones/AUTOS%202021/3856.pdf HTTP/1.1" 200 351954
157.55.39.142 - - [05/Feb/2023:13:04:11 -0500] "GET /bla/resoluciones/autos%202021/4069.pdf HTTP/1.1" 200 406739
186.29.181.171 - - [05/Feb/2023:13:04:12 -0500] "GET /BLA/resoluciones/AUTOS%202021/3855.pdf HTTP/1.1" 200 361611
186.29.181.171 - - [05/Feb/2023:13:04:16 -0500] "GET /BLA/resoluciones/AUTOS%202021/3854.pdf HTTP/1.1" 200 351142
157.55.39.117 - - [05/Feb/2023:13:04:17 -0500] "GET /BLA/resoluciones/AUTOS%202021/4550.pdf HTTP/1.1" 200 364968
186.29.181.171 - - [05/Feb/2023:13:04:17 -0500] "GET /BLA/resoluciones/AUTOS%202021/3853.pdf HTTP/1.1" 200 349380
186.29.181.171 - - [05/Feb/2023:13:04:20 -0500] "GET /BLA/resoluciones/AUTOS%202021/3852.pdf HTTP/1.1" 200 420740
186.29.181.171 - - [05/Feb/2023:13:04:23 -0500] "GET /BLA/resoluciones/AUTOS%202021/3850.pdf HTTP/1.1" 200 631266
186.29.181.171 - - [05/Feb/2023:13:04:25 -0500] "GET /BLA/resoluciones/AUTOS%202021/3849.pdf HTTP/1.1" 200 563645
186.29.181.171 - - [05/Feb/2023:13:04:27 -0500] "GET /BLA/resoluciones/AUTOS%202021/3848.pdf HTTP/1.1" 200 358965
190.66.247.53 - - [05/Feb/2023:13:05:19 -0500] "POST /sipse/faces/presentacion/financiero/solicitudProceso/consultarSolicitudProceso.xhtml HTTP/1.1" 200 88800
216.245.221.92 - - [05/Feb/2023:13:05:25 -0500] "HEAD / HTTP/1.1" 200 -
190.66.247.53 - - [05/Feb/2023:13:05:31 -0500] "POST /sipse/faces/presentacion/financiero/solicitudProceso/consultarSolicitudProceso.xhtml HTTP/1.1" 200 101085
172.22.2.4 - - [05/Feb/2023:13:03:52 -0500] "HEAD /BLA/boletinlegal/ HTTP/1.1" 200 -
190.66.247.53 - - [05/Feb/2023:13:05:43 -0500] "POST /sipse/faces/presentacion/financiero/solicitudProceso/consultarSolicitudProceso.xhtml HTTP/1.1" 200 84295
193.38.55.237 - - [05/Feb/2023:13:05:35 -0500] "POST /boaform/admin/formLogin HTTP/1.1" 404 1186
186.84.22.145 - - [05/Feb/2023:13:05:46 -0500] "GET /sipse/faces/index.xhtml HTTP/1.1" 200 677
186.84.22.145 - - [05/Feb/2023:13:05:46 -0500] "GET /sipse/faces/javax.faces.resource/theme.css?ln=primefaces-sipse HTTP/1.1" 304 -
186.84.22.145 - - [05/Feb/2023:13:05:47 -0500] "GET /sipse/faces/faces/autenticacion.xhtml HTTP/1.1" 200 12172
186.84.22.145 - - [05/Feb/2023:13:05:47 -0500] "GET /sipse/js/disable_browser_buttons.js HTTP/1.1" 304 -
186.84.22.145 - - [05/Feb/2023:13:05:47 -0500] "GET /sipse/js/funciones.js HTTP/1.1" 304 -
186.84.22.145 - - [05/Feb/2023:13:05:47 -0500] "GET /sipse/css/custom_css_sg.css HTTP/1.1" 304 -
186.84.22.145 - - [05/Feb/2023:13:05:47 -0500] "GET /sipse/faces/javax.faces.resource/theme.css?ln=primefaces-sipse HTTP/1.1" 304 -
186.84.22.145 - - [05/Feb/2023:13:05:47 -0500] "GET /sipse/faces/javax.faces.resource/layout/layout.css?ln=primefaces&v=4.0 HTTP/1.1" 304 -
186.84.22.145 - - [05/Feb/2023:13:05:47 -0500] "GET /sipse/css/custom_css_sg_prime_login.css HTTP/1.1" 304 -
186.84.22.145 - - [05/Feb/2023:13:05:47 -0500] "GET /sipse/faces/javax.faces.resource/primefaces.css?ln=primefaces&v=4.0 HTTP/1.1" 304 -
186.84.22.145 - - [05/Feb/2023:13:05:47 -0500] "GET /sipse/faces/javax.faces.resource/jquery/jquery.js?ln=primefaces&v=4.0 HTTP/1.1" 304 -
186.84.22.145 - - [05/Feb/2023:13:05:47 -0500] "GET /sipse/faces/javax.faces.resource/jquery/jquery-plugins.js?ln=primefaces&v=4.0 HTTP/1.1" 304 -
186.84.22.145 - - [05/Feb/2023:13:05:47 -0500] "GET /sipse/faces/javax.faces.resource/layout/layout.js?ln=primefaces&v=4.0 HTTP/1.1" 304 -
186.84.22.145 - - [05/Feb/2023:13:05:47 -0500] "GET /sipse/faces/javax.faces.resource/primefaces.js?ln=primefaces&v=4.0 HTTP/1.1" 304 -
186.84.22.145 - - [05/Feb/2023:13:05:47 -0500] "GET /sipse/css/imagen/logoSDG.png HTTP/1.1" 304 -
186.84.22.145 - - [05/Feb/2023:13:05:47 -0500] "GET /sipse/css/imagen/loginimg.png HTTP/1.1" 304 -
186.84.22.145 - - [05/Feb/2023:13:05:47 -0500] "GET /sipse/faces/javax.faces.resource/images/ui-icons_898989_256x240.png?ln=primefaces-aristo HTTP/1.1" 304 -
186.84.22.145 - - [05/Feb/2023:13:05:55 -0500] "POST /sipse/faces/autenticacion.xhtml HTTP/1.1" 200 2220
186.84.22.145 - - [05/Feb/2023:13:05:55 -0500] "GET /sipse/faces/javax.faces.resource/messages/messages.png?ln=primefaces&v=4.0 HTTP/1.1" 304 -
186.84.22.145 - - [05/Feb/2023:13:05:57 -0500] "POST /sipse/faces/autenticacion.xhtml HTTP/1.1" 200 16245
186.84.22.145 - - [05/Feb/2023:13:05:57 -0500] "GET /sipse/css/custom_css_sg_prime.css HTTP/1.1" 304 -
186.84.22.145 - - [05/Feb/2023:13:05:57 -0500] "GET /sipse/faces/javax.faces.resource/primefaces.css?ln=primefaces&v=4.0 HTTP/1.1" 304 -
186.84.22.145 - - [05/Feb/2023:13:05:57 -0500] "GET /sipse/faces/javax.faces.resource/theme.css?ln=primefaces-sipse HTTP/1.1" 304 -
186.84.22.145 - - [05/Feb/2023:13:05:57 -0500] "GET /sipse/faces/javax.faces.resource/layout/layout.css?ln=primefaces&v=4.0 HTTP/1.1" 304 -
186.84.22.145 - - [05/Feb/2023:13:05:57 -0500] "GET /sipse/js/jquery.min.js HTTP/1.1" 304 -
186.84.22.145 - - [05/Feb/2023:13:05:57 -0500] "GET /sipse/faces/javax.faces.resource/jquery/jquery.js?ln=primefaces&v=4.0 HTTP/1.1" 304 -
186.84.22.145 - - [05/Feb/2023:13:05:57 -0500] "GET /sipse/faces/javax.faces.resource/jquery/jquery-plugins.js?ln=primefaces&v=4.0 HTTP/1.1" 304 -
186.84.22.145 - - [05/Feb/2023:13:05:57 -0500] "GET /sipse/faces/javax.faces.resource/primefaces.js?ln=primefaces&v=4.0 HTTP/1.1" 304 -
186.84.22.145 - - [05/Feb/2023:13:05:57 -0500] "GET /sipse/faces/javax.faces.resource/layout/layout.js?ln=primefaces&v=4.0 HTTP/1.1" 304 -
186.84.22.145 - - [05/Feb/2023:13:05:57 -0500] "GET /sipse/imagenes/cargando.gif HTTP/1.1" 304 -
186.84.22.145 - - [05/Feb/2023:13:05:57 -0500] "GET /sipse/imagenes/logoAplicacion.jpg HTTP/1.1" 304 -
186.84.22.145 - - [05/Feb/2023:13:05:57 -0500] "GET /sipse/css/imagen/contrasena.png HTTP/1.1" 404 383
186.84.22.145 - - [05/Feb/2023:13:06:00 -0500] "GET /sipse/faces/javax.faces.resource/images/ui-bg_flat_0_2d5972_40x100.png?ln=primefaces-aristo HTTP/1.1" 304 -
186.84.22.145 - - [05/Feb/2023:13:06:00 -0500] "POST /sipse/faces/bienvenido.xhtml HTTP/1.1" 200 2658
186.84.22.145 - - [05/Feb/2023:13:06:01 -0500] "POST /sipse/faces/bienvenido.xhtml HTTP/1.1" 200 64771
186.84.22.145 - - [05/Feb/2023:13:06:02 -0500] "GET /sipse/faces/javax.faces.resource/layout/layout.css?ln=primefaces&v=4.0 HTTP/1.1" 304 -
186.84.22.145 - - [05/Feb/2023:13:06:02 -0500] "GET /sipse/faces/javax.faces.resource/theme.css?ln=primefaces-sipse HTTP/1.1" 304 -
186.84.22.145 - - [05/Feb/2023:13:06:02 -0500] "GET /sipse/faces/javax.faces.resource/primefaces.css?ln=primefaces&v=4.0 HTTP/1.1" 304 -
186.84.22.145 - - [05/Feb/2023:13:06:02 -0500] "GET /sipse/faces/javax.faces.resource/jquery/jquery.js?ln=primefaces&v=4.0 HTTP/1.1" 304 -
186.84.22.145 - - [05/Feb/2023:13:06:02 -0500] "GET /sipse/faces/javax.faces.resource/jquery/jquery-plugins.js?ln=primefaces&v=4.0 HTTP/1.1" 304 -
186.84.22.145 - - [05/Feb/2023:13:06:02 -0500] "GET /sipse/faces/javax.faces.resource/primefaces.js?ln=primefaces&v=4.0 HTTP/1.1" 304 -
186.84.22.145 - - [05/Feb/2023:13:06:02 -0500] "GET /sipse/faces/javax.faces.resource/layout/layout.js?ln=primefaces&v=4.0 HTTP/1.1" 304 -
186.84.22.145 - - [05/Feb/2023:13:06:02 -0500] "POST /sipse/faces/presentacion/financiero/solicitudProceso/listarSolicitudProceso.xhtml HTTP/1.1" 200 1552
52.167.144.97 - - [05/Feb/2023:13:06:12 -0500] "GET /bla/resoluciones/autos%202021/6053.pdf HTTP/1.1" 200 426519
201.245.192.253 - - [05/Feb/2023:13:06:12 -0500] "POST /kwsrmcab/Wsrmcab  HTTP/1.1" 200 213
190.66.247.53 - - [05/Feb/2023:13:06:17 -0500] "GET /sipse/faces/javax.faces.resource/images/ui-bg_flat_0_2d5972_40x100.png?ln=primefaces-aristo HTTP/1.1" 304 -
190.66.247.53 - - [05/Feb/2023:13:06:17 -0500] "POST /sipse/faces/presentacion/financiero/solicitudProceso/consultarSolicitudProceso.xhtml HTTP/1.1" 200 62249
190.66.247.53 - - [05/Feb/2023:13:06:20 -0500] "GET /sipse/faces/javax.faces.resource/theme.css?ln=primefaces-sipse HTTP/1.1" 304 -
190.66.247.53 - - [05/Feb/2023:13:06:20 -0500] "GET /sipse/faces/javax.faces.resource/primefaces.css?ln=primefaces&v=4.0 HTTP/1.1" 304 -
190.66.247.53 - - [05/Feb/2023:13:06:20 -0500] "GET /sipse/faces/javax.faces.resource/layout/layout.css?ln=primefaces&v=4.0 HTTP/1.1" 304 -
190.66.247.53 - - [05/Feb/2023:13:06:20 -0500] "GET /sipse/faces/javax.faces.resource/jquery/jquery.js?ln=primefaces&v=4.0 HTTP/1.1" 304 -
190.66.247.53 - - [05/Feb/2023:13:06:20 -0500] "GET /sipse/faces/javax.faces.resource/jquery/jquery-plugins.js?ln=primefaces&v=4.0 HTTP/1.1" 304 -
190.66.247.53 - - [05/Feb/2023:13:06:20 -0500] "GET /sipse/faces/javax.faces.resource/primefaces.js?ln=primefaces&v=4.0 HTTP/1.1" 304 -
190.66.247.53 - - [05/Feb/2023:13:06:20 -0500] "GET /sipse/faces/javax.faces.resource/layout/layout.js?ln=primefaces&v=4.0 HTTP/1.1" 304 -
190.66.247.53 - - [05/Feb/2023:13:06:21 -0500] "GET /sipse/faces/javax.faces.resource/messages/messages.png?ln=primefaces&v=4.0 HTTP/1.1" 304 -
190.66.247.53 - - [05/Feb/2023:13:06:21 -0500] "POST /sipse/faces/presentacion/financiero/solicitudProceso/listarSolicitudProceso.xhtml HTTP/1.1" 200 1552
172.22.2.4 - - [05/Feb/2023:13:04:43 -0500] "GET /BLA/boletinlegal/ HTTP/1.1" 200 59035
190.66.247.53 - - [05/Feb/2023:13:06:23 -0500] "POST /sipse/faces/presentacion/financiero/solicitudProceso/listarSolicitudProceso.xhtml HTTP/1.1" 200 13632
186.29.181.171 - - [05/Feb/2023:13:06:25 -0500] "GET /BLA/resoluciones/AUTOS%202021/3847.pdf HTTP/1.1" 200 427080
190.66.247.53 - - [05/Feb/2023:13:06:26 -0500] "POST /sipse/faces/presentacion/financiero/solicitudProceso/listarSolicitudProceso.xhtml HTTP/1.1" 200 148654
190.66.247.53 - - [05/Feb/2023:13:06:27 -0500] "GET /sipse/faces/javax.faces.resource/primefaces.css?ln=primefaces&v=4.0 HTTP/1.1" 304 -
190.66.247.53 - - [05/Feb/2023:13:06:27 -0500] "GET /sipse/faces/javax.faces.resource/theme.css?ln=primefaces-sipse HTTP/1.1" 304 -
190.66.247.53 - - [05/Feb/2023:13:06:27 -0500] "GET /sipse/faces/javax.faces.resource/layout/layout.css?ln=primefaces&v=4.0 HTTP/1.1" 304 -
190.66.247.53 - - [05/Feb/2023:13:06:27 -0500] "GET /sipse/faces/javax.faces.resource/jquery/jquery.js?ln=primefaces&v=4.0 HTTP/1.1" 304 -
190.66.247.53 - - [05/Feb/2023:13:06:27 -0500] "GET /sipse/faces/javax.faces.resource/jquery/jquery-plugins.js?ln=primefaces&v=4.0 HTTP/1.1" 304 -
190.66.247.53 - - [05/Feb/2023:13:06:27 -0500] "GET /sipse/faces/javax.faces.resource/primefaces.js?ln=primefaces&v=4.0 HTTP/1.1" 304 -
190.66.247.53 - - [05/Feb/2023:13:06:27 -0500] "GET /sipse/faces/javax.faces.resource/layout/layout.js?ln=primefaces&v=4.0 HTTP/1.1" 304 -
186.29.181.171 - - [05/Feb/2023:13:06:28 -0500] "GET /BLA/resoluciones/AUTOS%202021/3840.pdf HTTP/1.1" 200 378764
186.29.181.171 - - [05/Feb/2023:13:06:29 -0500] "GET /BLA/resoluciones/AUTOS%202021/3839.pdf HTTP/1.1" 200 356535
186.29.181.171 - - [05/Feb/2023:13:06:32 -0500] "GET /BLA/resoluciones/AUTOS%202021/3838.pdf HTTP/1.1" 200 364622
186.29.181.171 - - [05/Feb/2023:13:06:34 -0500] "GET /BLA/resoluciones/AUTOS%202021/3836.pdf HTTP/1.1" 200 577537
190.60.254.211 - - [05/Feb/2023:13:06:35 -0500] "GET /sipse/faces/index.xhtml HTTP/1.1" 200 677
190.60.254.211 - - [05/Feb/2023:13:06:35 -0500] "GET /sipse/faces/javax.faces.resource/theme.css?ln=primefaces-sipse HTTP/1.1" 304 -
190.60.254.211 - - [05/Feb/2023:13:06:36 -0500] "GET /sipse/faces/faces/autenticacion.xhtml HTTP/1.1" 200 12181
190.60.254.211 - - [05/Feb/2023:13:06:36 -0500] "GET /sipse/faces/javax.faces.resource/theme.css?ln=primefaces-sipse HTTP/1.1" 304 -
190.60.254.211 - - [05/Feb/2023:13:06:36 -0500] "GET /sipse/faces/javax.faces.resource/primefaces.css?ln=primefaces&v=4.0 HTTP/1.1" 304 -
190.60.254.211 - - [05/Feb/2023:13:06:36 -0500] "GET /sipse/faces/javax.faces.resource/layout/layout.css?ln=primefaces&v=4.0 HTTP/1.1" 304 -
190.60.254.211 - - [05/Feb/2023:13:06:36 -0500] "GET /sipse/faces/javax.faces.resource/jquery/jquery.js?ln=primefaces&v=4.0 HTTP/1.1" 304 -
190.60.254.211 - - [05/Feb/2023:13:06:36 -0500] "GET /sipse/faces/javax.faces.resource/jquery/jquery-plugins.js?ln=primefaces&v=4.0 HTTP/1.1" 304 -
190.60.254.211 - - [05/Feb/2023:13:06:36 -0500] "GET /sipse/faces/javax.faces.resource/primefaces.js?ln=primefaces&v=4.0 HTTP/1.1" 304 -
190.60.254.211 - - [05/Feb/2023:13:06:36 -0500] "GET /sipse/faces/javax.faces.resource/layout/layout.js?ln=primefaces&v=4.0 HTTP/1.1" 304 -
186.29.181.171 - - [05/Feb/2023:13:06:38 -0500] "GET /BLA/resoluciones/AUTOS%202021/3835.pdf HTTP/1.1" 200 568151
190.60.254.211 - - [05/Feb/2023:13:06:40 -0500] "GET /sipse/faces/javax.faces.resource/images/ui-icons_898989_256x240.png?ln=primefaces-aristo HTTP/1.1" 304 -
190.66.247.53 - - [05/Feb/2023:13:06:40 -0500] "POST /sipse/faces/presentacion/financiero/solicitudProceso/consultarSolicitudProceso.xhtml HTTP/1.1" 200 39498
190.66.247.53 - - [05/Feb/2023:13:06:41 -0500] "GET /sipse/faces/javax.faces.resource/primefaces.css?ln=primefaces&v=4.0 HTTP/1.1" 304 -
190.66.247.53 - - [05/Feb/2023:13:06:41 -0500] "GET /sipse/faces/javax.faces.resource/theme.css?ln=primefaces-sipse HTTP/1.1" 304 -
190.66.247.53 - - [05/Feb/2023:13:06:41 -0500] "GET /sipse/faces/javax.faces.resource/layout/layout.css?ln=primefaces&v=4.0 HTTP/1.1" 304 -
190.66.247.53 - - [05/Feb/2023:13:06:41 -0500] "GET /sipse/faces/javax.faces.resource/jquery/jquery.js?ln=primefaces&v=4.0 HTTP/1.1" 304 -
190.66.247.53 - - [05/Feb/2023:13:06:41 -0500] "GET /sipse/faces/javax.faces.resource/jquery/jquery-plugins.js?ln=primefaces&v=4.0 HTTP/1.1" 304 -
190.66.247.53 - - [05/Feb/2023:13:06:41 -0500] "GET /sipse/faces/javax.faces.resource/layout/layout.js?ln=primefaces&v=4.0 HTTP/1.1" 304 -
190.66.247.53 - - [05/Feb/2023:13:06:41 -0500] "GET /sipse/faces/javax.faces.resource/primefaces.js?ln=primefaces&v=4.0 HTTP/1.1" 304 -
186.29.181.171 - - [05/Feb/2023:13:06:42 -0500] "GET /BLA/resoluciones/AUTOS%202021/3834.pdf HTTP/1.1" 200 382752
186.29.181.171 - - [05/Feb/2023:13:06:44 -0500] "GET /BLA/resoluciones/AUTOS%202021/3833.pdf HTTP/1.1" 200 405287
186.29.181.171 - - [05/Feb/2023:13:06:47 -0500] "GET /BLA/resoluciones/AUTOS%202021/3832.pdf HTTP/1.1" 200 402362
190.60.254.211 - - [05/Feb/2023:13:06:50 -0500] "POST /sipse/faces/autenticacion.xhtml HTTP/1.1" 200 2220
190.60.254.211 - - [05/Feb/2023:13:06:50 -0500] "GET /sipse/faces/javax.faces.resource/messages/messages.png?ln=primefaces&v=4.0 HTTP/1.1" 304 -
186.29.181.171 - - [05/Feb/2023:13:06:51 -0500] "GET /BLA/resoluciones/AUTOS%202021/3831.pdf HTTP/1.1" 200 397258
190.66.247.53 - - [05/Feb/2023:13:06:52 -0500] "GET /sipse/faces/javax.faces.resource/theme.css?ln=primefaces-sipse HTTP/1.1" 304 -
190.66.247.53 - - [05/Feb/2023:13:06:52 -0500] "GET /sipse/faces/javax.faces.resource/primefaces.css?ln=primefaces&v=4.0 HTTP/1.1" 304 -
190.66.247.53 - - [05/Feb/2023:13:06:52 -0500] "GET /sipse/faces/javax.faces.resource/jquery/jquery.js?ln=primefaces&v=4.0 HTTP/1.1" 304 -
190.66.247.53 - - [05/Feb/2023:13:06:52 -0500] "GET /sipse/faces/javax.faces.resource/layout/layout.css?ln=primefaces&v=4.0 HTTP/1.1" 304 -
190.66.247.53 - - [05/Feb/2023:13:06:52 -0500] "GET /sipse/faces/javax.faces.resource/jquery/jquery-plugins.js?ln=primefaces&v=4.0 HTTP/1.1" 304 -
190.66.247.53 - - [05/Feb/2023:13:06:52 -0500] "GET /sipse/faces/javax.faces.resource/layout/layout.js?ln=primefaces&v=4.0 HTTP/1.1" 304 -
190.66.247.53 - - [05/Feb/2023:13:06:52 -0500] "GET /sipse/faces/javax.faces.resource/primefaces.js?ln=primefaces&v=4.0 HTTP/1.1" 304 -
190.66.247.53 - - [05/Feb/2023:13:06:51 -0500] "POST /sipse/faces/presentacion/financiero/solicitudProceso/consultarHistorialSolProceso.xhtml HTTP/1.1" 200 194448
190.66.247.53 - - [05/Feb/2023:13:06:52 -0500] "GET /sipse/faces/javax.faces.resource/images/ui-icons_898989_256x240.png?ln=primefaces-aristo HTTP/1.1" 304 -
190.60.254.211 - - [05/Feb/2023:13:06:52 -0500] "POST /sipse/faces/autenticacion.xhtml HTTP/1.1" 200 16264
190.60.254.211 - - [05/Feb/2023:13:06:53 -0500] "GET /sipse/faces/javax.faces.resource/theme.css?ln=primefaces-sipse HTTP/1.1" 304 -
190.60.254.211 - - [05/Feb/2023:13:06:53 -0500] "GET /sipse/faces/javax.faces.resource/primefaces.css?ln=primefaces&v=4.0 HTTP/1.1" 304 -
190.60.254.211 - - [05/Feb/2023:13:06:53 -0500] "GET /sipse/faces/javax.faces.resource/layout/layout.css?ln=primefaces&v=4.0 HTTP/1.1" 304 -
190.60.254.211 - - [05/Feb/2023:13:06:53 -0500] "GET /sipse/faces/javax.faces.resource/jquery/jquery.js?ln=primefaces&v=4.0 HTTP/1.1" 304 -
186.29.181.171 - - [05/Feb/2023:13:06:53 -0500] "GET /BLA/resoluciones/AUTOS%202021/3830.pdf HTTP/1.1" 200 404891
190.60.254.211 - - [05/Feb/2023:13:06:53 -0500] "GET /sipse/faces/javax.faces.resource/jquery/jquery-plugins.js?ln=primefaces&v=4.0 HTTP/1.1" 304 -
190.60.254.211 - - [05/Feb/2023:13:06:53 -0500] "GET /sipse/faces/javax.faces.resource/primefaces.js?ln=primefaces&v=4.0 HTTP/1.1" 304 -
190.60.254.211 - - [05/Feb/2023:13:06:53 -0500] "GET /sipse/faces/javax.faces.resource/layout/layout.js?ln=primefaces&v=4.0 HTTP/1.1" 304 -
190.60.254.211 - - [05/Feb/2023:13:06:53 -0500] "GET /sipse/css/imagen/contrasena.png HTTP/1.1" 404 383
186.29.181.171 - - [05/Feb/2023:13:06:55 -0500] "GET /BLA/resoluciones/AUTOS%202021/3829.pdf HTTP/1.1" 200 343824
190.60.254.211 - - [05/Feb/2023:13:06:56 -0500] "GET /sipse/faces/javax.faces.resource/images/ui-bg_flat_0_2d5972_40x100.png?ln=primefaces-aristo HTTP/1.1" 304 -
190.60.254.211 - - [05/Feb/2023:13:06:56 -0500] "POST /sipse/faces/bienvenido.xhtml HTTP/1.1" 200 2658
190.60.254.211 - - [05/Feb/2023:13:06:58 -0500] "POST /sipse/faces/bienvenido.xhtml HTTP/1.1" 200 65132
190.60.254.211 - - [05/Feb/2023:13:06:59 -0500] "GET /sipse/faces/javax.faces.resource/theme.css?ln=primefaces-sipse HTTP/1.1" 304 -
190.60.254.211 - - [05/Feb/2023:13:06:59 -0500] "GET /sipse/faces/javax.faces.resource/jquery/jquery.js?ln=primefaces&v=4.0 HTTP/1.1" 304 -
190.60.254.211 - - [05/Feb/2023:13:06:59 -0500] "GET /sipse/faces/javax.faces.resource/primefaces.css?ln=primefaces&v=4.0 HTTP/1.1" 304 -
190.60.254.211 - - [05/Feb/2023:13:06:59 -0500] "GET /sipse/faces/javax.faces.resource/layout/layout.css?ln=primefaces&v=4.0 HTTP/1.1" 304 -
186.29.181.171 - - [05/Feb/2023:13:06:59 -0500] "GET /BLA/resoluciones/AUTOS%202021/3828.pdf HTTP/1.1" 200 387318
190.60.254.211 - - [05/Feb/2023:13:06:59 -0500] "GET /sipse/faces/javax.faces.resource/jquery/jquery-plugins.js?ln=primefaces&v=4.0 HTTP/1.1" 304 -
190.60.254.211 - - [05/Feb/2023:13:06:59 -0500] "GET /sipse/faces/javax.faces.resource/primefaces.js?ln=primefaces&v=4.0 HTTP/1.1" 304 -
190.60.254.211 - - [05/Feb/2023:13:06:59 -0500] "GET /sipse/faces/javax.faces.resource/layout/layout.js?ln=primefaces&v=4.0 HTTP/1.1" 304 -
190.60.254.211 - - [05/Feb/2023:13:07:00 -0500] "POST /sipse/faces/presentacion/financiero/solicitudProceso/listarSolicitudProceso.xhtml HTTP/1.1" 200 1552
186.29.181.171 - - [05/Feb/2023:13:07:01 -0500] "GET /BLA/resoluciones/AUTOS%202021/3827.pdf HTTP/1.1" 200 389468
186.29.181.171 - - [05/Feb/2023:13:07:04 -0500] "GET /BLA/resoluciones/AUTOS%202021/3826.pdf HTTP/1.1" 200 740612
186.29.181.171 - - [05/Feb/2023:13:07:07 -0500] "GET /BLA/resoluciones/AUTOS%202021/3825.pdf HTTP/1.1" 200 917960
186.29.181.171 - - [05/Feb/2023:13:07:10 -0500] "GET /BLA/resoluciones/AUTOS%202021/3823.pdf HTTP/1.1" 200 394475
190.66.247.53 - - [05/Feb/2023:13:07:12 -0500] "POST /sipse/faces/presentacion/financiero/solicitudProceso/consultarSolicitudProceso.xhtml HTTP/1.1" 200 74569
186.29.181.171 - - [05/Feb/2023:13:07:12 -0500] "GET /BLA/resoluciones/AUTOS%202021/3818.pdf HTTP/1.1" 200 426543
186.29.181.171 - - [05/Feb/2023:13:07:15 -0500] "GET /BLA/resoluciones/AUTOS%202021/3816.pdf HTTP/1.1" 200 340720
186.29.181.171 - - [05/Feb/2023:13:07:17 -0500] "GET /BLA/resoluciones/AUTOS%202021/3809.pdf HTTP/1.1" 200 403932
186.29.181.171 - - [05/Feb/2023:13:07:20 -0500] "GET /BLA/resoluciones/AUTOS%202021/3808.pdf HTTP/1.1" 200 385935
185.119.81.103 - - [05/Feb/2023:13:07:22 -0500] "GET /portaldeninos/wp-login.php HTTP/1.1" 200 2592
185.119.81.103 - - [05/Feb/2023:13:07:23 -0500] "POST /portaldeninos/wp-login.php HTTP/1.1" 200 3605
190.60.254.211 - - [05/Feb/2023:13:07:28 -0500] "POST /sipse/faces/presentacion/financiero/solicitudProceso/listarSolicitudProceso.xhtml HTTP/1.1" 200 32648
190.66.247.53 - - [05/Feb/2023:13:07:37 -0500] "POST /sipse/faces/presentacion/financiero/solicitudProceso/consultarSolicitudProceso.xhtml HTTP/1.1" 200 94040
190.60.254.211 - - [05/Feb/2023:13:07:41 -0500] "POST /sipse/faces/presentacion/financiero/solicitudProceso/listarSolicitudProceso.xhtml HTTP/1.1" 200 32608
190.66.247.53 - - [05/Feb/2023:13:07:51 -0500] "POST /sipse/faces/presentacion/financiero/solicitudProceso/consultarSolicitudProceso.xhtml HTTP/1.1" 200 7507172
190.60.254.211 - - [05/Feb/2023:13:07:55 -0500] "POST /sipse/faces/presentacion/financiero/solicitudProceso/listarSolicitudProceso.xhtml HTTP/1.1" 200 136894
190.60.254.211 - - [05/Feb/2023:13:08:01 -0500] "GET /sipse/faces/javax.faces.resource/theme.css?ln=primefaces-sipse HTTP/1.1" 304 -
190.60.254.211 - - [05/Feb/2023:13:08:01 -0500] "GET /sipse/faces/javax.faces.resource/primefaces.css?ln=primefaces&v=4.0 HTTP/1.1" 304 -
190.60.254.211 - - [05/Feb/2023:13:08:01 -0500] "GET /sipse/faces/javax.faces.resource/jquery/jquery.js?ln=primefaces&v=4.0 HTTP/1.1" 304 -
190.60.254.211 - - [05/Feb/2023:13:08:01 -0500] "GET /sipse/faces/javax.faces.resource/layout/layout.css?ln=primefaces&v=4.0 HTTP/1.1" 304 -
190.60.254.211 - - [05/Feb/2023:13:08:01 -0500] "GET /sipse/faces/javax.faces.resource/jquery/jquery-plugins.js?ln=primefaces&v=4.0 HTTP/1.1" 304 -
190.60.254.211 - - [05/Feb/2023:13:08:01 -0500] "GET /sipse/faces/javax.faces.resource/primefaces.js?ln=primefaces&v=4.0 HTTP/1.1" 304 -
190.60.254.211 - - [05/Feb/2023:13:08:01 -0500] "GET /sipse/faces/javax.faces.resource/layout/layout.js?ln=primefaces&v=4.0 HTTP/1.1" 304 -
190.66.247.53 - - [05/Feb/2023:13:08:23 -0500] "POST /sipse/faces/presentacion/financiero/solicitudProceso/consultarSolicitudProceso.xhtml HTTP/1.1" 200 74569
173.252.87.8 - - [05/Feb/2023:13:08:23 -0500] "GET /images/Acuerdos%2001%20(1)%20(1).jpeg HTTP/1.1" 200 32884
190.66.247.53 - - [05/Feb/2023:13:08:30 -0500] "GET /sipse/faces/javax.faces.resource/images/ui-bg_flat_0_2d5972_40x100.png?ln=primefaces-aristo HTTP/1.1" 304 -
190.66.247.53 - - [05/Feb/2023:13:08:30 -0500] "POST /sipse/faces/presentacion/financiero/solicitudProceso/consultarSolicitudProceso.xhtml HTTP/1.1" 200 5526
69.171.231.117 - - [05/Feb/2023:13:08:53 -0500] "GET /images/cr\xc3\xb3nica-29-nov-1_optimized.jpeg HTTP/1.1" 404 1034
216.245.221.92 - - [05/Feb/2023:13:10:25 -0500] "HEAD / HTTP/1.1" 200 -
201.245.192.253 - - [05/Feb/2023:13:11:11 -0500] "POST /kwsrmcab/Wsrmcab  HTTP/1.1" 200 213
173.252.79.4 - - [05/Feb/2023:13:11:16 -0500] "GET /images/reunion-planta-termovalorizacion-11-mayo.jpg HTTP/1.1" 200 34782
172.22.2.4 - - [05/Feb/2023:13:09:43 -0500] "HEAD /BLA/boletinlegal/ HTTP/1.1" 200 -
172.22.2.4 - - [05/Feb/2023:13:10:34 -0500] "GET /BLA/boletinlegal/ HTTP/1.1" 200 59035
157.55.39.142 - - [05/Feb/2023:13:13:11 -0500] "GET /bla/resoluciones/autos%202021/4498.pdf HTTP/1.1" 200 364255
190.66.247.53 - - [05/Feb/2023:13:13:14 -0500] "GET /sipse/faces/javax.faces.resource/theme.css?ln=primefaces-sipse HTTP/1.1" 304 -
190.66.247.53 - - [05/Feb/2023:13:13:14 -0500] "GET /sipse/faces/javax.faces.resource/primefaces.css?ln=primefaces&v=4.0 HTTP/1.1" 304 -
190.66.247.53 - - [05/Feb/2023:13:13:14 -0500] "GET /sipse/faces/javax.faces.resource/layout/layout.css?ln=primefaces&v=4.0 HTTP/1.1" 304 -
190.66.247.53 - - [05/Feb/2023:13:13:14 -0500] "GET /sipse/faces/javax.faces.resource/jquery/jquery.js?ln=primefaces&v=4.0 HTTP/1.1" 304 -
190.66.247.53 - - [05/Feb/2023:13:13:14 -0500] "GET /sipse/faces/javax.faces.resource/primefaces.js?ln=primefaces&v=4.0 HTTP/1.1" 304 -
190.66.247.53 - - [05/Feb/2023:13:13:14 -0500] "GET /sipse/faces/javax.faces.resource/jquery/jquery-plugins.js?ln=primefaces&v=4.0 HTTP/1.1" 304 -
190.66.247.53 - - [05/Feb/2023:13:13:14 -0500] "GET /sipse/faces/javax.faces.resource/layout/layout.js?ln=primefaces&v=4.0 HTTP/1.1" 304 -
190.66.247.53 - - [05/Feb/2023:13:13:13 -0500] "POST /sipse/faces/presentacion/financiero/solicitudProceso/consultarSolicitudProceso.xhtml HTTP/1.1" 200 195280
190.66.247.53 - - [05/Feb/2023:13:13:14 -0500] "GET /sipse/faces/javax.faces.resource/images/ui-icons_898989_256x240.png?ln=primefaces-aristo HTTP/1.1" 304 -
190.66.247.53 - - [05/Feb/2023:13:13:14 -0500] "GET /sipse/css/imagen/contrasena.png HTTP/1.1" 404 383
52.167.144.97 - - [05/Feb/2023:13:13:22 -0500] "GET /bla/resoluciones/resoluciones%202022/2955.pdf HTTP/1.1" 200 6107901
190.66.247.53 - - [05/Feb/2023:13:13:23 -0500] "GET /sipse/faces/javax.faces.resource/images/ui-bg_flat_0_2d5972_40x100.png?ln=primefaces-aristo HTTP/1.1" 304 -
190.66.247.53 - - [05/Feb/2023:13:13:23 -0500] "POST /sipse/faces/presentacion/financiero/solicitudProceso/consultarSolicitudProceso.xhtml HTTP/1.1" 200 62249
190.66.247.53 - - [05/Feb/2023:13:13:25 -0500] "GET /sipse/faces/javax.faces.resource/theme.css?ln=primefaces-sipse HTTP/1.1" 304 -
190.66.247.53 - - [05/Feb/2023:13:13:25 -0500] "GET /sipse/faces/javax.faces.resource/primefaces.css?ln=primefaces&v=4.0 HTTP/1.1" 304 -
190.66.247.53 - - [05/Feb/2023:13:13:25 -0500] "GET /sipse/faces/javax.faces.resource/layout/layout.css?ln=primefaces&v=4.0 HTTP/1.1" 304 -
190.66.247.53 - - [05/Feb/2023:13:13:25 -0500] "GET /sipse/faces/javax.faces.resource/jquery/jquery.js?ln=primefaces&v=4.0 HTTP/1.1" 304 -
190.66.247.53 - - [05/Feb/2023:13:13:25 -0500] "GET /sipse/faces/javax.faces.resource/jquery/jquery-plugins.js?ln=primefaces&v=4.0 HTTP/1.1" 304 -
190.66.247.53 - - [05/Feb/2023:13:13:26 -0500] "GET /sipse/faces/javax.faces.resource/primefaces.js?ln=primefaces&v=4.0 HTTP/1.1" 304 -
190.66.247.53 - - [05/Feb/2023:13:13:26 -0500] "GET /sipse/faces/javax.faces.resource/layout/layout.js?ln=primefaces&v=4.0 HTTP/1.1" 304 -
190.66.247.53 - - [05/Feb/2023:13:13:26 -0500] "GET /sipse/faces/javax.faces.resource/messages/messages.png?ln=primefaces&v=4.0 HTTP/1.1" 304 -
