216.245.221.92 - - [05/Feb/2023:14:15:25 -0500] "HEAD / HTTP/1.1" 200 -
172.22.2.4 - - [05/Feb/2023:14:13:53 -0500] "HEAD /BLA/boletinlegal/ HTTP/1.1" 200 -
186.29.181.171 - - [05/Feb/2023:14:15:51 -0500] "GET /BLA/resoluciones/AUTOS%202021/3322.pdf HTTP/1.1" 200 410707
40.77.167.251 - - [05/Feb/2023:14:15:52 -0500] "GET /BLA/resoluciones/RESOLUCIONES%202010/6432.pdf HTTP/1.1" 200 533275
186.29.181.171 - - [05/Feb/2023:14:15:54 -0500] "GET /BLA/resoluciones/AUTOS%202021/3293.pdf HTTP/1.1" 200 1111127
186.29.181.171 - - [05/Feb/2023:14:15:56 -0500] "GET /BLA/resoluciones/AUTOS%202021/3286.pdf HTTP/1.1" 200 664705
201.245.192.253 - - [05/Feb/2023:14:15:55 -0500] "POST /kwsrmcab/Wsrmcab  HTTP/1.1" 200 213
186.29.181.171 - - [05/Feb/2023:14:16:00 -0500] "GET /BLA/resoluciones/AUTOS%202021/3283.pdf HTTP/1.1" 200 472588
186.28.77.144 - - [05/Feb/2023:14:16:00 -0500] "POST /sipse/faces/presentacion/financiero/solicitudProceso/listarSolicitudProceso.xhtml HTTP/1.1" 302 -
186.28.77.144 - - [05/Feb/2023:14:16:00 -0500] "GET /sipse/faces/autenticacion.xhtml HTTP/1.1" 200 1099
186.28.77.144 - - [05/Feb/2023:14:16:00 -0500] "POST /sipse/faces/presentacion/financiero/solicitudProceso/listarSolicitudProceso.xhtml HTTP/1.1" 302 -
186.28.77.144 - - [05/Feb/2023:14:16:00 -0500] "GET /sipse/faces/autenticacion.xhtml HTTP/1.1" 200 1099
186.29.181.171 - - [05/Feb/2023:14:16:02 -0500] "GET /BLA/resoluciones/AUTOS%202021/3281.pdf HTTP/1.1" 200 403542
186.29.181.171 - - [05/Feb/2023:14:16:04 -0500] "GET /BLA/resoluciones/AUTOS%202021/3272.pdf HTTP/1.1" 200 383825
186.29.181.171 - - [05/Feb/2023:14:16:07 -0500] "GET /BLA/resoluciones/AUTOS%202021/3271.pdf HTTP/1.1" 200 363481
186.28.77.144 - - [05/Feb/2023:14:16:08 -0500] "POST /sipse/faces/presentacion/financiero/solicitudProceso/listarSolicitudProceso.xhtml HTTP/1.1" 302 -
186.28.77.144 - - [05/Feb/2023:14:16:08 -0500] "GET /sipse/faces/autenticacion.xhtml HTTP/1.1" 200 1099
186.29.181.171 - - [05/Feb/2023:14:16:09 -0500] "GET /BLA/resoluciones/AUTOS%202021/3270.pdf HTTP/1.1" 200 386964
186.29.181.171 - - [05/Feb/2023:14:16:11 -0500] "GET /BLA/resoluciones/AUTOS%202021/3269.pdf HTTP/1.1" 200 387344
186.29.181.171 - - [05/Feb/2023:14:16:15 -0500] "GET /BLA/resoluciones/AUTOS%202021/3268.pdf HTTP/1.1" 200 391416
186.29.181.171 - - [05/Feb/2023:14:16:17 -0500] "GET /BLA/resoluciones/AUTOS%202021/3267.pdf HTTP/1.1" 200 388006
186.29.181.171 - - [05/Feb/2023:14:16:19 -0500] "GET /BLA/resoluciones/AUTOS%202021/3266.pdf HTTP/1.1" 200 364447
186.29.181.171 - - [05/Feb/2023:14:16:22 -0500] "GET /BLA/resoluciones/AUTOS%202021/3265.pdf HTTP/1.1" 200 388062
172.22.2.4 - - [05/Feb/2023:14:14:44 -0500] "GET /BLA/boletinlegal/ HTTP/1.1" 200 57192
186.29.181.171 - - [05/Feb/2023:14:16:24 -0500] "GET /BLA/resoluciones/AUTOS%202021/3264.pdf HTTP/1.1" 200 360594
186.29.181.171 - - [05/Feb/2023:14:16:26 -0500] "GET /BLA/resoluciones/AUTOS%202021/3263.pdf HTTP/1.1" 200 437153
186.28.77.144 - - [05/Feb/2023:14:16:28 -0500] "GET /sipse/faces/faces/autenticacion.xhtml HTTP/1.1" 200 12172
186.28.77.144 - - [05/Feb/2023:14:16:28 -0500] "GET /sipse/css/custom_css_sg.css HTTP/1.1" 200 9694
186.28.77.144 - - [05/Feb/2023:14:16:28 -0500] "GET /sipse/css/custom_css_sg_prime_login.css HTTP/1.1" 200 443
186.28.77.144 - - [05/Feb/2023:14:16:28 -0500] "GET /sipse/faces/javax.faces.resource/layout/layout.css?ln=primefaces&v=4.0 HTTP/1.1" 200 542
186.28.77.144 - - [05/Feb/2023:14:16:28 -0500] "GET /sipse/faces/javax.faces.resource/theme.css?ln=primefaces-sipse HTTP/1.1" 200 50058
186.28.77.144 - - [05/Feb/2023:14:16:28 -0500] "GET /sipse/faces/javax.faces.resource/primefaces.css?ln=primefaces&v=4.0 HTTP/1.1" 200 53295
186.29.181.171 - - [05/Feb/2023:14:16:29 -0500] "GET /BLA/resoluciones/AUTOS%202021/3254.pdf HTTP/1.1" 200 317707
186.28.77.144 - - [05/Feb/2023:14:16:30 -0500] "GET /sipse/js/disable_browser_buttons.js HTTP/1.1" 304 -
186.28.77.144 - - [05/Feb/2023:14:16:30 -0500] "GET /sipse/js/funciones.js HTTP/1.1" 304 -
186.28.77.144 - - [05/Feb/2023:14:16:30 -0500] "GET /sipse/faces/javax.faces.resource/jquery/jquery.js?ln=primefaces&v=4.0 HTTP/1.1" 304 -
186.28.77.144 - - [05/Feb/2023:14:16:31 -0500] "GET /sipse/faces/javax.faces.resource/primefaces.js?ln=primefaces&v=4.0 HTTP/1.1" 304 -
186.28.77.144 - - [05/Feb/2023:14:16:31 -0500] "GET /sipse/faces/javax.faces.resource/jquery/jquery-plugins.js?ln=primefaces&v=4.0 HTTP/1.1" 304 -
186.28.77.144 - - [05/Feb/2023:14:16:31 -0500] "GET /sipse/faces/javax.faces.resource/layout/layout.js?ln=primefaces&v=4.0 HTTP/1.1" 304 -
186.28.77.144 - - [05/Feb/2023:14:16:31 -0500] "GET /sipse/faces/javax.faces.resource/images/ui-icons_898989_256x240.png?ln=primefaces-aristo HTTP/1.1" 200 5355
186.28.77.144 - - [05/Feb/2023:14:16:31 -0500] "GET /sipse/css/imagen/logoSDG.png HTTP/1.1" 200 53064
186.28.77.144 - - [05/Feb/2023:14:16:31 -0500] "GET /sipse/css/imagen/loginimg.png HTTP/1.1" 200 71635
186.28.77.144 - - [05/Feb/2023:14:16:31 -0500] "GET /favicon.ico HTTP/1.1" 200 7782
186.28.77.144 - - [05/Feb/2023:14:16:31 -0500] "GET /sipse/faces/faces/index.xhtml HTTP/1.1" 200 677
186.28.77.144 - - [05/Feb/2023:14:16:31 -0500] "GET /sipse/faces/javax.faces.resource/theme.css?ln=primefaces-sipse HTTP/1.1" 304 -
186.28.77.144 - - [05/Feb/2023:14:16:31 -0500] "GET /sipse/faces/faces/faces/autenticacion.xhtml HTTP/1.1" 200 12172
186.28.77.144 - - [05/Feb/2023:14:16:31 -0500] "GET /sipse/faces/javax.faces.resource/theme.css?ln=primefaces-sipse HTTP/1.1" 304 -
186.29.181.171 - - [05/Feb/2023:14:16:31 -0500] "GET /BLA/resoluciones/AUTOS%202021/3242.pdf HTTP/1.1" 200 339734
186.28.77.144 - - [05/Feb/2023:14:16:31 -0500] "GET /sipse/faces/javax.faces.resource/primefaces.css?ln=primefaces&v=4.0 HTTP/1.1" 304 -
186.28.77.144 - - [05/Feb/2023:14:16:31 -0500] "GET /sipse/faces/javax.faces.resource/layout/layout.css?ln=primefaces&v=4.0 HTTP/1.1" 304 -
186.28.77.144 - - [05/Feb/2023:14:16:31 -0500] "GET /sipse/faces/javax.faces.resource/jquery/jquery.js?ln=primefaces&v=4.0 HTTP/1.1" 304 -
186.28.77.144 - - [05/Feb/2023:14:16:31 -0500] "GET /sipse/faces/javax.faces.resource/jquery/jquery-plugins.js?ln=primefaces&v=4.0 HTTP/1.1" 304 -
186.28.77.144 - - [05/Feb/2023:14:16:31 -0500] "GET /sipse/faces/javax.faces.resource/primefaces.js?ln=primefaces&v=4.0 HTTP/1.1" 304 -
186.28.77.144 - - [05/Feb/2023:14:16:31 -0500] "GET /sipse/faces/javax.faces.resource/layout/layout.js?ln=primefaces&v=4.0 HTTP/1.1" 304 -
186.28.77.144 - - [05/Feb/2023:14:16:31 -0500] "GET /sipse/faces/javax.faces.resource/images/ui-icons_898989_256x240.png?ln=primefaces-aristo HTTP/1.1" 304 -
186.29.181.171 - - [05/Feb/2023:14:16:34 -0500] "GET /BLA/resoluciones/AUTOS%202021/3225.pdf HTTP/1.1" 200 317453
186.28.77.144 - - [05/Feb/2023:14:16:36 -0500] "POST /sipse/faces/autenticacion.xhtml HTTP/1.1" 200 16072
186.28.77.144 - - [05/Feb/2023:14:16:36 -0500] "GET /sipse/css/custom_css_sg_prime.css HTTP/1.1" 200 5201
186.28.77.144 - - [05/Feb/2023:14:16:39 -0500] "GET /sipse/js/jquery.min.js HTTP/1.1" 304 -
186.28.77.144 - - [05/Feb/2023:14:16:39 -0500] "GET /sipse/faces/javax.faces.resource/jquery/jquery.js?ln=primefaces&v=4.0 HTTP/1.1" 304 -
186.28.77.144 - - [05/Feb/2023:14:16:39 -0500] "GET /sipse/faces/javax.faces.resource/jquery/jquery-plugins.js?ln=primefaces&v=4.0 HTTP/1.1" 304 -
186.28.77.144 - - [05/Feb/2023:14:16:39 -0500] "GET /sipse/faces/javax.faces.resource/primefaces.js?ln=primefaces&v=4.0 HTTP/1.1" 304 -
186.28.77.144 - - [05/Feb/2023:14:16:39 -0500] "GET /sipse/faces/javax.faces.resource/layout/layout.js?ln=primefaces&v=4.0 HTTP/1.1" 304 -
186.28.77.144 - - [05/Feb/2023:14:16:39 -0500] "GET /sipse/css/imagen/contrasena.png HTTP/1.1" 404 383
186.28.77.144 - - [05/Feb/2023:14:16:39 -0500] "GET /sipse/imagenes/cargando.gif HTTP/1.1" 200 36959
186.28.77.144 - - [05/Feb/2023:14:16:39 -0500] "GET /sipse/faces/javax.faces.resource/messages/messages.png?ln=primefaces&v=4.0 HTTP/1.1" 200 27209
186.28.77.144 - - [05/Feb/2023:14:16:39 -0500] "GET /sipse/imagenes/logoAplicacion.jpg HTTP/1.1" 200 155084
186.28.77.144 - - [05/Feb/2023:14:16:40 -0500] "GET /sipse/faces/javax.faces.resource/images/ui-bg_flat_0_2d5972_40x100.png?ln=primefaces-aristo HTTP/1.1" 200 183
186.28.77.144 - - [05/Feb/2023:14:16:40 -0500] "POST /sipse/faces/bienvenido.xhtml HTTP/1.1" 200 1471
186.28.77.144 - - [05/Feb/2023:14:16:41 -0500] "POST /sipse/faces/bienvenido.xhtml HTTP/1.1" 200 61905
186.28.77.144 - - [05/Feb/2023:14:16:46 -0500] "GET /sipse/faces/javax.faces.resource/jquery/jquery.js?ln=primefaces&v=4.0 HTTP/1.1" 304 -
186.28.77.144 - - [05/Feb/2023:14:16:46 -0500] "GET /sipse/faces/javax.faces.resource/jquery/jquery-plugins.js?ln=primefaces&v=4.0 HTTP/1.1" 304 -
186.28.77.144 - - [05/Feb/2023:14:16:46 -0500] "GET /sipse/faces/javax.faces.resource/primefaces.js?ln=primefaces&v=4.0 HTTP/1.1" 304 -
186.28.77.144 - - [05/Feb/2023:14:16:46 -0500] "GET /sipse/faces/javax.faces.resource/layout/layout.js?ln=primefaces&v=4.0 HTTP/1.1" 304 -
186.28.77.144 - - [05/Feb/2023:14:16:46 -0500] "POST /sipse/faces/presentacion/financiero/solicitudProceso/listarSolicitudProceso.xhtml HTTP/1.1" 200 1552
186.28.77.144 - - [05/Feb/2023:14:16:51 -0500] "POST /sipse/faces/presentacion/financiero/solicitudProceso/listarSolicitudProceso.xhtml HTTP/1.1" 200 32273
186.28.77.144 - - [05/Feb/2023:14:16:54 -0500] "POST /sipse/faces/presentacion/financiero/solicitudProceso/listarSolicitudProceso.xhtml HTTP/1.1" 200 62131
157.55.39.6 - - [05/Feb/2023:14:16:56 -0500] "GET /bla/resoluciones/autos%202021/5113.pdf HTTP/1.1" 200 581093
190.66.247.53 - - [05/Feb/2023:14:17:00 -0500] "POST /sipse/faces/presentacion/financiero/solicitudProceso/consultarSolicitudProceso.xhtml HTTP/1.1" 200 62042
190.66.247.53 - - [05/Feb/2023:14:17:03 -0500] "GET /sipse/faces/javax.faces.resource/theme.css?ln=primefaces-sipse HTTP/1.1" 304 -
190.66.247.53 - - [05/Feb/2023:14:17:03 -0500] "GET /sipse/faces/javax.faces.resource/primefaces.css?ln=primefaces&v=4.0 HTTP/1.1" 304 -
190.66.247.53 - - [05/Feb/2023:14:17:03 -0500] "GET /sipse/faces/javax.faces.resource/layout/layout.css?ln=primefaces&v=4.0 HTTP/1.1" 304 -
190.66.247.53 - - [05/Feb/2023:14:17:03 -0500] "GET /sipse/css/imagen/contrasena.png HTTP/1.1" 404 383
190.66.247.53 - - [05/Feb/2023:14:17:03 -0500] "GET /sipse/faces/javax.faces.resource/jquery/jquery.js?ln=primefaces&v=4.0 HTTP/1.1" 304 -
190.66.247.53 - - [05/Feb/2023:14:17:03 -0500] "GET /sipse/faces/javax.faces.resource/jquery/jquery-plugins.js?ln=primefaces&v=4.0 HTTP/1.1" 304 -
190.66.247.53 - - [05/Feb/2023:14:17:03 -0500] "GET /sipse/faces/javax.faces.resource/primefaces.js?ln=primefaces&v=4.0 HTTP/1.1" 304 -
190.66.247.53 - - [05/Feb/2023:14:17:04 -0500] "GET /sipse/faces/javax.faces.resource/layout/layout.js?ln=primefaces&v=4.0 HTTP/1.1" 304 -
190.66.247.53 - - [05/Feb/2023:14:17:04 -0500] "GET /sipse/faces/javax.faces.resource/images/ui-icons_898989_256x240.png?ln=primefaces-aristo HTTP/1.1" 304 -
190.66.247.53 - - [05/Feb/2023:14:17:04 -0500] "GET /sipse/faces/javax.faces.resource/messages/messages.png?ln=primefaces&v=4.0 HTTP/1.1" 304 -
190.66.247.53 - - [05/Feb/2023:14:17:04 -0500] "POST /sipse/faces/presentacion/financiero/solicitudProceso/listarSolicitudProceso.xhtml HTTP/1.1" 200 1552
190.66.247.53 - - [05/Feb/2023:14:17:04 -0500] "GET /sipse/faces/javax.faces.resource/images/ui-bg_flat_0_2d5972_40x100.png?ln=primefaces-aristo HTTP/1.1" 304 -
186.28.77.144 - - [05/Feb/2023:14:17:15 -0500] "POST /sipse/faces/presentacion/financiero/solicitudProceso/listarSolicitudProceso.xhtml HTTP/1.1" 200 17456
190.66.247.53 - - [05/Feb/2023:14:17:17 -0500] "POST /sipse/faces/presentacion/financiero/solicitudProceso/listarSolicitudProceso.xhtml HTTP/1.1" 200 10840
190.66.247.53 - - [05/Feb/2023:14:17:20 -0500] "POST /sipse/faces/presentacion/financiero/solicitudProceso/listarSolicitudProceso.xhtml HTTP/1.1" 200 151604
190.66.247.53 - - [05/Feb/2023:14:17:21 -0500] "GET /sipse/faces/javax.faces.resource/theme.css?ln=primefaces-sipse HTTP/1.1" 304 -
190.66.247.53 - - [05/Feb/2023:14:17:21 -0500] "GET /sipse/faces/javax.faces.resource/layout/layout.css?ln=primefaces&v=4.0 HTTP/1.1" 304 -
190.66.247.53 - - [05/Feb/2023:14:17:21 -0500] "GET /sipse/faces/javax.faces.resource/primefaces.css?ln=primefaces&v=4.0 HTTP/1.1" 304 -
190.66.247.53 - - [05/Feb/2023:14:17:21 -0500] "GET /sipse/faces/javax.faces.resource/jquery/jquery.js?ln=primefaces&v=4.0 HTTP/1.1" 304 -
190.66.247.53 - - [05/Feb/2023:14:17:21 -0500] "GET /sipse/faces/javax.faces.resource/jquery/jquery-plugins.js?ln=primefaces&v=4.0 HTTP/1.1" 304 -
190.66.247.53 - - [05/Feb/2023:14:17:21 -0500] "GET /sipse/faces/javax.faces.resource/primefaces.js?ln=primefaces&v=4.0 HTTP/1.1" 304 -
190.66.247.53 - - [05/Feb/2023:14:17:21 -0500] "GET /sipse/faces/javax.faces.resource/layout/layout.js?ln=primefaces&v=4.0 HTTP/1.1" 304 -
190.66.247.53 - - [05/Feb/2023:14:17:37 -0500] "POST /sipse/faces/presentacion/financiero/solicitudProceso/consultarSolicitudProceso.xhtml HTTP/1.1" 200 31980
190.66.247.53 - - [05/Feb/2023:14:17:38 -0500] "GET /sipse/faces/javax.faces.resource/theme.css?ln=primefaces-sipse HTTP/1.1" 304 -
190.66.247.53 - - [05/Feb/2023:14:17:38 -0500] "GET /sipse/faces/javax.faces.resource/primefaces.css?ln=primefaces&v=4.0 HTTP/1.1" 304 -
190.66.247.53 - - [05/Feb/2023:14:17:38 -0500] "GET /sipse/faces/javax.faces.resource/layout/layout.css?ln=primefaces&v=4.0 HTTP/1.1" 304 -
190.66.247.53 - - [05/Feb/2023:14:17:38 -0500] "GET /sipse/faces/javax.faces.resource/jquery/jquery-plugins.js?ln=primefaces&v=4.0 HTTP/1.1" 304 -
190.66.247.53 - - [05/Feb/2023:14:17:38 -0500] "GET /sipse/faces/javax.faces.resource/jquery/jquery.js?ln=primefaces&v=4.0 HTTP/1.1" 304 -
190.66.247.53 - - [05/Feb/2023:14:17:38 -0500] "GET /sipse/faces/javax.faces.resource/primefaces.js?ln=primefaces&v=4.0 HTTP/1.1" 304 -
190.66.247.53 - - [05/Feb/2023:14:17:38 -0500] "GET /sipse/faces/javax.faces.resource/layout/layout.js?ln=primefaces&v=4.0 HTTP/1.1" 304 -
190.66.247.53 - - [05/Feb/2023:14:17:38 -0500] "GET /sipse/css/imagen/contrasena.png HTTP/1.1" 404 383
190.66.247.53 - - [05/Feb/2023:14:17:42 -0500] "GET /sipse/faces/javax.faces.resource/theme.css?ln=primefaces-sipse HTTP/1.1" 304 -
190.66.247.53 - - [05/Feb/2023:14:17:42 -0500] "GET /sipse/faces/javax.faces.resource/primefaces.css?ln=primefaces&v=4.0 HTTP/1.1" 304 -
190.66.247.53 - - [05/Feb/2023:14:17:42 -0500] "GET /sipse/faces/javax.faces.resource/layout/layout.css?ln=primefaces&v=4.0 HTTP/1.1" 304 -
190.66.247.53 - - [05/Feb/2023:14:17:42 -0500] "GET /sipse/faces/javax.faces.resource/jquery/jquery-plugins.js?ln=primefaces&v=4.0 HTTP/1.1" 304 -
190.66.247.53 - - [05/Feb/2023:14:17:42 -0500] "GET /sipse/faces/javax.faces.resource/jquery/jquery.js?ln=primefaces&v=4.0 HTTP/1.1" 304 -
190.66.247.53 - - [05/Feb/2023:14:17:42 -0500] "GET /sipse/faces/javax.faces.resource/primefaces.js?ln=primefaces&v=4.0 HTTP/1.1" 304 -
190.66.247.53 - - [05/Feb/2023:14:17:42 -0500] "GET /sipse/faces/javax.faces.resource/layout/layout.js?ln=primefaces&v=4.0 HTTP/1.1" 304 -
190.66.247.53 - - [05/Feb/2023:14:17:42 -0500] "POST /sipse/faces/presentacion/financiero/solicitudProceso/consultarHistorialSolProceso.xhtml HTTP/1.1" 200 197398
172.22.2.4 - - [05/Feb/2023:14:17:53 -0500] "GET /BLA/boletinlegal/Directivas/2016/Directiva%20No.%2004%20del%2023%20de%20Diciembre%20de%202016.pdf HTTP/1.1" 304 -
190.66.247.53 - - [05/Feb/2023:14:17:58 -0500] "POST /sipse/faces/presentacion/financiero/solicitudProceso/consultarSolicitudProceso.xhtml HTTP/1.1" 200 1103534
190.66.247.53 - - [05/Feb/2023:14:18:27 -0500] "POST /sipse/faces/presentacion/financiero/solicitudProceso/consultarSolicitudProceso.xhtml HTTP/1.1" 200 1345717
190.66.247.53 - - [05/Feb/2023:14:18:37 -0500] "POST /sipse/faces/presentacion/financiero/solicitudProceso/consultarSolicitudProceso.xhtml HTTP/1.1" 200 318564
190.66.247.53 - - [05/Feb/2023:14:18:47 -0500] "POST /sipse/faces/presentacion/financiero/solicitudProceso/consultarSolicitudProceso.xhtml HTTP/1.1" 200 2414848
201.245.192.253 - - [05/Feb/2023:14:18:48 -0500] "POST /kwsrmcab/Wsrmcab HTTP/1.1" 200 39206
201.245.192.253 - - [05/Feb/2023:14:18:51 -0500] "POST /kwsrmcab/Wsrmcab HTTP/1.1" 200 42530
190.66.247.53 - - [05/Feb/2023:14:18:55 -0500] "POST /sipse/faces/presentacion/financiero/solicitudProceso/consultarSolicitudProceso.xhtml HTTP/1.1" 200 2010452
190.66.247.53 - - [05/Feb/2023:14:19:29 -0500] "POST /sipse/faces/presentacion/financiero/solicitudProceso/consultarSolicitudProceso.xhtml HTTP/1.1" 200 5526
190.156.243.182 - - [05/Feb/2023:14:20:01 -0500] "GET /appsia/controlador HTTP/1.1" 200 4799
190.156.243.182 - - [05/Feb/2023:14:20:01 -0500] "GET /appsia/css/estilos.css HTTP/1.1" 200 4804
190.156.243.182 - - [05/Feb/2023:14:20:01 -0500] "GET /appsia/scripts/validarIngreso.js HTTP/1.1" 200 851
190.156.243.182 - - [05/Feb/2023:14:20:01 -0500] "GET /appsia/images/logo_bogota_p.png HTTP/1.1" 200 14951
190.156.243.182 - - [05/Feb/2023:14:20:01 -0500] "GET /appsia/images/cabezoteHojaVida.png HTTP/1.1" 200 32493
190.156.243.182 - - [05/Feb/2023:14:20:01 -0500] "GET /favicon.ico HTTP/1.1" 200 7782
157.55.39.142 - - [05/Feb/2023:14:20:08 -0500] "GET /bla/resoluciones/autos%202021/4890.pdf HTTP/1.1" 200 845559
190.66.247.53 - - [05/Feb/2023:14:20:14 -0500] "POST /sipse/faces/presentacion/financiero/solicitudProceso/consultarSolicitudProceso.xhtml HTTP/1.1" 200 5522
216.245.221.92 - - [05/Feb/2023:14:20:25 -0500] "HEAD / HTTP/1.1" 200 -
190.156.243.182 - - [05/Feb/2023:14:20:32 -0500] "POST /appsia/controlador HTTP/1.1" 200 3602
190.156.243.182 - - [05/Feb/2023:14:20:32 -0500] "GET /appsia/jscripts/validarSolicitud.js HTTP/1.1" 404 68
190.156.243.182 - - [05/Feb/2023:14:20:39 -0500] "GET /appsia/controlador HTTP/1.1" 200 4799
190.156.243.182 - - [05/Feb/2023:14:20:49 -0500] "POST /appsia/controlador HTTP/1.1" 200 4621
172.22.2.4 - - [05/Feb/2023:14:19:48 -0500] "GET /BLA/boletinlegal/ HTTP/1.1" 200 32715
190.156.243.182 - - [05/Feb/2023:14:20:53 -0500] "POST /appsia/controlador HTTP/1.1" 200 7733
190.156.243.182 - - [05/Feb/2023:14:20:53 -0500] "GET /appsia/images/logo_escudo.png HTTP/1.1" 200 36965
186.29.32.31 - - [05/Feb/2023:14:20:55 -0500] "GET /camino-guadalupe-aguanoso-abierto-este-fin-de-semana-y-cerrado-los-primeros-dias-de-febrero-por-mantenimiento.html HTTP/1.1" 200 804
186.29.32.31 - - [05/Feb/2023:14:20:55 -0500] "GET /favicon.ico HTTP/1.1" 404 1522
201.245.192.253 - - [05/Feb/2023:14:20:54 -0500] "POST /kwsrmcab/Wsrmcab  HTTP/1.1" 200 213
172.22.2.4 - - [05/Feb/2023:14:19:43 -0500] "HEAD /BLA/boletinlegal/ HTTP/1.1" 200 -
157.55.39.117 - - [05/Feb/2023:14:21:54 -0500] "GET /BLA/resoluciones/AUTOS%202021/4438.pdf HTTP/1.1" 200 403620
172.22.2.4 - - [05/Feb/2023:14:20:34 -0500] "GET /BLA/boletinlegal/ HTTP/1.1" 200 54100
216.244.66.246 - - [05/Feb/2023:14:23:35 -0500] "-" 408 -
34.90.203.132 - - [05/Feb/2023:14:23:41 -0500] "GET /inventario-de-emisiones-2020-transporte-publico-sitp-redujo-emisiones-de-pm-2-5-en-un-37.html HTTP/1.1" 200 925
157.55.39.142 - - [05/Feb/2023:14:23:48 -0500] "GET /bla/resoluciones/autos%202021/6733.pdf HTTP/1.1" 200 338590
181.53.14.169 - - [05/Feb/2023:14:24:33 -0500] "GET /BLA/resoluciones/RESOLUCIONES%202022/3407.pdf HTTP/1.1" 304 -
216.245.221.92 - - [05/Feb/2023:14:25:25 -0500] "HEAD / HTTP/1.1" 200 -
66.249.66.79 - - [05/Feb/2023:14:25:42 -0500] "-" 408 -
201.245.192.253 - - [05/Feb/2023:14:25:53 -0500] "POST /kwsrmcab/Wsrmcab  HTTP/1.1" 200 213
185.239.215.223 - - [05/Feb/2023:14:25:59 -0500] "HEAD /distrito-declara-alerta-fase-i-en-suroccidente-de-bogota-por-altas-concentraciones-de-material-particulado.html HTTP/1.1" 200 -
94.156.133.149 - - [05/Feb/2023:14:26:00 -0500] "GET /distrito-declara-alerta-fase-i-en-suroccidente-de-bogota-por-altas-concentraciones-de-material-particulado.html HTTP/1.1" 200 883
84.39.201.3 - - [05/Feb/2023:14:26:07 -0500] "GET /distrito-declara-alerta-fase-i-en-suroccidente-de-bogota-por-altas-concentraciones-de-material-particulado.html HTTP/1.1" 200 883
45.8.164.151 - - [05/Feb/2023:14:26:10 -0500] "GET /distrito-declara-alerta-fase-i-en-suroccidente-de-bogota-por-altas-concentraciones-de-material-particulado.html HTTP/1.1" 200 883
5.252.248.2 - - [05/Feb/2023:14:26:11 -0500] "GET /distrito-declara-alerta-fase-i-en-suroccidente-de-bogota-por-altas-concentraciones-de-material-particulado.html HTTP/1.1" 200 883
45.8.167.58 - - [05/Feb/2023:14:26:51 -0500] "GET /images/3%20de%20febrero%20l%C3%ADneas%20de%20contaminaci%C3%B3n.jpeg HTTP/1.1" 404 1160
45.8.166.65 - - [05/Feb/2023:14:26:51 -0500] "GET /n.jpeg HTTP/1.1" 404 1160
45.8.165.42 - - [05/Feb/2023:14:26:52 -0500] "GET /images/3%20de%20febrero%20l%C3%ADneas%20de%20contaminaci%C3%B3n.jpeg HTTP/1.1" 404 1160
45.8.166.172 - - [05/Feb/2023:14:26:52 -0500] "GET /n.jpeg HTTP/1.1" 404 1160
186.84.88.130 - - [05/Feb/2023:14:27:01 -0500] "GET /distrito-entrego-certificado-de-reconocimiento-a-mas-de-600-mujeres-que-reverdecen-tras-seis-meses-de-formacion-teorica-y-practica.html HTTP/1.1" 200 1113
172.22.2.4 - - [05/Feb/2023:14:25:33 -0500] "HEAD /BLA/boletinlegal/ HTTP/1.1" 200 -
172.22.2.4 - - [05/Feb/2023:14:26:24 -0500] "GET /BLA/boletinlegal/ HTTP/1.1" 200 59035
201.245.192.253 - - [05/Feb/2023:14:28:49 -0500] "POST /kwsrmcab/Wsrmcab HTTP/1.1" 200 39206
201.245.192.253 - - [05/Feb/2023:14:28:52 -0500] "POST /kwsrmcab/Wsrmcab HTTP/1.1" 200 42530
114.119.141.42 - - [05/Feb/2023:14:29:20 -0500] "-" 408 -
40.77.191.221 - - [05/Feb/2023:14:29:35 -0500] "GET /sipse/js/disable_browser_buttons.js HTTP/1.1" 200 3230
40.77.191.223 - - [05/Feb/2023:14:29:35 -0500] "GET /sipse/faces/javax.faces.resource/layout/layout.css;jsessionid=ygxYlfR2RIJZ6GMSDvuWa2Jb.undefined?ln=primefaces&v=4.0 HTTP/1.1" 200 542
40.77.139.85 - - [05/Feb/2023:14:29:35 -0500] "GET /sipse/faces/javax.faces.resource/theme.css?ln=primefaces-sipse HTTP/1.1" 200 50058
40.77.139.89 - - [05/Feb/2023:14:29:35 -0500] "GET /sipse/faces/javax.faces.resource/primefaces.css;jsessionid=ygxYlfR2RIJZ6GMSDvuWa2Jb.undefined?ln=primefaces&v=4.0 HTTP/1.1" 200 53295
40.77.139.111 - - [05/Feb/2023:14:29:35 -0500] "GET /sipse/faces/javax.faces.resource/layout/layout.js;jsessionid=ygxYlfR2RIJZ6GMSDvuWa2Jb.undefined?ln=primefaces&v=4.0 HTTP/1.1" 200 87560
40.77.139.26 - - [05/Feb/2023:14:29:35 -0500] "GET /sipse/faces/javax.faces.resource/primefaces.js;jsessionid=ygxYlfR2RIJZ6GMSDvuWa2Jb.undefined?ln=primefaces&v=4.0 HTTP/1.1" 200 276924
40.77.191.223 - - [05/Feb/2023:14:29:37 -0500] "GET /sipse/faces/index.xhtml HTTP/1.1" 200 677
157.55.39.6 - - [05/Feb/2023:14:30:04 -0500] "GET /bla/resoluciones/autos%202021/4587.pdf HTTP/1.1" 200 349986
216.245.221.92 - - [05/Feb/2023:14:30:25 -0500] "HEAD / HTTP/1.1" 200 -
157.55.39.6 - - [05/Feb/2023:14:30:43 -0500] "GET /BLA/resoluciones/AUTOS%202021/3512.pdf HTTP/1.1" 200 932172
157.55.39.6 - - [05/Feb/2023:14:30:52 -0500] "GET /BLA/resoluciones/AUTOS%202021/3384.pdf HTTP/1.1" 200 405350
201.245.192.253 - - [05/Feb/2023:14:30:51 -0500] "POST /kwsrmcab/Wsrmcab  HTTP/1.1" 200 213
157.55.39.6 - - [05/Feb/2023:14:31:03 -0500] "GET /BLA/resoluciones/AUTOS%202021/3511.pdf HTTP/1.1" 200 1041671
157.55.39.142 - - [05/Feb/2023:14:31:09 -0500] "GET /bla/resoluciones/autos%202021/4445.pdf HTTP/1.1" 200 378388
157.55.39.6 - - [05/Feb/2023:14:31:11 -0500] "GET /BLA/resoluciones/AUTOS%202021/3409.pdf HTTP/1.1" 200 713026
157.55.39.6 - - [05/Feb/2023:14:31:23 -0500] "GET /BLA/resoluciones/AUTOS%202021/3381.pdf HTTP/1.1" 200 400419
52.167.144.49 - - [05/Feb/2023:14:33:02 -0500] "GET /bla/resoluciones/autos%202021/5880.pdf HTTP/1.1" 200 397038
172.22.2.4 - - [05/Feb/2023:14:31:23 -0500] "HEAD /BLA/boletinlegal/ HTTP/1.1" 200 -
190.66.247.53 - - [05/Feb/2023:14:33:21 -0500] "POST /sipse/faces/presentacion/financiero/solicitudProceso/consultarSolicitudProceso.xhtml HTTP/1.1" 200 62042
190.66.247.53 - - [05/Feb/2023:14:33:24 -0500] "GET /sipse/faces/javax.faces.resource/theme.css?ln=primefaces-sipse HTTP/1.1" 304 -
190.66.247.53 - - [05/Feb/2023:14:33:24 -0500] "GET /sipse/faces/javax.faces.resource/primefaces.css?ln=primefaces&v=4.0 HTTP/1.1" 304 -
190.66.247.53 - - [05/Feb/2023:14:33:24 -0500] "GET /sipse/faces/javax.faces.resource/layout/layout.css?ln=primefaces&v=4.0 HTTP/1.1" 304 -
190.66.247.53 - - [05/Feb/2023:14:33:24 -0500] "GET /sipse/css/imagen/contrasena.png HTTP/1.1" 404 383
190.66.247.53 - - [05/Feb/2023:14:33:24 -0500] "GET /sipse/faces/javax.faces.resource/jquery/jquery.js?ln=primefaces&v=4.0 HTTP/1.1" 304 -
190.66.247.53 - - [05/Feb/2023:14:33:24 -0500] "GET /sipse/faces/javax.faces.resource/jquery/jquery-plugins.js?ln=primefaces&v=4.0 HTTP/1.1" 304 -
190.66.247.53 - - [05/Feb/2023:14:33:24 -0500] "GET /sipse/faces/javax.faces.resource/primefaces.js?ln=primefaces&v=4.0 HTTP/1.1" 304 -
190.66.247.53 - - [05/Feb/2023:14:33:24 -0500] "GET /sipse/faces/javax.faces.resource/layout/layout.js?ln=primefaces&v=4.0 HTTP/1.1" 304 -
190.66.247.53 - - [05/Feb/2023:14:33:25 -0500] "GET /sipse/faces/javax.faces.resource/images/ui-icons_898989_256x240.png?ln=primefaces-aristo HTTP/1.1" 304 -
190.66.247.53 - - [05/Feb/2023:14:33:25 -0500] "GET /sipse/faces/javax.faces.resource/messages/messages.png?ln=primefaces&v=4.0 HTTP/1.1" 304 -
190.66.247.53 - - [05/Feb/2023:14:33:25 -0500] "GET /sipse/faces/javax.faces.resource/images/ui-bg_flat_0_2d5972_40x100.png?ln=primefaces-aristo HTTP/1.1" 304 -
190.66.247.53 - - [05/Feb/2023:14:33:25 -0500] "POST /sipse/faces/presentacion/financiero/solicitudProceso/listarSolicitudProceso.xhtml HTTP/1.1" 200 1552
190.66.247.53 - - [05/Feb/2023:14:33:36 -0500] "POST /sipse/faces/presentacion/financiero/solicitudProceso/listarSolicitudProceso.xhtml HTTP/1.1" 200 32267
172.22.2.4 - - [05/Feb/2023:14:32:14 -0500] "GET /BLA/boletinlegal/ HTTP/1.1" 200 59404
52.167.144.49 - - [05/Feb/2023:14:34:22 -0500] "GET /bla/resoluciones/autos%202021/6521.pdf HTTP/1.1" 200 354647
66.249.66.6 - - [05/Feb/2023:14:34:36 -0500] "-" 408 -
216.245.221.92 - - [05/Feb/2023:14:35:25 -0500] "HEAD / HTTP/1.1" 200 -
201.245.192.253 - - [05/Feb/2023:14:35:51 -0500] "POST /kwsrmcab/Wsrmcab  HTTP/1.1" 200 213
157.55.39.117 - - [05/Feb/2023:14:36:35 -0500] "GET /BLA/resoluciones/AUTOS%202021/4642.pdf HTTP/1.1" 200 488292
201.245.192.253 - - [05/Feb/2023:14:38:48 -0500] "POST /kwsrmcab/Wsrmcab HTTP/1.1" 200 39206
201.245.192.253 - - [05/Feb/2023:14:38:51 -0500] "POST /kwsrmcab/Wsrmcab HTTP/1.1" 200 42530
172.22.2.4 - - [05/Feb/2023:14:37:13 -0500] "HEAD /BLA/boletinlegal/ HTTP/1.1" 200 -
186.102.58.154 - - [05/Feb/2023:14:39:18 -0500] "-" 408 -
190.66.247.53 - - [05/Feb/2023:14:39:23 -0500] "POST /sipse/faces/presentacion/financiero/solicitudProceso/listarSolicitudProceso.xhtml HTTP/1.1" 200 32018
190.66.247.53 - - [05/Feb/2023:14:39:31 -0500] "POST /sipse/faces/presentacion/financiero/solicitudProceso/listarSolicitudProceso.xhtml HTTP/1.1" 200 27092
190.66.247.53 - - [05/Feb/2023:14:39:37 -0500] "POST /sipse/faces/presentacion/financiero/solicitudProceso/listarSolicitudProceso.xhtml HTTP/1.1" 200 32255
172.22.2.4 - - [05/Feb/2023:14:38:04 -0500] "GET /BLA/boletinlegal/ HTTP/1.1" 200 57192
216.245.221.92 - - [05/Feb/2023:14:40:25 -0500] "HEAD / HTTP/1.1" 200 -
201.245.192.253 - - [05/Feb/2023:14:40:49 -0500] "POST /kwsrmcab/Wsrmcab  HTTP/1.1" 200 213
172.22.2.4 - - [05/Feb/2023:14:43:03 -0500] "HEAD /BLA/boletinlegal/ HTTP/1.1" 200 -
157.55.39.117 - - [05/Feb/2023:14:44:47 -0500] "GET /BLA/resoluciones/RESOLUCIONES%202022/3372.pdf HTTP/1.1" 200 657863
173.252.95.8 - - [05/Feb/2023:14:45:13 -0500] "GET /images/2%20de%20febrero%20liberaci\xc3\xb3n%20Tunjo.jpeg HTTP/1.1" 404 1034
216.245.221.92 - - [05/Feb/2023:14:45:25 -0500] "HEAD / HTTP/1.1" 200 -
172.22.2.4 - - [05/Feb/2023:14:43:54 -0500] "GET /BLA/boletinlegal/ HTTP/1.1" 200 57192
201.245.192.253 - - [05/Feb/2023:14:45:48 -0500] "POST /kwsrmcab/Wsrmcab  HTTP/1.1" 200 213
52.167.144.49 - - [05/Feb/2023:14:49:14 -0500] "GET /bla/resoluciones/autos%202021/6342.pdf HTTP/1.1" 200 878056
216.245.221.92 - - [05/Feb/2023:14:50:25 -0500] "HEAD / HTTP/1.1" 200 -
172.22.2.4 - - [05/Feb/2023:14:48:53 -0500] "HEAD /BLA/boletinlegal/ HTTP/1.1" 200 -
201.245.192.253 - - [05/Feb/2023:14:50:48 -0500] "POST /kwsrmcab/Wsrmcab  HTTP/1.1" 200 213
172.22.2.4 - - [05/Feb/2023:14:49:44 -0500] "GET /BLA/boletinlegal/ HTTP/1.1" 200 54100
69.171.231.1 - - [05/Feb/2023:14:51:55 -0500] "GET /images/1%20de%20febrero%20D\xc3\xada%20sin%20carro.jpeg HTTP/1.1" 404 1034
173.252.83.24 - - [05/Feb/2023:14:53:21 -0500] "GET /images/1%20de%20febrero%20D\xc3\xada%20sin%20carro.jpeg HTTP/1.1" 404 1034
186.84.90.181 - - [05/Feb/2023:14:53:36 -0500] "GET /sipse/faces/faces/autenticacion.xhtml HTTP/1.1" 200 12494
186.84.90.181 - - [05/Feb/2023:14:53:36 -0500] "GET /sipse/faces/faces/autenticacion.xhtml HTTP/1.1" 200 12172
186.84.90.181 - - [05/Feb/2023:14:53:37 -0500] "GET /sipse/css/custom_css_sg.css HTTP/1.1" 304 -
186.84.90.181 - - [05/Feb/2023:14:53:37 -0500] "GET /sipse/css/custom_css_sg_prime_login.css HTTP/1.1" 304 -
186.84.90.181 - - [05/Feb/2023:14:53:37 -0500] "GET /sipse/faces/javax.faces.resource/theme.css?ln=primefaces-sipse HTTP/1.1" 304 -
186.84.90.181 - - [05/Feb/2023:14:53:37 -0500] "GET /sipse/faces/javax.faces.resource/primefaces.css?ln=primefaces&v=4.0 HTTP/1.1" 304 -
186.84.90.181 - - [05/Feb/2023:14:53:37 -0500] "GET /sipse/faces/javax.faces.resource/layout/layout.css?ln=primefaces&v=4.0 HTTP/1.1" 304 -
186.84.90.181 - - [05/Feb/2023:14:53:37 -0500] "GET /sipse/js/disable_browser_buttons.js HTTP/1.1" 304 -
186.84.90.181 - - [05/Feb/2023:14:53:37 -0500] "GET /sipse/js/funciones.js HTTP/1.1" 304 -
186.84.90.181 - - [05/Feb/2023:14:53:37 -0500] "GET /sipse/faces/javax.faces.resource/jquery/jquery.js?ln=primefaces&v=4.0 HTTP/1.1" 304 -
186.84.90.181 - - [05/Feb/2023:14:53:37 -0500] "GET /sipse/faces/javax.faces.resource/jquery/jquery-plugins.js?ln=primefaces&v=4.0 HTTP/1.1" 304 -
186.84.90.181 - - [05/Feb/2023:14:53:37 -0500] "GET /sipse/faces/javax.faces.resource/primefaces.js?ln=primefaces&v=4.0 HTTP/1.1" 304 -
186.84.90.181 - - [05/Feb/2023:14:53:37 -0500] "GET /sipse/faces/javax.faces.resource/layout/layout.js?ln=primefaces&v=4.0 HTTP/1.1" 304 -
186.84.90.181 - - [05/Feb/2023:14:53:37 -0500] "GET /sipse/css/imagen/logoSDG.png HTTP/1.1" 304 -
186.84.90.181 - - [05/Feb/2023:14:53:37 -0500] "GET /sipse/css/imagen/loginimg.png HTTP/1.1" 304 -
186.84.90.181 - - [05/Feb/2023:14:53:37 -0500] "GET /sipse/faces/javax.faces.resource/images/ui-icons_898989_256x240.png?ln=primefaces-aristo HTTP/1.1" 304 -
186.84.90.181 - - [05/Feb/2023:14:53:37 -0500] "GET /sipse/faces/faces/index.xhtml HTTP/1.1" 200 677
186.84.90.181 - - [05/Feb/2023:14:53:37 -0500] "GET /sipse/faces/javax.faces.resource/theme.css?ln=primefaces-sipse HTTP/1.1" 304 -
186.84.90.181 - - [05/Feb/2023:14:53:42 -0500] "GET /sipse/faces/faces/faces/autenticacion.xhtml HTTP/1.1" 200 12172
186.84.90.181 - - [05/Feb/2023:14:53:42 -0500] "GET /sipse/faces/javax.faces.resource/theme.css?ln=primefaces-sipse HTTP/1.1" 304 -
186.84.90.181 - - [05/Feb/2023:14:53:42 -0500] "GET /sipse/faces/javax.faces.resource/primefaces.css?ln=primefaces&v=4.0 HTTP/1.1" 304 -
186.84.90.181 - - [05/Feb/2023:14:53:42 -0500] "GET /sipse/faces/javax.faces.resource/jquery/jquery-plugins.js?ln=primefaces&v=4.0 HTTP/1.1" 304 -
186.84.90.181 - - [05/Feb/2023:14:53:42 -0500] "GET /sipse/faces/javax.faces.resource/layout/layout.css?ln=primefaces&v=4.0 HTTP/1.1" 304 -
186.84.90.181 - - [05/Feb/2023:14:53:42 -0500] "GET /sipse/faces/javax.faces.resource/primefaces.js?ln=primefaces&v=4.0 HTTP/1.1" 304 -
186.84.90.181 - - [05/Feb/2023:14:53:42 -0500] "GET /sipse/faces/javax.faces.resource/jquery/jquery.js?ln=primefaces&v=4.0 HTTP/1.1" 304 -
186.84.90.181 - - [05/Feb/2023:14:53:42 -0500] "GET /sipse/faces/javax.faces.resource/layout/layout.js?ln=primefaces&v=4.0 HTTP/1.1" 304 -
52.167.144.97 - - [05/Feb/2023:14:53:51 -0500] "GET /BLA/resoluciones/RESOLUCIONES%202004/RES%202004%202101-2150/00002137.tif HTTP/1.1" 200 143662
186.84.22.63 - - [05/Feb/2023:14:54:11 -0500] "GET /sipse/faces/index.xhtml HTTP/1.1" 200 677
186.84.22.63 - - [05/Feb/2023:14:54:11 -0500] "GET /sipse/faces/javax.faces.resource/theme.css?ln=primefaces-sipse HTTP/1.1" 304 -
186.84.22.63 - - [05/Feb/2023:14:54:11 -0500] "GET /sipse/faces/faces/autenticacion.xhtml HTTP/1.1" 200 12172
186.84.22.63 - - [05/Feb/2023:14:54:11 -0500] "GET /sipse/faces/javax.faces.resource/theme.css?ln=primefaces-sipse HTTP/1.1" 304 -
186.84.22.63 - - [05/Feb/2023:14:54:11 -0500] "GET /sipse/css/custom_css_sg.css HTTP/1.1" 304 -
186.84.22.63 - - [05/Feb/2023:14:54:11 -0500] "GET /sipse/css/custom_css_sg_prime_login.css HTTP/1.1" 304 -
186.84.22.63 - - [05/Feb/2023:14:54:11 -0500] "GET /sipse/faces/javax.faces.resource/primefaces.css?ln=primefaces&v=4.0 HTTP/1.1" 304 -
186.84.22.63 - - [05/Feb/2023:14:54:11 -0500] "GET /sipse/js/disable_browser_buttons.js HTTP/1.1" 304 -
186.84.22.63 - - [05/Feb/2023:14:54:11 -0500] "GET /sipse/js/funciones.js HTTP/1.1" 304 -
186.84.22.63 - - [05/Feb/2023:14:54:11 -0500] "GET /sipse/faces/javax.faces.resource/jquery/jquery.js?ln=primefaces&v=4.0 HTTP/1.1" 304 -
186.84.22.63 - - [05/Feb/2023:14:54:11 -0500] "GET /sipse/faces/javax.faces.resource/layout/layout.css?ln=primefaces&v=4.0 HTTP/1.1" 304 -
186.84.22.63 - - [05/Feb/2023:14:54:11 -0500] "GET /sipse/faces/javax.faces.resource/jquery/jquery-plugins.js?ln=primefaces&v=4.0 HTTP/1.1" 304 -
186.84.22.63 - - [05/Feb/2023:14:54:11 -0500] "GET /sipse/faces/javax.faces.resource/primefaces.js?ln=primefaces&v=4.0 HTTP/1.1" 304 -
186.84.22.63 - - [05/Feb/2023:14:54:11 -0500] "GET /sipse/faces/javax.faces.resource/layout/layout.js?ln=primefaces&v=4.0 HTTP/1.1" 304 -
186.84.22.63 - - [05/Feb/2023:14:54:12 -0500] "GET /sipse/css/imagen/loginimg.png HTTP/1.1" 304 -
186.84.22.63 - - [05/Feb/2023:14:54:12 -0500] "GET /sipse/css/imagen/logoSDG.png HTTP/1.1" 304 -
186.84.22.63 - - [05/Feb/2023:14:54:12 -0500] "GET /sipse/faces/javax.faces.resource/images/ui-icons_898989_256x240.png?ln=primefaces-aristo HTTP/1.1" 304 -
40.77.167.251 - - [05/Feb/2023:14:54:18 -0500] "GET /bla/resoluciones/autos%202021/5762.pdf HTTP/1.1" 200 410956
172.22.2.4 - - [05/Feb/2023:14:54:56 -0500] "GET /BLA/boletinlegal/style.css HTTP/1.1" 200 9406
172.22.2.4 - - [05/Feb/2023:14:54:56 -0500] "GET /BLA/boletinlegal/styles2.css HTTP/1.1" 200 1838
172.22.2.4 - - [05/Feb/2023:14:54:56 -0500] "GET /BLA/boletinlegal/js/jquery.js HTTP/1.1" 200 57254
172.22.2.4 - - [05/Feb/2023:14:54:56 -0500] "GET /BLA/boletinlegal/js/jquery.scrollShow.js HTTP/1.1" 200 4586
172.22.2.4 - - [05/Feb/2023:14:54:56 -0500] "GET /BLA/boletinlegal/js/jquery.scrollTo-min.js HTTP/1.1" 200 1150
172.22.2.4 - - [05/Feb/2023:14:54:56 -0500] "GET /BLA/boletinlegal/images/cabezote%20BLEGAL.jpg HTTP/1.1" 200 118164
172.22.2.4 - - [05/Feb/2023:14:54:56 -0500] "GET /BLA/boletinlegal/images/subscribe-icon-big.png HTTP/1.1" 200 47702
172.22.2.4 - - [05/Feb/2023:14:54:56 -0500] "GET /BLA/boletinlegal/images/historia.png HTTP/1.1" 200 52775
172.22.2.4 - - [05/Feb/2023:14:54:56 -0500] "GET /BLA/boletinlegal/images/arr_l.jpg HTTP/1.1" 200 1979
172.22.2.4 - - [05/Feb/2023:14:54:56 -0500] "GET /BLA/boletinlegal/images/registro-usuarios.png HTTP/1.1" 200 8106
172.22.2.4 - - [05/Feb/2023:14:54:56 -0500] "GET /BLA/boletinlegal/images/screen_1.png HTTP/1.1" 200 202547
172.22.2.4 - - [05/Feb/2023:14:54:57 -0500] "GET /BLA/boletinlegal/images/launch.jpg HTTP/1.1" 200 14577
172.22.2.4 - - [05/Feb/2023:14:54:57 -0500] "GET /BLA/boletinlegal/images/body_bg.jpg HTTP/1.1" 200 1601
172.22.2.4 - - [05/Feb/2023:14:54:57 -0500] "GET /BLA/boletinlegal/images/menu_lft.gif HTTP/1.1" 200 1713
172.22.2.4 - - [05/Feb/2023:14:54:57 -0500] "GET /BLA/boletinlegal/images/menu_rght.gif HTTP/1.1" 200 1627
172.22.2.4 - - [05/Feb/2023:14:54:57 -0500] "GET /BLA/boletinlegal/images/bg_top.jpg HTTP/1.1" 200 522
172.22.2.4 - - [05/Feb/2023:14:54:57 -0500] "GET /BLA/boletinlegal/images/menu_bg.jpg HTTP/1.1" 200 620
172.22.2.4 - - [05/Feb/2023:14:54:57 -0500] "GET /BLA/boletinlegal/images/hover.jpg HTTP/1.1" 200 640
172.22.2.4 - - [05/Feb/2023:14:54:57 -0500] "GET /BLA/boletinlegal/images/text.jpg HTTP/1.1" 200 568
172.22.2.4 - - [05/Feb/2023:14:55:04 -0500] "GET /BLA/boletinlegal/actos.php HTTP/1.1" 200 9606
172.22.2.4 - - [05/Feb/2023:14:55:04 -0500] "GET /BLA/boletinlegal/js/ajax_actos.js HTTP/1.1" 200 1322
172.22.2.4 - - [05/Feb/2023:14:55:04 -0500] "GET /BLA/boletinlegal/niceforms-default.css HTTP/1.1" 200 6694
172.22.2.4 - - [05/Feb/2023:14:55:04 -0500] "GET /BLA/boletinlegal/niceforms.js HTTP/1.1" 200 22876
172.22.2.4 - - [05/Feb/2023:14:55:04 -0500] "GET /BLA/boletinlegal/js/lib.js HTTP/1.1" 200 6474
172.22.2.4 - - [05/Feb/2023:14:55:04 -0500] "GET /BLA/boletinlegal/js/jquery1.js HTTP/1.1" 200 29846
172.22.2.4 - - [05/Feb/2023:14:55:04 -0500] "GET /BLA/boletinlegal/js/popup.js HTTP/1.1" 200 1270
172.22.2.4 - - [05/Feb/2023:14:55:04 -0500] "GET /BLA/boletinlegal/images/icono-email.png HTTP/1.1" 200 5544
172.22.2.4 - - [05/Feb/2023:14:55:04 -0500] "GET /BLA/boletinlegal/images/tel.png HTTP/1.1" 200 14477
172.22.2.4 - - [05/Feb/2023:14:55:04 -0500] "GET /BLA/boletinlegal/images/green-yellow-blue-pink-th.png HTTP/1.1" 200 7394
172.22.2.4 - - [05/Feb/2023:14:55:04 -0500] "GET /BLA/boletinlegal/images/footer_bg.jpg HTTP/1.1" 200 586
172.22.2.4 - - [05/Feb/2023:14:55:04 -0500] "GET /BLA/boletinlegal/images/footer_bg_l.jpg HTTP/1.1" 200 776
172.22.2.4 - - [05/Feb/2023:14:55:05 -0500] "GET /BLA/boletinlegal/img/0.png HTTP/1.1" 200 110
172.22.2.4 - - [05/Feb/2023:14:55:05 -0500] "GET /BLA/boletinlegal/img/select-left.png HTTP/1.1" 200 263
172.22.2.4 - - [05/Feb/2023:14:55:05 -0500] "GET /BLA/boletinlegal/img/select-right.png HTTP/1.1" 200 44019
172.22.2.4 - - [05/Feb/2023:14:55:05 -0500] "GET /BLA/boletinlegal/img/button-left.png HTTP/1.1" 200 57071
172.22.2.4 - - [05/Feb/2023:14:55:05 -0500] "GET /BLA/boletinlegal/img/button-right.png HTTP/1.1" 200 57878
172.22.2.4 - - [05/Feb/2023:14:55:05 -0500] "GET /BLA/boletinlegal/img/button.png HTTP/1.1" 200 43241
172.22.2.4 - - [05/Feb/2023:14:55:05 -0500] "GET /BLA/boletinlegal/favicon.ico HTTP/1.1" 404 1326
216.245.221.92 - - [05/Feb/2023:14:55:25 -0500] "HEAD / HTTP/1.1" 200 -
172.22.2.4 - - [05/Feb/2023:14:55:27 -0500] "GET /BLA/boletinlegal/consulta_actos.php?tipo=resoluciones&no=5794&usuario=&sector=&fecha=2009&resuelve= HTTP/1.1" 200 1185
172.22.2.4 - - [05/Feb/2023:14:55:27 -0500] "GET /BLA/boletinlegal/images/pdf.gif HTTP/1.1" 200 567
186.84.22.63 - - [05/Feb/2023:14:55:33 -0500] "POST /sipse/faces/autenticacion.xhtml HTTP/1.1" 200 16068
172.22.2.4 - - [05/Feb/2023:14:54:56 -0500] "GET /BLA/boletinlegal/ HTTP/1.1" 200 24523
186.84.22.63 - - [05/Feb/2023:14:55:34 -0500] "GET /sipse/faces/javax.faces.resource/theme.css?ln=primefaces-sipse HTTP/1.1" 304 -
186.84.22.63 - - [05/Feb/2023:14:55:34 -0500] "GET /sipse/faces/javax.faces.resource/primefaces.css?ln=primefaces&v=4.0 HTTP/1.1" 304 -
186.84.22.63 - - [05/Feb/2023:14:55:34 -0500] "GET /sipse/js/jquery.min.js HTTP/1.1" 304 -
186.84.22.63 - - [05/Feb/2023:14:55:34 -0500] "GET /sipse/css/custom_css_sg_prime.css HTTP/1.1" 304 -
186.84.22.63 - - [05/Feb/2023:14:55:34 -0500] "GET /sipse/faces/javax.faces.resource/layout/layout.css?ln=primefaces&v=4.0 HTTP/1.1" 304 -
186.84.22.63 - - [05/Feb/2023:14:55:34 -0500] "GET /sipse/faces/javax.faces.resource/jquery/jquery.js?ln=primefaces&v=4.0 HTTP/1.1" 304 -
186.84.22.63 - - [05/Feb/2023:14:55:35 -0500] "GET /sipse/faces/javax.faces.resource/jquery/jquery-plugins.js?ln=primefaces&v=4.0 HTTP/1.1" 304 -
186.84.22.63 - - [05/Feb/2023:14:55:35 -0500] "GET /sipse/faces/javax.faces.resource/primefaces.js?ln=primefaces&v=4.0 HTTP/1.1" 304 -
186.84.22.63 - - [05/Feb/2023:14:55:35 -0500] "GET /sipse/faces/javax.faces.resource/layout/layout.js?ln=primefaces&v=4.0 HTTP/1.1" 304 -
186.84.22.63 - - [05/Feb/2023:14:55:35 -0500] "GET /sipse/imagenes/cargando.gif HTTP/1.1" 304 -
186.84.22.63 - - [05/Feb/2023:14:55:35 -0500] "GET /sipse/imagenes/logoAplicacion.jpg HTTP/1.1" 304 -
186.84.22.63 - - [05/Feb/2023:14:55:35 -0500] "GET /sipse/css/imagen/contrasena.png HTTP/1.1" 404 383
186.84.22.63 - - [05/Feb/2023:14:55:35 -0500] "GET /sipse/faces/javax.faces.resource/messages/messages.png?ln=primefaces&v=4.0 HTTP/1.1" 304 -
66.249.66.79 - - [05/Feb/2023:14:55:37 -0500] "-" 408 -
186.84.22.63 - - [05/Feb/2023:14:55:43 -0500] "GET /sipse/faces/javax.faces.resource/images/ui-bg_flat_0_2d5972_40x100.png?ln=primefaces-aristo HTTP/1.1" 304 -
186.84.22.63 - - [05/Feb/2023:14:55:43 -0500] "POST /sipse/faces/bienvenido.xhtml HTTP/1.1" 200 9145
181.50.66.111 - - [05/Feb/2023:14:55:43 -0500] "GET /BLA/resoluciones/RESOLUCIONES%202009/5794.pdf HTTP/1.1" 200 1061373
181.50.66.111 - - [05/Feb/2023:14:55:45 -0500] "GET /favicon.ico HTTP/1.1" 200 7782
201.245.192.253 - - [05/Feb/2023:14:55:47 -0500] "POST /kwsrmcab/Wsrmcab  HTTP/1.1" 200 213
186.84.22.63 - - [05/Feb/2023:14:55:56 -0500] "POST /sipse/faces/bienvenido.xhtml HTTP/1.1" 200 1471
186.84.22.63 - - [05/Feb/2023:14:55:58 -0500] "POST /sipse/faces/bienvenido.xhtml HTTP/1.1" 200 61545
186.84.22.63 - - [05/Feb/2023:14:55:59 -0500] "GET /sipse/faces/javax.faces.resource/theme.css?ln=primefaces-sipse HTTP/1.1" 304 -
186.84.22.63 - - [05/Feb/2023:14:55:59 -0500] "GET /sipse/faces/javax.faces.resource/primefaces.css?ln=primefaces&v=4.0 HTTP/1.1" 304 -
186.84.22.63 - - [05/Feb/2023:14:55:59 -0500] "GET /sipse/faces/javax.faces.resource/layout/layout.css?ln=primefaces&v=4.0 HTTP/1.1" 304 -
186.84.22.63 - - [05/Feb/2023:14:55:59 -0500] "GET /sipse/faces/javax.faces.resource/jquery/jquery.js?ln=primefaces&v=4.0 HTTP/1.1" 304 -
186.84.22.63 - - [05/Feb/2023:14:55:59 -0500] "GET /sipse/faces/javax.faces.resource/jquery/jquery-plugins.js?ln=primefaces&v=4.0 HTTP/1.1" 304 -
186.84.22.63 - - [05/Feb/2023:14:55:59 -0500] "GET /sipse/faces/javax.faces.resource/primefaces.js?ln=primefaces&v=4.0 HTTP/1.1" 304 -
186.84.22.63 - - [05/Feb/2023:14:55:59 -0500] "GET /sipse/faces/javax.faces.resource/layout/layout.js?ln=primefaces&v=4.0 HTTP/1.1" 304 -
186.84.22.63 - - [05/Feb/2023:14:55:59 -0500] "POST /sipse/faces/presentacion/financiero/solicitudProceso/listarSolicitudProceso.xhtml HTTP/1.1" 200 1552
186.84.22.63 - - [05/Feb/2023:14:56:11 -0500] "POST /sipse/faces/presentacion/financiero/solicitudProceso/listarSolicitudProceso.xhtml HTTP/1.1" 200 31363
186.84.22.63 - - [05/Feb/2023:14:56:14 -0500] "POST /sipse/faces/presentacion/financiero/solicitudProceso/listarSolicitudProceso.xhtml HTTP/1.1" 200 8076
186.84.22.63 - - [05/Feb/2023:14:56:16 -0500] "POST /sipse/faces/presentacion/financiero/solicitudProceso/listarSolicitudProceso.xhtml HTTP/1.1" 200 31305
172.22.2.4 - - [05/Feb/2023:14:54:43 -0500] "HEAD /BLA/boletinlegal/ HTTP/1.1" 200 -
186.84.22.63 - - [05/Feb/2023:14:57:12 -0500] "POST /sipse/faces/presentacion/financiero/solicitudProceso/listarSolicitudProceso.xhtml HTTP/1.1" 200 31686
172.22.2.4 - - [05/Feb/2023:14:55:34 -0500] "GET /BLA/boletinlegal/ HTTP/1.1" 200 56825
186.84.22.63 - - [05/Feb/2023:14:57:14 -0500] "POST /sipse/faces/presentacion/financiero/solicitudProceso/listarSolicitudProceso.xhtml HTTP/1.1" 200 8099
186.84.22.63 - - [05/Feb/2023:14:57:16 -0500] "POST /sipse/faces/presentacion/financiero/solicitudProceso/listarSolicitudProceso.xhtml HTTP/1.1" 200 31616
186.84.22.63 - - [05/Feb/2023:14:58:11 -0500] "POST /sipse/faces/presentacion/financiero/solicitudProceso/listarSolicitudProceso.xhtml HTTP/1.1" 200 142552
186.84.22.63 - - [05/Feb/2023:14:58:12 -0500] "GET /sipse/faces/javax.faces.resource/theme.css?ln=primefaces-sipse HTTP/1.1" 304 -
186.84.22.63 - - [05/Feb/2023:14:58:12 -0500] "GET /sipse/faces/javax.faces.resource/primefaces.css?ln=primefaces&v=4.0 HTTP/1.1" 304 -
186.84.22.63 - - [05/Feb/2023:14:58:12 -0500] "GET /sipse/faces/javax.faces.resource/layout/layout.css?ln=primefaces&v=4.0 HTTP/1.1" 304 -
186.84.22.63 - - [05/Feb/2023:14:58:12 -0500] "GET /sipse/faces/javax.faces.resource/jquery/jquery.js?ln=primefaces&v=4.0 HTTP/1.1" 304 -
186.84.22.63 - - [05/Feb/2023:14:58:12 -0500] "GET /sipse/faces/javax.faces.resource/jquery/jquery-plugins.js?ln=primefaces&v=4.0 HTTP/1.1" 304 -
186.84.22.63 - - [05/Feb/2023:14:58:12 -0500] "GET /sipse/faces/javax.faces.resource/primefaces.js?ln=primefaces&v=4.0 HTTP/1.1" 304 -
186.84.22.63 - - [05/Feb/2023:14:58:12 -0500] "GET /sipse/faces/javax.faces.resource/layout/layout.js?ln=primefaces&v=4.0 HTTP/1.1" 304 -
186.84.22.63 - - [05/Feb/2023:14:58:20 -0500] "POST /sipse/faces/presentacion/financiero/solicitudProceso/consultarSolicitudProceso.xhtml HTTP/1.1" 200 128393
186.84.22.63 - - [05/Feb/2023:14:58:35 -0500] "POST /sipse/faces/presentacion/financiero/solicitudProceso/consultarSolicitudProceso.xhtml HTTP/1.1" 200 61707
186.84.22.63 - - [05/Feb/2023:14:58:37 -0500] "GET /sipse/faces/javax.faces.resource/theme.css?ln=primefaces-sipse HTTP/1.1" 304 -
186.84.22.63 - - [05/Feb/2023:14:58:37 -0500] "GET /sipse/faces/javax.faces.resource/primefaces.css?ln=primefaces&v=4.0 HTTP/1.1" 304 -
186.84.22.63 - - [05/Feb/2023:14:58:37 -0500] "GET /sipse/faces/javax.faces.resource/layout/layout.css?ln=primefaces&v=4.0 HTTP/1.1" 304 -
186.84.22.63 - - [05/Feb/2023:14:58:37 -0500] "GET /sipse/faces/javax.faces.resource/jquery/jquery.js?ln=primefaces&v=4.0 HTTP/1.1" 304 -
186.84.22.63 - - [05/Feb/2023:14:58:37 -0500] "GET /sipse/faces/javax.faces.resource/jquery/jquery-plugins.js?ln=primefaces&v=4.0 HTTP/1.1" 304 -
186.84.22.63 - - [05/Feb/2023:14:58:38 -0500] "GET /sipse/faces/javax.faces.resource/primefaces.js?ln=primefaces&v=4.0 HTTP/1.1" 304 -
186.84.22.63 - - [05/Feb/2023:14:58:38 -0500] "GET /sipse/faces/javax.faces.resource/layout/layout.js?ln=primefaces&v=4.0 HTTP/1.1" 304 -
186.84.22.63 - - [05/Feb/2023:14:58:38 -0500] "GET /sipse/faces/javax.faces.resource/messages/messages.png?ln=primefaces&v=4.0 HTTP/1.1" 304 -
186.84.22.63 - - [05/Feb/2023:14:58:38 -0500] "POST /sipse/faces/presentacion/financiero/solicitudProceso/listarSolicitudProceso.xhtml HTTP/1.1" 200 1552
186.84.22.63 - - [05/Feb/2023:14:58:42 -0500] "POST /sipse/faces/presentacion/financiero/solicitudProceso/listarSolicitudProceso.xhtml HTTP/1.1" 200 31667
186.84.22.63 - - [05/Feb/2023:14:59:36 -0500] "POST /sipse/faces/presentacion/financiero/solicitudProceso/listarSolicitudProceso.xhtml HTTP/1.1" 200 5179
186.84.22.63 - - [05/Feb/2023:14:59:46 -0500] "POST /sipse/faces/presentacion/financiero/solicitudProceso/listarSolicitudProceso.xhtml HTTP/1.1" 200 31609
186.84.22.63 - - [05/Feb/2023:14:59:52 -0500] "POST /sipse/faces/presentacion/financiero/solicitudProceso/listarSolicitudProceso.xhtml HTTP/1.1" 200 146203
186.84.22.63 - - [05/Feb/2023:14:59:53 -0500] "GET /sipse/faces/javax.faces.resource/theme.css?ln=primefaces-sipse HTTP/1.1" 304 -
186.84.22.63 - - [05/Feb/2023:14:59:53 -0500] "GET /sipse/faces/javax.faces.resource/primefaces.css?ln=primefaces&v=4.0 HTTP/1.1" 304 -
186.84.22.63 - - [05/Feb/2023:14:59:53 -0500] "GET /sipse/faces/javax.faces.resource/layout/layout.css?ln=primefaces&v=4.0 HTTP/1.1" 304 -
186.84.22.63 - - [05/Feb/2023:14:59:53 -0500] "GET /sipse/faces/javax.faces.resource/jquery/jquery.js?ln=primefaces&v=4.0 HTTP/1.1" 304 -
186.84.22.63 - - [05/Feb/2023:14:59:53 -0500] "GET /sipse/faces/javax.faces.resource/jquery/jquery-plugins.js?ln=primefaces&v=4.0 HTTP/1.1" 304 -
186.84.22.63 - - [05/Feb/2023:14:59:53 -0500] "GET /sipse/faces/javax.faces.resource/primefaces.js?ln=primefaces&v=4.0 HTTP/1.1" 304 -
186.84.22.63 - - [05/Feb/2023:14:59:53 -0500] "GET /sipse/faces/javax.faces.resource/layout/layout.js?ln=primefaces&v=4.0 HTTP/1.1" 304 -
186.84.22.63 - - [05/Feb/2023:15:00:02 -0500] "POST /sipse/faces/presentacion/financiero/solicitudProceso/consultarSolicitudProceso.xhtml HTTP/1.1" 200 69163
186.84.22.63 - - [05/Feb/2023:15:00:13 -0500] "POST /sipse/faces/presentacion/financiero/solicitudProceso/consultarSolicitudProceso.xhtml HTTP/1.1" 200 61724
186.84.22.63 - - [05/Feb/2023:15:00:16 -0500] "GET /sipse/faces/javax.faces.resource/theme.css?ln=primefaces-sipse HTTP/1.1" 304 -
186.84.22.63 - - [05/Feb/2023:15:00:16 -0500] "GET /sipse/faces/javax.faces.resource/primefaces.css?ln=primefaces&v=4.0 HTTP/1.1" 304 -
186.84.22.63 - - [05/Feb/2023:15:00:16 -0500] "GET /sipse/faces/javax.faces.resource/jquery/jquery.js?ln=primefaces&v=4.0 HTTP/1.1" 304 -
186.84.22.63 - - [05/Feb/2023:15:00:16 -0500] "GET /sipse/faces/javax.faces.resource/layout/layout.css?ln=primefaces&v=4.0 HTTP/1.1" 304 -
186.84.22.63 - - [05/Feb/2023:15:00:16 -0500] "GET /sipse/faces/javax.faces.resource/jquery/jquery-plugins.js?ln=primefaces&v=4.0 HTTP/1.1" 304 -
186.84.22.63 - - [05/Feb/2023:15:00:16 -0500] "GET /sipse/faces/javax.faces.resource/primefaces.js?ln=primefaces&v=4.0 HTTP/1.1" 304 -
186.84.22.63 - - [05/Feb/2023:15:00:16 -0500] "GET /sipse/faces/javax.faces.resource/layout/layout.js?ln=primefaces&v=4.0 HTTP/1.1" 304 -
186.84.22.63 - - [05/Feb/2023:15:00:16 -0500] "POST /sipse/faces/presentacion/financiero/solicitudProceso/listarSolicitudProceso.xhtml HTTP/1.1" 200 1552
216.245.221.92 - - [05/Feb/2023:15:00:25 -0500] "HEAD / HTTP/1.1" 200 -
52.167.144.49 - - [05/Feb/2023:15:00:25 -0500] "GET /BLA/resoluciones/AUTOS%202018/0546.pdf HTTP/1.1" 200 280492
186.84.22.63 - - [05/Feb/2023:15:00:32 -0500] "POST /sipse/faces/presentacion/financiero/solicitudProceso/listarSolicitudProceso.xhtml HTTP/1.1" 200 4711
186.84.22.63 - - [05/Feb/2023:15:00:36 -0500] "POST /sipse/faces/presentacion/financiero/solicitudProceso/listarSolicitudProceso.xhtml HTTP/1.1" 200 31757
201.245.192.253 - - [05/Feb/2023:15:00:46 -0500] "POST /kwsrmcab/Wsrmcab  HTTP/1.1" 200 213
186.84.22.63 - - [05/Feb/2023:15:00:56 -0500] "POST /sipse/faces/presentacion/financiero/solicitudProceso/listarSolicitudProceso.xhtml HTTP/1.1" 200 144503
186.84.22.63 - - [05/Feb/2023:15:00:57 -0500] "GET /sipse/faces/javax.faces.resource/theme.css?ln=primefaces-sipse HTTP/1.1" 304 -
186.84.22.63 - - [05/Feb/2023:15:00:57 -0500] "GET /sipse/faces/javax.faces.resource/primefaces.css?ln=primefaces&v=4.0 HTTP/1.1" 304 -
