186.84.22.63 - - [05/Feb/2023:15:00:57 -0500] "GET /sipse/faces/javax.faces.resource/layout/layout.css?ln=primefaces&v=4.0 HTTP/1.1" 304 -
186.84.22.63 - - [05/Feb/2023:15:00:57 -0500] "GET /sipse/faces/javax.faces.resource/jquery/jquery.js?ln=primefaces&v=4.0 HTTP/1.1" 304 -
186.84.22.63 - - [05/Feb/2023:15:00:57 -0500] "GET /sipse/faces/javax.faces.resource/jquery/jquery-plugins.js?ln=primefaces&v=4.0 HTTP/1.1" 304 -
186.84.22.63 - - [05/Feb/2023:15:00:57 -0500] "GET /sipse/faces/javax.faces.resource/primefaces.js?ln=primefaces&v=4.0 HTTP/1.1" 304 -
186.84.22.63 - - [05/Feb/2023:15:00:57 -0500] "GET /sipse/faces/javax.faces.resource/layout/layout.js?ln=primefaces&v=4.0 HTTP/1.1" 304 -
186.84.22.63 - - [05/Feb/2023:15:01:01 -0500] "POST /sipse/faces/presentacion/financiero/solicitudProceso/consultarSolicitudProceso.xhtml HTTP/1.1" 200 61752
186.84.22.63 - - [05/Feb/2023:15:01:04 -0500] "GET /sipse/faces/javax.faces.resource/theme.css?ln=primefaces-sipse HTTP/1.1" 304 -
186.84.22.63 - - [05/Feb/2023:15:01:04 -0500] "GET /sipse/faces/javax.faces.resource/primefaces.css?ln=primefaces&v=4.0 HTTP/1.1" 304 -
186.84.22.63 - - [05/Feb/2023:15:01:04 -0500] "GET /sipse/faces/javax.faces.resource/layout/layout.css?ln=primefaces&v=4.0 HTTP/1.1" 304 -
186.84.22.63 - - [05/Feb/2023:15:01:04 -0500] "GET /sipse/faces/javax.faces.resource/jquery/jquery.js?ln=primefaces&v=4.0 HTTP/1.1" 304 -
186.84.22.63 - - [05/Feb/2023:15:01:04 -0500] "GET /sipse/faces/javax.faces.resource/jquery/jquery-plugins.js?ln=primefaces&v=4.0 HTTP/1.1" 304 -
186.84.22.63 - - [05/Feb/2023:15:01:04 -0500] "GET /sipse/faces/javax.faces.resource/primefaces.js?ln=primefaces&v=4.0 HTTP/1.1" 304 -
186.84.22.63 - - [05/Feb/2023:15:01:04 -0500] "GET /sipse/faces/javax.faces.resource/layout/layout.js?ln=primefaces&v=4.0 HTTP/1.1" 304 -
186.84.22.63 - - [05/Feb/2023:15:01:04 -0500] "POST /sipse/faces/presentacion/financiero/solicitudProceso/listarSolicitudProceso.xhtml HTTP/1.1" 200 1552
186.84.22.63 - - [05/Feb/2023:15:01:08 -0500] "POST /sipse/faces/presentacion/financiero/solicitudProceso/listarSolicitudProceso.xhtml HTTP/1.1" 200 28821
40.77.167.251 - - [05/Feb/2023:15:01:12 -0500] "GET /bla/resoluciones/autos%202021/5733.pdf HTTP/1.1" 200 402634
173.61.143.98 - - [05/Feb/2023:15:01:13 -0500] "GET / HTTP/1.1" 200 319
173.61.143.98 - - [05/Feb/2023:15:01:13 -0500] "GET /favicon.ico HTTP/1.1" 200 7782
186.84.22.63 - - [05/Feb/2023:15:01:27 -0500] "POST /sipse/faces/presentacion/financiero/solicitudProceso/listarSolicitudProceso.xhtml HTTP/1.1" 200 144351
186.84.22.63 - - [05/Feb/2023:15:01:28 -0500] "GET /sipse/faces/javax.faces.resource/theme.css?ln=primefaces-sipse HTTP/1.1" 304 -
186.84.22.63 - - [05/Feb/2023:15:01:28 -0500] "GET /sipse/faces/javax.faces.resource/primefaces.css?ln=primefaces&v=4.0 HTTP/1.1" 304 -
186.84.22.63 - - [05/Feb/2023:15:01:28 -0500] "GET /sipse/faces/javax.faces.resource/layout/layout.css?ln=primefaces&v=4.0 HTTP/1.1" 304 -
186.84.22.63 - - [05/Feb/2023:15:01:28 -0500] "GET /sipse/faces/javax.faces.resource/jquery/jquery.js?ln=primefaces&v=4.0 HTTP/1.1" 304 -
186.84.22.63 - - [05/Feb/2023:15:01:28 -0500] "GET /sipse/faces/javax.faces.resource/jquery/jquery-plugins.js?ln=primefaces&v=4.0 HTTP/1.1" 304 -
186.84.22.63 - - [05/Feb/2023:15:01:28 -0500] "GET /sipse/faces/javax.faces.resource/primefaces.js?ln=primefaces&v=4.0 HTTP/1.1" 304 -
186.84.22.63 - - [05/Feb/2023:15:01:29 -0500] "GET /sipse/faces/javax.faces.resource/layout/layout.js?ln=primefaces&v=4.0 HTTP/1.1" 304 -
186.84.22.63 - - [05/Feb/2023:15:01:34 -0500] "POST /sipse/faces/presentacion/financiero/solicitudProceso/consultarSolicitudProceso.xhtml HTTP/1.1" 200 58860
186.84.22.63 - - [05/Feb/2023:15:01:36 -0500] "GET /sipse/faces/javax.faces.resource/theme.css?ln=primefaces-sipse HTTP/1.1" 304 -
186.84.22.63 - - [05/Feb/2023:15:01:36 -0500] "GET /sipse/faces/javax.faces.resource/primefaces.css?ln=primefaces&v=4.0 HTTP/1.1" 304 -
186.84.22.63 - - [05/Feb/2023:15:01:36 -0500] "GET /sipse/faces/javax.faces.resource/layout/layout.css?ln=primefaces&v=4.0 HTTP/1.1" 304 -
186.84.22.63 - - [05/Feb/2023:15:01:36 -0500] "GET /sipse/faces/javax.faces.resource/jquery/jquery.js?ln=primefaces&v=4.0 HTTP/1.1" 304 -
186.84.22.63 - - [05/Feb/2023:15:01:36 -0500] "GET /sipse/faces/javax.faces.resource/jquery/jquery-plugins.js?ln=primefaces&v=4.0 HTTP/1.1" 304 -
186.84.22.63 - - [05/Feb/2023:15:01:36 -0500] "GET /sipse/faces/javax.faces.resource/primefaces.js?ln=primefaces&v=4.0 HTTP/1.1" 304 -
186.84.22.63 - - [05/Feb/2023:15:01:37 -0500] "GET /sipse/faces/javax.faces.resource/layout/layout.js?ln=primefaces&v=4.0 HTTP/1.1" 304 -
186.84.22.63 - - [05/Feb/2023:15:01:37 -0500] "POST /sipse/faces/presentacion/financiero/solicitudProceso/listarSolicitudProceso.xhtml HTTP/1.1" 200 1552
186.84.22.63 - - [05/Feb/2023:15:01:41 -0500] "POST /sipse/faces/presentacion/financiero/solicitudProceso/listarSolicitudProceso.xhtml HTTP/1.1" 200 25919
35.204.208.114 - - [05/Feb/2023:15:01:44 -0500] "GET /inventario-de-emisiones-2020-transporte-publico-sitp-redujo-emisiones-de-pm-2-5-en-un-37.html HTTP/1.1" 200 925
191.95.62.232 - - [05/Feb/2023:15:02:08 -0500] "GET /BLA/resoluciones/RESOLUCIONES%20CONJUNTAS/Resolucion%20conjunta%20No.%20001-2017.pdf HTTP/1.1" 200 332456
191.95.62.232 - - [05/Feb/2023:15:02:09 -0500] "GET /favicon.ico HTTP/1.1" 200 7782
40.77.167.251 - - [05/Feb/2023:15:02:11 -0500] "GET /bla/resoluciones/autos%202021/4243.pdf HTTP/1.1" 200 411082
172.22.2.4 - - [05/Feb/2023:15:00:33 -0500] "HEAD /BLA/boletinlegal/ HTTP/1.1" 200 -
172.22.2.4 - - [05/Feb/2023:15:01:24 -0500] "GET /BLA/boletinlegal/ HTTP/1.1" 200 59035
186.84.22.63 - - [05/Feb/2023:15:03:16 -0500] "POST /sipse/faces/presentacion/financiero/solicitudProceso/listarSolicitudProceso.xhtml HTTP/1.1" 200 142738
186.84.22.63 - - [05/Feb/2023:15:03:17 -0500] "GET /sipse/faces/javax.faces.resource/theme.css?ln=primefaces-sipse HTTP/1.1" 304 -
186.84.22.63 - - [05/Feb/2023:15:03:17 -0500] "GET /sipse/faces/javax.faces.resource/primefaces.css?ln=primefaces&v=4.0 HTTP/1.1" 304 -
186.84.22.63 - - [05/Feb/2023:15:03:17 -0500] "GET /sipse/faces/javax.faces.resource/layout/layout.css?ln=primefaces&v=4.0 HTTP/1.1" 304 -
186.84.22.63 - - [05/Feb/2023:15:03:17 -0500] "GET /sipse/faces/javax.faces.resource/jquery/jquery.js?ln=primefaces&v=4.0 HTTP/1.1" 304 -
186.84.22.63 - - [05/Feb/2023:15:03:17 -0500] "GET /sipse/faces/javax.faces.resource/jquery/jquery-plugins.js?ln=primefaces&v=4.0 HTTP/1.1" 304 -
186.84.22.63 - - [05/Feb/2023:15:03:17 -0500] "GET /sipse/faces/javax.faces.resource/primefaces.js?ln=primefaces&v=4.0 HTTP/1.1" 304 -
186.84.22.63 - - [05/Feb/2023:15:03:17 -0500] "GET /sipse/faces/javax.faces.resource/layout/layout.js?ln=primefaces&v=4.0 HTTP/1.1" 304 -
186.84.22.63 - - [05/Feb/2023:15:03:24 -0500] "POST /sipse/faces/presentacion/financiero/solicitudProceso/consultarSolicitudProceso.xhtml HTTP/1.1" 200 19316
186.84.22.63 - - [05/Feb/2023:15:03:24 -0500] "GET /sipse/faces/javax.faces.resource/theme.css?ln=primefaces-sipse HTTP/1.1" 304 -
186.84.22.63 - - [05/Feb/2023:15:03:24 -0500] "GET /sipse/faces/javax.faces.resource/primefaces.css?ln=primefaces&v=4.0 HTTP/1.1" 304 -
186.84.22.63 - - [05/Feb/2023:15:03:24 -0500] "GET /sipse/faces/javax.faces.resource/layout/layout.css?ln=primefaces&v=4.0 HTTP/1.1" 304 -
186.84.22.63 - - [05/Feb/2023:15:03:24 -0500] "GET /sipse/faces/javax.faces.resource/fileupload/fileupload.css?ln=primefaces&v=4.0 HTTP/1.1" 304 -
186.84.22.63 - - [05/Feb/2023:15:03:24 -0500] "GET /sipse/faces/javax.faces.resource/jquery/jquery-plugins.js?ln=primefaces&v=4.0 HTTP/1.1" 304 -
186.84.22.63 - - [05/Feb/2023:15:03:24 -0500] "GET /sipse/faces/javax.faces.resource/jquery/jquery.js?ln=primefaces&v=4.0 HTTP/1.1" 304 -
186.84.22.63 - - [05/Feb/2023:15:03:24 -0500] "GET /sipse/faces/javax.faces.resource/fileupload/fileupload.js?ln=primefaces&v=4.0 HTTP/1.1" 304 -
186.84.22.63 - - [05/Feb/2023:15:03:24 -0500] "GET /sipse/faces/javax.faces.resource/layout/layout.js?ln=primefaces&v=4.0 HTTP/1.1" 304 -
186.84.22.63 - - [05/Feb/2023:15:03:24 -0500] "GET /sipse/faces/javax.faces.resource/primefaces.js?ln=primefaces&v=4.0 HTTP/1.1" 304 -
186.84.22.63 - - [05/Feb/2023:15:03:24 -0500] "GET /sipse/css/imagen/contrasena.png HTTP/1.1" 404 383
186.84.22.63 - - [05/Feb/2023:15:03:24 -0500] "GET /sipse/faces/javax.faces.resource/images/ui-icons_898989_256x240.png?ln=primefaces-aristo HTTP/1.1" 304 -
186.84.22.63 - - [05/Feb/2023:15:03:40 -0500] "GET /sipse/faces/javax.faces.resource/theme.css?ln=primefaces-sipse HTTP/1.1" 304 -
186.84.22.63 - - [05/Feb/2023:15:03:40 -0500] "GET /sipse/faces/javax.faces.resource/primefaces.css?ln=primefaces&v=4.0 HTTP/1.1" 304 -
186.84.22.63 - - [05/Feb/2023:15:03:40 -0500] "GET /sipse/faces/javax.faces.resource/layout/layout.css?ln=primefaces&v=4.0 HTTP/1.1" 304 -
186.84.22.63 - - [05/Feb/2023:15:03:40 -0500] "GET /sipse/faces/javax.faces.resource/jquery/jquery.js?ln=primefaces&v=4.0 HTTP/1.1" 304 -
186.84.22.63 - - [05/Feb/2023:15:03:40 -0500] "GET /sipse/faces/javax.faces.resource/primefaces.js?ln=primefaces&v=4.0 HTTP/1.1" 304 -
186.84.22.63 - - [05/Feb/2023:15:03:40 -0500] "GET /sipse/faces/javax.faces.resource/jquery/jquery-plugins.js?ln=primefaces&v=4.0 HTTP/1.1" 304 -
186.84.22.63 - - [05/Feb/2023:15:03:40 -0500] "GET /sipse/faces/javax.faces.resource/layout/layout.js?ln=primefaces&v=4.0 HTTP/1.1" 304 -
186.84.22.63 - - [05/Feb/2023:15:03:40 -0500] "GET /sipse/faces/javax.faces.resource/images/ui-icons_898989_256x240.png?ln=primefaces-aristo HTTP/1.1" 304 -
186.84.22.63 - - [05/Feb/2023:15:03:38 -0500] "POST /sipse/faces/presentacion/sistema/anexos/cargarAnexoSolicitudProceso.xhtml HTTP/1.1" 200 190348
186.84.22.63 - - [05/Feb/2023:15:03:45 -0500] "GET /sipse/faces/javax.faces.resource/images/ui-bg_flat_0_2d5972_40x100.png?ln=primefaces-aristo HTTP/1.1" 304 -
186.84.22.63 - - [05/Feb/2023:15:03:45 -0500] "POST /sipse/faces/presentacion/financiero/solicitudProceso/consultarSolicitudProceso.xhtml HTTP/1.1" 200 55938
186.84.22.63 - - [05/Feb/2023:15:03:48 -0500] "GET /sipse/faces/javax.faces.resource/theme.css?ln=primefaces-sipse HTTP/1.1" 304 -
186.84.22.63 - - [05/Feb/2023:15:03:48 -0500] "GET /sipse/faces/javax.faces.resource/primefaces.css?ln=primefaces&v=4.0 HTTP/1.1" 304 -
186.84.22.63 - - [05/Feb/2023:15:03:48 -0500] "GET /sipse/faces/javax.faces.resource/jquery/jquery.js?ln=primefaces&v=4.0 HTTP/1.1" 304 -
186.84.22.63 - - [05/Feb/2023:15:03:48 -0500] "GET /sipse/faces/javax.faces.resource/layout/layout.css?ln=primefaces&v=4.0 HTTP/1.1" 304 -
186.84.22.63 - - [05/Feb/2023:15:03:48 -0500] "GET /sipse/faces/javax.faces.resource/jquery/jquery-plugins.js?ln=primefaces&v=4.0 HTTP/1.1" 304 -
186.84.22.63 - - [05/Feb/2023:15:03:48 -0500] "GET /sipse/faces/javax.faces.resource/primefaces.js?ln=primefaces&v=4.0 HTTP/1.1" 304 -
186.84.22.63 - - [05/Feb/2023:15:03:48 -0500] "GET /sipse/faces/javax.faces.resource/layout/layout.js?ln=primefaces&v=4.0 HTTP/1.1" 304 -
186.84.22.63 - - [05/Feb/2023:15:03:48 -0500] "GET /sipse/faces/javax.faces.resource/messages/messages.png?ln=primefaces&v=4.0 HTTP/1.1" 304 -
186.84.22.63 - - [05/Feb/2023:15:03:48 -0500] "POST /sipse/faces/presentacion/financiero/solicitudProceso/listarSolicitudProceso.xhtml HTTP/1.1" 200 1536
186.84.22.63 - - [05/Feb/2023:15:03:54 -0500] "POST /sipse/faces/presentacion/financiero/solicitudProceso/listarSolicitudProceso.xhtml HTTP/1.1" 200 22921
173.252.79.20 - - [05/Feb/2023:15:03:55 -0500] "GET /images/2%20de%20febrero%20liberaci\xc3\xb3n%20Tunjo.jpeg HTTP/1.1" 404 1034
157.55.39.6 - - [05/Feb/2023:15:04:10 -0500] "GET /bla/resoluciones/autos%202021/5411.pdf HTTP/1.1" 200 347707
186.84.22.63 - - [05/Feb/2023:15:04:32 -0500] "POST /sipse/faces/presentacion/financiero/solicitudProceso/listarSolicitudProceso.xhtml HTTP/1.1" 200 146306
186.84.22.63 - - [05/Feb/2023:15:04:33 -0500] "GET /sipse/faces/javax.faces.resource/theme.css?ln=primefaces-sipse HTTP/1.1" 304 -
186.84.22.63 - - [05/Feb/2023:15:04:33 -0500] "GET /sipse/faces/javax.faces.resource/primefaces.css?ln=primefaces&v=4.0 HTTP/1.1" 304 -
186.84.22.63 - - [05/Feb/2023:15:04:33 -0500] "GET /sipse/faces/javax.faces.resource/layout/layout.css?ln=primefaces&v=4.0 HTTP/1.1" 304 -
186.84.22.63 - - [05/Feb/2023:15:04:33 -0500] "GET /sipse/faces/javax.faces.resource/jquery/jquery.js?ln=primefaces&v=4.0 HTTP/1.1" 304 -
186.84.22.63 - - [05/Feb/2023:15:04:33 -0500] "GET /sipse/faces/javax.faces.resource/jquery/jquery-plugins.js?ln=primefaces&v=4.0 HTTP/1.1" 304 -
186.84.22.63 - - [05/Feb/2023:15:04:34 -0500] "GET /sipse/faces/javax.faces.resource/primefaces.js?ln=primefaces&v=4.0 HTTP/1.1" 304 -
186.84.22.63 - - [05/Feb/2023:15:04:34 -0500] "GET /sipse/faces/javax.faces.resource/layout/layout.js?ln=primefaces&v=4.0 HTTP/1.1" 304 -
186.84.22.63 - - [05/Feb/2023:15:04:39 -0500] "POST /sipse/faces/presentacion/financiero/solicitudProceso/consultarSolicitudProceso.xhtml HTTP/1.1" 200 52944
186.84.22.63 - - [05/Feb/2023:15:04:41 -0500] "GET /sipse/faces/javax.faces.resource/theme.css?ln=primefaces-sipse HTTP/1.1" 304 -
186.84.22.63 - - [05/Feb/2023:15:04:41 -0500] "GET /sipse/faces/javax.faces.resource/primefaces.css?ln=primefaces&v=4.0 HTTP/1.1" 304 -
186.84.22.63 - - [05/Feb/2023:15:04:41 -0500] "GET /sipse/faces/javax.faces.resource/layout/layout.css?ln=primefaces&v=4.0 HTTP/1.1" 304 -
186.84.22.63 - - [05/Feb/2023:15:04:41 -0500] "GET /sipse/faces/javax.faces.resource/jquery/jquery.js?ln=primefaces&v=4.0 HTTP/1.1" 304 -
186.84.22.63 - - [05/Feb/2023:15:04:41 -0500] "GET /sipse/faces/javax.faces.resource/jquery/jquery-plugins.js?ln=primefaces&v=4.0 HTTP/1.1" 304 -
186.84.22.63 - - [05/Feb/2023:15:04:42 -0500] "GET /sipse/faces/javax.faces.resource/primefaces.js?ln=primefaces&v=4.0 HTTP/1.1" 304 -
186.84.22.63 - - [05/Feb/2023:15:04:42 -0500] "GET /sipse/faces/javax.faces.resource/layout/layout.js?ln=primefaces&v=4.0 HTTP/1.1" 304 -
186.84.22.63 - - [05/Feb/2023:15:04:42 -0500] "POST /sipse/faces/presentacion/financiero/solicitudProceso/listarSolicitudProceso.xhtml HTTP/1.1" 200 1520
186.84.22.63 - - [05/Feb/2023:15:04:59 -0500] "POST /sipse/faces/presentacion/financiero/solicitudProceso/listarSolicitudProceso.xhtml HTTP/1.1" 200 146132
186.84.22.63 - - [05/Feb/2023:15:05:00 -0500] "GET /sipse/faces/javax.faces.resource/theme.css?ln=primefaces-sipse HTTP/1.1" 304 -
186.84.22.63 - - [05/Feb/2023:15:05:00 -0500] "GET /sipse/faces/javax.faces.resource/primefaces.css?ln=primefaces&v=4.0 HTTP/1.1" 304 -
186.84.22.63 - - [05/Feb/2023:15:05:00 -0500] "GET /sipse/faces/javax.faces.resource/layout/layout.css?ln=primefaces&v=4.0 HTTP/1.1" 304 -
186.84.22.63 - - [05/Feb/2023:15:05:00 -0500] "GET /sipse/faces/javax.faces.resource/jquery/jquery.js?ln=primefaces&v=4.0 HTTP/1.1" 304 -
186.84.22.63 - - [05/Feb/2023:15:05:00 -0500] "GET /sipse/faces/javax.faces.resource/jquery/jquery-plugins.js?ln=primefaces&v=4.0 HTTP/1.1" 304 -
186.84.22.63 - - [05/Feb/2023:15:05:00 -0500] "GET /sipse/faces/javax.faces.resource/primefaces.js?ln=primefaces&v=4.0 HTTP/1.1" 304 -
186.84.22.63 - - [05/Feb/2023:15:05:00 -0500] "GET /sipse/faces/javax.faces.resource/layout/layout.js?ln=primefaces&v=4.0 HTTP/1.1" 304 -
186.84.22.63 - - [05/Feb/2023:15:05:07 -0500] "POST /sipse/faces/presentacion/financiero/solicitudProceso/consultarSolicitudProceso.xhtml HTTP/1.1" 200 52944
186.84.22.63 - - [05/Feb/2023:15:05:09 -0500] "GET /sipse/faces/javax.faces.resource/theme.css?ln=primefaces-sipse HTTP/1.1" 304 -
186.84.22.63 - - [05/Feb/2023:15:05:09 -0500] "GET /sipse/faces/javax.faces.resource/primefaces.css?ln=primefaces&v=4.0 HTTP/1.1" 304 -
186.84.22.63 - - [05/Feb/2023:15:05:09 -0500] "GET /sipse/faces/javax.faces.resource/layout/layout.css?ln=primefaces&v=4.0 HTTP/1.1" 304 -
186.84.22.63 - - [05/Feb/2023:15:05:09 -0500] "GET /sipse/faces/javax.faces.resource/jquery/jquery.js?ln=primefaces&v=4.0 HTTP/1.1" 304 -
186.84.22.63 - - [05/Feb/2023:15:05:09 -0500] "GET /sipse/faces/javax.faces.resource/jquery/jquery-plugins.js?ln=primefaces&v=4.0 HTTP/1.1" 304 -
186.84.22.63 - - [05/Feb/2023:15:05:09 -0500] "GET /sipse/faces/javax.faces.resource/primefaces.js?ln=primefaces&v=4.0 HTTP/1.1" 304 -
186.84.22.63 - - [05/Feb/2023:15:05:09 -0500] "GET /sipse/faces/javax.faces.resource/layout/layout.js?ln=primefaces&v=4.0 HTTP/1.1" 304 -
186.84.22.63 - - [05/Feb/2023:15:05:09 -0500] "POST /sipse/faces/presentacion/financiero/solicitudProceso/listarSolicitudProceso.xhtml HTTP/1.1" 200 1520
216.245.221.92 - - [05/Feb/2023:15:05:25 -0500] "HEAD / HTTP/1.1" 200 -
186.84.22.63 - - [05/Feb/2023:15:05:29 -0500] "POST /sipse/faces/presentacion/financiero/solicitudProceso/listarSolicitudProceso.xhtml HTTP/1.1" 200 17076
186.84.22.63 - - [05/Feb/2023:15:05:33 -0500] "POST /sipse/faces/presentacion/financiero/solicitudProceso/listarSolicitudProceso.xhtml HTTP/1.1" 200 28322
201.245.192.253 - - [05/Feb/2023:15:05:44 -0500] "POST /kwsrmcab/Wsrmcab  HTTP/1.1" 200 213
172.22.2.4 - - [05/Feb/2023:15:06:23 -0500] "HEAD /BLA/boletinlegal/ HTTP/1.1" 200 -
172.22.2.4 - - [05/Feb/2023:15:07:13 -0500] "GET /BLA/boletinlegal/ HTTP/1.1" 200 57192
186.84.22.63 - - [05/Feb/2023:15:09:00 -0500] "POST /sipse/faces/presentacion/financiero/solicitudProceso/listarSolicitudProceso.xhtml HTTP/1.1" 200 31231
157.55.39.142 - - [05/Feb/2023:15:09:02 -0500] "GET /bla/resoluciones/autos%202021/4591.pdf HTTP/1.1" 200 363205
186.84.22.63 - - [05/Feb/2023:15:09:02 -0500] "POST /sipse/faces/presentacion/financiero/solicitudProceso/listarSolicitudProceso.xhtml HTTP/1.1" 200 7940
186.84.22.63 - - [05/Feb/2023:15:09:05 -0500] "POST /sipse/faces/presentacion/financiero/solicitudProceso/listarSolicitudProceso.xhtml HTTP/1.1" 200 141526
186.84.22.63 - - [05/Feb/2023:15:09:06 -0500] "GET /sipse/faces/javax.faces.resource/theme.css?ln=primefaces-sipse HTTP/1.1" 304 -
186.84.22.63 - - [05/Feb/2023:15:09:06 -0500] "GET /sipse/faces/javax.faces.resource/primefaces.css?ln=primefaces&v=4.0 HTTP/1.1" 304 -
186.84.22.63 - - [05/Feb/2023:15:09:06 -0500] "GET /sipse/faces/javax.faces.resource/layout/layout.css?ln=primefaces&v=4.0 HTTP/1.1" 304 -
186.84.22.63 - - [05/Feb/2023:15:09:06 -0500] "GET /sipse/faces/javax.faces.resource/jquery/jquery.js?ln=primefaces&v=4.0 HTTP/1.1" 304 -
186.84.22.63 - - [05/Feb/2023:15:09:06 -0500] "GET /sipse/faces/javax.faces.resource/jquery/jquery-plugins.js?ln=primefaces&v=4.0 HTTP/1.1" 304 -
186.84.22.63 - - [05/Feb/2023:15:09:06 -0500] "GET /sipse/faces/javax.faces.resource/primefaces.js?ln=primefaces&v=4.0 HTTP/1.1" 304 -
186.84.22.63 - - [05/Feb/2023:15:09:06 -0500] "GET /sipse/faces/javax.faces.resource/layout/layout.js?ln=primefaces&v=4.0 HTTP/1.1" 304 -
186.84.22.63 - - [05/Feb/2023:15:09:56 -0500] "GET /sipse/faces/javax.faces.resource/images/ui-bg_flat_0_2d5972_40x100.png?ln=primefaces-aristo HTTP/1.1" 304 -
186.84.22.63 - - [05/Feb/2023:15:09:56 -0500] "POST /sipse/faces/presentacion/financiero/solicitudProceso/consultarSolicitudProceso.xhtml HTTP/1.1" 200 5526
216.245.221.92 - - [05/Feb/2023:15:10:25 -0500] "HEAD / HTTP/1.1" 200 -
186.84.22.63 - - [05/Feb/2023:15:10:28 -0500] "POST /sipse/faces/presentacion/financiero/solicitudProceso/consultarSolicitudProceso.xhtml HTTP/1.1" 200 5533
186.84.22.63 - - [05/Feb/2023:15:10:28 -0500] "GET /sipse/faces/javax.faces.resource/dynamiccontent.properties?ln=primefaces&pfdrid=XjOR5%2F%2FfPAZAuY9TpWQeCiM0BhlXxYRBGKi%2FQcXXfeA%3D&pfdrid_c=false HTTP/1.1" 200 165332
40.77.167.251 - - [05/Feb/2023:15:10:37 -0500] "GET /bla/resoluciones/autos%202021/4112.pdf HTTP/1.1" 200 384904
201.245.192.253 - - [05/Feb/2023:15:10:43 -0500] "POST /kwsrmcab/Wsrmcab  HTTP/1.1" 200 213
186.84.22.63 - - [05/Feb/2023:15:10:50 -0500] "POST /sipse/faces/presentacion/financiero/solicitudProceso/consultarSolicitudProceso.xhtml HTTP/1.1" 200 33885
186.84.22.63 - - [05/Feb/2023:15:10:51 -0500] "GET /sipse/faces/javax.faces.resource/primefaces.css?ln=primefaces&v=4.0 HTTP/1.1" 304 -
186.84.22.63 - - [05/Feb/2023:15:10:51 -0500] "GET /sipse/faces/javax.faces.resource/primefaces.js?ln=primefaces&v=4.0 HTTP/1.1" 304 -
186.84.22.63 - - [05/Feb/2023:15:10:51 -0500] "GET /sipse/faces/javax.faces.resource/jquery/jquery-plugins.js?ln=primefaces&v=4.0 HTTP/1.1" 304 -
186.84.22.63 - - [05/Feb/2023:15:10:51 -0500] "GET /sipse/faces/javax.faces.resource/jquery/jquery.js?ln=primefaces&v=4.0 HTTP/1.1" 304 -
186.84.22.63 - - [05/Feb/2023:15:10:51 -0500] "GET /sipse/faces/javax.faces.resource/theme.css?ln=primefaces-sipse HTTP/1.1" 304 -
186.84.22.63 - - [05/Feb/2023:15:10:51 -0500] "GET /sipse/faces/javax.faces.resource/layout/layout.css?ln=primefaces&v=4.0 HTTP/1.1" 304 -
186.84.22.63 - - [05/Feb/2023:15:10:51 -0500] "GET /sipse/faces/javax.faces.resource/layout/layout.js?ln=primefaces&v=4.0 HTTP/1.1" 304 -
186.84.22.63 - - [05/Feb/2023:15:10:51 -0500] "GET /sipse/faces/javax.faces.resource/images/ui-icons_898989_256x240.png?ln=primefaces-aristo HTTP/1.1" 304 -
186.84.22.63 - - [05/Feb/2023:15:10:57 -0500] "GET /sipse/faces/javax.faces.resource/theme.css?ln=primefaces-sipse HTTP/1.1" 304 -
186.84.22.63 - - [05/Feb/2023:15:10:57 -0500] "GET /sipse/faces/javax.faces.resource/layout/layout.css?ln=primefaces&v=4.0 HTTP/1.1" 304 -
186.84.22.63 - - [05/Feb/2023:15:10:57 -0500] "GET /sipse/faces/javax.faces.resource/jquery/jquery.js?ln=primefaces&v=4.0 HTTP/1.1" 304 -
186.84.22.63 - - [05/Feb/2023:15:10:57 -0500] "GET /sipse/faces/javax.faces.resource/jquery/jquery-plugins.js?ln=primefaces&v=4.0 HTTP/1.1" 304 -
186.84.22.63 - - [05/Feb/2023:15:10:57 -0500] "GET /sipse/faces/javax.faces.resource/primefaces.css?ln=primefaces&v=4.0 HTTP/1.1" 304 -
186.84.22.63 - - [05/Feb/2023:15:10:56 -0500] "POST /sipse/faces/presentacion/financiero/solicitudProceso/consultarHistorialSolProceso.xhtml HTTP/1.1" 200 187335
186.84.22.63 - - [05/Feb/2023:15:10:57 -0500] "GET /sipse/faces/javax.faces.resource/primefaces.js?ln=primefaces&v=4.0 HTTP/1.1" 304 -
186.84.22.63 - - [05/Feb/2023:15:10:57 -0500] "GET /sipse/faces/javax.faces.resource/layout/layout.js?ln=primefaces&v=4.0 HTTP/1.1" 304 -
186.84.22.63 - - [05/Feb/2023:15:10:57 -0500] "GET /sipse/css/imagen/contrasena.png HTTP/1.1" 404 383
186.84.22.63 - - [05/Feb/2023:15:10:57 -0500] "GET /sipse/faces/javax.faces.resource/images/ui-icons_898989_256x240.png?ln=primefaces-aristo HTTP/1.1" 304 -
186.84.22.63 - - [05/Feb/2023:15:10:57 -0500] "GET /sipse/faces/javax.faces.resource/dynamiccontent.properties?ln=primefaces&pfdrid=XjOR5%2F%2FfPAZAuY9TpWQeCiM0BhlXxYRBGKi%2FQcXXfeA%3D&pfdrid_c=false HTTP/1.1" 500 383
186.84.22.63 - - [05/Feb/2023:15:11:01 -0500] "POST /sipse/faces/presentacion/financiero/solicitudProceso/consultarSolicitudProceso.xhtml HTTP/1.1" 200 83403
186.84.22.63 - - [05/Feb/2023:15:11:28 -0500] "POST /sipse/faces/presentacion/financiero/solicitudProceso/consultarSolicitudProceso.xhtml HTTP/1.1" 200 194421
186.84.22.63 - - [05/Feb/2023:15:11:35 -0500] "POST /sipse/faces/presentacion/financiero/solicitudProceso/consultarSolicitudProceso.xhtml HTTP/1.1" 200 2440572
186.84.22.63 - - [05/Feb/2023:15:11:34 -0500] "POST /sipse/faces/presentacion/financiero/solicitudProceso/consultarSolicitudProceso.xhtml HTTP/1.1" 200 6764692
186.84.22.63 - - [05/Feb/2023:15:11:39 -0500] "POST /sipse/faces/presentacion/financiero/solicitudProceso/consultarSolicitudProceso.xhtml HTTP/1.1" 200 138832
79.137.202.2 - - [05/Feb/2023:15:12:33 -0500] "CONNECT google.com:443 HTTP/1.1" 405 938
186.29.181.171 - - [05/Feb/2023:15:13:12 -0500] "GET /BLA/resoluciones/AUTOS%202021/3196.pdf HTTP/1.1" 200 1496517
186.29.181.171 - - [05/Feb/2023:15:13:16 -0500] "GET /BLA/resoluciones/AUTOS%202021/3188.pdf HTTP/1.1" 200 348021
186.29.181.171 - - [05/Feb/2023:15:13:24 -0500] "GET /BLA/resoluciones/AUTOS%202021/3187.pdf HTTP/1.1" 200 415845
186.29.181.171 - - [05/Feb/2023:15:13:29 -0500] "GET /BLA/resoluciones/AUTOS%202021/3186.pdf HTTP/1.1" 200 352988
186.29.181.171 - - [05/Feb/2023:15:13:32 -0500] "GET /BLA/resoluciones/AUTOS%202021/3185.pdf HTTP/1.1" 200 435868
186.29.181.171 - - [05/Feb/2023:15:13:35 -0500] "GET /BLA/resoluciones/AUTOS%202021/3184.pdf HTTP/1.1" 200 406584
186.29.181.171 - - [05/Feb/2023:15:13:40 -0500] "GET /BLA/resoluciones/AUTOS%202021/3176.pdf HTTP/1.1" 200 391209
186.29.181.171 - - [05/Feb/2023:15:13:46 -0500] "GET /BLA/resoluciones/AUTOS%202021/3175.pdf HTTP/1.1" 200 398927
186.29.181.171 - - [05/Feb/2023:15:13:48 -0500] "GET /BLA/resoluciones/AUTOS%202021/3152.pdf HTTP/1.1" 200 362516
186.29.181.171 - - [05/Feb/2023:15:13:50 -0500] "GET /BLA/resoluciones/AUTOS%202021/3147.pdf HTTP/1.1" 200 387948
172.22.2.4 - - [05/Feb/2023:15:12:13 -0500] "HEAD /BLA/boletinlegal/ HTTP/1.1" 200 -
186.29.181.171 - - [05/Feb/2023:15:13:54 -0500] "GET /BLA/resoluciones/AUTOS%202021/3144.pdf HTTP/1.1" 200 723199
186.29.181.171 - - [05/Feb/2023:15:13:55 -0500] "GET /BLA/resoluciones/AUTOS%202021/3143.pdf HTTP/1.1" 200 907720
52.167.144.49 - - [05/Feb/2023:15:13:56 -0500] "GET /bla/resoluciones/autos%202021/5471.pdf HTTP/1.1" 200 370593
186.29.181.171 - - [05/Feb/2023:15:13:57 -0500] "GET /BLA/resoluciones/AUTOS%202021/3142.pdf HTTP/1.1" 200 377418
186.29.181.171 - - [05/Feb/2023:15:14:07 -0500] "GET /BLA/resoluciones/AUTOS%202021/3140.pdf HTTP/1.1" 200 367249
186.29.181.171 - - [05/Feb/2023:15:14:10 -0500] "GET /BLA/resoluciones/AUTOS%202021/3139.pdf HTTP/1.1" 200 381531
186.29.181.171 - - [05/Feb/2023:15:14:12 -0500] "GET /BLA/resoluciones/AUTOS%202021/3138.pdf HTTP/1.1" 200 367963
186.29.181.171 - - [05/Feb/2023:15:14:14 -0500] "GET /BLA/resoluciones/AUTOS%202021/3137.pdf HTTP/1.1" 200 368731
186.29.181.171 - - [05/Feb/2023:15:14:19 -0500] "GET /BLA/resoluciones/AUTOS%202021/3136.pdf HTTP/1.1" 200 365775
157.55.39.142 - - [05/Feb/2023:15:14:22 -0500] "GET /BLA/resoluciones/AUTOS%202021/3268.pdf HTTP/1.1" 200 391416
186.29.181.171 - - [05/Feb/2023:15:14:22 -0500] "GET /BLA/resoluciones/AUTOS%202021/3135.pdf HTTP/1.1" 200 428132
186.29.181.171 - - [05/Feb/2023:15:14:24 -0500] "GET /BLA/resoluciones/AUTOS%202021/3134.pdf HTTP/1.1" 200 404034
52.167.144.49 - - [05/Feb/2023:15:14:26 -0500] "GET /BLA/resoluciones/AUTOS%202021/3286.pdf HTTP/1.1" 200 664705
157.55.39.117 - - [05/Feb/2023:15:14:29 -0500] "GET /BLA/resoluciones/AUTOS%202021/3225.pdf HTTP/1.1" 200 317453
157.55.39.142 - - [05/Feb/2023:15:14:29 -0500] "GET /BLA/resoluciones/AUTOS%202021/3267.pdf HTTP/1.1" 200 388006
157.55.39.6 - - [05/Feb/2023:15:14:31 -0500] "GET /BLA/resoluciones/AUTOS%202021/3242.pdf HTTP/1.1" 200 339734
52.167.144.49 - - [05/Feb/2023:15:14:33 -0500] "GET /BLA/resoluciones/AUTOS%202021/3322.pdf HTTP/1.1" 200 410707
157.55.39.6 - - [05/Feb/2023:15:14:38 -0500] "GET /BLA/resoluciones/AUTOS%202021/3269.pdf HTTP/1.1" 200 387344
157.55.39.117 - - [05/Feb/2023:15:14:39 -0500] "GET /BLA/resoluciones/AUTOS%202021/3272.pdf HTTP/1.1" 200 383825
172.22.2.4 - - [05/Feb/2023:15:13:03 -0500] "GET /BLA/boletinlegal/ HTTP/1.1" 200 59035
157.55.39.142 - - [05/Feb/2023:15:14:44 -0500] "GET /BLA/resoluciones/AUTOS%202021/3254.pdf HTTP/1.1" 200 317707
157.55.39.117 - - [05/Feb/2023:15:14:47 -0500] "GET /BLA/resoluciones/AUTOS%202021/3265.pdf HTTP/1.1" 200 388062
52.167.144.49 - - [05/Feb/2023:15:14:49 -0500] "GET /BLA/resoluciones/AUTOS%202021/3264.pdf HTTP/1.1" 200 360594
52.167.144.49 - - [05/Feb/2023:15:14:56 -0500] "GET /BLA/resoluciones/AUTOS%202021/3283.pdf HTTP/1.1" 200 472588
40.77.167.251 - - [05/Feb/2023:15:14:59 -0500] "GET /BLA/resoluciones/AUTOS%202021/3293.pdf HTTP/1.1" 200 1111127
157.55.39.6 - - [05/Feb/2023:15:14:59 -0500] "GET /BLA/resoluciones/AUTOS%202021/3281.pdf HTTP/1.1" 200 403542
157.55.39.117 - - [05/Feb/2023:15:14:59 -0500] "GET /BLA/resoluciones/AUTOS%202021/3266.pdf HTTP/1.1" 200 364447
216.245.221.92 - - [05/Feb/2023:15:15:25 -0500] "HEAD / HTTP/1.1" 200 -
52.167.144.97 - - [05/Feb/2023:15:15:25 -0500] "GET /bla/resoluciones/autos%202021/4147.pdf HTTP/1.1" 200 402177
201.245.192.253 - - [05/Feb/2023:15:15:42 -0500] "POST /kwsrmcab/Wsrmcab  HTTP/1.1" 200 213
185.225.74.190 - - [05/Feb/2023:15:16:24 -0500] "GET /config/getuser?index=0 HTTP/1.1" 404 1018
216.244.66.246 - - [05/Feb/2023:15:16:25 -0500] "-" 408 -
157.55.39.142 - - [05/Feb/2023:15:17:03 -0500] "GET /bla/resoluciones/autos%202022/0267.pdf HTTP/1.1" 200 374035
172.22.2.4 - - [05/Feb/2023:15:17:05 -0500] "GET /BLA/boletinlegal/normativa.php HTTP/1.1" 200 8333
172.22.2.4 - - [05/Feb/2023:15:17:05 -0500] "GET /BLA/boletinlegal/js/ajax_normativa.js HTTP/1.1" 200 1154
172.22.2.4 - - [05/Feb/2023:15:17:06 -0500] "GET /BLA/boletinlegal/actos.php HTTP/1.1" 200 9606
172.22.2.4 - - [05/Feb/2023:15:17:22 -0500] "GET /BLA/boletinlegal/consulta_actos.php?tipo=resoluciones&no=8117&usuario=&sector=&fecha=2009&resuelve= HTTP/1.1" 200 1073
181.50.66.111 - - [05/Feb/2023:15:17:24 -0500] "GET /BLA/resoluciones/RESOLUCIONES%202009/8117.pdf HTTP/1.1" 200 554652
172.22.2.4 - - [05/Feb/2023:15:17:04 -0500] "GET /BLA/boletinlegal/ HTTP/1.1" 200 24523
172.22.2.4 - - [05/Feb/2023:15:17:58 -0500] "GET /BLA/boletinlegal/actuator/gateway/routes HTTP/1.1" 404 1018
40.77.167.251 - - [05/Feb/2023:15:18:22 -0500] "GET /bla/resoluciones/autos%202021/4544.pdf HTTP/1.1" 200 401212
201.245.192.253 - - [05/Feb/2023:15:18:49 -0500] "POST /kwsrmcab/Wsrmcab HTTP/1.1" 200 39201
201.245.192.253 - - [05/Feb/2023:15:18:51 -0500] "POST /kwsrmcab/Wsrmcab HTTP/1.1" 200 42520
66.249.66.139 - - [05/Feb/2023:15:19:36 -0500] "-" 408 -
172.22.2.4 - - [05/Feb/2023:15:18:04 -0500] "HEAD /BLA/boletinlegal/ HTTP/1.1" 200 -
186.84.22.63 - - [05/Feb/2023:15:20:13 -0500] "GET /sipse/faces/javax.faces.resource/images/ui-bg_flat_0_2d5972_40x100.png?ln=primefaces-aristo HTTP/1.1" 304 -
186.84.22.63 - - [05/Feb/2023:15:20:13 -0500] "POST /sipse/faces/presentacion/financiero/solicitudProceso/consultarSolicitudProceso.xhtml HTTP/1.1" 200 9389
186.84.22.63 - - [05/Feb/2023:15:20:14 -0500] "POST /sipse/faces/presentacion/financiero/solicitudProceso/consultarSolicitudProceso.xhtml HTTP/1.1" 200 33614
186.84.22.63 - - [05/Feb/2023:15:20:14 -0500] "GET /sipse/faces/javax.faces.resource/theme.css?ln=primefaces-sipse HTTP/1.1" 304 -
186.84.22.63 - - [05/Feb/2023:15:20:14 -0500] "GET /sipse/faces/javax.faces.resource/primefaces.css?ln=primefaces&v=4.0 HTTP/1.1" 304 -
186.84.22.63 - - [05/Feb/2023:15:20:14 -0500] "GET /sipse/faces/javax.faces.resource/layout/layout.css?ln=primefaces&v=4.0 HTTP/1.1" 304 -
186.84.22.63 - - [05/Feb/2023:15:20:14 -0500] "GET /sipse/faces/javax.faces.resource/jquery/jquery.js?ln=primefaces&v=4.0 HTTP/1.1" 304 -
186.84.22.63 - - [05/Feb/2023:15:20:14 -0500] "GET /sipse/faces/javax.faces.resource/jquery/jquery-plugins.js?ln=primefaces&v=4.0 HTTP/1.1" 304 -
186.84.22.63 - - [05/Feb/2023:15:20:14 -0500] "GET /sipse/faces/javax.faces.resource/primefaces.js?ln=primefaces&v=4.0 HTTP/1.1" 304 -
186.84.22.63 - - [05/Feb/2023:15:20:15 -0500] "GET /sipse/faces/javax.faces.resource/layout/layout.js?ln=primefaces&v=4.0 HTTP/1.1" 304 -
186.84.22.63 - - [05/Feb/2023:15:20:17 -0500] "POST /sipse/faces/presentacion/sistema/reporte/listarReportes.xhtml HTTP/1.1" 200 22242
186.84.22.63 - - [05/Feb/2023:15:20:17 -0500] "GET /sipse/faces/javax.faces.resource/theme.css?ln=primefaces-sipse HTTP/1.1" 304 -
186.84.22.63 - - [05/Feb/2023:15:20:17 -0500] "GET /sipse/faces/javax.faces.resource/primefaces.css?ln=primefaces&v=4.0 HTTP/1.1" 304 -
186.84.22.63 - - [05/Feb/2023:15:20:17 -0500] "GET /sipse/faces/javax.faces.resource/layout/layout.css?ln=primefaces&v=4.0 HTTP/1.1" 304 -
186.84.22.63 - - [05/Feb/2023:15:20:17 -0500] "GET /sipse/faces/javax.faces.resource/jquery/jquery.js?ln=primefaces&v=4.0 HTTP/1.1" 304 -
186.84.22.63 - - [05/Feb/2023:15:20:17 -0500] "GET /sipse/faces/javax.faces.resource/jquery/jquery-plugins.js?ln=primefaces&v=4.0 HTTP/1.1" 304 -
186.84.22.63 - - [05/Feb/2023:15:20:17 -0500] "GET /sipse/faces/javax.faces.resource/primefaces.js?ln=primefaces&v=4.0 HTTP/1.1" 304 -
186.84.22.63 - - [05/Feb/2023:15:20:17 -0500] "GET /sipse/faces/javax.faces.resource/layout/layout.js?ln=primefaces&v=4.0 HTTP/1.1" 304 -
186.84.22.63 - - [05/Feb/2023:15:20:17 -0500] "GET /sipse/css/imagen/contrasena.png HTTP/1.1" 404 383
216.245.221.92 - - [05/Feb/2023:15:20:25 -0500] "HEAD / HTTP/1.1" 200 -
172.22.2.4 - - [05/Feb/2023:15:18:54 -0500] "GET /BLA/boletinlegal/ HTTP/1.1" 200 57824
201.245.192.253 - - [05/Feb/2023:15:20:41 -0500] "POST /kwsrmcab/Wsrmcab  HTTP/1.1" 200 213
157.55.39.117 - - [05/Feb/2023:15:21:01 -0500] "GET /BLA/resoluciones/AUTOS%202021/3627.pdf HTTP/1.1" 200 479705
66.220.149.12 - - [05/Feb/2023:15:21:18 -0500] "GET /images/1%20de%20febrero%20D\xc3\xada%20sin%20carro.jpeg HTTP/1.1" 404 1034
185.119.81.103 - - [05/Feb/2023:15:22:41 -0500] "GET /portaldeninos/wp-login.php HTTP/1.1" 200 2592
185.119.81.103 - - [05/Feb/2023:15:22:42 -0500] "POST /portaldeninos/wp-login.php HTTP/1.1" 200 3605
69.171.231.118 - - [05/Feb/2023:15:22:51 -0500] "GET /images/1%20de%20febrer%20Operativo%20hornos.jpg HTTP/1.1" 200 69569
157.55.39.6 - - [05/Feb/2023:15:23:29 -0500] "GET /bla/resoluciones/autos%202021/6345.pdf HTTP/1.1" 200 1159093
186.84.22.63 - - [05/Feb/2023:15:23:46 -0500] "GET /sipse/faces/javax.faces.resource/images/ui-bg_flat_0_2d5972_40x100.png?ln=primefaces-aristo HTTP/1.1" 304 -
186.84.22.63 - - [05/Feb/2023:15:23:46 -0500] "POST /sipse/faces/presentacion/sistema/reporte/ventanaVerReporteParametros.xhtml HTTP/1.1" 200 66196
186.84.22.63 - - [05/Feb/2023:15:23:47 -0500] "GET /sipse/faces/javax.faces.resource/primefaces.css?ln=primefaces&v=4.0 HTTP/1.1" 304 -
186.84.22.63 - - [05/Feb/2023:15:23:47 -0500] "GET /sipse/faces/javax.faces.resource/theme.css?ln=primefaces-sipse HTTP/1.1" 304 -
186.84.22.63 - - [05/Feb/2023:15:23:47 -0500] "GET /sipse/faces/javax.faces.resource/layout/layout.css?ln=primefaces&v=4.0 HTTP/1.1" 304 -
186.84.22.63 - - [05/Feb/2023:15:23:47 -0500] "GET /sipse/faces/javax.faces.resource/jquery/jquery.js?ln=primefaces&v=4.0 HTTP/1.1" 304 -
186.84.22.63 - - [05/Feb/2023:15:23:47 -0500] "GET /sipse/faces/javax.faces.resource/jquery/jquery-plugins.js?ln=primefaces&v=4.0 HTTP/1.1" 304 -
186.84.22.63 - - [05/Feb/2023:15:23:47 -0500] "GET /sipse/faces/javax.faces.resource/primefaces.js?ln=primefaces&v=4.0 HTTP/1.1" 304 -
186.84.22.63 - - [05/Feb/2023:15:23:47 -0500] "GET /sipse/faces/javax.faces.resource/layout/layout.js?ln=primefaces&v=4.0 HTTP/1.1" 304 -
186.84.22.63 - - [05/Feb/2023:15:23:48 -0500] "GET /sipse/faces/javax.faces.resource/images/ui-icons_898989_256x240.png?ln=primefaces-aristo HTTP/1.1" 304 -
186.84.22.63 - - [05/Feb/2023:15:23:47 -0500] "POST /sipse/faces/presentacion/financiero/solicitudProceso/listarSolicitudProceso.xhtml HTTP/1.1" 200 1552
186.84.22.63 - - [05/Feb/2023:15:23:52 -0500] "POST /sipse/faces/presentacion/financiero/solicitudProceso/listarSolicitudProceso.xhtml HTTP/1.1" 200 7612
186.84.22.63 - - [05/Feb/2023:15:23:55 -0500] "POST /sipse/faces/presentacion/financiero/solicitudProceso/listarSolicitudProceso.xhtml HTTP/1.1" 200 146826
186.84.22.63 - - [05/Feb/2023:15:23:56 -0500] "GET /sipse/faces/javax.faces.resource/theme.css?ln=primefaces-sipse HTTP/1.1" 304 -
186.84.22.63 - - [05/Feb/2023:15:23:56 -0500] "GET /sipse/faces/javax.faces.resource/primefaces.css?ln=primefaces&v=4.0 HTTP/1.1" 304 -
186.84.22.63 - - [05/Feb/2023:15:23:56 -0500] "GET /sipse/faces/javax.faces.resource/layout/layout.css?ln=primefaces&v=4.0 HTTP/1.1" 304 -
186.84.22.63 - - [05/Feb/2023:15:23:56 -0500] "GET /sipse/faces/javax.faces.resource/jquery/jquery.js?ln=primefaces&v=4.0 HTTP/1.1" 304 -
186.84.22.63 - - [05/Feb/2023:15:23:56 -0500] "GET /sipse/faces/javax.faces.resource/jquery/jquery-plugins.js?ln=primefaces&v=4.0 HTTP/1.1" 304 -
186.84.22.63 - - [05/Feb/2023:15:23:56 -0500] "GET /sipse/faces/javax.faces.resource/primefaces.js?ln=primefaces&v=4.0 HTTP/1.1" 304 -
186.84.22.63 - - [05/Feb/2023:15:23:56 -0500] "GET /sipse/faces/javax.faces.resource/layout/layout.js?ln=primefaces&v=4.0 HTTP/1.1" 304 -
186.84.22.63 - - [05/Feb/2023:15:23:56 -0500] "GET /sipse/faces/javax.faces.resource/dynamiccontent.properties?ln=primefaces&pfdrid=XjOR5%2F%2FfPAZAuY9TpWQeCiM0BhlXxYRBGKi%2FQcXXfeA%3D&pfdrid_c=false HTTP/1.1" 500 383
186.84.22.63 - - [05/Feb/2023:15:24:03 -0500] "POST /sipse/faces/presentacion/financiero/solicitudProceso/consultarSolicitudProceso.xhtml HTTP/1.1" 200 66638
186.84.22.63 - - [05/Feb/2023:15:24:05 -0500] "GET /sipse/faces/javax.faces.resource/theme.css?ln=primefaces-sipse HTTP/1.1" 304 -
186.84.22.63 - - [05/Feb/2023:15:24:05 -0500] "GET /sipse/faces/javax.faces.resource/primefaces.css?ln=primefaces&v=4.0 HTTP/1.1" 304 -
186.84.22.63 - - [05/Feb/2023:15:24:05 -0500] "GET /sipse/faces/javax.faces.resource/layout/layout.css?ln=primefaces&v=4.0 HTTP/1.1" 304 -
186.84.22.63 - - [05/Feb/2023:15:24:05 -0500] "GET /sipse/faces/javax.faces.resource/jquery/jquery.js?ln=primefaces&v=4.0 HTTP/1.1" 304 -
186.84.22.63 - - [05/Feb/2023:15:24:05 -0500] "GET /sipse/faces/javax.faces.resource/jquery/jquery-plugins.js?ln=primefaces&v=4.0 HTTP/1.1" 304 -
186.84.22.63 - - [05/Feb/2023:15:24:05 -0500] "GET /sipse/faces/javax.faces.resource/primefaces.js?ln=primefaces&v=4.0 HTTP/1.1" 304 -
186.84.22.63 - - [05/Feb/2023:15:24:05 -0500] "GET /sipse/faces/javax.faces.resource/layout/layout.js?ln=primefaces&v=4.0 HTTP/1.1" 304 -
186.84.22.63 - - [05/Feb/2023:15:24:06 -0500] "GET /sipse/faces/javax.faces.resource/messages/messages.png?ln=primefaces&v=4.0 HTTP/1.1" 304 -
186.84.22.63 - - [05/Feb/2023:15:24:06 -0500] "POST /sipse/faces/presentacion/financiero/solicitudProceso/listarSolicitudProceso.xhtml HTTP/1.1" 200 1552
179.51.119.132 - - [05/Feb/2023:15:24:43 -0500] "GET /appsia/controlador HTTP/1.1" 200 4799
179.51.119.132 - - [05/Feb/2023:15:24:50 -0500] "POST /appsia/controlador HTTP/1.1" 200 4621
179.51.119.132 - - [05/Feb/2023:15:24:50 -0500] "POST /appsia/controlador HTTP/1.1" 200 4621
179.51.119.132 - - [05/Feb/2023:15:24:55 -0500] "POST /appsia/controlador HTTP/1.1" 200 7733
179.51.119.132 - - [05/Feb/2023:15:24:59 -0500] "POST /appsia/controlador HTTP/1.1" 200 4621
186.84.22.63 - - [05/Feb/2023:15:25:02 -0500] "POST /sipse/faces/presentacion/financiero/solicitudProceso/listarSolicitudProceso.xhtml HTTP/1.1" 200 7612
179.51.119.132 - - [05/Feb/2023:15:25:03 -0500] "POST /appsia/controlador HTTP/1.1" 200 4799
186.84.22.63 - - [05/Feb/2023:15:25:05 -0500] "POST /sipse/faces/presentacion/financiero/solicitudProceso/listarSolicitudProceso.xhtml HTTP/1.1" 200 31235
186.84.22.63 - - [05/Feb/2023:15:25:07 -0500] "POST /sipse/faces/presentacion/financiero/solicitudProceso/listarSolicitudProceso.xhtml HTTP/1.1" 200 4955
186.84.22.63 - - [05/Feb/2023:15:25:09 -0500] "POST /sipse/faces/presentacion/financiero/solicitudProceso/listarSolicitudProceso.xhtml HTTP/1.1" 200 149185
186.84.22.63 - - [05/Feb/2023:15:25:10 -0500] "GET /sipse/faces/javax.faces.resource/theme.css?ln=primefaces-sipse HTTP/1.1" 304 -
186.84.22.63 - - [05/Feb/2023:15:25:10 -0500] "GET /sipse/faces/javax.faces.resource/primefaces.css?ln=primefaces&v=4.0 HTTP/1.1" 304 -
186.84.22.63 - - [05/Feb/2023:15:25:10 -0500] "GET /sipse/faces/javax.faces.resource/layout/layout.css?ln=primefaces&v=4.0 HTTP/1.1" 304 -
186.84.22.63 - - [05/Feb/2023:15:25:10 -0500] "GET /sipse/faces/javax.faces.resource/jquery/jquery.js?ln=primefaces&v=4.0 HTTP/1.1" 304 -
186.84.22.63 - - [05/Feb/2023:15:25:10 -0500] "GET /sipse/faces/javax.faces.resource/jquery/jquery-plugins.js?ln=primefaces&v=4.0 HTTP/1.1" 304 -
186.84.22.63 - - [05/Feb/2023:15:25:10 -0500] "GET /sipse/faces/javax.faces.resource/primefaces.js?ln=primefaces&v=4.0 HTTP/1.1" 304 -
186.84.22.63 - - [05/Feb/2023:15:25:10 -0500] "GET /sipse/faces/javax.faces.resource/layout/layout.js?ln=primefaces&v=4.0 HTTP/1.1" 304 -
186.84.22.63 - - [05/Feb/2023:15:25:10 -0500] "GET /sipse/faces/javax.faces.resource/dynamiccontent.properties?ln=primefaces&pfdrid=XjOR5%2F%2FfPAZAuY9TpWQeCiM0BhlXxYRBGKi%2FQcXXfeA%3D&pfdrid_c=false HTTP/1.1" 500 383
216.245.221.92 - - [05/Feb/2023:15:25:25 -0500] "HEAD / HTTP/1.1" 200 -
172.22.2.4 - - [05/Feb/2023:15:23:54 -0500] "HEAD /BLA/boletinlegal/ HTTP/1.1" 200 -
186.84.22.63 - - [05/Feb/2023:15:25:34 -0500] "POST /sipse/faces/presentacion/financiero/solicitudProceso/consultarSolicitudProceso.xhtml HTTP/1.1" 200 5526
66.249.66.79 - - [05/Feb/2023:15:25:37 -0500] "-" 408 -
201.245.192.253 - - [05/Feb/2023:15:25:40 -0500] "POST /kwsrmcab/Wsrmcab  HTTP/1.1" 200 213
186.84.22.63 - - [05/Feb/2023:15:26:04 -0500] "POST /sipse/faces/presentacion/financiero/solicitudProceso/consultarSolicitudProceso.xhtml HTTP/1.1" 200 5533
186.84.22.63 - - [05/Feb/2023:15:26:05 -0500] "GET /sipse/faces/javax.faces.resource/dynamiccontent.properties?ln=primefaces&pfdrid=XjOR5%2F%2FfPAZAuY9TpWQeCiM0BhlXxYRBGKi%2FQcXXfeA%3D&pfdrid_c=false HTTP/1.1" 200 165259
186.84.22.63 - - [05/Feb/2023:15:26:24 -0500] "POST /sipse/faces/presentacion/financiero/solicitudProceso/consultarSolicitudProceso.xhtml HTTP/1.1" 200 154798
172.22.2.4 - - [05/Feb/2023:15:24:45 -0500] "GET /BLA/boletinlegal/ HTTP/1.1" 200 54452
186.84.22.63 - - [05/Feb/2023:15:26:27 -0500] "POST /sipse/faces/presentacion/financiero/solicitudProceso/consultarSolicitudProceso.xhtml HTTP/1.1" 200 6182013
186.84.22.63 - - [05/Feb/2023:15:26:29 -0500] "POST /sipse/faces/presentacion/financiero/solicitudProceso/consultarSolicitudProceso.xhtml HTTP/1.1" 200 2566371
186.84.22.63 - - [05/Feb/2023:15:26:31 -0500] "POST /sipse/faces/presentacion/financiero/solicitudProceso/consultarSolicitudProceso.xhtml HTTP/1.1" 200 138832
186.84.22.63 - - [05/Feb/2023:15:26:42 -0500] "POST /sipse/faces/presentacion/financiero/solicitudProceso/consultarSolicitudProceso.xhtml HTTP/1.1" 200 81747
157.55.39.6 - - [05/Feb/2023:15:27:21 -0500] "GET /bla/resoluciones/resoluciones%202022/2885.pdf HTTP/1.1" 200 410268
201.245.192.253 - - [05/Feb/2023:15:28:49 -0500] "POST /kwsrmcab/Wsrmcab HTTP/1.1" 200 39201
201.245.192.253 - - [05/Feb/2023:15:28:51 -0500] "POST /kwsrmcab/Wsrmcab HTTP/1.1" 200 42520
216.245.221.92 - - [05/Feb/2023:15:30:25 -0500] "HEAD / HTTP/1.1" 200 -
201.245.192.253 - - [05/Feb/2023:15:30:39 -0500] "POST /kwsrmcab/Wsrmcab  HTTP/1.1" 200 213
183.136.225.32 - - [05/Feb/2023:15:31:08 -0500] "-" 408 -
157.55.39.117 - - [05/Feb/2023:15:31:21 -0500] "GET /Residuos/pinturas/files/guia_pinturas.pdf HTTP/1.1" 200 16736247
172.22.2.4 - - [05/Feb/2023:15:29:44 -0500] "HEAD /BLA/boletinlegal/ HTTP/1.1" 200 -
172.22.2.4 - - [05/Feb/2023:15:30:34 -0500] "GET /BLA/boletinlegal/ HTTP/1.1" 200 56825
190.157.208.40 - - [05/Feb/2023:15:32:34 -0500] "GET /galeria/galeria/jquery.fancybox.css?v=2.1.5 HTTP/1.1" 200 4895
190.157.208.40 - - [05/Feb/2023:15:32:35 -0500] "GET /BLA/boletinlegal/js/jquery.scrollShow.js HTTP/1.1" 200 4586
190.157.208.40 - - [05/Feb/2023:15:32:35 -0500] "GET /galeria/galeria/jquery.fancybox.js?v=2.1.5 HTTP/1.1" 200 48706
190.66.247.53 - - [05/Feb/2023:15:33:55 -0500] "POST /sipse/faces/presentacion/financiero/solicitudProceso/listarSolicitudProceso.xhtml HTTP/1.1" 200 149017
190.66.247.53 - - [05/Feb/2023:15:33:56 -0500] "GET /sipse/faces/javax.faces.resource/theme.css?ln=primefaces-sipse HTTP/1.1" 304 -
190.66.247.53 - - [05/Feb/2023:15:33:56 -0500] "GET /sipse/faces/javax.faces.resource/primefaces.css?ln=primefaces&v=4.0 HTTP/1.1" 304 -
190.66.247.53 - - [05/Feb/2023:15:33:56 -0500] "GET /sipse/faces/javax.faces.resource/layout/layout.css?ln=primefaces&v=4.0 HTTP/1.1" 304 -
190.66.247.53 - - [05/Feb/2023:15:33:56 -0500] "GET /sipse/faces/javax.faces.resource/jquery/jquery.js?ln=primefaces&v=4.0 HTTP/1.1" 304 -
190.66.247.53 - - [05/Feb/2023:15:33:56 -0500] "GET /sipse/faces/javax.faces.resource/jquery/jquery-plugins.js?ln=primefaces&v=4.0 HTTP/1.1" 304 -
190.66.247.53 - - [05/Feb/2023:15:33:56 -0500] "GET /sipse/faces/javax.faces.resource/primefaces.js?ln=primefaces&v=4.0 HTTP/1.1" 304 -
190.66.247.53 - - [05/Feb/2023:15:33:56 -0500] "GET /sipse/faces/javax.faces.resource/layout/layout.js?ln=primefaces&v=4.0 HTTP/1.1" 304 -
190.66.247.53 - - [05/Feb/2023:15:33:57 -0500] "GET /sipse/faces/javax.faces.resource/dynamiccontent.properties?ln=primefaces&pfdrid=XjOR5%2F%2FfPAZAuY9TpWQeCiM0BhlXxYRBGKi%2FQcXXfeA%3D&pfdrid_c=false HTTP/1.1" 500 383
190.66.247.53 - - [05/Feb/2023:15:34:04 -0500] "POST /sipse/faces/presentacion/financiero/solicitudProceso/consultarSolicitudProceso.xhtml HTTP/1.1" 200 31982
190.66.247.53 - - [05/Feb/2023:15:34:05 -0500] "GET /sipse/faces/javax.faces.resource/primefaces.css?ln=primefaces&v=4.0 HTTP/1.1" 304 -
190.66.247.53 - - [05/Feb/2023:15:34:05 -0500] "GET /sipse/faces/javax.faces.resource/theme.css?ln=primefaces-sipse HTTP/1.1" 304 -
190.66.247.53 - - [05/Feb/2023:15:34:05 -0500] "GET /sipse/faces/javax.faces.resource/layout/layout.css?ln=primefaces&v=4.0 HTTP/1.1" 304 -
190.66.247.53 - - [05/Feb/2023:15:34:05 -0500] "GET /sipse/faces/javax.faces.resource/jquery/jquery.js?ln=primefaces&v=4.0 HTTP/1.1" 304 -
190.66.247.53 - - [05/Feb/2023:15:34:05 -0500] "GET /sipse/faces/javax.faces.resource/jquery/jquery-plugins.js?ln=primefaces&v=4.0 HTTP/1.1" 304 -
190.66.247.53 - - [05/Feb/2023:15:34:05 -0500] "GET /sipse/faces/javax.faces.resource/primefaces.js?ln=primefaces&v=4.0 HTTP/1.1" 304 -
190.66.247.53 - - [05/Feb/2023:15:34:05 -0500] "GET /sipse/faces/javax.faces.resource/layout/layout.js?ln=primefaces&v=4.0 HTTP/1.1" 304 -
190.66.247.53 - - [05/Feb/2023:15:34:05 -0500] "GET /sipse/css/imagen/contrasena.png HTTP/1.1" 404 383
190.66.247.53 - - [05/Feb/2023:15:34:07 -0500] "GET /sipse/faces/javax.faces.resource/images/ui-icons_898989_256x240.png?ln=primefaces-aristo HTTP/1.1" 304 -
190.66.247.53 - - [05/Feb/2023:15:34:08 -0500] "GET /sipse/faces/javax.faces.resource/theme.css?ln=primefaces-sipse HTTP/1.1" 304 -
190.66.247.53 - - [05/Feb/2023:15:34:08 -0500] "GET /sipse/faces/javax.faces.resource/primefaces.css?ln=primefaces&v=4.0 HTTP/1.1" 304 -
190.66.247.53 - - [05/Feb/2023:15:34:08 -0500] "GET /sipse/faces/javax.faces.resource/layout/layout.css?ln=primefaces&v=4.0 HTTP/1.1" 304 -
190.66.247.53 - - [05/Feb/2023:15:34:08 -0500] "GET /sipse/faces/javax.faces.resource/jquery/jquery.js?ln=primefaces&v=4.0 HTTP/1.1" 304 -
190.66.247.53 - - [05/Feb/2023:15:34:08 -0500] "GET /sipse/faces/javax.faces.resource/jquery/jquery-plugins.js?ln=primefaces&v=4.0 HTTP/1.1" 304 -
190.66.247.53 - - [05/Feb/2023:15:34:08 -0500] "GET /sipse/faces/javax.faces.resource/primefaces.js?ln=primefaces&v=4.0 HTTP/1.1" 304 -
190.66.247.53 - - [05/Feb/2023:15:34:08 -0500] "GET /sipse/faces/javax.faces.resource/layout/layout.js?ln=primefaces&v=4.0 HTTP/1.1" 304 -
190.66.247.53 - - [05/Feb/2023:15:34:08 -0500] "POST /sipse/faces/presentacion/financiero/solicitudProceso/consultarHistorialSolProceso.xhtml HTTP/1.1" 200 194811
190.66.247.53 - - [05/Feb/2023:15:34:09 -0500] "GET /sipse/css/imagen/contrasena.png HTTP/1.1" 404 383
190.66.247.53 - - [05/Feb/2023:15:34:10 -0500] "GET /sipse/faces/javax.faces.resource/dynamiccontent.properties?ln=primefaces&pfdrid=XjOR5%2F%2FfPAZAuY9TpWQeCiM0BhlXxYRBGKi%2FQcXXfeA%3D&pfdrid_c=false HTTP/1.1" 500 383
190.66.247.53 - - [05/Feb/2023:15:34:29 -0500] "POST /sipse/faces/presentacion/financiero/solicitudProceso/consultarSolicitudProceso.xhtml HTTP/1.1" 200 1103326
190.66.247.53 - - [05/Feb/2023:15:35:06 -0500] "POST /sipse/faces/presentacion/financiero/solicitudProceso/consultarSolicitudProceso.xhtml HTTP/1.1" 200 1031844
52.167.144.49 - - [05/Feb/2023:15:35:08 -0500] "GET /bla/resoluciones/autos%202021/4439.pdf HTTP/1.1" 200 402293
216.245.221.92 - - [05/Feb/2023:15:35:25 -0500] "HEAD / HTTP/1.1" 200 -
190.66.247.53 - - [05/Feb/2023:15:35:33 -0500] "POST /sipse/faces/presentacion/financiero/solicitudProceso/consultarSolicitudProceso.xhtml HTTP/1.1" 200 2116917
190.66.247.53 - - [05/Feb/2023:15:35:39 -0500] "POST /sipse/faces/presentacion/financiero/solicitudProceso/consultarSolicitudProceso.xhtml HTTP/1.1" 200 309811
201.245.192.253 - - [05/Feb/2023:15:35:38 -0500] "POST /kwsrmcab/Wsrmcab  HTTP/1.1" 200 213
172.22.2.4 - - [05/Feb/2023:15:34:06 -0500] "GET /BLA/boletinlegal/ HTTP/1.1" 200 60741
190.66.247.53 - - [05/Feb/2023:15:35:51 -0500] "POST /sipse/faces/presentacion/financiero/solicitudProceso/consultarSolicitudProceso.xhtml HTTP/1.1" 200 1732663
31.148.130.248 - - [05/Feb/2023:15:36:05 -0500] "GET /BLA/resoluciones/RESOLUCIONES%202022/3916.pdf HTTP/1.1" 200 440609
190.66.247.53 - - [05/Feb/2023:15:36:42 -0500] "GET /sipse/faces/javax.faces.resource/images/ui-bg_flat_0_2d5972_40x100.png?ln=primefaces-aristo HTTP/1.1" 304 -
190.66.247.53 - - [05/Feb/2023:15:36:42 -0500] "POST /sipse/faces/presentacion/financiero/solicitudProceso/consultarSolicitudProceso.xhtml HTTP/1.1" 200 5526
66.249.66.6 - - [05/Feb/2023:15:36:53 -0500] "-" 408 -
172.22.2.4 - - [05/Feb/2023:15:35:35 -0500] "HEAD /BLA/boletinlegal/ HTTP/1.1" 200 -
52.167.144.97 - - [05/Feb/2023:15:37:15 -0500] "GET /bla/resoluciones/autos%202022/2100.pdf HTTP/1.1" 200 1595319
186.29.181.171 - - [05/Feb/2023:15:37:17 -0500] "GET /BLA/resoluciones/AUTOS%202021/3084.pdf HTTP/1.1" 200 399824
186.29.181.171 - - [05/Feb/2023:15:37:21 -0500] "GET /BLA/resoluciones/AUTOS%202021/3083.pdf HTTP/1.1" 200 432079
186.29.181.171 - - [05/Feb/2023:15:37:28 -0500] "GET /BLA/resoluciones/AUTOS%202021/3082.pdf HTTP/1.1" 200 381667
186.29.181.171 - - [05/Feb/2023:15:37:30 -0500] "GET /BLA/resoluciones/AUTOS%202021/3081.pdf HTTP/1.1" 200 405902
186.29.181.171 - - [05/Feb/2023:15:37:33 -0500] "GET /BLA/resoluciones/AUTOS%202021/3080.pdf HTTP/1.1" 200 391450
186.29.181.171 - - [05/Feb/2023:15:37:36 -0500] "GET /BLA/resoluciones/AUTOS%202021/3079.pdf HTTP/1.1" 200 369521
186.29.181.171 - - [05/Feb/2023:15:37:38 -0500] "GET /BLA/resoluciones/AUTOS%202021/3078.pdf HTTP/1.1" 200 374610
186.29.181.171 - - [05/Feb/2023:15:37:40 -0500] "GET /BLA/resoluciones/AUTOS%202021/3077.pdf HTTP/1.1" 200 377557
186.29.181.171 - - [05/Feb/2023:15:37:43 -0500] "GET /BLA/resoluciones/AUTOS%202021/3076.pdf HTTP/1.1" 200 381618
185.246.220.98 - - [05/Feb/2023:15:37:45 -0500] "GET / HTTP/1.1" 200 319
186.29.181.171 - - [05/Feb/2023:15:37:46 -0500] "GET /BLA/resoluciones/AUTOS%202021/3075.pdf HTTP/1.1" 200 409276
