191.156.235.223 - - [05/Feb/2023:07:50:21 -0500] "GET /sipse/faces/javax.faces.resource/primefaces.css?ln=primefaces&v=4.0 HTTP/1.1" 304 -
191.156.235.223 - - [05/Feb/2023:07:50:21 -0500] "GET /sipse/faces/javax.faces.resource/jquery/jquery.js?ln=primefaces&v=4.0 HTTP/1.1" 304 -
191.156.235.223 - - [05/Feb/2023:07:50:21 -0500] "GET /sipse/faces/javax.faces.resource/jquery/jquery-plugins.js?ln=primefaces&v=4.0 HTTP/1.1" 304 -
191.156.235.223 - - [05/Feb/2023:07:50:22 -0500] "GET /sipse/faces/javax.faces.resource/primefaces.js?ln=primefaces&v=4.0 HTTP/1.1" 304 -
191.156.235.223 - - [05/Feb/2023:07:50:22 -0500] "GET /sipse/faces/javax.faces.resource/layout/layout.js?ln=primefaces&v=4.0 HTTP/1.1" 304 -
191.156.235.223 - - [05/Feb/2023:07:50:22 -0500] "POST /sipse/faces/presentacion/financiero/solicitudProceso/listarSolicitudProceso.xhtml HTTP/1.1" 200 1396
191.156.235.223 - - [05/Feb/2023:07:50:24 -0500] "POST /sipse/faces/presentacion/financiero/solicitudProceso/listarSolicitudProceso.xhtml HTTP/1.1" 200 143480
191.156.235.223 - - [05/Feb/2023:07:50:25 -0500] "GET /sipse/faces/javax.faces.resource/primefaces.css?ln=primefaces&v=4.0 HTTP/1.1" 304 -
191.156.235.223 - - [05/Feb/2023:07:50:25 -0500] "GET /sipse/faces/javax.faces.resource/layout/layout.css?ln=primefaces&v=4.0 HTTP/1.1" 304 -
191.156.235.223 - - [05/Feb/2023:07:50:25 -0500] "GET /sipse/faces/javax.faces.resource/theme.css?ln=primefaces-sipse HTTP/1.1" 304 -
191.156.235.223 - - [05/Feb/2023:07:50:25 -0500] "GET /sipse/faces/javax.faces.resource/jquery/jquery.js?ln=primefaces&v=4.0 HTTP/1.1" 304 -
191.156.235.223 - - [05/Feb/2023:07:50:25 -0500] "GET /sipse/faces/javax.faces.resource/jquery/jquery-plugins.js?ln=primefaces&v=4.0 HTTP/1.1" 304 -
191.156.235.223 - - [05/Feb/2023:07:50:25 -0500] "GET /sipse/faces/javax.faces.resource/primefaces.js?ln=primefaces&v=4.0 HTTP/1.1" 304 -
191.156.235.223 - - [05/Feb/2023:07:50:26 -0500] "GET /sipse/faces/javax.faces.resource/layout/layout.js?ln=primefaces&v=4.0 HTTP/1.1" 304 -
216.245.221.92 - - [05/Feb/2023:07:50:26 -0500] "HEAD / HTTP/1.1" 200 -
191.156.235.223 - - [05/Feb/2023:07:50:30 -0500] "POST /sipse/faces/presentacion/financiero/solicitudProceso/consultarSolicitudProceso.xhtml HTTP/1.1" 200 34129
191.156.235.223 - - [05/Feb/2023:07:50:33 -0500] "GET /sipse/faces/javax.faces.resource/theme.css?ln=primefaces-sipse HTTP/1.1" 304 -
191.156.235.223 - - [05/Feb/2023:07:50:33 -0500] "GET /sipse/faces/javax.faces.resource/primefaces.css?ln=primefaces&v=4.0 HTTP/1.1" 304 -
191.156.235.223 - - [05/Feb/2023:07:50:33 -0500] "GET /sipse/faces/javax.faces.resource/jquery/jquery.js?ln=primefaces&v=4.0 HTTP/1.1" 304 -
191.156.235.223 - - [05/Feb/2023:07:50:33 -0500] "GET /sipse/faces/javax.faces.resource/layout/layout.css?ln=primefaces&v=4.0 HTTP/1.1" 304 -
191.156.235.223 - - [05/Feb/2023:07:50:33 -0500] "GET /sipse/faces/javax.faces.resource/jquery/jquery-plugins.js?ln=primefaces&v=4.0 HTTP/1.1" 304 -
191.156.235.223 - - [05/Feb/2023:07:50:33 -0500] "GET /sipse/faces/javax.faces.resource/primefaces.js?ln=primefaces&v=4.0 HTTP/1.1" 304 -
191.156.235.223 - - [05/Feb/2023:07:50:33 -0500] "GET /sipse/faces/javax.faces.resource/layout/layout.js?ln=primefaces&v=4.0 HTTP/1.1" 304 -
172.22.2.4 - - [05/Feb/2023:07:48:53 -0500] "HEAD /BLA/boletinlegal/ HTTP/1.1" 200 -
191.156.235.223 - - [05/Feb/2023:07:50:33 -0500] "POST /sipse/faces/presentacion/financiero/solicitudProceso/listarSolicitudProceso.xhtml HTTP/1.1" 200 1376
69.171.251.10 - - [05/Feb/2023:07:50:35 -0500] "GET /images/1%20de%20febrero%20D\xc3\xada%20sin%20carro.jpeg HTTP/1.1" 404 1034
191.156.235.223 - - [05/Feb/2023:07:50:36 -0500] "POST /sipse/faces/presentacion/financiero/solicitudProceso/listarSolicitudProceso.xhtml HTTP/1.1" 200 2685
191.156.235.223 - - [05/Feb/2023:07:50:37 -0500] "POST /sipse/faces/presentacion/financiero/solicitudProceso/listarSolicitudProceso.xhtml HTTP/1.1" 200 41316
191.156.235.223 - - [05/Feb/2023:07:50:37 -0500] "GET /sipse/faces/javax.faces.resource/theme.css?ln=primefaces-sipse HTTP/1.1" 304 -
191.156.235.223 - - [05/Feb/2023:07:50:37 -0500] "GET /sipse/faces/javax.faces.resource/layout/layout.css?ln=primefaces&v=4.0 HTTP/1.1" 304 -
191.156.235.223 - - [05/Feb/2023:07:50:37 -0500] "GET /sipse/faces/javax.faces.resource/primefaces.css?ln=primefaces&v=4.0 HTTP/1.1" 304 -
191.156.235.223 - - [05/Feb/2023:07:50:37 -0500] "GET /sipse/faces/javax.faces.resource/jquery/jquery.js?ln=primefaces&v=4.0 HTTP/1.1" 304 -
191.156.235.223 - - [05/Feb/2023:07:50:37 -0500] "GET /sipse/faces/javax.faces.resource/jquery/jquery-plugins.js?ln=primefaces&v=4.0 HTTP/1.1" 304 -
191.156.235.223 - - [05/Feb/2023:07:50:37 -0500] "GET /sipse/faces/javax.faces.resource/primefaces.js?ln=primefaces&v=4.0 HTTP/1.1" 304 -
191.156.235.223 - - [05/Feb/2023:07:50:37 -0500] "GET /sipse/faces/javax.faces.resource/layout/layout.js?ln=primefaces&v=4.0 HTTP/1.1" 304 -
191.156.235.223 - - [05/Feb/2023:07:50:37 -0500] "POST /sipse/faces/presentacion/financiero/solicitudProceso/consultar.xhtml HTTP/1.1" 200 34734
191.156.235.223 - - [05/Feb/2023:07:50:38 -0500] "POST /sipse/faces/presentacion/financiero/solicitudProceso/consultar.xhtml HTTP/1.1" 200 34734
191.156.235.223 - - [05/Feb/2023:07:50:38 -0500] "POST /sipse/faces/presentacion/financiero/solicitudProceso/consultar.xhtml HTTP/1.1" 200 34734
191.156.235.223 - - [05/Feb/2023:07:50:38 -0500] "POST /sipse/faces/presentacion/financiero/solicitudProceso/consultar.xhtml HTTP/1.1" 200 34734
191.156.235.223 - - [05/Feb/2023:07:50:39 -0500] "POST /sipse/faces/presentacion/financiero/solicitudProceso/consultar.xhtml HTTP/1.1" 200 34734
191.156.235.223 - - [05/Feb/2023:07:50:42 -0500] "POST /sipse/faces/presentacion/financiero/solicitudProceso/consultar.xhtml HTTP/1.1" 200 12779
172.22.2.4 - - [05/Feb/2023:07:49:44 -0500] "GET /BLA/boletinlegal/ HTTP/1.1" 200 57192
173.252.83.23 - - [05/Feb/2023:07:51:41 -0500] "GET /images/2%20de%20febrero%20liberaci\xc3\xb3n%20Tunjo.jpeg HTTP/1.1" 404 1034
173.252.111.22 - - [05/Feb/2023:07:51:44 -0500] "GET /images/1%20de%20febrero%20D\xc3\xada%20sin%20carro.jpeg HTTP/1.1" 404 1034
157.55.39.64 - - [05/Feb/2023:07:52:00 -0500] "-" 408 -
201.244.195.155 - - [05/Feb/2023:07:52:14 -0500] "GET /sipse/faces/index.xhtml HTTP/1.1" 200 677
201.244.195.155 - - [05/Feb/2023:07:52:14 -0500] "GET /sipse/faces/javax.faces.resource/theme.css?ln=primefaces-sipse HTTP/1.1" 304 -
201.244.195.155 - - [05/Feb/2023:07:52:14 -0500] "GET /sipse/faces/faces/autenticacion.xhtml HTTP/1.1" 200 12172
201.244.195.155 - - [05/Feb/2023:07:52:14 -0500] "GET /sipse/js/disable_browser_buttons.js HTTP/1.1" 304 -
201.244.195.155 - - [05/Feb/2023:07:52:14 -0500] "GET /sipse/js/funciones.js HTTP/1.1" 304 -
201.244.195.155 - - [05/Feb/2023:07:52:14 -0500] "GET /sipse/css/custom_css_sg.css HTTP/1.1" 304 -
201.244.195.155 - - [05/Feb/2023:07:52:14 -0500] "GET /sipse/css/custom_css_sg_prime_login.css HTTP/1.1" 304 -
201.244.195.155 - - [05/Feb/2023:07:52:14 -0500] "GET /sipse/faces/javax.faces.resource/primefaces.css?ln=primefaces&v=4.0 HTTP/1.1" 304 -
201.244.195.155 - - [05/Feb/2023:07:52:14 -0500] "GET /sipse/faces/javax.faces.resource/layout/layout.css?ln=primefaces&v=4.0 HTTP/1.1" 304 -
201.244.195.155 - - [05/Feb/2023:07:52:14 -0500] "GET /sipse/faces/javax.faces.resource/theme.css?ln=primefaces-sipse HTTP/1.1" 304 -
201.244.195.155 - - [05/Feb/2023:07:52:14 -0500] "GET /sipse/faces/javax.faces.resource/jquery/jquery.js?ln=primefaces&v=4.0 HTTP/1.1" 304 -
201.244.195.155 - - [05/Feb/2023:07:52:14 -0500] "GET /sipse/faces/javax.faces.resource/jquery/jquery-plugins.js?ln=primefaces&v=4.0 HTTP/1.1" 304 -
201.244.195.155 - - [05/Feb/2023:07:52:14 -0500] "GET /sipse/faces/javax.faces.resource/primefaces.js?ln=primefaces&v=4.0 HTTP/1.1" 304 -
201.244.195.155 - - [05/Feb/2023:07:52:14 -0500] "GET /sipse/faces/javax.faces.resource/layout/layout.js?ln=primefaces&v=4.0 HTTP/1.1" 304 -
201.244.195.155 - - [05/Feb/2023:07:52:14 -0500] "GET /sipse/css/imagen/logoSDG.png HTTP/1.1" 304 -
201.244.195.155 - - [05/Feb/2023:07:52:14 -0500] "GET /sipse/css/imagen/loginimg.png HTTP/1.1" 304 -
201.244.195.155 - - [05/Feb/2023:07:52:14 -0500] "GET /sipse/faces/javax.faces.resource/images/ui-icons_898989_256x240.png?ln=primefaces-aristo HTTP/1.1" 304 -
201.245.192.253 - - [05/Feb/2023:07:52:19 -0500] "POST /kwsrmcab/Wsrmcab  HTTP/1.1" 200 213
173.252.79.22 - - [05/Feb/2023:07:52:24 -0500] "GET /images/2%20de%20febrero%20liberaci\xc3\xb3n%20Tunjo.jpeg HTTP/1.1" 404 1034
201.244.195.155 - - [05/Feb/2023:07:52:25 -0500] "POST /sipse/faces/autenticacion.xhtml HTTP/1.1" 200 16071
201.244.195.155 - - [05/Feb/2023:07:52:25 -0500] "GET /sipse/css/custom_css_sg_prime.css HTTP/1.1" 304 -
201.244.195.155 - - [05/Feb/2023:07:52:25 -0500] "GET /sipse/faces/javax.faces.resource/theme.css?ln=primefaces-sipse HTTP/1.1" 304 -
201.244.195.155 - - [05/Feb/2023:07:52:25 -0500] "GET /sipse/faces/javax.faces.resource/layout/layout.css?ln=primefaces&v=4.0 HTTP/1.1" 304 -
201.244.195.155 - - [05/Feb/2023:07:52:25 -0500] "GET /sipse/faces/javax.faces.resource/primefaces.css?ln=primefaces&v=4.0 HTTP/1.1" 304 -
201.244.195.155 - - [05/Feb/2023:07:52:25 -0500] "GET /sipse/js/jquery.min.js HTTP/1.1" 304 -
201.244.195.155 - - [05/Feb/2023:07:52:25 -0500] "GET /sipse/faces/javax.faces.resource/jquery/jquery.js?ln=primefaces&v=4.0 HTTP/1.1" 304 -
201.244.195.155 - - [05/Feb/2023:07:52:25 -0500] "GET /sipse/faces/javax.faces.resource/jquery/jquery-plugins.js?ln=primefaces&v=4.0 HTTP/1.1" 304 -
201.244.195.155 - - [05/Feb/2023:07:52:25 -0500] "GET /sipse/faces/javax.faces.resource/primefaces.js?ln=primefaces&v=4.0 HTTP/1.1" 304 -
201.244.195.155 - - [05/Feb/2023:07:52:25 -0500] "GET /sipse/faces/javax.faces.resource/layout/layout.js?ln=primefaces&v=4.0 HTTP/1.1" 304 -
201.244.195.155 - - [05/Feb/2023:07:52:25 -0500] "GET /sipse/imagenes/cargando.gif HTTP/1.1" 304 -
201.244.195.155 - - [05/Feb/2023:07:52:25 -0500] "GET /sipse/imagenes/logoAplicacion.jpg HTTP/1.1" 304 -
201.244.195.155 - - [05/Feb/2023:07:52:25 -0500] "GET /sipse/css/imagen/contrasena.png HTTP/1.1" 404 383
201.244.195.155 - - [05/Feb/2023:07:52:25 -0500] "GET /sipse/faces/javax.faces.resource/messages/messages.png?ln=primefaces&v=4.0 HTTP/1.1" 304 -
201.244.195.155 - - [05/Feb/2023:07:52:31 -0500] "GET /sipse/faces/javax.faces.resource/images/ui-bg_flat_0_2d5972_40x100.png?ln=primefaces-aristo HTTP/1.1" 304 -
201.244.195.155 - - [05/Feb/2023:07:52:31 -0500] "POST /sipse/faces/bienvenido.xhtml HTTP/1.1" 200 1471
201.244.195.155 - - [05/Feb/2023:07:52:32 -0500] "POST /sipse/faces/bienvenido.xhtml HTTP/1.1" 200 49012
201.244.195.155 - - [05/Feb/2023:07:52:33 -0500] "GET /sipse/faces/javax.faces.resource/primefaces.css?ln=primefaces&v=4.0 HTTP/1.1" 304 -
201.244.195.155 - - [05/Feb/2023:07:52:33 -0500] "GET /sipse/faces/javax.faces.resource/theme.css?ln=primefaces-sipse HTTP/1.1" 304 -
201.244.195.155 - - [05/Feb/2023:07:52:33 -0500] "GET /sipse/faces/javax.faces.resource/layout/layout.css?ln=primefaces&v=4.0 HTTP/1.1" 304 -
201.244.195.155 - - [05/Feb/2023:07:52:33 -0500] "GET /sipse/faces/javax.faces.resource/jquery/jquery.js?ln=primefaces&v=4.0 HTTP/1.1" 304 -
201.244.195.155 - - [05/Feb/2023:07:52:33 -0500] "GET /sipse/faces/javax.faces.resource/jquery/jquery-plugins.js?ln=primefaces&v=4.0 HTTP/1.1" 304 -
201.244.195.155 - - [05/Feb/2023:07:52:33 -0500] "GET /sipse/faces/javax.faces.resource/primefaces.js?ln=primefaces&v=4.0 HTTP/1.1" 304 -
201.244.195.155 - - [05/Feb/2023:07:52:33 -0500] "GET /sipse/faces/javax.faces.resource/layout/layout.js?ln=primefaces&v=4.0 HTTP/1.1" 304 -
201.244.195.155 - - [05/Feb/2023:07:52:33 -0500] "POST /sipse/faces/presentacion/financiero/solicitudProceso/listarSolicitudProceso.xhtml HTTP/1.1" 200 1488
201.244.195.155 - - [05/Feb/2023:07:52:41 -0500] "POST /sipse/faces/presentacion/financiero/solicitudProceso/listarSolicitudProceso.xhtml HTTP/1.1" 200 2197
201.244.195.155 - - [05/Feb/2023:07:52:43 -0500] "POST /sipse/faces/presentacion/financiero/solicitudProceso/listarSolicitudProceso.xhtml HTTP/1.1" 200 38326
201.244.195.155 - - [05/Feb/2023:07:52:43 -0500] "GET /sipse/faces/javax.faces.resource/layout/layout.css?ln=primefaces&v=4.0 HTTP/1.1" 304 -
201.244.195.155 - - [05/Feb/2023:07:52:43 -0500] "GET /sipse/faces/javax.faces.resource/primefaces.css?ln=primefaces&v=4.0 HTTP/1.1" 304 -
201.244.195.155 - - [05/Feb/2023:07:52:43 -0500] "GET /sipse/faces/javax.faces.resource/theme.css?ln=primefaces-sipse HTTP/1.1" 304 -
201.244.195.155 - - [05/Feb/2023:07:52:43 -0500] "GET /sipse/faces/javax.faces.resource/jquery/jquery.js?ln=primefaces&v=4.0 HTTP/1.1" 304 -
201.244.195.155 - - [05/Feb/2023:07:52:43 -0500] "GET /sipse/faces/javax.faces.resource/jquery/jquery-plugins.js?ln=primefaces&v=4.0 HTTP/1.1" 304 -
201.244.195.155 - - [05/Feb/2023:07:52:43 -0500] "GET /sipse/faces/javax.faces.resource/primefaces.js?ln=primefaces&v=4.0 HTTP/1.1" 304 -
201.244.195.155 - - [05/Feb/2023:07:52:43 -0500] "GET /sipse/faces/javax.faces.resource/layout/layout.js?ln=primefaces&v=4.0 HTTP/1.1" 304 -
201.244.195.155 - - [05/Feb/2023:07:52:43 -0500] "POST /sipse/faces/presentacion/financiero/solicitudProceso/consultar.xhtml HTTP/1.1" 200 31741
201.244.195.155 - - [05/Feb/2023:07:53:08 -0500] "POST /sipse/faces/presentacion/financiero/solicitudProceso/consultar.xhtml HTTP/1.1" 200 12834
201.244.195.155 - - [05/Feb/2023:07:53:14 -0500] "POST /sipse/faces/presentacion/financiero/solicitudProceso/consultar.xhtml HTTP/1.1" 200 145749
201.244.195.155 - - [05/Feb/2023:07:53:15 -0500] "GET /sipse/faces/javax.faces.resource/theme.css?ln=primefaces-sipse HTTP/1.1" 304 -
201.244.195.155 - - [05/Feb/2023:07:53:15 -0500] "GET /sipse/faces/javax.faces.resource/primefaces.css?ln=primefaces&v=4.0 HTTP/1.1" 304 -
201.244.195.155 - - [05/Feb/2023:07:53:15 -0500] "GET /sipse/faces/javax.faces.resource/layout/layout.css?ln=primefaces&v=4.0 HTTP/1.1" 304 -
201.244.195.155 - - [05/Feb/2023:07:53:15 -0500] "GET /sipse/faces/javax.faces.resource/jquery/jquery.js?ln=primefaces&v=4.0 HTTP/1.1" 304 -
201.244.195.155 - - [05/Feb/2023:07:53:15 -0500] "GET /sipse/faces/javax.faces.resource/jquery/jquery-plugins.js?ln=primefaces&v=4.0 HTTP/1.1" 304 -
201.244.195.155 - - [05/Feb/2023:07:53:15 -0500] "GET /sipse/faces/javax.faces.resource/primefaces.js?ln=primefaces&v=4.0 HTTP/1.1" 304 -
201.244.195.155 - - [05/Feb/2023:07:53:15 -0500] "GET /sipse/faces/javax.faces.resource/layout/layout.js?ln=primefaces&v=4.0 HTTP/1.1" 304 -
201.244.195.155 - - [05/Feb/2023:07:53:23 -0500] "POST /sipse/faces/presentacion/financiero/solicitudProceso/consultarSolicitudProceso.xhtml HTTP/1.1" 200 5526
191.156.235.223 - - [05/Feb/2023:07:53:52 -0500] "POST /sipse/faces/presentacion/financiero/solicitudProceso/consultar.xhtml HTTP/1.1" 200 12931
191.156.235.223 - - [05/Feb/2023:07:54:33 -0500] "POST /sipse/faces/presentacion/financiero/solicitudProceso/consultar.xhtml HTTP/1.1" 200 12815
52.167.144.49 - - [05/Feb/2023:07:54:56 -0500] "GET /bla/resoluciones/autos%202021/5876.pdf HTTP/1.1" 200 387922
216.245.221.92 - - [05/Feb/2023:07:55:26 -0500] "HEAD / HTTP/1.1" 200 -
172.22.2.4 - - [05/Feb/2023:07:55:31 -0500] "GET /BLA/boletinlegal/robots.txt HTTP/1.1" 404 1038
172.22.2.4 - - [05/Feb/2023:07:55:34 -0500] "GET /BLA/boletinlegal/Circulares/2013/Circular%20No.%206%20del%2019%20de%20julio%20de%202013.pdf HTTP/1.1" 200 4210437
69.171.251.14 - - [05/Feb/2023:07:55:54 -0500] "GET /images/2%20de%20febrero%20liberaci\xc3\xb3n%20Tunjo.jpeg HTTP/1.1" 404 1034
172.22.2.4 - - [05/Feb/2023:07:54:43 -0500] "HEAD /BLA/boletinlegal/ HTTP/1.1" 200 -
201.244.195.155 - - [05/Feb/2023:07:56:24 -0500] "POST /sipse/faces/presentacion/financiero/solicitudProceso/consultarSolicitudProceso.xhtml HTTP/1.1" 200 49585
201.244.195.155 - - [05/Feb/2023:07:56:24 -0500] "GET /sipse/faces/javax.faces.resource/theme.css?ln=primefaces-sipse HTTP/1.1" 304 -
201.244.195.155 - - [05/Feb/2023:07:56:24 -0500] "GET /sipse/faces/javax.faces.resource/primefaces.css?ln=primefaces&v=4.0 HTTP/1.1" 304 -
201.244.195.155 - - [05/Feb/2023:07:56:24 -0500] "GET /sipse/faces/javax.faces.resource/layout/layout.css?ln=primefaces&v=4.0 HTTP/1.1" 304 -
201.244.195.155 - - [05/Feb/2023:07:56:24 -0500] "GET /sipse/faces/javax.faces.resource/jquery/jquery.js?ln=primefaces&v=4.0 HTTP/1.1" 304 -
201.244.195.155 - - [05/Feb/2023:07:56:24 -0500] "GET /sipse/faces/javax.faces.resource/jquery/jquery-plugins.js?ln=primefaces&v=4.0 HTTP/1.1" 304 -
201.244.195.155 - - [05/Feb/2023:07:56:24 -0500] "GET /sipse/faces/javax.faces.resource/primefaces.js?ln=primefaces&v=4.0 HTTP/1.1" 304 -
201.244.195.155 - - [05/Feb/2023:07:56:24 -0500] "GET /sipse/faces/javax.faces.resource/layout/layout.js?ln=primefaces&v=4.0 HTTP/1.1" 304 -
201.244.195.155 - - [05/Feb/2023:07:56:24 -0500] "POST /sipse/faces/presentacion/financiero/solicitudProceso/listarSolicitudProceso.xhtml HTTP/1.1" 200 42974
201.244.195.155 - - [05/Feb/2023:07:56:25 -0500] "POST /sipse/faces/presentacion/financiero/solicitudProceso/listarSolicitudProceso.xhtml HTTP/1.1" 200 42974
201.244.195.155 - - [05/Feb/2023:07:56:25 -0500] "POST /sipse/faces/presentacion/financiero/solicitudProceso/listarSolicitudProceso.xhtml HTTP/1.1" 200 42974
201.244.195.155 - - [05/Feb/2023:07:56:25 -0500] "POST /sipse/faces/presentacion/financiero/solicitudProceso/listarSolicitudProceso.xhtml HTTP/1.1" 200 1488
201.244.195.155 - - [05/Feb/2023:07:56:25 -0500] "POST /sipse/faces/presentacion/financiero/solicitudProceso/listarSolicitudProceso.xhtml HTTP/1.1" 200 1504
201.244.195.155 - - [05/Feb/2023:07:56:25 -0500] "POST /sipse/faces/presentacion/financiero/solicitudProceso/listarSolicitudProceso.xhtml HTTP/1.1" 200 1496
201.244.195.155 - - [05/Feb/2023:07:56:26 -0500] "POST /sipse/faces/presentacion/financiero/solicitudProceso/listarSolicitudProceso.xhtml HTTP/1.1" 200 1504
201.244.195.155 - - [05/Feb/2023:07:56:31 -0500] "POST /sipse/faces/presentacion/financiero/solicitudProceso/listarSolicitudProceso.xhtml HTTP/1.1" 200 137579
201.244.195.155 - - [05/Feb/2023:07:56:32 -0500] "GET /sipse/faces/javax.faces.resource/layout/layout.css?ln=primefaces&v=4.0 HTTP/1.1" 304 -
201.244.195.155 - - [05/Feb/2023:07:56:32 -0500] "GET /sipse/faces/javax.faces.resource/theme.css?ln=primefaces-sipse HTTP/1.1" 304 -
201.244.195.155 - - [05/Feb/2023:07:56:32 -0500] "GET /sipse/faces/javax.faces.resource/primefaces.css?ln=primefaces&v=4.0 HTTP/1.1" 304 -
201.244.195.155 - - [05/Feb/2023:07:56:32 -0500] "GET /sipse/faces/javax.faces.resource/jquery/jquery.js?ln=primefaces&v=4.0 HTTP/1.1" 304 -
201.244.195.155 - - [05/Feb/2023:07:56:32 -0500] "GET /sipse/faces/javax.faces.resource/jquery/jquery-plugins.js?ln=primefaces&v=4.0 HTTP/1.1" 304 -
201.244.195.155 - - [05/Feb/2023:07:56:32 -0500] "GET /sipse/faces/javax.faces.resource/primefaces.js?ln=primefaces&v=4.0 HTTP/1.1" 304 -
201.244.195.155 - - [05/Feb/2023:07:56:32 -0500] "GET /sipse/faces/javax.faces.resource/layout/layout.js?ln=primefaces&v=4.0 HTTP/1.1" 304 -
157.90.254.89 - - [05/Feb/2023:07:56:36 -0500] "GET / HTTP/1.1" 200 4720
157.90.254.89 - - [05/Feb/2023:07:56:39 -0500] "GET / HTTP/1.1" 200 319
157.90.244.54 - - [05/Feb/2023:07:56:46 -0500] "GET / HTTP/1.1" 200 319
157.90.244.54 - - [05/Feb/2023:07:56:48 -0500] "GET / HTTP/1.1" 200 4720
201.244.195.155 - - [05/Feb/2023:07:57:04 -0500] "POST /sipse/faces/presentacion/financiero/solicitudProceso/consultarSolicitudProceso.xhtml HTTP/1.1" 200 637488
80.208.66.239 - - [05/Feb/2023:07:57:08 -0500] "GET /BLA/boletinlegal/Circulares/2022/CIRCULAR%20No.%2000009%20DEL%2010%20DE%20OCTUBRE%20DEL%202022.pdf HTTP/1.1" 200 292772
172.22.2.4 - - [05/Feb/2023:07:55:34 -0500] "GET /BLA/boletinlegal/ HTTP/1.1" 200 55272
201.244.195.155 - - [05/Feb/2023:07:57:18 -0500] "POST /sipse/faces/presentacion/financiero/solicitudProceso/consultarSolicitudProceso.xhtml HTTP/1.1" 200 81714
201.245.192.253 - - [05/Feb/2023:07:57:17 -0500] "POST /kwsrmcab/Wsrmcab  HTTP/1.1" 200 213
172.22.2.4 - - [05/Feb/2023:07:57:21 -0500] "GET /BLA/boletinlegal/Circulares/2015/Circular%20No.%201%20del%2010%20de%20Febrero%20de%202015.pdf HTTP/1.1" 200 660637
185.119.81.105 - - [05/Feb/2023:07:58:33 -0500] "GET /portaldeninos/wp-login.php HTTP/1.1" 200 2592
185.119.81.105 - - [05/Feb/2023:07:58:34 -0500] "POST /portaldeninos/wp-login.php HTTP/1.1" 200 3605
31.148.131.66 - - [05/Feb/2023:07:58:52 -0500] "GET /BLA/resoluciones/AUTOS%202021/4435.pdf HTTP/1.1" 200 383098
79.110.73.118 - - [05/Feb/2023:07:59:14 -0500] "GET /BLA/resoluciones/RESOLUCIONES%202022/2802.pdf HTTP/1.1" 200 556691
201.244.195.155 - - [05/Feb/2023:07:59:27 -0500] "POST /sipse/faces/presentacion/financiero/solicitudProceso/consultarSolicitudProceso.xhtml HTTP/1.1" 200 7015164
216.245.221.92 - - [05/Feb/2023:08:00:26 -0500] "HEAD / HTTP/1.1" 200 -
201.244.195.155 - - [05/Feb/2023:08:01:02 -0500] "POST /sipse/faces/presentacion/financiero/solicitudProceso/consultarSolicitudProceso.xhtml HTTP/1.1" 200 5526
172.22.2.4 - - [05/Feb/2023:07:59:38 -0500] "GET /BLA/boletinlegal/ HTTP/1.1" 200 57824
172.22.2.4 - - [05/Feb/2023:08:00:33 -0500] "HEAD /BLA/boletinlegal/ HTTP/1.1" 200 -
201.245.192.253 - - [05/Feb/2023:08:02:16 -0500] "POST /kwsrmcab/Wsrmcab  HTTP/1.1" 200 213
186.155.18.34 - - [05/Feb/2023:08:02:22 -0500] "GET /inventario-de-emisiones-2020-transporte-publico-sitp-redujo-emisiones-de-pm-2-5-en-un-37.html HTTP/1.1" 200 925
157.55.39.117 - - [05/Feb/2023:08:03:03 -0500] "GET /bla/resoluciones/autos%202021/5865.pdf HTTP/1.1" 200 355660
172.22.2.4 - - [05/Feb/2023:08:01:24 -0500] "GET /BLA/boletinlegal/ HTTP/1.1" 200 57192
201.244.195.155 - - [05/Feb/2023:08:03:24 -0500] "POST /sipse/faces/presentacion/financiero/solicitudProceso/consultarSolicitudProceso.xhtml HTTP/1.1" 200 47188
201.244.195.155 - - [05/Feb/2023:08:03:26 -0500] "GET /sipse/faces/javax.faces.resource/theme.css?ln=primefaces-sipse HTTP/1.1" 304 -
201.244.195.155 - - [05/Feb/2023:08:03:26 -0500] "GET /sipse/faces/javax.faces.resource/primefaces.css?ln=primefaces&v=4.0 HTTP/1.1" 304 -
201.244.195.155 - - [05/Feb/2023:08:03:26 -0500] "GET /sipse/faces/javax.faces.resource/layout/layout.css?ln=primefaces&v=4.0 HTTP/1.1" 304 -
201.244.195.155 - - [05/Feb/2023:08:03:26 -0500] "GET /sipse/faces/javax.faces.resource/jquery/jquery.js?ln=primefaces&v=4.0 HTTP/1.1" 304 -
201.244.195.155 - - [05/Feb/2023:08:03:26 -0500] "GET /sipse/faces/javax.faces.resource/jquery/jquery-plugins.js?ln=primefaces&v=4.0 HTTP/1.1" 304 -
201.244.195.155 - - [05/Feb/2023:08:03:26 -0500] "GET /sipse/faces/javax.faces.resource/primefaces.js?ln=primefaces&v=4.0 HTTP/1.1" 304 -
201.244.195.155 - - [05/Feb/2023:08:03:26 -0500] "GET /sipse/faces/javax.faces.resource/layout/layout.js?ln=primefaces&v=4.0 HTTP/1.1" 304 -
201.244.195.155 - - [05/Feb/2023:08:03:26 -0500] "GET /sipse/faces/javax.faces.resource/messages/messages.png?ln=primefaces&v=4.0 HTTP/1.1" 304 -
201.244.195.155 - - [05/Feb/2023:08:03:26 -0500] "POST /sipse/faces/presentacion/financiero/solicitudProceso/listarSolicitudProceso.xhtml HTTP/1.1" 200 1476
201.244.195.155 - - [05/Feb/2023:08:03:33 -0500] "POST /sipse/faces/presentacion/financiero/solicitudProceso/listarSolicitudProceso.xhtml HTTP/1.1" 200 148586
201.244.195.155 - - [05/Feb/2023:08:03:34 -0500] "GET /sipse/faces/javax.faces.resource/theme.css?ln=primefaces-sipse HTTP/1.1" 304 -
201.244.195.155 - - [05/Feb/2023:08:03:34 -0500] "GET /sipse/faces/javax.faces.resource/layout/layout.css?ln=primefaces&v=4.0 HTTP/1.1" 304 -
201.244.195.155 - - [05/Feb/2023:08:03:34 -0500] "GET /sipse/faces/javax.faces.resource/primefaces.css?ln=primefaces&v=4.0 HTTP/1.1" 304 -
201.244.195.155 - - [05/Feb/2023:08:03:34 -0500] "GET /sipse/faces/javax.faces.resource/jquery/jquery.js?ln=primefaces&v=4.0 HTTP/1.1" 304 -
201.244.195.155 - - [05/Feb/2023:08:03:34 -0500] "GET /sipse/faces/javax.faces.resource/jquery/jquery-plugins.js?ln=primefaces&v=4.0 HTTP/1.1" 304 -
201.244.195.155 - - [05/Feb/2023:08:03:34 -0500] "GET /sipse/faces/javax.faces.resource/primefaces.js?ln=primefaces&v=4.0 HTTP/1.1" 304 -
201.244.195.155 - - [05/Feb/2023:08:03:34 -0500] "GET /sipse/faces/javax.faces.resource/layout/layout.js?ln=primefaces&v=4.0 HTTP/1.1" 304 -
31.148.130.167 - - [05/Feb/2023:08:04:05 -0500] "GET /BLA/resoluciones/AUTOS%202021/6751.pdf HTTP/1.1" 200 423727
201.244.195.155 - - [05/Feb/2023:08:04:45 -0500] "POST /sipse/faces/presentacion/financiero/solicitudProceso/consultarSolicitudProceso.xhtml HTTP/1.1" 200 83290
201.244.195.155 - - [05/Feb/2023:08:04:53 -0500] "POST /sipse/faces/presentacion/financiero/solicitudProceso/consultarSolicitudProceso.xhtml HTTP/1.1" 200 387172
173.252.87.23 - - [05/Feb/2023:08:04:59 -0500] "GET /images/2%20de%20febrero%20liberaci\xc3\xb3n%20Tunjo.jpeg HTTP/1.1" 404 1034
173.252.79.5 - - [05/Feb/2023:08:05:01 -0500] "GET /images/1%20de%20febrero%20D\xc3\xada%20sin%20carro.jpeg HTTP/1.1" 404 1034
173.252.87.111 - - [05/Feb/2023:08:05:25 -0500] "GET /images/IMG_3028%20(1).jpg HTTP/1.1" 200 435206
216.245.221.92 - - [05/Feb/2023:08:05:26 -0500] "HEAD / HTTP/1.1" 200 -
172.22.2.4 - - [05/Feb/2023:08:06:07 -0500] "GET /BLA/boletinlegal/Circulares/2019/Circular%2000018%20del%2020%20de%20noviembre%20de%202019.pdf HTTP/1.1" 200 158030
201.245.192.253 - - [05/Feb/2023:08:07:16 -0500] "POST /kwsrmcab/Wsrmcab  HTTP/1.1" 200 213
201.244.195.155 - - [05/Feb/2023:08:07:24 -0500] "POST /sipse/faces/presentacion/financiero/solicitudProceso/consultarSolicitudProceso.xhtml HTTP/1.1" 200 48538
201.244.195.155 - - [05/Feb/2023:08:07:26 -0500] "GET /sipse/faces/javax.faces.resource/theme.css?ln=primefaces-sipse HTTP/1.1" 304 -
201.244.195.155 - - [05/Feb/2023:08:07:26 -0500] "GET /sipse/faces/javax.faces.resource/primefaces.css?ln=primefaces&v=4.0 HTTP/1.1" 304 -
201.244.195.155 - - [05/Feb/2023:08:07:26 -0500] "GET /sipse/faces/javax.faces.resource/layout/layout.css?ln=primefaces&v=4.0 HTTP/1.1" 304 -
201.244.195.155 - - [05/Feb/2023:08:07:26 -0500] "GET /sipse/faces/javax.faces.resource/jquery/jquery-plugins.js?ln=primefaces&v=4.0 HTTP/1.1" 304 -
201.244.195.155 - - [05/Feb/2023:08:07:26 -0500] "GET /sipse/faces/javax.faces.resource/layout/layout.js?ln=primefaces&v=4.0 HTTP/1.1" 304 -
201.244.195.155 - - [05/Feb/2023:08:07:26 -0500] "GET /sipse/faces/javax.faces.resource/primefaces.js?ln=primefaces&v=4.0 HTTP/1.1" 304 -
201.244.195.155 - - [05/Feb/2023:08:07:26 -0500] "GET /sipse/faces/javax.faces.resource/jquery/jquery.js?ln=primefaces&v=4.0 HTTP/1.1" 304 -
201.244.195.155 - - [05/Feb/2023:08:07:26 -0500] "GET /sipse/css/imagen/contrasena.png HTTP/1.1" 404 383
201.244.195.155 - - [05/Feb/2023:08:07:26 -0500] "GET /sipse/faces/javax.faces.resource/images/ui-icons_898989_256x240.png?ln=primefaces-aristo HTTP/1.1" 304 -
173.252.95.17 - - [05/Feb/2023:08:07:34 -0500] "GET /images/2%20de%20febrero%20liberaci\xc3\xb3n%20Tunjo.jpeg HTTP/1.1" 404 1034
172.22.2.4 - - [05/Feb/2023:08:06:23 -0500] "HEAD /BLA/boletinlegal/ HTTP/1.1" 200 -
201.244.195.155 - - [05/Feb/2023:08:08:25 -0500] "GET /sipse/faces/javax.faces.resource/theme.css?ln=primefaces-sipse HTTP/1.1" 304 -
201.244.195.155 - - [05/Feb/2023:08:08:26 -0500] "GET /sipse/faces/javax.faces.resource/primefaces.css?ln=primefaces&v=4.0 HTTP/1.1" 304 -
201.244.195.155 - - [05/Feb/2023:08:08:26 -0500] "GET /sipse/faces/javax.faces.resource/layout/layout.css?ln=primefaces&v=4.0 HTTP/1.1" 304 -
201.244.195.155 - - [05/Feb/2023:08:08:26 -0500] "GET /sipse/faces/javax.faces.resource/jquery/jquery.js?ln=primefaces&v=4.0 HTTP/1.1" 304 -
201.244.195.155 - - [05/Feb/2023:08:08:26 -0500] "GET /sipse/faces/javax.faces.resource/primefaces.js?ln=primefaces&v=4.0 HTTP/1.1" 304 -
201.244.195.155 - - [05/Feb/2023:08:08:26 -0500] "GET /sipse/faces/javax.faces.resource/jquery/jquery-plugins.js?ln=primefaces&v=4.0 HTTP/1.1" 304 -
201.244.195.155 - - [05/Feb/2023:08:08:26 -0500] "GET /sipse/faces/javax.faces.resource/layout/layout.js?ln=primefaces&v=4.0 HTTP/1.1" 304 -
201.244.195.155 - - [05/Feb/2023:08:08:26 -0500] "GET /sipse/css/imagen/contrasena.png HTTP/1.1" 404 383
201.244.195.155 - - [05/Feb/2023:08:08:26 -0500] "GET /sipse/faces/javax.faces.resource/images/ui-icons_898989_256x240.png?ln=primefaces-aristo HTTP/1.1" 304 -
201.244.195.155 - - [05/Feb/2023:08:08:25 -0500] "POST /sipse/faces/presentacion/financiero/solicitudProceso/consultarHistorialSolProceso.xhtml HTTP/1.1" 200 194380
172.22.2.4 - - [05/Feb/2023:08:07:13 -0500] "GET /BLA/boletinlegal/ HTTP/1.1" 200 58185
201.244.195.155 - - [05/Feb/2023:08:09:21 -0500] "GET /sipse/faces/javax.faces.resource/images/ui-bg_flat_0_2d5972_40x100.png?ln=primefaces-aristo HTTP/1.1" 304 -
201.244.195.155 - - [05/Feb/2023:08:09:22 -0500] "POST /sipse/faces/presentacion/financiero/solicitudProceso/consultarSolicitudProceso.xhtml HTTP/1.1" 200 44106
201.244.195.155 - - [05/Feb/2023:08:09:25 -0500] "GET /sipse/faces/javax.faces.resource/theme.css?ln=primefaces-sipse HTTP/1.1" 304 -
201.244.195.155 - - [05/Feb/2023:08:09:25 -0500] "GET /sipse/faces/javax.faces.resource/primefaces.css?ln=primefaces&v=4.0 HTTP/1.1" 304 -
201.244.195.155 - - [05/Feb/2023:08:09:25 -0500] "GET /sipse/faces/javax.faces.resource/layout/layout.css?ln=primefaces&v=4.0 HTTP/1.1" 304 -
201.244.195.155 - - [05/Feb/2023:08:09:25 -0500] "GET /sipse/faces/javax.faces.resource/jquery/jquery.js?ln=primefaces&v=4.0 HTTP/1.1" 304 -
201.244.195.155 - - [05/Feb/2023:08:09:25 -0500] "GET /sipse/faces/javax.faces.resource/jquery/jquery-plugins.js?ln=primefaces&v=4.0 HTTP/1.1" 304 -
201.244.195.155 - - [05/Feb/2023:08:09:25 -0500] "GET /sipse/faces/javax.faces.resource/primefaces.js?ln=primefaces&v=4.0 HTTP/1.1" 304 -
201.244.195.155 - - [05/Feb/2023:08:09:25 -0500] "GET /sipse/faces/javax.faces.resource/layout/layout.js?ln=primefaces&v=4.0 HTTP/1.1" 304 -
201.244.195.155 - - [05/Feb/2023:08:09:25 -0500] "GET /sipse/faces/javax.faces.resource/messages/messages.png?ln=primefaces&v=4.0 HTTP/1.1" 304 -
201.244.195.155 - - [05/Feb/2023:08:09:25 -0500] "POST /sipse/faces/presentacion/financiero/solicitudProceso/listarSolicitudProceso.xhtml HTTP/1.1" 200 1460
201.244.195.155 - - [05/Feb/2023:08:09:39 -0500] "POST /sipse/faces/presentacion/financiero/solicitudProceso/listarSolicitudProceso.xhtml HTTP/1.1" 200 148307
201.244.195.155 - - [05/Feb/2023:08:09:40 -0500] "GET /sipse/faces/javax.faces.resource/primefaces.css?ln=primefaces&v=4.0 HTTP/1.1" 304 -
201.244.195.155 - - [05/Feb/2023:08:09:40 -0500] "GET /sipse/faces/javax.faces.resource/layout/layout.css?ln=primefaces&v=4.0 HTTP/1.1" 304 -
201.244.195.155 - - [05/Feb/2023:08:09:40 -0500] "GET /sipse/faces/javax.faces.resource/theme.css?ln=primefaces-sipse HTTP/1.1" 304 -
201.244.195.155 - - [05/Feb/2023:08:09:40 -0500] "GET /sipse/faces/javax.faces.resource/jquery/jquery.js?ln=primefaces&v=4.0 HTTP/1.1" 304 -
201.244.195.155 - - [05/Feb/2023:08:09:40 -0500] "GET /sipse/faces/javax.faces.resource/jquery/jquery-plugins.js?ln=primefaces&v=4.0 HTTP/1.1" 304 -
201.244.195.155 - - [05/Feb/2023:08:09:40 -0500] "GET /sipse/faces/javax.faces.resource/primefaces.js?ln=primefaces&v=4.0 HTTP/1.1" 304 -
201.244.195.155 - - [05/Feb/2023:08:09:40 -0500] "GET /sipse/faces/javax.faces.resource/layout/layout.js?ln=primefaces&v=4.0 HTTP/1.1" 304 -
201.244.195.155 - - [05/Feb/2023:08:09:56 -0500] "POST /sipse/faces/presentacion/financiero/solicitudProceso/consultarSolicitudProceso.xhtml HTTP/1.1" 200 1156536
201.244.195.155 - - [05/Feb/2023:08:09:58 -0500] "POST /sipse/faces/presentacion/financiero/solicitudProceso/consultarSolicitudProceso.xhtml HTTP/1.1" 200 104327
216.245.221.92 - - [05/Feb/2023:08:10:26 -0500] "HEAD / HTTP/1.1" 200 -
207.46.13.7 - - [05/Feb/2023:08:11:06 -0500] "GET /bla/resoluciones/autos%202021/6345.pdf HTTP/1.1" 200 1159093
201.245.192.253 - - [05/Feb/2023:08:12:14 -0500] "POST /kwsrmcab/Wsrmcab  HTTP/1.1" 200 213
40.77.167.251 - - [05/Feb/2023:08:12:59 -0500] "GET /bla/resoluciones/resoluciones%202022/4057.pdf HTTP/1.1" 200 371678
201.244.195.155 - - [05/Feb/2023:08:13:03 -0500] "POST /sipse/faces/presentacion/financiero/solicitudProceso/consultarSolicitudProceso.xhtml HTTP/1.1" 200 5740838
201.244.195.155 - - [05/Feb/2023:08:13:17 -0500] "POST /sipse/faces/presentacion/financiero/solicitudProceso/consultarSolicitudProceso.xhtml HTTP/1.1" 200 5526
172.22.2.4 - - [05/Feb/2023:08:12:13 -0500] "HEAD /BLA/boletinlegal/ HTTP/1.1" 200 -
172.22.2.4 - - [05/Feb/2023:08:13:04 -0500] "GET /BLA/boletinlegal/ HTTP/1.1" 200 57824
216.245.221.92 - - [05/Feb/2023:08:15:26 -0500] "HEAD / HTTP/1.1" 200 -
201.244.195.155 - - [05/Feb/2023:08:15:37 -0500] "POST /sipse/faces/presentacion/financiero/solicitudProceso/consultarSolicitudProceso.xhtml HTTP/1.1" 200 107735
40.77.167.226 - - [05/Feb/2023:08:15:37 -0500] "GET /portaldeninos/aulas-ambientales/aula-ambiental-sorotama/ HTTP/1.1" 200 89596
173.252.107.19 - - [05/Feb/2023:08:15:42 -0500] "GET /semana-ecoempresarial-herramientas-para-que-el-sector-economico-de-bogota-pueda-tener-un-crecimiento-verde.html HTTP/1.1" 206 918
201.244.195.155 - - [05/Feb/2023:08:15:46 -0500] "POST /sipse/faces/presentacion/financiero/solicitudProceso/consultarSolicitudProceso.xhtml HTTP/1.1" 200 5522
40.77.167.226 - - [05/Feb/2023:08:15:47 -0500] "GET /portaldeninos/aulas-ambientales/aula-ambiental-sorotama/ HTTP/1.1" 200 89596
52.167.144.97 - - [05/Feb/2023:08:16:47 -0500] "GET /bla/resoluciones/autos%202021/6353.pdf HTTP/1.1" 200 399377
173.252.107.116 - - [05/Feb/2023:08:17:06 -0500] "GET /quieres-saber-como-ahorrar-energia-en-tu-empresa-secretaria-de-ambiente-lanza-guia-que-te-ayudara.html HTTP/1.1" 206 998
80.208.66.239 - - [05/Feb/2023:08:17:14 -0500] "GET /BLA/boletinlegal/Circulares/2022/CIRCULAR%20No.%2000009%20DEL%2010%20DE%20OCTUBRE%20DEL%202022.pdf HTTP/1.1" 200 292772
201.245.192.253 - - [05/Feb/2023:08:17:13 -0500] "POST /kwsrmcab/Wsrmcab  HTTP/1.1" 200 213
201.244.195.155 - - [05/Feb/2023:08:17:17 -0500] "POST /sipse/faces/presentacion/financiero/solicitudProceso/consultarSolicitudProceso.xhtml HTTP/1.1" 200 41124
201.244.195.155 - - [05/Feb/2023:08:17:20 -0500] "GET /sipse/faces/javax.faces.resource/theme.css?ln=primefaces-sipse HTTP/1.1" 304 -
201.244.195.155 - - [05/Feb/2023:08:17:20 -0500] "GET /sipse/faces/javax.faces.resource/primefaces.css?ln=primefaces&v=4.0 HTTP/1.1" 304 -
201.244.195.155 - - [05/Feb/2023:08:17:20 -0500] "GET /sipse/faces/javax.faces.resource/layout/layout.css?ln=primefaces&v=4.0 HTTP/1.1" 304 -
201.244.195.155 - - [05/Feb/2023:08:17:20 -0500] "GET /sipse/faces/javax.faces.resource/jquery/jquery.js?ln=primefaces&v=4.0 HTTP/1.1" 304 -
201.244.195.155 - - [05/Feb/2023:08:17:20 -0500] "GET /sipse/faces/javax.faces.resource/jquery/jquery-plugins.js?ln=primefaces&v=4.0 HTTP/1.1" 304 -
201.244.195.155 - - [05/Feb/2023:08:17:20 -0500] "GET /sipse/faces/javax.faces.resource/primefaces.js?ln=primefaces&v=4.0 HTTP/1.1" 304 -
201.244.195.155 - - [05/Feb/2023:08:17:20 -0500] "GET /sipse/faces/javax.faces.resource/layout/layout.js?ln=primefaces&v=4.0 HTTP/1.1" 304 -
201.244.195.155 - - [05/Feb/2023:08:17:20 -0500] "POST /sipse/faces/presentacion/financiero/solicitudProceso/listarSolicitudProceso.xhtml HTTP/1.1" 200 1436
173.252.87.24 - - [05/Feb/2023:08:17:39 -0500] "GET /images/eficiencia-energetica-11-marzo.jpg HTTP/1.1" 200 46478
201.244.195.155 - - [05/Feb/2023:08:17:42 -0500] "POST /sipse/faces/presentacion/financiero/solicitudProceso/listarSolicitudProceso.xhtml HTTP/1.1" 200 140639
201.244.195.155 - - [05/Feb/2023:08:17:43 -0500] "GET /sipse/faces/javax.faces.resource/theme.css?ln=primefaces-sipse HTTP/1.1" 304 -
201.244.195.155 - - [05/Feb/2023:08:17:43 -0500] "GET /sipse/faces/javax.faces.resource/primefaces.css?ln=primefaces&v=4.0 HTTP/1.1" 304 -
201.244.195.155 - - [05/Feb/2023:08:17:43 -0500] "GET /sipse/faces/javax.faces.resource/layout/layout.css?ln=primefaces&v=4.0 HTTP/1.1" 304 -
201.244.195.155 - - [05/Feb/2023:08:17:43 -0500] "GET /sipse/faces/javax.faces.resource/jquery/jquery.js?ln=primefaces&v=4.0 HTTP/1.1" 304 -
201.244.195.155 - - [05/Feb/2023:08:17:43 -0500] "GET /sipse/faces/javax.faces.resource/jquery/jquery-plugins.js?ln=primefaces&v=4.0 HTTP/1.1" 304 -
201.244.195.155 - - [05/Feb/2023:08:17:43 -0500] "GET /sipse/faces/javax.faces.resource/primefaces.js?ln=primefaces&v=4.0 HTTP/1.1" 304 -
201.244.195.155 - - [05/Feb/2023:08:17:43 -0500] "GET /sipse/faces/javax.faces.resource/layout/layout.js?ln=primefaces&v=4.0 HTTP/1.1" 304 -
52.167.144.49 - - [05/Feb/2023:08:18:07 -0500] "GET /bla/resoluciones/autos%202021/5861.pdf HTTP/1.1" 200 399728
201.244.195.155 - - [05/Feb/2023:08:18:17 -0500] "POST /sipse/faces/presentacion/financiero/solicitudProceso/consultarSolicitudProceso.xhtml HTTP/1.1" 200 346172
201.245.192.253 - - [05/Feb/2023:08:18:50 -0500] "POST /kwsrmcab/Wsrmcab HTTP/1.1" 200 39233
201.244.195.155 - - [05/Feb/2023:08:18:54 -0500] "POST /sipse/faces/presentacion/financiero/solicitudProceso/consultarSolicitudProceso.xhtml HTTP/1.1" 200 151486
201.245.192.253 - - [05/Feb/2023:08:18:52 -0500] "POST /kwsrmcab/Wsrmcab HTTP/1.1" 200 42415
52.167.144.49 - - [05/Feb/2023:08:19:08 -0500] "GET /bla/resoluciones/resoluciones%202022/4360.pdf HTTP/1.1" 200 383723
201.244.195.155 - - [05/Feb/2023:08:19:11 -0500] "POST /sipse/faces/presentacion/financiero/solicitudProceso/consultarSolicitudProceso.xhtml HTTP/1.1" 200 1711935
173.252.83.3 - - [05/Feb/2023:08:19:24 -0500] "GET /images/mujeres-reverdecen-humedales-2-febrero.jpg HTTP/1.1" 200 47327
66.220.149.10 - - [05/Feb/2023:08:19:29 -0500] "GET /images/2%20de%20febrero%20liberaci\xc3\xb3n%20Tunjo.jpeg HTTP/1.1" 404 1034
193.38.55.237 - - [05/Feb/2023:08:19:29 -0500] "POST /boaform/admin/formLogin HTTP/1.1" 404 1186
172.22.2.4 - - [05/Feb/2023:08:18:03 -0500] "HEAD /BLA/boletinlegal/ HTTP/1.1" 200 -
201.244.195.155 - - [05/Feb/2023:08:20:01 -0500] "POST /sipse/faces/presentacion/financiero/solicitudProceso/consultarSolicitudProceso.xhtml HTTP/1.1" 200 154546
173.252.107.118 - - [05/Feb/2023:08:20:19 -0500] "GET /secretaria-de-ambiente-abre-inscripciones-para-la-ruta-de-emprendimiento-verde-2022.html HTTP/1.1" 206 902
173.252.107.15 - - [05/Feb/2023:08:20:21 -0500] "GET /bogota-destacada-en-america-latina-por-su-accion-climatica.html HTTP/1.1" 206 768
216.245.221.92 - - [05/Feb/2023:08:20:26 -0500] "HEAD / HTTP/1.1" 200 -
201.244.195.155 - - [05/Feb/2023:08:20:26 -0500] "GET /sipse/faces/javax.faces.resource/images/ui-bg_flat_0_2d5972_40x100.png?ln=primefaces-aristo HTTP/1.1" 304 -
201.244.195.155 - - [05/Feb/2023:08:20:27 -0500] "POST /sipse/faces/presentacion/financiero/solicitudProceso/consultarSolicitudProceso.xhtml HTTP/1.1" 200 38288
201.244.195.155 - - [05/Feb/2023:08:20:29 -0500] "GET /sipse/faces/javax.faces.resource/theme.css?ln=primefaces-sipse HTTP/1.1" 304 -
201.244.195.155 - - [05/Feb/2023:08:20:29 -0500] "GET /sipse/faces/javax.faces.resource/primefaces.css?ln=primefaces&v=4.0 HTTP/1.1" 304 -
201.244.195.155 - - [05/Feb/2023:08:20:29 -0500] "GET /sipse/faces/javax.faces.resource/layout/layout.css?ln=primefaces&v=4.0 HTTP/1.1" 304 -
201.244.195.155 - - [05/Feb/2023:08:20:29 -0500] "GET /sipse/faces/javax.faces.resource/jquery/jquery.js?ln=primefaces&v=4.0 HTTP/1.1" 304 -
201.244.195.155 - - [05/Feb/2023:08:20:29 -0500] "GET /sipse/faces/javax.faces.resource/jquery/jquery-plugins.js?ln=primefaces&v=4.0 HTTP/1.1" 304 -
201.244.195.155 - - [05/Feb/2023:08:20:29 -0500] "GET /sipse/faces/javax.faces.resource/primefaces.js?ln=primefaces&v=4.0 HTTP/1.1" 304 -
201.244.195.155 - - [05/Feb/2023:08:20:29 -0500] "GET /sipse/faces/javax.faces.resource/layout/layout.js?ln=primefaces&v=4.0 HTTP/1.1" 304 -
201.244.195.155 - - [05/Feb/2023:08:20:29 -0500] "GET /sipse/faces/javax.faces.resource/messages/messages.png?ln=primefaces&v=4.0 HTTP/1.1" 304 -
201.244.195.155 - - [05/Feb/2023:08:20:29 -0500] "POST /sipse/faces/presentacion/financiero/solicitudProceso/listarSolicitudProceso.xhtml HTTP/1.1" 200 1416
172.22.2.4 - - [05/Feb/2023:08:18:53 -0500] "GET /BLA/boletinlegal/ HTTP/1.1" 200 56825
179.33.123.173 - - [05/Feb/2023:08:20:55 -0500] "GET /dia-mundial-de-los-humedales-mas-de-60-aves-alzaron-vuelo-en-el-humedal-el-tunjo.html HTTP/1.1" 200 885
201.244.195.155 - - [05/Feb/2023:08:21:21 -0500] "POST /sipse/faces/presentacion/financiero/solicitudProceso/listarSolicitudProceso.xhtml HTTP/1.1" 200 152113
201.244.195.155 - - [05/Feb/2023:08:21:22 -0500] "GET /sipse/faces/javax.faces.resource/theme.css?ln=primefaces-sipse HTTP/1.1" 304 -
201.244.195.155 - - [05/Feb/2023:08:21:22 -0500] "GET /sipse/faces/javax.faces.resource/primefaces.css?ln=primefaces&v=4.0 HTTP/1.1" 304 -
201.244.195.155 - - [05/Feb/2023:08:21:22 -0500] "GET /sipse/faces/javax.faces.resource/layout/layout.css?ln=primefaces&v=4.0 HTTP/1.1" 304 -
201.244.195.155 - - [05/Feb/2023:08:21:22 -0500] "GET /sipse/faces/javax.faces.resource/jquery/jquery.js?ln=primefaces&v=4.0 HTTP/1.1" 304 -
201.244.195.155 - - [05/Feb/2023:08:21:22 -0500] "GET /sipse/faces/javax.faces.resource/jquery/jquery-plugins.js?ln=primefaces&v=4.0 HTTP/1.1" 304 -
201.244.195.155 - - [05/Feb/2023:08:21:22 -0500] "GET /sipse/faces/javax.faces.resource/primefaces.js?ln=primefaces&v=4.0 HTTP/1.1" 304 -
201.244.195.155 - - [05/Feb/2023:08:21:22 -0500] "GET /sipse/faces/javax.faces.resource/layout/layout.js?ln=primefaces&v=4.0 HTTP/1.1" 304 -
201.244.195.155 - - [05/Feb/2023:08:21:40 -0500] "POST /sipse/faces/presentacion/financiero/solicitudProceso/consultarSolicitudProceso.xhtml HTTP/1.1" 200 763303
52.167.144.97 - - [05/Feb/2023:08:21:46 -0500] "GET /bla/resoluciones/autos%202022/2100.pdf HTTP/1.1" 200 1595319
201.244.195.155 - - [05/Feb/2023:08:21:53 -0500] "POST /sipse/faces/presentacion/financiero/solicitudProceso/consultarSolicitudProceso.xhtml HTTP/1.1" 200 108734
80.208.66.239 - - [05/Feb/2023:08:22:06 -0500] "GET /BLA/boletinlegal/Circulares/2022/CIRCULAR%20No.%2000009%20DEL%2010%20DE%20OCTUBRE%20DEL%202022.pdf HTTP/1.1" 200 292772
201.245.192.253 - - [05/Feb/2023:08:22:12 -0500] "POST /kwsrmcab/Wsrmcab  HTTP/1.1" 200 213
201.244.195.155 - - [05/Feb/2023:08:23:40 -0500] "POST /sipse/faces/presentacion/financiero/solicitudProceso/consultarSolicitudProceso.xhtml HTTP/1.1" 200 3162977
201.244.195.155 - - [05/Feb/2023:08:23:41 -0500] "POST /sipse/faces/presentacion/financiero/solicitudProceso/consultarSolicitudProceso.xhtml HTTP/1.1" 200 6409804
201.244.195.155 - - [05/Feb/2023:08:24:09 -0500] "POST /sipse/faces/presentacion/financiero/solicitudProceso/consultarSolicitudProceso.xhtml HTTP/1.1" 200 5526
157.55.39.142 - - [05/Feb/2023:08:25:05 -0500] "GET /bla/resoluciones/autos%202021/6757.pdf HTTP/1.1" 200 493662
216.245.221.92 - - [05/Feb/2023:08:25:26 -0500] "HEAD / HTTP/1.1" 200 -
172.22.2.4 - - [05/Feb/2023:08:23:53 -0500] "HEAD /BLA/boletinlegal/ HTTP/1.1" 200 -
52.167.144.49 - - [05/Feb/2023:08:25:39 -0500] "GET /bla/resoluciones/autos%202021/6390.pdf HTTP/1.1" 200 629635
198.20.69.98 - - [05/Feb/2023:08:26:01 -0500] "-" 408 -
193.38.55.237 - - [05/Feb/2023:08:26:05 -0500] "POST /boaform/admin/formLogin HTTP/1.1" 404 1186
172.22.2.4 - - [05/Feb/2023:08:24:44 -0500] "GET /BLA/boletinlegal/ HTTP/1.1" 200 57192
201.245.192.253 - - [05/Feb/2023:08:27:11 -0500] "POST /kwsrmcab/Wsrmcab  HTTP/1.1" 200 213
40.77.167.251 - - [05/Feb/2023:08:28:03 -0500] "GET /bla/resoluciones/autos%202021/5988.pdf HTTP/1.1" 200 392644
207.46.13.7 - - [05/Feb/2023:08:28:17 -0500] "GET /bla/resoluciones/autos%202021/6328.pdf HTTP/1.1" 200 401661
201.245.192.253 - - [05/Feb/2023:08:28:50 -0500] "POST /kwsrmcab/Wsrmcab HTTP/1.1" 200 39233
201.245.192.253 - - [05/Feb/2023:08:28:52 -0500] "POST /kwsrmcab/Wsrmcab HTTP/1.1" 200 42415
201.244.195.155 - - [05/Feb/2023:08:29:21 -0500] "POST /sipse/faces/presentacion/financiero/solicitudProceso/consultarSolicitudProceso.xhtml HTTP/1.1" 200 35290
201.244.195.155 - - [05/Feb/2023:08:29:23 -0500] "GET /sipse/faces/javax.faces.resource/theme.css?ln=primefaces-sipse HTTP/1.1" 304 -
201.244.195.155 - - [05/Feb/2023:08:29:23 -0500] "GET /sipse/faces/javax.faces.resource/primefaces.css?ln=primefaces&v=4.0 HTTP/1.1" 304 -
201.244.195.155 - - [05/Feb/2023:08:29:23 -0500] "GET /sipse/faces/javax.faces.resource/layout/layout.css?ln=primefaces&v=4.0 HTTP/1.1" 304 -
201.244.195.155 - - [05/Feb/2023:08:29:23 -0500] "GET /sipse/faces/javax.faces.resource/jquery/jquery.js?ln=primefaces&v=4.0 HTTP/1.1" 304 -
201.244.195.155 - - [05/Feb/2023:08:29:23 -0500] "GET /sipse/faces/javax.faces.resource/jquery/jquery-plugins.js?ln=primefaces&v=4.0 HTTP/1.1" 304 -
201.244.195.155 - - [05/Feb/2023:08:29:23 -0500] "GET /sipse/faces/javax.faces.resource/primefaces.js?ln=primefaces&v=4.0 HTTP/1.1" 304 -
201.244.195.155 - - [05/Feb/2023:08:29:23 -0500] "GET /sipse/faces/javax.faces.resource/layout/layout.js?ln=primefaces&v=4.0 HTTP/1.1" 304 -
201.244.195.155 - - [05/Feb/2023:08:29:24 -0500] "GET /sipse/faces/javax.faces.resource/messages/messages.png?ln=primefaces&v=4.0 HTTP/1.1" 304 -
201.244.195.155 - - [05/Feb/2023:08:29:24 -0500] "POST /sipse/faces/presentacion/financiero/solicitudProceso/listarSolicitudProceso.xhtml HTTP/1.1" 200 1396
201.244.195.155 - - [05/Feb/2023:08:29:27 -0500] "POST /sipse/faces/presentacion/financiero/solicitudProceso/listarSolicitudProceso.xhtml HTTP/1.1" 200 150194
201.244.195.155 - - [05/Feb/2023:08:29:28 -0500] "GET /sipse/faces/javax.faces.resource/primefaces.css?ln=primefaces&v=4.0 HTTP/1.1" 304 -
201.244.195.155 - - [05/Feb/2023:08:29:28 -0500] "GET /sipse/faces/javax.faces.resource/theme.css?ln=primefaces-sipse HTTP/1.1" 304 -
201.244.195.155 - - [05/Feb/2023:08:29:28 -0500] "GET /sipse/faces/javax.faces.resource/layout/layout.css?ln=primefaces&v=4.0 HTTP/1.1" 304 -
201.244.195.155 - - [05/Feb/2023:08:29:28 -0500] "GET /sipse/faces/javax.faces.resource/jquery/jquery.js?ln=primefaces&v=4.0 HTTP/1.1" 304 -
201.244.195.155 - - [05/Feb/2023:08:29:28 -0500] "GET /sipse/faces/javax.faces.resource/jquery/jquery-plugins.js?ln=primefaces&v=4.0 HTTP/1.1" 304 -
201.244.195.155 - - [05/Feb/2023:08:29:28 -0500] "GET /sipse/faces/javax.faces.resource/primefaces.js?ln=primefaces&v=4.0 HTTP/1.1" 304 -
201.244.195.155 - - [05/Feb/2023:08:29:28 -0500] "GET /sipse/faces/javax.faces.resource/layout/layout.js?ln=primefaces&v=4.0 HTTP/1.1" 304 -
157.55.39.142 - - [05/Feb/2023:08:29:36 -0500] "GET /bla/resoluciones/resoluciones%202022/2865.pdf HTTP/1.1" 200 488261
201.244.195.155 - - [05/Feb/2023:08:29:46 -0500] "POST /sipse/faces/presentacion/financiero/solicitudProceso/consultarSolicitudProceso.xhtml HTTP/1.1" 200 111523
216.245.221.92 - - [05/Feb/2023:08:30:26 -0500] "HEAD / HTTP/1.1" 200 -
192.109.145.231 - - [05/Feb/2023:08:30:49 -0500] "GET /galeria/nivo-slider/demo/images/banner-humedales-de-bogota.jpg HTTP/1.1" 304 -
201.244.195.155 - - [05/Feb/2023:08:31:16 -0500] "POST /sipse/faces/presentacion/financiero/solicitudProceso/consultarSolicitudProceso.xhtml HTTP/1.1" 200 2511866
201.244.195.155 - - [05/Feb/2023:08:31:17 -0500] "POST /sipse/faces/presentacion/financiero/solicitudProceso/consultarSolicitudProceso.xhtml HTTP/1.1" 200 1667113
201.244.195.155 - - [05/Feb/2023:08:31:22 -0500] "POST /sipse/faces/presentacion/financiero/solicitudProceso/consultarSolicitudProceso.xhtml HTTP/1.1" 200 5526
172.22.2.4 - - [05/Feb/2023:08:29:43 -0500] "HEAD /BLA/boletinlegal/ HTTP/1.1" 200 -
52.167.144.97 - - [05/Feb/2023:08:32:08 -0500] "GET /bla/resoluciones/autos%202021/6535.pdf HTTP/1.1" 200 402054
201.245.192.253 - - [05/Feb/2023:08:32:10 -0500] "POST /kwsrmcab/Wsrmcab  HTTP/1.1" 200 213
172.22.2.4 - - [05/Feb/2023:08:30:33 -0500] "GET /BLA/boletinlegal/ HTTP/1.1" 200 53337
201.244.195.155 - - [05/Feb/2023:08:33:25 -0500] "POST /sipse/faces/presentacion/financiero/solicitudProceso/consultarSolicitudProceso.xhtml HTTP/1.1" 200 32297
201.244.195.155 - - [05/Feb/2023:08:33:27 -0500] "GET /sipse/faces/javax.faces.resource/theme.css?ln=primefaces-sipse HTTP/1.1" 304 -
201.244.195.155 - - [05/Feb/2023:08:33:27 -0500] "GET /sipse/faces/javax.faces.resource/layout/layout.css?ln=primefaces&v=4.0 HTTP/1.1" 304 -
201.244.195.155 - - [05/Feb/2023:08:33:27 -0500] "GET /sipse/faces/javax.faces.resource/primefaces.css?ln=primefaces&v=4.0 HTTP/1.1" 304 -
201.244.195.155 - - [05/Feb/2023:08:33:27 -0500] "GET /sipse/faces/javax.faces.resource/jquery/jquery.js?ln=primefaces&v=4.0 HTTP/1.1" 304 -
201.244.195.155 - - [05/Feb/2023:08:33:27 -0500] "GET /sipse/faces/javax.faces.resource/jquery/jquery-plugins.js?ln=primefaces&v=4.0 HTTP/1.1" 304 -
201.244.195.155 - - [05/Feb/2023:08:33:27 -0500] "GET /sipse/faces/javax.faces.resource/primefaces.js?ln=primefaces&v=4.0 HTTP/1.1" 304 -
201.244.195.155 - - [05/Feb/2023:08:33:27 -0500] "GET /sipse/faces/javax.faces.resource/layout/layout.js?ln=primefaces&v=4.0 HTTP/1.1" 304 -
201.244.195.155 - - [05/Feb/2023:08:33:27 -0500] "POST /sipse/faces/presentacion/financiero/solicitudProceso/listarSolicitudProceso.xhtml HTTP/1.1" 200 1376
201.244.195.155 - - [05/Feb/2023:08:33:50 -0500] "GET /sipse/faces/index.xhtml HTTP/1.1" 200 677
201.244.195.155 - - [05/Feb/2023:08:33:50 -0500] "GET /sipse/faces/javax.faces.resource/theme.css?ln=primefaces-sipse HTTP/1.1" 304 -
201.244.195.155 - - [05/Feb/2023:08:33:51 -0500] "GET /sipse/faces/faces/autenticacion.xhtml HTTP/1.1" 200 12179
201.244.195.155 - - [05/Feb/2023:08:33:51 -0500] "GET /sipse/faces/javax.faces.resource/primefaces.css?ln=primefaces&v=4.0 HTTP/1.1" 304 -
201.244.195.155 - - [05/Feb/2023:08:33:51 -0500] "GET /sipse/faces/javax.faces.resource/theme.css?ln=primefaces-sipse HTTP/1.1" 304 -
201.244.195.155 - - [05/Feb/2023:08:33:51 -0500] "GET /sipse/faces/javax.faces.resource/jquery/jquery.js?ln=primefaces&v=4.0 HTTP/1.1" 304 -
201.244.195.155 - - [05/Feb/2023:08:33:51 -0500] "GET /sipse/faces/javax.faces.resource/layout/layout.css?ln=primefaces&v=4.0 HTTP/1.1" 304 -
201.244.195.155 - - [05/Feb/2023:08:33:51 -0500] "GET /sipse/faces/javax.faces.resource/primefaces.js?ln=primefaces&v=4.0 HTTP/1.1" 304 -
201.244.195.155 - - [05/Feb/2023:08:33:51 -0500] "GET /sipse/faces/javax.faces.resource/jquery/jquery-plugins.js?ln=primefaces&v=4.0 HTTP/1.1" 304 -
