186.28.77.144 - - [05/Feb/2023:16:01:33 -0500] "POST /sipse/faces/presentacion/sistema/reporte/listarReportes.xhtml HTTP/1.1" 200 26475
186.28.77.144 - - [05/Feb/2023:16:01:33 -0500] "POST /sipse/faces/presentacion/sistema/reporte/listarReportes.xhtml HTTP/1.1" 200 26475
186.28.77.144 - - [05/Feb/2023:16:01:36 -0500] "POST /sipse/faces/presentacion/sistema/reporte/listarReportes.xhtml HTTP/1.1" 200 21672
186.28.77.144 - - [05/Feb/2023:16:01:36 -0500] "GET /sipse/faces/javax.faces.resource/jquery/jquery-plugins.js?ln=primefaces&v=4.0 HTTP/1.1" 304 -
186.28.77.144 - - [05/Feb/2023:16:01:36 -0500] "GET /sipse/faces/javax.faces.resource/jquery/jquery.js?ln=primefaces&v=4.0 HTTP/1.1" 304 -
186.28.77.144 - - [05/Feb/2023:16:01:36 -0500] "GET /sipse/faces/javax.faces.resource/primefaces.js?ln=primefaces&v=4.0 HTTP/1.1" 304 -
186.28.77.144 - - [05/Feb/2023:16:01:36 -0500] "GET /sipse/faces/javax.faces.resource/layout/layout.js?ln=primefaces&v=4.0 HTTP/1.1" 304 -
186.28.77.144 - - [05/Feb/2023:16:01:36 -0500] "GET /sipse/faces/javax.faces.resource/layout/layout.css?ln=primefaces&v=4.0 HTTP/1.1" 304 -
186.28.77.144 - - [05/Feb/2023:16:01:36 -0500] "GET /sipse/faces/javax.faces.resource/theme.css?ln=primefaces-sipse HTTP/1.1" 200 50058
186.28.77.144 - - [05/Feb/2023:16:01:36 -0500] "GET /sipse/faces/javax.faces.resource/primefaces.css?ln=primefaces&v=4.0 HTTP/1.1" 200 53295
186.28.77.144 - - [05/Feb/2023:16:01:36 -0500] "GET /sipse/faces/javax.faces.resource/images/ui-icons_898989_256x240.png?ln=primefaces-aristo HTTP/1.1" 200 5355
186.28.77.144 - - [05/Feb/2023:16:01:36 -0500] "GET /favicon.ico HTTP/1.1" 200 7782
186.84.22.63 - - [05/Feb/2023:16:01:49 -0500] "POST /sipse/faces/presentacion/financiero/solicitudProceso/consultarSolicitudProceso.xhtml HTTP/1.1" 200 83413
186.84.22.63 - - [05/Feb/2023:16:02:04 -0500] "POST /sipse/faces/presentacion/financiero/solicitudProceso/consultarSolicitudProceso.xhtml HTTP/1.1" 200 194428
186.84.22.63 - - [05/Feb/2023:16:02:07 -0500] "POST /sipse/faces/presentacion/financiero/solicitudProceso/consultarSolicitudProceso.xhtml HTTP/1.1" 200 4579258
52.167.144.97 - - [05/Feb/2023:16:02:09 -0500] "GET /bla/resoluciones/autos%202021/6414.pdf HTTP/1.1" 200 356364
186.84.22.63 - - [05/Feb/2023:16:02:10 -0500] "POST /sipse/faces/presentacion/financiero/solicitudProceso/consultarSolicitudProceso.xhtml HTTP/1.1" 200 1846633
186.84.22.63 - - [05/Feb/2023:16:02:13 -0500] "POST /sipse/faces/presentacion/financiero/solicitudProceso/consultarSolicitudProceso.xhtml HTTP/1.1" 200 138832
186.29.181.171 - - [05/Feb/2023:16:04:01 -0500] "GET /BLA/resoluciones/AUTOS%202021/2757.pdf HTTP/1.1" 200 378885
186.29.181.171 - - [05/Feb/2023:16:04:04 -0500] "GET /BLA/resoluciones/AUTOS%202021/2756.pdf HTTP/1.1" 200 556865
186.29.181.171 - - [05/Feb/2023:16:04:06 -0500] "GET /BLA/resoluciones/AUTOS%202021/2755.pdf HTTP/1.1" 200 571962
185.119.81.105 - - [05/Feb/2023:16:04:06 -0500] "GET /portaldeninos/wp-login.php HTTP/1.1" 200 2592
185.119.81.105 - - [05/Feb/2023:16:04:07 -0500] "POST /portaldeninos/wp-login.php HTTP/1.1" 200 3605
186.29.181.171 - - [05/Feb/2023:16:04:08 -0500] "GET /BLA/resoluciones/AUTOS%202021/2753.pdf HTTP/1.1" 200 973217
186.29.181.171 - - [05/Feb/2023:16:04:10 -0500] "GET /BLA/resoluciones/AUTOS%202021/2752.pdf HTTP/1.1" 200 2003593
186.29.181.171 - - [05/Feb/2023:16:04:12 -0500] "GET /BLA/resoluciones/AUTOS%202021/2750.pdf HTTP/1.1" 200 788447
186.29.181.171 - - [05/Feb/2023:16:04:13 -0500] "GET /BLA/resoluciones/AUTOS%202021/2749.pdf HTTP/1.1" 200 869910
186.29.181.171 - - [05/Feb/2023:16:04:18 -0500] "GET /BLA/resoluciones/AUTOS%202021/2747.pdf HTTP/1.1" 200 1248093
186.29.181.171 - - [05/Feb/2023:16:04:21 -0500] "GET /BLA/resoluciones/AUTOS%202021/2746.pdf HTTP/1.1" 200 1242261
186.29.181.171 - - [05/Feb/2023:16:04:29 -0500] "GET /BLA/resoluciones/AUTOS%202021/2745.pdf HTTP/1.1" 200 1987701
186.29.181.171 - - [05/Feb/2023:16:04:33 -0500] "GET /BLA/resoluciones/AUTOS%202021/2743.pdf HTTP/1.1" 200 873226
186.29.181.171 - - [05/Feb/2023:16:04:36 -0500] "GET /BLA/resoluciones/AUTOS%202021/2742.pdf HTTP/1.1" 200 1624824
186.29.181.171 - - [05/Feb/2023:16:04:38 -0500] "GET /BLA/resoluciones/AUTOS%202021/2741.pdf HTTP/1.1" 200 3138760
186.29.181.171 - - [05/Feb/2023:16:04:40 -0500] "GET /BLA/resoluciones/AUTOS%202021/2740.pdf HTTP/1.1" 200 2020592
186.29.181.171 - - [05/Feb/2023:16:04:44 -0500] "GET /BLA/resoluciones/AUTOS%202021/2735.pdf HTTP/1.1" 200 424416
186.29.181.171 - - [05/Feb/2023:16:04:47 -0500] "GET /BLA/resoluciones/AUTOS%202021/2713.pdf HTTP/1.1" 200 315561
186.29.181.171 - - [05/Feb/2023:16:04:50 -0500] "GET /BLA/resoluciones/AUTOS%202021/2712.pdf HTTP/1.1" 200 314646
186.29.181.171 - - [05/Feb/2023:16:04:53 -0500] "GET /BLA/resoluciones/AUTOS%202021/2711.pdf HTTP/1.1" 200 314931
186.29.181.171 - - [05/Feb/2023:16:04:56 -0500] "GET /BLA/resoluciones/AUTOS%202021/2705.pdf HTTP/1.1" 200 368900
186.29.181.171 - - [05/Feb/2023:16:04:59 -0500] "GET /BLA/resoluciones/AUTOS%202021/2704.pdf HTTP/1.1" 200 379091
216.245.221.92 - - [05/Feb/2023:16:05:25 -0500] "HEAD / HTTP/1.1" 200 -
201.245.192.253 - - [05/Feb/2023:16:05:32 -0500] "POST /kwsrmcab/Wsrmcab  HTTP/1.1" 200 213
157.55.39.142 - - [05/Feb/2023:16:05:36 -0500] "GET /bla/resoluciones/autos%202021/6645.pdf HTTP/1.1" 200 536347
45.8.166.231 - - [05/Feb/2023:16:06:11 -0500] "-" 408 -
185.201.224.227 - - [05/Feb/2023:16:06:12 -0500] "-" 408 -
172.22.2.4 - - [05/Feb/2023:16:04:44 -0500] "HEAD /BLA/boletinlegal/ HTTP/1.1" 200 -
186.29.181.171 - - [05/Feb/2023:16:06:57 -0500] "GET /BLA/resoluciones/AUTOS%202021/2703.pdf HTTP/1.1" 200 470086
186.29.181.171 - - [05/Feb/2023:16:07:00 -0500] "GET /BLA/resoluciones/AUTOS%202021/2701.pdf HTTP/1.1" 200 342134
186.84.88.130 - - [05/Feb/2023:16:07:02 -0500] "-" 408 -
186.29.181.171 - - [05/Feb/2023:16:07:04 -0500] "GET /BLA/resoluciones/AUTOS%202021/2700.pdf HTTP/1.1" 200 368920
186.29.181.171 - - [05/Feb/2023:16:07:05 -0500] "GET /BLA/resoluciones/AUTOS%202021/2699.pdf HTTP/1.1" 200 364694
186.29.181.171 - - [05/Feb/2023:16:07:07 -0500] "GET /BLA/resoluciones/AUTOS%202021/2698.pdf HTTP/1.1" 200 362545
186.29.181.171 - - [05/Feb/2023:16:07:10 -0500] "GET /BLA/resoluciones/AUTOS%202021/2697.pdf HTTP/1.1" 200 365550
186.29.181.171 - - [05/Feb/2023:16:07:12 -0500] "GET /BLA/resoluciones/AUTOS%202021/2695.pdf HTTP/1.1" 200 368185
186.29.181.171 - - [05/Feb/2023:16:07:14 -0500] "GET /BLA/resoluciones/AUTOS%202021/2694.pdf HTTP/1.1" 200 368144
172.22.2.4 - - [05/Feb/2023:16:05:34 -0500] "GET /BLA/boletinlegal/ HTTP/1.1" 200 57192
186.29.181.171 - - [05/Feb/2023:16:07:16 -0500] "GET /BLA/resoluciones/AUTOS%202021/2693.pdf HTTP/1.1" 200 366001
186.29.181.171 - - [05/Feb/2023:16:07:18 -0500] "GET /BLA/resoluciones/AUTOS%202021/2692.pdf HTTP/1.1" 200 365121
186.29.181.171 - - [05/Feb/2023:16:07:24 -0500] "GET /BLA/resoluciones/AUTOS%202021/2691.pdf HTTP/1.1" 200 364528
186.29.181.171 - - [05/Feb/2023:16:07:28 -0500] "GET /BLA/resoluciones/AUTOS%202021/2690.pdf HTTP/1.1" 200 371340
186.29.181.171 - - [05/Feb/2023:16:07:30 -0500] "GET /BLA/resoluciones/AUTOS%202021/2689.pdf HTTP/1.1" 200 369100
186.29.181.171 - - [05/Feb/2023:16:07:33 -0500] "GET /BLA/resoluciones/AUTOS%202021/2688.pdf HTTP/1.1" 200 363783
186.29.181.171 - - [05/Feb/2023:16:07:38 -0500] "GET /BLA/resoluciones/AUTOS%202021/2687.pdf HTTP/1.1" 200 365016
186.29.181.171 - - [05/Feb/2023:16:07:41 -0500] "GET /BLA/resoluciones/AUTOS%202021/2686.pdf HTTP/1.1" 200 370022
186.29.181.171 - - [05/Feb/2023:16:07:46 -0500] "GET /BLA/resoluciones/AUTOS%202021/2685.pdf HTTP/1.1" 200 374774
186.29.181.171 - - [05/Feb/2023:16:07:49 -0500] "GET /BLA/resoluciones/AUTOS%202021/2683.pdf HTTP/1.1" 200 372736
186.29.181.171 - - [05/Feb/2023:16:07:52 -0500] "GET /BLA/resoluciones/AUTOS%202021/2682.pdf HTTP/1.1" 200 373380
52.167.144.49 - - [05/Feb/2023:16:09:22 -0500] "GET /bla/resoluciones/autos%202021/4963.pdf HTTP/1.1" 200 460947
216.244.66.246 - - [05/Feb/2023:16:09:23 -0500] "-" 408 -
52.167.144.97 - - [05/Feb/2023:16:09:38 -0500] "GET /bla/resoluciones/autos%202021/5784.pdf HTTP/1.1" 200 338759
185.119.81.105 - - [05/Feb/2023:16:10:06 -0500] "GET /portaldeninos/wp-login.php HTTP/1.1" 200 2592
185.119.81.105 - - [05/Feb/2023:16:10:07 -0500] "POST /portaldeninos/wp-login.php HTTP/1.1" 200 3605
216.245.221.92 - - [05/Feb/2023:16:10:25 -0500] "HEAD / HTTP/1.1" 200 -
201.245.192.253 - - [05/Feb/2023:16:10:30 -0500] "POST /kwsrmcab/Wsrmcab  HTTP/1.1" 200 213
35.233.62.116 - - [05/Feb/2023:16:11:32 -0500] "GET / HTTP/1.1" 200 319
172.22.2.4 - - [05/Feb/2023:16:10:34 -0500] "HEAD /BLA/boletinlegal/ HTTP/1.1" 200 -
186.29.181.171 - - [05/Feb/2023:16:12:30 -0500] "GET /BLA/resoluciones/AUTOS%202021/2680.pdf HTTP/1.1" 200 370898
40.77.167.251 - - [05/Feb/2023:16:12:32 -0500] "GET /bla/resoluciones/autos%202022/0242.pdf HTTP/1.1" 200 408877
186.29.181.171 - - [05/Feb/2023:16:12:37 -0500] "GET /BLA/resoluciones/AUTOS%202021/2679.pdf HTTP/1.1" 200 370676
186.29.181.171 - - [05/Feb/2023:16:12:42 -0500] "GET /BLA/resoluciones/AUTOS%202021/2678.pdf HTTP/1.1" 200 376471
186.29.181.171 - - [05/Feb/2023:16:12:52 -0500] "GET /BLA/resoluciones/AUTOS%202021/2677.pdf HTTP/1.1" 200 368904
186.29.181.171 - - [05/Feb/2023:16:12:54 -0500] "GET /BLA/resoluciones/AUTOS%202021/2676.pdf HTTP/1.1" 200 370016
186.29.181.171 - - [05/Feb/2023:16:12:56 -0500] "GET /BLA/resoluciones/AUTOS%202021/2675.pdf HTTP/1.1" 200 398579
186.29.181.171 - - [05/Feb/2023:16:12:58 -0500] "GET /BLA/resoluciones/AUTOS%202021/2674.pdf HTTP/1.1" 200 386951
186.29.181.171 - - [05/Feb/2023:16:13:01 -0500] "GET /BLA/resoluciones/AUTOS%202021/2673.pdf HTTP/1.1" 200 387303
186.29.181.171 - - [05/Feb/2023:16:13:03 -0500] "GET /BLA/resoluciones/AUTOS%202021/2672.pdf HTTP/1.1" 200 394592
172.22.2.4 - - [05/Feb/2023:16:11:24 -0500] "GET /BLA/boletinlegal/ HTTP/1.1" 200 55680
186.29.181.171 - - [05/Feb/2023:16:13:05 -0500] "GET /BLA/resoluciones/AUTOS%202021/2670.pdf HTTP/1.1" 200 392233
186.29.181.171 - - [05/Feb/2023:16:13:21 -0500] "GET /BLA/resoluciones/AUTOS%202021/2668.pdf HTTP/1.1" 200 412195
186.29.181.171 - - [05/Feb/2023:16:13:23 -0500] "GET /BLA/resoluciones/AUTOS%202021/2666.pdf HTTP/1.1" 200 629935
186.29.181.171 - - [05/Feb/2023:16:13:26 -0500] "GET /BLA/resoluciones/AUTOS%202021/2665.pdf HTTP/1.1" 200 535556
186.29.181.171 - - [05/Feb/2023:16:13:28 -0500] "GET /BLA/resoluciones/AUTOS%202021/2657.pdf HTTP/1.1" 200 447834
186.29.181.171 - - [05/Feb/2023:16:13:30 -0500] "GET /BLA/resoluciones/AUTOS%202021/2656.pdf HTTP/1.1" 200 355358
186.29.181.171 - - [05/Feb/2023:16:13:33 -0500] "GET /BLA/resoluciones/AUTOS%202021/2654.pdf HTTP/1.1" 200 420843
186.29.181.171 - - [05/Feb/2023:16:13:37 -0500] "GET /BLA/resoluciones/AUTOS%202021/2649.pdf HTTP/1.1" 200 514521
186.29.181.171 - - [05/Feb/2023:16:13:39 -0500] "GET /BLA/resoluciones/AUTOS%202021/2646.pdf HTTP/1.1" 200 423579
186.84.22.63 - - [05/Feb/2023:16:13:41 -0500] "POST /sipse/faces/presentacion/financiero/solicitudProceso/consultarSolicitudProceso.xhtml HTTP/1.1" 200 6251
186.84.22.63 - - [05/Feb/2023:16:13:42 -0500] "GET /sipse/faces/javax.faces.resource/messages/messages.png?ln=primefaces&v=4.0 HTTP/1.1" 304 -
186.29.181.171 - - [05/Feb/2023:16:13:42 -0500] "GET /BLA/resoluciones/AUTOS%202021/2645.pdf HTTP/1.1" 200 383629
186.29.181.171 - - [05/Feb/2023:16:13:44 -0500] "GET /BLA/resoluciones/AUTOS%202021/2644.pdf HTTP/1.1" 200 357600
186.29.181.171 - - [05/Feb/2023:16:13:47 -0500] "GET /BLA/resoluciones/AUTOS%202021/2643.pdf HTTP/1.1" 200 361786
186.84.22.63 - - [05/Feb/2023:16:13:54 -0500] "POST /sipse/faces/presentacion/financiero/solicitudProceso/consultarSolicitudProceso.xhtml HTTP/1.1" 200 66568
186.84.22.63 - - [05/Feb/2023:16:13:56 -0500] "GET /sipse/faces/javax.faces.resource/theme.css?ln=primefaces-sipse HTTP/1.1" 304 -
186.84.22.63 - - [05/Feb/2023:16:13:56 -0500] "GET /sipse/faces/javax.faces.resource/primefaces.css?ln=primefaces&v=4.0 HTTP/1.1" 304 -
186.84.22.63 - - [05/Feb/2023:16:13:56 -0500] "GET /sipse/faces/javax.faces.resource/layout/layout.css?ln=primefaces&v=4.0 HTTP/1.1" 304 -
186.84.22.63 - - [05/Feb/2023:16:13:57 -0500] "GET /sipse/faces/javax.faces.resource/jquery/jquery.js?ln=primefaces&v=4.0 HTTP/1.1" 304 -
186.84.22.63 - - [05/Feb/2023:16:13:57 -0500] "GET /sipse/faces/javax.faces.resource/jquery/jquery-plugins.js?ln=primefaces&v=4.0 HTTP/1.1" 304 -
186.84.22.63 - - [05/Feb/2023:16:13:57 -0500] "GET /sipse/faces/javax.faces.resource/primefaces.js?ln=primefaces&v=4.0 HTTP/1.1" 304 -
186.84.22.63 - - [05/Feb/2023:16:13:57 -0500] "GET /sipse/faces/javax.faces.resource/layout/layout.js?ln=primefaces&v=4.0 HTTP/1.1" 304 -
186.84.22.63 - - [05/Feb/2023:16:13:58 -0500] "POST /sipse/faces/presentacion/financiero/solicitudProceso/listarSolicitudProceso.xhtml HTTP/1.1" 200 1552
186.84.22.63 - - [05/Feb/2023:16:14:06 -0500] "POST /sipse/faces/presentacion/financiero/solicitudProceso/listarSolicitudProceso.xhtml HTTP/1.1" 200 28214
186.84.22.63 - - [05/Feb/2023:16:14:09 -0500] "POST /sipse/faces/presentacion/financiero/solicitudProceso/listarSolicitudProceso.xhtml HTTP/1.1" 200 146933
186.84.22.63 - - [05/Feb/2023:16:14:10 -0500] "GET /sipse/faces/javax.faces.resource/theme.css?ln=primefaces-sipse HTTP/1.1" 304 -
186.84.22.63 - - [05/Feb/2023:16:14:11 -0500] "GET /sipse/faces/javax.faces.resource/primefaces.css?ln=primefaces&v=4.0 HTTP/1.1" 304 -
186.84.22.63 - - [05/Feb/2023:16:14:11 -0500] "GET /sipse/faces/javax.faces.resource/layout/layout.css?ln=primefaces&v=4.0 HTTP/1.1" 304 -
186.84.22.63 - - [05/Feb/2023:16:14:11 -0500] "GET /sipse/faces/javax.faces.resource/jquery/jquery.js?ln=primefaces&v=4.0 HTTP/1.1" 304 -
186.84.22.63 - - [05/Feb/2023:16:14:11 -0500] "GET /sipse/faces/javax.faces.resource/jquery/jquery-plugins.js?ln=primefaces&v=4.0 HTTP/1.1" 304 -
186.84.22.63 - - [05/Feb/2023:16:14:11 -0500] "GET /sipse/faces/javax.faces.resource/primefaces.js?ln=primefaces&v=4.0 HTTP/1.1" 304 -
186.84.22.63 - - [05/Feb/2023:16:14:11 -0500] "GET /sipse/faces/javax.faces.resource/layout/layout.js?ln=primefaces&v=4.0 HTTP/1.1" 304 -
186.84.22.63 - - [05/Feb/2023:16:14:12 -0500] "GET /sipse/faces/javax.faces.resource/dynamiccontent.properties?ln=primefaces&pfdrid=XjOR5%2F%2FfPAZAuY9TpWQeCiM0BhlXxYRBGKi%2FQcXXfeA%3D&pfdrid_c=false HTTP/1.1" 500 383
216.245.221.92 - - [05/Feb/2023:16:15:25 -0500] "HEAD / HTTP/1.1" 200 -
201.245.192.253 - - [05/Feb/2023:16:15:28 -0500] "POST /kwsrmcab/Wsrmcab  HTTP/1.1" 200 213
186.84.22.63 - - [05/Feb/2023:16:16:09 -0500] "GET /sipse/faces/javax.faces.resource/images/ui-bg_flat_0_2d5972_40x100.png?ln=primefaces-aristo HTTP/1.1" 304 -
186.84.22.63 - - [05/Feb/2023:16:16:09 -0500] "POST /sipse/faces/presentacion/financiero/solicitudProceso/consultarSolicitudProceso.xhtml HTTP/1.1" 200 5526
173.252.95.117 - - [05/Feb/2023:16:16:48 -0500] "GET /images/2%20de%20febrero%20liberaci\xc3\xb3n%20Tunjo.jpeg HTTP/1.1" 404 1034
186.29.181.171 - - [05/Feb/2023:16:16:52 -0500] "GET /BLA/resoluciones/AUTOS%202021/2642.pdf HTTP/1.1" 200 334389
186.29.181.171 - - [05/Feb/2023:16:16:54 -0500] "GET /BLA/resoluciones/AUTOS%202021/2640.pdf HTTP/1.1" 200 360989
186.29.181.171 - - [05/Feb/2023:16:16:56 -0500] "GET /BLA/resoluciones/AUTOS%202021/2639.pdf HTTP/1.1" 200 371147
186.29.181.171 - - [05/Feb/2023:16:16:59 -0500] "GET /BLA/resoluciones/AUTOS%202021/2638.pdf HTTP/1.1" 200 364249
186.29.181.171 - - [05/Feb/2023:16:17:01 -0500] "GET /BLA/resoluciones/AUTOS%202021/2637.pdf HTTP/1.1" 200 374247
186.29.181.171 - - [05/Feb/2023:16:17:03 -0500] "GET /BLA/resoluciones/AUTOS%202021/2636.pdf HTTP/1.1" 200 379899
186.29.181.171 - - [05/Feb/2023:16:17:05 -0500] "GET /BLA/resoluciones/AUTOS%202021/2635.pdf HTTP/1.1" 200 367483
186.29.181.171 - - [05/Feb/2023:16:17:07 -0500] "GET /BLA/resoluciones/AUTOS%202021/2625.pdf HTTP/1.1" 200 372514
173.252.111.18 - - [05/Feb/2023:16:17:09 -0500] "GET /images/2%20de%20febrero%20liberaci\xc3\xb3n%20Tunjo.jpeg HTTP/1.1" 404 1034
186.29.181.171 - - [05/Feb/2023:16:17:09 -0500] "GET /BLA/resoluciones/AUTOS%202021/2624.pdf HTTP/1.1" 200 366936
186.29.181.171 - - [05/Feb/2023:16:17:11 -0500] "GET /BLA/resoluciones/AUTOS%202021/2623.pdf HTTP/1.1" 200 581669
52.167.144.49 - - [05/Feb/2023:16:17:12 -0500] "GET /bla/resoluciones/autos%202021/6020.pdf HTTP/1.1" 200 386134
186.29.181.171 - - [05/Feb/2023:16:17:19 -0500] "GET /BLA/resoluciones/AUTOS%202021/2622.pdf HTTP/1.1" 200 360090
186.29.181.171 - - [05/Feb/2023:16:17:23 -0500] "GET /BLA/resoluciones/AUTOS%202021/2621.pdf HTTP/1.1" 200 373992
186.29.181.171 - - [05/Feb/2023:16:17:25 -0500] "GET /BLA/resoluciones/AUTOS%202021/2620.pdf HTTP/1.1" 200 374197
186.29.181.171 - - [05/Feb/2023:16:17:30 -0500] "GET /BLA/resoluciones/AUTOS%202021/2619.pdf HTTP/1.1" 200 377172
186.29.181.171 - - [05/Feb/2023:16:17:33 -0500] "GET /BLA/resoluciones/AUTOS%202021/2618.pdf HTTP/1.1" 200 354314
186.29.181.171 - - [05/Feb/2023:16:17:36 -0500] "GET /BLA/resoluciones/AUTOS%202021/2617.pdf HTTP/1.1" 200 361349
186.29.181.171 - - [05/Feb/2023:16:17:40 -0500] "GET /BLA/resoluciones/AUTOS%202021/2616.pdf HTTP/1.1" 200 372551
186.29.181.171 - - [05/Feb/2023:16:17:43 -0500] "GET /BLA/resoluciones/AUTOS%202021/2615.pdf HTTP/1.1" 200 375757
186.29.181.171 - - [05/Feb/2023:16:17:46 -0500] "GET /BLA/resoluciones/AUTOS%202021/2614.pdf HTTP/1.1" 200 377289
186.29.181.171 - - [05/Feb/2023:16:17:48 -0500] "GET /BLA/resoluciones/AUTOS%202021/2613.pdf HTTP/1.1" 200 376703
172.22.2.4 - - [05/Feb/2023:16:16:24 -0500] "HEAD /BLA/boletinlegal/ HTTP/1.1" 200 -
207.46.13.10 - - [05/Feb/2023:16:18:32 -0500] "GET /bla/resoluciones/autos%202021/5589.pdf HTTP/1.1" 200 384014
191.95.37.165 - - [05/Feb/2023:16:18:35 -0500] "GET /sipse/faces/index.xhtml HTTP/1.1" 200 677
191.95.37.165 - - [05/Feb/2023:16:18:35 -0500] "GET /sipse/faces/javax.faces.resource/theme.css?ln=primefaces-sipse HTTP/1.1" 304 -
191.95.37.165 - - [05/Feb/2023:16:18:35 -0500] "GET /sipse/faces/faces/autenticacion.xhtml HTTP/1.1" 200 12172
191.95.37.165 - - [05/Feb/2023:16:18:36 -0500] "GET /sipse/js/disable_browser_buttons.js HTTP/1.1" 304 -
191.95.37.165 - - [05/Feb/2023:16:18:36 -0500] "GET /sipse/css/custom_css_sg.css HTTP/1.1" 304 -
191.95.37.165 - - [05/Feb/2023:16:18:36 -0500] "GET /sipse/css/custom_css_sg_prime_login.css HTTP/1.1" 304 -
191.95.37.165 - - [05/Feb/2023:16:18:36 -0500] "GET /sipse/faces/javax.faces.resource/theme.css?ln=primefaces-sipse HTTP/1.1" 304 -
191.95.37.165 - - [05/Feb/2023:16:18:36 -0500] "GET /sipse/faces/javax.faces.resource/primefaces.css?ln=primefaces&v=4.0 HTTP/1.1" 304 -
191.95.37.165 - - [05/Feb/2023:16:18:36 -0500] "GET /sipse/faces/javax.faces.resource/layout/layout.css?ln=primefaces&v=4.0 HTTP/1.1" 304 -
191.95.37.165 - - [05/Feb/2023:16:18:36 -0500] "GET /sipse/js/funciones.js HTTP/1.1" 304 -
191.95.37.165 - - [05/Feb/2023:16:18:36 -0500] "GET /sipse/faces/javax.faces.resource/jquery/jquery.js?ln=primefaces&v=4.0 HTTP/1.1" 304 -
191.95.37.165 - - [05/Feb/2023:16:18:36 -0500] "GET /sipse/faces/javax.faces.resource/jquery/jquery-plugins.js?ln=primefaces&v=4.0 HTTP/1.1" 304 -
191.95.37.165 - - [05/Feb/2023:16:18:36 -0500] "GET /sipse/faces/javax.faces.resource/primefaces.js?ln=primefaces&v=4.0 HTTP/1.1" 304 -
191.95.37.165 - - [05/Feb/2023:16:18:36 -0500] "GET /sipse/faces/javax.faces.resource/layout/layout.js?ln=primefaces&v=4.0 HTTP/1.1" 304 -
191.95.37.165 - - [05/Feb/2023:16:18:36 -0500] "GET /sipse/css/imagen/logoSDG.png HTTP/1.1" 304 -
191.95.37.165 - - [05/Feb/2023:16:18:36 -0500] "GET /sipse/css/imagen/loginimg.png HTTP/1.1" 304 -
191.95.37.165 - - [05/Feb/2023:16:18:36 -0500] "GET /sipse/faces/javax.faces.resource/images/ui-icons_898989_256x240.png?ln=primefaces-aristo HTTP/1.1" 304 -
191.95.37.165 - - [05/Feb/2023:16:18:39 -0500] "POST /sipse/faces/autenticacion.xhtml HTTP/1.1" 200 2217
191.95.37.165 - - [05/Feb/2023:16:18:40 -0500] "GET /sipse/faces/javax.faces.resource/messages/messages.png?ln=primefaces&v=4.0 HTTP/1.1" 304 -
191.95.37.165 - - [05/Feb/2023:16:18:43 -0500] "POST /sipse/faces/autenticacion.xhtml HTTP/1.1" 200 16238
191.95.37.165 - - [05/Feb/2023:16:18:43 -0500] "GET /sipse/css/custom_css_sg_prime.css HTTP/1.1" 304 -
191.95.37.165 - - [05/Feb/2023:16:18:43 -0500] "GET /sipse/faces/javax.faces.resource/theme.css?ln=primefaces-sipse HTTP/1.1" 304 -
191.95.37.165 - - [05/Feb/2023:16:18:43 -0500] "GET /sipse/faces/javax.faces.resource/primefaces.css?ln=primefaces&v=4.0 HTTP/1.1" 304 -
191.95.37.165 - - [05/Feb/2023:16:18:43 -0500] "GET /sipse/faces/javax.faces.resource/layout/layout.css?ln=primefaces&v=4.0 HTTP/1.1" 304 -
191.95.37.165 - - [05/Feb/2023:16:18:43 -0500] "GET /sipse/js/jquery.min.js HTTP/1.1" 304 -
191.95.37.165 - - [05/Feb/2023:16:18:43 -0500] "GET /sipse/faces/javax.faces.resource/jquery/jquery.js?ln=primefaces&v=4.0 HTTP/1.1" 304 -
191.95.37.165 - - [05/Feb/2023:16:18:43 -0500] "GET /sipse/faces/javax.faces.resource/jquery/jquery-plugins.js?ln=primefaces&v=4.0 HTTP/1.1" 304 -
191.95.37.165 - - [05/Feb/2023:16:18:43 -0500] "GET /sipse/faces/javax.faces.resource/primefaces.js?ln=primefaces&v=4.0 HTTP/1.1" 304 -
191.95.37.165 - - [05/Feb/2023:16:18:44 -0500] "GET /sipse/faces/javax.faces.resource/layout/layout.js?ln=primefaces&v=4.0 HTTP/1.1" 304 -
191.95.37.165 - - [05/Feb/2023:16:18:44 -0500] "GET /sipse/css/imagen/contrasena.png HTTP/1.1" 404 383
186.29.181.171 - - [05/Feb/2023:16:18:44 -0500] "GET /BLA/resoluciones/AUTOS%202021/2612.pdf HTTP/1.1" 200 375006
191.95.37.165 - - [05/Feb/2023:16:18:44 -0500] "GET /sipse/imagenes/logoAplicacion.jpg HTTP/1.1" 304 -
191.95.37.165 - - [05/Feb/2023:16:18:44 -0500] "GET /sipse/imagenes/cargando.gif HTTP/1.1" 304 -
186.29.181.171 - - [05/Feb/2023:16:18:46 -0500] "GET /BLA/resoluciones/AUTOS%202021/2611.pdf HTTP/1.1" 200 370648
186.29.181.171 - - [05/Feb/2023:16:18:48 -0500] "GET /BLA/resoluciones/AUTOS%202021/2610.pdf HTTP/1.1" 200 364861
186.29.181.171 - - [05/Feb/2023:16:18:50 -0500] "GET /BLA/resoluciones/AUTOS%202021/2609.pdf HTTP/1.1" 200 382428
201.245.192.253 - - [05/Feb/2023:16:18:48 -0500] "POST /kwsrmcab/Wsrmcab HTTP/1.1" 200 39199
186.29.181.171 - - [05/Feb/2023:16:18:52 -0500] "GET /BLA/resoluciones/AUTOS%202021/2608.pdf HTTP/1.1" 200 963328
191.95.37.165 - - [05/Feb/2023:16:18:52 -0500] "GET /sipse/faces/javax.faces.resource/images/ui-bg_flat_0_2d5972_40x100.png?ln=primefaces-aristo HTTP/1.1" 304 -
191.95.37.165 - - [05/Feb/2023:16:18:52 -0500] "POST /sipse/faces/bienvenido.xhtml HTTP/1.1" 200 2658
201.245.192.253 - - [05/Feb/2023:16:18:51 -0500] "POST /kwsrmcab/Wsrmcab HTTP/1.1" 200 42673
172.22.2.4 - - [05/Feb/2023:16:17:14 -0500] "GET /BLA/boletinlegal/ HTTP/1.1" 200 57824
186.29.181.171 - - [05/Feb/2023:16:18:56 -0500] "GET /BLA/resoluciones/AUTOS%202021/2607.pdf HTTP/1.1" 200 367941
191.95.37.165 - - [05/Feb/2023:16:18:55 -0500] "POST /sipse/faces/bienvenido.xhtml HTTP/1.1" 200 65322
191.95.37.165 - - [05/Feb/2023:16:18:56 -0500] "GET /sipse/faces/javax.faces.resource/theme.css?ln=primefaces-sipse HTTP/1.1" 304 -
191.95.37.165 - - [05/Feb/2023:16:18:56 -0500] "GET /sipse/faces/javax.faces.resource/primefaces.css?ln=primefaces&v=4.0 HTTP/1.1" 304 -
191.95.37.165 - - [05/Feb/2023:16:18:56 -0500] "GET /sipse/faces/javax.faces.resource/layout/layout.css?ln=primefaces&v=4.0 HTTP/1.1" 304 -
191.95.37.165 - - [05/Feb/2023:16:18:56 -0500] "GET /sipse/faces/javax.faces.resource/jquery/jquery.js?ln=primefaces&v=4.0 HTTP/1.1" 304 -
191.95.37.165 - - [05/Feb/2023:16:18:56 -0500] "GET /sipse/faces/javax.faces.resource/jquery/jquery-plugins.js?ln=primefaces&v=4.0 HTTP/1.1" 304 -
191.95.37.165 - - [05/Feb/2023:16:18:56 -0500] "GET /sipse/faces/javax.faces.resource/primefaces.js?ln=primefaces&v=4.0 HTTP/1.1" 304 -
191.95.37.165 - - [05/Feb/2023:16:18:56 -0500] "GET /sipse/faces/javax.faces.resource/layout/layout.js?ln=primefaces&v=4.0 HTTP/1.1" 304 -
191.95.37.165 - - [05/Feb/2023:16:18:57 -0500] "POST /sipse/faces/presentacion/financiero/solicitudProceso/listarSolicitudProceso.xhtml HTTP/1.1" 200 1552
186.29.181.171 - - [05/Feb/2023:16:18:58 -0500] "GET /BLA/resoluciones/AUTOS%202021/2606.pdf HTTP/1.1" 200 382240
186.29.181.171 - - [05/Feb/2023:16:19:00 -0500] "GET /BLA/resoluciones/AUTOS%202021/2605.pdf HTTP/1.1" 200 371021
186.29.181.171 - - [05/Feb/2023:16:19:02 -0500] "GET /BLA/resoluciones/AUTOS%202021/2604.pdf HTTP/1.1" 200 368800
186.29.181.171 - - [05/Feb/2023:16:19:07 -0500] "GET /BLA/resoluciones/AUTOS%202021/2603.pdf HTTP/1.1" 200 362432
186.29.181.171 - - [05/Feb/2023:16:19:11 -0500] "GET /BLA/resoluciones/AUTOS%202021/2602.pdf HTTP/1.1" 200 376859
186.29.181.171 - - [05/Feb/2023:16:19:17 -0500] "GET /BLA/resoluciones/AUTOS%202021/2601.pdf HTTP/1.1" 200 374052
186.29.181.171 - - [05/Feb/2023:16:19:20 -0500] "GET /BLA/resoluciones/AUTOS%202021/2600.pdf HTTP/1.1" 200 370427
191.95.37.165 - - [05/Feb/2023:16:19:21 -0500] "POST /sipse/faces/presentacion/financiero/solicitudProceso/listarSolicitudProceso.xhtml HTTP/1.1" 200 34837
191.95.37.165 - - [05/Feb/2023:16:19:21 -0500] "POST /sipse/faces/presentacion/financiero/solicitudProceso/listarSolicitudProceso.xhtml HTTP/1.1" 200 31744
191.95.37.165 - - [05/Feb/2023:16:19:22 -0500] "POST /sipse/faces/presentacion/financiero/solicitudProceso/listarSolicitudProceso.xhtml HTTP/1.1" 200 7859
186.84.22.63 - - [05/Feb/2023:16:19:22 -0500] "POST /sipse/faces/presentacion/financiero/solicitudProceso/consultarSolicitudProceso.xhtml HTTP/1.1" 200 5533
186.84.22.63 - - [05/Feb/2023:16:19:23 -0500] "GET /sipse/faces/javax.faces.resource/dynamiccontent.properties?ln=primefaces&pfdrid=XjOR5%2F%2FfPAZAuY9TpWQeCiM0BhlXxYRBGKi%2FQcXXfeA%3D&pfdrid_c=false HTTP/1.1" 200 165432
186.29.181.171 - - [05/Feb/2023:16:19:23 -0500] "GET /BLA/resoluciones/AUTOS%202021/2598.pdf HTTP/1.1" 200 394147
186.29.181.171 - - [05/Feb/2023:16:19:26 -0500] "GET /BLA/resoluciones/AUTOS%202021/2597.pdf HTTP/1.1" 200 379070
186.29.181.171 - - [05/Feb/2023:16:19:30 -0500] "GET /BLA/resoluciones/AUTOS%202021/2596.pdf HTTP/1.1" 200 415257
186.29.181.171 - - [05/Feb/2023:16:19:32 -0500] "GET /BLA/resoluciones/AUTOS%202021/2589.pdf HTTP/1.1" 200 370240
186.29.181.171 - - [05/Feb/2023:16:19:34 -0500] "GET /BLA/resoluciones/AUTOS%202021/2584.pdf HTTP/1.1" 200 398294
186.29.181.171 - - [05/Feb/2023:16:19:36 -0500] "GET /BLA/resoluciones/AUTOS%202021/2574.pdf HTTP/1.1" 200 379866
186.29.181.171 - - [05/Feb/2023:16:19:40 -0500] "GET /BLA/resoluciones/AUTOS%202021/2568.pdf HTTP/1.1" 200 365198
186.29.181.171 - - [05/Feb/2023:16:19:43 -0500] "GET /BLA/resoluciones/AUTOS%202021/2564.pdf HTTP/1.1" 200 381233
186.84.22.63 - - [05/Feb/2023:16:19:53 -0500] "POST /sipse/faces/presentacion/financiero/solicitudProceso/consultarSolicitudProceso.xhtml HTTP/1.1" 200 90456
190.9.203.119 - - [05/Feb/2023:16:19:53 -0500] "GET /sipse/faces/javax.faces.resource/primefaces.css?ln=primefaces&v=4.0 HTTP/1.1" 304 -
190.9.203.119 - - [05/Feb/2023:16:19:53 -0500] "GET /sipse/faces/javax.faces.resource/theme.css?ln=primefaces-sipse HTTP/1.1" 304 -
190.9.203.119 - - [05/Feb/2023:16:19:53 -0500] "GET /sipse/faces/javax.faces.resource/layout/layout.css?ln=primefaces&v=4.0 HTTP/1.1" 304 -
190.9.203.119 - - [05/Feb/2023:16:19:53 -0500] "GET /sipse/faces/javax.faces.resource/jquery/jquery.js?ln=primefaces&v=4.0 HTTP/1.1" 304 -
190.9.203.119 - - [05/Feb/2023:16:19:53 -0500] "GET /sipse/faces/javax.faces.resource/jquery/jquery-plugins.js?ln=primefaces&v=4.0 HTTP/1.1" 304 -
190.9.203.119 - - [05/Feb/2023:16:19:53 -0500] "GET /sipse/faces/javax.faces.resource/layout/layout.js?ln=primefaces&v=4.0 HTTP/1.1" 304 -
190.9.203.119 - - [05/Feb/2023:16:19:53 -0500] "GET /sipse/faces/javax.faces.resource/primefaces.js?ln=primefaces&v=4.0 HTTP/1.1" 304 -
190.9.203.119 - - [05/Feb/2023:16:19:54 -0500] "GET /sipse/faces/javax.faces.resource/images/ui-icons_898989_256x240.png?ln=primefaces-aristo HTTP/1.1" 304 -
190.9.203.119 - - [05/Feb/2023:16:19:54 -0500] "GET /sipse/faces/faces/faces/index.xhtml HTTP/1.1" 200 677
190.9.203.119 - - [05/Feb/2023:16:19:54 -0500] "GET /sipse/faces/javax.faces.resource/theme.css?ln=primefaces-sipse HTTP/1.1" 304 -
190.9.203.119 - - [05/Feb/2023:16:19:54 -0500] "GET /sipse/faces/faces/faces/faces/autenticacion.xhtml HTTP/1.1" 200 12172
190.9.203.119 - - [05/Feb/2023:16:19:54 -0500] "GET /sipse/faces/javax.faces.resource/primefaces.css?ln=primefaces&v=4.0 HTTP/1.1" 304 -
190.9.203.119 - - [05/Feb/2023:16:19:54 -0500] "GET /sipse/faces/javax.faces.resource/theme.css?ln=primefaces-sipse HTTP/1.1" 304 -
190.9.203.119 - - [05/Feb/2023:16:19:54 -0500] "GET /sipse/faces/javax.faces.resource/layout/layout.css?ln=primefaces&v=4.0 HTTP/1.1" 304 -
190.9.203.119 - - [05/Feb/2023:16:19:54 -0500] "GET /sipse/faces/javax.faces.resource/jquery/jquery-plugins.js?ln=primefaces&v=4.0 HTTP/1.1" 304 -
190.9.203.119 - - [05/Feb/2023:16:19:54 -0500] "GET /sipse/faces/javax.faces.resource/jquery/jquery.js?ln=primefaces&v=4.0 HTTP/1.1" 304 -
190.9.203.119 - - [05/Feb/2023:16:19:54 -0500] "GET /sipse/faces/javax.faces.resource/primefaces.js?ln=primefaces&v=4.0 HTTP/1.1" 304 -
190.9.203.119 - - [05/Feb/2023:16:19:54 -0500] "GET /sipse/faces/javax.faces.resource/layout/layout.js?ln=primefaces&v=4.0 HTTP/1.1" 304 -
186.84.22.63 - - [05/Feb/2023:16:19:55 -0500] "POST /sipse/faces/presentacion/financiero/solicitudProceso/consultarSolicitudProceso.xhtml HTTP/1.1" 200 161442
186.84.22.63 - - [05/Feb/2023:16:19:58 -0500] "POST /sipse/faces/presentacion/financiero/solicitudProceso/consultarSolicitudProceso.xhtml HTTP/1.1" 200 8754821
186.84.22.63 - - [05/Feb/2023:16:20:00 -0500] "POST /sipse/faces/presentacion/financiero/solicitudProceso/consultarSolicitudProceso.xhtml HTTP/1.1" 200 1262590
186.84.22.63 - - [05/Feb/2023:16:20:02 -0500] "POST /sipse/faces/presentacion/financiero/solicitudProceso/consultarSolicitudProceso.xhtml HTTP/1.1" 200 154368
157.55.39.142 - - [05/Feb/2023:16:20:08 -0500] "GET /bla/resoluciones/autos%202021/4232.pdf HTTP/1.1" 200 363333
216.245.221.92 - - [05/Feb/2023:16:20:25 -0500] "HEAD / HTTP/1.1" 200 -
201.245.192.253 - - [05/Feb/2023:16:20:27 -0500] "POST /kwsrmcab/Wsrmcab  HTTP/1.1" 200 213
52.167.144.49 - - [05/Feb/2023:16:21:02 -0500] "GET /bla/resoluciones/autos%202021/6253.pdf HTTP/1.1" 200 480381
157.55.39.129 - - [05/Feb/2023:16:21:23 -0500] "GET / HTTP/1.1" 200 319
83.1.243.138 - - [05/Feb/2023:16:21:47 -0500] "GET / HTTP/1.1" 200 319
186.29.181.171 - - [05/Feb/2023:16:21:48 -0500] "GET /BLA/resoluciones/AUTOS%202021/2563.pdf HTTP/1.1" 200 392369
186.29.181.171 - - [05/Feb/2023:16:21:53 -0500] "GET /BLA/resoluciones/AUTOS%202021/2561.pdf HTTP/1.1" 200 391968
186.29.181.171 - - [05/Feb/2023:16:21:57 -0500] "GET /BLA/resoluciones/AUTOS%202021/2560.pdf HTTP/1.1" 200 372093
186.29.181.171 - - [05/Feb/2023:16:22:02 -0500] "GET /BLA/resoluciones/AUTOS%202021/2556.pdf HTTP/1.1" 200 396052
186.29.181.171 - - [05/Feb/2023:16:22:07 -0500] "GET /BLA/resoluciones/AUTOS%202021/2555.pdf HTTP/1.1" 200 460227
186.29.181.171 - - [05/Feb/2023:16:22:11 -0500] "GET /BLA/resoluciones/AUTOS%202021/2554.pdf HTTP/1.1" 200 643288
186.29.181.171 - - [05/Feb/2023:16:22:14 -0500] "GET /BLA/resoluciones/AUTOS%202021/2553.pdf HTTP/1.1" 200 498854
186.29.181.171 - - [05/Feb/2023:16:22:17 -0500] "GET /BLA/resoluciones/AUTOS%202021/2552.pdf HTTP/1.1" 200 1945647
186.29.181.171 - - [05/Feb/2023:16:22:19 -0500] "GET /BLA/resoluciones/AUTOS%202021/2551.pdf HTTP/1.1" 200 1006374
157.55.39.142 - - [05/Feb/2023:16:22:19 -0500] "GET /bla/resoluciones/autos%202021/4131.pdf HTTP/1.1" 200 607945
186.29.181.171 - - [05/Feb/2023:16:22:26 -0500] "GET /BLA/resoluciones/AUTOS%202021/2550.pdf HTTP/1.1" 200 393172
186.29.181.171 - - [05/Feb/2023:16:22:30 -0500] "GET /BLA/resoluciones/AUTOS%202021/2549.pdf HTTP/1.1" 200 485027
186.29.181.171 - - [05/Feb/2023:16:22:32 -0500] "GET /BLA/resoluciones/AUTOS%202021/2548.pdf HTTP/1.1" 200 676096
186.29.181.171 - - [05/Feb/2023:16:22:35 -0500] "GET /BLA/resoluciones/AUTOS%202021/2547.pdf HTTP/1.1" 200 557329
186.29.181.171 - - [05/Feb/2023:16:22:40 -0500] "GET /BLA/resoluciones/AUTOS%202021/2546.pdf HTTP/1.1" 200 521929
52.167.144.49 - - [05/Feb/2023:16:22:42 -0500] "GET /sipse/faces/presentacion/sistema/anexos/cargarAnexoSolicitudProceso.xhtml HTTP/1.1" 302 -
52.167.144.49 - - [05/Feb/2023:16:22:43 -0500] "GET /sipse/faces/autenticacion.xhtml HTTP/1.1" 200 12172
186.29.181.171 - - [05/Feb/2023:16:22:49 -0500] "GET /BLA/resoluciones/AUTOS%202021/2545.pdf HTTP/1.1" 200 524402
186.29.181.171 - - [05/Feb/2023:16:22:51 -0500] "GET /BLA/resoluciones/AUTOS%202021/2544.pdf HTTP/1.1" 200 424237
186.29.181.171 - - [05/Feb/2023:16:22:54 -0500] "GET /BLA/resoluciones/AUTOS%202021/2540.pdf HTTP/1.1" 200 356452
186.29.181.171 - - [05/Feb/2023:16:22:56 -0500] "GET /BLA/resoluciones/AUTOS%202021/2539.pdf HTTP/1.1" 200 353682
52.167.144.97 - - [05/Feb/2023:16:23:02 -0500] "GET /sipse/faces/autenticacion.xhtml HTTP/1.1" 200 12494
186.29.181.171 - - [05/Feb/2023:16:23:51 -0500] "GET /BLA/resoluciones/AUTOS%202021/2484.pdf HTTP/1.1" 200 368704
172.22.2.4 - - [05/Feb/2023:16:22:14 -0500] "HEAD /BLA/boletinlegal/ HTTP/1.1" 200 -
186.29.181.171 - - [05/Feb/2023:16:23:55 -0500] "GET /BLA/resoluciones/AUTOS%202021/2483.pdf HTTP/1.1" 200 374327
172.22.2.4 - - [05/Feb/2023:16:23:04 -0500] "GET /BLA/boletinlegal/ HTTP/1.1" 200 59035
68.183.67.197 - - [05/Feb/2023:16:25:02 -0500] "GET /portaldeninos/ HTTP/1.1" 200 110197
157.55.39.117 - - [05/Feb/2023:16:25:06 -0500] "GET /bla/resoluciones/autos%202021/6280.pdf HTTP/1.1" 200 353302
186.29.181.171 - - [05/Feb/2023:16:25:11 -0500] "GET /BLA/resoluciones/AUTOS%202021/2480.pdf HTTP/1.1" 200 377313
186.29.181.171 - - [05/Feb/2023:16:25:14 -0500] "GET /BLA/resoluciones/AUTOS%202021/2479.pdf HTTP/1.1" 200 352528
186.29.181.171 - - [05/Feb/2023:16:25:16 -0500] "GET /BLA/resoluciones/AUTOS%202021/2477.pdf HTTP/1.1" 200 400634
186.29.181.171 - - [05/Feb/2023:16:25:18 -0500] "GET /BLA/resoluciones/AUTOS%202021/2476.pdf HTTP/1.1" 200 369350
186.29.181.171 - - [05/Feb/2023:16:25:21 -0500] "GET /BLA/resoluciones/AUTOS%202021/2475.pdf HTTP/1.1" 200 349765
186.29.181.171 - - [05/Feb/2023:16:25:23 -0500] "GET /BLA/resoluciones/AUTOS%202021/2473.pdf HTTP/1.1" 200 487093
216.245.221.92 - - [05/Feb/2023:16:25:25 -0500] "HEAD / HTTP/1.1" 200 -
186.29.181.171 - - [05/Feb/2023:16:25:26 -0500] "GET /BLA/resoluciones/AUTOS%202021/2470.pdf HTTP/1.1" 200 397063
201.245.192.253 - - [05/Feb/2023:16:25:25 -0500] "POST /kwsrmcab/Wsrmcab  HTTP/1.1" 200 213
186.29.181.171 - - [05/Feb/2023:16:25:28 -0500] "GET /BLA/resoluciones/AUTOS%202021/2469.pdf HTTP/1.1" 200 369931
186.29.181.171 - - [05/Feb/2023:16:25:30 -0500] "GET /BLA/resoluciones/AUTOS%202021/2465.pdf HTTP/1.1" 200 389045
186.29.181.171 - - [05/Feb/2023:16:25:35 -0500] "GET /BLA/resoluciones/AUTOS%202021/2462.pdf HTTP/1.1" 200 382751
66.249.66.33 - - [05/Feb/2023:16:25:37 -0500] "-" 408 -
186.29.181.171 - - [05/Feb/2023:16:25:38 -0500] "GET /BLA/resoluciones/AUTOS%202021/2461.pdf HTTP/1.1" 200 366536
186.29.181.171 - - [05/Feb/2023:16:25:40 -0500] "GET /BLA/resoluciones/AUTOS%202021/2460.pdf HTTP/1.1" 200 371317
186.29.181.171 - - [05/Feb/2023:16:25:43 -0500] "GET /BLA/resoluciones/AUTOS%202021/2459.pdf HTTP/1.1" 200 363132
186.29.181.171 - - [05/Feb/2023:16:25:46 -0500] "GET /BLA/resoluciones/AUTOS%202021/2457.pdf HTTP/1.1" 200 357782
186.29.181.171 - - [05/Feb/2023:16:25:48 -0500] "GET /BLA/resoluciones/AUTOS%202021/2455.pdf HTTP/1.1" 200 422771
157.55.39.142 - - [05/Feb/2023:16:25:49 -0500] "GET /bla/resoluciones/autos%202021/6037.pdf HTTP/1.1" 200 367172
186.29.181.171 - - [05/Feb/2023:16:25:51 -0500] "GET /BLA/resoluciones/AUTOS%202021/2454.pdf HTTP/1.1" 200 354486
186.29.181.171 - - [05/Feb/2023:16:25:54 -0500] "GET /BLA/resoluciones/AUTOS%202021/2453.pdf HTTP/1.1" 200 396910
186.29.181.171 - - [05/Feb/2023:16:25:56 -0500] "GET /BLA/resoluciones/AUTOS%202021/2448.pdf HTTP/1.1" 200 393688
186.29.181.171 - - [05/Feb/2023:16:26:00 -0500] "GET /BLA/resoluciones/AUTOS%202021/2447.pdf HTTP/1.1" 200 387866
186.29.202.223 - - [05/Feb/2023:16:26:49 -0500] "GET /sipse/faces/index.xhtml HTTP/1.1" 200 677
186.29.202.223 - - [05/Feb/2023:16:26:49 -0500] "GET /sipse/faces/javax.faces.resource/theme.css?ln=primefaces-sipse HTTP/1.1" 304 -
186.29.202.223 - - [05/Feb/2023:16:26:49 -0500] "GET /sipse/faces/faces/autenticacion.xhtml HTTP/1.1" 200 12172
186.29.202.223 - - [05/Feb/2023:16:26:49 -0500] "GET /sipse/js/disable_browser_buttons.js HTTP/1.1" 304 -
186.29.202.223 - - [05/Feb/2023:16:26:49 -0500] "GET /sipse/js/funciones.js HTTP/1.1" 304 -
186.29.202.223 - - [05/Feb/2023:16:26:49 -0500] "GET /sipse/css/custom_css_sg.css HTTP/1.1" 304 -
186.29.202.223 - - [05/Feb/2023:16:26:49 -0500] "GET /sipse/css/custom_css_sg_prime_login.css HTTP/1.1" 304 -
186.29.202.223 - - [05/Feb/2023:16:26:49 -0500] "GET /sipse/faces/javax.faces.resource/layout/layout.css?ln=primefaces&v=4.0 HTTP/1.1" 304 -
186.29.202.223 - - [05/Feb/2023:16:26:49 -0500] "GET /sipse/faces/javax.faces.resource/theme.css?ln=primefaces-sipse HTTP/1.1" 304 -
186.29.202.223 - - [05/Feb/2023:16:26:49 -0500] "GET /sipse/faces/javax.faces.resource/primefaces.css?ln=primefaces&v=4.0 HTTP/1.1" 304 -
186.29.202.223 - - [05/Feb/2023:16:26:49 -0500] "GET /sipse/faces/javax.faces.resource/jquery/jquery.js?ln=primefaces&v=4.0 HTTP/1.1" 304 -
186.29.202.223 - - [05/Feb/2023:16:26:49 -0500] "GET /sipse/faces/javax.faces.resource/jquery/jquery-plugins.js?ln=primefaces&v=4.0 HTTP/1.1" 304 -
186.29.202.223 - - [05/Feb/2023:16:26:49 -0500] "GET /sipse/faces/javax.faces.resource/primefaces.js?ln=primefaces&v=4.0 HTTP/1.1" 304 -
186.29.202.223 - - [05/Feb/2023:16:26:49 -0500] "GET /sipse/faces/javax.faces.resource/layout/layout.js?ln=primefaces&v=4.0 HTTP/1.1" 304 -
186.29.202.223 - - [05/Feb/2023:16:26:49 -0500] "GET /sipse/css/imagen/logoSDG.png HTTP/1.1" 304 -
186.29.202.223 - - [05/Feb/2023:16:26:49 -0500] "GET /sipse/css/imagen/loginimg.png HTTP/1.1" 304 -
186.29.202.223 - - [05/Feb/2023:16:26:49 -0500] "GET /sipse/faces/javax.faces.resource/images/ui-icons_898989_256x240.png?ln=primefaces-aristo HTTP/1.1" 304 -
186.29.202.223 - - [05/Feb/2023:16:26:52 -0500] "POST /sipse/faces/autenticacion.xhtml HTTP/1.1" 200 2220
186.29.202.223 - - [05/Feb/2023:16:26:53 -0500] "GET /sipse/faces/javax.faces.resource/messages/messages.png?ln=primefaces&v=4.0 HTTP/1.1" 304 -
186.29.202.223 - - [05/Feb/2023:16:26:54 -0500] "POST /sipse/faces/autenticacion.xhtml HTTP/1.1" 200 16245
186.29.202.223 - - [05/Feb/2023:16:26:54 -0500] "GET /sipse/css/custom_css_sg_prime.css HTTP/1.1" 304 -
186.29.202.223 - - [05/Feb/2023:16:26:54 -0500] "GET /sipse/faces/javax.faces.resource/theme.css?ln=primefaces-sipse HTTP/1.1" 304 -
186.29.202.223 - - [05/Feb/2023:16:26:54 -0500] "GET /sipse/faces/javax.faces.resource/primefaces.css?ln=primefaces&v=4.0 HTTP/1.1" 304 -
186.29.202.223 - - [05/Feb/2023:16:26:54 -0500] "GET /sipse/faces/javax.faces.resource/layout/layout.css?ln=primefaces&v=4.0 HTTP/1.1" 304 -
186.29.202.223 - - [05/Feb/2023:16:26:54 -0500] "GET /sipse/js/jquery.min.js HTTP/1.1" 304 -
186.29.202.223 - - [05/Feb/2023:16:26:54 -0500] "GET /sipse/faces/javax.faces.resource/jquery/jquery.js?ln=primefaces&v=4.0 HTTP/1.1" 304 -
186.29.202.223 - - [05/Feb/2023:16:26:54 -0500] "GET /sipse/faces/javax.faces.resource/jquery/jquery-plugins.js?ln=primefaces&v=4.0 HTTP/1.1" 304 -
186.29.202.223 - - [05/Feb/2023:16:26:54 -0500] "GET /sipse/faces/javax.faces.resource/primefaces.js?ln=primefaces&v=4.0 HTTP/1.1" 304 -
186.29.202.223 - - [05/Feb/2023:16:26:54 -0500] "GET /sipse/faces/javax.faces.resource/layout/layout.js?ln=primefaces&v=4.0 HTTP/1.1" 304 -
186.29.202.223 - - [05/Feb/2023:16:26:54 -0500] "GET /sipse/css/imagen/contrasena.png HTTP/1.1" 404 383
186.29.202.223 - - [05/Feb/2023:16:26:54 -0500] "GET /sipse/imagenes/logoAplicacion.jpg HTTP/1.1" 304 -
186.29.202.223 - - [05/Feb/2023:16:26:54 -0500] "GET /sipse/imagenes/cargando.gif HTTP/1.1" 304 -
186.29.202.223 - - [05/Feb/2023:16:26:56 -0500] "GET /sipse/faces/javax.faces.resource/images/ui-bg_flat_0_2d5972_40x100.png?ln=primefaces-aristo HTTP/1.1" 304 -
186.29.202.223 - - [05/Feb/2023:16:26:56 -0500] "POST /sipse/faces/bienvenido.xhtml HTTP/1.1" 200 2073
186.29.202.223 - - [05/Feb/2023:16:26:57 -0500] "POST /sipse/faces/bienvenido.xhtml HTTP/1.1" 200 38970
186.29.202.223 - - [05/Feb/2023:16:26:57 -0500] "GET /sipse/faces/javax.faces.resource/theme.css?ln=primefaces-sipse HTTP/1.1" 304 -
186.29.202.223 - - [05/Feb/2023:16:26:57 -0500] "GET /sipse/faces/javax.faces.resource/primefaces.css?ln=primefaces&v=4.0 HTTP/1.1" 304 -
186.29.202.223 - - [05/Feb/2023:16:26:57 -0500] "GET /sipse/faces/javax.faces.resource/layout/layout.css?ln=primefaces&v=4.0 HTTP/1.1" 304 -
186.29.202.223 - - [05/Feb/2023:16:26:57 -0500] "GET /sipse/faces/javax.faces.resource/jquery/jquery.js?ln=primefaces&v=4.0 HTTP/1.1" 304 -
186.29.202.223 - - [05/Feb/2023:16:26:57 -0500] "GET /sipse/faces/javax.faces.resource/jquery/jquery-plugins.js?ln=primefaces&v=4.0 HTTP/1.1" 304 -
186.29.202.223 - - [05/Feb/2023:16:26:57 -0500] "GET /sipse/faces/javax.faces.resource/primefaces.js?ln=primefaces&v=4.0 HTTP/1.1" 304 -
186.29.202.223 - - [05/Feb/2023:16:26:57 -0500] "GET /sipse/faces/javax.faces.resource/layout/layout.js?ln=primefaces&v=4.0 HTTP/1.1" 304 -
186.29.202.223 - - [05/Feb/2023:16:27:01 -0500] "POST /sipse/faces/presentacion/financiero/solicitudProceso/consultar.xhtml HTTP/1.1" 200 12822
186.29.202.223 - - [05/Feb/2023:16:27:07 -0500] "POST /sipse/faces/presentacion/financiero/solicitudProceso/consultar.xhtml HTTP/1.1" 200 12880
186.29.202.223 - - [05/Feb/2023:16:27:38 -0500] "POST /sipse/faces/presentacion/financiero/solicitudProceso/consultar.xhtml HTTP/1.1" 200 12957
186.29.202.223 - - [05/Feb/2023:16:27:40 -0500] "POST /sipse/faces/presentacion/financiero/solicitudProceso/consultar.xhtml HTTP/1.1" 200 12957
65.154.226.170 - - [05/Feb/2023:16:27:45 -0500] "GET /portaldeninos/wp-content/uploads/useanyfont/uaf.css?ver=1589905315 HTTP/1.1" 200 408
65.154.226.170 - - [05/Feb/2023:16:27:45 -0500] "GET /portaldeninos/wp-content/themes/betheme/style.css?ver=20.9.6 HTTP/1.1" 200 287
65.154.226.170 - - [05/Feb/2023:16:27:45 -0500] "GET /portaldeninos/wp-content/plugins/gallery-videos/CSS/totalsoft.css?ver=4.9.8 HTTP/1.1" 200 40622
65.154.226.170 - - [05/Feb/2023:16:27:45 -0500] "GET /portaldeninos/wp-content/themes/betheme/css/base.css?ver=20.9.6 HTTP/1.1" 200 57283
65.154.226.170 - - [05/Feb/2023:16:27:45 -0500] "GET /portaldeninos/wp-content/plugins/gallery-videos/CSS/Total-Soft-Gallery-Video-Widget.css?ver=4.9.8 HTTP/1.1" 200 51554
65.154.226.170 - - [05/Feb/2023:16:27:45 -0500] "GET /portaldeninos/wp-content/themes/betheme/assets/animations/animations.min.css?ver=20.9.6 HTTP/1.1" 200 58508
65.154.226.170 - - [05/Feb/2023:16:27:46 -0500] "GET /portaldeninos/wp-content/themes/betheme/assets/jplayer/css/jplayer.blue.monday.css?ver=20.9.6 HTTP/1.1" 200 9834
65.154.226.170 - - [05/Feb/2023:16:27:45 -0500] "GET /portaldeninos/wp-content/themes/betheme/assets/ui/jquery.ui.all.css?ver=20.9.6 HTTP/1.1" 200 18765
65.154.226.170 - - [05/Feb/2023:16:27:45 -0500] "GET /portaldeninos/wp-content/themes/betheme/css/layout.css?ver=20.9.6 HTTP/1.1" 200 116639
65.154.226.170 - - [05/Feb/2023:16:27:46 -0500] "GET /portaldeninos/wp-includes/js/jquery/jquery-migrate.min.js?ver=1.4.1 HTTP/1.1" 200 10056
65.154.226.170 - - [05/Feb/2023:16:27:46 -0500] "GET /portaldeninos/wp-includes/js/jquery/ui/core.min.js?ver=1.11.4 HTTP/1.1" 200 4000
65.154.226.170 - - [05/Feb/2023:16:27:46 -0500] "GET /portaldeninos/wp-content/themes/betheme/css/responsive.css?ver=20.9.6 HTTP/1.1" 200 55740
65.154.226.170 - - [05/Feb/2023:16:27:45 -0500] "GET /portaldeninos/wp-content/themes/betheme/css/shortcodes.css?ver=20.9.6 HTTP/1.1" 200 138889
65.154.226.170 - - [05/Feb/2023:16:27:46 -0500] "GET /portaldeninos/wp-content/plugins/google-analytics-for-wordpress/assets/js/frontend-gtag.min.js?ver=8.5.0 HTTP/1.1" 200 11801
65.154.226.170 - - [05/Feb/2023:16:27:46 -0500] "GET /portaldeninos/wp-content/plugins/gallery-videos/JS/modernizr.custom.js?ver=4.9.8 HTTP/1.1" 200 9019
65.154.226.170 - - [05/Feb/2023:16:27:46 -0500] "GET /portaldeninos/wp-includes/js/jquery/ui/mouse.min.js?ver=1.11.4 HTTP/1.1" 200 3148
65.154.226.170 - - [05/Feb/2023:16:27:46 -0500] "GET /portaldeninos/wp-includes/js/jquery/ui/widget.min.js?ver=1.11.4 HTTP/1.1" 200 6908
65.154.226.170 - - [05/Feb/2023:16:27:46 -0500] "GET /portaldeninos/wp-includes/js/jquery/ui/accordion.min.js?ver=1.11.4 HTTP/1.1" 200 8584
65.154.226.170 - - [05/Feb/2023:16:27:46 -0500] "GET /portaldeninos/wp-includes/js/jquery/ui/tabs.min.js?ver=1.11.4 HTTP/1.1" 200 12110
65.154.226.170 - - [05/Feb/2023:16:27:46 -0500] "GET /portaldeninos/wp-content/plugins/gallery-videos/JS/Total-Soft-Gallery-Video-Widget.js?ver=4.9.8 HTTP/1.1" 200 80264
65.154.226.170 - - [05/Feb/2023:16:27:46 -0500] "GET /portaldeninos/wp-includes/js/jquery/ui/sortable.min.js?ver=1.11.4 HTTP/1.1" 200 24899
65.154.226.170 - - [05/Feb/2023:16:27:46 -0500] "GET /portaldeninos/wp-content/themes/betheme/js/menu.js?ver=20.9.6 HTTP/1.1" 200 2449
65.154.226.170 - - [05/Feb/2023:16:27:46 -0500] "GET /portaldeninos/wp-content/themes/betheme/assets/animations/animations.min.js?ver=20.9.6 HTTP/1.1" 200 1896
65.154.226.170 - - [05/Feb/2023:16:27:46 -0500] "GET /portaldeninos/wp-includes/js/jquery/jquery.js?ver=1.12.4 HTTP/1.1" 200 97184
65.154.226.170 - - [05/Feb/2023:16:27:46 -0500] "GET /portaldeninos/wp-includes/js/wp-embed.min.js?ver=4.9.8 HTTP/1.1" 200 1398
65.154.226.170 - - [05/Feb/2023:16:27:46 -0500] "GET /portaldeninos/wp-content/themes/betheme/images/box_shadow.png HTTP/1.1" 200 108
65.154.226.170 - - [05/Feb/2023:16:27:46 -0500] "GET /portaldeninos/wp-includes/js/wp-emoji-release.min.js?ver=4.9.8 HTTP/1.1" 200 12026
65.154.226.170 - - [05/Feb/2023:16:27:46 -0500] "GET /portaldeninos/wp-content/themes/betheme/assets/jplayer/jplayer.min.js?ver=20.9.6 HTTP/1.1" 200 52702
65.154.226.170 - - [05/Feb/2023:16:27:46 -0500] "GET /portaldeninos/wp-content/themes/betheme/js/scripts.js?ver=20.9.6 HTTP/1.1" 200 77162
65.154.226.170 - - [05/Feb/2023:16:27:46 -0500] "GET /portaldeninos/wp-content/themes/betheme/js/plugins.js?ver=20.9.6 HTTP/1.1" 200 197151
65.154.226.170 - - [05/Feb/2023:16:27:46 -0500] "GET /portaldeninos/wp-content/themes/betheme/fonts/mfn-icons.woff?93978679 HTTP/1.1" 200 80932
65.154.226.170 - - [05/Feb/2023:16:27:47 -0500] "GET /portaldeninos/wp-content/themes/betheme/fonts/mfn-icons.ttf?93978679 HTTP/1.1" 200 99689
205.169.39.113 - - [05/Feb/2023:16:27:57 -0500] "GET /portaldeninos/wp-includes/js/wp-emoji-release.min.js?ver=4.9.8 HTTP/1.1" 200 12026
205.169.39.113 - - [05/Feb/2023:16:27:57 -0500] "GET /portaldeninos/wp-content/plugins/google-analytics-for-wordpress/assets/js/frontend-gtag.min.js?ver=8.5.0 HTTP/1.1" 200 11801
205.169.39.113 - - [05/Feb/2023:16:27:58 -0500] "GET /portaldeninos/wp-includes/js/jquery/jquery.js?ver=1.12.4 HTTP/1.1" 200 97184
205.169.39.113 - - [05/Feb/2023:16:27:58 -0500] "GET /portaldeninos/wp-includes/js/jquery/jquery-migrate.min.js?ver=1.4.1 HTTP/1.1" 200 10056
205.169.39.113 - - [05/Feb/2023:16:27:58 -0500] "GET /portaldeninos/wp-includes/js/jquery/ui/core.min.js?ver=1.11.4 HTTP/1.1" 200 4000
205.169.39.113 - - [05/Feb/2023:16:27:58 -0500] "GET /portaldeninos/wp-content/plugins/gallery-videos/JS/modernizr.custom.js?ver=4.9.8 HTTP/1.1" 200 9019
205.169.39.113 - - [05/Feb/2023:16:27:58 -0500] "GET /portaldeninos/wp-content/plugins/gallery-videos/JS/Total-Soft-Gallery-Video-Widget.js?ver=4.9.8 HTTP/1.1" 200 80264
205.169.39.113 - - [05/Feb/2023:16:27:59 -0500] "GET /portaldeninos/wp-includes/js/jquery/ui/widget.min.js?ver=1.11.4 HTTP/1.1" 200 6908
205.169.39.113 - - [05/Feb/2023:16:27:59 -0500] "GET /portaldeninos/wp-includes/js/jquery/ui/mouse.min.js?ver=1.11.4 HTTP/1.1" 200 3148
205.169.39.113 - - [05/Feb/2023:16:27:59 -0500] "GET /portaldeninos/wp-includes/js/jquery/ui/sortable.min.js?ver=1.11.4 HTTP/1.1" 200 24899
205.169.39.113 - - [05/Feb/2023:16:27:59 -0500] "GET /portaldeninos/wp-includes/js/jquery/ui/tabs.min.js?ver=1.11.4 HTTP/1.1" 200 12110
205.169.39.113 - - [05/Feb/2023:16:27:59 -0500] "GET /portaldeninos/wp-includes/js/jquery/ui/accordion.min.js?ver=1.11.4 HTTP/1.1" 200 8584
205.169.39.113 - - [05/Feb/2023:16:28:00 -0500] "GET /portaldeninos/wp-content/themes/betheme/js/plugins.js?ver=20.9.6 HTTP/1.1" 200 197151
205.169.39.113 - - [05/Feb/2023:16:28:00 -0500] "GET /portaldeninos/wp-content/themes/betheme/js/menu.js?ver=20.9.6 HTTP/1.1" 200 2449
205.169.39.113 - - [05/Feb/2023:16:28:00 -0500] "GET /portaldeninos/wp-content/themes/betheme/assets/animations/animations.min.js?ver=20.9.6 HTTP/1.1" 200 1896
205.169.39.113 - - [05/Feb/2023:16:28:00 -0500] "GET /portaldeninos/wp-content/themes/betheme/assets/jplayer/jplayer.min.js?ver=20.9.6 HTTP/1.1" 200 52702
205.169.39.113 - - [05/Feb/2023:16:28:01 -0500] "GET /portaldeninos/wp-content/themes/betheme/js/scripts.js?ver=20.9.6 HTTP/1.1" 200 77162
205.169.39.113 - - [05/Feb/2023:16:28:01 -0500] "GET /portaldeninos/wp-includes/js/wp-embed.min.js?ver=4.9.8 HTTP/1.1" 200 1398
201.245.192.253 - - [05/Feb/2023:16:28:48 -0500] "POST /kwsrmcab/Wsrmcab HTTP/1.1" 200 39199
201.245.192.253 - - [05/Feb/2023:16:28:50 -0500] "POST /kwsrmcab/Wsrmcab HTTP/1.1" 200 42673
172.22.2.4 - - [05/Feb/2023:16:28:04 -0500] "HEAD /BLA/boletinlegal/ HTTP/1.1" 200 -
216.245.221.92 - - [05/Feb/2023:16:30:25 -0500] "HEAD / HTTP/1.1" 200 -
186.28.77.144 - - [05/Feb/2023:16:30:26 -0500] "GET /sipse/faces/javax.faces.resource/images/ui-bg_flat_0_2d5972_40x100.png?ln=primefaces-aristo HTTP/1.1" 200 183
186.28.77.144 - - [05/Feb/2023:16:30:26 -0500] "POST /sipse/faces/presentacion/sistema/reporte/ventanaVerReporteParametros.xhtml HTTP/1.1" 200 1471
186.28.77.144 - - [05/Feb/2023:16:30:26 -0500] "POST /sipse/faces/presentacion/sistema/reporte/ventanaVerReporteParametros.xhtml HTTP/1.1" 200 52035
201.245.192.253 - - [05/Feb/2023:16:30:25 -0500] "POST /kwsrmcab/Wsrmcab  HTTP/1.1" 200 213
