201.245.192.253 - - [06/Feb/2023:08:41:06 -0500] "POST /sipse/faces/presentacion/financiero/solicitudProceso/listarSolicitudProceso.xhtml HTTP/1.1" 200 1396
179.51.119.61 - - [06/Feb/2023:08:41:10 -0500] "GET /sipse/faces/javax.faces.resource/images/ui-icons_898989_256x240.png?ln=primefaces-aristo HTTP/1.1" 304 -
201.245.192.253 - - [06/Feb/2023:08:41:10 -0500] "POST /sipse/faces/presentacion/financiero/solicitudProceso/listarSolicitudProceso.xhtml HTTP/1.1" 200 43382
190.109.20.168 - - [06/Feb/2023:08:41:11 -0500] "POST /sipse/faces/presentacion/workflow/reasignarReenrutar.xhtml HTTP/1.1" 200 15888
200.118.62.160 - - [06/Feb/2023:08:41:12 -0500] "GET /catalogoisis/ HTTP/1.1" 200 8575
200.118.62.160 - - [06/Feb/2023:08:41:12 -0500] "GET /catalogoisis/Css/Busqueda.css HTTP/1.1" 200 1995
200.118.62.160 - - [06/Feb/2023:08:41:12 -0500] "GET /catalogoisis/Js/AceptarLimpiar.js HTTP/1.1" 200 331
200.118.62.160 - - [06/Feb/2023:08:41:12 -0500] "GET /catalogoisis/Js/CriterioCombinada.js HTTP/1.1" 200 1843
200.118.62.160 - - [06/Feb/2023:08:41:12 -0500] "GET /catalogoisis/Js/Go.js HTTP/1.1" 200 364
200.118.62.160 - - [06/Feb/2023:08:41:12 -0500] "GET /catalogoisis/Js/Cookies.js HTTP/1.1" 200 1369
200.118.62.160 - - [06/Feb/2023:08:41:12 -0500] "GET /catalogoisis/Js/LimpiarCombinada.js HTTP/1.1" 200 207
200.118.62.160 - - [06/Feb/2023:08:41:12 -0500] "GET /catalogoisis/Js/Remote.js HTTP/1.1" 200 436
200.118.62.160 - - [06/Feb/2023:08:41:12 -0500] "GET /catalogoisis/Js/Numero.js HTTP/1.1" 200 398
200.118.62.160 - - [06/Feb/2023:08:41:12 -0500] "GET /catalogoisis/Js/Enter.js HTTP/1.1" 200 1208
200.118.62.160 - - [06/Feb/2023:08:41:13 -0500] "GET /catalogoisis/imagenes/br1c1.gif HTTP/1.1" 200 172
200.118.62.160 - - [06/Feb/2023:08:41:13 -0500] "GET /catalogoisis/imagenes/br1c3.gif HTTP/1.1" 200 302
200.118.62.160 - - [06/Feb/2023:08:41:13 -0500] "GET /catalogoisis/imagenes/Turnbo1.gif HTTP/1.1" 200 227
200.118.62.160 - - [06/Feb/2023:08:41:13 -0500] "GET /catalogoisis/imagenes/limpiar1.gif HTTP/1.1" 200 606
200.118.62.160 - - [06/Feb/2023:08:41:13 -0500] "GET /catalogoisis/imagenes/aceptar1.gif HTTP/1.1" 200 604
190.109.20.168 - - [06/Feb/2023:08:41:12 -0500] "POST /sipse/faces/presentacion/workflow/reasignarReenrutar.xhtml HTTP/1.1" 200 15957
200.118.62.160 - - [06/Feb/2023:08:41:13 -0500] "GET /catalogoisis/imagenes/br2c1.gif HTTP/1.1" 200 297
200.118.62.160 - - [06/Feb/2023:08:41:13 -0500] "GET /catalogoisis/imagenes/br2c2.gif HTTP/1.1" 200 302
200.118.62.160 - - [06/Feb/2023:08:41:13 -0500] "GET /catalogoisis/imagenes/br2c3.gif HTTP/1.1" 200 416
200.118.62.160 - - [06/Feb/2023:08:41:13 -0500] "GET /catalogoisis/imagenes/br3c3.gif HTTP/1.1" 200 186
200.118.62.160 - - [06/Feb/2023:08:41:13 -0500] "GET /catalogoisis/imagenes/br1c2.gif HTTP/1.1" 200 297
200.118.62.160 - - [06/Feb/2023:08:41:12 -0500] "GET /catalogoisis/imagenes/Header.gif HTTP/1.1" 200 30313
200.118.62.160 - - [06/Feb/2023:08:41:13 -0500] "GET /catalogoisis/imagenes/br3c2.gif HTTP/1.1" 200 285
200.118.62.160 - - [06/Feb/2023:08:41:13 -0500] "GET /catalogoisis/imagenes/br3c1.gif HTTP/1.1" 200 177
200.118.62.160 - - [06/Feb/2023:08:41:13 -0500] "GET /favicon.ico HTTP/1.1" 200 7782
179.51.119.61 - - [06/Feb/2023:08:41:13 -0500] "GET /sipse/css/imagen/contrasena.png HTTP/1.1" 404 383
186.102.2.224 - - [06/Feb/2023:08:41:15 -0500] "OPTIONS /kwssiamovil/sm/setfile/f? HTTP/1.1" 200 13
190.109.20.168 - - [06/Feb/2023:08:41:14 -0500] "POST /sipse/faces/presentacion/workflow/reasignarReenrutar.xhtml HTTP/1.1" 200 151670
201.245.192.253 - - [06/Feb/2023:08:41:18 -0500] "POST /sipse/faces/presentacion/financiero/solicitudProceso/consultarSolicitudProceso.xhtml HTTP/1.1" 200 1103565
157.55.39.142 - - [06/Feb/2023:08:41:18 -0500] "GET /BLA/resoluciones/AUTOS%202021/4628.pdf HTTP/1.1" 200 388877
186.102.2.224 - - [06/Feb/2023:08:41:16 -0500] "POST /kwssiamovil/sm/setfile/f? HTTP/1.1" 200 381
190.109.20.168 - - [06/Feb/2023:08:41:23 -0500] "POST /sipse/faces/presentacion/workflow/reasignarReenrutar.xhtml HTTP/1.1" 200 151722
190.109.20.168 - - [06/Feb/2023:08:41:27 -0500] "POST /sipse/faces/presentacion/workflow/reasignarReenrutar.xhtml HTTP/1.1" 200 151690
186.102.2.224 - - [06/Feb/2023:08:41:29 -0500] "GET /kwssiamovil/sm/acme/a?s=U2FsdGVkX18OjSa1cnYbepM5X/+tDciDqZG3BF/olHZVOR59cZudl2RfQnneTKfYSGLjQi2n0SSC/mKGiSzIx9SIkCiuwY/RA7OrwbDLCdAEeWWkiT7JrouAl1dmRN2UW0Y5LBUq6jHDAYuCqvuefJVw1DlSJxEgB5ZG/H8Vv5GuPA0dvrCVmYwAIs2NCEq9LfTwzYSfjoZtye2dmAF6E0L/rdIVcMDLuZFAyg6j3eDsNVyqs52/PaIDESIS3Ml8lpKuoJYh+DAGapGQZ3xluQ==&u=U2FsdGVkX18TKfO5T+N4uruIBTc0LMMbGtDiuXiOXhk=&y=U2FsdGVkX1+NMKlK1xyk5gRNztPNmv1gyWAhtwD8ek0= HTTP/1.1" 200 26
186.102.2.224 - - [06/Feb/2023:08:41:29 -0500] "GET /kwssiamovil/sm/acme/a?s=U2FsdGVkX1/nVrkSYWja30cc3vMSI3Ts1ZJeA9pnlbIqX3IXB9z1QacZpOhHMq/m9PMN6qykMmm0Dd+dyzH4O1sCYKWlGr5mn7HCFXv0GQBq0tgn/35gDSEgTrMbTgtIxeBxsrfNUXygVtE5dXrJA9UADFTvE5y+5XwnN6qTSxuKVX4MRlvIaE83bKG9znG79HcwbGbeyXQVi8bUP9d5FsQOJa7a6i3rMNy1b15KBEH9MNFMMBjhDaTWqtM66GE8TK7hyyFEzMBde37AQqFNLYe02B44MTGC16vp1ibaZoCvyJkNJhP3lmwRL1Wb9HDnVFK8qKllgDtFKqq/cEqmiBShicLtSgR2zPG2EpZ7tGNZIlvIu6RSNnAhffyv8SPb9O0MDgqlOwB+EXH9i0Z64HuNMLvn+bnZuv3FWLPbtasXYEjqjhKsSqbETNnJKzky+SwvEsRf6G2EqBqD2XV6z4mDfaevFHnSvDJzrhZUXo/vy5L4/jRlPAEmCJHqnDDAo4ygz5wtLqFA9NHFoiYBzhK5Wlqfh9pp8XWuWYaPM0ol2/O+uP0txjpgVxePViCmF2NW2nNRTDQaWyjF9ZCZXNGQyto3oLzYrjkgdtl/St9Zd69bQooUbW+qSQg8h5TfTX+5kAUSKObCpgWgWtmlRmXRlDWNsVYUoBqTzVDTXuMpLLudN9MmQTxfkbzqMh7hOhR0kv7tuL3hxHBv9ZSBs+wZdJlZfcXJULfKICjL8wf2Uyc8oCWZ5eX0JJ3TTADa9hXRVyjjqG7X3cPe2EAIkqthpxfjfw2f8OEn944HWeFCSIz8CvGRZ8pE1IIDltXZlNE3MJVAEusf3uSh1JHI2CKIryl1VggiHj1+gEk8WuZRrEZoJf29KD+rLK6dyBdik68ibLf5hJ2F/lWnn497m54x/2bQd3/DfQR/MCjPkFgv6eO857894dL+WRpMpVXULSZoDLmiwFilXY0ZiaMGM67sLe4Byp3irto8199kvmHCESPnR0Lm3/atJCk2nMm8/QOUQ0yfo7gukcL5mdh4Tf0v+Q2OxS5yk9n/csQgI9S2bsVM3gPHurErguWG7QBfAp4Guxn0ASKsU7k0m78RwcYFsdqFf+YANnFOHW1q3/5AwkOqM09HnRFp8WXm2UmTVy/2wlsWIWQSHbhTpgXtvxvtVEsIBnrIwT4Nf9sJFzyHAaIxRjb8jqQS0y7z57ZkYvAq/gaYuNFF9+0M1yKTMw+St+ajLHgJ6Q259tOzg03sRaFOu/iGGoBqYdQRqpBbU5RYiIWtylIFXjvRRDcMUJaQBdO6QFxKKv3p/jaJ5C8DuwtRQhRmvZLHUMAapxg1kmyKcd5+UdLGdEfpAYG0Z8N6ytCLNZMkTlaerCg8npCsLYqQ2hTFKZmHS6P4Fr3/LNrzgW/JNCpa0Nj1l92iQDWZh3pzzmM+uWCQhr6Rjx+nxTVQbc74ZZ8NqVE5Ax7405tpgewT13b/T1RZebWIM9Gl5BHVJy+2fu29OlosEIX5P0PpP5ofD3phLrjrVYUcaQaXe23W72QeiH25E6XWdO4KrHdqB5nsLxP5fWlI35UZzeKnwscWPNDWEjdca3cLUT/lMivnyG/yWwwgsPpqcmpidMYPJUrOf35boqQrCxLEz/z+CGYwwtYej5agGBIIRxjU12eIFg3WLykbMmntqBLfJ2f5suo+u2NAAidbhkZvpM44NBC5SWwJucKBuvXjCWJVmQZ8S1k8Vlcq5gRN1w==&u=U2FsdGVkX18TKfO5T+N4uruIBTc0LMMbGtDiuXiOXhk=&y=U2FsdGVkX1+NMKlK1xyk5gRNztPNmv1gyWAhtwD8ek0= HTTP/1.1" 200 26
186.102.2.224 - - [06/Feb/2023:08:41:29 -0500] "GET /kwssiamovil/sm/acme/a?s=U2FsdGVkX18/rdPDkNnEDvOJ1TOEwJkQ+uXzLgaMAAssxd5hwnSro+roDFHKWDMYqQfW0SWleaJ+bFlAGw5JfhdG1GHINevKQtprI4Nw72DOnfikcKRazhw4biIpt9wAvGLFXCN3JBm7r7P0QMB02btbCdJ9X48GjMiVkR0ndmo=&u=U2FsdGVkX18TKfO5T+N4uruIBTc0LMMbGtDiuXiOXhk=&y=U2FsdGVkX1+NMKlK1xyk5gRNztPNmv1gyWAhtwD8ek0= HTTP/1.1" 200 26
186.102.2.224 - - [06/Feb/2023:08:41:30 -0500] "GET /kwssiamovil/sm/acme/a?s=U2FsdGVkX191HOFNaRmLVHymHO5M+BX0aA0enNhhvfmTdnIZ/rMVz1RAFW0KRFwErJfZQuF0KLbjy4XIHiNNWgA/UXelei89Hf6slVOrPUxe4QPngmkQIGjab5LbnsJ1OYRJoOwtZsLdcHRWj08EHKwTdTRp0yTfKNZfh3KwVh8=&u=U2FsdGVkX18TKfO5T+N4uruIBTc0LMMbGtDiuXiOXhk=&y=U2FsdGVkX1+NMKlK1xyk5gRNztPNmv1gyWAhtwD8ek0= HTTP/1.1" 200 26
186.102.2.224 - - [06/Feb/2023:08:41:30 -0500] "GET /kwssiamovil/sm/acme/a?s=U2FsdGVkX19RrYAh+BBL2yI59mTWzXQCI7I/pYb6KoN3UZHlxsDCkphW07SlP/6btcFq2R1/HaL4K/tXDU1JsZWW1Sz2SQdviXsqL2Glgt3cmVm+7jEC/Ptp2ZvvN2NIksE5FLv9Ewfli8L5T/ERQkwSMPT2HTKUqUIviaJpigQ=&u=U2FsdGVkX18TKfO5T+N4uruIBTc0LMMbGtDiuXiOXhk=&y=U2FsdGVkX1+NMKlK1xyk5gRNztPNmv1gyWAhtwD8ek0= HTTP/1.1" 200 26
186.102.2.224 - - [06/Feb/2023:08:41:30 -0500] "GET /kwssiamovil/sm/acme/a?s=U2FsdGVkX1+94SfxMBgPjka3pi3rJfyS1ozVpgcqQKyZibth0Ve2HHssM5ZOkVsfNtq9tosHYU+JEWAYVhbRFQVOkslj4KFtaxQtaFtfcq01tZhlh3Wt/TqEBYI8H7Wu283R1XauvM95joQmWQutaun6pBy1yEn060XkOwVvbIJm8INwb1bjgg7BO0iLgzbJ&u=U2FsdGVkX18TKfO5T+N4uruIBTc0LMMbGtDiuXiOXhk=&y=U2FsdGVkX1+NMKlK1xyk5gRNztPNmv1gyWAhtwD8ek0= HTTP/1.1" 200 26
186.102.2.224 - - [06/Feb/2023:08:41:30 -0500] "GET /kwssiamovil/sm/acme/a?s=U2FsdGVkX18Zv/O3g/z+WVq/dKHu9MRnxW4A0o4NdiccXyV8oFiwSJ3cwTDery5zlTEd48wf2Jah4rxuJmq6BkiibiGxwKZpg2vwGRUX+JLTY4be+38uM5YZgbg2XT2oXcSvC3c7QGE0v0BrQxX2csty81y6X4hYKRi26mfF8ZDwzZ6vLBxrQ8FfF2T1H0ascK2A09wRHLtVmQTrBCStVw==&u=U2FsdGVkX18TKfO5T+N4uruIBTc0LMMbGtDiuXiOXhk=&y=U2FsdGVkX1+NMKlK1xyk5gRNztPNmv1gyWAhtwD8ek0= HTTP/1.1" 200 26
186.102.2.224 - - [06/Feb/2023:08:41:31 -0500] "GET /kwssiamovil/sm/acme/a?s=U2FsdGVkX192+W28hRoMf5nAZve1JDZQxg3rT7QjhsxLITLjLPlU47e/obiXnt2hSg57mi91ZX/ffo8jJpdJDbRAFJNAwThzb1hT61DmBrz7/jT0QH+tGJWw49JNxkHRgn8dDZKyc8RJ9/KpfoySvIc5zvvTjHxZf/vSlDiQlk82OHyzKNO72r9YhMjljWub&u=U2FsdGVkX18TKfO5T+N4uruIBTc0LMMbGtDiuXiOXhk=&y=U2FsdGVkX1+NMKlK1xyk5gRNztPNmv1gyWAhtwD8ek0= HTTP/1.1" 200 26
190.109.20.168 - - [06/Feb/2023:08:41:33 -0500] "POST /sipse/faces/presentacion/workflow/reasignarReenrutar.xhtml HTTP/1.1" 200 152212
179.51.119.61 - - [06/Feb/2023:08:41:36 -0500] "GET /sipse/faces/javax.faces.resource/theme.css?ln=primefaces-sipse HTTP/1.1" 304 -
179.51.119.61 - - [06/Feb/2023:08:41:37 -0500] "GET /sipse/faces/javax.faces.resource/primefaces.css?ln=primefaces&v=4.0 HTTP/1.1" 304 -
179.51.119.61 - - [06/Feb/2023:08:41:37 -0500] "GET /sipse/faces/javax.faces.resource/layout/layout.css?ln=primefaces&v=4.0 HTTP/1.1" 304 -
179.51.119.61 - - [06/Feb/2023:08:41:37 -0500] "GET /sipse/faces/javax.faces.resource/jquery/jquery.js?ln=primefaces&v=4.0 HTTP/1.1" 304 -
179.51.119.61 - - [06/Feb/2023:08:41:37 -0500] "GET /sipse/faces/javax.faces.resource/jquery/jquery-plugins.js?ln=primefaces&v=4.0 HTTP/1.1" 304 -
179.51.119.61 - - [06/Feb/2023:08:41:37 -0500] "GET /sipse/faces/javax.faces.resource/primefaces.js?ln=primefaces&v=4.0 HTTP/1.1" 304 -
190.109.20.168 - - [06/Feb/2023:08:41:37 -0500] "POST /sipse/faces/presentacion/workflow/reasignarReenrutar.xhtml HTTP/1.1" 200 5281
179.51.119.61 - - [06/Feb/2023:08:41:37 -0500] "GET /sipse/faces/javax.faces.resource/layout/layout.js?ln=primefaces&v=4.0 HTTP/1.1" 304 -
179.51.119.61 - - [06/Feb/2023:08:41:37 -0500] "GET /sipse/css/imagen/contrasena.png HTTP/1.1" 404 383
179.51.119.61 - - [06/Feb/2023:08:41:37 -0500] "GET /sipse/faces/javax.faces.resource/images/ui-icons_898989_256x240.png?ln=primefaces-aristo HTTP/1.1" 304 -
179.51.119.61 - - [06/Feb/2023:08:41:36 -0500] "POST /sipse/faces/presentacion/financiero/solicitudProceso/consultarHistorialSolProceso.xhtml HTTP/1.1" 200 185045
201.245.192.253 - - [06/Feb/2023:08:41:35 -0500] "POST /sipse/faces/presentacion/financiero/solicitudProceso/consultarSolicitudProceso.xhtml HTTP/1.1" 200 40812
201.245.192.253 - - [06/Feb/2023:08:41:37 -0500] "GET /sipse/faces/javax.faces.resource/layout/layout.css?ln=primefaces&v=4.0 HTTP/1.1" 304 -
201.245.192.253 - - [06/Feb/2023:08:41:37 -0500] "GET /sipse/faces/javax.faces.resource/theme.css?ln=primefaces-sipse HTTP/1.1" 304 -
201.245.192.253 - - [06/Feb/2023:08:41:37 -0500] "GET /sipse/faces/javax.faces.resource/primefaces.css?ln=primefaces&v=4.0 HTTP/1.1" 304 -
201.245.192.253 - - [06/Feb/2023:08:41:37 -0500] "GET /sipse/faces/javax.faces.resource/jquery/jquery.js?ln=primefaces&v=4.0 HTTP/1.1" 304 -
201.245.192.253 - - [06/Feb/2023:08:41:37 -0500] "GET /sipse/faces/javax.faces.resource/jquery/jquery-plugins.js?ln=primefaces&v=4.0 HTTP/1.1" 304 -
201.245.192.253 - - [06/Feb/2023:08:41:37 -0500] "GET /sipse/faces/javax.faces.resource/primefaces.js?ln=primefaces&v=4.0 HTTP/1.1" 304 -
201.245.192.253 - - [06/Feb/2023:08:41:37 -0500] "GET /sipse/faces/javax.faces.resource/layout/layout.js?ln=primefaces&v=4.0 HTTP/1.1" 304 -
201.245.192.253 - - [06/Feb/2023:08:41:38 -0500] "GET /sipse/faces/javax.faces.resource/messages/messages.png?ln=primefaces&v=4.0 HTTP/1.1" 304 -
201.245.192.253 - - [06/Feb/2023:08:41:37 -0500] "POST /sipse/faces/presentacion/financiero/solicitudProceso/listarSolicitudProceso.xhtml HTTP/1.1" 200 1436
157.55.39.142 - - [06/Feb/2023:08:41:38 -0500] "GET /bla/resoluciones/autos%202021/5851.pdf HTTP/1.1" 200 344049
201.245.192.253 - - [06/Feb/2023:08:41:40 -0500] "POST /sipse/faces/presentacion/financiero/solicitudProceso/listarSolicitudProceso.xhtml HTTP/1.1" 200 142580
201.245.192.253 - - [06/Feb/2023:08:41:41 -0500] "GET /sipse/faces/javax.faces.resource/layout/layout.css?ln=primefaces&v=4.0 HTTP/1.1" 304 -
201.245.192.253 - - [06/Feb/2023:08:41:41 -0500] "GET /sipse/faces/javax.faces.resource/theme.css?ln=primefaces-sipse HTTP/1.1" 304 -
201.245.192.253 - - [06/Feb/2023:08:41:41 -0500] "GET /sipse/faces/javax.faces.resource/primefaces.css?ln=primefaces&v=4.0 HTTP/1.1" 304 -
201.245.192.253 - - [06/Feb/2023:08:41:41 -0500] "GET /sipse/faces/javax.faces.resource/jquery/jquery.js?ln=primefaces&v=4.0 HTTP/1.1" 304 -
201.245.192.253 - - [06/Feb/2023:08:41:41 -0500] "GET /sipse/faces/javax.faces.resource/jquery/jquery-plugins.js?ln=primefaces&v=4.0 HTTP/1.1" 304 -
201.245.192.253 - - [06/Feb/2023:08:41:41 -0500] "GET /sipse/faces/javax.faces.resource/primefaces.js?ln=primefaces&v=4.0 HTTP/1.1" 304 -
201.245.192.253 - - [06/Feb/2023:08:41:41 -0500] "GET /sipse/faces/javax.faces.resource/layout/layout.js?ln=primefaces&v=4.0 HTTP/1.1" 304 -
190.109.20.168 - - [06/Feb/2023:08:41:47 -0500] "POST /sipse/faces/presentacion/workflow/reasignarReenrutar.xhtml HTTP/1.1" 200 15884
201.245.192.253 - - [06/Feb/2023:08:41:46 -0500] "POST /kwsrmcab/Wsrmcab  HTTP/1.1" 200 213
190.109.20.168 - - [06/Feb/2023:08:41:49 -0500] "POST /sipse/faces/presentacion/workflow/reasignarReenrutar.xhtml HTTP/1.1" 200 15957
201.245.192.253 - - [06/Feb/2023:08:41:54 -0500] "POST /sipse/faces/presentacion/financiero/solicitudProceso/consultarSolicitudProceso.xhtml HTTP/1.1" 200 104119
190.109.20.168 - - [06/Feb/2023:08:41:52 -0500] "POST /sipse/faces/presentacion/workflow/reasignarReenrutar.xhtml HTTP/1.1" 200 151886
190.109.20.168 - - [06/Feb/2023:08:42:01 -0500] "POST /sipse/faces/presentacion/workflow/reasignarReenrutar.xhtml HTTP/1.1" 200 151910
190.109.20.168 - - [06/Feb/2023:08:42:06 -0500] "POST /sipse/faces/presentacion/workflow/reasignarReenrutar.xhtml HTTP/1.1" 200 152428
190.109.20.168 - - [06/Feb/2023:08:42:09 -0500] "POST /sipse/faces/presentacion/workflow/reasignarReenrutar.xhtml HTTP/1.1" 200 5281
201.245.192.253 - - [06/Feb/2023:08:42:07 -0500] "POST /sipse/faces/presentacion/financiero/solicitudProceso/consultarSolicitudProceso.xhtml HTTP/1.1" 200 8890519
201.245.192.253 - - [06/Feb/2023:08:42:11 -0500] "POST /sipse/faces/presentacion/financiero/solicitudProceso/consultarSolicitudProceso.xhtml HTTP/1.1" 200 5526
179.51.119.61 - - [06/Feb/2023:08:42:30 -0500] "GET /sipse/faces/javax.faces.resource/theme.css?ln=primefaces-sipse HTTP/1.1" 304 -
179.51.119.61 - - [06/Feb/2023:08:42:18 -0500] "POST /sipse/faces/presentacion/financiero/solicitudProceso/consultarSolicitudProceso.xhtml HTTP/1.1" 200 23637
179.51.119.61 - - [06/Feb/2023:08:42:30 -0500] "GET /sipse/faces/javax.faces.resource/layout/layout.css?ln=primefaces&v=4.0 HTTP/1.1" 304 -
179.51.119.61 - - [06/Feb/2023:08:42:30 -0500] "GET /sipse/faces/javax.faces.resource/primefaces.css?ln=primefaces&v=4.0 HTTP/1.1" 304 -
179.51.119.61 - - [06/Feb/2023:08:42:30 -0500] "GET /sipse/faces/javax.faces.resource/jquery/jquery.js?ln=primefaces&v=4.0 HTTP/1.1" 304 -
179.51.119.61 - - [06/Feb/2023:08:42:30 -0500] "GET /sipse/faces/javax.faces.resource/primefaces.js?ln=primefaces&v=4.0 HTTP/1.1" 304 -
179.51.119.61 - - [06/Feb/2023:08:42:30 -0500] "GET /sipse/faces/javax.faces.resource/jquery/jquery-plugins.js?ln=primefaces&v=4.0 HTTP/1.1" 304 -
179.51.119.61 - - [06/Feb/2023:08:42:30 -0500] "GET /sipse/faces/javax.faces.resource/spacer/dot_clear.gif?ln=primefaces&v=4.0 HTTP/1.1" 200 42
179.51.119.61 - - [06/Feb/2023:08:42:30 -0500] "GET /sipse/faces/javax.faces.resource/layout/layout.js?ln=primefaces&v=4.0 HTTP/1.1" 304 -
179.51.119.61 - - [06/Feb/2023:08:42:30 -0500] "GET /sipse/faces/javax.faces.resource/images/ui-icons_898989_256x240.png?ln=primefaces-aristo HTTP/1.1" 304 -
190.109.20.168 - - [06/Feb/2023:08:42:32 -0500] "POST /sipse/faces/presentacion/workflow/reasignarReenrutar.xhtml HTTP/1.1" 200 15884
190.109.20.168 - - [06/Feb/2023:08:42:34 -0500] "POST /sipse/faces/presentacion/workflow/reasignarReenrutar.xhtml HTTP/1.1" 200 15957
186.84.21.124 - - [06/Feb/2023:08:42:34 -0500] "POST /sipse/faces/autenticacion.xhtml HTTP/1.1" 200 2217
186.84.21.124 - - [06/Feb/2023:08:42:35 -0500] "GET /sipse/faces/javax.faces.resource/messages/messages.png?ln=primefaces&v=4.0 HTTP/1.1" 304 -
190.109.20.168 - - [06/Feb/2023:08:42:35 -0500] "POST /sipse/faces/presentacion/workflow/reasignarReenrutar.xhtml HTTP/1.1" 200 151611
190.109.20.168 - - [06/Feb/2023:08:42:43 -0500] "POST /sipse/faces/presentacion/workflow/reasignarReenrutar.xhtml HTTP/1.1" 200 151627
179.51.119.61 - - [06/Feb/2023:08:42:45 -0500] "GET /sipse/faces/index.xhtml HTTP/1.1" 200 677
179.51.119.61 - - [06/Feb/2023:08:42:45 -0500] "GET /sipse/faces/javax.faces.resource/theme.css?ln=primefaces-sipse HTTP/1.1" 304 -
179.51.119.61 - - [06/Feb/2023:08:42:45 -0500] "GET /sipse/faces/faces/autenticacion.xhtml HTTP/1.1" 200 12176
179.51.119.61 - - [06/Feb/2023:08:42:46 -0500] "GET /sipse/faces/javax.faces.resource/theme.css?ln=primefaces-sipse HTTP/1.1" 304 -
179.51.119.61 - - [06/Feb/2023:08:42:46 -0500] "GET /sipse/faces/javax.faces.resource/primefaces.css?ln=primefaces&v=4.0 HTTP/1.1" 304 -
179.51.119.61 - - [06/Feb/2023:08:42:46 -0500] "GET /sipse/faces/javax.faces.resource/layout/layout.css?ln=primefaces&v=4.0 HTTP/1.1" 304 -
179.51.119.61 - - [06/Feb/2023:08:42:46 -0500] "GET /sipse/faces/javax.faces.resource/layout/layout.js?ln=primefaces&v=4.0 HTTP/1.1" 304 -
179.51.119.61 - - [06/Feb/2023:08:42:46 -0500] "GET /sipse/faces/javax.faces.resource/jquery/jquery-plugins.js?ln=primefaces&v=4.0 HTTP/1.1" 304 -
179.51.119.61 - - [06/Feb/2023:08:42:46 -0500] "GET /sipse/faces/javax.faces.resource/jquery/jquery.js?ln=primefaces&v=4.0 HTTP/1.1" 304 -
179.51.119.61 - - [06/Feb/2023:08:42:46 -0500] "GET /sipse/faces/javax.faces.resource/primefaces.js?ln=primefaces&v=4.0 HTTP/1.1" 304 -
179.51.119.61 - - [06/Feb/2023:08:42:46 -0500] "GET /sipse/faces/javax.faces.resource/images/ui-icons_898989_256x240.png?ln=primefaces-aristo HTTP/1.1" 304 -
190.109.20.168 - - [06/Feb/2023:08:42:46 -0500] "POST /sipse/faces/presentacion/workflow/reasignarReenrutar.xhtml HTTP/1.1" 200 152153
190.109.20.168 - - [06/Feb/2023:08:42:48 -0500] "POST /sipse/faces/presentacion/workflow/reasignarReenrutar.xhtml HTTP/1.1" 200 5281
186.84.21.124 - - [06/Feb/2023:08:42:50 -0500] "GET /sipse/faces/javax.faces.resource/images/ui-icons_898989_256x240.png?ln=primefaces-aristo HTTP/1.1" 304 -
186.84.21.124 - - [06/Feb/2023:08:42:50 -0500] "POST /sipse/faces/autenticacion.xhtml HTTP/1.1" 200 16236
186.84.21.124 - - [06/Feb/2023:08:42:51 -0500] "GET /sipse/css/custom_css_sg_prime.css HTTP/1.1" 304 -
186.84.21.124 - - [06/Feb/2023:08:42:51 -0500] "GET /sipse/faces/javax.faces.resource/theme.css?ln=primefaces-sipse HTTP/1.1" 304 -
186.84.21.124 - - [06/Feb/2023:08:42:51 -0500] "GET /sipse/faces/javax.faces.resource/layout/layout.css?ln=primefaces&v=4.0 HTTP/1.1" 304 -
186.84.21.124 - - [06/Feb/2023:08:42:51 -0500] "GET /sipse/faces/javax.faces.resource/primefaces.css?ln=primefaces&v=4.0 HTTP/1.1" 304 -
186.84.21.124 - - [06/Feb/2023:08:42:51 -0500] "GET /sipse/js/jquery.min.js HTTP/1.1" 304 -
186.84.21.124 - - [06/Feb/2023:08:42:51 -0500] "GET /sipse/faces/javax.faces.resource/jquery/jquery.js?ln=primefaces&v=4.0 HTTP/1.1" 304 -
186.84.21.124 - - [06/Feb/2023:08:42:51 -0500] "GET /sipse/faces/javax.faces.resource/jquery/jquery-plugins.js?ln=primefaces&v=4.0 HTTP/1.1" 304 -
186.84.21.124 - - [06/Feb/2023:08:42:52 -0500] "GET /sipse/faces/javax.faces.resource/primefaces.js?ln=primefaces&v=4.0 HTTP/1.1" 304 -
186.84.21.124 - - [06/Feb/2023:08:42:52 -0500] "GET /sipse/faces/javax.faces.resource/layout/layout.js?ln=primefaces&v=4.0 HTTP/1.1" 304 -
186.84.21.124 - - [06/Feb/2023:08:42:52 -0500] "GET /sipse/imagenes/cargando.gif HTTP/1.1" 304 -
186.84.21.124 - - [06/Feb/2023:08:42:53 -0500] "GET /sipse/imagenes/logoAplicacion.jpg HTTP/1.1" 304 -
186.84.21.124 - - [06/Feb/2023:08:42:53 -0500] "GET /sipse/css/imagen/contrasena.png HTTP/1.1" 404 383
190.109.20.168 - - [06/Feb/2023:08:42:53 -0500] "POST /sipse/faces/presentacion/workflow/reasignarReenrutar.xhtml HTTP/1.1" 200 15888
186.84.21.124 - - [06/Feb/2023:08:42:55 -0500] "POST /sipse/faces/bienvenido.xhtml HTTP/1.1" 200 2658
190.109.20.168 - - [06/Feb/2023:08:42:55 -0500] "POST /sipse/faces/presentacion/workflow/reasignarReenrutar.xhtml HTTP/1.1" 200 15957
186.84.21.124 - - [06/Feb/2023:08:42:55 -0500] "GET /sipse/faces/javax.faces.resource/images/ui-bg_flat_0_2d5972_40x100.png?ln=primefaces-aristo HTTP/1.1" 304 -
186.155.120.72 - - [06/Feb/2023:08:42:55 -0500] "GET /sipse/faces/index.xhtml HTTP/1.1" 200 677
186.155.120.72 - - [06/Feb/2023:08:42:55 -0500] "GET /sipse/faces/javax.faces.resource/theme.css?ln=primefaces-sipse HTTP/1.1" 200 50058
186.155.120.72 - - [06/Feb/2023:08:42:55 -0500] "GET /sipse/faces/faces/autenticacion.xhtml HTTP/1.1" 200 12170
186.155.120.72 - - [06/Feb/2023:08:42:56 -0500] "GET /sipse/js/disable_browser_buttons.js HTTP/1.1" 200 3230
186.155.120.72 - - [06/Feb/2023:08:42:56 -0500] "GET /sipse/css/custom_css_sg.css HTTP/1.1" 200 9694
186.155.120.72 - - [06/Feb/2023:08:42:56 -0500] "GET /sipse/css/custom_css_sg_prime_login.css HTTP/1.1" 200 443
186.155.120.72 - - [06/Feb/2023:08:42:56 -0500] "GET /sipse/faces/javax.faces.resource/layout/layout.css?ln=primefaces&v=4.0 HTTP/1.1" 200 542
186.155.120.72 - - [06/Feb/2023:08:42:56 -0500] "GET /sipse/js/funciones.js HTTP/1.1" 200 12592
186.155.120.72 - - [06/Feb/2023:08:42:56 -0500] "GET /sipse/faces/javax.faces.resource/theme.css?ln=primefaces-sipse HTTP/1.1" 304 -
186.155.120.72 - - [06/Feb/2023:08:42:56 -0500] "GET /sipse/faces/javax.faces.resource/primefaces.css?ln=primefaces&v=4.0 HTTP/1.1" 200 53295
186.155.120.72 - - [06/Feb/2023:08:42:56 -0500] "GET /sipse/faces/javax.faces.resource/layout/layout.js?ln=primefaces&v=4.0 HTTP/1.1" 200 87560
186.155.120.72 - - [06/Feb/2023:08:42:56 -0500] "GET /sipse/faces/javax.faces.resource/jquery/jquery.js?ln=primefaces&v=4.0 HTTP/1.1" 200 105384
186.155.120.72 - - [06/Feb/2023:08:42:56 -0500] "GET /sipse/faces/javax.faces.resource/jquery/jquery-plugins.js?ln=primefaces&v=4.0 HTTP/1.1" 200 220526
186.155.120.72 - - [06/Feb/2023:08:42:56 -0500] "GET /sipse/faces/javax.faces.resource/primefaces.js?ln=primefaces&v=4.0 HTTP/1.1" 200 276924
186.155.120.72 - - [06/Feb/2023:08:42:56 -0500] "GET /sipse/css/imagen/logoSDG.png HTTP/1.1" 200 53064
186.155.120.72 - - [06/Feb/2023:08:42:56 -0500] "GET /sipse/css/imagen/loginimg.png HTTP/1.1" 200 71635
186.155.120.72 - - [06/Feb/2023:08:42:57 -0500] "GET /sipse/faces/javax.faces.resource/images/ui-icons_898989_256x240.png?ln=primefaces-aristo HTTP/1.1" 200 5355
190.109.20.168 - - [06/Feb/2023:08:42:56 -0500] "POST /sipse/faces/presentacion/workflow/reasignarReenrutar.xhtml HTTP/1.1" 200 151627
186.155.120.72 - - [06/Feb/2023:08:42:59 -0500] "POST /sipse/faces/autenticacion.xhtml HTTP/1.1" 200 16666
186.155.120.72 - - [06/Feb/2023:08:43:00 -0500] "GET /sipse/css/custom_css_sg_prime.css HTTP/1.1" 200 5201
186.155.120.72 - - [06/Feb/2023:08:43:00 -0500] "GET /sipse/faces/javax.faces.resource/theme.css?ln=primefaces-sipse HTTP/1.1" 304 -
186.155.120.72 - - [06/Feb/2023:08:43:00 -0500] "GET /sipse/faces/javax.faces.resource/primefaces.css?ln=primefaces&v=4.0 HTTP/1.1" 304 -
186.155.120.72 - - [06/Feb/2023:08:43:00 -0500] "GET /sipse/faces/javax.faces.resource/layout/layout.css?ln=primefaces&v=4.0 HTTP/1.1" 304 -
186.155.120.72 - - [06/Feb/2023:08:43:00 -0500] "GET /sipse/js/jquery.min.js HTTP/1.1" 200 85582
186.155.120.72 - - [06/Feb/2023:08:43:00 -0500] "GET /sipse/faces/javax.faces.resource/jquery/jquery.js?ln=primefaces&v=4.0 HTTP/1.1" 304 -
186.155.120.72 - - [06/Feb/2023:08:43:00 -0500] "GET /sipse/faces/javax.faces.resource/jquery/jquery-plugins.js?ln=primefaces&v=4.0 HTTP/1.1" 304 -
186.155.120.72 - - [06/Feb/2023:08:43:00 -0500] "GET /sipse/faces/javax.faces.resource/primefaces.js?ln=primefaces&v=4.0 HTTP/1.1" 304 -
186.155.120.72 - - [06/Feb/2023:08:43:00 -0500] "GET /sipse/faces/javax.faces.resource/layout/layout.js?ln=primefaces&v=4.0 HTTP/1.1" 304 -
186.155.120.72 - - [06/Feb/2023:08:43:00 -0500] "GET /sipse/css/imagen/contrasena.png HTTP/1.1" 404 383
186.155.120.72 - - [06/Feb/2023:08:43:00 -0500] "GET /sipse/imagenes/cargando.gif HTTP/1.1" 200 36959
186.155.120.72 - - [06/Feb/2023:08:43:00 -0500] "GET /sipse/faces/javax.faces.resource/messages/messages.png?ln=primefaces&v=4.0 HTTP/1.1" 200 27209
186.155.120.72 - - [06/Feb/2023:08:43:00 -0500] "GET /sipse/imagenes/logoAplicacion.jpg HTTP/1.1" 200 155084
186.155.120.72 - - [06/Feb/2023:08:43:02 -0500] "GET /sipse/faces/javax.faces.resource/images/ui-bg_flat_0_2d5972_40x100.png?ln=primefaces-aristo HTTP/1.1" 200 183
186.155.120.72 - - [06/Feb/2023:08:43:02 -0500] "POST /sipse/faces/bienvenido.xhtml HTTP/1.1" 200 3255
186.155.120.72 - - [06/Feb/2023:08:43:03 -0500] "POST /sipse/faces/bienvenido.xhtml HTTP/1.1" 200 33616
186.155.120.72 - - [06/Feb/2023:08:43:04 -0500] "GET /sipse/faces/javax.faces.resource/theme.css?ln=primefaces-sipse HTTP/1.1" 304 -
186.155.120.72 - - [06/Feb/2023:08:43:04 -0500] "GET /sipse/faces/javax.faces.resource/primefaces.css?ln=primefaces&v=4.0 HTTP/1.1" 304 -
186.155.120.72 - - [06/Feb/2023:08:43:04 -0500] "GET /sipse/faces/javax.faces.resource/layout/layout.css?ln=primefaces&v=4.0 HTTP/1.1" 304 -
179.51.119.61 - - [06/Feb/2023:08:43:04 -0500] "POST /sipse/faces/autenticacion.xhtml HTTP/1.1" 200 2217
186.155.120.72 - - [06/Feb/2023:08:43:04 -0500] "GET /sipse/faces/javax.faces.resource/jquery/jquery.js?ln=primefaces&v=4.0 HTTP/1.1" 304 -
190.109.20.168 - - [06/Feb/2023:08:43:03 -0500] "POST /sipse/faces/presentacion/workflow/reasignarReenrutar.xhtml HTTP/1.1" 200 151647
186.155.120.72 - - [06/Feb/2023:08:43:04 -0500] "GET /sipse/faces/javax.faces.resource/jquery/jquery-plugins.js?ln=primefaces&v=4.0 HTTP/1.1" 304 -
186.155.120.72 - - [06/Feb/2023:08:43:04 -0500] "GET /sipse/faces/javax.faces.resource/primefaces.js?ln=primefaces&v=4.0 HTTP/1.1" 304 -
179.51.119.61 - - [06/Feb/2023:08:43:04 -0500] "GET /sipse/faces/javax.faces.resource/messages/messages.png?ln=primefaces&v=4.0 HTTP/1.1" 304 -
186.155.120.72 - - [06/Feb/2023:08:43:04 -0500] "GET /sipse/faces/javax.faces.resource/layout/layout.js?ln=primefaces&v=4.0 HTTP/1.1" 304 -
186.155.120.72 - - [06/Feb/2023:08:43:04 -0500] "POST /sipse/faces/presentacion/financiero/solicitudProceso/listarSolicitudProceso.xhtml HTTP/1.1" 200 1376
179.51.119.61 - - [06/Feb/2023:08:43:06 -0500] "POST /sipse/faces/autenticacion.xhtml HTTP/1.1" 200 16270
179.51.119.61 - - [06/Feb/2023:08:43:06 -0500] "GET /sipse/faces/javax.faces.resource/theme.css?ln=primefaces-sipse HTTP/1.1" 304 -
179.51.119.61 - - [06/Feb/2023:08:43:06 -0500] "GET /sipse/faces/javax.faces.resource/primefaces.css?ln=primefaces&v=4.0 HTTP/1.1" 304 -
179.51.119.61 - - [06/Feb/2023:08:43:06 -0500] "GET /sipse/faces/javax.faces.resource/layout/layout.css?ln=primefaces&v=4.0 HTTP/1.1" 304 -
179.51.119.61 - - [06/Feb/2023:08:43:06 -0500] "GET /sipse/faces/javax.faces.resource/jquery/jquery.js?ln=primefaces&v=4.0 HTTP/1.1" 304 -
179.51.119.61 - - [06/Feb/2023:08:43:06 -0500] "GET /sipse/faces/javax.faces.resource/jquery/jquery-plugins.js?ln=primefaces&v=4.0 HTTP/1.1" 304 -
179.51.119.61 - - [06/Feb/2023:08:43:06 -0500] "GET /sipse/faces/javax.faces.resource/primefaces.js?ln=primefaces&v=4.0 HTTP/1.1" 304 -
179.51.119.61 - - [06/Feb/2023:08:43:06 -0500] "GET /sipse/faces/javax.faces.resource/layout/layout.js?ln=primefaces&v=4.0 HTTP/1.1" 304 -
179.51.119.61 - - [06/Feb/2023:08:43:06 -0500] "GET /sipse/css/imagen/contrasena.png HTTP/1.1" 404 383
190.109.20.168 - - [06/Feb/2023:08:43:07 -0500] "POST /sipse/faces/presentacion/workflow/reasignarReenrutar.xhtml HTTP/1.1" 200 152169
190.109.20.168 - - [06/Feb/2023:08:43:08 -0500] "POST /sipse/faces/presentacion/workflow/reasignarReenrutar.xhtml HTTP/1.1" 200 5281
179.51.119.61 - - [06/Feb/2023:08:43:13 -0500] "GET /sipse/faces/javax.faces.resource/images/ui-bg_flat_0_2d5972_40x100.png?ln=primefaces-aristo HTTP/1.1" 304 -
179.51.119.61 - - [06/Feb/2023:08:43:13 -0500] "POST /sipse/faces/bienvenido.xhtml HTTP/1.1" 200 2048
186.86.32.196 - - [06/Feb/2023:08:43:13 -0500] "POST /sipse/faces/presentacion/financiero/solicitudProceso/consultar.xhtml HTTP/1.1" 200 12988
179.51.119.61 - - [06/Feb/2023:08:43:17 -0500] "POST /sipse/faces/bienvenido.xhtml HTTP/1.1" 200 26406
179.51.119.61 - - [06/Feb/2023:08:43:17 -0500] "GET /sipse/faces/javax.faces.resource/theme.css?ln=primefaces-sipse HTTP/1.1" 304 -
179.51.119.61 - - [06/Feb/2023:08:43:17 -0500] "GET /sipse/faces/javax.faces.resource/primefaces.css?ln=primefaces&v=4.0 HTTP/1.1" 304 -
179.51.119.61 - - [06/Feb/2023:08:43:17 -0500] "GET /sipse/faces/javax.faces.resource/layout/layout.css?ln=primefaces&v=4.0 HTTP/1.1" 304 -
179.51.119.61 - - [06/Feb/2023:08:43:17 -0500] "GET /sipse/faces/javax.faces.resource/jquery/jquery.js?ln=primefaces&v=4.0 HTTP/1.1" 304 -
179.51.119.61 - - [06/Feb/2023:08:43:17 -0500] "GET /sipse/faces/javax.faces.resource/jquery/jquery-plugins.js?ln=primefaces&v=4.0 HTTP/1.1" 304 -
179.51.119.61 - - [06/Feb/2023:08:43:17 -0500] "GET /sipse/faces/javax.faces.resource/primefaces.js?ln=primefaces&v=4.0 HTTP/1.1" 304 -
179.51.119.61 - - [06/Feb/2023:08:43:18 -0500] "GET /sipse/faces/javax.faces.resource/layout/layout.js?ln=primefaces&v=4.0 HTTP/1.1" 304 -
186.84.21.6 - - [06/Feb/2023:08:43:20 -0500] "GET /mesa/contrasena.pdf HTTP/1.1" 200 443199
179.51.119.61 - - [06/Feb/2023:08:43:21 -0500] "POST /sipse/faces/presentacion/contratacion/contratista/listarContratista.xhtml HTTP/1.1" 200 2777
186.84.21.6 - - [06/Feb/2023:08:43:21 -0500] "GET /mesa/contrasena.pdf HTTP/1.1" 206 1
186.84.21.6 - - [06/Feb/2023:08:43:21 -0500] "GET /mesa/contrasena.pdf HTTP/1.1" 206 1091
179.51.119.61 - - [06/Feb/2023:08:43:23 -0500] "POST /sipse/faces/presentacion/contratacion/contratista/listarContratista.xhtml HTTP/1.1" 200 40109
179.51.119.61 - - [06/Feb/2023:08:43:23 -0500] "GET /sipse/faces/javax.faces.resource/theme.css?ln=primefaces-sipse HTTP/1.1" 304 -
179.51.119.61 - - [06/Feb/2023:08:43:23 -0500] "GET /sipse/faces/javax.faces.resource/primefaces.css?ln=primefaces&v=4.0 HTTP/1.1" 304 -
179.51.119.61 - - [06/Feb/2023:08:43:23 -0500] "GET /sipse/faces/javax.faces.resource/layout/layout.css?ln=primefaces&v=4.0 HTTP/1.1" 304 -
179.51.119.61 - - [06/Feb/2023:08:43:24 -0500] "GET /sipse/faces/javax.faces.resource/jquery/jquery.js?ln=primefaces&v=4.0 HTTP/1.1" 304 -
179.51.119.61 - - [06/Feb/2023:08:43:24 -0500] "GET /sipse/faces/javax.faces.resource/jquery/jquery-plugins.js?ln=primefaces&v=4.0 HTTP/1.1" 304 -
179.51.119.61 - - [06/Feb/2023:08:43:24 -0500] "GET /sipse/faces/javax.faces.resource/primefaces.js?ln=primefaces&v=4.0 HTTP/1.1" 304 -
179.51.119.61 - - [06/Feb/2023:08:43:24 -0500] "GET /sipse/faces/javax.faces.resource/layout/layout.js?ln=primefaces&v=4.0 HTTP/1.1" 304 -
179.51.119.61 - - [06/Feb/2023:08:43:24 -0500] "POST /sipse/faces/presentacion/financiero/solicitudProceso/consultar.xhtml HTTP/1.1" 200 33527
190.109.20.168 - - [06/Feb/2023:08:43:25 -0500] "POST /sipse/faces/presentacion/workflow/reasignarReenrutar.xhtml HTTP/1.1" 200 15884
186.84.21.124 - - [06/Feb/2023:08:43:26 -0500] "POST /sipse/faces/bienvenido.xhtml HTTP/1.1" 200 2073
190.109.20.168 - - [06/Feb/2023:08:43:26 -0500] "POST /sipse/faces/presentacion/workflow/reasignarReenrutar.xhtml HTTP/1.1" 200 15957
190.109.20.168 - - [06/Feb/2023:08:43:28 -0500] "POST /sipse/faces/presentacion/workflow/reasignarReenrutar.xhtml HTTP/1.1" 200 151582
190.109.20.168 - - [06/Feb/2023:08:43:34 -0500] "POST /sipse/faces/presentacion/workflow/reasignarReenrutar.xhtml HTTP/1.1" 200 151598
186.84.88.155 - - [06/Feb/2023:08:43:36 -0500] "POST /sipse/faces/presentacion/financiero/solicitudProceso/consultarSolicitudProceso.xhtml HTTP/1.1" 200 83003
190.109.20.168 - - [06/Feb/2023:08:43:37 -0500] "POST /sipse/faces/presentacion/workflow/reasignarReenrutar.xhtml HTTP/1.1" 200 152120
190.109.20.168 - - [06/Feb/2023:08:43:39 -0500] "POST /sipse/faces/presentacion/workflow/reasignarReenrutar.xhtml HTTP/1.1" 200 152120
190.109.20.168 - - [06/Feb/2023:08:43:40 -0500] "POST /sipse/faces/presentacion/workflow/reasignarReenrutar.xhtml HTTP/1.1" 200 5281
179.51.119.61 - - [06/Feb/2023:08:43:42 -0500] "POST /sipse/faces/presentacion/financiero/solicitudProceso/consultar.xhtml HTTP/1.1" 200 12892
179.51.119.61 - - [06/Feb/2023:08:43:46 -0500] "POST /sipse/faces/presentacion/financiero/solicitudProceso/consultar.xhtml HTTP/1.1" 200 140399
179.51.119.61 - - [06/Feb/2023:08:43:47 -0500] "GET /sipse/faces/javax.faces.resource/theme.css?ln=primefaces-sipse HTTP/1.1" 304 -
179.51.119.61 - - [06/Feb/2023:08:43:47 -0500] "GET /sipse/faces/javax.faces.resource/primefaces.css?ln=primefaces&v=4.0 HTTP/1.1" 304 -
179.51.119.61 - - [06/Feb/2023:08:43:47 -0500] "GET /sipse/faces/javax.faces.resource/layout/layout.css?ln=primefaces&v=4.0 HTTP/1.1" 304 -
190.109.20.168 - - [06/Feb/2023:08:43:47 -0500] "POST /sipse/faces/presentacion/workflow/reasignarReenrutar.xhtml HTTP/1.1" 200 15884
179.51.119.61 - - [06/Feb/2023:08:43:47 -0500] "GET /sipse/faces/javax.faces.resource/jquery/jquery.js?ln=primefaces&v=4.0 HTTP/1.1" 304 -
179.51.119.61 - - [06/Feb/2023:08:43:47 -0500] "GET /sipse/faces/javax.faces.resource/jquery/jquery-plugins.js?ln=primefaces&v=4.0 HTTP/1.1" 304 -
179.51.119.61 - - [06/Feb/2023:08:43:47 -0500] "GET /sipse/faces/javax.faces.resource/primefaces.js?ln=primefaces&v=4.0 HTTP/1.1" 304 -
179.51.119.61 - - [06/Feb/2023:08:43:47 -0500] "GET /sipse/faces/javax.faces.resource/layout/layout.js?ln=primefaces&v=4.0 HTTP/1.1" 304 -
190.109.20.168 - - [06/Feb/2023:08:43:51 -0500] "POST /sipse/faces/presentacion/workflow/reasignarReenrutar.xhtml HTTP/1.1" 200 15957
190.66.252.253 - - [06/Feb/2023:08:43:55 -0500] "GET /sipse/faces/autenticacion.xhtml HTTP/1.1" 200 12492
190.66.252.253 - - [06/Feb/2023:08:43:55 -0500] "GET /sipse/faces/javax.faces.resource/layout/layout.css;jsessionid=q-QSC64teLhZCU-vnGOl9lxp.undefined?ln=primefaces&v=4.0 HTTP/1.1" 200 542
190.66.252.253 - - [06/Feb/2023:08:43:55 -0500] "GET /sipse/faces/javax.faces.resource/primefaces.css;jsessionid=q-QSC64teLhZCU-vnGOl9lxp.undefined?ln=primefaces&v=4.0 HTTP/1.1" 200 53295
190.66.252.253 - - [06/Feb/2023:08:43:55 -0500] "GET /sipse/faces/javax.faces.resource/layout/layout.js;jsessionid=q-QSC64teLhZCU-vnGOl9lxp.undefined?ln=primefaces&v=4.0 HTTP/1.1" 200 87560
190.66.252.253 - - [06/Feb/2023:08:43:55 -0500] "GET /sipse/faces/javax.faces.resource/jquery/jquery-plugins.js;jsessionid=q-QSC64teLhZCU-vnGOl9lxp.undefined?ln=primefaces&v=4.0 HTTP/1.1" 200 220526
190.66.252.253 - - [06/Feb/2023:08:43:55 -0500] "GET /sipse/faces/javax.faces.resource/jquery/jquery.js;jsessionid=q-QSC64teLhZCU-vnGOl9lxp.undefined?ln=primefaces&v=4.0 HTTP/1.1" 200 105384
190.66.252.253 - - [06/Feb/2023:08:43:55 -0500] "GET /sipse/faces/javax.faces.resource/primefaces.js;jsessionid=q-QSC64teLhZCU-vnGOl9lxp.undefined?ln=primefaces&v=4.0 HTTP/1.1" 200 276924
190.66.252.253 - - [06/Feb/2023:08:43:55 -0500] "GET /sipse/css/custom_css_sg.css HTTP/1.1" 200 9694
190.66.252.253 - - [06/Feb/2023:08:43:55 -0500] "GET /sipse/css/custom_css_sg_prime_login.css HTTP/1.1" 200 443
190.66.252.253 - - [06/Feb/2023:08:43:55 -0500] "GET /sipse/faces/javax.faces.resource/theme.css?ln=primefaces-sipse HTTP/1.1" 200 50058
190.109.20.168 - - [06/Feb/2023:08:43:54 -0500] "POST /sipse/faces/presentacion/workflow/reasignarReenrutar.xhtml HTTP/1.1" 200 151722
190.66.252.253 - - [06/Feb/2023:08:44:03 -0500] "GET /sipse/js/disable_browser_buttons.js HTTP/1.1" 304 -
190.66.252.253 - - [06/Feb/2023:08:44:03 -0500] "GET /sipse/js/funciones.js HTTP/1.1" 304 -
190.109.20.168 - - [06/Feb/2023:08:44:03 -0500] "POST /sipse/faces/presentacion/workflow/reasignarReenrutar.xhtml HTTP/1.1" 200 151742
179.51.119.61 - - [06/Feb/2023:08:44:07 -0500] "POST /sipse/faces/presentacion/financiero/solicitudProceso/consultarSolicitudProceso.xhtml HTTP/1.1" 200 86061
190.109.20.168 - - [06/Feb/2023:08:44:07 -0500] "POST /sipse/faces/presentacion/workflow/reasignarReenrutar.xhtml HTTP/1.1" 200 152256
172.22.2.4 - - [06/Feb/2023:08:42:28 -0500] "HEAD /BLA/boletinlegal/ HTTP/1.1" 200 -
190.109.20.168 - - [06/Feb/2023:08:44:09 -0500] "POST /sipse/faces/presentacion/workflow/reasignarReenrutar.xhtml HTTP/1.1" 200 5281
179.19.2.155 - - [06/Feb/2023:08:44:16 -0500] "GET /sipse/css/custom_css_sg.css HTTP/1.1" 200 9694
179.19.2.155 - - [06/Feb/2023:08:44:16 -0500] "GET /sipse/css/custom_css_sg_prime_login.css HTTP/1.1" 200 443
179.19.2.155 - - [06/Feb/2023:08:44:16 -0500] "GET /sipse/faces/javax.faces.resource/layout/layout.css;jsessionid=vJvYGd+b5wJtx0T8DU72fbc6.undefined?ln=primefaces&v=4.0 HTTP/1.1" 200 542
179.19.2.155 - - [06/Feb/2023:08:44:16 -0500] "GET /sipse/faces/faces/autenticacion.xhtml HTTP/1.1" 200 12492
179.19.2.155 - - [06/Feb/2023:08:44:16 -0500] "GET /sipse/faces/javax.faces.resource/jquery/jquery.js;jsessionid=vJvYGd+b5wJtx0T8DU72fbc6.undefined?ln=primefaces&v=4.0 HTTP/1.1" 200 105384
179.19.2.155 - - [06/Feb/2023:08:44:17 -0500] "GET /sipse/js/disable_browser_buttons.js HTTP/1.1" 304 -
179.19.2.155 - - [06/Feb/2023:08:44:16 -0500] "GET /sipse/faces/javax.faces.resource/primefaces.css;jsessionid=vJvYGd+b5wJtx0T8DU72fbc6.undefined?ln=primefaces&v=4.0 HTTP/1.1" 200 53295
190.109.20.168 - - [06/Feb/2023:08:44:17 -0500] "POST /sipse/faces/presentacion/workflow/reasignarReenrutar.xhtml HTTP/1.1" 200 15884
179.19.2.155 - - [06/Feb/2023:08:44:17 -0500] "GET /sipse/js/funciones.js HTTP/1.1" 304 -
179.19.2.155 - - [06/Feb/2023:08:44:16 -0500] "GET /sipse/faces/javax.faces.resource/jquery/jquery-plugins.js;jsessionid=vJvYGd+b5wJtx0T8DU72fbc6.undefined?ln=primefaces&v=4.0 HTTP/1.1" 200 220526
179.19.2.155 - - [06/Feb/2023:08:44:16 -0500] "GET /sipse/faces/javax.faces.resource/theme.css?ln=primefaces-sipse HTTP/1.1" 200 50058
179.19.2.155 - - [06/Feb/2023:08:44:17 -0500] "GET /sipse/faces/javax.faces.resource/layout/layout.js;jsessionid=vJvYGd+b5wJtx0T8DU72fbc6.undefined?ln=primefaces&v=4.0 HTTP/1.1" 200 87560
190.109.20.168 - - [06/Feb/2023:08:44:19 -0500] "POST /sipse/faces/presentacion/workflow/reasignarReenrutar.xhtml HTTP/1.1" 200 15957
179.19.2.155 - - [06/Feb/2023:08:44:16 -0500] "GET /sipse/faces/javax.faces.resource/primefaces.js;jsessionid=vJvYGd+b5wJtx0T8DU72fbc6.undefined?ln=primefaces&v=4.0 HTTP/1.1" 200 276924
179.19.2.155 - - [06/Feb/2023:08:44:19 -0500] "GET /sipse/faces/javax.faces.resource/images/ui-icons_898989_256x240.png?ln=primefaces-aristo HTTP/1.1" 200 5355
179.19.2.155 - - [06/Feb/2023:08:44:19 -0500] "GET /sipse/css/imagen/logoSDG.png HTTP/1.1" 200 53064
179.19.2.155 - - [06/Feb/2023:08:44:19 -0500] "GET /sipse/css/imagen/loginimg.png HTTP/1.1" 200 71635
179.19.2.155 - - [06/Feb/2023:08:44:20 -0500] "GET /favicon.ico HTTP/1.1" 200 7782
179.19.2.155 - - [06/Feb/2023:08:44:20 -0500] "GET /sipse/faces/faces/index.xhtml HTTP/1.1" 200 677
190.66.252.253 - - [06/Feb/2023:08:44:20 -0500] "GET /sipse/faces/javax.faces.resource/images/ui-icons_898989_256x240.png?ln=primefaces-aristo HTTP/1.1" 200 5355
190.66.252.253 - - [06/Feb/2023:08:44:20 -0500] "GET /sipse/css/imagen/logoSDG.png HTTP/1.1" 200 53064
190.66.252.253 - - [06/Feb/2023:08:44:20 -0500] "GET /sipse/css/imagen/loginimg.png HTTP/1.1" 200 71635
190.66.252.253 - - [06/Feb/2023:08:44:20 -0500] "GET /favicon.ico HTTP/1.1" 200 7782
179.19.2.155 - - [06/Feb/2023:08:44:20 -0500] "GET /sipse/faces/javax.faces.resource/theme.css?ln=primefaces-sipse HTTP/1.1" 304 -
179.19.2.155 - - [06/Feb/2023:08:44:21 -0500] "GET /sipse/faces/faces/faces/autenticacion.xhtml HTTP/1.1" 200 12170
179.19.2.155 - - [06/Feb/2023:08:44:21 -0500] "GET /sipse/faces/javax.faces.resource/theme.css?ln=primefaces-sipse HTTP/1.1" 304 -
179.19.2.155 - - [06/Feb/2023:08:44:21 -0500] "GET /sipse/faces/javax.faces.resource/layout/layout.css?ln=primefaces&v=4.0 HTTP/1.1" 200 542
190.66.252.253 - - [06/Feb/2023:08:44:21 -0500] "GET /sipse/faces/index.xhtml HTTP/1.1" 200 677
179.19.2.155 - - [06/Feb/2023:08:44:21 -0500] "GET /sipse/faces/javax.faces.resource/jquery/jquery.js?ln=primefaces&v=4.0 HTTP/1.1" 304 -
179.19.2.155 - - [06/Feb/2023:08:44:21 -0500] "GET /sipse/faces/javax.faces.resource/jquery/jquery-plugins.js?ln=primefaces&v=4.0 HTTP/1.1" 304 -
179.19.2.155 - - [06/Feb/2023:08:44:21 -0500] "GET /sipse/faces/javax.faces.resource/primefaces.js?ln=primefaces&v=4.0 HTTP/1.1" 304 -
179.19.2.155 - - [06/Feb/2023:08:44:21 -0500] "GET /sipse/faces/javax.faces.resource/layout/layout.js?ln=primefaces&v=4.0 HTTP/1.1" 304 -
190.66.252.253 - - [06/Feb/2023:08:44:21 -0500] "GET /sipse/faces/javax.faces.resource/theme.css?ln=primefaces-sipse HTTP/1.1" 304 -
179.19.2.155 - - [06/Feb/2023:08:44:21 -0500] "GET /sipse/faces/javax.faces.resource/primefaces.css?ln=primefaces&v=4.0 HTTP/1.1" 200 53295
190.66.252.253 - - [06/Feb/2023:08:44:21 -0500] "GET /sipse/faces/faces/autenticacion.xhtml HTTP/1.1" 200 12170
190.66.252.253 - - [06/Feb/2023:08:44:21 -0500] "GET /sipse/faces/javax.faces.resource/theme.css?ln=primefaces-sipse HTTP/1.1" 304 -
190.66.252.253 - - [06/Feb/2023:08:44:21 -0500] "GET /sipse/faces/javax.faces.resource/layout/layout.css?ln=primefaces&v=4.0 HTTP/1.1" 200 542
190.66.252.253 - - [06/Feb/2023:08:44:21 -0500] "GET /sipse/faces/javax.faces.resource/primefaces.css?ln=primefaces&v=4.0 HTTP/1.1" 200 53295
179.19.2.155 - - [06/Feb/2023:08:44:21 -0500] "GET /sipse/faces/javax.faces.resource/images/ui-icons_898989_256x240.png?ln=primefaces-aristo HTTP/1.1" 304 -
190.66.252.253 - - [06/Feb/2023:08:44:21 -0500] "GET /favicon.ico HTTP/1.1" 200 7782
190.109.20.168 - - [06/Feb/2023:08:44:20 -0500] "POST /sipse/faces/presentacion/workflow/reasignarReenrutar.xhtml HTTP/1.1" 200 151570
190.66.252.253 - - [06/Feb/2023:08:44:29 -0500] "GET /sipse/faces/javax.faces.resource/jquery/jquery.js?ln=primefaces&v=4.0 HTTP/1.1" 304 -
190.66.252.253 - - [06/Feb/2023:08:44:29 -0500] "GET /sipse/faces/javax.faces.resource/primefaces.js?ln=primefaces&v=4.0 HTTP/1.1" 304 -
190.66.252.253 - - [06/Feb/2023:08:44:29 -0500] "GET /sipse/faces/javax.faces.resource/jquery/jquery-plugins.js?ln=primefaces&v=4.0 HTTP/1.1" 304 -
190.66.252.253 - - [06/Feb/2023:08:44:29 -0500] "GET /sipse/faces/javax.faces.resource/layout/layout.js?ln=primefaces&v=4.0 HTTP/1.1" 304 -
190.109.20.168 - - [06/Feb/2023:08:44:28 -0500] "POST /sipse/faces/presentacion/workflow/reasignarReenrutar.xhtml HTTP/1.1" 200 151586
190.109.20.168 - - [06/Feb/2023:08:44:33 -0500] "POST /sipse/faces/presentacion/workflow/reasignarReenrutar.xhtml HTTP/1.1" 200 152108
190.109.20.168 - - [06/Feb/2023:08:44:34 -0500] "POST /sipse/faces/presentacion/workflow/reasignarReenrutar.xhtml HTTP/1.1" 200 5281
186.102.2.224 - - [06/Feb/2023:08:44:40 -0500] "GET /kwssiamovil/sm/acme/u?s=U2FsdGVkX1+Mx9vIBCZOdnDR9Qt+q6mBg6yw6o0/2UFfm3fvzdLIK7SKMC6EVbk/AUptmFSMY5/2OFUKPvEuz/I+6HsIO0b/yjTkx5pk+RTexBoEmKaGHGXVY8dEJ9zLJlpPLxP9bchvxvtiu0Axu1NTCvKWD9/IE211NB1Hp0M=&u=U2FsdGVkX18TKfO5T+N4uruIBTc0LMMbGtDiuXiOXhk=&y=U2FsdGVkX1+NMKlK1xyk5gRNztPNmv1gyWAhtwD8ek0= HTTP/1.1" 200 60
190.66.252.253 - - [06/Feb/2023:08:44:40 -0500] "GET /sipse/faces/javax.faces.resource/images/ui-icons_898989_256x240.png?ln=primefaces-aristo HTTP/1.1" 304 -
179.19.2.155 - - [06/Feb/2023:08:44:48 -0500] "POST /sipse/faces/autenticacion.xhtml HTTP/1.1" 200 2219
179.19.2.155 - - [06/Feb/2023:08:44:48 -0500] "GET /sipse/faces/javax.faces.resource/messages/messages.png?ln=primefaces&v=4.0 HTTP/1.1" 200 27209
179.19.2.155 - - [06/Feb/2023:08:44:51 -0500] "POST /sipse/faces/autenticacion.xhtml HTTP/1.1" 200 16243
179.19.2.155 - - [06/Feb/2023:08:44:52 -0500] "GET /sipse/css/custom_css_sg_prime.css HTTP/1.1" 200 5201
179.19.2.155 - - [06/Feb/2023:08:44:52 -0500] "GET /sipse/js/jquery.min.js HTTP/1.1" 304 -
179.19.2.155 - - [06/Feb/2023:08:44:52 -0500] "GET /sipse/faces/javax.faces.resource/jquery/jquery.js?ln=primefaces&v=4.0 HTTP/1.1" 304 -
179.19.2.155 - - [06/Feb/2023:08:44:52 -0500] "GET /sipse/faces/javax.faces.resource/jquery/jquery-plugins.js?ln=primefaces&v=4.0 HTTP/1.1" 304 -
179.19.2.155 - - [06/Feb/2023:08:44:52 -0500] "GET /sipse/faces/javax.faces.resource/primefaces.js?ln=primefaces&v=4.0 HTTP/1.1" 304 -
179.19.2.155 - - [06/Feb/2023:08:44:52 -0500] "GET /sipse/faces/javax.faces.resource/layout/layout.js?ln=primefaces&v=4.0 HTTP/1.1" 304 -
179.19.2.155 - - [06/Feb/2023:08:44:53 -0500] "GET /sipse/css/imagen/contrasena.png HTTP/1.1" 404 383
179.19.2.155 - - [06/Feb/2023:08:44:52 -0500] "GET /sipse/imagenes/cargando.gif HTTP/1.1" 200 36959
179.19.2.155 - - [06/Feb/2023:08:44:52 -0500] "GET /sipse/imagenes/logoAplicacion.jpg HTTP/1.1" 200 155084
181.53.13.85 - - [06/Feb/2023:08:44:54 -0500] "GET /sipse/faces/javax.faces.resource/images/ui-bg_flat_0_2d5972_40x100.png?ln=primefaces-aristo HTTP/1.1" 304 -
179.19.2.155 - - [06/Feb/2023:08:44:54 -0500] "GET /sipse/faces/javax.faces.resource/images/ui-bg_flat_0_2d5972_40x100.png?ln=primefaces-aristo HTTP/1.1" 200 183
179.19.2.155 - - [06/Feb/2023:08:44:54 -0500] "POST /sipse/faces/bienvenido.xhtml HTTP/1.1" 200 2658
181.53.13.85 - - [06/Feb/2023:08:44:54 -0500] "POST /sipse/faces/presentacion/financiero/solicitudProceso/consultarHistorialSolProceso.xhtml HTTP/1.1" 200 36988
181.53.13.85 - - [06/Feb/2023:08:44:55 -0500] "GET /sipse/faces/javax.faces.resource/theme.css?ln=primefaces-sipse HTTP/1.1" 304 -
181.53.13.85 - - [06/Feb/2023:08:44:55 -0500] "GET /sipse/faces/javax.faces.resource/primefaces.css?ln=primefaces&v=4.0 HTTP/1.1" 304 -
181.53.13.85 - - [06/Feb/2023:08:44:55 -0500] "GET /sipse/faces/javax.faces.resource/layout/layout.css?ln=primefaces&v=4.0 HTTP/1.1" 304 -
181.53.13.85 - - [06/Feb/2023:08:44:55 -0500] "GET /sipse/faces/javax.faces.resource/jquery/jquery.js?ln=primefaces&v=4.0 HTTP/1.1" 304 -
181.53.13.85 - - [06/Feb/2023:08:44:55 -0500] "GET /sipse/faces/javax.faces.resource/jquery/jquery-plugins.js?ln=primefaces&v=4.0 HTTP/1.1" 304 -
190.249.21.140 - - [06/Feb/2023:08:44:55 -0500] "POST /sipse/faces/presentacion/financiero/solicitudProceso/listarSolicitudProceso.xhtml HTTP/1.1" 200 16590
181.53.13.85 - - [06/Feb/2023:08:44:55 -0500] "GET /sipse/faces/javax.faces.resource/primefaces.js?ln=primefaces&v=4.0 HTTP/1.1" 304 -
181.53.13.85 - - [06/Feb/2023:08:44:55 -0500] "GET /sipse/faces/javax.faces.resource/layout/layout.js?ln=primefaces&v=4.0 HTTP/1.1" 304 -
179.19.2.155 - - [06/Feb/2023:08:44:55 -0500] "POST /sipse/faces/bienvenido.xhtml HTTP/1.1" 200 64893
179.19.2.155 - - [06/Feb/2023:08:44:56 -0500] "GET /sipse/faces/javax.faces.resource/jquery/jquery.js?ln=primefaces&v=4.0 HTTP/1.1" 304 -
179.19.2.155 - - [06/Feb/2023:08:44:57 -0500] "GET /sipse/faces/javax.faces.resource/jquery/jquery-plugins.js?ln=primefaces&v=4.0 HTTP/1.1" 304 -
179.19.2.155 - - [06/Feb/2023:08:44:57 -0500] "GET /sipse/faces/javax.faces.resource/primefaces.js?ln=primefaces&v=4.0 HTTP/1.1" 304 -
179.19.2.155 - - [06/Feb/2023:08:44:57 -0500] "GET /sipse/faces/javax.faces.resource/layout/layout.js?ln=primefaces&v=4.0 HTTP/1.1" 304 -
181.53.13.85 - - [06/Feb/2023:08:44:56 -0500] "POST /sipse/faces/presentacion/financiero/solicitudProceso/listarSolicitudProceso.xhtml HTTP/1.1" 200 1396
179.19.2.155 - - [06/Feb/2023:08:44:57 -0500] "POST /sipse/faces/presentacion/financiero/solicitudProceso/listarSolicitudProceso.xhtml HTTP/1.1" 200 1552
172.22.2.4 - - [06/Feb/2023:08:43:19 -0500] "GET /BLA/boletinlegal/ HTTP/1.1" 200 56825
190.66.252.253 - - [06/Feb/2023:08:45:02 -0500] "POST /sipse/faces/autenticacion.xhtml HTTP/1.1" 200 11650
190.66.252.253 - - [06/Feb/2023:08:45:03 -0500] "GET /sipse/faces/javax.faces.resource/jquery/jquery.js?ln=primefaces&v=4.0 HTTP/1.1" 304 -
190.66.252.253 - - [06/Feb/2023:08:45:03 -0500] "GET /sipse/css/custom_css_sg_prime.css HTTP/1.1" 200 5201
190.66.252.253 - - [06/Feb/2023:08:45:04 -0500] "GET /sipse/faces/javax.faces.resource/jquery/jquery-plugins.js?ln=primefaces&v=4.0 HTTP/1.1" 304 -
190.66.252.253 - - [06/Feb/2023:08:45:08 -0500] "GET /sipse/faces/javax.faces.resource/primefaces.js?ln=primefaces&v=4.0 HTTP/1.1" 304 -
190.66.252.253 - - [06/Feb/2023:08:45:09 -0500] "GET /sipse/faces/javax.faces.resource/layout/layout.js?ln=primefaces&v=4.0 HTTP/1.1" 304 -
190.66.252.253 - - [06/Feb/2023:08:45:11 -0500] "GET /sipse/faces/javax.faces.resource/messages/messages.png?ln=primefaces&v=4.0 HTTP/1.1" 200 27209
190.249.21.140 - - [06/Feb/2023:08:45:11 -0500] "POST /sipse/faces/presentacion/financiero/solicitudProceso/listarSolicitudProceso.xhtml HTTP/1.1" 200 16650
179.19.2.155 - - [06/Feb/2023:08:45:16 -0500] "POST /sipse/faces/presentacion/financiero/solicitudProceso/listarSolicitudProceso.xhtml HTTP/1.1" 200 34034
179.19.2.155 - - [06/Feb/2023:08:45:17 -0500] "POST /sipse/faces/presentacion/financiero/solicitudProceso/listarSolicitudProceso.xhtml HTTP/1.1" 200 34038
216.245.221.92 - - [06/Feb/2023:08:45:22 -0500] "HEAD / HTTP/1.1" 200 -
190.66.252.253 - - [06/Feb/2023:08:45:29 -0500] "POST /sipse/faces/presentacion/sistema/seguridad/seleccionRol.xhtml HTTP/1.1" 200 6085
181.53.13.85 - - [06/Feb/2023:08:45:28 -0500] "POST /sipse/faces/presentacion/financiero/solicitudProceso/listarSolicitudProceso.xhtml HTTP/1.1" 200 43228
181.53.13.85 - - [06/Feb/2023:08:45:30 -0500] "POST /sipse/faces/presentacion/financiero/solicitudProceso/listarSolicitudProceso.xhtml HTTP/1.1" 200 43095
190.66.252.253 - - [06/Feb/2023:08:45:30 -0500] "POST /sipse/faces/presentacion/sistema/seguridad/seleccionRol.xhtml HTTP/1.1" 200 18675
190.109.20.168 - - [06/Feb/2023:08:45:30 -0500] "POST /sipse/faces/presentacion/workflow/reasignarReenrutar.xhtml HTTP/1.1" 200 15884
190.66.252.253 - - [06/Feb/2023:08:45:31 -0500] "GET /sipse/js/jquery.min.js HTTP/1.1" 304 -
