147.78.103.95 - - [06/Feb/2023:00:55:39 -0500] "POST /portaldeninos//wp-login.php HTTP/1.1" 200 3588
147.78.103.95 - - [06/Feb/2023:00:55:39 -0500] "POST /portaldeninos//wp-login.php HTTP/1.1" 200 3588
147.78.103.95 - - [06/Feb/2023:00:55:40 -0500] "POST /portaldeninos//wp-login.php HTTP/1.1" 200 3588
66.249.66.197 - - [06/Feb/2023:00:55:40 -0500] "-" 408 -
147.78.103.95 - - [06/Feb/2023:00:55:40 -0500] "POST /portaldeninos//wp-login.php HTTP/1.1" 200 3588
147.78.103.95 - - [06/Feb/2023:00:55:40 -0500] "POST /portaldeninos//wp-login.php HTTP/1.1" 200 3588
147.78.103.95 - - [06/Feb/2023:00:55:41 -0500] "POST /portaldeninos//wp-login.php HTTP/1.1" 200 3588
147.78.103.95 - - [06/Feb/2023:00:55:41 -0500] "POST /portaldeninos//wp-login.php HTTP/1.1" 200 3588
147.78.103.95 - - [06/Feb/2023:00:55:42 -0500] "POST /portaldeninos//wp-login.php HTTP/1.1" 200 3588
147.78.103.95 - - [06/Feb/2023:00:55:42 -0500] "POST /portaldeninos//wp-login.php HTTP/1.1" 200 3588
147.78.103.95 - - [06/Feb/2023:00:55:42 -0500] "POST /portaldeninos//wp-login.php HTTP/1.1" 200 3588
147.78.103.95 - - [06/Feb/2023:00:55:43 -0500] "POST /portaldeninos//wp-login.php HTTP/1.1" 200 3588
147.78.103.95 - - [06/Feb/2023:00:55:43 -0500] "POST /portaldeninos//wp-login.php HTTP/1.1" 200 3588
147.78.103.95 - - [06/Feb/2023:00:55:44 -0500] "POST /portaldeninos//wp-login.php HTTP/1.1" 200 3588
147.78.103.95 - - [06/Feb/2023:00:55:44 -0500] "POST /portaldeninos//wp-login.php HTTP/1.1" 200 3588
147.78.103.95 - - [06/Feb/2023:00:55:44 -0500] "POST /portaldeninos//wp-login.php HTTP/1.1" 200 3588
147.78.103.95 - - [06/Feb/2023:00:55:45 -0500] "POST /portaldeninos//wp-login.php HTTP/1.1" 200 3588
147.78.103.95 - - [06/Feb/2023:00:55:45 -0500] "POST /portaldeninos//wp-login.php HTTP/1.1" 200 3588
147.78.103.95 - - [06/Feb/2023:00:55:45 -0500] "POST /portaldeninos//wp-login.php HTTP/1.1" 200 3588
147.78.103.95 - - [06/Feb/2023:00:55:46 -0500] "POST /portaldeninos//wp-login.php HTTP/1.1" 200 3588
147.78.103.95 - - [06/Feb/2023:00:55:46 -0500] "POST /portaldeninos//wp-login.php HTTP/1.1" 200 3588
147.78.103.95 - - [06/Feb/2023:00:55:47 -0500] "POST /portaldeninos//wp-login.php HTTP/1.1" 200 3588
147.78.103.95 - - [06/Feb/2023:00:55:47 -0500] "POST /portaldeninos//wp-login.php HTTP/1.1" 200 3588
147.78.103.95 - - [06/Feb/2023:00:55:47 -0500] "POST /portaldeninos//wp-login.php HTTP/1.1" 200 3588
147.78.103.95 - - [06/Feb/2023:00:55:48 -0500] "POST /portaldeninos//wp-login.php HTTP/1.1" 200 3588
147.78.103.95 - - [06/Feb/2023:00:55:48 -0500] "POST /portaldeninos//wp-login.php HTTP/1.1" 200 3588
147.78.103.95 - - [06/Feb/2023:00:55:49 -0500] "POST /portaldeninos//wp-login.php HTTP/1.1" 200 3588
147.78.103.95 - - [06/Feb/2023:00:55:49 -0500] "POST /portaldeninos//wp-login.php HTTP/1.1" 200 3588
147.78.103.95 - - [06/Feb/2023:00:55:49 -0500] "POST /portaldeninos//wp-login.php HTTP/1.1" 200 3588
147.78.103.95 - - [06/Feb/2023:00:55:50 -0500] "POST /portaldeninos//wp-login.php HTTP/1.1" 200 3588
147.78.103.95 - - [06/Feb/2023:00:55:50 -0500] "POST /portaldeninos//wp-login.php HTTP/1.1" 200 3588
147.78.103.95 - - [06/Feb/2023:00:55:51 -0500] "POST /portaldeninos//wp-login.php HTTP/1.1" 200 3588
147.78.103.95 - - [06/Feb/2023:00:55:51 -0500] "POST /portaldeninos//wp-login.php HTTP/1.1" 200 3588
147.78.103.95 - - [06/Feb/2023:00:55:51 -0500] "POST /portaldeninos//wp-login.php HTTP/1.1" 200 3588
147.78.103.95 - - [06/Feb/2023:00:55:52 -0500] "POST /portaldeninos//wp-login.php HTTP/1.1" 200 3588
147.78.103.95 - - [06/Feb/2023:00:55:52 -0500] "POST /portaldeninos//wp-login.php HTTP/1.1" 200 3588
147.78.103.95 - - [06/Feb/2023:00:55:53 -0500] "POST /portaldeninos//wp-login.php HTTP/1.1" 200 3588
147.78.103.95 - - [06/Feb/2023:00:55:53 -0500] "POST /portaldeninos//wp-login.php HTTP/1.1" 200 3588
147.78.103.95 - - [06/Feb/2023:00:55:53 -0500] "POST /portaldeninos//wp-login.php HTTP/1.1" 200 3588
109.107.166.230 - - [06/Feb/2023:00:55:54 -0500] "GET / HTTP/1.0" 200 319
147.78.103.95 - - [06/Feb/2023:00:55:54 -0500] "POST /portaldeninos//wp-login.php HTTP/1.1" 200 3588
147.78.103.95 - - [06/Feb/2023:00:55:54 -0500] "POST /portaldeninos//wp-login.php HTTP/1.1" 200 3588
147.78.103.95 - - [06/Feb/2023:00:55:54 -0500] "POST /portaldeninos//wp-login.php HTTP/1.1" 200 3588
147.78.103.95 - - [06/Feb/2023:00:55:55 -0500] "POST /portaldeninos//wp-login.php HTTP/1.1" 200 3588
147.78.103.95 - - [06/Feb/2023:00:55:55 -0500] "POST /portaldeninos//wp-login.php HTTP/1.1" 200 3588
147.78.103.95 - - [06/Feb/2023:00:55:56 -0500] "POST /portaldeninos//wp-login.php HTTP/1.1" 200 3588
147.78.103.95 - - [06/Feb/2023:00:55:56 -0500] "POST /portaldeninos//wp-login.php HTTP/1.1" 200 3588
147.78.103.95 - - [06/Feb/2023:00:55:56 -0500] "POST /portaldeninos//wp-login.php HTTP/1.1" 200 3588
147.78.103.95 - - [06/Feb/2023:00:55:57 -0500] "POST /portaldeninos//wp-login.php HTTP/1.1" 200 3588
109.107.166.230 - - [06/Feb/2023:00:55:57 -0500] "GET /appsia/controlador HTTP/1.0" 200 4799
147.78.103.95 - - [06/Feb/2023:00:55:57 -0500] "POST /portaldeninos//wp-login.php HTTP/1.1" 200 3457
147.78.103.95 - - [06/Feb/2023:00:55:58 -0500] "POST /portaldeninos//wp-login.php HTTP/1.1" 200 3588
109.107.166.230 - - [06/Feb/2023:00:55:58 -0500] "POST /appsia/controlador HTTP/1.0" 200 -
147.78.103.95 - - [06/Feb/2023:00:55:58 -0500] "POST /portaldeninos//wp-login.php HTTP/1.1" 200 3588
109.107.166.230 - - [06/Feb/2023:00:55:58 -0500] "GET /appsia/controlador HTTP/1.0" 200 4799
147.78.103.95 - - [06/Feb/2023:00:55:58 -0500] "POST /portaldeninos//wp-login.php HTTP/1.1" 200 3588
147.78.103.95 - - [06/Feb/2023:00:55:59 -0500] "POST /portaldeninos//wp-login.php HTTP/1.1" 200 3588
147.78.103.95 - - [06/Feb/2023:00:55:59 -0500] "POST /portaldeninos//wp-login.php HTTP/1.1" 200 3588
147.78.103.95 - - [06/Feb/2023:00:56:00 -0500] "POST /portaldeninos//wp-login.php HTTP/1.1" 200 3588
147.78.103.95 - - [06/Feb/2023:00:56:00 -0500] "POST /portaldeninos//wp-login.php HTTP/1.1" 200 3588
147.78.103.95 - - [06/Feb/2023:00:56:00 -0500] "POST /portaldeninos//wp-login.php HTTP/1.1" 200 3588
147.78.103.95 - - [06/Feb/2023:00:56:01 -0500] "POST /portaldeninos//wp-login.php HTTP/1.1" 200 3588
147.78.103.95 - - [06/Feb/2023:00:56:01 -0500] "POST /portaldeninos//wp-login.php HTTP/1.1" 200 3588
147.78.103.95 - - [06/Feb/2023:00:56:02 -0500] "POST /portaldeninos//wp-login.php HTTP/1.1" 200 3588
147.78.103.95 - - [06/Feb/2023:00:56:02 -0500] "POST /portaldeninos//wp-login.php HTTP/1.1" 200 3588
147.78.103.95 - - [06/Feb/2023:00:56:02 -0500] "POST /portaldeninos//wp-login.php HTTP/1.1" 200 3588
147.78.103.95 - - [06/Feb/2023:00:56:03 -0500] "POST /portaldeninos//wp-login.php HTTP/1.1" 200 3588
147.78.103.95 - - [06/Feb/2023:00:56:03 -0500] "POST /portaldeninos//wp-login.php HTTP/1.1" 200 3588
147.78.103.95 - - [06/Feb/2023:00:56:04 -0500] "POST /portaldeninos//wp-login.php HTTP/1.1" 200 3588
147.78.103.95 - - [06/Feb/2023:00:56:04 -0500] "POST /portaldeninos//wp-login.php HTTP/1.1" 200 3588
147.78.103.95 - - [06/Feb/2023:00:56:04 -0500] "POST /portaldeninos//wp-login.php HTTP/1.1" 200 3588
147.78.103.95 - - [06/Feb/2023:00:56:05 -0500] "POST /portaldeninos//wp-login.php HTTP/1.1" 200 3588
147.78.103.95 - - [06/Feb/2023:00:56:05 -0500] "POST /portaldeninos//wp-login.php HTTP/1.1" 200 3588
162.55.37.148 - - [06/Feb/2023:00:56:06 -0500] "GET / HTTP/1.1" 200 4720
147.78.103.95 - - [06/Feb/2023:00:56:05 -0500] "POST /portaldeninos//wp-login.php HTTP/1.1" 200 3588
147.78.103.95 - - [06/Feb/2023:00:56:06 -0500] "POST /portaldeninos//wp-login.php HTTP/1.1" 200 3588
147.78.103.95 - - [06/Feb/2023:00:56:06 -0500] "POST /portaldeninos//wp-login.php HTTP/1.1" 200 3588
147.78.103.95 - - [06/Feb/2023:00:56:07 -0500] "POST /portaldeninos//wp-login.php HTTP/1.1" 200 3588
147.78.103.95 - - [06/Feb/2023:00:56:07 -0500] "POST /portaldeninos//wp-login.php HTTP/1.1" 200 3588
147.78.103.95 - - [06/Feb/2023:00:56:07 -0500] "POST /portaldeninos//wp-login.php HTTP/1.1" 200 3588
162.55.37.148 - - [06/Feb/2023:00:56:08 -0500] "GET / HTTP/1.1" 200 319
147.78.103.95 - - [06/Feb/2023:00:56:08 -0500] "POST /portaldeninos//wp-login.php HTTP/1.1" 200 3588
147.78.103.95 - - [06/Feb/2023:00:56:08 -0500] "POST /portaldeninos//wp-login.php HTTP/1.1" 200 3588
147.78.103.95 - - [06/Feb/2023:00:56:09 -0500] "POST /portaldeninos//wp-login.php HTTP/1.1" 200 3588
147.78.103.95 - - [06/Feb/2023:00:56:09 -0500] "POST /portaldeninos//wp-login.php HTTP/1.1" 200 3588
147.78.103.95 - - [06/Feb/2023:00:56:09 -0500] "POST /portaldeninos//wp-login.php HTTP/1.1" 200 3588
147.78.103.95 - - [06/Feb/2023:00:56:10 -0500] "POST /portaldeninos//wp-login.php HTTP/1.1" 200 3588
147.78.103.95 - - [06/Feb/2023:00:56:10 -0500] "POST /portaldeninos//wp-login.php HTTP/1.1" 200 3588
147.78.103.95 - - [06/Feb/2023:00:56:11 -0500] "POST /portaldeninos//wp-login.php HTTP/1.1" 200 3588
147.78.103.95 - - [06/Feb/2023:00:56:11 -0500] "POST /portaldeninos//wp-login.php HTTP/1.1" 200 3588
147.78.103.95 - - [06/Feb/2023:00:56:11 -0500] "POST /portaldeninos//wp-login.php HTTP/1.1" 200 3588
147.78.103.95 - - [06/Feb/2023:00:56:12 -0500] "POST /portaldeninos//wp-login.php HTTP/1.1" 200 3588
147.78.103.95 - - [06/Feb/2023:00:56:12 -0500] "POST /portaldeninos//wp-login.php HTTP/1.1" 200 3588
147.78.103.95 - - [06/Feb/2023:00:56:13 -0500] "POST /portaldeninos//wp-login.php HTTP/1.1" 200 3588
147.78.103.95 - - [06/Feb/2023:00:56:13 -0500] "POST /portaldeninos//wp-login.php HTTP/1.1" 200 3588
147.78.103.95 - - [06/Feb/2023:00:56:13 -0500] "POST /portaldeninos//wp-login.php HTTP/1.1" 200 3588
147.78.103.95 - - [06/Feb/2023:00:56:14 -0500] "POST /portaldeninos//wp-login.php HTTP/1.1" 200 3588
147.78.103.95 - - [06/Feb/2023:00:56:14 -0500] "POST /portaldeninos//wp-login.php HTTP/1.1" 200 3588
147.78.103.95 - - [06/Feb/2023:00:56:15 -0500] "POST /portaldeninos//wp-login.php HTTP/1.1" 200 3588
147.78.103.95 - - [06/Feb/2023:00:56:15 -0500] "POST /portaldeninos//wp-login.php HTTP/1.1" 200 3588
147.78.103.95 - - [06/Feb/2023:00:56:15 -0500] "POST /portaldeninos//wp-login.php HTTP/1.1" 200 3588
147.78.103.95 - - [06/Feb/2023:00:56:16 -0500] "POST /portaldeninos//wp-login.php HTTP/1.1" 200 3588
147.78.103.95 - - [06/Feb/2023:00:56:16 -0500] "POST /portaldeninos//wp-login.php HTTP/1.1" 200 3588
147.78.103.95 - - [06/Feb/2023:00:56:16 -0500] "POST /portaldeninos//wp-login.php HTTP/1.1" 200 3588
147.78.103.95 - - [06/Feb/2023:00:56:17 -0500] "POST /portaldeninos//wp-login.php HTTP/1.1" 200 3588
147.78.103.95 - - [06/Feb/2023:00:56:17 -0500] "POST /portaldeninos//wp-login.php HTTP/1.1" 200 3588
147.78.103.95 - - [06/Feb/2023:00:56:18 -0500] "POST /portaldeninos//wp-login.php HTTP/1.1" 200 3588
147.78.103.95 - - [06/Feb/2023:00:56:18 -0500] "POST /portaldeninos//wp-login.php HTTP/1.1" 200 3588
147.78.103.95 - - [06/Feb/2023:00:56:18 -0500] "POST /portaldeninos//wp-login.php HTTP/1.1" 200 3588
147.78.103.95 - - [06/Feb/2023:00:56:19 -0500] "POST /portaldeninos//wp-login.php HTTP/1.1" 200 3588
147.78.103.95 - - [06/Feb/2023:00:56:19 -0500] "POST /portaldeninos//wp-login.php HTTP/1.1" 200 3588
147.78.103.95 - - [06/Feb/2023:00:56:20 -0500] "POST /portaldeninos//wp-login.php HTTP/1.1" 200 3588
147.78.103.95 - - [06/Feb/2023:00:56:20 -0500] "POST /portaldeninos//wp-login.php HTTP/1.1" 200 3588
147.78.103.95 - - [06/Feb/2023:00:56:20 -0500] "POST /portaldeninos//wp-login.php HTTP/1.1" 200 3588
147.78.103.95 - - [06/Feb/2023:00:56:21 -0500] "POST /portaldeninos//wp-login.php HTTP/1.1" 200 3588
147.78.103.95 - - [06/Feb/2023:00:56:21 -0500] "POST /portaldeninos//wp-login.php HTTP/1.1" 200 3588
147.78.103.95 - - [06/Feb/2023:00:56:22 -0500] "POST /portaldeninos//wp-login.php HTTP/1.1" 200 3588
147.78.103.95 - - [06/Feb/2023:00:56:22 -0500] "POST /portaldeninos//wp-login.php HTTP/1.1" 200 3588
147.78.103.95 - - [06/Feb/2023:00:56:22 -0500] "POST /portaldeninos//wp-login.php HTTP/1.1" 200 3588
147.78.103.95 - - [06/Feb/2023:00:56:23 -0500] "POST /portaldeninos//wp-login.php HTTP/1.1" 200 3588
147.78.103.95 - - [06/Feb/2023:00:56:23 -0500] "POST /portaldeninos//wp-login.php HTTP/1.1" 200 3588
147.78.103.95 - - [06/Feb/2023:00:56:24 -0500] "POST /portaldeninos//wp-login.php HTTP/1.1" 200 3588
147.78.103.95 - - [06/Feb/2023:00:56:24 -0500] "POST /portaldeninos//wp-login.php HTTP/1.1" 200 3588
147.78.103.95 - - [06/Feb/2023:00:56:24 -0500] "POST /portaldeninos//wp-login.php HTTP/1.1" 200 3588
147.78.103.95 - - [06/Feb/2023:00:56:25 -0500] "POST /portaldeninos//wp-login.php HTTP/1.1" 200 3588
147.78.103.95 - - [06/Feb/2023:00:56:25 -0500] "POST /portaldeninos//wp-login.php HTTP/1.1" 200 3588
147.78.103.95 - - [06/Feb/2023:00:56:25 -0500] "POST /portaldeninos//wp-login.php HTTP/1.1" 200 3588
147.78.103.95 - - [06/Feb/2023:00:56:26 -0500] "POST /portaldeninos//wp-login.php HTTP/1.1" 200 3588
147.78.103.95 - - [06/Feb/2023:00:56:26 -0500] "POST /portaldeninos//wp-login.php HTTP/1.1" 200 3588
147.78.103.95 - - [06/Feb/2023:00:56:27 -0500] "POST /portaldeninos//wp-login.php HTTP/1.1" 200 3588
147.78.103.95 - - [06/Feb/2023:00:56:27 -0500] "POST /portaldeninos//wp-login.php HTTP/1.1" 200 3588
147.78.103.95 - - [06/Feb/2023:00:56:27 -0500] "POST /portaldeninos//wp-login.php HTTP/1.1" 200 3588
147.78.103.95 - - [06/Feb/2023:00:56:28 -0500] "POST /portaldeninos//wp-login.php HTTP/1.1" 200 3588
147.78.103.95 - - [06/Feb/2023:00:56:28 -0500] "POST /portaldeninos//wp-login.php HTTP/1.1" 200 3588
147.78.103.95 - - [06/Feb/2023:00:56:29 -0500] "POST /portaldeninos//wp-login.php HTTP/1.1" 200 3588
172.22.2.4 - - [06/Feb/2023:00:56:29 -0500] "GET /BLA/boletinlegal/conceptos.php HTTP/1.1" 200 7486
147.78.103.95 - - [06/Feb/2023:00:56:29 -0500] "POST /portaldeninos//wp-login.php HTTP/1.1" 200 3588
172.22.2.4 - - [06/Feb/2023:00:56:29 -0500] "GET /BLA/boletinlegal/styles2.css HTTP/1.1" 200 1838
172.22.2.4 - - [06/Feb/2023:00:56:29 -0500] "GET /BLA/boletinlegal/niceforms.js HTTP/1.1" 200 22876
172.22.2.4 - - [06/Feb/2023:00:56:29 -0500] "GET /BLA/boletinlegal/js/ajax_conceptos.js HTTP/1.1" 200 1326
172.22.2.4 - - [06/Feb/2023:00:56:30 -0500] "GET /BLA/boletinlegal/niceforms-default.css HTTP/1.1" 200 6694
147.78.103.95 - - [06/Feb/2023:00:56:29 -0500] "POST /portaldeninos//wp-login.php HTTP/1.1" 200 3588
147.78.103.95 - - [06/Feb/2023:00:56:30 -0500] "POST /portaldeninos//wp-login.php HTTP/1.1" 200 3588
172.22.2.4 - - [06/Feb/2023:00:56:30 -0500] "GET /BLA/boletinlegal/images/tel.png HTTP/1.1" 200 14477
172.22.2.4 - - [06/Feb/2023:00:56:30 -0500] "GET /BLA/boletinlegal/images/icono-email.png HTTP/1.1" 200 5544
147.78.103.95 - - [06/Feb/2023:00:56:30 -0500] "POST /portaldeninos//wp-login.php HTTP/1.1" 200 3588
147.78.103.95 - - [06/Feb/2023:00:56:31 -0500] "POST /portaldeninos//wp-login.php HTTP/1.1" 200 3588
147.78.103.95 - - [06/Feb/2023:00:56:31 -0500] "POST /portaldeninos//wp-login.php HTTP/1.1" 200 3588
147.78.103.95 - - [06/Feb/2023:00:56:31 -0500] "POST /portaldeninos//wp-login.php HTTP/1.1" 200 3588
172.22.2.4 - - [06/Feb/2023:00:56:32 -0500] "GET /BLA/boletinlegal/img/select-left.png HTTP/1.1" 200 263
172.22.2.4 - - [06/Feb/2023:00:56:32 -0500] "GET /BLA/boletinlegal/img/select-right.png HTTP/1.1" 200 44019
172.22.2.4 - - [06/Feb/2023:00:56:32 -0500] "GET /BLA/boletinlegal/img/button-left.png HTTP/1.1" 200 57071
172.22.2.4 - - [06/Feb/2023:00:56:32 -0500] "GET /BLA/boletinlegal/img/button.png HTTP/1.1" 200 43241
147.78.103.95 - - [06/Feb/2023:00:56:32 -0500] "POST /portaldeninos//wp-login.php HTTP/1.1" 200 3588
172.22.2.4 - - [06/Feb/2023:00:56:32 -0500] "GET /BLA/boletinlegal/img/button-right.png HTTP/1.1" 200 57878
147.78.103.95 - - [06/Feb/2023:00:56:32 -0500] "POST /portaldeninos//wp-login.php HTTP/1.1" 200 3588
147.78.103.95 - - [06/Feb/2023:00:56:33 -0500] "POST /portaldeninos//wp-login.php HTTP/1.1" 200 3588
147.78.103.95 - - [06/Feb/2023:00:56:33 -0500] "POST /portaldeninos//wp-login.php HTTP/1.1" 200 3588
147.78.103.95 - - [06/Feb/2023:00:56:33 -0500] "POST /portaldeninos//wp-login.php HTTP/1.1" 200 3588
147.78.103.95 - - [06/Feb/2023:00:56:34 -0500] "POST /portaldeninos//wp-login.php HTTP/1.1" 200 3588
147.78.103.95 - - [06/Feb/2023:00:56:34 -0500] "POST /portaldeninos//wp-login.php HTTP/1.1" 200 3588
147.78.103.95 - - [06/Feb/2023:00:56:35 -0500] "POST /portaldeninos//wp-login.php HTTP/1.1" 200 3588
147.78.103.95 - - [06/Feb/2023:00:56:35 -0500] "POST /portaldeninos//wp-login.php HTTP/1.1" 200 3588
147.78.103.95 - - [06/Feb/2023:00:56:35 -0500] "POST /portaldeninos//wp-login.php HTTP/1.1" 200 3588
147.78.103.95 - - [06/Feb/2023:00:56:36 -0500] "POST /portaldeninos//wp-login.php HTTP/1.1" 200 3588
147.78.103.95 - - [06/Feb/2023:00:56:36 -0500] "POST /portaldeninos//wp-login.php HTTP/1.1" 200 3588
147.78.103.95 - - [06/Feb/2023:00:56:37 -0500] "POST /portaldeninos//wp-login.php HTTP/1.1" 200 3588
147.78.103.95 - - [06/Feb/2023:00:56:37 -0500] "POST /portaldeninos//wp-login.php HTTP/1.1" 200 3588
147.78.103.95 - - [06/Feb/2023:00:56:37 -0500] "POST /portaldeninos//wp-login.php HTTP/1.1" 200 3588
147.78.103.95 - - [06/Feb/2023:00:56:38 -0500] "POST /portaldeninos//wp-login.php HTTP/1.1" 200 3588
147.78.103.95 - - [06/Feb/2023:00:56:38 -0500] "POST /portaldeninos//wp-login.php HTTP/1.1" 200 3588
147.78.103.95 - - [06/Feb/2023:00:56:38 -0500] "POST /portaldeninos//wp-login.php HTTP/1.1" 200 3588
147.78.103.95 - - [06/Feb/2023:00:56:39 -0500] "POST /portaldeninos//wp-login.php HTTP/1.1" 200 3588
147.78.103.95 - - [06/Feb/2023:00:56:39 -0500] "POST /portaldeninos//wp-login.php HTTP/1.1" 200 3588
147.78.103.95 - - [06/Feb/2023:00:56:40 -0500] "POST /portaldeninos//wp-login.php HTTP/1.1" 200 3588
147.78.103.95 - - [06/Feb/2023:00:56:40 -0500] "POST /portaldeninos//wp-login.php HTTP/1.1" 200 3588
147.78.103.95 - - [06/Feb/2023:00:56:40 -0500] "POST /portaldeninos//wp-login.php HTTP/1.1" 200 3588
147.78.103.95 - - [06/Feb/2023:00:56:41 -0500] "POST /portaldeninos//wp-login.php HTTP/1.1" 200 3588
147.78.103.95 - - [06/Feb/2023:00:56:41 -0500] "POST /portaldeninos//wp-login.php HTTP/1.1" 200 3588
147.78.103.95 - - [06/Feb/2023:00:56:42 -0500] "POST /portaldeninos//wp-login.php HTTP/1.1" 200 3588
147.78.103.95 - - [06/Feb/2023:00:56:42 -0500] "POST /portaldeninos//wp-login.php HTTP/1.1" 200 3588
147.78.103.95 - - [06/Feb/2023:00:56:42 -0500] "POST /portaldeninos//wp-login.php HTTP/1.1" 200 3588
147.78.103.95 - - [06/Feb/2023:00:56:43 -0500] "POST /portaldeninos//wp-login.php HTTP/1.1" 200 3588
147.78.103.95 - - [06/Feb/2023:00:56:43 -0500] "POST /portaldeninos//wp-login.php HTTP/1.1" 200 3588
147.78.103.95 - - [06/Feb/2023:00:56:44 -0500] "POST /portaldeninos//wp-login.php HTTP/1.1" 200 3588
147.78.103.95 - - [06/Feb/2023:00:56:44 -0500] "POST /portaldeninos//wp-login.php HTTP/1.1" 200 3588
147.78.103.95 - - [06/Feb/2023:00:56:44 -0500] "POST /portaldeninos//wp-login.php HTTP/1.1" 200 3588
147.78.103.95 - - [06/Feb/2023:00:56:45 -0500] "POST /portaldeninos//wp-login.php HTTP/1.1" 200 3588
147.78.103.95 - - [06/Feb/2023:00:56:45 -0500] "POST /portaldeninos//wp-login.php HTTP/1.1" 200 3588
147.78.103.95 - - [06/Feb/2023:00:56:46 -0500] "POST /portaldeninos//wp-login.php HTTP/1.1" 200 3588
147.78.103.95 - - [06/Feb/2023:00:56:46 -0500] "POST /portaldeninos//wp-login.php HTTP/1.1" 200 3588
147.78.103.95 - - [06/Feb/2023:00:56:46 -0500] "POST /portaldeninos//wp-login.php HTTP/1.1" 200 3588
147.78.103.95 - - [06/Feb/2023:00:56:47 -0500] "POST /portaldeninos//wp-login.php HTTP/1.1" 200 3588
147.78.103.95 - - [06/Feb/2023:00:56:47 -0500] "POST /portaldeninos//wp-login.php HTTP/1.1" 200 3588
147.78.103.95 - - [06/Feb/2023:00:56:48 -0500] "POST /portaldeninos//wp-login.php HTTP/1.1" 200 3588
147.78.103.95 - - [06/Feb/2023:00:56:48 -0500] "POST /portaldeninos//wp-login.php HTTP/1.1" 200 3588
147.78.103.95 - - [06/Feb/2023:00:56:48 -0500] "POST /portaldeninos//wp-login.php HTTP/1.1" 200 3588
147.78.103.95 - - [06/Feb/2023:00:56:49 -0500] "POST /portaldeninos//wp-login.php HTTP/1.1" 200 3588
147.78.103.95 - - [06/Feb/2023:00:56:49 -0500] "POST /portaldeninos//wp-login.php HTTP/1.1" 200 3588
147.78.103.95 - - [06/Feb/2023:00:56:50 -0500] "POST /portaldeninos//wp-login.php HTTP/1.1" 200 3588
147.78.103.95 - - [06/Feb/2023:00:56:50 -0500] "POST /portaldeninos//wp-login.php HTTP/1.1" 200 3588
147.78.103.95 - - [06/Feb/2023:00:56:50 -0500] "POST /portaldeninos//wp-login.php HTTP/1.1" 200 3588
147.78.103.95 - - [06/Feb/2023:00:56:51 -0500] "POST /portaldeninos//wp-login.php HTTP/1.1" 200 3588
147.78.103.95 - - [06/Feb/2023:00:56:51 -0500] "POST /portaldeninos//wp-login.php HTTP/1.1" 200 3588
147.78.103.95 - - [06/Feb/2023:00:56:52 -0500] "POST /portaldeninos//wp-login.php HTTP/1.1" 200 3588
147.78.103.95 - - [06/Feb/2023:00:56:52 -0500] "POST /portaldeninos//wp-login.php HTTP/1.1" 200 3588
147.78.103.95 - - [06/Feb/2023:00:56:52 -0500] "POST /portaldeninos//wp-login.php HTTP/1.1" 200 3588
147.78.103.95 - - [06/Feb/2023:00:56:53 -0500] "POST /portaldeninos//wp-login.php HTTP/1.1" 200 3588
147.78.103.95 - - [06/Feb/2023:00:56:53 -0500] "POST /portaldeninos//wp-login.php HTTP/1.1" 200 3588
147.78.103.95 - - [06/Feb/2023:00:56:53 -0500] "POST /portaldeninos//wp-login.php HTTP/1.1" 200 3588
147.78.103.95 - - [06/Feb/2023:00:56:54 -0500] "POST /portaldeninos//wp-login.php HTTP/1.1" 200 3588
147.78.103.95 - - [06/Feb/2023:00:56:54 -0500] "POST /portaldeninos//wp-login.php HTTP/1.1" 200 3588
147.78.103.95 - - [06/Feb/2023:00:56:55 -0500] "POST /portaldeninos//wp-login.php HTTP/1.1" 200 3588
147.78.103.95 - - [06/Feb/2023:00:56:55 -0500] "POST /portaldeninos//wp-login.php HTTP/1.1" 200 3588
147.78.103.95 - - [06/Feb/2023:00:56:55 -0500] "POST /portaldeninos//wp-login.php HTTP/1.1" 200 3588
147.78.103.95 - - [06/Feb/2023:00:56:56 -0500] "POST /portaldeninos//wp-login.php HTTP/1.1" 200 3588
147.78.103.95 - - [06/Feb/2023:00:56:56 -0500] "POST /portaldeninos//wp-login.php HTTP/1.1" 200 3588
147.78.103.95 - - [06/Feb/2023:00:56:57 -0500] "POST /portaldeninos//wp-login.php HTTP/1.1" 200 3588
147.78.103.95 - - [06/Feb/2023:00:56:57 -0500] "POST /portaldeninos//wp-login.php HTTP/1.1" 200 3588
147.78.103.95 - - [06/Feb/2023:00:56:57 -0500] "POST /portaldeninos//wp-login.php HTTP/1.1" 200 3588
147.78.103.95 - - [06/Feb/2023:00:56:58 -0500] "POST /portaldeninos//wp-login.php HTTP/1.1" 200 3588
147.78.103.95 - - [06/Feb/2023:00:56:58 -0500] "POST /portaldeninos//wp-login.php HTTP/1.1" 200 3588
147.78.103.95 - - [06/Feb/2023:00:56:59 -0500] "POST /portaldeninos//wp-login.php HTTP/1.1" 200 3588
147.78.103.95 - - [06/Feb/2023:00:56:59 -0500] "POST /portaldeninos//wp-login.php HTTP/1.1" 200 3588
147.78.103.95 - - [06/Feb/2023:00:56:59 -0500] "POST /portaldeninos//wp-login.php HTTP/1.1" 200 3588
147.78.103.95 - - [06/Feb/2023:00:57:00 -0500] "POST /portaldeninos//wp-login.php HTTP/1.1" 200 3588
147.78.103.95 - - [06/Feb/2023:00:57:00 -0500] "POST /portaldeninos//wp-login.php HTTP/1.1" 200 3588
147.78.103.95 - - [06/Feb/2023:00:57:01 -0500] "POST /portaldeninos//wp-login.php HTTP/1.1" 200 3588
147.78.103.95 - - [06/Feb/2023:00:57:01 -0500] "POST /portaldeninos//wp-login.php HTTP/1.1" 200 3588
147.78.103.95 - - [06/Feb/2023:00:57:01 -0500] "POST /portaldeninos//wp-login.php HTTP/1.1" 200 3588
147.78.103.95 - - [06/Feb/2023:00:57:02 -0500] "POST /portaldeninos//wp-login.php HTTP/1.1" 200 3588
147.78.103.95 - - [06/Feb/2023:00:57:02 -0500] "POST /portaldeninos//wp-login.php HTTP/1.1" 200 3588
157.55.39.117 - - [06/Feb/2023:00:57:15 -0500] "GET /bla/resoluciones/autos%202021/4488.pdf HTTP/1.1" 200 351412
157.55.39.117 - - [06/Feb/2023:00:57:16 -0500] "GET /bla/resoluciones/autos%202021/4245.pdf HTTP/1.1" 200 376515
172.22.2.4 - - [06/Feb/2023:00:55:50 -0500] "HEAD /BLA/boletinlegal/ HTTP/1.1" 200 -
172.22.2.4 - - [06/Feb/2023:00:56:40 -0500] "GET /BLA/boletinlegal/ HTTP/1.1" 200 52453
52.167.144.49 - - [06/Feb/2023:00:58:30 -0500] "GET /bla/resoluciones/autos%202021/6832.pdf HTTP/1.1" 200 390736
201.245.192.253 - - [06/Feb/2023:00:58:32 -0500] "POST /kwsrmcab/Wsrmcab  HTTP/1.1" 200 213
157.55.39.142 - - [06/Feb/2023:00:59:16 -0500] "GET /BLA/resoluciones/AUTOS%202022/1703.pdf HTTP/1.1" 200 642599
216.245.221.92 - - [06/Feb/2023:01:00:23 -0500] "HEAD / HTTP/1.1" 200 -
52.167.144.97 - - [06/Feb/2023:01:01:49 -0500] "GET /BLA/resoluciones/index.php?dir=RESOLUCIONES+2021%2F HTTP/1.1" 200 438114
40.77.167.251 - - [06/Feb/2023:01:01:56 -0500] "GET /bla/resoluciones/autos%202021/4128.pdf HTTP/1.1" 200 456583
157.55.39.117 - - [06/Feb/2023:01:02:06 -0500] "GET /bla/resoluciones/resoluciones%202022/2892.pdf HTTP/1.1" 200 2462280
52.167.144.49 - - [06/Feb/2023:01:02:20 -0500] "GET /bla/resoluciones/autos%202021/4096.pdf HTTP/1.1" 200 4914490
192.241.238.12 - - [06/Feb/2023:01:02:45 -0500] "GET / HTTP/1.1" 200 319
172.22.2.4 - - [06/Feb/2023:01:01:40 -0500] "HEAD /BLA/boletinlegal/ HTTP/1.1" 200 -
201.245.192.253 - - [06/Feb/2023:01:03:32 -0500] "POST /kwsrmcab/Wsrmcab  HTTP/1.1" 200 213
40.77.167.251 - - [06/Feb/2023:01:04:01 -0500] "GET /bla/resoluciones/autos%202021/4493.pdf HTTP/1.1" 200 539682
172.22.2.4 - - [06/Feb/2023:01:02:30 -0500] "GET /BLA/boletinlegal/ HTTP/1.1" 200 57192
216.245.221.92 - - [06/Feb/2023:01:05:23 -0500] "HEAD / HTTP/1.1" 200 -
190.29.34.192 - - [06/Feb/2023:01:05:35 -0500] "GET /appsia/controlador HTTP/1.1" 200 4799
207.46.13.10 - - [06/Feb/2023:01:05:44 -0500] "GET /bla/resoluciones/autos%202021/6049.pdf HTTP/1.1" 200 356215
190.29.34.192 - - [06/Feb/2023:01:07:15 -0500] "POST /appsia/controlador HTTP/1.1" 200 3595
190.29.34.192 - - [06/Feb/2023:01:07:15 -0500] "GET /appsia/jscripts/validarSolicitud.js HTTP/1.1" 404 68
152.61.192.232 - - [06/Feb/2023:01:07:46 -0500] "GET / HTTP/1.1" 200 319
201.245.192.253 - - [06/Feb/2023:01:08:31 -0500] "POST /kwsrmcab/Wsrmcab  HTTP/1.1" 200 213
52.167.144.49 - - [06/Feb/2023:01:08:51 -0500] "GET /bla/resoluciones/autos%202021/6390.pdf HTTP/1.1" 200 629635
172.22.2.4 - - [06/Feb/2023:01:07:30 -0500] "HEAD /BLA/boletinlegal/ HTTP/1.1" 200 -
172.22.2.4 - - [06/Feb/2023:01:08:20 -0500] "GET /BLA/boletinlegal/ HTTP/1.1" 200 52079
216.245.221.92 - - [06/Feb/2023:01:10:23 -0500] "HEAD / HTTP/1.1" 200 -
191.111.20.117 - - [06/Feb/2023:01:11:22 -0500] "GET /BLA/resoluciones/index.php?dir=RESOLUCIONES+2008%2F HTTP/1.1" 200 976272
191.111.20.117 - - [06/Feb/2023:01:11:31 -0500] "GET /BLA/resoluciones/RESOLUCIONES%202008/5041.pdf HTTP/1.1" 200 317024
201.245.192.253 - - [06/Feb/2023:01:13:30 -0500] "POST /kwsrmcab/Wsrmcab  HTTP/1.1" 200 213
191.111.20.117 - - [06/Feb/2023:01:13:38 -0500] "GET /BLA/resoluciones/index.php?dir=RESOLUCIONES+2009%2F HTTP/1.1" 200 1694101
191.111.20.117 - - [06/Feb/2023:01:13:49 -0500] "GET /BLA/resoluciones/RESOLUCIONES%202009/1153.pdf HTTP/1.1" 200 540110
52.167.144.97 - - [06/Feb/2023:01:13:58 -0500] "GET /BLA/resoluciones/AUTOS%202021/4090.pdf HTTP/1.1" 200 633569
190.29.34.192 - - [06/Feb/2023:01:14:13 -0500] "GET /appsia/controlador HTTP/1.1" 200 4799
190.29.34.192 - - [06/Feb/2023:01:14:13 -0500] "GET /appsia/controlador HTTP/1.1" 200 4799
190.29.34.192 - - [06/Feb/2023:01:14:14 -0500] "GET /appsia/css/estilos.css HTTP/1.1" 200 4804
190.29.34.192 - - [06/Feb/2023:01:14:14 -0500] "GET /appsia/scripts/validarIngreso.js HTTP/1.1" 200 851
190.29.34.192 - - [06/Feb/2023:01:14:14 -0500] "GET /appsia/css/estilos.css HTTP/1.1" 200 4804
190.29.34.192 - - [06/Feb/2023:01:14:14 -0500] "GET /appsia/scripts/validarIngreso.js HTTP/1.1" 200 851
190.29.34.192 - - [06/Feb/2023:01:14:14 -0500] "GET /appsia/images/cabezoteHojaVida.png HTTP/1.1" 200 32493
190.29.34.192 - - [06/Feb/2023:01:14:14 -0500] "GET /appsia/images/logo_bogota_p.png HTTP/1.1" 200 14951
190.29.34.192 - - [06/Feb/2023:01:14:14 -0500] "GET /favicon.ico HTTP/1.1" 200 7782
190.29.34.192 - - [06/Feb/2023:01:14:28 -0500] "GET /appsia/controlador HTTP/1.1" 200 4799
190.29.34.192 - - [06/Feb/2023:01:14:28 -0500] "GET /appsia/css/estilos.css HTTP/1.1" 200 4804
190.29.34.192 - - [06/Feb/2023:01:14:29 -0500] "GET /appsia/scripts/validarIngreso.js HTTP/1.1" 200 851
190.29.34.192 - - [06/Feb/2023:01:14:29 -0500] "GET /appsia/images/logo_bogota_p.png HTTP/1.1" 200 14951
190.29.34.192 - - [06/Feb/2023:01:14:29 -0500] "GET /appsia/images/cabezoteHojaVida.png HTTP/1.1" 200 32493
190.29.34.192 - - [06/Feb/2023:01:14:29 -0500] "GET /favicon.ico HTTP/1.1" 200 7782
34.90.182.97 - - [06/Feb/2023:01:14:42 -0500] "GET /inventario-de-emisiones-2020-transporte-publico-sitp-redujo-emisiones-de-pm-2-5-en-un-37.html HTTP/1.1" 200 925
172.22.2.4 - - [06/Feb/2023:01:13:19 -0500] "HEAD /BLA/boletinlegal/ HTTP/1.1" 200 -
190.29.34.192 - - [06/Feb/2023:01:15:09 -0500] "POST /appsia/controlador HTTP/1.1" 200 3595
190.29.34.192 - - [06/Feb/2023:01:15:09 -0500] "GET /appsia/jscripts/validarSolicitud.js HTTP/1.1" 404 68
190.29.34.192 - - [06/Feb/2023:01:15:14 -0500] "POST /appsia/controlador HTTP/1.1" 200 4799
216.245.221.92 - - [06/Feb/2023:01:15:23 -0500] "HEAD / HTTP/1.1" 200 -
190.29.34.192 - - [06/Feb/2023:01:15:43 -0500] "GET /appsia/controlador HTTP/1.1" 200 4799
172.22.2.4 - - [06/Feb/2023:01:14:10 -0500] "GET /BLA/boletinlegal/ HTTP/1.1" 200 57824
173.252.107.120 - - [06/Feb/2023:01:15:53 -0500] "GET /en-2021-aumentaron-en-un-45-los-negocios-verdes-verificados-por-la-secretaria-de-ambiente-frente-a-2020.html HTTP/1.1" 206 1042
190.29.34.192 - - [06/Feb/2023:01:16:01 -0500] "POST /appsia/controlador HTTP/1.1" 200 3595
190.29.34.192 - - [06/Feb/2023:01:16:01 -0500] "GET /appsia/jscripts/validarSolicitud.js HTTP/1.1" 404 68
190.29.34.192 - - [06/Feb/2023:01:16:02 -0500] "POST /appsia/controlador HTTP/1.1" 200 4799
190.29.34.192 - - [06/Feb/2023:01:16:39 -0500] "GET /appsia/controlador HTTP/1.1" 200 4799
190.29.34.192 - - [06/Feb/2023:01:16:39 -0500] "GET /appsia/css/estilos.css HTTP/1.1" 200 4804
190.29.34.192 - - [06/Feb/2023:01:16:39 -0500] "GET /appsia/scripts/validarIngreso.js HTTP/1.1" 200 851
190.29.34.192 - - [06/Feb/2023:01:16:40 -0500] "GET /appsia/images/logo_bogota_p.png HTTP/1.1" 200 14951
190.29.34.192 - - [06/Feb/2023:01:16:40 -0500] "GET /appsia/images/cabezoteHojaVida.png HTTP/1.1" 200 32493
190.29.34.192 - - [06/Feb/2023:01:16:40 -0500] "GET /favicon.ico HTTP/1.1" 200 7782
190.29.34.192 - - [06/Feb/2023:01:16:59 -0500] "POST /appsia/controlador HTTP/1.1" 200 3595
190.29.34.192 - - [06/Feb/2023:01:16:59 -0500] "GET /appsia/jscripts/validarSolicitud.js HTTP/1.1" 404 68
190.29.34.192 - - [06/Feb/2023:01:17:02 -0500] "POST /appsia/controlador HTTP/1.1" 200 4799
193.32.162.159 - - [06/Feb/2023:01:17:52 -0500] "GET / HTTP/1.1" 200 319
201.245.192.253 - - [06/Feb/2023:01:18:30 -0500] "POST /kwsrmcab/Wsrmcab  HTTP/1.1" 200 213
52.167.144.97 - - [06/Feb/2023:01:18:41 -0500] "GET /bla/resoluciones/autos%202021/5228.pdf HTTP/1.1" 200 440862
201.245.192.253 - - [06/Feb/2023:01:18:46 -0500] "POST /kwsrmcab/Wsrmcab HTTP/1.1" 200 41881
201.245.192.253 - - [06/Feb/2023:01:18:49 -0500] "POST /kwsrmcab/Wsrmcab HTTP/1.1" 200 42205
190.29.34.192 - - [06/Feb/2023:01:19:08 -0500] "POST /appsia/controlador HTTP/1.1" 200 3596
190.29.34.192 - - [06/Feb/2023:01:19:08 -0500] "GET /appsia/jscripts/validarSolicitud.js HTTP/1.1" 404 68
190.29.34.192 - - [06/Feb/2023:01:19:10 -0500] "POST /appsia/controlador HTTP/1.1" 200 4799
216.245.221.92 - - [06/Feb/2023:01:20:23 -0500] "HEAD / HTTP/1.1" 200 -
191.111.20.117 - - [06/Feb/2023:01:20:27 -0500] "GET /BLA/resoluciones/index.php?dir=RESOLUCIONES+2014%2F HTTP/1.1" 200 334019
172.22.2.4 - - [06/Feb/2023:01:19:09 -0500] "HEAD /BLA/boletinlegal/ HTTP/1.1" 200 -
191.111.20.117 - - [06/Feb/2023:01:21:01 -0500] "GET /BLA/resoluciones/RESOLUCIONES%202014/2412.pdf HTTP/1.1" 200 273134
172.22.2.4 - - [06/Feb/2023:01:20:00 -0500] "GET /BLA/boletinlegal/ HTTP/1.1" 200 57192
52.167.144.97 - - [06/Feb/2023:01:21:41 -0500] "GET /bla/resoluciones/autos%202015/0889.pdf HTTP/1.1" 200 484026
152.61.128.50 - - [06/Feb/2023:01:22:21 -0500] "GET / HTTP/1.1" 200 319
201.245.192.253 - - [06/Feb/2023:01:23:28 -0500] "POST /kwsrmcab/Wsrmcab  HTTP/1.1" 200 213
185.119.81.105 - - [06/Feb/2023:01:24:23 -0500] "GET /portaldeninos/wp-login.php HTTP/1.1" 200 2592
185.119.81.105 - - [06/Feb/2023:01:24:24 -0500] "POST /portaldeninos/wp-login.php HTTP/1.1" 200 3650
191.111.20.117 - - [06/Feb/2023:01:24:52 -0500] "GET /BLA/resoluciones/index.php?dir=RESOLUCIONES+2021%2F HTTP/1.1" 200 438114
52.167.144.97 - - [06/Feb/2023:01:25:00 -0500] "GET /bla/resoluciones/autos%202021/6208.pdf HTTP/1.1" 200 346543
191.111.20.117 - - [06/Feb/2023:01:25:04 -0500] "GET /BLA/resoluciones/RESOLUCIONES%202021/2537.pdf HTTP/1.1" 200 513325
216.245.221.92 - - [06/Feb/2023:01:25:23 -0500] "HEAD / HTTP/1.1" 200 -
66.249.66.80 - - [06/Feb/2023:01:25:40 -0500] "-" 408 -
52.167.144.97 - - [06/Feb/2023:01:26:28 -0500] "GET /BLA/resoluciones/AUTOS%202022/1350.pdf HTTP/1.1" 200 362871
172.22.2.4 - - [06/Feb/2023:01:24:59 -0500] "HEAD /BLA/boletinlegal/ HTTP/1.1" 200 -
207.46.13.10 - - [06/Feb/2023:01:26:58 -0500] "GET /bla/resoluciones/autos%202021/4574.pdf HTTP/1.1" 200 427629
157.55.39.142 - - [06/Feb/2023:01:27:19 -0500] "GET /bla/resoluciones/autos%202021/4711.pdf HTTP/1.1" 200 342291
172.22.2.4 - - [06/Feb/2023:01:25:50 -0500] "GET /BLA/boletinlegal/ HTTP/1.1" 200 57192
201.245.192.253 - - [06/Feb/2023:01:28:27 -0500] "POST /kwsrmcab/Wsrmcab  HTTP/1.1" 200 213
157.55.39.117 - - [06/Feb/2023:01:28:40 -0500] "GET /bla/resoluciones/autos%202021/5865.pdf HTTP/1.1" 200 355660
201.245.192.253 - - [06/Feb/2023:01:28:46 -0500] "POST /kwsrmcab/Wsrmcab HTTP/1.1" 200 41881
201.245.192.253 - - [06/Feb/2023:01:28:49 -0500] "POST /kwsrmcab/Wsrmcab HTTP/1.1" 200 42205
216.245.221.92 - - [06/Feb/2023:01:30:23 -0500] "HEAD / HTTP/1.1" 200 -
52.167.144.97 - - [06/Feb/2023:01:31:45 -0500] "GET /bla/resoluciones/autos%202021/5262.pdf HTTP/1.1" 200 400365
157.55.39.142 - - [06/Feb/2023:01:32:29 -0500] "GET /bla/resoluciones/autos%202021/4624.pdf HTTP/1.1" 200 345492
172.22.2.4 - - [06/Feb/2023:01:30:49 -0500] "HEAD /BLA/boletinlegal/ HTTP/1.1" 200 -
172.22.2.4 - - [06/Feb/2023:01:32:52 -0500] "GET /BLA/boletinlegal/actos.php HTTP/1.1" 200 9606
172.22.2.4 - - [06/Feb/2023:01:31:40 -0500] "GET /BLA/boletinlegal/ HTTP/1.1" 200 56825
201.245.192.253 - - [06/Feb/2023:01:33:25 -0500] "POST /kwsrmcab/Wsrmcab  HTTP/1.1" 200 213
207.46.13.10 - - [06/Feb/2023:01:34:17 -0500] "GET /bla/resoluciones/resoluciones%202022/2857.pdf HTTP/1.1" 200 382079
216.245.221.92 - - [06/Feb/2023:01:35:23 -0500] "HEAD / HTTP/1.1" 200 -
52.167.144.97 - - [06/Feb/2023:01:36:41 -0500] "GET /bla/resoluciones/autos%202021/5311.pdf HTTP/1.1" 200 467168
172.22.2.4 - - [06/Feb/2023:01:36:39 -0500] "HEAD /BLA/boletinlegal/ HTTP/1.1" 200 -
201.245.192.253 - - [06/Feb/2023:01:38:24 -0500] "POST /kwsrmcab/Wsrmcab  HTTP/1.1" 200 213
201.245.192.253 - - [06/Feb/2023:01:38:46 -0500] "POST /kwsrmcab/Wsrmcab HTTP/1.1" 200 41881
201.245.192.253 - - [06/Feb/2023:01:38:49 -0500] "POST /kwsrmcab/Wsrmcab HTTP/1.1" 200 42205
172.22.2.4 - - [06/Feb/2023:01:37:30 -0500] "GET /BLA/boletinlegal/ HTTP/1.1" 200 56825
52.167.144.97 - - [06/Feb/2023:01:39:51 -0500] "GET /bla/resoluciones/autos%202021/6393.pdf HTTP/1.1" 200 2106801
52.167.144.49 - - [06/Feb/2023:01:39:56 -0500] "GET /bla/resoluciones/resoluciones%202021/5436.pdf HTTP/1.1" 200 396969
216.245.221.92 - - [06/Feb/2023:01:40:23 -0500] "HEAD / HTTP/1.1" 200 -
157.55.39.129 - - [06/Feb/2023:01:42:54 -0500] "GET / HTTP/1.1" 200 319
201.245.192.253 - - [06/Feb/2023:01:43:23 -0500] "POST /kwsrmcab/Wsrmcab  HTTP/1.1" 200 213
157.55.39.117 - - [06/Feb/2023:01:44:08 -0500] "GET /bla/resoluciones/autos%202021/4419.pdf HTTP/1.1" 200 355765
172.22.2.4 - - [06/Feb/2023:01:42:29 -0500] "HEAD /BLA/boletinlegal/ HTTP/1.1" 200 -
152.61.192.232 - - [06/Feb/2023:01:44:59 -0500] "GET /arcgis/services/Calidad_del_Agua_WQI/MapServer/WMSServer?request=GetCapabilities&service=WMS HTTP/1.1" 503 1020
172.22.2.4 - - [06/Feb/2023:01:43:20 -0500] "GET /BLA/boletinlegal/ HTTP/1.1" 200 57192
152.61.192.232 - - [06/Feb/2023:01:45:00 -0500] "GET /arcgis/services/Calidad_del_Agua_WQI/MapServer/WMSServer?SERVICE=WMS&REQUEST=GetCapabilities HTTP/1.1" 503 1020
152.61.192.232 - - [06/Feb/2023:01:45:00 -0500] "GET /arcgis/services/Calidad_del_Agua_WQI/MapServer/WMSServer?WMTVER=1.0.0&REQUEST=capabilities HTTP/1.1" 503 1020
216.245.221.92 - - [06/Feb/2023:01:45:23 -0500] "HEAD / HTTP/1.1" 200 -
52.167.144.97 - - [06/Feb/2023:01:45:54 -0500] "GET /bla/resoluciones/autos%202021/5555.pdf HTTP/1.1" 200 1040598
201.245.192.253 - - [06/Feb/2023:01:48:22 -0500] "POST /kwsrmcab/Wsrmcab  HTTP/1.1" 200 213
157.55.39.142 - - [06/Feb/2023:01:49:01 -0500] "GET /bla/resoluciones/autos%202021/6350.pdf HTTP/1.1" 200 383620
172.22.2.4 - - [06/Feb/2023:01:48:19 -0500] "HEAD /BLA/boletinlegal/ HTTP/1.1" 200 -
157.55.39.142 - - [06/Feb/2023:01:50:22 -0500] "GET /bla/resoluciones/autos%202021/4424.pdf HTTP/1.1" 200 365572
216.245.221.92 - - [06/Feb/2023:01:50:23 -0500] "HEAD / HTTP/1.1" 200 -
172.22.2.4 - - [06/Feb/2023:01:49:10 -0500] "GET /BLA/boletinlegal/ HTTP/1.1" 200 58612
172.22.2.4 - - [06/Feb/2023:01:50:46 -0500] "GET /BLA/boletinlegal/ HTTP/1.1" 200 61323
207.46.13.10 - - [06/Feb/2023:01:53:09 -0500] "GET /bla/resoluciones/autos%202021/4596.pdf HTTP/1.1" 200 407108
201.245.192.253 - - [06/Feb/2023:01:53:21 -0500] "POST /kwsrmcab/Wsrmcab  HTTP/1.1" 200 213
172.22.2.4 - - [06/Feb/2023:01:52:50 -0500] "GET /BLA/boletinlegal/ HTTP/1.1" 200 24523
52.167.144.49 - - [06/Feb/2023:01:54:35 -0500] "GET /bla/resoluciones/autos%202021/6754.pdf HTTP/1.1" 200 394034
52.167.144.49 - - [06/Feb/2023:01:55:16 -0500] "GET /bla/resoluciones/autos%202021/5817.pdf HTTP/1.1" 200 337519
216.245.221.92 - - [06/Feb/2023:01:55:23 -0500] "HEAD / HTTP/1.1" 200 -
157.55.39.142 - - [06/Feb/2023:01:55:31 -0500] "GET /BLA/resoluciones/RESOLUCIONES%202008/5467.pdf HTTP/1.1" 200 228887
66.249.66.81 - - [06/Feb/2023:01:55:40 -0500] "-" 408 -
172.22.2.4 - - [06/Feb/2023:01:54:09 -0500] "HEAD /BLA/boletinlegal/ HTTP/1.1" 200 -
172.22.2.4 - - [06/Feb/2023:01:55:00 -0500] "GET /BLA/boletinlegal/ HTTP/1.1" 200 56825
201.245.192.253 - - [06/Feb/2023:01:58:19 -0500] "POST /kwsrmcab/Wsrmcab  HTTP/1.1" 200 213
172.22.2.4 - - [06/Feb/2023:01:59:00 -0500] "GET /BLA/boletinlegal/actos.php HTTP/1.1" 200 9606
179.43.177.242 - - [06/Feb/2023:01:59:50 -0500] "GET / HTTP/1.1" 200 319
216.245.221.92 - - [06/Feb/2023:02:00:23 -0500] "HEAD / HTTP/1.1" 200 -
52.167.144.97 - - [06/Feb/2023:02:00:25 -0500] "GET /bla/resoluciones/autos%202021/4776.pdf HTTP/1.1" 200 355613
172.22.2.4 - - [06/Feb/2023:01:59:59 -0500] "HEAD /BLA/boletinlegal/ HTTP/1.1" 200 -
172.22.2.4 - - [06/Feb/2023:02:00:50 -0500] "GET /BLA/boletinlegal/ HTTP/1.1" 200 56825
52.167.144.49 - - [06/Feb/2023:02:02:55 -0500] "GET /bla/resoluciones/autos%202021/5339.pdf HTTP/1.1" 200 400606
201.245.192.253 - - [06/Feb/2023:02:03:17 -0500] "POST /kwsrmcab/Wsrmcab  HTTP/1.1" 200 213
40.77.167.251 - - [06/Feb/2023:02:04:24 -0500] "GET /bla/resoluciones/autos%202021/4499.pdf HTTP/1.1" 200 1204146
52.167.144.97 - - [06/Feb/2023:02:05:04 -0500] "GET /bla/resoluciones/autos%202021/5852.pdf HTTP/1.1" 200 337198
216.245.221.92 - - [06/Feb/2023:02:05:23 -0500] "HEAD / HTTP/1.1" 200 -
66.249.66.12 - - [06/Feb/2023:02:05:29 -0500] "-" 408 -
40.77.167.251 - - [06/Feb/2023:02:06:24 -0500] "GET /BLA/resoluciones/AUTOS%202021/4886.pdf HTTP/1.1" 200 353590
207.46.13.10 - - [06/Feb/2023:02:07:11 -0500] "GET /bla/resoluciones/autos%202021/5612.pdf HTTP/1.1" 200 368221
172.22.2.4 - - [06/Feb/2023:02:05:49 -0500] "HEAD /BLA/boletinlegal/ HTTP/1.1" 200 -
66.249.66.45 - - [06/Feb/2023:02:08:04 -0500] "-" 408 -
201.245.192.253 - - [06/Feb/2023:02:08:16 -0500] "POST /kwsrmcab/Wsrmcab  HTTP/1.1" 200 213
172.22.2.4 - - [06/Feb/2023:02:06:40 -0500] "GET /BLA/boletinlegal/ HTTP/1.1" 200 56825
207.46.13.10 - - [06/Feb/2023:02:09:30 -0500] "GET /bla/resoluciones/autos%202021/5427.pdf HTTP/1.1" 200 391992
152.61.128.50 - - [06/Feb/2023:02:10:02 -0500] "GET /arcgis/services/Calidad_del_Agua_WQI/MapServer/WMSServer?request=GetCapabilities&service=WMS HTTP/1.1" 503 1020
152.61.128.50 - - [06/Feb/2023:02:10:03 -0500] "GET /arcgis/services/Calidad_del_Agua_WQI/MapServer/WMSServer?SERVICE=WMS&REQUEST=GetCapabilities HTTP/1.1" 503 1020
152.61.128.50 - - [06/Feb/2023:02:10:03 -0500] "GET /arcgis/services/Calidad_del_Agua_WQI/MapServer/WMSServer?WMTVER=1.0.0&REQUEST=capabilities HTTP/1.1" 503 1020
216.245.221.92 - - [06/Feb/2023:02:10:23 -0500] "HEAD / HTTP/1.1" 200 -
157.55.39.117 - - [06/Feb/2023:02:11:20 -0500] "GET /bla/resoluciones/autos%202021/6051.pdf HTTP/1.1" 200 359432
172.22.2.4 - - [06/Feb/2023:02:12:08 -0500] "GET /BLA/boletinlegal/robots.txt HTTP/1.1" 404 1038
172.22.2.4 - - [06/Feb/2023:02:12:12 -0500] "GET /BLA/boletinlegal/Circulares/2011/Circular%20No.%202%20del%2031%20de%20Mayo%20de%202011.pdf HTTP/1.1" 200 496778
52.167.144.49 - - [06/Feb/2023:02:12:16 -0500] "GET /bla/resoluciones/autos%202022/0450.pdf HTTP/1.1" 200 377510
201.245.192.253 - - [06/Feb/2023:02:13:14 -0500] "POST /kwsrmcab/Wsrmcab  HTTP/1.1" 200 213
172.22.2.4 - - [06/Feb/2023:02:11:39 -0500] "HEAD /BLA/boletinlegal/ HTTP/1.1" 200 -
157.55.39.117 - - [06/Feb/2023:02:13:20 -0500] "GET /bla/resoluciones/autos%202021/5866.pdf HTTP/1.1" 200 349851
172.22.2.4 - - [06/Feb/2023:02:12:30 -0500] "GET /BLA/boletinlegal/ HTTP/1.1" 200 55680
40.77.167.251 - - [06/Feb/2023:02:14:17 -0500] "GET /bla/resoluciones/autos%202021/4637.pdf HTTP/1.1" 200 620828
216.245.221.92 - - [06/Feb/2023:02:15:23 -0500] "HEAD / HTTP/1.1" 200 -
157.55.39.117 - - [06/Feb/2023:02:15:59 -0500] "GET /BLA/resoluciones/AUTOS%202021/4650.pdf HTTP/1.1" 200 342514
34.91.203.163 - - [06/Feb/2023:02:16:59 -0500] "GET /inventario-de-emisiones-2020-transporte-publico-sitp-redujo-emisiones-de-pm-2-5-en-un-37.html HTTP/1.1" 200 925
201.245.192.253 - - [06/Feb/2023:02:18:15 -0500] "POST /kwsrmcab/Wsrmcab  HTTP/1.1" 200 213
201.245.192.253 - - [06/Feb/2023:02:18:46 -0500] "POST /kwsrmcab/Wsrmcab HTTP/1.1" 200 42216
201.245.192.253 - - [06/Feb/2023:02:18:49 -0500] "POST /kwsrmcab/Wsrmcab HTTP/1.1" 200 42369
157.55.39.142 - - [06/Feb/2023:02:19:03 -0500] "GET /BLA/resoluciones/AUTOS%202021/4491.pdf HTTP/1.1" 200 385488
172.22.2.4 - - [06/Feb/2023:02:17:29 -0500] "HEAD /BLA/boletinlegal/ HTTP/1.1" 200 -
52.167.144.49 - - [06/Feb/2023:02:19:57 -0500] "GET /BLA/resoluciones/AUTOS%202018/1322.pdf HTTP/1.1" 200 295213
172.22.2.4 - - [06/Feb/2023:02:18:20 -0500] "GET /BLA/boletinlegal/ HTTP/1.1" 200 56825
157.55.39.117 - - [06/Feb/2023:02:20:22 -0500] "GET /bla/resoluciones/resoluciones%202022/3156.pdf HTTP/1.1" 200 1532644
216.245.221.92 - - [06/Feb/2023:02:20:23 -0500] "HEAD / HTTP/1.1" 200 -
35.204.205.152 - - [06/Feb/2023:02:21:50 -0500] "GET /inventario-de-emisiones-2020-transporte-publico-sitp-redujo-emisiones-de-pm-2-5-en-un-37.html HTTP/1.1" 200 925
201.245.192.253 - - [06/Feb/2023:02:23:14 -0500] "POST /kwsrmcab/Wsrmcab  HTTP/1.1" 200 213
172.22.2.4 - - [06/Feb/2023:02:24:43 -0500] "GET /BLA/boletinlegal/actos.php HTTP/1.1" 200 9606
172.22.2.4 - - [06/Feb/2023:02:23:19 -0500] "HEAD /BLA/boletinlegal/ HTTP/1.1" 200 -
216.245.221.92 - - [06/Feb/2023:02:25:23 -0500] "HEAD / HTTP/1.1" 200 -
66.249.66.79 - - [06/Feb/2023:02:25:42 -0500] "-" 408 -
172.22.2.4 - - [06/Feb/2023:02:24:10 -0500] "GET /BLA/boletinlegal/ HTTP/1.1" 200 57192
40.77.167.251 - - [06/Feb/2023:02:26:34 -0500] "GET /bla/resoluciones/resoluciones%202022/3147.pdf HTTP/1.1" 200 348524
40.77.167.251 - - [06/Feb/2023:02:26:35 -0500] "GET /bla/resoluciones/autos%202021/4111.pdf HTTP/1.1" 200 378642
52.167.144.49 - - [06/Feb/2023:02:27:59 -0500] "GET /bla/resoluciones/autos%202021/5861.pdf HTTP/1.1" 200 399728
157.55.39.117 - - [06/Feb/2023:02:28:02 -0500] "GET /bla/resoluciones/autos%202021/4106.pdf HTTP/1.1" 200 403893
52.167.144.97 - - [06/Feb/2023:02:28:02 -0500] "GET /bla/resoluciones/autos%202021/6032.pdf HTTP/1.1" 200 440839
201.245.192.253 - - [06/Feb/2023:02:28:13 -0500] "POST /kwsrmcab/Wsrmcab  HTTP/1.1" 200 213
201.245.192.253 - - [06/Feb/2023:02:28:46 -0500] "POST /kwsrmcab/Wsrmcab HTTP/1.1" 200 42216
201.245.192.253 - - [06/Feb/2023:02:28:48 -0500] "POST /kwsrmcab/Wsrmcab HTTP/1.1" 200 42369
216.245.221.92 - - [06/Feb/2023:02:30:23 -0500] "HEAD / HTTP/1.1" 200 -
172.22.2.4 - - [06/Feb/2023:02:29:09 -0500] "HEAD /BLA/boletinlegal/ HTTP/1.1" 200 -
157.55.39.117 - - [06/Feb/2023:02:31:13 -0500] "GET /bla/resoluciones/autos%202021/6415.pdf HTTP/1.1" 200 352261
172.22.2.4 - - [06/Feb/2023:02:30:00 -0500] "GET /BLA/boletinlegal/ HTTP/1.1" 200 52453
52.167.144.49 - - [06/Feb/2023:02:32:47 -0500] "GET /BLA/resoluciones/RESOLUCIONES%202022/3556.pdf HTTP/1.1" 200 354683
160.39.13.183 - - [06/Feb/2023:02:32:51 -0500] "GET /portaldeninos/wp-content/themes/betheme/style.css?ver=20.9.6 HTTP/1.1" 200 287
160.39.13.183 - - [06/Feb/2023:02:32:51 -0500] "GET /portaldeninos/wp-content/uploads/useanyfont/uaf.css?ver=1589905315 HTTP/1.1" 200 408
160.39.13.183 - - [06/Feb/2023:02:32:51 -0500] "GET /portaldeninos/wp-content/plugins/gallery-videos/CSS/totalsoft.css?ver=4.9.8 HTTP/1.1" 200 40622
160.39.13.183 - - [06/Feb/2023:02:32:51 -0500] "GET /portaldeninos/wp-content/plugins/gallery-videos/CSS/Total-Soft-Gallery-Video-Widget.css?ver=4.9.8 HTTP/1.1" 200 51554
160.39.13.183 - - [06/Feb/2023:02:32:51 -0500] "GET /portaldeninos/wp-content/themes/betheme/css/base.css?ver=20.9.6 HTTP/1.1" 200 57283
160.39.13.183 - - [06/Feb/2023:02:32:51 -0500] "GET /portaldeninos/wp-content/themes/betheme/assets/animations/animations.min.css?ver=20.9.6 HTTP/1.1" 200 58508
160.39.13.183 - - [06/Feb/2023:02:32:52 -0500] "GET /portaldeninos/wp-content/themes/betheme/assets/ui/jquery.ui.all.css?ver=20.9.6 HTTP/1.1" 200 18765
160.39.13.183 - - [06/Feb/2023:02:32:52 -0500] "GET /portaldeninos/wp-content/themes/betheme/assets/jplayer/css/jplayer.blue.monday.css?ver=20.9.6 HTTP/1.1" 200 9834
160.39.13.183 - - [06/Feb/2023:02:32:51 -0500] "GET /portaldeninos/wp-content/themes/betheme/css/layout.css?ver=20.9.6 HTTP/1.1" 200 116639
160.39.13.183 - - [06/Feb/2023:02:32:52 -0500] "GET /portaldeninos/wp-includes/js/jquery/jquery-migrate.min.js?ver=1.4.1 HTTP/1.1" 200 10056
160.39.13.183 - - [06/Feb/2023:02:32:52 -0500] "GET /portaldeninos/wp-content/themes/betheme/css/responsive.css?ver=20.9.6 HTTP/1.1" 200 55740
160.39.13.183 - - [06/Feb/2023:02:32:52 -0500] "GET /portaldeninos/wp-includes/js/jquery/ui/core.min.js?ver=1.11.4 HTTP/1.1" 200 4000
160.39.13.183 - - [06/Feb/2023:02:32:52 -0500] "GET /portaldeninos/wp-content/plugins/google-analytics-for-wordpress/assets/js/frontend-gtag.min.js?ver=8.5.0 HTTP/1.1" 200 11801
160.39.13.183 - - [06/Feb/2023:02:32:51 -0500] "GET /portaldeninos/wp-content/themes/betheme/css/shortcodes.css?ver=20.9.6 HTTP/1.1" 200 138889
160.39.13.183 - - [06/Feb/2023:02:32:52 -0500] "GET /portaldeninos/wp-content/plugins/gallery-videos/JS/modernizr.custom.js?ver=4.9.8 HTTP/1.1" 200 9019
160.39.13.183 - - [06/Feb/2023:02:32:53 -0500] "GET /portaldeninos/wp-includes/js/jquery/ui/mouse.min.js?ver=1.11.4 HTTP/1.1" 200 3148
160.39.13.183 - - [06/Feb/2023:02:32:53 -0500] "GET /portaldeninos/wp-includes/js/jquery/ui/widget.min.js?ver=1.11.4 HTTP/1.1" 200 6908
160.39.13.183 - - [06/Feb/2023:02:32:52 -0500] "GET /portaldeninos/wp-includes/js/jquery/jquery.js?ver=1.12.4 HTTP/1.1" 200 97184
160.39.13.183 - - [06/Feb/2023:02:32:53 -0500] "GET /portaldeninos/wp-includes/js/jquery/ui/tabs.min.js?ver=1.11.4 HTTP/1.1" 200 12110
160.39.13.183 - - [06/Feb/2023:02:32:53 -0500] "GET /portaldeninos/wp-includes/js/jquery/ui/accordion.min.js?ver=1.11.4 HTTP/1.1" 200 8584
160.39.13.183 - - [06/Feb/2023:02:32:53 -0500] "GET /portaldeninos/wp-content/themes/betheme/js/menu.js?ver=20.9.6 HTTP/1.1" 200 2449
160.39.13.183 - - [06/Feb/2023:02:32:53 -0500] "GET /portaldeninos/wp-content/themes/betheme/assets/animations/animations.min.js?ver=20.9.6 HTTP/1.1" 200 1896
160.39.13.183 - - [06/Feb/2023:02:32:53 -0500] "GET /portaldeninos/wp-includes/js/jquery/ui/sortable.min.js?ver=1.11.4 HTTP/1.1" 200 24899
160.39.13.183 - - [06/Feb/2023:02:32:53 -0500] "GET /portaldeninos/wp-content/plugins/gallery-videos/JS/Total-Soft-Gallery-Video-Widget.js?ver=4.9.8 HTTP/1.1" 200 80264
160.39.13.183 - - [06/Feb/2023:02:32:53 -0500] "GET /portaldeninos/wp-includes/js/wp-embed.min.js?ver=4.9.8 HTTP/1.1" 200 1398
160.39.13.183 - - [06/Feb/2023:02:32:53 -0500] "GET /portaldeninos/wp-includes/js/wp-emoji-release.min.js?ver=4.9.8 HTTP/1.1" 200 12026
160.39.13.183 - - [06/Feb/2023:02:32:53 -0500] "GET /portaldeninos/wp-content/themes/betheme/assets/jplayer/jplayer.min.js?ver=20.9.6 HTTP/1.1" 200 52702
160.39.13.183 - - [06/Feb/2023:02:32:53 -0500] "GET /portaldeninos/wp-content/themes/betheme/images/box_shadow.png HTTP/1.1" 200 108
160.39.13.183 - - [06/Feb/2023:02:32:53 -0500] "GET /portaldeninos/wp-content/themes/betheme/js/scripts.js?ver=20.9.6 HTTP/1.1" 200 77162
160.39.13.183 - - [06/Feb/2023:02:32:53 -0500] "GET /portaldeninos/wp-content/themes/betheme/js/plugins.js?ver=20.9.6 HTTP/1.1" 200 197151
160.39.13.183 - - [06/Feb/2023:02:32:53 -0500] "GET /portaldeninos/wp-content/themes/betheme/fonts/mfn-icons.woff?93978679 HTTP/1.1" 200 80932
160.39.13.183 - - [06/Feb/2023:02:32:54 -0500] "GET /portaldeninos/wp-content/themes/betheme/fonts/mfn-icons.ttf?93978679 HTTP/1.1" 200 90577
201.245.192.253 - - [06/Feb/2023:02:33:12 -0500] "POST /kwsrmcab/Wsrmcab  HTTP/1.1" 200 213
172.22.2.4 - - [06/Feb/2023:02:34:15 -0500] "GET /BLA/boletinlegal/images/arr_r.jpg HTTP/1.1" 304 -
216.245.221.92 - - [06/Feb/2023:02:35:23 -0500] "HEAD / HTTP/1.1" 200 -
157.55.39.142 - - [06/Feb/2023:02:36:14 -0500] "GET /BLA/resoluciones/AUTOS%202022/1382.pdf HTTP/1.1" 200 404345
172.22.2.4 - - [06/Feb/2023:02:34:59 -0500] "HEAD /BLA/boletinlegal/ HTTP/1.1" 200 -
114.119.135.73 - - [06/Feb/2023:02:36:54 -0500] "GET /portaldeninos/wp-content/themes/betheme/style.css?ver=20.9.6 HTTP/1.1" 200 287
114.119.135.73 - - [06/Feb/2023:02:36:49 -0500] "GET /portaldeninos/wp-includes/js/wp-emoji-release.min.js?ver=4.9.8 HTTP/1.1" 200 12026
114.119.135.73 - - [06/Feb/2023:02:36:54 -0500] "GET /portaldeninos/wp-content/plugins/gallery-videos/CSS/totalsoft.css?ver=4.9.8 HTTP/1.1" 200 40622
