20.226.50.215 - - [10/Feb/2023:02:30:33 -0500] "GET /up.php7 HTTP/1.1" 404 1150
20.226.50.215 - - [10/Feb/2023:02:30:34 -0500] "GET /upload.php HTTP/1.1" 404 1150
20.226.50.215 - - [10/Feb/2023:02:30:35 -0500] "GET /uploader.php HTTP/1.1" 404 1150
20.226.50.215 - - [10/Feb/2023:02:30:35 -0500] "GET /ups.php HTTP/1.1" 404 1150
20.226.50.215 - - [10/Feb/2023:02:30:36 -0500] "GET /v.php HTTP/1.1" 404 1150
20.226.50.215 - - [10/Feb/2023:02:30:37 -0500] "GET /v3.php HTTP/1.1" 404 1150
20.226.50.215 - - [10/Feb/2023:02:30:38 -0500] "GET /v5.php HTTP/1.1" 404 1150
20.226.50.215 - - [10/Feb/2023:02:30:38 -0500] "GET /vuln.php HTTP/1.1" 404 1150
20.226.50.215 - - [10/Feb/2023:02:30:39 -0500] "GET /webadmin.php HTTP/1.1" 404 1150
20.226.50.215 - - [10/Feb/2023:02:30:40 -0500] "GET /wi.php HTTP/1.1" 404 1150
20.226.50.215 - - [10/Feb/2023:02:30:40 -0500] "GET /wikindex.php HTTP/1.1" 404 1150
20.226.50.215 - - [10/Feb/2023:02:30:41 -0500] "GET /wp.php HTTP/1.1" 404 1150
20.226.50.215 - - [10/Feb/2023:02:30:42 -0500] "GET /wp-ad.php HTTP/1.1" 404 1150
20.226.50.215 - - [10/Feb/2023:02:30:42 -0500] "GET /wp-admin.php HTTP/1.1" 404 1150
20.226.50.215 - - [10/Feb/2023:02:30:43 -0500] "GET /wp-admin/deadcode1975xxxxxxxxxxxxxxxxxxxxxxxxxxxx.php%20=%20%3E%3E%20shell%20no%20work HTTP/1.1" 404 1150
20.226.50.215 - - [10/Feb/2023:02:30:44 -0500] "GET /wp-configer.php HTTP/1.1" 404 1150
20.226.50.215 - - [10/Feb/2023:02:30:44 -0500] "GET /wp-confirm.php HTTP/1.1" 404 1150
20.226.50.215 - - [10/Feb/2023:02:30:45 -0500] "GET /wp-content/deadcode1975xxxxxxxxxxxxxxxxxxxxxxxxxxxx.php%20=%20%3E%3E%20shell%20no%20work HTTP/1.1" 404 1150
20.226.50.215 - - [10/Feb/2023:02:30:46 -0500] "GET /wp-content/fw.php HTTP/1.1" 404 1150
20.226.50.215 - - [10/Feb/2023:02:30:46 -0500] "GET /wp-one.php HTTP/1.1" 404 1150
20.226.50.215 - - [10/Feb/2023:02:30:47 -0500] "GET /wp-wso.php HTTP/1.1" 404 1150
20.226.50.215 - - [10/Feb/2023:02:30:48 -0500] "GET /ws.php HTTP/1.1" 404 1150
20.226.50.215 - - [10/Feb/2023:02:30:49 -0500] "GET /wso.php HTTP/1.1" 404 1150
20.226.50.215 - - [10/Feb/2023:02:30:49 -0500] "GET /wso1.php HTTP/1.1" 404 1150
20.226.50.215 - - [10/Feb/2023:02:30:50 -0500] "GET /wso1337.phpwso.php HTTP/1.1" 404 1150
20.226.50.215 - - [10/Feb/2023:02:30:51 -0500] "GET /www.php HTTP/1.1" 404 1150
20.226.50.215 - - [10/Feb/2023:02:30:51 -0500] "GET /x.php HTTP/1.1" 404 1150
20.226.50.215 - - [10/Feb/2023:02:30:52 -0500] "GET /xl.php HTTP/1.1" 404 1150
20.226.50.215 - - [10/Feb/2023:02:30:53 -0500] "GET /xleet.php HTTP/1.1" 404 1150
20.226.50.215 - - [10/Feb/2023:02:30:53 -0500] "GET /xox.php HTTP/1.1" 404 1150
20.226.50.215 - - [10/Feb/2023:02:30:54 -0500] "GET /xx.php HTTP/1.1" 404 1150
20.226.50.215 - - [10/Feb/2023:02:30:55 -0500] "GET /xxx.php HTTP/1.1" 404 1150
20.226.50.215 - - [10/Feb/2023:02:30:55 -0500] "GET /y.php HTTP/1.1" 404 1150
20.226.50.215 - - [10/Feb/2023:02:30:56 -0500] "GET /z.php HTTP/1.1" 404 1150
157.55.39.117 - - [10/Feb/2023:02:31:10 -0500] "GET /BLA/resoluciones/AUTOS%202021/0678.pdf HTTP/1.1" 200 368993
157.55.39.142 - - [10/Feb/2023:02:31:15 -0500] "GET /bla/resoluciones/autos%202021/2023.pdf HTTP/1.1" 200 344587
157.55.39.142 - - [10/Feb/2023:02:31:15 -0500] "GET /galeria/nivo-slider/nivo-slider.css HTTP/1.1" 200 1507
173.252.107.118 - - [10/Feb/2023:02:31:40 -0500] "GET /la-moda-circular-es-tendencia-nueva-apuesta-para-avanzar-en-la-sostenibilidad-del-sector-en-bogota.html HTTP/1.1" 206 796
201.245.192.253 - - [10/Feb/2023:02:32:07 -0500] "POST /kwsrmcab/Wsrmcab  HTTP/1.1" 200 213
216.245.221.92 - - [10/Feb/2023:02:32:52 -0500] "HEAD / HTTP/1.1" 200 -
172.22.2.4 - - [10/Feb/2023:02:33:26 -0500] "GET /BLA/boletinlegal/style.css HTTP/1.1" 200 9406
40.77.167.251 - - [10/Feb/2023:02:33:28 -0500] "GET /bla/resoluciones/autos%202021/0507.pdf HTTP/1.1" 200 418367
172.22.2.4 - - [10/Feb/2023:02:33:16 -0500] "HEAD /BLA/boletinlegal/ HTTP/1.1" 200 -
52.167.144.49 - - [10/Feb/2023:02:35:38 -0500] "GET /bla/resoluciones/autos%202021/1880.pdf HTTP/1.1" 200 365322
172.22.2.4 - - [10/Feb/2023:02:34:07 -0500] "GET /BLA/boletinlegal/ HTTP/1.1" 200 59035
157.55.39.117 - - [10/Feb/2023:02:36:21 -0500] "GET /BLA/resoluciones/AUTOS%202021/1630.pdf HTTP/1.1" 200 487421
52.167.144.97 - - [10/Feb/2023:02:36:30 -0500] "GET /BLA/resoluciones/AUTOS%202018/4878.pdf HTTP/1.1" 200 434200
172.22.2.4 - - [10/Feb/2023:02:36:45 -0500] "GET /BLA/boletinlegal/Directivas/2011/Directiva%20No.%204%20del%2028%20de%20Junio%20de%202011.pdf HTTP/1.1" 200 960158
201.245.192.253 - - [10/Feb/2023:02:37:06 -0500] "POST /kwsrmcab/Wsrmcab  HTTP/1.1" 200 213
173.252.107.16 - - [10/Feb/2023:02:37:29 -0500] "GET /secretaria-de-ambiente-rescata-perezoso-y-lo-traslada-al-departamento-de-antioquia-para-su-rehabilitacion.html HTTP/1.1" 206 1059
216.245.221.92 - - [10/Feb/2023:02:37:52 -0500] "HEAD / HTTP/1.1" 200 -
201.245.192.253 - - [10/Feb/2023:02:38:27 -0500] "POST /kwsrmcab/Wsrmcab HTTP/1.1" 200 41579
201.245.192.253 - - [10/Feb/2023:02:38:31 -0500] "POST /kwsrmcab/Wsrmcab HTTP/1.1" 200 41075
157.55.39.117 - - [10/Feb/2023:02:39:32 -0500] "GET /bla/resoluciones/autos%202021/0805.pdf HTTP/1.1" 200 952583
172.22.2.4 - - [10/Feb/2023:02:39:06 -0500] "HEAD /BLA/boletinlegal/ HTTP/1.1" 200 -
172.22.2.4 - - [10/Feb/2023:02:39:57 -0500] "GET /BLA/boletinlegal/ HTTP/1.1" 200 53739
172.22.2.4 - - [10/Feb/2023:02:41:58 -0500] "GET /BLA/boletinlegal/actos.php HTTP/1.1" 200 9606
201.245.192.253 - - [10/Feb/2023:02:42:05 -0500] "POST /kwsrmcab/Wsrmcab  HTTP/1.1" 200 213
212.81.180.220 - - [10/Feb/2023:02:42:30 -0500] "GET /BLA/resoluciones/RESOLUCIONES%202022/2944.pdf HTTP/1.1" 200 472171
212.81.180.220 - - [10/Feb/2023:02:42:30 -0500] "GET /favicon.ico HTTP/1.1" 200 7782
216.245.221.92 - - [10/Feb/2023:02:42:52 -0500] "HEAD / HTTP/1.1" 200 -
79.110.72.3 - - [10/Feb/2023:02:45:00 -0500] "GET /BLA/resoluciones/AUTOS%202022/1833.pdf HTTP/1.1" 200 408562
157.55.39.117 - - [10/Feb/2023:02:45:33 -0500] "GET /bla/resoluciones/autos%202021/0544.pdf HTTP/1.1" 200 344726
172.22.2.4 - - [10/Feb/2023:02:44:56 -0500] "HEAD /BLA/boletinlegal/ HTTP/1.1" 200 -
52.167.144.97 - - [10/Feb/2023:02:47:01 -0500] "GET /bla/resoluciones/autos%202021/0517.pdf HTTP/1.1" 200 756010
201.245.192.253 - - [10/Feb/2023:02:47:04 -0500] "POST /kwsrmcab/Wsrmcab  HTTP/1.1" 200 213
172.22.2.4 - - [10/Feb/2023:02:45:47 -0500] "GET /BLA/boletinlegal/ HTTP/1.1" 200 57192
216.245.221.92 - - [10/Feb/2023:02:47:52 -0500] "HEAD / HTTP/1.1" 200 -
157.55.39.117 - - [10/Feb/2023:02:49:13 -0500] "GET /BLA/resoluciones/AUTOS%202018/3308.pdf HTTP/1.1" 200 305832
109.237.97.180 - - [10/Feb/2023:02:49:24 -0500] "GET /.env HTTP/1.1" 404 1018
109.237.97.180 - - [10/Feb/2023:02:49:24 -0500] "\x16\x03\x01\x01H\x01" 400 226
157.55.39.142 - - [10/Feb/2023:02:50:32 -0500] "GET /BLA/resoluciones/AUTOS%202021/0229.pdf HTTP/1.1" 200 532238
162.55.171.138 - - [10/Feb/2023:02:51:03 -0500] "GET / HTTP/1.1" 200 319
162.55.171.138 - - [10/Feb/2023:02:51:04 -0500] "GET / HTTP/1.1" 200 4720
201.245.192.253 - - [10/Feb/2023:02:52:03 -0500] "POST /kwsrmcab/Wsrmcab  HTTP/1.1" 200 213
172.22.2.4 - - [10/Feb/2023:02:50:46 -0500] "HEAD /BLA/boletinlegal/ HTTP/1.1" 200 -
216.245.221.92 - - [10/Feb/2023:02:52:52 -0500] "HEAD / HTTP/1.1" 200 -
172.22.2.4 - - [10/Feb/2023:02:51:37 -0500] "GET /BLA/boletinlegal/ HTTP/1.1" 200 59404
157.55.39.142 - - [10/Feb/2023:02:53:23 -0500] "GET /BLA/resoluciones/AUTOS%202021/0856.pdf HTTP/1.1" 200 324056
52.167.144.49 - - [10/Feb/2023:02:53:30 -0500] "GET /bla/resoluciones/autos%202021/0325.pdf HTTP/1.1" 200 469492
51.222.42.127 - - [10/Feb/2023:02:54:43 -0500] "GET /auambari-deleito-con-sus-sonidos-ambientales-a-los-asistentes-de-fima-2021.html HTTP/1.1" 200 888
185.119.81.99 - - [10/Feb/2023:02:54:52 -0500] "GET /portaldeninos/wp-login.php HTTP/1.1" 200 2592
185.119.81.99 - - [10/Feb/2023:02:54:53 -0500] "POST /portaldeninos/wp-login.php HTTP/1.1" 200 3670
66.249.72.95 - - [10/Feb/2023:02:56:29 -0500] "-" 408 -
201.245.192.253 - - [10/Feb/2023:02:57:02 -0500] "POST /kwsrmcab/Wsrmcab  HTTP/1.1" 200 213
52.167.144.97 - - [10/Feb/2023:02:57:11 -0500] "GET /BLA/resoluciones/AUTOS%202022/1350.pdf HTTP/1.1" 200 362871
216.245.221.92 - - [10/Feb/2023:02:57:52 -0500] "HEAD / HTTP/1.1" 200 -
172.22.2.4 - - [10/Feb/2023:02:56:36 -0500] "HEAD /BLA/boletinlegal/ HTTP/1.1" 200 -
52.167.144.97 - - [10/Feb/2023:02:58:41 -0500] "GET /bla/resoluciones/autos%202021/0536.pdf HTTP/1.1" 200 342642
172.22.2.4 - - [10/Feb/2023:02:57:27 -0500] "GET /BLA/boletinlegal/ HTTP/1.1" 200 58185
207.46.13.10 - - [10/Feb/2023:02:59:39 -0500] "GET /BLA/resoluciones/AUTOS%202021/0531.pdf HTTP/1.1" 200 340917
157.55.39.142 - - [10/Feb/2023:02:59:45 -0500] "GET /bla/resoluciones/autos%202021/2166.pdf HTTP/1.1" 200 740726
52.167.144.49 - - [10/Feb/2023:03:00:49 -0500] "GET /BLA/resoluciones/AUTOS%202021/1309.pdf HTTP/1.1" 200 335033
31.13.103.2 - - [10/Feb/2023:03:01:34 -0500] "GET /images/vertimiento-Comprimida%20(1).png HTTP/1.1" 200 22870
31.13.103.116 - - [10/Feb/2023:03:01:34 -0500] "GET /images/Secretarias%20Fondo%20carga%206%20de%20febrero.jpeg HTTP/1.1" 200 55460
40.88.21.235 - - [10/Feb/2023:03:01:58 -0500] "GET / HTTP/1.1" 200 319
40.88.21.235 - - [10/Feb/2023:03:01:58 -0500] "GET /favicon.ico HTTP/1.1" 200 7782
201.245.192.253 - - [10/Feb/2023:03:02:00 -0500] "POST /kwsrmcab/Wsrmcab  HTTP/1.1" 200 213
216.245.221.92 - - [10/Feb/2023:03:02:52 -0500] "HEAD / HTTP/1.1" 200 -
34.141.135.28 - - [10/Feb/2023:03:03:11 -0500] "GET /inventario-de-emisiones-2020-transporte-publico-sitp-redujo-emisiones-de-pm-2-5-en-un-37.html HTTP/1.1" 200 925
172.22.2.4 - - [10/Feb/2023:03:03:48 -0500] "GET /BLA/boletinlegal/Circulares/2012/Circular%20No.%208%20del%2021%20de%20Agosto%20de%202012.pdf HTTP/1.1" 304 -
172.22.2.4 - - [10/Feb/2023:03:02:26 -0500] "HEAD /BLA/boletinlegal/ HTTP/1.1" 200 -
52.167.144.97 - - [10/Feb/2023:03:04:14 -0500] "GET /BLA/resoluciones/index.php?dir=RESOLUCIONES+2021%2F HTTP/1.1" 200 438284
172.22.2.4 - - [10/Feb/2023:03:03:17 -0500] "GET /BLA/boletinlegal/ HTTP/1.1" 200 57192
157.55.39.117 - - [10/Feb/2023:03:06:14 -0500] "GET /bla/resoluciones/autos%202021/1427.pdf HTTP/1.1" 200 344998
201.245.192.253 - - [10/Feb/2023:03:07:00 -0500] "POST /kwsrmcab/Wsrmcab  HTTP/1.1" 200 213
216.245.221.92 - - [10/Feb/2023:03:07:52 -0500] "HEAD / HTTP/1.1" 200 -
207.46.13.10 - - [10/Feb/2023:03:08:59 -0500] "GET /BLA/resoluciones/RESOLUCIONES%202004/RES%202004%202101-2150/00002112.tif HTTP/1.1" 200 109744
172.22.2.4 - - [10/Feb/2023:03:08:16 -0500] "HEAD /BLA/boletinlegal/ HTTP/1.1" 200 -
193.43.146.49 - - [10/Feb/2023:03:10:44 -0500] "GET /BLA/resoluciones/AUTOS%202021/2080.pdf HTTP/1.1" 200 374004
193.43.146.49 - - [10/Feb/2023:03:10:45 -0500] "GET /BLA/resoluciones/AUTOS%202022/0310.pdf HTTP/1.1" 200 374690
172.22.2.4 - - [10/Feb/2023:03:09:07 -0500] "GET /BLA/boletinlegal/ HTTP/1.1" 200 59404
185.119.81.99 - - [10/Feb/2023:03:10:59 -0500] "GET /portaldeninos/wp-login.php HTTP/1.1" 200 2592
185.119.81.99 - - [10/Feb/2023:03:11:00 -0500] "POST /portaldeninos/wp-login.php HTTP/1.1" 200 3650
201.245.192.253 - - [10/Feb/2023:03:11:59 -0500] "POST /kwsrmcab/Wsrmcab  HTTP/1.1" 200 213
114.119.154.11 - - [10/Feb/2023:03:12:05 -0500] "-" 408 -
216.245.221.92 - - [10/Feb/2023:03:12:52 -0500] "HEAD / HTTP/1.1" 200 -
172.105.128.12 - - [10/Feb/2023:03:13:15 -0500] "GET / HTTP/1.1" 200 319
40.77.167.251 - - [10/Feb/2023:03:14:00 -0500] "GET /sipse/faces/faces/autenticacion.xhtml HTTP/1.1" 200 12503
172.22.2.4 - - [10/Feb/2023:03:14:06 -0500] "HEAD /BLA/boletinlegal/ HTTP/1.1" 200 -
52.167.144.49 - - [10/Feb/2023:03:16:02 -0500] "GET /bla/resoluciones/autos%202021/0794.pdf HTTP/1.1" 200 472927
172.22.2.4 - - [10/Feb/2023:03:14:56 -0500] "GET /BLA/boletinlegal/ HTTP/1.1" 200 59404
66.249.72.67 - - [10/Feb/2023:03:16:50 -0500] "-" 408 -
201.245.192.253 - - [10/Feb/2023:03:16:58 -0500] "POST /kwsrmcab/Wsrmcab  HTTP/1.1" 200 213
216.245.221.92 - - [10/Feb/2023:03:17:52 -0500] "HEAD / HTTP/1.1" 200 -
201.245.192.253 - - [10/Feb/2023:03:18:26 -0500] "POST /kwsrmcab/Wsrmcab HTTP/1.1" 200 41732
172.22.2.4 - - [10/Feb/2023:03:18:31 -0500] "GET /BLA/boletinlegal/favicon.ico HTTP/1.1" 404 1018
40.77.167.251 - - [10/Feb/2023:03:18:31 -0500] "GET /BLA/resoluciones/AUTOS%202021/1673.pdf HTTP/1.1" 200 410158
201.245.192.253 - - [10/Feb/2023:03:18:30 -0500] "POST /kwsrmcab/Wsrmcab HTTP/1.1" 200 41075
172.22.2.4 - - [10/Feb/2023:03:18:34 -0500] "GET /BLA/boletinlegal/robots.txt HTTP/1.1" 404 1018
172.22.2.4 - - [10/Feb/2023:03:18:41 -0500] "GET /BLA/boletinlegal/.well-known/security.txt HTTP/1.1" 404 1018
172.22.2.4 - - [10/Feb/2023:03:18:02 -0500] "GET /BLA/boletinlegal/ HTTP/1.1" 200 36811
172.22.2.4 - - [10/Feb/2023:03:19:56 -0500] "HEAD /BLA/boletinlegal/ HTTP/1.1" 200 -
52.167.144.31 - - [10/Feb/2023:03:21:56 -0500] "GET /portaldeninos/wp-content/uploads/2021/07/Banners-p%C3%A1gina-de-ni%C3%B1os7-50x2.jpg HTTP/1.1" 404 75240
201.245.192.253 - - [10/Feb/2023:03:21:57 -0500] "POST /kwsrmcab/Wsrmcab  HTTP/1.1" 200 213
172.22.2.4 - - [10/Feb/2023:03:20:46 -0500] "GET /BLA/boletinlegal/ HTTP/1.1" 200 56825
216.245.221.92 - - [10/Feb/2023:03:22:52 -0500] "HEAD / HTTP/1.1" 200 -
207.46.13.10 - - [10/Feb/2023:03:23:41 -0500] "GET /BLA/resoluciones/AUTOS%202021/0637.pdf HTTP/1.1" 200 426829
66.249.72.95 - - [10/Feb/2023:03:26:31 -0500] "-" 408 -
201.245.192.253 - - [10/Feb/2023:03:26:56 -0500] "POST /kwsrmcab/Wsrmcab  HTTP/1.1" 200 213
172.22.2.4 - - [10/Feb/2023:03:25:46 -0500] "HEAD /BLA/boletinlegal/ HTTP/1.1" 200 -
216.245.221.92 - - [10/Feb/2023:03:27:52 -0500] "HEAD / HTTP/1.1" 200 -
172.22.2.4 - - [10/Feb/2023:03:26:37 -0500] "GET /BLA/boletinlegal/ HTTP/1.1" 200 57192
201.245.192.253 - - [10/Feb/2023:03:28:27 -0500] "POST /kwsrmcab/Wsrmcab HTTP/1.1" 200 41732
201.245.192.253 - - [10/Feb/2023:03:28:31 -0500] "POST /kwsrmcab/Wsrmcab HTTP/1.1" 200 41075
201.245.192.253 - - [10/Feb/2023:03:31:55 -0500] "POST /kwsrmcab/Wsrmcab  HTTP/1.1" 200 213
52.167.144.31 - - [10/Feb/2023:03:32:27 -0500] "GET /portaldeninos/aula-ambiental-artistica-itinerante-auambari/ HTTP/1.1" 200 89306
52.167.144.30 - - [10/Feb/2023:03:32:43 -0500] "GET /portaldeninos/wp-content/plugins/gallery-videos/CSS/totalsoft.css?ver=4.9.8 HTTP/1.1" 200 40622
52.167.144.30 - - [10/Feb/2023:03:32:43 -0500] "GET /portaldeninos/wp-content/themes/betheme/assets/ui/jquery.ui.all.css?ver=20.9.6 HTTP/1.1" 200 18765
52.167.144.30 - - [10/Feb/2023:03:32:43 -0500] "GET /portaldeninos/wp-content/themes/betheme/css/layout.css?ver=20.9.6 HTTP/1.1" 200 116639
52.167.144.30 - - [10/Feb/2023:03:32:43 -0500] "GET /portaldeninos/wp-content/themes/betheme/js/scripts.js?ver=20.9.6 HTTP/1.1" 200 77162
52.167.144.30 - - [10/Feb/2023:03:32:44 -0500] "GET /portaldeninos/wp-content/uploads/useanyfont/uaf.css?ver=1589905315 HTTP/1.1" 200 408
52.167.144.30 - - [10/Feb/2023:03:32:44 -0500] "GET /portaldeninos/wp-includes/js/jquery/jquery.js?ver=1.12.4 HTTP/1.1" 200 97184
52.167.144.31 - - [10/Feb/2023:03:32:47 -0500] "GET /portaldeninos/wp-content/themes/betheme/assets/animations/animations.min.js?ver=20.9.6 HTTP/1.1" 200 1896
157.55.39.82 - - [10/Feb/2023:03:32:46 -0500] "GET /portaldeninos/wp-content/themes/betheme/assets/jplayer/jplayer.min.js?ver=20.9.6 HTTP/1.1" 200 52702
40.77.167.226 - - [10/Feb/2023:03:32:48 -0500] "GET /portaldeninos/wp-content/themes/betheme/js/menu.js?ver=20.9.6 HTTP/1.1" 200 2449
40.77.167.226 - - [10/Feb/2023:03:32:48 -0500] "GET /portaldeninos/wp-includes/js/jquery/ui/mouse.min.js?ver=1.11.4 HTTP/1.1" 200 3148
40.77.167.226 - - [10/Feb/2023:03:32:49 -0500] "GET /portaldeninos/wp-includes/js/jquery/ui/tabs.min.js?ver=1.11.4 HTTP/1.1" 200 12110
40.77.167.226 - - [10/Feb/2023:03:32:49 -0500] "GET /portaldeninos/wp-includes/js/jquery/ui/widget.min.js?ver=1.11.4 HTTP/1.1" 200 6908
157.55.39.41 - - [10/Feb/2023:03:32:50 -0500] "GET /portaldeninos/wp-content/plugins/gallery-videos/JS/Total-Soft-Gallery-Video-Widget.js?ver=4.9.8 HTTP/1.1" 200 80264
216.245.221.92 - - [10/Feb/2023:03:32:52 -0500] "HEAD / HTTP/1.1" 200 -
157.55.39.129 - - [10/Feb/2023:03:32:54 -0500] "GET /portaldeninos/wp-content/plugins/gallery-videos/CSS/Total-Soft-Gallery-Video-Widget.css?ver=4.9.8 HTTP/1.1" 200 51554
157.55.39.129 - - [10/Feb/2023:03:32:54 -0500] "GET /portaldeninos/wp-content/plugins/gallery-videos/JS/modernizr.custom.js?ver=4.9.8 HTTP/1.1" 200 9019
157.55.39.129 - - [10/Feb/2023:03:32:55 -0500] "GET /portaldeninos/wp-content/themes/betheme/assets/jplayer/css/jplayer.blue.monday.css?ver=20.9.6 HTTP/1.1" 200 9834
157.55.39.129 - - [10/Feb/2023:03:32:55 -0500] "GET /portaldeninos/wp-content/themes/betheme/css/base.css?ver=20.9.6 HTTP/1.1" 200 57283
157.55.39.129 - - [10/Feb/2023:03:32:55 -0500] "GET /portaldeninos/wp-content/themes/betheme/css/responsive.css?ver=20.9.6 HTTP/1.1" 200 55740
157.55.39.129 - - [10/Feb/2023:03:32:55 -0500] "GET /portaldeninos/wp-includes/js/jquery/jquery-migrate.min.js?ver=1.4.1 HTTP/1.1" 200 10056
157.55.39.82 - - [10/Feb/2023:03:32:59 -0500] "GET /portaldeninos/wp-content/themes/betheme/js/plugins.js?ver=20.9.6 HTTP/1.1" 200 197151
157.55.39.82 - - [10/Feb/2023:03:33:00 -0500] "GET /portaldeninos/wp-includes/js/jquery/ui/sortable.min.js?ver=1.11.4 HTTP/1.1" 200 24899
157.55.39.82 - - [10/Feb/2023:03:33:01 -0500] "GET /portaldeninos/wp-includes/js/wp-emoji-release.min.js?ver=4.9.8 HTTP/1.1" 200 12026
52.167.144.31 - - [10/Feb/2023:03:33:07 -0500] "GET /portaldeninos/wp-content/themes/betheme/css/shortcodes.css?ver=20.9.6 HTTP/1.1" 200 138889
52.167.144.31 - - [10/Feb/2023:03:33:08 -0500] "GET /portaldeninos/wp-content/themes/betheme/style.css?ver=20.9.6 HTTP/1.1" 200 287
52.167.144.31 - - [10/Feb/2023:03:33:08 -0500] "GET /portaldeninos/wp-includes/js/jquery/ui/core.min.js?ver=1.11.4 HTTP/1.1" 200 4000
157.55.39.41 - - [10/Feb/2023:03:33:12 -0500] "GET /portaldeninos/wp-content/themes/betheme/assets/animations/animations.min.css?ver=20.9.6 HTTP/1.1" 200 58508
172.22.2.4 - - [10/Feb/2023:03:31:36 -0500] "HEAD /BLA/boletinlegal/ HTTP/1.1" 200 -
157.55.39.41 - - [10/Feb/2023:03:33:12 -0500] "GET /portaldeninos/wp-content/uploads/2021/07/Video-Auambari.mp4 HTTP/1.1" 200 10803482
157.55.39.41 - - [10/Feb/2023:03:34:00 -0500] "GET /portaldeninos/wp-includes/js/jquery/ui/accordion.min.js?ver=1.11.4 HTTP/1.1" 200 8584
157.55.39.41 - - [10/Feb/2023:03:34:00 -0500] "GET /portaldeninos/wp-includes/js/wp-embed.min.js?ver=4.9.8 HTTP/1.1" 200 1398
172.22.2.4 - - [10/Feb/2023:03:32:26 -0500] "GET /BLA/boletinlegal/ HTTP/1.1" 200 56474
201.245.192.253 - - [10/Feb/2023:03:36:53 -0500] "POST /kwsrmcab/Wsrmcab  HTTP/1.1" 200 213
216.245.221.92 - - [10/Feb/2023:03:37:52 -0500] "HEAD / HTTP/1.1" 200 -
207.46.13.10 - - [10/Feb/2023:03:38:02 -0500] "GET /BLA/resoluciones/AUTOS%202021/0460.pdf HTTP/1.1" 200 416853
52.167.144.49 - - [10/Feb/2023:03:38:24 -0500] "GET /bla/resoluciones/autos%202021/3857.pdf HTTP/1.1" 200 356628
201.245.192.253 - - [10/Feb/2023:03:38:26 -0500] "POST /kwsrmcab/Wsrmcab HTTP/1.1" 200 41732
201.245.192.253 - - [10/Feb/2023:03:38:30 -0500] "POST /kwsrmcab/Wsrmcab HTTP/1.1" 200 41075
193.43.146.49 - - [10/Feb/2023:03:38:35 -0500] "GET /BLA/resoluciones/RESOLUCIONES%202022/3117.pdf HTTP/1.1" 200 387245
172.22.2.4 - - [10/Feb/2023:03:37:26 -0500] "HEAD /BLA/boletinlegal/ HTTP/1.1" 200 -
172.22.2.4 - - [10/Feb/2023:03:38:16 -0500] "GET /BLA/boletinlegal/ HTTP/1.1" 200 57192
201.245.192.253 - - [10/Feb/2023:03:41:52 -0500] "POST /kwsrmcab/Wsrmcab  HTTP/1.1" 200 213
52.167.144.97 - - [10/Feb/2023:03:42:26 -0500] "GET /BLA/resoluciones/index.php?dir=RESOLUCIONES+2021%2F HTTP/1.1" 200 438284
216.245.221.92 - - [10/Feb/2023:03:42:52 -0500] "HEAD / HTTP/1.1" 200 -
185.119.81.106 - - [10/Feb/2023:03:43:28 -0500] "GET /portaldeninos/wp-login.php HTTP/1.1" 200 2592
185.119.81.106 - - [10/Feb/2023:03:43:29 -0500] "POST /portaldeninos/wp-login.php HTTP/1.1" 200 3605
172.22.2.4 - - [10/Feb/2023:03:43:16 -0500] "HEAD /BLA/boletinlegal/ HTTP/1.1" 200 -
172.22.2.4 - - [10/Feb/2023:03:44:06 -0500] "GET /BLA/boletinlegal/ HTTP/1.1" 200 57192
52.167.144.49 - - [10/Feb/2023:03:45:55 -0500] "GET /bla/resoluciones/autos%202021/0485.pdf HTTP/1.1" 200 937745
201.245.192.253 - - [10/Feb/2023:03:46:52 -0500] "POST /kwsrmcab/Wsrmcab  HTTP/1.1" 200 213
216.245.221.92 - - [10/Feb/2023:03:47:52 -0500] "HEAD / HTTP/1.1" 200 -
172.22.2.4 - - [10/Feb/2023:03:48:09 -0500] "GET /BLA/boletinlegal/owa/auth/logon.aspx?url=https%3a%2f%2f1%2fecp%2f HTTP/1.1" 404 1018
40.77.188.54 - - [10/Feb/2023:03:48:42 -0500] "GET /portaldeninos/wp-content/themes/betheme/fonts/mfn-icons.woff?93978679 HTTP/1.1" 200 80932
172.22.2.4 - - [10/Feb/2023:03:49:06 -0500] "HEAD /BLA/boletinlegal/ HTTP/1.1" 200 -
52.167.144.49 - - [10/Feb/2023:03:51:05 -0500] "GET /bla/resoluciones/autos%202021/2302.pdf HTTP/1.1" 200 381192
172.22.2.4 - - [10/Feb/2023:03:49:56 -0500] "GET /BLA/boletinlegal/ HTTP/1.1" 200 57192
201.245.192.253 - - [10/Feb/2023:03:51:50 -0500] "POST /kwsrmcab/Wsrmcab  HTTP/1.1" 200 213
52.167.144.97 - - [10/Feb/2023:03:52:46 -0500] "GET /BLA/resoluciones/RESOLUCIONES%202021/1960.pdf HTTP/1.1" 200 374412
216.245.221.92 - - [10/Feb/2023:03:52:52 -0500] "HEAD / HTTP/1.1" 200 -
185.119.81.106 - - [10/Feb/2023:03:53:26 -0500] "GET /portaldeninos/wp-login.php HTTP/1.1" 200 2592
185.119.81.106 - - [10/Feb/2023:03:53:27 -0500] "POST /portaldeninos/wp-login.php HTTP/1.1" 200 3605
157.55.39.117 - - [10/Feb/2023:03:54:00 -0500] "GET /bla/resoluciones/autos%202021/2151.pdf HTTP/1.1" 200 1235837
207.46.13.10 - - [10/Feb/2023:03:54:05 -0500] "GET /Publicaciones/2022EE134611.pdf HTTP/1.1" 404 228
66.249.72.67 - - [10/Feb/2023:03:56:31 -0500] "-" 408 -
172.22.2.4 - - [10/Feb/2023:03:54:56 -0500] "HEAD /BLA/boletinlegal/ HTTP/1.1" 200 -
201.245.192.253 - - [10/Feb/2023:03:56:50 -0500] "POST /kwsrmcab/Wsrmcab  HTTP/1.1" 200 213
172.22.2.4 - - [10/Feb/2023:03:55:46 -0500] "GET /BLA/boletinlegal/ HTTP/1.1" 200 59404
216.245.221.92 - - [10/Feb/2023:03:57:52 -0500] "HEAD / HTTP/1.1" 200 -
172.22.2.4 - - [10/Feb/2023:03:58:23 -0500] "GET /BLA/boletinlegal/robots.txt HTTP/1.1" 404 1038
172.22.2.4 - - [10/Feb/2023:03:58:26 -0500] "GET /BLA/boletinlegal/Directivas/2017/Directiva%20No.%2003%20del%2024%20de%20Febrero%20de%202017.pdf HTTP/1.1" 200 6911517
157.55.39.117 - - [10/Feb/2023:03:59:08 -0500] "GET /BLA/resoluciones/AUTOS%202021/1480.pdf HTTP/1.1" 200 895679
94.102.61.10 - - [10/Feb/2023:04:01:48 -0500] "GET / HTTP/1.1" 200 319
201.245.192.253 - - [10/Feb/2023:04:01:49 -0500] "POST /kwsrmcab/Wsrmcab  HTTP/1.1" 200 213
172.22.2.4 - - [10/Feb/2023:04:00:46 -0500] "HEAD /BLA/boletinlegal/ HTTP/1.1" 200 -
40.77.167.251 - - [10/Feb/2023:04:02:45 -0500] "GET /BLA/resoluciones/RESOLUCIONES%202008/3321.pdf HTTP/1.1" 200 469430
216.245.221.92 - - [10/Feb/2023:04:02:52 -0500] "HEAD / HTTP/1.1" 200 -
172.22.2.4 - - [10/Feb/2023:04:01:36 -0500] "GET /BLA/boletinlegal/ HTTP/1.1" 200 57192
52.167.144.97 - - [10/Feb/2023:04:04:08 -0500] "GET /bla/resoluciones/autos%202021/1556.pdf HTTP/1.1" 200 386711
201.245.192.253 - - [10/Feb/2023:04:06:48 -0500] "POST /kwsrmcab/Wsrmcab  HTTP/1.1" 200 213
216.245.221.92 - - [10/Feb/2023:04:07:52 -0500] "HEAD / HTTP/1.1" 200 -
172.22.2.4 - - [10/Feb/2023:04:06:36 -0500] "HEAD /BLA/boletinlegal/ HTTP/1.1" 200 -
172.22.2.4 - - [10/Feb/2023:04:07:26 -0500] "GET /BLA/boletinlegal/ HTTP/1.1" 200 56825
201.245.192.253 - - [10/Feb/2023:04:11:46 -0500] "POST /kwsrmcab/Wsrmcab  HTTP/1.1" 200 213
216.245.221.92 - - [10/Feb/2023:04:12:52 -0500] "HEAD / HTTP/1.1" 200 -
207.46.13.10 - - [10/Feb/2023:04:13:37 -0500] "GET /bla/resoluciones/autos%202021/2043.pdf HTTP/1.1" 200 350942
172.22.2.4 - - [10/Feb/2023:04:12:26 -0500] "HEAD /BLA/boletinlegal/ HTTP/1.1" 200 -
172.22.2.4 - - [10/Feb/2023:04:13:16 -0500] "GET /BLA/boletinlegal/ HTTP/1.1" 200 56474
185.119.81.106 - - [10/Feb/2023:04:16:26 -0500] "GET /portaldeninos/wp-login.php HTTP/1.1" 200 2592
185.119.81.106 - - [10/Feb/2023:04:16:27 -0500] "POST /portaldeninos/wp-login.php HTTP/1.1" 200 3650
201.245.192.253 - - [10/Feb/2023:04:16:45 -0500] "POST /kwsrmcab/Wsrmcab  HTTP/1.1" 200 213
216.245.221.92 - - [10/Feb/2023:04:17:52 -0500] "HEAD / HTTP/1.1" 200 -
201.245.192.253 - - [10/Feb/2023:04:18:27 -0500] "POST /kwsrmcab/Wsrmcab HTTP/1.1" 200 38762
157.55.39.142 - - [10/Feb/2023:04:18:30 -0500] "GET /BLA/resoluciones/AUTOS%202021/0514.pdf HTTP/1.1" 200 445177
201.245.192.253 - - [10/Feb/2023:04:18:30 -0500] "POST /kwsrmcab/Wsrmcab HTTP/1.1" 200 41072
157.55.39.117 - - [10/Feb/2023:04:19:23 -0500] "GET /bla/resoluciones/autos%202021/0742.pdf HTTP/1.1" 200 343719
172.22.2.4 - - [10/Feb/2023:04:18:16 -0500] "HEAD /BLA/boletinlegal/ HTTP/1.1" 200 -
45.169.99.250 - - [10/Feb/2023:04:20:03 -0500] "GET /galeria/galeria/jquery.fancybox.css?v=2.1.5 HTTP/1.1" 200 4895
45.169.99.250 - - [10/Feb/2023:04:20:03 -0500] "GET /BLA/boletinlegal/js/jquery.scrollShow.js HTTP/1.1" 200 4586
45.169.99.250 - - [10/Feb/2023:04:20:03 -0500] "GET /galeria/galeria/jquery.fancybox.js?v=2.1.5 HTTP/1.1" 200 48706
172.22.2.4 - - [10/Feb/2023:04:19:06 -0500] "GET /BLA/boletinlegal/ HTTP/1.1" 200 59035
201.245.192.253 - - [10/Feb/2023:04:21:44 -0500] "POST /kwsrmcab/Wsrmcab  HTTP/1.1" 200 213
52.167.144.97 - - [10/Feb/2023:04:22:09 -0500] "GET /BLA/resoluciones/index.php?dir=RESOLUCIONES+2021%2F HTTP/1.1" 200 438284
157.55.39.117 - - [10/Feb/2023:04:22:32 -0500] "GET /bla/resoluciones/autos%202021/1981.pdf HTTP/1.1" 200 1301851
52.167.144.97 - - [10/Feb/2023:04:22:50 -0500] "GET /bla/resoluciones/autos%202021/0689.pdf HTTP/1.1" 200 432621
128.14.209.162 - - [10/Feb/2023:04:22:51 -0500] "GET / HTTP/1.1" 200 319
128.14.209.162 - - [10/Feb/2023:04:22:51 -0500] "GET /showLogin.cc HTTP/1.1" 404 1018
216.245.221.92 - - [10/Feb/2023:04:22:52 -0500] "HEAD / HTTP/1.1" 200 -
157.55.39.142 - - [10/Feb/2023:04:24:11 -0500] "GET /BLA/resoluciones/AUTOS%202021/1438.pdf HTTP/1.1" 200 451002
172.22.2.4 - - [10/Feb/2023:04:23:40 -0500] "GET /BLA/boletinlegal/ HTTP/1.1" 200 53739
172.22.2.4 - - [10/Feb/2023:04:24:06 -0500] "HEAD /BLA/boletinlegal/ HTTP/1.1" 200 -
157.55.39.117 - - [10/Feb/2023:04:26:23 -0500] "GET /bla/resoluciones/autos%202021/0333.pdf HTTP/1.1" 200 454663
66.249.72.67 - - [10/Feb/2023:04:26:32 -0500] "-" 408 -
157.55.39.117 - - [10/Feb/2023:04:26:32 -0500] "GET / HTTP/1.1" 200 319
172.22.2.4 - - [10/Feb/2023:04:24:56 -0500] "GET /BLA/boletinlegal/ HTTP/1.1" 200 50149
172.22.2.4 - - [10/Feb/2023:04:25:05 -0500] "GET /BLA/boletinlegal/index.php HTTP/1.1" 200 52079
201.245.192.253 - - [10/Feb/2023:04:26:43 -0500] "POST /kwsrmcab/Wsrmcab  HTTP/1.1" 200 213
49.249.49.226 - - [10/Feb/2023:04:26:48 -0500] "GET /BLA/resoluciones/AUTOS%202022/2033.pdf HTTP/1.1" 200 396764
157.55.39.142 - - [10/Feb/2023:04:27:11 -0500] "GET /galeria/nivo-slider/nivo-slider.css HTTP/1.1" 200 1507
49.249.49.226 - - [10/Feb/2023:04:27:29 -0500] "GET /BLA/resoluciones/AUTOS%202022/2033.pdf HTTP/1.1" 200 396764
216.245.221.92 - - [10/Feb/2023:04:27:52 -0500] "HEAD / HTTP/1.1" 200 -
49.249.49.226 - - [10/Feb/2023:04:27:55 -0500] "GET /BLA/resoluciones/AUTOS%202022/2033.pdf HTTP/1.1" 200 396764
185.119.81.106 - - [10/Feb/2023:04:28:24 -0500] "GET /portaldeninos/wp-login.php HTTP/1.1" 200 2592
185.119.81.106 - - [10/Feb/2023:04:28:25 -0500] "POST /portaldeninos/wp-login.php HTTP/1.1" 200 3670
49.249.49.226 - - [10/Feb/2023:04:28:26 -0500] "GET /BLA/resoluciones/AUTOS%202022/2046.pdf HTTP/1.1" 200 354172
201.245.192.253 - - [10/Feb/2023:04:28:26 -0500] "POST /kwsrmcab/Wsrmcab HTTP/1.1" 200 38762
201.245.192.253 - - [10/Feb/2023:04:28:30 -0500] "POST /kwsrmcab/Wsrmcab HTTP/1.1" 200 41072
49.249.49.226 - - [10/Feb/2023:04:28:35 -0500] "GET /BLA/resoluciones/AUTOS%202022/2033.pdf HTTP/1.1" 200 396764
157.55.39.142 - - [10/Feb/2023:04:28:42 -0500] "GET /BLA/resoluciones/AUTOS%202021/0326.pdf HTTP/1.1" 200 470067
49.249.49.226 - - [10/Feb/2023:04:28:44 -0500] "GET /BLA/resoluciones/AUTOS%202022/2017.pdf HTTP/1.1" 200 370960
49.249.49.226 - - [10/Feb/2023:04:29:07 -0500] "GET /BLA/resoluciones/AUTOS%202022/2046.pdf HTTP/1.1" 200 354172
49.249.49.226 - - [10/Feb/2023:04:29:16 -0500] "GET /BLA/resoluciones/AUTOS%202022/2033.pdf HTTP/1.1" 200 396764
49.249.49.226 - - [10/Feb/2023:04:29:25 -0500] "GET /BLA/resoluciones/AUTOS%202022/2017.pdf HTTP/1.1" 200 370960
157.55.39.117 - - [10/Feb/2023:04:31:32 -0500] "GET /BLA/resoluciones/AUTOS%202021/2759.pdf HTTP/1.1" 200 412804
172.22.2.4 - - [10/Feb/2023:04:29:56 -0500] "HEAD /BLA/boletinlegal/ HTTP/1.1" 200 -
201.245.192.253 - - [10/Feb/2023:04:31:42 -0500] "POST /kwsrmcab/Wsrmcab  HTTP/1.1" 200 213
172.22.2.4 - - [10/Feb/2023:04:30:46 -0500] "GET /BLA/boletinlegal/ HTTP/1.1" 200 59404
202.107.226.4 - - [10/Feb/2023:04:32:44 -0500] "GET / HTTP/1.0" 200 319
216.245.221.92 - - [10/Feb/2023:04:32:52 -0500] "HEAD / HTTP/1.1" 200 -
185.119.81.106 - - [10/Feb/2023:04:33:36 -0500] "GET /portaldeninos/wp-login.php HTTP/1.1" 200 2592
185.119.81.106 - - [10/Feb/2023:04:33:37 -0500] "POST /portaldeninos/wp-login.php HTTP/1.1" 200 3605
64.62.197.180 - - [10/Feb/2023:04:34:19 -0500] "GET / HTTP/1.1" 200 319
115.238.44.237 - - [10/Feb/2023:04:34:34 -0500] "GET / HTTP/1.0" 200 319
157.55.39.117 - - [10/Feb/2023:04:35:21 -0500] "GET /BLA/resoluciones/AUTOS%202021/0233.pdf HTTP/1.1" 200 367845
157.55.39.117 - - [10/Feb/2023:04:35:42 -0500] "GET /BLA/resoluciones/AUTOS%202021/0448.pdf HTTP/1.1" 200 414297
201.245.192.253 - - [10/Feb/2023:04:36:42 -0500] "POST /kwsrmcab/Wsrmcab  HTTP/1.1" 200 213
172.22.2.4 - - [10/Feb/2023:04:35:46 -0500] "HEAD /BLA/boletinlegal/ HTTP/1.1" 200 -
216.245.221.92 - - [10/Feb/2023:04:37:52 -0500] "HEAD / HTTP/1.1" 200 -
172.22.2.4 - - [10/Feb/2023:04:36:36 -0500] "GET /BLA/boletinlegal/ HTTP/1.1" 200 59035
201.245.192.253 - - [10/Feb/2023:04:38:26 -0500] "POST /kwsrmcab/Wsrmcab HTTP/1.1" 200 38762
201.245.192.253 - - [10/Feb/2023:04:38:29 -0500] "POST /kwsrmcab/Wsrmcab HTTP/1.1" 200 41072
157.55.39.142 - - [10/Feb/2023:04:41:04 -0500] "GET /bla/resoluciones/autos%202021/1836.pdf HTTP/1.1" 200 402149
201.245.192.253 - - [10/Feb/2023:04:41:41 -0500] "POST /kwsrmcab/Wsrmcab  HTTP/1.1" 200 213
216.245.221.92 - - [10/Feb/2023:04:42:52 -0500] "HEAD / HTTP/1.1" 200 -
172.22.2.4 - - [10/Feb/2023:04:41:36 -0500] "HEAD /BLA/boletinlegal/ HTTP/1.1" 200 -
209.141.48.150 - - [10/Feb/2023:04:43:53 -0500] "POST /boaform/admin/formLogin HTTP/1.1" 404 1186
172.22.2.4 - - [10/Feb/2023:04:42:26 -0500] "GET /BLA/boletinlegal/ HTTP/1.1" 200 59035
157.90.251.233 - - [10/Feb/2023:04:45:06 -0500] "GET / HTTP/1.1" 200 319
157.90.251.233 - - [10/Feb/2023:04:45:07 -0500] "GET / HTTP/1.1" 200 4720
201.245.192.253 - - [10/Feb/2023:04:46:40 -0500] "POST /kwsrmcab/Wsrmcab  HTTP/1.1" 200 213
173.252.83.3 - - [10/Feb/2023:04:47:03 -0500] "GET /galeria/galeria/fotos/micos7P.jpg HTTP/1.1" 200 30212
216.245.221.92 - - [10/Feb/2023:04:47:52 -0500] "HEAD / HTTP/1.1" 200 -
157.55.39.117 - - [10/Feb/2023:04:48:54 -0500] "GET /Publicaciones/2022EE189856.pdf HTTP/1.1" 404 228
172.22.2.4 - - [10/Feb/2023:04:47:26 -0500] "HEAD /BLA/boletinlegal/ HTTP/1.1" 200 -
52.167.144.49 - - [10/Feb/2023:04:49:21 -0500] "GET /bla/resoluciones/autos%202021/2110.pdf HTTP/1.1" 200 367884
40.77.167.251 - - [10/Feb/2023:04:49:27 -0500] "GET /BLA/resoluciones/AUTOS%202021/1066.pdf HTTP/1.1" 200 1335378
66.249.72.67 - - [10/Feb/2023:04:49:42 -0500] "-" 408 -
172.22.2.4 - - [10/Feb/2023:04:48:16 -0500] "GET /BLA/boletinlegal/ HTTP/1.1" 200 56825
201.245.192.253 - - [10/Feb/2023:04:51:39 -0500] "POST /kwsrmcab/Wsrmcab  HTTP/1.1" 200 213
216.245.221.92 - - [10/Feb/2023:04:52:52 -0500] "HEAD / HTTP/1.1" 200 -
172.22.2.4 - - [10/Feb/2023:04:54:00 -0500] "GET /BLA/boletinlegal/style.css HTTP/1.1" 200 9406
172.22.2.4 - - [10/Feb/2023:04:54:00 -0500] "GET /BLA/boletinlegal/styles2.css HTTP/1.1" 200 1838
172.22.2.4 - - [10/Feb/2023:04:54:00 -0500] "GET /BLA/boletinlegal/js/jquery.js HTTP/1.1" 200 57254
172.22.2.4 - - [10/Feb/2023:04:54:00 -0500] "GET /BLA/boletinlegal/js/jquery.scrollTo-min.js HTTP/1.1" 200 1150
172.22.2.4 - - [10/Feb/2023:04:54:00 -0500] "GET /BLA/boletinlegal/js/jquery.scrollShow.js HTTP/1.1" 200 4586
172.22.2.4 - - [10/Feb/2023:04:54:00 -0500] "GET /BLA/boletinlegal/images/cabezote%20BLEGAL.jpg HTTP/1.1" 200 118164
172.22.2.4 - - [10/Feb/2023:04:54:00 -0500] "GET /BLA/boletinlegal/images/subscribe-icon-big.png HTTP/1.1" 200 47702
172.22.2.4 - - [10/Feb/2023:04:54:00 -0500] "GET /BLA/boletinlegal/images/historia.png HTTP/1.1" 200 52775
172.22.2.4 - - [10/Feb/2023:04:54:01 -0500] "GET /BLA/boletinlegal/images/registro-usuarios.png HTTP/1.1" 200 8106
172.22.2.4 - - [10/Feb/2023:04:54:01 -0500] "GET /BLA/boletinlegal/images/arr_l.jpg HTTP/1.1" 200 1979
172.22.2.4 - - [10/Feb/2023:04:54:01 -0500] "GET /BLA/boletinlegal/images/screen_1.png HTTP/1.1" 200 202547
172.22.2.4 - - [10/Feb/2023:04:54:01 -0500] "GET /BLA/boletinlegal/images/launch.jpg HTTP/1.1" 200 14577
172.22.2.4 - - [10/Feb/2023:04:54:01 -0500] "GET /BLA/boletinlegal/images/menu_lft.gif HTTP/1.1" 200 1713
172.22.2.4 - - [10/Feb/2023:04:54:01 -0500] "GET /BLA/boletinlegal/images/body_bg.jpg HTTP/1.1" 200 1601
172.22.2.4 - - [10/Feb/2023:04:54:02 -0500] "GET /BLA/boletinlegal/images/menu_rght.gif HTTP/1.1" 200 1627
172.22.2.4 - - [10/Feb/2023:04:54:02 -0500] "GET /BLA/boletinlegal/images/bg_top.jpg HTTP/1.1" 200 522
172.22.2.4 - - [10/Feb/2023:04:54:02 -0500] "GET /BLA/boletinlegal/images/menu_bg.jpg HTTP/1.1" 200 620
172.22.2.4 - - [10/Feb/2023:04:54:02 -0500] "GET /BLA/boletinlegal/images/text.jpg HTTP/1.1" 200 568
172.22.2.4 - - [10/Feb/2023:04:54:02 -0500] "GET /BLA/boletinlegal/images/hover.jpg HTTP/1.1" 200 640
172.22.2.4 - - [10/Feb/2023:04:54:09 -0500] "GET /BLA/boletinlegal/images/screen_2.png HTTP/1.1" 200 362502
172.22.2.4 - - [10/Feb/2023:04:54:09 -0500] "GET /BLA/boletinlegal/images/screen_3.png HTTP/1.1" 200 210620
172.22.2.4 - - [10/Feb/2023:04:54:10 -0500] "GET /BLA/boletinlegal/images/screen_5.png HTTP/1.1" 200 368876
172.22.2.4 - - [10/Feb/2023:04:54:10 -0500] "GET /BLA/boletinlegal/images/footer_bg.jpg HTTP/1.1" 200 586
172.22.2.4 - - [10/Feb/2023:04:54:10 -0500] "GET /BLA/boletinlegal/images/arr_r.jpg HTTP/1.1" 200 1998
172.22.2.4 - - [10/Feb/2023:04:54:21 -0500] "GET /BLA/boletinlegal/images/pdf.gif HTTP/1.1" 200 567
172.22.2.4 - - [10/Feb/2023:04:53:16 -0500] "HEAD /BLA/boletinlegal/ HTTP/1.1" 200 -
172.22.2.4 - - [10/Feb/2023:04:53:59 -0500] "GET /BLA/boletinlegal/ HTTP/1.1" 200 50855
172.22.2.4 - - [10/Feb/2023:04:55:40 -0500] "GET /BLA/boletinlegal/favicon.ico HTTP/1.1" 404 1308
172.22.2.4 - - [10/Feb/2023:04:54:06 -0500] "GET /BLA/boletinlegal/ HTTP/1.1" 200 51248
66.249.72.95 - - [10/Feb/2023:04:56:32 -0500] "-" 408 -
201.245.192.253 - - [10/Feb/2023:04:56:37 -0500] "POST /kwsrmcab/Wsrmcab  HTTP/1.1" 200 213
216.245.221.92 - - [10/Feb/2023:04:57:52 -0500] "HEAD / HTTP/1.1" 200 -
193.32.162.159 - - [10/Feb/2023:04:58:31 -0500] "GET / HTTP/1.1" 200 319
40.77.167.251 - - [10/Feb/2023:04:59:20 -0500] "GET /bla/resoluciones/autos%202021/2136.pdf HTTP/1.1" 200 306093
172.22.2.4 - - [10/Feb/2023:04:59:24 -0500] "GET /BLA/boletinlegal/images/background.gif HTTP/1.1" 200 -
52.167.144.49 - - [10/Feb/2023:04:59:25 -0500] "GET /bla/resoluciones/autos%202021/1840.pdf HTTP/1.1" 200 406661
209.141.35.17 - - [10/Feb/2023:04:59:31 -0500] "GET / HTTP/1.1" 200 319
172.22.2.4 - - [10/Feb/2023:04:59:06 -0500] "HEAD /BLA/boletinlegal/ HTTP/1.1" 200 -
172.22.2.4 - - [10/Feb/2023:04:59:56 -0500] "GET /BLA/boletinlegal/ HTTP/1.1" 200 53337
201.245.192.253 - - [10/Feb/2023:05:01:36 -0500] "POST /kwsrmcab/Wsrmcab  HTTP/1.1" 200 213
52.167.144.97 - - [10/Feb/2023:05:01:43 -0500] "GET /BLA/resoluciones/index.php?dir=RESOLUCIONES+2021%2F HTTP/1.1" 200 438284
157.55.39.142 - - [10/Feb/2023:05:02:04 -0500] "GET /galeria/nivo-slider/nivo-slider.css HTTP/1.1" 200 1507
216.245.221.92 - - [10/Feb/2023:05:02:52 -0500] "HEAD / HTTP/1.1" 200 -
116.202.20.140 - - [10/Feb/2023:05:03:35 -0500] "GET / HTTP/1.1" 200 4720
116.202.20.140 - - [10/Feb/2023:05:03:36 -0500] "GET / HTTP/1.1" 200 319
207.46.13.10 - - [10/Feb/2023:05:03:51 -0500] "GET /bla/resoluciones/autos%202021/0827.pdf HTTP/1.1" 200 889600
95.216.174.109 - - [10/Feb/2023:05:05:25 -0500] "GET /ascenso-tecnologico-distrito-firma-decreto-que-permitira-renovar-parte-de-los-vehiculos-de-carga-y-asi-reducir-emisiones-contaminantes.html HTTP/1.1" 200 1058
172.22.2.4 - - [10/Feb/2023:05:04:56 -0500] "HEAD /BLA/boletinlegal/ HTTP/1.1" 200 -
201.245.192.253 - - [10/Feb/2023:05:06:35 -0500] "POST /kwsrmcab/Wsrmcab  HTTP/1.1" 200 213
172.22.2.4 - - [10/Feb/2023:05:05:46 -0500] "GET /BLA/boletinlegal/ HTTP/1.1" 200 59035
216.245.221.92 - - [10/Feb/2023:05:07:52 -0500] "HEAD / HTTP/1.1" 200 -
207.46.13.10 - - [10/Feb/2023:05:08:42 -0500] "GET /bla/resoluciones/autos%202021/0529.pdf HTTP/1.1" 200 816298
201.245.192.253 - - [10/Feb/2023:05:11:34 -0500] "POST /kwsrmcab/Wsrmcab  HTTP/1.1" 200 213
157.55.39.142 - - [10/Feb/2023:05:11:46 -0500] "GET /bla/resoluciones/autos%202021/1979.pdf HTTP/1.1" 200 394268
172.22.2.4 - - [10/Feb/2023:05:10:46 -0500] "HEAD /BLA/boletinlegal/ HTTP/1.1" 200 -
216.245.221.92 - - [10/Feb/2023:05:12:52 -0500] "HEAD / HTTP/1.1" 200 -
172.22.2.4 - - [10/Feb/2023:05:11:36 -0500] "GET /BLA/boletinlegal/ HTTP/1.1" 200 54816
201.245.192.253 - - [10/Feb/2023:05:16:33 -0500] "POST /kwsrmcab/Wsrmcab  HTTP/1.1" 200 213
216.245.221.92 - - [10/Feb/2023:05:17:52 -0500] "HEAD / HTTP/1.1" 200 -
172.22.2.4 - - [10/Feb/2023:05:16:36 -0500] "HEAD /BLA/boletinlegal/ HTTP/1.1" 200 -
193.118.53.194 - - [10/Feb/2023:05:18:25 -0500] "GET /portaldeninos/ HTTP/1.1" 200 110197
201.245.192.253 - - [10/Feb/2023:05:18:26 -0500] "POST /kwsrmcab/Wsrmcab HTTP/1.1" 200 41230
201.245.192.253 - - [10/Feb/2023:05:18:30 -0500] "POST /kwsrmcab/Wsrmcab HTTP/1.1" 200 41078
85.119.194.63 - - [10/Feb/2023:05:18:56 -0500] "GET /BLA/resoluciones/AUTOS%202021/2606.pdf HTTP/1.1" 200 382240
172.22.2.4 - - [10/Feb/2023:05:17:26 -0500] "GET /BLA/boletinlegal/ HTTP/1.1" 200 59035
172.22.2.4 - - [10/Feb/2023:05:21:23 -0500] "GET /BLA/boletinlegal/autodiscover/autodiscover.json?@zdi/Powershell HTTP/1.1" 404 1018
201.245.192.253 - - [10/Feb/2023:05:21:30 -0500] "POST /kwsrmcab/Wsrmcab  HTTP/1.1" 200 213
66.249.72.67 - - [10/Feb/2023:05:22:15 -0500] "-" 408 -
216.245.221.92 - - [10/Feb/2023:05:22:52 -0500] "HEAD / HTTP/1.1" 200 -
172.22.2.4 - - [10/Feb/2023:05:22:26 -0500] "HEAD /BLA/boletinlegal/ HTTP/1.1" 200 -
172.22.2.4 - - [10/Feb/2023:05:23:16 -0500] "GET /BLA/boletinlegal/ HTTP/1.1" 200 59404
201.245.192.253 - - [10/Feb/2023:05:26:30 -0500] "POST /kwsrmcab/Wsrmcab  HTTP/1.1" 200 213
216.245.221.92 - - [10/Feb/2023:05:27:52 -0500] "HEAD / HTTP/1.1" 200 -
201.245.192.253 - - [10/Feb/2023:05:28:26 -0500] "POST /kwsrmcab/Wsrmcab HTTP/1.1" 200 41230
201.245.192.253 - - [10/Feb/2023:05:28:30 -0500] "POST /kwsrmcab/Wsrmcab HTTP/1.1" 200 41078
207.46.13.10 - - [10/Feb/2023:05:28:43 -0500] "GET /bla/resoluciones/autos%202021/0322.pdf HTTP/1.1" 200 459404
172.22.2.4 - - [10/Feb/2023:05:28:16 -0500] "HEAD /BLA/boletinlegal/ HTTP/1.1" 200 -
172.22.2.4 - - [10/Feb/2023:05:29:06 -0500] "GET /BLA/boletinlegal/ HTTP/1.1" 200 57192
139.144.144.209 - - [10/Feb/2023:05:31:11 -0500] "GET /portaldeninos/ HTTP/1.1" 200 110197
201.245.192.253 - - [10/Feb/2023:05:31:29 -0500] "POST /kwsrmcab/Wsrmcab  HTTP/1.1" 200 213
66.249.72.95 - - [10/Feb/2023:05:32:18 -0500] "-" 408 -
172.22.2.4 - - [10/Feb/2023:05:31:08 -0500] "GET /BLA/boletinlegal/ HTTP/1.1" 200 49099
216.245.221.92 - - [10/Feb/2023:05:32:52 -0500] "HEAD / HTTP/1.1" 200 -
207.46.13.10 - - [10/Feb/2023:05:33:33 -0500] "GET /bla/resoluciones/autos%202021/2064.pdf HTTP/1.1" 200 322057
172.22.2.4 - - [10/Feb/2023:05:34:38 -0500] "GET /BLA/boletinlegal/robots.txt HTTP/1.1" 404 1038
172.22.2.4 - - [10/Feb/2023:05:34:41 -0500] "GET /BLA/boletinlegal/jurisprudencia/analisis/analisis%20C-595-2010.doc HTTP/1.1" 200 39424
172.22.2.4 - - [10/Feb/2023:05:34:06 -0500] "HEAD /BLA/boletinlegal/ HTTP/1.1" 200 -
172.22.2.4 - - [10/Feb/2023:05:36:28 -0500] "GET /BLA/boletinlegal/conceptos.php HTTP/1.1" 200 7486
201.245.192.253 - - [10/Feb/2023:05:36:28 -0500] "POST /kwsrmcab/Wsrmcab  HTTP/1.1" 200 213
172.22.2.4 - - [10/Feb/2023:05:34:56 -0500] "GET /BLA/boletinlegal/ HTTP/1.1" 200 57192
172.22.2.4 - - [10/Feb/2023:05:36:52 -0500] "GET /BLA/boletinlegal/js/ajax_conceptos.js HTTP/1.1" 200 1326
177.190.146.98 - - [10/Feb/2023:05:37:25 -0500] "GET / HTTP/1.1" 200 319
216.245.221.92 - - [10/Feb/2023:05:37:52 -0500] "HEAD / HTTP/1.1" 200 -
201.245.192.253 - - [10/Feb/2023:05:38:26 -0500] "POST /kwsrmcab/Wsrmcab HTTP/1.1" 200 41230
201.245.192.253 - - [10/Feb/2023:05:38:30 -0500] "POST /kwsrmcab/Wsrmcab HTTP/1.1" 200 41078
52.167.144.97 - - [10/Feb/2023:05:39:16 -0500] "GET /BLA/resoluciones/index.php?dir=RESOLUCIONES+2021%2F HTTP/1.1" 200 438284
201.245.192.253 - - [10/Feb/2023:05:41:26 -0500] "POST /kwsrmcab/Wsrmcab  HTTP/1.1" 200 213
172.22.2.4 - - [10/Feb/2023:05:39:56 -0500] "HEAD /BLA/boletinlegal/ HTTP/1.1" 200 -
172.22.2.4 - - [10/Feb/2023:05:40:24 -0500] "GET /BLA/boletinlegal/ HTTP/1.1" 200 44920
66.249.72.95 - - [10/Feb/2023:05:42:11 -0500] "-" 408 -
172.22.2.4 - - [10/Feb/2023:05:40:46 -0500] "GET /BLA/boletinlegal/ HTTP/1.1" 200 47188
216.245.221.92 - - [10/Feb/2023:05:42:52 -0500] "HEAD / HTTP/1.1" 200 -
74.82.47.37 - - [10/Feb/2023:05:43:33 -0500] "GET /favicon.ico HTTP/1.1" 200 7782
186.102.52.137 - - [10/Feb/2023:05:44:08 -0500] "GET /kwssiamovil/sm/ldap/au?x=U2FsdGVkX1/9302hBehtpd2E0YpSxZekqEEygd46so+Z4mX+bddfgusce7JfuYRD&y=U2FsdGVkX1/jXT5rx6lvGwRs8eksicAKtL2RFM4PR3S5FSzh2IOKMMFOf2gLIw12 HTTP/1.1" 200 30
186.102.52.137 - - [10/Feb/2023:05:44:09 -0500] "GET /kwssiamovil/sm/acme/s?s=U2FsdGVkX1+emQigoQk3hPFHMcoTMA0bjhSTjtvev9kiv8IzO1I8IMy+5TqUSORnJt5j26ywo1Yz+pdfDpuNl2McH6mIjKvt+I7FcGeKifc=&u=U2FsdGVkX197/uCIUIaYa/K+1B47uhaSDIPUm6aeiEOFOs57djB4foMVtpmjeDUl&y=U2FsdGVkX1/jXT5rx6lvGwRs8eksicAKtL2RFM4PR3S5FSzh2IOKMMFOf2gLIw12 HTTP/1.1" 200 97
186.102.52.137 - - [10/Feb/2023:05:44:09 -0500] "GET /kwssiamovil/sm/acme/s?s=U2FsdGVkX19mkLPOp8qu/owtHdLSZRX3KyJEKlsyc6oeLbmbpCTOkJ8vg1nuZ4XjDebIrNMkE0AHQugFkMDgvH11rqFOr9lbfe9aw8Dq9DKBoL3esr3V3Decr01iLamjSEtwzBv3cZCVNEpsqcdBwGmBI28AgJ/xJkej1MH66SHXUNphcRZ7BXDRFPJv+wuZk3Eb76emoK2sywbLjxi9c05cJ9i+vLtTTu54rHTuMEqHuHH3nBgWKOGbhRInc1p0xT63ImFF+ws9q7YaWsXPPi7MzsiL9q44KqKihUFLUuqt9g0jdG8uJzDs4E/R9r+hwJ76rOXINaNluu2tkXbIpU7AcD8rZ5vC0Ay8M7skUB4i3pE3OSUD0QoqUl4skYR2t9zQN+XnPe3nYhQk4uHpa0HOtaFrvA58bq/aG/Xpsd1+7COiWNAOBapALv68HRf5/lJz+5S/LNSkdYiy6rndIY2+/yyzS9LhUs3RsqTH7T5TxaLCVcYXBwaZph+Pajm+rO+7TKBlfCEciXhkmNCqqZM32b208n9cmPSjfxbSS+eMwf4VvzV0aoVFQL2aJDAlVeF7yGob/ziQw9/5Iks8K8ID0UXDDCf44pF/T8w2Qj9mTTfb4vXKU7l0J6jozRw6TY7jMAFtqrh9XnMSABB/fXP/aiO88LpfIoX3W2RvYbAhoFpLWFgr0nsW5m8pve/vEYA1juO3z5qaJ5/QL0rJkBICawQrTPM0Mq29jAHgVDSuAjoRVhyEGsMUQ0EUI1YDM4X2iR3s2lX20OxfAOMqVwBS350G5DJvxjCLjNm/qtY3zUE92cq7HHt2R7IeCUI5HbbfS36JyJPWjAvCQlv28iwA2yOpjRbfQiQTv12Y7zm2/DCRy+xHfFxzNNWiQK5/y26WMFQpOXmtarh06ZoqFKknMvKV8bKOu7dqlTSL+hj3PTvJN6THHK1IKZ09rpo+2Je1jf6qLFq9OYisk4wUV2MoniJ2Y+EL3QOs0fe55G8m3hyR+iqsdqdLa29RlisDsKzKK8nOhyLVbt/pmFIgRNJSKs1CfexRJaHyIuRibjKBBBf1p3bwOuSQ+1AjN39+nQlBttgrVadI0MlaMkNYCr7hqqGRyns16F96atBh6tWpNZZDPZoMlra7ia9r+VyDNcYknBq3TvcM2rofPhFZVZ049fgZ0g4+6FJ+0f9MJInz91Qx26aujXFmQgdWdp6tX/5TRwdL6EpLiIK0Yt7xTVIh7wjzPzYkOnVSvDQiAwhXhyb4R8MPZ1m4bzmKhrcsbzdfoQr5hxUG/+NSAUtzTHGNLWHP0WHn8GDvyTdqbDjwHy/nAsVwxfQInTq4g260wNz1uq4sDDMIczorE/X80xptMbBKIYqWf/0ui8RshsVTflfrdqLl+y+ZtogWG1TiWuYttLOwCaZfYqP+pX9SXUIlT0NH8W7TYqTZmf9Yn48=&u=U2FsdGVkX197/uCIUIaYa/K+1B47uhaSDIPUm6aeiEOFOs57djB4foMVtpmjeDUl&y=U2FsdGVkX1/jXT5rx6lvGwRs8eksicAKtL2RFM4PR3S5FSzh2IOKMMFOf2gLIw12 HTTP/1.1" 200 3217
186.102.52.137 - - [10/Feb/2023:05:44:09 -0500] "GET /kwssiamovil/sm/acme/s?s=U2FsdGVkX1+AWVeleCT+ABNjXB6lCVmwvexxgbDgkeENE3Lz4STM8aieoiIFZzOmE7l8DQ3FchoKUOIsUqT6L4GXJM7V8yJsCsYyOgCEeIjjIArGYo6Q86wbZae0ufqXVUtTTkHowLpISvR6IF38Bs/mVnweqBX98ftDYC4VZxYG/NCjR5sgp498Aoam3pMdGI3CORrU6fNC9W3XsM69GctXbNjLMOZBvqRzocnh4Ve0cmgV9sdq855Z8TEzSmIPl+GC+5Wx5Z76MFQBzJ7ORh2/Y4n3f2Q2c5fWwK4v34qkotiGPkm11CXl0jg/mOOqKN1P2Jt9jCas18ao5aWa82nSaESy2lKw9M+KUQcQF8A=&u=U2FsdGVkX197/uCIUIaYa/K+1B47uhaSDIPUm6aeiEOFOs57djB4foMVtpmjeDUl&y=U2FsdGVkX1/jXT5rx6lvGwRs8eksicAKtL2RFM4PR3S5FSzh2IOKMMFOf2gLIw12 HTTP/1.1" 200 196
186.102.52.137 - - [10/Feb/2023:05:44:09 -0500] "GET /kwssiamovil/sm/cjson/pre?f=1&x=U2FsdGVkX1/9302hBehtpd2E0YpSxZekqEEygd46so+Z4mX+bddfgusce7JfuYRD HTTP/1.1" 200 31032
173.252.83.24 - - [10/Feb/2023:05:45:28 -0500] "GET /galeria/galeria/fotos/3humedal-Burro3P.jpg HTTP/1.1" 200 8564
201.245.192.253 - - [10/Feb/2023:05:46:24 -0500] "POST /kwsrmcab/Wsrmcab  HTTP/1.1" 200 213
172.22.2.4 - - [10/Feb/2023:05:45:46 -0500] "HEAD /BLA/boletinlegal/ HTTP/1.1" 200 -
216.245.221.92 - - [10/Feb/2023:05:47:52 -0500] "HEAD / HTTP/1.1" 200 -
66.249.72.95 - - [10/Feb/2023:05:48:15 -0500] "-" 408 -
172.22.2.4 - - [10/Feb/2023:05:46:36 -0500] "GET /BLA/boletinlegal/ HTTP/1.1" 200 59404
52.167.144.97 - - [10/Feb/2023:05:48:17 -0500] "GET /BLA/resoluciones/AUTOS%202021/0475.pdf HTTP/1.1" 200 422041
40.77.167.251 - - [10/Feb/2023:05:48:33 -0500] "GET /BLA/resoluciones/AUTOS%202021/0495.pdf HTTP/1.1" 200 1117638
157.55.39.142 - - [10/Feb/2023:05:48:39 -0500] "GET /bla/resoluciones/autos%202021/2454.pdf HTTP/1.1" 200 354486
186.84.21.183 - - [10/Feb/2023:05:50:23 -0500] "GET /sipse/faces/presentacion/financiero/solicitudProceso/consultarSolicitudProceso.xhtml HTTP/1.1" 302 -
186.84.21.183 - - [10/Feb/2023:05:50:23 -0500] "GET /sipse/faces/autenticacion.xhtml HTTP/1.1" 200 12181
186.84.21.183 - - [10/Feb/2023:05:50:24 -0500] "GET /sipse/js/disable_browser_buttons.js HTTP/1.1" 304 -
186.84.21.183 - - [10/Feb/2023:05:50:24 -0500] "GET /sipse/css/custom_css_sg_prime_login.css HTTP/1.1" 304 -
186.84.21.183 - - [10/Feb/2023:05:50:24 -0500] "GET /sipse/faces/javax.faces.resource/jquery/jquery.js?ln=primefaces&v=4.0 HTTP/1.1" 304 -
186.84.21.183 - - [10/Feb/2023:05:50:24 -0500] "GET /sipse/faces/javax.faces.resource/theme.css?ln=primefaces-sipse HTTP/1.1" 304 -
186.84.21.183 - - [10/Feb/2023:05:50:24 -0500] "GET /sipse/css/custom_css_sg.css HTTP/1.1" 304 -
186.84.21.183 - - [10/Feb/2023:05:50:24 -0500] "GET /sipse/faces/javax.faces.resource/layout/layout.css?ln=primefaces&v=4.0 HTTP/1.1" 304 -
186.84.21.183 - - [10/Feb/2023:05:50:24 -0500] "GET /sipse/js/funciones.js HTTP/1.1" 304 -
186.84.21.183 - - [10/Feb/2023:05:50:24 -0500] "GET /sipse/faces/javax.faces.resource/primefaces.css?ln=primefaces&v=4.0 HTTP/1.1" 304 -
186.84.21.183 - - [10/Feb/2023:05:50:24 -0500] "GET /sipse/faces/javax.faces.resource/primefaces.js?ln=primefaces&v=4.0 HTTP/1.1" 304 -
186.84.21.183 - - [10/Feb/2023:05:50:24 -0500] "GET /sipse/faces/javax.faces.resource/jquery/jquery-plugins.js?ln=primefaces&v=4.0 HTTP/1.1" 304 -
186.84.21.183 - - [10/Feb/2023:05:50:24 -0500] "GET /sipse/faces/javax.faces.resource/layout/layout.js?ln=primefaces&v=4.0 HTTP/1.1" 304 -
186.84.21.183 - - [10/Feb/2023:05:50:25 -0500] "GET /sipse/css/imagen/logoSDG.png HTTP/1.1" 304 -
186.84.21.183 - - [10/Feb/2023:05:50:25 -0500] "GET /sipse/css/imagen/loginimg.png HTTP/1.1" 304 -
186.84.21.183 - - [10/Feb/2023:05:50:25 -0500] "GET /sipse/faces/javax.faces.resource/images/ui-icons_898989_256x240.png?ln=primefaces-aristo HTTP/1.1" 304 -
186.84.21.183 - - [10/Feb/2023:05:50:25 -0500] "GET /sipse/faces/index.xhtml HTTP/1.1" 200 677
186.84.21.183 - - [10/Feb/2023:05:50:25 -0500] "GET /sipse/faces/javax.faces.resource/theme.css?ln=primefaces-sipse HTTP/1.1" 304 -
186.84.21.183 - - [10/Feb/2023:05:50:26 -0500] "GET /sipse/faces/faces/autenticacion.xhtml HTTP/1.1" 200 12181
186.84.21.183 - - [10/Feb/2023:05:50:26 -0500] "GET /sipse/faces/javax.faces.resource/theme.css?ln=primefaces-sipse HTTP/1.1" 304 -
186.84.21.183 - - [10/Feb/2023:05:50:26 -0500] "GET /sipse/faces/javax.faces.resource/layout/layout.css?ln=primefaces&v=4.0 HTTP/1.1" 304 -
186.84.21.183 - - [10/Feb/2023:05:50:26 -0500] "GET /sipse/faces/javax.faces.resource/primefaces.js?ln=primefaces&v=4.0 HTTP/1.1" 304 -
186.84.21.183 - - [10/Feb/2023:05:50:26 -0500] "GET /sipse/faces/javax.faces.resource/primefaces.css?ln=primefaces&v=4.0 HTTP/1.1" 304 -
186.84.21.183 - - [10/Feb/2023:05:50:26 -0500] "GET /sipse/faces/javax.faces.resource/jquery/jquery-plugins.js?ln=primefaces&v=4.0 HTTP/1.1" 304 -
186.84.21.183 - - [10/Feb/2023:05:50:26 -0500] "GET /sipse/faces/javax.faces.resource/jquery/jquery.js?ln=primefaces&v=4.0 HTTP/1.1" 304 -
186.84.21.183 - - [10/Feb/2023:05:50:26 -0500] "GET /sipse/faces/javax.faces.resource/layout/layout.js?ln=primefaces&v=4.0 HTTP/1.1" 304 -
186.84.21.183 - - [10/Feb/2023:05:50:35 -0500] "POST /sipse/faces/autenticacion.xhtml HTTP/1.1" 200 11160
186.84.21.183 - - [10/Feb/2023:05:50:35 -0500] "GET /sipse/css/custom_css_sg_prime.css HTTP/1.1" 304 -
186.84.21.183 - - [10/Feb/2023:05:50:35 -0500] "GET /sipse/faces/javax.faces.resource/theme.css?ln=primefaces-sipse HTTP/1.1" 304 -
186.84.21.183 - - [10/Feb/2023:05:50:35 -0500] "GET /sipse/faces/javax.faces.resource/primefaces.css?ln=primefaces&v=4.0 HTTP/1.1" 304 -
186.84.21.183 - - [10/Feb/2023:05:50:35 -0500] "GET /sipse/faces/javax.faces.resource/layout/layout.css?ln=primefaces&v=4.0 HTTP/1.1" 304 -
186.84.21.183 - - [10/Feb/2023:05:50:35 -0500] "GET /sipse/faces/javax.faces.resource/jquery/jquery.js?ln=primefaces&v=4.0 HTTP/1.1" 304 -
186.84.21.183 - - [10/Feb/2023:05:50:35 -0500] "GET /sipse/faces/javax.faces.resource/jquery/jquery-plugins.js?ln=primefaces&v=4.0 HTTP/1.1" 304 -
186.84.21.183 - - [10/Feb/2023:05:50:35 -0500] "GET /sipse/faces/javax.faces.resource/primefaces.js?ln=primefaces&v=4.0 HTTP/1.1" 304 -
186.84.21.183 - - [10/Feb/2023:05:50:35 -0500] "GET /sipse/faces/javax.faces.resource/layout/layout.js?ln=primefaces&v=4.0 HTTP/1.1" 304 -
186.84.21.183 - - [10/Feb/2023:05:50:36 -0500] "GET /sipse/faces/javax.faces.resource/messages/messages.png?ln=primefaces&v=4.0 HTTP/1.1" 304 -
186.84.21.183 - - [10/Feb/2023:05:50:37 -0500] "GET /sipse/faces/javax.faces.resource/images/ui-icons_898989_256x240.png?ln=primefaces-aristo HTTP/1.1" 304 -
