186.29.13.35 - - [10/Feb/2023:01:02:18 -0500] "POST /sipse/faces/presentacion/financiero/solicitudProceso/consultarSolicitudProceso.xhtml HTTP/1.1" 200 5533
186.29.13.35 - - [10/Feb/2023:01:02:19 -0500] "GET /sipse/faces/javax.faces.resource/dynamiccontent.properties?ln=primefaces&pfdrid=XjOR5%2F%2FfPAZAuY9TpWQeCiM0BhlXxYRBGKi%2FQcXXfeA%3D&pfdrid_c=false HTTP/1.1" 200 165263
172.22.2.4 - - [10/Feb/2023:01:00:47 -0500] "GET /BLA/boletinlegal/ HTTP/1.1" 200 59404
201.245.192.253 - - [10/Feb/2023:01:02:27 -0500] "POST /kwsrmcab/Wsrmcab  HTTP/1.1" 200 213
186.29.13.35 - - [10/Feb/2023:01:02:44 -0500] "POST /sipse/faces/presentacion/financiero/solicitudProceso/consultarSolicitudProceso.xhtml HTTP/1.1" 200 85821
186.29.13.35 - - [10/Feb/2023:01:02:54 -0500] "POST /sipse/faces/presentacion/financiero/solicitudProceso/consultarSolicitudProceso.xhtml HTTP/1.1" 200 293074
186.29.13.35 - - [10/Feb/2023:01:03:00 -0500] "POST /sipse/faces/presentacion/financiero/solicitudProceso/consultarSolicitudProceso.xhtml HTTP/1.1" 200 157945
157.55.39.117 - - [10/Feb/2023:01:03:03 -0500] "GET /bla/resoluciones/autos%202021/0538.pdf HTTP/1.1" 200 344747
186.29.13.35 - - [10/Feb/2023:01:03:04 -0500] "POST /sipse/faces/presentacion/financiero/solicitudProceso/consultarSolicitudProceso.xhtml HTTP/1.1" 200 322072
186.29.13.35 - - [10/Feb/2023:01:03:09 -0500] "POST /sipse/faces/presentacion/financiero/solicitudProceso/consultarSolicitudProceso.xhtml HTTP/1.1" 200 81920
186.29.13.35 - - [10/Feb/2023:01:03:09 -0500] "POST /sipse/faces/presentacion/financiero/solicitudProceso/consultarSolicitudProceso.xhtml HTTP/1.1" 200 3589397
186.29.13.35 - - [10/Feb/2023:01:03:13 -0500] "POST /sipse/faces/presentacion/financiero/solicitudProceso/consultarSolicitudProceso.xhtml HTTP/1.1" 200 769578
186.29.13.35 - - [10/Feb/2023:01:03:20 -0500] "POST /sipse/faces/presentacion/financiero/solicitudProceso/consultarSolicitudProceso.xhtml HTTP/1.1" 200 2257743
186.29.13.35 - - [10/Feb/2023:01:03:25 -0500] "POST /sipse/faces/presentacion/financiero/solicitudProceso/consultarSolicitudProceso.xhtml HTTP/1.1" 200 1371743
40.77.167.251 - - [10/Feb/2023:01:03:38 -0500] "GET /bla/resoluciones/autos%202021/1899.pdf HTTP/1.1" 200 608834
52.167.144.97 - - [10/Feb/2023:01:03:52 -0500] "GET /bla/resoluciones/autos%202021/4090.pdf HTTP/1.1" 200 633569
108.174.5.113 - - [10/Feb/2023:01:04:11 -0500] "GET /mas-de-400-animales-silvestres-fueron-liberados-y-reubicados-en-el-caribe.html HTTP/1.1" 206 730
190.27.24.181 - - [10/Feb/2023:01:06:33 -0500] "GET /appsia/controlador HTTP/1.1" 200 4799
190.27.24.181 - - [10/Feb/2023:01:06:33 -0500] "GET /appsia/css/estilos.css HTTP/1.1" 200 4804
190.27.24.181 - - [10/Feb/2023:01:06:33 -0500] "GET /appsia/scripts/validarIngreso.js HTTP/1.1" 200 851
190.27.24.181 - - [10/Feb/2023:01:06:33 -0500] "GET /appsia/images/logo_bogota_p.png HTTP/1.1" 200 14951
190.27.24.181 - - [10/Feb/2023:01:06:33 -0500] "GET /appsia/images/cabezoteHojaVida.png HTTP/1.1" 200 32493
190.27.24.181 - - [10/Feb/2023:01:06:33 -0500] "GET /favicon.ico HTTP/1.1" 200 7782
152.61.192.232 - - [10/Feb/2023:01:07:02 -0500] "GET / HTTP/1.1" 200 319
172.22.2.4 - - [10/Feb/2023:01:05:46 -0500] "HEAD /BLA/boletinlegal/ HTTP/1.1" 200 -
201.245.192.253 - - [10/Feb/2023:01:07:26 -0500] "POST /kwsrmcab/Wsrmcab  HTTP/1.1" 200 213
216.245.221.92 - - [10/Feb/2023:01:07:33 -0500] "GET / HTTP/1.1" 200 319
207.46.13.10 - - [10/Feb/2023:01:07:38 -0500] "GET /BLA/resoluciones/AUTOS%202021/1188.pdf HTTP/1.1" 200 495160
172.22.2.4 - - [10/Feb/2023:01:06:37 -0500] "GET /BLA/boletinlegal/ HTTP/1.1" 200 54100
141.98.10.191 - - [10/Feb/2023:01:08:24 -0500] "GET http://ip-api.com/json/ HTTP/1.1" 404 1014
52.167.144.97 - - [10/Feb/2023:01:08:32 -0500] "GET /BLA/resoluciones/index.php?dir=RESOLUCIONES+2021%2F HTTP/1.1" 200 438284
157.55.39.117 - - [10/Feb/2023:01:08:36 -0500] "GET /bla/resoluciones/autos%202021/1907.pdf HTTP/1.1" 200 349970
190.27.24.181 - - [10/Feb/2023:01:08:47 -0500] "GET /galeria/galeria/jquery.fancybox.css?v=2.1.5 HTTP/1.1" 200 4895
190.27.24.181 - - [10/Feb/2023:01:08:47 -0500] "GET /galeria/galeria/jquery.fancybox.js?v=2.1.5 HTTP/1.1" 200 48706
190.27.24.181 - - [10/Feb/2023:01:08:47 -0500] "GET /BLA/boletinlegal/js/jquery.scrollShow.js HTTP/1.1" 200 4586
40.77.167.251 - - [10/Feb/2023:01:08:48 -0500] "GET /bla/resoluciones/autos%202021/2080.pdf HTTP/1.1" 200 374004
190.27.24.181 - - [10/Feb/2023:01:09:23 -0500] "POST /appsia/controlador HTTP/1.1" 200 3597
190.27.24.181 - - [10/Feb/2023:01:09:23 -0500] "GET /appsia/jscripts/validarSolicitud.js HTTP/1.1" 404 68
190.27.24.181 - - [10/Feb/2023:01:09:29 -0500] "POST /appsia/controlador HTTP/1.1" 200 4799
193.32.162.159 - - [10/Feb/2023:01:11:31 -0500] "GET / HTTP/1.1" 200 319
194.87.151.116 - - [10/Feb/2023:01:11:53 -0500] "POST /boaform/admin/formLogin HTTP/1.1" 404 1186
201.245.192.253 - - [10/Feb/2023:01:12:25 -0500] "POST /kwsrmcab/Wsrmcab  HTTP/1.1" 200 213
216.245.221.92 - - [10/Feb/2023:01:12:32 -0500] "HEAD / HTTP/1.1" 200 -
190.27.24.181 - - [10/Feb/2023:01:12:39 -0500] "GET /appsia/controlador HTTP/1.1" 200 4799
221.11.11.71 - - [10/Feb/2023:01:12:46 -0500] "GET / HTTP/1.1" 400 946
172.22.2.4 - - [10/Feb/2023:01:11:36 -0500] "HEAD /BLA/boletinlegal/ HTTP/1.1" 200 -
172.22.2.4 - - [10/Feb/2023:01:12:27 -0500] "GET /BLA/boletinlegal/ HTTP/1.1" 200 57192
190.27.24.181 - - [10/Feb/2023:01:14:44 -0500] "POST /appsia/controlador HTTP/1.1" 200 5437
190.27.24.181 - - [10/Feb/2023:01:14:49 -0500] "POST /appsia/controlador HTTP/1.1" 200 7727
190.27.24.181 - - [10/Feb/2023:01:14:49 -0500] "GET /appsia/images/logo_escudo.png HTTP/1.1" 200 36965
190.27.24.181 - - [10/Feb/2023:01:15:41 -0500] "POST /appsia/controlador HTTP/1.1" 200 5437
201.245.192.253 - - [10/Feb/2023:01:17:23 -0500] "POST /kwsrmcab/Wsrmcab  HTTP/1.1" 200 213
40.77.167.251 - - [10/Feb/2023:01:17:30 -0500] "GET /bla/resoluciones/autos%202021/0641.pdf HTTP/1.1" 200 437530
216.245.221.92 - - [10/Feb/2023:01:17:32 -0500] "HEAD / HTTP/1.1" 200 -
201.245.192.253 - - [10/Feb/2023:01:18:27 -0500] "POST /kwsrmcab/Wsrmcab HTTP/1.1" 200 41415
201.245.192.253 - - [10/Feb/2023:01:18:31 -0500] "POST /kwsrmcab/Wsrmcab HTTP/1.1" 200 40923
172.22.2.4 - - [10/Feb/2023:01:17:26 -0500] "HEAD /BLA/boletinlegal/ HTTP/1.1" 200 -
186.29.13.35 - - [10/Feb/2023:01:19:17 -0500] "POST /sipse/faces/presentacion/financiero/solicitudProceso/consultarSolicitudProceso.xhtml HTTP/1.1" 200 192405
186.29.13.35 - - [10/Feb/2023:01:19:18 -0500] "GET /sipse/faces/javax.faces.resource/theme.css?ln=primefaces-sipse HTTP/1.1" 304 -
186.29.13.35 - - [10/Feb/2023:01:19:18 -0500] "GET /sipse/faces/javax.faces.resource/primefaces.css?ln=primefaces&v=4.0 HTTP/1.1" 304 -
186.29.13.35 - - [10/Feb/2023:01:19:18 -0500] "GET /sipse/faces/javax.faces.resource/layout/layout.css?ln=primefaces&v=4.0 HTTP/1.1" 304 -
186.29.13.35 - - [10/Feb/2023:01:19:18 -0500] "GET /sipse/faces/javax.faces.resource/jquery/jquery-plugins.js?ln=primefaces&v=4.0 HTTP/1.1" 304 -
186.29.13.35 - - [10/Feb/2023:01:19:18 -0500] "GET /sipse/faces/javax.faces.resource/jquery/jquery.js?ln=primefaces&v=4.0 HTTP/1.1" 304 -
186.29.13.35 - - [10/Feb/2023:01:19:18 -0500] "GET /sipse/faces/javax.faces.resource/primefaces.js?ln=primefaces&v=4.0 HTTP/1.1" 304 -
186.29.13.35 - - [10/Feb/2023:01:19:18 -0500] "GET /sipse/faces/javax.faces.resource/layout/layout.js?ln=primefaces&v=4.0 HTTP/1.1" 304 -
186.29.13.35 - - [10/Feb/2023:01:19:18 -0500] "GET /sipse/css/imagen/contrasena.png HTTP/1.1" 404 383
186.29.13.35 - - [10/Feb/2023:01:19:18 -0500] "GET /sipse/faces/javax.faces.resource/images/ui-icons_898989_256x240.png?ln=primefaces-aristo HTTP/1.1" 304 -
186.29.13.35 - - [10/Feb/2023:01:19:18 -0500] "GET /sipse/faces/javax.faces.resource/dynamiccontent.properties?ln=primefaces&pfdrid=XjOR5%2F%2FfPAZAuY9TpWQeCiM0BhlXxYRBGKi%2FQcXXfeA%3D&pfdrid_c=false HTTP/1.1" 500 383
186.29.13.35 - - [10/Feb/2023:01:19:22 -0500] "GET /sipse/faces/javax.faces.resource/images/ui-bg_flat_0_2d5972_40x100.png?ln=primefaces-aristo HTTP/1.1" 304 -
186.29.13.35 - - [10/Feb/2023:01:19:22 -0500] "POST /sipse/faces/presentacion/financiero/solicitudProceso/consultarSolicitudProceso.xhtml HTTP/1.1" 200 62206
186.29.13.35 - - [10/Feb/2023:01:19:25 -0500] "GET /sipse/faces/javax.faces.resource/primefaces.css?ln=primefaces&v=4.0 HTTP/1.1" 304 -
186.29.13.35 - - [10/Feb/2023:01:19:25 -0500] "GET /sipse/faces/javax.faces.resource/theme.css?ln=primefaces-sipse HTTP/1.1" 304 -
186.29.13.35 - - [10/Feb/2023:01:19:25 -0500] "GET /sipse/faces/javax.faces.resource/layout/layout.css?ln=primefaces&v=4.0 HTTP/1.1" 304 -
186.29.13.35 - - [10/Feb/2023:01:19:25 -0500] "GET /sipse/faces/javax.faces.resource/jquery/jquery.js?ln=primefaces&v=4.0 HTTP/1.1" 304 -
186.29.13.35 - - [10/Feb/2023:01:19:25 -0500] "GET /sipse/faces/javax.faces.resource/jquery/jquery-plugins.js?ln=primefaces&v=4.0 HTTP/1.1" 304 -
186.29.13.35 - - [10/Feb/2023:01:19:25 -0500] "GET /sipse/faces/javax.faces.resource/primefaces.js?ln=primefaces&v=4.0 HTTP/1.1" 304 -
186.29.13.35 - - [10/Feb/2023:01:19:25 -0500] "GET /sipse/faces/javax.faces.resource/layout/layout.js?ln=primefaces&v=4.0 HTTP/1.1" 304 -
186.29.13.35 - - [10/Feb/2023:01:19:26 -0500] "GET /sipse/faces/javax.faces.resource/messages/messages.png?ln=primefaces&v=4.0 HTTP/1.1" 304 -
186.29.13.35 - - [10/Feb/2023:01:19:25 -0500] "POST /sipse/faces/presentacion/financiero/solicitudProceso/listarSolicitudProceso.xhtml HTTP/1.1" 200 1556
172.22.2.4 - - [10/Feb/2023:01:18:17 -0500] "GET /BLA/boletinlegal/ HTTP/1.1" 200 56079
52.167.144.97 - - [10/Feb/2023:01:20:13 -0500] "GET /sipse/faces/autenticacion.xhtml HTTP/1.1" 200 12503
152.61.128.50 - - [10/Feb/2023:01:20:45 -0500] "GET / HTTP/1.1" 200 319
201.245.192.253 - - [10/Feb/2023:01:22:22 -0500] "POST /kwsrmcab/Wsrmcab  HTTP/1.1" 200 213
128.14.136.18 - - [10/Feb/2023:01:22:28 -0500] "GET / HTTP/1.1" 200 319
216.245.221.92 - - [10/Feb/2023:01:22:32 -0500] "HEAD / HTTP/1.1" 200 -
107.170.245.14 - - [10/Feb/2023:01:22:54 -0500] "GET / HTTP/1.1" 200 319
186.29.13.35 - - [10/Feb/2023:01:23:45 -0500] "POST /sipse/faces/presentacion/financiero/solicitudProceso/listarSolicitudProceso.xhtml HTTP/1.1" 200 31677
186.29.13.35 - - [10/Feb/2023:01:23:46 -0500] "POST /sipse/faces/presentacion/financiero/solicitudProceso/listarSolicitudProceso.xhtml HTTP/1.1" 200 31681
186.29.13.35 - - [10/Feb/2023:01:23:47 -0500] "POST /sipse/faces/presentacion/financiero/solicitudProceso/listarSolicitudProceso.xhtml HTTP/1.1" 200 25914
186.29.13.35 - - [10/Feb/2023:01:23:48 -0500] "POST /sipse/faces/presentacion/financiero/solicitudProceso/listarSolicitudProceso.xhtml HTTP/1.1" 200 2357
186.29.13.35 - - [10/Feb/2023:01:23:50 -0500] "POST /sipse/faces/presentacion/financiero/solicitudProceso/listarSolicitudProceso.xhtml HTTP/1.1" 200 2357
79.110.73.38 - - [10/Feb/2023:01:24:21 -0500] "GET /BLA/resoluciones/RESOLUCIONES%202022/3261.pdf HTTP/1.1" 200 474743
172.22.2.4 - - [10/Feb/2023:01:23:16 -0500] "HEAD /BLA/boletinlegal/ HTTP/1.1" 200 -
52.167.144.31 - - [10/Feb/2023:01:25:15 -0500] "GET /distrito-declara-alerta-fase-i-en-suroccidente-de-bogota-por-altas-concentraciones-de-material-particulado.html HTTP/1.1" 304 -
172.22.2.4 - - [10/Feb/2023:01:24:07 -0500] "GET /BLA/boletinlegal/ HTTP/1.1" 200 59404
66.249.72.95 - - [10/Feb/2023:01:26:27 -0500] "-" 408 -
201.245.192.253 - - [10/Feb/2023:01:27:22 -0500] "POST /kwsrmcab/Wsrmcab  HTTP/1.1" 200 213
216.245.221.92 - - [10/Feb/2023:01:27:32 -0500] "HEAD / HTTP/1.1" 200 -
201.245.192.253 - - [10/Feb/2023:01:28:27 -0500] "POST /kwsrmcab/Wsrmcab HTTP/1.1" 200 41415
201.245.192.253 - - [10/Feb/2023:01:28:31 -0500] "POST /kwsrmcab/Wsrmcab HTTP/1.1" 200 40923
157.55.39.142 - - [10/Feb/2023:01:28:36 -0500] "GET /bla/resoluciones/autos%202021/0640.pdf HTTP/1.1" 200 374488
172.22.2.4 - - [10/Feb/2023:01:29:06 -0500] "HEAD /BLA/boletinlegal/ HTTP/1.1" 200 -
157.55.39.117 - - [10/Feb/2023:01:30:47 -0500] "GET /bla/resoluciones/autos%202021/0447.pdf HTTP/1.1" 200 410181
69.171.249.18 - - [10/Feb/2023:01:31:13 -0500] "GET /images/IMG_3028%20(1).jpg HTTP/1.1" 200 435206
69.171.249.19 - - [10/Feb/2023:01:31:23 -0500] "GET /images/1%20de%20febrero%20Humedal%20El%20Tunjo.jpeg HTTP/1.1" 200 52973
69.171.249.16 - - [10/Feb/2023:01:31:23 -0500] "GET /images/8%20de%20febrero%20incendio%20forestal.jpeg HTTP/1.1" 200 56283
69.171.249.5 - - [10/Feb/2023:01:31:23 -0500] "GET /images/2%20de%20febrero%20liberaci\xc3\xb3n%20Tunjo.jpeg HTTP/1.1" 404 1034
69.171.249.7 - - [10/Feb/2023:01:31:23 -0500] "GET /images/1%20de%20febrero%20D\xc3\xada%20sin%20carro.jpeg HTTP/1.1" 404 1034
69.171.249.12 - - [10/Feb/2023:01:31:23 -0500] "GET /images/vertimiento-Comprimida%20(1).png HTTP/1.1" 200 22870
69.171.249.7 - - [10/Feb/2023:01:31:26 -0500] "GET /images/Humedal%20Tunjo%20RAMSAR.jpeg HTTP/1.1" 200 120269
69.171.249.18 - - [10/Feb/2023:01:31:26 -0500] "GET /images/19%20de%20enero%20\xc3\xa1rbol%20bosque%20San%20Carlos.jpg HTTP/1.1" 404 1034
172.22.2.4 - - [10/Feb/2023:01:29:57 -0500] "GET /BLA/boletinlegal/ HTTP/1.1" 200 56079
201.245.192.253 - - [10/Feb/2023:01:32:20 -0500] "POST /kwsrmcab/Wsrmcab  HTTP/1.1" 200 213
216.245.221.92 - - [10/Feb/2023:01:32:32 -0500] "HEAD / HTTP/1.1" 200 -
66.249.72.95 - - [10/Feb/2023:01:32:59 -0500] "-" 408 -
207.46.13.10 - - [10/Feb/2023:01:33:30 -0500] "GET /BLA/resoluciones/AUTOS%202021/0817.pdf HTTP/1.1" 200 543054
186.84.21.222 - - [10/Feb/2023:01:33:33 -0500] "GET /sipse/faces/javax.faces.resource/images/ui-bg_flat_0_2d5972_40x100.png?ln=primefaces-aristo HTTP/1.1" 304 -
186.84.21.222 - - [10/Feb/2023:01:33:33 -0500] "POST /sipse/faces/presentacion/sistema/reporte/ventanaVerReporteParametros.xhtml HTTP/1.1" 200 40917
186.84.21.222 - - [10/Feb/2023:01:33:33 -0500] "GET /sipse/faces/javax.faces.resource/jquery/jquery.js?ln=primefaces&v=4.0 HTTP/1.1" 304 -
186.84.21.222 - - [10/Feb/2023:01:33:33 -0500] "GET /sipse/faces/javax.faces.resource/jquery/jquery-plugins.js?ln=primefaces&v=4.0 HTTP/1.1" 304 -
186.84.21.222 - - [10/Feb/2023:01:33:33 -0500] "GET /sipse/faces/javax.faces.resource/primefaces.js?ln=primefaces&v=4.0 HTTP/1.1" 304 -
186.84.21.222 - - [10/Feb/2023:01:33:33 -0500] "GET /sipse/faces/javax.faces.resource/layout/layout.js?ln=primefaces&v=4.0 HTTP/1.1" 304 -
186.84.21.222 - - [10/Feb/2023:01:33:34 -0500] "POST /sipse/faces/presentacion/financiero/solicitudProceso/listarSolicitudProceso.xhtml HTTP/1.1" 200 1396
157.55.39.142 - - [10/Feb/2023:01:34:46 -0500] "GET /bla/resoluciones/autos%202021/4491.pdf HTTP/1.1" 200 385488
40.77.167.251 - - [10/Feb/2023:01:35:21 -0500] "GET /bla/resoluciones/autos%202021/0258.pdf HTTP/1.1" 200 610303
186.84.21.222 - - [10/Feb/2023:01:35:28 -0500] "POST /sipse/faces/presentacion/financiero/solicitudProceso/listarSolicitudProceso.xhtml HTTP/1.1" 200 31908
186.84.21.222 - - [10/Feb/2023:01:35:29 -0500] "POST /sipse/faces/presentacion/financiero/solicitudProceso/listarSolicitudProceso.xhtml HTTP/1.1" 200 31904
186.84.21.222 - - [10/Feb/2023:01:35:30 -0500] "POST /sipse/faces/presentacion/financiero/solicitudProceso/listarSolicitudProceso.xhtml HTTP/1.1" 200 32245
186.84.21.222 - - [10/Feb/2023:01:35:31 -0500] "POST /sipse/faces/presentacion/financiero/solicitudProceso/listarSolicitudProceso.xhtml HTTP/1.1" 200 11364
186.84.21.222 - - [10/Feb/2023:01:35:32 -0500] "POST /sipse/faces/presentacion/financiero/solicitudProceso/listarSolicitudProceso.xhtml HTTP/1.1" 200 5300
186.84.21.222 - - [10/Feb/2023:01:35:35 -0500] "POST /sipse/faces/presentacion/financiero/solicitudProceso/listarSolicitudProceso.xhtml HTTP/1.1" 200 156035
186.84.21.222 - - [10/Feb/2023:01:35:36 -0500] "GET /sipse/faces/javax.faces.resource/jquery/jquery.js?ln=primefaces&v=4.0 HTTP/1.1" 304 -
186.84.21.222 - - [10/Feb/2023:01:35:36 -0500] "GET /sipse/faces/javax.faces.resource/jquery/jquery-plugins.js?ln=primefaces&v=4.0 HTTP/1.1" 304 -
186.84.21.222 - - [10/Feb/2023:01:35:36 -0500] "GET /sipse/faces/javax.faces.resource/primefaces.js?ln=primefaces&v=4.0 HTTP/1.1" 304 -
186.84.21.222 - - [10/Feb/2023:01:35:36 -0500] "GET /sipse/faces/javax.faces.resource/layout/layout.js?ln=primefaces&v=4.0 HTTP/1.1" 304 -
186.84.21.222 - - [10/Feb/2023:01:35:36 -0500] "GET /sipse/faces/javax.faces.resource/dynamiccontent.properties?ln=primefaces&pfdrid=XjOR5%2F%2FfPAZAuY9TpWQeCiM0BhlXxYRBGKi%2FQcXXfeA%3D&pfdrid_c=false HTTP/1.1" 500 383
186.84.21.222 - - [10/Feb/2023:01:35:43 -0500] "POST /sipse/faces/presentacion/financiero/solicitudProceso/consultarSolicitudProceso.xhtml HTTP/1.1" 200 76628
172.22.2.4 - - [10/Feb/2023:01:34:56 -0500] "HEAD /BLA/boletinlegal/ HTTP/1.1" 200 -
173.252.111.6 - - [10/Feb/2023:01:37:23 -0500] "GET /images/tinguas-26-octubre.jpg HTTP/1.1" 200 105485
201.245.192.253 - - [10/Feb/2023:01:37:19 -0500] "POST /kwsrmcab/Wsrmcab  HTTP/1.1" 200 213
172.22.2.4 - - [10/Feb/2023:01:35:47 -0500] "GET /BLA/boletinlegal/ HTTP/1.1" 200 57192
216.245.221.92 - - [10/Feb/2023:01:37:32 -0500] "HEAD / HTTP/1.1" 200 -
201.245.192.253 - - [10/Feb/2023:01:38:27 -0500] "POST /kwsrmcab/Wsrmcab HTTP/1.1" 200 41415
201.245.192.253 - - [10/Feb/2023:01:38:31 -0500] "POST /kwsrmcab/Wsrmcab HTTP/1.1" 200 40923
186.84.21.222 - - [10/Feb/2023:01:39:08 -0500] "POST /sipse/faces/presentacion/financiero/solicitudProceso/consultarSolicitudProceso.xhtml HTTP/1.1" 200 138832
186.84.21.222 - - [10/Feb/2023:01:39:12 -0500] "POST /sipse/faces/presentacion/financiero/solicitudProceso/consultarSolicitudProceso.xhtml HTTP/1.1" 200 148587
186.84.21.222 - - [10/Feb/2023:01:40:16 -0500] "POST /sipse/faces/presentacion/financiero/solicitudProceso/consultarSolicitudProceso.xhtml HTTP/1.1" 200 5605
186.84.21.222 - - [10/Feb/2023:01:40:16 -0500] "GET /sipse/faces/javax.faces.resource/dynamiccontent.properties?ln=primefaces&pfdrid=XjOR5%2F%2FfPAZAuY9TpWQeCiM0BhlXxYRBGKi%2FQcXXfeA%3D&pfdrid_c=false HTTP/1.1" 200 165422
186.84.21.222 - - [10/Feb/2023:01:40:32 -0500] "POST /sipse/faces/presentacion/financiero/solicitudProceso/consultarSolicitudProceso.xhtml HTTP/1.1" 200 5590
186.84.21.222 - - [10/Feb/2023:01:41:08 -0500] "POST /sipse/faces/presentacion/financiero/solicitudProceso/consultarSolicitudProceso.xhtml HTTP/1.1" 200 34811
186.84.21.222 - - [10/Feb/2023:01:41:08 -0500] "GET /sipse/faces/javax.faces.resource/jquery/jquery.js?ln=primefaces&v=4.0 HTTP/1.1" 304 -
186.84.21.222 - - [10/Feb/2023:01:41:08 -0500] "GET /sipse/faces/javax.faces.resource/jquery/jquery-plugins.js?ln=primefaces&v=4.0 HTTP/1.1" 304 -
186.84.21.222 - - [10/Feb/2023:01:41:08 -0500] "GET /sipse/faces/javax.faces.resource/primefaces.js?ln=primefaces&v=4.0 HTTP/1.1" 304 -
186.84.21.222 - - [10/Feb/2023:01:41:08 -0500] "GET /sipse/faces/javax.faces.resource/layout/layout.js?ln=primefaces&v=4.0 HTTP/1.1" 304 -
186.84.21.222 - - [10/Feb/2023:01:41:08 -0500] "POST /sipse/faces/presentacion/sistema/reporte/listarReportes.xhtml HTTP/1.1" 200 28194
186.84.21.222 - - [10/Feb/2023:01:41:08 -0500] "POST /sipse/faces/presentacion/sistema/reporte/listarReportes.xhtml HTTP/1.1" 200 28194
186.84.21.222 - - [10/Feb/2023:01:41:10 -0500] "POST /sipse/faces/presentacion/sistema/reporte/listarReportes.xhtml HTTP/1.1" 200 23439
186.84.21.222 - - [10/Feb/2023:01:41:10 -0500] "GET /sipse/faces/javax.faces.resource/theme.css?ln=primefaces-sipse HTTP/1.1" 304 -
186.84.21.222 - - [10/Feb/2023:01:41:10 -0500] "GET /sipse/faces/javax.faces.resource/primefaces.css?ln=primefaces&v=4.0 HTTP/1.1" 304 -
186.84.21.222 - - [10/Feb/2023:01:41:10 -0500] "GET /sipse/faces/javax.faces.resource/layout/layout.css?ln=primefaces&v=4.0 HTTP/1.1" 304 -
186.84.21.222 - - [10/Feb/2023:01:41:10 -0500] "GET /sipse/faces/javax.faces.resource/layout/layout.js?ln=primefaces&v=4.0 HTTP/1.1" 304 -
186.84.21.222 - - [10/Feb/2023:01:41:10 -0500] "GET /sipse/faces/javax.faces.resource/jquery/jquery.js?ln=primefaces&v=4.0 HTTP/1.1" 304 -
186.84.21.222 - - [10/Feb/2023:01:41:10 -0500] "GET /sipse/faces/javax.faces.resource/jquery/jquery-plugins.js?ln=primefaces&v=4.0 HTTP/1.1" 304 -
186.84.21.222 - - [10/Feb/2023:01:41:10 -0500] "GET /sipse/faces/javax.faces.resource/primefaces.js?ln=primefaces&v=4.0 HTTP/1.1" 304 -
186.84.21.222 - - [10/Feb/2023:01:41:10 -0500] "GET /sipse/faces/javax.faces.resource/images/ui-icons_898989_256x240.png?ln=primefaces-aristo HTTP/1.1" 304 -
186.84.21.222 - - [10/Feb/2023:01:42:11 -0500] "GET /sipse/faces/javax.faces.resource/images/ui-bg_flat_0_2d5972_40x100.png?ln=primefaces-aristo HTTP/1.1" 304 -
186.84.21.222 - - [10/Feb/2023:01:42:11 -0500] "POST /sipse/faces/presentacion/sistema/reporte/ventanaVerReporteParametros.xhtml HTTP/1.1" 200 41097
186.84.21.222 - - [10/Feb/2023:01:42:11 -0500] "GET /sipse/faces/javax.faces.resource/jquery/jquery.js?ln=primefaces&v=4.0 HTTP/1.1" 304 -
186.84.21.222 - - [10/Feb/2023:01:42:11 -0500] "GET /sipse/faces/javax.faces.resource/jquery/jquery-plugins.js?ln=primefaces&v=4.0 HTTP/1.1" 304 -
186.84.21.222 - - [10/Feb/2023:01:42:11 -0500] "GET /sipse/faces/javax.faces.resource/primefaces.js?ln=primefaces&v=4.0 HTTP/1.1" 304 -
186.84.21.222 - - [10/Feb/2023:01:42:11 -0500] "GET /sipse/faces/javax.faces.resource/layout/layout.js?ln=primefaces&v=4.0 HTTP/1.1" 304 -
186.84.21.222 - - [10/Feb/2023:01:42:11 -0500] "POST /sipse/faces/presentacion/financiero/solicitudProceso/listarSolicitudProceso.xhtml HTTP/1.1" 200 1396
186.84.21.222 - - [10/Feb/2023:01:42:13 -0500] "POST /sipse/faces/presentacion/financiero/solicitudProceso/listarSolicitudProceso.xhtml HTTP/1.1" 200 31892
186.84.21.222 - - [10/Feb/2023:01:42:14 -0500] "POST /sipse/faces/presentacion/financiero/solicitudProceso/listarSolicitudProceso.xhtml HTTP/1.1" 200 43792
186.84.21.222 - - [10/Feb/2023:01:42:18 -0500] "POST /sipse/faces/presentacion/financiero/solicitudProceso/listarSolicitudProceso.xhtml HTTP/1.1" 200 32434
201.245.192.253 - - [10/Feb/2023:01:42:18 -0500] "POST /kwsrmcab/Wsrmcab  HTTP/1.1" 200 213
186.84.21.222 - - [10/Feb/2023:01:42:23 -0500] "POST /sipse/faces/presentacion/financiero/solicitudProceso/listarSolicitudProceso.xhtml HTTP/1.1" 200 29149
172.22.2.4 - - [10/Feb/2023:01:40:46 -0500] "HEAD /BLA/boletinlegal/ HTTP/1.1" 200 -
216.245.221.92 - - [10/Feb/2023:01:42:32 -0500] "HEAD / HTTP/1.1" 200 -
172.22.2.4 - - [10/Feb/2023:01:41:37 -0500] "GET /BLA/boletinlegal/ HTTP/1.1" 200 56474
205.210.31.165 - - [10/Feb/2023:01:45:21 -0500] "GET / HTTP/1.1" 200 319
157.55.39.117 - - [10/Feb/2023:01:47:18 -0500] "GET /bla/resoluciones/autos%202021/0472.pdf HTTP/1.1" 200 414182
201.245.192.253 - - [10/Feb/2023:01:47:17 -0500] "POST /kwsrmcab/Wsrmcab  HTTP/1.1" 200 213
216.245.221.92 - - [10/Feb/2023:01:47:32 -0500] "HEAD / HTTP/1.1" 200 -
183.136.225.32 - - [10/Feb/2023:01:47:41 -0500] "-" 408 -
40.77.167.251 - - [10/Feb/2023:01:47:51 -0500] "GET /BLA/resoluciones/AUTOS%202021/0230.pdf HTTP/1.1" 200 344476
52.167.144.49 - - [10/Feb/2023:01:47:55 -0500] "GET /bla/resoluciones/autos%202021/0237.pdf HTTP/1.1" 200 517547
52.167.144.97 - - [10/Feb/2023:01:47:55 -0500] "GET /BLA/resoluciones/index.php?dir=RESOLUCIONES+2021%2F HTTP/1.1" 200 438284
172.22.2.4 - - [10/Feb/2023:01:48:07 -0500] "GET /BLA/boletinlegal/robots.txt HTTP/1.1" 404 1038
172.22.2.4 - - [10/Feb/2023:01:48:09 -0500] "GET /BLA/boletinlegal/jurisprudencia.php HTTP/1.1" 200 17573
172.22.2.4 - - [10/Feb/2023:01:46:36 -0500] "HEAD /BLA/boletinlegal/ HTTP/1.1" 200 -
185.246.220.98 - - [10/Feb/2023:01:48:52 -0500] "GET / HTTP/1.1" 200 319
172.22.2.4 - - [10/Feb/2023:01:47:27 -0500] "GET /BLA/boletinlegal/ HTTP/1.1" 200 59404
157.55.39.142 - - [10/Feb/2023:01:50:28 -0500] "GET /BLA/resoluciones/AUTOS%202018/3945.pdf HTTP/1.1" 200 275870
152.61.192.232 - - [10/Feb/2023:01:51:26 -0500] "GET /arcgis/services/Calidad_del_Agua_WQI/MapServer/WMSServer?request=GetCapabilities&service=WMS HTTP/1.1" 503 1020
152.61.192.232 - - [10/Feb/2023:01:51:27 -0500] "GET /arcgis/services/Calidad_del_Agua_WQI/MapServer/WMSServer?SERVICE=WMS&REQUEST=GetCapabilities HTTP/1.1" 503 1020
152.61.192.232 - - [10/Feb/2023:01:51:28 -0500] "GET /arcgis/services/Calidad_del_Agua_WQI/MapServer/WMSServer?WMTVER=1.0.0&REQUEST=capabilities HTTP/1.1" 503 1020
157.55.39.142 - - [10/Feb/2023:01:51:38 -0500] "GET /bla/resoluciones/autos%202021/0804.pdf HTTP/1.1" 200 448365
201.245.192.253 - - [10/Feb/2023:01:52:16 -0500] "POST /kwsrmcab/Wsrmcab  HTTP/1.1" 200 213
162.55.41.96 - - [10/Feb/2023:01:52:21 -0500] "GET / HTTP/1.1" 200 4720
162.55.41.96 - - [10/Feb/2023:01:52:23 -0500] "GET / HTTP/1.1" 200 319
216.245.221.92 - - [10/Feb/2023:01:52:32 -0500] "HEAD / HTTP/1.1" 200 -
172.22.2.4 - - [10/Feb/2023:01:52:26 -0500] "HEAD /BLA/boletinlegal/ HTTP/1.1" 200 -
172.22.2.4 - - [10/Feb/2023:01:54:23 -0500] "GET /BLA/boletinlegal/robots.txt HTTP/1.1" 404 1038
172.22.2.4 - - [10/Feb/2023:01:54:34 -0500] "GET /BLA/boletinlegal/Circulares/2019/Circular%20No.%2012%20del%2014%20de%20Marzo%20de%202019.pdf HTTP/1.1" 304 -
172.22.2.4 - - [10/Feb/2023:01:53:17 -0500] "GET /BLA/boletinlegal/ HTTP/1.1" 200 57192
157.55.39.142 - - [10/Feb/2023:01:55:49 -0500] "GET /bla/resoluciones/autos%202021/0451.pdf HTTP/1.1" 200 437007
157.55.39.117 - - [10/Feb/2023:01:56:00 -0500] "GET /bla/resoluciones/autos%202021/0542.pdf HTTP/1.1" 200 353801
66.249.72.71 - - [10/Feb/2023:01:56:22 -0500] "-" 408 -
201.245.192.253 - - [10/Feb/2023:01:57:14 -0500] "POST /kwsrmcab/Wsrmcab  HTTP/1.1" 200 213
216.245.221.92 - - [10/Feb/2023:01:57:32 -0500] "HEAD / HTTP/1.1" 200 -
157.55.39.117 - - [10/Feb/2023:01:57:37 -0500] "GET /galeria/carrusel/Carrusel/jquery-ui-1.8.13.custom.min.js HTTP/1.1" 200 10800
207.46.13.10 - - [10/Feb/2023:01:57:42 -0500] "GET /galeria/carrusel/Carrusel/jquery.thumbnailScroller.js HTTP/1.1" 200 8157
52.167.144.49 - - [10/Feb/2023:01:57:47 -0500] "GET /galeria/carrusel/Carrusel/jquery.thumbnailScroller.css HTTP/1.1" 200 2066
52.167.144.49 - - [10/Feb/2023:01:57:47 -0500] "GET /galeria/nivo-slider/demo/banner.html HTTP/1.1" 200 5446
186.84.21.222 - - [10/Feb/2023:01:58:07 -0500] "POST /sipse/faces/presentacion/financiero/solicitudProceso/listarSolicitudProceso.xhtml HTTP/1.1" 200 31940
186.84.21.222 - - [10/Feb/2023:01:58:08 -0500] "POST /sipse/faces/presentacion/financiero/solicitudProceso/listarSolicitudProceso.xhtml HTTP/1.1" 200 32277
186.84.21.222 - - [10/Feb/2023:01:58:10 -0500] "POST /sipse/faces/presentacion/financiero/solicitudProceso/listarSolicitudProceso.xhtml HTTP/1.1" 200 11400
186.84.21.222 - - [10/Feb/2023:01:58:11 -0500] "POST /sipse/faces/presentacion/financiero/solicitudProceso/listarSolicitudProceso.xhtml HTTP/1.1" 200 5170
186.84.21.222 - - [10/Feb/2023:01:58:14 -0500] "POST /sipse/faces/presentacion/financiero/solicitudProceso/listarSolicitudProceso.xhtml HTTP/1.1" 200 155817
186.84.21.222 - - [10/Feb/2023:01:58:17 -0500] "GET /sipse/faces/javax.faces.resource/jquery/jquery.js?ln=primefaces&v=4.0 HTTP/1.1" 304 -
186.84.21.222 - - [10/Feb/2023:01:58:17 -0500] "GET /sipse/faces/javax.faces.resource/jquery/jquery-plugins.js?ln=primefaces&v=4.0 HTTP/1.1" 304 -
186.84.21.222 - - [10/Feb/2023:01:58:17 -0500] "GET /sipse/faces/javax.faces.resource/primefaces.js?ln=primefaces&v=4.0 HTTP/1.1" 304 -
186.84.21.222 - - [10/Feb/2023:01:58:17 -0500] "GET /sipse/faces/javax.faces.resource/layout/layout.js?ln=primefaces&v=4.0 HTTP/1.1" 304 -
186.84.21.222 - - [10/Feb/2023:01:58:23 -0500] "POST /sipse/faces/presentacion/financiero/solicitudProceso/consultarSolicitudProceso.xhtml HTTP/1.1" 200 75488
172.22.2.4 - - [10/Feb/2023:01:58:16 -0500] "HEAD /BLA/boletinlegal/ HTTP/1.1" 200 -
172.22.2.4 - - [10/Feb/2023:02:00:04 -0500] "GET /BLA/boletinlegal/Circulares/2011/Circular%20No.%208%20del%2020%20de%20Septiembre%20de%202011.pdf HTTP/1.1" 200 285158
186.84.21.222 - - [10/Feb/2023:02:00:26 -0500] "POST /sipse/faces/presentacion/financiero/solicitudProceso/consultarSolicitudProceso.xhtml HTTP/1.1" 200 132801
172.22.2.4 - - [10/Feb/2023:01:59:07 -0500] "GET /BLA/boletinlegal/ HTTP/1.1" 200 56474
172.22.2.4 - - [10/Feb/2023:02:00:19 -0500] "GET /BLA/boletinlegal/ HTTP/1.1" 200 24523
186.84.21.222 - - [10/Feb/2023:02:01:15 -0500] "POST /sipse/faces/presentacion/financiero/solicitudProceso/consultarSolicitudProceso.xhtml HTTP/1.1" 200 138832
186.84.21.222 - - [10/Feb/2023:02:01:22 -0500] "POST /sipse/faces/presentacion/financiero/solicitudProceso/consultarSolicitudProceso.xhtml HTTP/1.1" 200 5605
186.84.21.222 - - [10/Feb/2023:02:01:23 -0500] "GET /sipse/faces/javax.faces.resource/dynamiccontent.properties?ln=primefaces&pfdrid=XjOR5%2F%2FfPAZAuY9TpWQeCiM0BhlXxYRBGKi%2FQcXXfeA%3D&pfdrid_c=false HTTP/1.1" 200 165324
186.84.21.222 - - [10/Feb/2023:02:01:40 -0500] "POST /sipse/faces/presentacion/financiero/solicitudProceso/consultarSolicitudProceso.xhtml HTTP/1.1" 200 5590
201.245.192.253 - - [10/Feb/2023:02:02:13 -0500] "POST /kwsrmcab/Wsrmcab  HTTP/1.1" 200 213
186.84.21.222 - - [10/Feb/2023:02:02:19 -0500] "POST /sipse/faces/presentacion/financiero/solicitudProceso/consultarSolicitudProceso.xhtml HTTP/1.1" 200 34811
186.84.21.222 - - [10/Feb/2023:02:02:19 -0500] "GET /sipse/faces/javax.faces.resource/jquery/jquery.js?ln=primefaces&v=4.0 HTTP/1.1" 304 -
186.84.21.222 - - [10/Feb/2023:02:02:19 -0500] "GET /sipse/faces/javax.faces.resource/jquery/jquery-plugins.js?ln=primefaces&v=4.0 HTTP/1.1" 304 -
186.84.21.222 - - [10/Feb/2023:02:02:19 -0500] "GET /sipse/faces/javax.faces.resource/primefaces.js?ln=primefaces&v=4.0 HTTP/1.1" 304 -
186.84.21.222 - - [10/Feb/2023:02:02:19 -0500] "GET /sipse/faces/javax.faces.resource/layout/layout.js?ln=primefaces&v=4.0 HTTP/1.1" 304 -
186.84.21.222 - - [10/Feb/2023:02:02:19 -0500] "POST /sipse/faces/presentacion/sistema/reporte/listarReportes.xhtml HTTP/1.1" 200 28194
186.84.21.222 - - [10/Feb/2023:02:02:19 -0500] "POST /sipse/faces/presentacion/sistema/reporte/listarReportes.xhtml HTTP/1.1" 200 28194
186.84.21.222 - - [10/Feb/2023:02:02:21 -0500] "POST /sipse/faces/presentacion/sistema/reporte/listarReportes.xhtml HTTP/1.1" 200 23439
186.84.21.222 - - [10/Feb/2023:02:02:21 -0500] "GET /sipse/faces/javax.faces.resource/theme.css?ln=primefaces-sipse HTTP/1.1" 304 -
186.84.21.222 - - [10/Feb/2023:02:02:21 -0500] "GET /sipse/faces/javax.faces.resource/layout/layout.css?ln=primefaces&v=4.0 HTTP/1.1" 304 -
186.84.21.222 - - [10/Feb/2023:02:02:21 -0500] "GET /sipse/faces/javax.faces.resource/jquery/jquery-plugins.js?ln=primefaces&v=4.0 HTTP/1.1" 304 -
186.84.21.222 - - [10/Feb/2023:02:02:21 -0500] "GET /sipse/faces/javax.faces.resource/jquery/jquery.js?ln=primefaces&v=4.0 HTTP/1.1" 304 -
186.84.21.222 - - [10/Feb/2023:02:02:21 -0500] "GET /sipse/faces/javax.faces.resource/layout/layout.js?ln=primefaces&v=4.0 HTTP/1.1" 304 -
186.84.21.222 - - [10/Feb/2023:02:02:21 -0500] "GET /sipse/faces/javax.faces.resource/primefaces.js?ln=primefaces&v=4.0 HTTP/1.1" 304 -
186.84.21.222 - - [10/Feb/2023:02:02:21 -0500] "GET /sipse/faces/javax.faces.resource/primefaces.css?ln=primefaces&v=4.0 HTTP/1.1" 304 -
186.84.21.222 - - [10/Feb/2023:02:02:21 -0500] "GET /sipse/faces/javax.faces.resource/images/ui-icons_898989_256x240.png?ln=primefaces-aristo HTTP/1.1" 304 -
216.245.221.92 - - [10/Feb/2023:02:02:32 -0500] "HEAD / HTTP/1.1" 200 -
186.84.21.222 - - [10/Feb/2023:02:03:31 -0500] "GET /sipse/faces/presentacion/sistema/reporte/listarReportes.xhtml HTTP/1.1" 302 -
186.84.21.222 - - [10/Feb/2023:02:03:31 -0500] "GET /sipse/faces/autenticacion.xhtml HTTP/1.1" 200 12181
186.84.21.222 - - [10/Feb/2023:02:03:31 -0500] "GET /sipse/faces/javax.faces.resource/primefaces.js?ln=primefaces&v=4.0 HTTP/1.1" 304 -
186.84.21.222 - - [10/Feb/2023:02:03:31 -0500] "GET /sipse/faces/javax.faces.resource/theme.css?ln=primefaces-sipse HTTP/1.1" 304 -
186.84.21.222 - - [10/Feb/2023:02:03:31 -0500] "GET /sipse/faces/javax.faces.resource/primefaces.css?ln=primefaces&v=4.0 HTTP/1.1" 304 -
186.84.21.222 - - [10/Feb/2023:02:03:31 -0500] "GET /sipse/faces/javax.faces.resource/layout/layout.css?ln=primefaces&v=4.0 HTTP/1.1" 304 -
186.84.21.222 - - [10/Feb/2023:02:03:31 -0500] "GET /sipse/faces/javax.faces.resource/jquery/jquery.js?ln=primefaces&v=4.0 HTTP/1.1" 304 -
186.84.21.222 - - [10/Feb/2023:02:03:31 -0500] "GET /sipse/faces/javax.faces.resource/jquery/jquery-plugins.js?ln=primefaces&v=4.0 HTTP/1.1" 304 -
186.84.21.222 - - [10/Feb/2023:02:03:31 -0500] "GET /sipse/faces/javax.faces.resource/layout/layout.js?ln=primefaces&v=4.0 HTTP/1.1" 304 -
186.84.21.222 - - [10/Feb/2023:02:03:31 -0500] "GET /sipse/faces/javax.faces.resource/images/ui-icons_898989_256x240.png?ln=primefaces-aristo HTTP/1.1" 200 5355
186.84.21.222 - - [10/Feb/2023:02:03:31 -0500] "GET /sipse/css/imagen/loginimg.png HTTP/1.1" 200 16070
186.84.21.222 - - [10/Feb/2023:02:03:31 -0500] "GET /sipse/css/imagen/logoSDG.png HTTP/1.1" 200 24714
186.84.21.222 - - [10/Feb/2023:02:03:31 -0500] "GET /sipse/faces/index.xhtml HTTP/1.1" 200 677
186.84.21.222 - - [10/Feb/2023:02:03:31 -0500] "GET /sipse/faces/javax.faces.resource/theme.css?ln=primefaces-sipse HTTP/1.1" 304 -
186.84.21.222 - - [10/Feb/2023:02:03:31 -0500] "GET /sipse/faces/faces/autenticacion.xhtml HTTP/1.1" 200 12181
186.84.21.222 - - [10/Feb/2023:02:03:31 -0500] "GET /sipse/faces/javax.faces.resource/primefaces.css?ln=primefaces&v=4.0 HTTP/1.1" 304 -
186.84.21.222 - - [10/Feb/2023:02:03:31 -0500] "GET /sipse/faces/javax.faces.resource/jquery/jquery.js?ln=primefaces&v=4.0 HTTP/1.1" 304 -
186.84.21.222 - - [10/Feb/2023:02:03:31 -0500] "GET /sipse/faces/javax.faces.resource/theme.css?ln=primefaces-sipse HTTP/1.1" 304 -
186.84.21.222 - - [10/Feb/2023:02:03:31 -0500] "GET /sipse/faces/javax.faces.resource/layout/layout.css?ln=primefaces&v=4.0 HTTP/1.1" 304 -
186.84.21.222 - - [10/Feb/2023:02:03:31 -0500] "GET /sipse/faces/javax.faces.resource/jquery/jquery-plugins.js?ln=primefaces&v=4.0 HTTP/1.1" 304 -
186.84.21.222 - - [10/Feb/2023:02:03:31 -0500] "GET /sipse/faces/javax.faces.resource/primefaces.js?ln=primefaces&v=4.0 HTTP/1.1" 304 -
186.84.21.222 - - [10/Feb/2023:02:03:31 -0500] "GET /sipse/faces/javax.faces.resource/layout/layout.js?ln=primefaces&v=4.0 HTTP/1.1" 304 -
186.84.21.222 - - [10/Feb/2023:02:03:31 -0500] "GET /sipse/faces/javax.faces.resource/images/ui-icons_898989_256x240.png?ln=primefaces-aristo HTTP/1.1" 304 -
186.84.21.222 - - [10/Feb/2023:02:03:34 -0500] "POST /sipse/faces/autenticacion.xhtml HTTP/1.1" 200 16119
186.84.21.222 - - [10/Feb/2023:02:03:34 -0500] "GET /sipse/css/custom_css_sg_prime.css HTTP/1.1" 200 5201
186.84.21.222 - - [10/Feb/2023:02:03:34 -0500] "GET /sipse/faces/javax.faces.resource/jquery/jquery.js?ln=primefaces&v=4.0 HTTP/1.1" 304 -
186.84.21.222 - - [10/Feb/2023:02:03:34 -0500] "GET /sipse/faces/javax.faces.resource/jquery/jquery-plugins.js?ln=primefaces&v=4.0 HTTP/1.1" 304 -
186.84.21.222 - - [10/Feb/2023:02:03:34 -0500] "GET /sipse/faces/javax.faces.resource/primefaces.js?ln=primefaces&v=4.0 HTTP/1.1" 304 -
186.84.21.222 - - [10/Feb/2023:02:03:34 -0500] "GET /sipse/faces/javax.faces.resource/layout/layout.js?ln=primefaces&v=4.0 HTTP/1.1" 304 -
186.84.21.222 - - [10/Feb/2023:02:03:34 -0500] "GET /sipse/css/imagen/contrasena.png HTTP/1.1" 404 383
186.84.21.222 - - [10/Feb/2023:02:03:34 -0500] "GET /sipse/faces/javax.faces.resource/messages/messages.png?ln=primefaces&v=4.0 HTTP/1.1" 304 -
171.22.30.127 - - [10/Feb/2023:02:03:40 -0500] "GET /.env HTTP/1.1" 404 1018
171.22.30.127 - - [10/Feb/2023:02:03:40 -0500] "POST / HTTP/1.1" 200 319
157.55.39.142 - - [10/Feb/2023:02:04:38 -0500] "GET /BLA/resoluciones/AUTOS%202021/2568.pdf HTTP/1.1" 200 365198
52.167.144.97 - - [10/Feb/2023:02:05:25 -0500] "GET /BLA/resoluciones/RESOLUCIONES%202021/2903.pdf HTTP/1.1" 304 -
172.22.2.4 - - [10/Feb/2023:02:04:06 -0500] "HEAD /BLA/boletinlegal/ HTTP/1.1" 200 -
172.22.2.4 - - [10/Feb/2023:02:04:57 -0500] "GET /BLA/boletinlegal/ HTTP/1.1" 200 59404
201.245.192.253 - - [10/Feb/2023:02:07:12 -0500] "POST /kwsrmcab/Wsrmcab  HTTP/1.1" 200 213
216.245.221.92 - - [10/Feb/2023:02:07:32 -0500] "HEAD / HTTP/1.1" 200 -
34.147.55.102 - - [10/Feb/2023:02:07:33 -0500] "GET /inventario-de-emisiones-2020-transporte-publico-sitp-redujo-emisiones-de-pm-2-5-en-un-37.html HTTP/1.1" 200 925
172.22.2.4 - - [10/Feb/2023:02:09:56 -0500] "HEAD /BLA/boletinlegal/ HTTP/1.1" 200 -
52.167.144.49 - - [10/Feb/2023:02:11:46 -0500] "GET /bla/resoluciones/autos%202021/0461.pdf HTTP/1.1" 200 431829
201.245.192.253 - - [10/Feb/2023:02:12:11 -0500] "POST /kwsrmcab/Wsrmcab  HTTP/1.1" 200 213
172.22.2.4 - - [10/Feb/2023:02:10:47 -0500] "GET /BLA/boletinlegal/ HTTP/1.1" 200 59035
216.245.221.92 - - [10/Feb/2023:02:12:32 -0500] "HEAD / HTTP/1.1" 200 -
157.55.39.142 - - [10/Feb/2023:02:12:59 -0500] "GET /BLA/resoluciones/AUTOS%202021/0511.pdf HTTP/1.1" 200 728006
40.77.188.131 - - [10/Feb/2023:02:13:37 -0500] "GET /galeria/nivo-slider/themes/orman/orman.css HTTP/1.1" 200 2152
40.77.188.131 - - [10/Feb/2023:02:13:37 -0500] "GET /galeria/nivo-slider/themes/default/default.css HTTP/1.1" 200 1569
40.77.188.131 - - [10/Feb/2023:02:13:37 -0500] "GET /galeria/nivo-slider/themes/pascal/pascal.css HTTP/1.1" 200 2258
40.77.188.131 - - [10/Feb/2023:02:13:37 -0500] "GET /galeria/nivo-slider/demo/scripts/jquery-1.7.1.min.js HTTP/1.1" 200 93868
40.77.188.131 - - [10/Feb/2023:02:13:37 -0500] "GET /galeria/nivo-slider/jquery.nivo.slider.pack.js HTTP/1.1" 200 11561
40.77.188.131 - - [10/Feb/2023:02:13:37 -0500] "GET /galeria/nivo-slider/demo/style.css HTTP/1.1" 200 2222
40.77.188.131 - - [10/Feb/2023:02:13:42 -0500] "GET /galeria/nivo-slider/nivo-slider.css HTTP/1.1" 200 1507
52.167.144.97 - - [10/Feb/2023:02:13:57 -0500] "GET /bla/resoluciones/autos%202021/2915.pdf HTTP/1.1" 200 367054
185.119.81.99 - - [10/Feb/2023:02:14:05 -0500] "GET /portaldeninos/wp-login.php HTTP/1.1" 200 2592
185.119.81.99 - - [10/Feb/2023:02:14:06 -0500] "POST /portaldeninos/wp-login.php HTTP/1.1" 200 3605
152.61.128.50 - - [10/Feb/2023:02:14:23 -0500] "GET /arcgis/services/Calidad_del_Agua_WQI/MapServer/WMSServer?request=GetCapabilities&service=WMS HTTP/1.1" 503 1020
152.61.128.50 - - [10/Feb/2023:02:14:25 -0500] "GET /arcgis/services/Calidad_del_Agua_WQI/MapServer/WMSServer?SERVICE=WMS&REQUEST=GetCapabilities HTTP/1.1" 503 1020
152.61.128.50 - - [10/Feb/2023:02:14:25 -0500] "GET /arcgis/services/Calidad_del_Agua_WQI/MapServer/WMSServer?WMTVER=1.0.0&REQUEST=capabilities HTTP/1.1" 503 1020
201.245.192.253 - - [10/Feb/2023:02:17:10 -0500] "POST /kwsrmcab/Wsrmcab  HTTP/1.1" 200 213
172.22.2.4 - - [10/Feb/2023:02:15:46 -0500] "HEAD /BLA/boletinlegal/ HTTP/1.1" 200 -
216.245.221.92 - - [10/Feb/2023:02:17:52 -0500] "GET / HTTP/1.1" 200 319
172.22.2.4 - - [10/Feb/2023:02:16:37 -0500] "GET /BLA/boletinlegal/ HTTP/1.1" 200 59404
201.245.192.253 - - [10/Feb/2023:02:18:27 -0500] "POST /kwsrmcab/Wsrmcab HTTP/1.1" 200 41579
201.245.192.253 - - [10/Feb/2023:02:18:31 -0500] "POST /kwsrmcab/Wsrmcab HTTP/1.1" 200 41075
94.102.61.10 - - [10/Feb/2023:02:21:05 -0500] "GET /portaldeninos/ HTTP/1.1" 200 14393
201.245.192.253 - - [10/Feb/2023:02:22:08 -0500] "POST /kwsrmcab/Wsrmcab  HTTP/1.1" 200 213
216.245.221.92 - - [10/Feb/2023:02:22:52 -0500] "HEAD / HTTP/1.1" 200 -
172.22.2.4 - - [10/Feb/2023:02:21:36 -0500] "HEAD /BLA/boletinlegal/ HTTP/1.1" 200 -
172.22.2.4 - - [10/Feb/2023:02:22:27 -0500] "GET /BLA/boletinlegal/ HTTP/1.1" 200 59035
52.167.144.97 - - [10/Feb/2023:02:26:08 -0500] "GET /BLA/resoluciones/index.php?dir=RESOLUCIONES+2021%2F HTTP/1.1" 200 438284
157.55.39.142 - - [10/Feb/2023:02:26:20 -0500] "GET /BLA/resoluciones/RESOLUCIONES%202007/RES%202007%204001%20AL%204100/RESOLUCION%204090%20DE%202007.pdf HTTP/1.1" 304 -
66.249.72.67 - - [10/Feb/2023:02:26:22 -0500] "-" 408 -
201.245.192.253 - - [10/Feb/2023:02:27:08 -0500] "POST /kwsrmcab/Wsrmcab  HTTP/1.1" 200 213
216.245.221.92 - - [10/Feb/2023:02:27:52 -0500] "HEAD / HTTP/1.1" 200 -
201.245.192.253 - - [10/Feb/2023:02:28:26 -0500] "POST /kwsrmcab/Wsrmcab HTTP/1.1" 200 41579
201.245.192.253 - - [10/Feb/2023:02:28:30 -0500] "POST /kwsrmcab/Wsrmcab HTTP/1.1" 200 41075
172.22.2.4 - - [10/Feb/2023:02:27:26 -0500] "HEAD /BLA/boletinlegal/ HTTP/1.1" 200 -
20.226.50.215 - - [10/Feb/2023:02:29:12 -0500] "GET /.wp-cache.php HTTP/1.1" 404 1150
20.226.50.215 - - [10/Feb/2023:02:29:13 -0500] "GET /0.php HTTP/1.1" 404 1150
20.226.50.215 - - [10/Feb/2023:02:29:14 -0500] "GET /0byte.php HTTP/1.1" 404 1150
20.226.50.215 - - [10/Feb/2023:02:29:14 -0500] "GET /1.php HTTP/1.1" 404 1150
20.226.50.215 - - [10/Feb/2023:02:29:15 -0500] "GET /10.php HTTP/1.1" 404 1150
20.226.50.215 - - [10/Feb/2023:02:29:16 -0500] "GET /100.php HTTP/1.1" 404 1150
20.226.50.215 - - [10/Feb/2023:02:29:16 -0500] "GET /13.php HTTP/1.1" 404 1150
20.226.50.215 - - [10/Feb/2023:02:29:17 -0500] "GET /1337.php HTTP/1.1" 404 1150
20.226.50.215 - - [10/Feb/2023:02:29:18 -0500] "GET /1975.php HTTP/1.1" 404 1150
20.226.50.215 - - [10/Feb/2023:02:29:18 -0500] "GET /1index.php HTTP/1.1" 404 1150
20.226.50.215 - - [10/Feb/2023:02:29:19 -0500] "GET /2.php HTTP/1.1" 404 1150
20.226.50.215 - - [10/Feb/2023:02:29:20 -0500] "GET /3301.php HTTP/1.1" 404 1150
20.226.50.215 - - [10/Feb/2023:02:29:20 -0500] "GET /3index.php HTTP/1.1" 404 1150
20.226.50.215 - - [10/Feb/2023:02:29:21 -0500] "GET /404.php HTTP/1.1" 404 1150
20.226.50.215 - - [10/Feb/2023:02:29:22 -0500] "GET /5.php HTTP/1.1" 404 1150
20.226.50.215 - - [10/Feb/2023:02:29:23 -0500] "GET /6.php HTTP/1.1" 404 1150
20.226.50.215 - - [10/Feb/2023:02:29:23 -0500] "GET /7.php HTTP/1.1" 404 1150
20.226.50.215 - - [10/Feb/2023:02:29:24 -0500] "GET /777.php HTTP/1.1" 404 1150
20.226.50.215 - - [10/Feb/2023:02:29:25 -0500] "GET /7yn.php HTTP/1.1" 404 1150
20.226.50.215 - - [10/Feb/2023:02:29:25 -0500] "GET /8.php HTTP/1.1" 404 1150
20.226.50.215 - - [10/Feb/2023:02:29:26 -0500] "GET /87.php HTTP/1.1" 404 1150
20.226.50.215 - - [10/Feb/2023:02:29:27 -0500] "GET /a.php HTTP/1.1" 404 1150
172.22.2.4 - - [10/Feb/2023:02:29:27 -0500] "GET /BLA/boletinlegal/robots.txt HTTP/1.1" 404 1038
20.226.50.215 - - [10/Feb/2023:02:29:27 -0500] "GET /alex.php HTTP/1.1" 404 1150
20.226.50.215 - - [10/Feb/2023:02:29:28 -0500] "GET /alexus.php HTTP/1.1" 404 1150
20.226.50.215 - - [10/Feb/2023:02:29:29 -0500] "GET /alf.php HTTP/1.1" 404 1150
20.226.50.215 - - [10/Feb/2023:02:29:29 -0500] "GET /alfa.php HTTP/1.1" 404 1150
20.226.50.215 - - [10/Feb/2023:02:29:30 -0500] "GET /alfa123.php HTTP/1.1" 404 1150
20.226.50.215 - - [10/Feb/2023:02:29:31 -0500] "GET /alfashell.php HTTP/1.1" 404 1150
20.226.50.215 - - [10/Feb/2023:02:29:31 -0500] "GET /anone.php HTTP/1.1" 404 1150
20.226.50.215 - - [10/Feb/2023:02:29:32 -0500] "GET /b.php HTTP/1.1" 404 1150
20.226.50.215 - - [10/Feb/2023:02:29:33 -0500] "GET /b374k.php HTTP/1.1" 404 1150
20.226.50.215 - - [10/Feb/2023:02:29:34 -0500] "GET /bb.php HTTP/1.1" 404 1150
20.226.50.215 - - [10/Feb/2023:02:29:34 -0500] "GET /bypass.php HTTP/1.1" 404 1150
20.226.50.215 - - [10/Feb/2023:02:29:35 -0500] "GET /bypass.php5 HTTP/1.1" 404 1150
20.226.50.215 - - [10/Feb/2023:02:29:36 -0500] "GET /bypass.php7 HTTP/1.1" 404 1150
20.226.50.215 - - [10/Feb/2023:02:29:36 -0500] "GET /c.php HTTP/1.1" 404 1150
20.226.50.215 - - [10/Feb/2023:02:29:37 -0500] "GET /c99.php HTTP/1.1" 404 1150
20.226.50.215 - - [10/Feb/2023:02:29:38 -0500] "GET /cmd13.php HTTP/1.1" 404 1150
20.226.50.215 - - [10/Feb/2023:02:29:38 -0500] "GET /d.php HTTP/1.1" 404 1150
172.22.2.4 - - [10/Feb/2023:02:29:39 -0500] "GET /BLA/boletinlegal/Circulares/2012/Circular%20No.%207%20del%2008%20de%20Agosto%20de%202012.pdf HTTP/1.1" 304 -
20.226.50.215 - - [10/Feb/2023:02:29:39 -0500] "GET /dcs.php HTTP/1.1" 404 1150
20.226.50.215 - - [10/Feb/2023:02:29:40 -0500] "GET /deadcode1975xxxxxxxxxxxxxxxxxxxxxxxxxxxx.php%20=%20%3E%3E%20shell%20no%20work HTTP/1.1" 403 1006
20.226.50.215 - - [10/Feb/2023:02:29:40 -0500] "GET /defau1t.php HTTP/1.1" 404 1150
20.226.50.215 - - [10/Feb/2023:02:29:41 -0500] "GET /doc.php HTTP/1.1" 404 1150
20.226.50.215 - - [10/Feb/2023:02:29:42 -0500] "GET /edit-form.php HTTP/1.1" 404 1150
20.226.50.215 - - [10/Feb/2023:02:29:43 -0500] "GET /evil.php HTTP/1.1" 404 1150
20.226.50.215 - - [10/Feb/2023:02:29:43 -0500] "GET /eviltwin.php HTTP/1.1" 404 1150
20.226.50.215 - - [10/Feb/2023:02:29:44 -0500] "GET /f.php HTTP/1.1" 404 1150
20.226.50.215 - - [10/Feb/2023:02:29:45 -0500] "GET /foxwsov1.php HTTP/1.1" 404 1150
20.226.50.215 - - [10/Feb/2023:02:29:45 -0500] "GET /fw.php HTTP/1.1" 404 1150
20.226.50.215 - - [10/Feb/2023:02:29:46 -0500] "GET /g.php HTTP/1.1" 404 1150
20.226.50.215 - - [10/Feb/2023:02:29:47 -0500] "GET /ganteng.php HTTP/1.1" 404 1150
20.226.50.215 - - [10/Feb/2023:02:29:47 -0500] "GET /ganteng.php5 HTTP/1.1" 404 1150
20.226.50.215 - - [10/Feb/2023:02:29:48 -0500] "GET /gaza.php HTTP/1.1" 404 1150
20.226.50.215 - - [10/Feb/2023:02:29:49 -0500] "GET /gelay.php HTTP/1.1" 404 1150
20.226.50.215 - - [10/Feb/2023:02:29:49 -0500] "GET /h.php HTTP/1.1" 404 1150
20.226.50.215 - - [10/Feb/2023:02:29:50 -0500] "GET /hacked.php HTTP/1.1" 404 1150
20.226.50.215 - - [10/Feb/2023:02:29:51 -0500] "GET /haxor.php HTTP/1.1" 404 1150
20.226.50.215 - - [10/Feb/2023:02:29:51 -0500] "GET /hello.php HTTP/1.1" 404 1150
20.226.50.215 - - [10/Feb/2023:02:29:52 -0500] "GET /i.php HTTP/1.1" 404 1150
20.226.50.215 - - [10/Feb/2023:02:29:53 -0500] "GET /ids.php HTTP/1.1" 404 1150
20.226.50.215 - - [10/Feb/2023:02:29:53 -0500] "GET /idx.php HTTP/1.1" 404 1150
20.226.50.215 - - [10/Feb/2023:02:29:54 -0500] "GET /if.php HTTP/1.1" 404 1150
20.226.50.215 - - [10/Feb/2023:02:29:55 -0500] "GET /inc20k1.php HTTP/1.1" 404 1150
20.226.50.215 - - [10/Feb/2023:02:29:56 -0500] "GET /indosec.php HTTP/1.1" 404 1150
20.226.50.215 - - [10/Feb/2023:02:29:56 -0500] "GET /indoxploit.php HTTP/1.1" 404 1150
172.22.2.4 - - [10/Feb/2023:02:28:17 -0500] "GET /BLA/boletinlegal/ HTTP/1.1" 200 57192
20.226.50.215 - - [10/Feb/2023:02:29:57 -0500] "GET /inje3ctor.php HTTP/1.1" 404 1150
20.226.50.215 - - [10/Feb/2023:02:29:58 -0500] "GET /j.php HTTP/1.1" 404 1150
20.226.50.215 - - [10/Feb/2023:02:29:58 -0500] "GET /kk.php HTTP/1.1" 404 1150
20.226.50.215 - - [10/Feb/2023:02:29:59 -0500] "GET /kn.php HTTP/1.1" 404 1150
20.226.50.215 - - [10/Feb/2023:02:30:00 -0500] "GET /leaf.php HTTP/1.1" 404 1150
20.226.50.215 - - [10/Feb/2023:02:30:00 -0500] "GET /leafmailer.php HTTP/1.1" 404 1150
20.226.50.215 - - [10/Feb/2023:02:30:01 -0500] "GET /leafmailer2.8.php HTTP/1.1" 404 1150
20.226.50.215 - - [10/Feb/2023:02:30:02 -0500] "GET /lf.php HTTP/1.1" 404 1150
20.226.50.215 - - [10/Feb/2023:02:30:02 -0500] "GET /lol.php HTTP/1.1" 404 1150
20.226.50.215 - - [10/Feb/2023:02:30:03 -0500] "GET /lux.php HTTP/1.1" 404 1150
20.226.50.215 - - [10/Feb/2023:02:30:04 -0500] "GET /m.php HTTP/1.1" 404 1150
20.226.50.215 - - [10/Feb/2023:02:30:05 -0500] "GET /mailer.php HTTP/1.1" 404 1150
20.226.50.215 - - [10/Feb/2023:02:30:05 -0500] "GET /mar.php HTTP/1.1" 404 1150
20.226.50.215 - - [10/Feb/2023:02:30:06 -0500] "GET /marijuana.php HTTP/1.1" 404 1150
20.226.50.215 - - [10/Feb/2023:02:30:07 -0500] "GET /marjan.php HTTP/1.1" 404 1150
20.226.50.215 - - [10/Feb/2023:02:30:07 -0500] "GET /mini.php HTTP/1.1" 404 1150
20.226.50.215 - - [10/Feb/2023:02:30:08 -0500] "GET /minimo.php HTTP/1.1" 404 1150
20.226.50.215 - - [10/Feb/2023:02:30:09 -0500] "GET /mrjn.php HTTP/1.1" 404 1150
20.226.50.215 - - [10/Feb/2023:02:30:09 -0500] "GET /my_alfa.php HTTP/1.1" 404 1150
20.226.50.215 - - [10/Feb/2023:02:30:10 -0500] "GET /n.php HTTP/1.1" 404 1150
20.226.50.215 - - [10/Feb/2023:02:30:11 -0500] "GET /nasgor.php HTTP/1.1" 404 1150
20.226.50.215 - - [10/Feb/2023:02:30:11 -0500] "GET /navir.php HTTP/1.1" 404 1150
20.226.50.215 - - [10/Feb/2023:02:30:12 -0500] "GET /nee.php HTTP/1.1" 404 1150
20.226.50.215 - - [10/Feb/2023:02:30:13 -0500] "GET /new.php HTTP/1.1" 404 1150
20.226.50.215 - - [10/Feb/2023:02:30:13 -0500] "GET /o.php HTTP/1.1" 404 1150
20.226.50.215 - - [10/Feb/2023:02:30:14 -0500] "GET /ok.php HTTP/1.1" 404 1150
20.226.50.215 - - [10/Feb/2023:02:30:15 -0500] "GET /priv.php HTTP/1.1" 404 1150
20.226.50.215 - - [10/Feb/2023:02:30:16 -0500] "GET /priv8.php HTTP/1.1" 404 1150
20.226.50.215 - - [10/Feb/2023:02:30:16 -0500] "GET /q.php HTTP/1.1" 404 1150
20.226.50.215 - - [10/Feb/2023:02:30:17 -0500] "GET /r.php HTTP/1.1" 404 1150
20.226.50.215 - - [10/Feb/2023:02:30:18 -0500] "GET /rahma.php HTTP/1.1" 404 1150
20.226.50.215 - - [10/Feb/2023:02:30:18 -0500] "GET /root.php HTTP/1.1" 404 1150
20.226.50.215 - - [10/Feb/2023:02:30:19 -0500] "GET /ru.php HTTP/1.1" 404 1150
20.226.50.215 - - [10/Feb/2023:02:30:20 -0500] "GET /s.php HTTP/1.1" 404 1150
20.226.50.215 - - [10/Feb/2023:02:30:20 -0500] "GET /saudi.php HTTP/1.1" 404 1150
20.226.50.215 - - [10/Feb/2023:02:30:21 -0500] "GET /send.php HTTP/1.1" 404 1150
20.226.50.215 - - [10/Feb/2023:02:30:22 -0500] "GET /sendmail.php HTTP/1.1" 404 1150
20.226.50.215 - - [10/Feb/2023:02:30:22 -0500] "GET /shel.php HTTP/1.1" 404 1150
20.226.50.215 - - [10/Feb/2023:02:30:23 -0500] "GET /shell.php HTTP/1.1" 404 1150
20.226.50.215 - - [10/Feb/2023:02:30:24 -0500] "GET /shell4.php HTTP/1.1" 404 1150
20.226.50.215 - - [10/Feb/2023:02:30:25 -0500] "GET /shx.php HTTP/1.1" 404 1150
20.226.50.215 - - [10/Feb/2023:02:30:25 -0500] "GET /skipper.php HTTP/1.1" 404 1150
20.226.50.215 - - [10/Feb/2023:02:30:26 -0500] "GET /skippershell.php HTTP/1.1" 404 1150
20.226.50.215 - - [10/Feb/2023:02:30:27 -0500] "GET /srx.php HTTP/1.1" 404 1150
20.226.50.215 - - [10/Feb/2023:02:30:27 -0500] "GET /swm.php HTTP/1.1" 404 1150
20.226.50.215 - - [10/Feb/2023:02:30:28 -0500] "GET /sym.php HTTP/1.1" 404 1150
20.226.50.215 - - [10/Feb/2023:02:30:29 -0500] "GET /sym403.php HTTP/1.1" 404 1150
20.226.50.215 - - [10/Feb/2023:02:30:29 -0500] "GET /symlink.php HTTP/1.1" 404 1150
201.80.152.149 - - [10/Feb/2023:02:30:30 -0500] "-" 408 -
20.226.50.215 - - [10/Feb/2023:02:30:30 -0500] "GET /tshop.php HTTP/1.1" 404 1150
20.226.50.215 - - [10/Feb/2023:02:30:31 -0500] "GET /tttt.php HTTP/1.1" 404 1150
20.226.50.215 - - [10/Feb/2023:02:30:31 -0500] "GET /u.php HTTP/1.1" 404 1150
20.226.50.215 - - [10/Feb/2023:02:30:32 -0500] "GET /up.php HTTP/1.1" 404 1150
20.226.50.215 - - [10/Feb/2023:02:30:33 -0500] "GET /up.php5 HTTP/1.1" 404 1150
