!C99Shell v. 1.0 pre-release build #13!

Software: Apache. PHP/5.5.15 

uname -a: Windows NT SVR-DMZ 6.1 build 7600 (Windows Server 2008 R2 Enterprise Edition) i586 

SYSTEM 

Safe-mode: OFF (not secure)

E:\nuevo\apache\logs\   drwxrwxrwx
Free 9.41 GB of 239.26 GB (3.93%)
Detected drives: [ a ] [ c ] [ d ] [ e ] [ f ]
Home    Back    Forward    UPDIR    Refresh    Search    Buffer    Encoder    Tools    Proc.    FTP brute    Sec.    SQL    PHP-code    Update    Feedback    Self remove    Logout    


Viewing file:     access.2023.02.11.log (2.41 MB)      -rw-rw-rw-
Select action/file-type:
(+) | (+) | (+) | Code (+) | Session (+) | (+) | SDB (+) | (+) | (+) | (+) | (+) | (+) |
66.249.64.45 - - [11/Feb/2023:00:00:21 -0500] "-" 408 -
157.55.39.82 - - [11/Feb/2023:00:01:00 -0500] "GET /portaldeninos/ HTTP/1.1" 200 110197
157.55.39.82 - - [11/Feb/2023:00:01:10 -0500] "GET /portaldeninos/ HTTP/1.1" 200 110197
201.245.192.253 - - [11/Feb/2023:00:02:31 -0500] "POST /kwsrmcab/Wsrmcab  HTTP/1.1" 200 213
216.245.221.92 - - [11/Feb/2023:00:03:19 -0500] "HEAD / HTTP/1.1" 200 -
157.55.39.84 - - [11/Feb/2023:00:03:20 -0500] "GET /portaldeninos/ HTTP/1.1" 200 110197
193.32.162.159 - - [11/Feb/2023:00:03:26 -0500] "GET / HTTP/1.1" 200 319
172.22.2.4 - - [11/Feb/2023:00:02:14 -0500] "HEAD /BLA/boletinlegal/ HTTP/1.1" 200 -
157.55.39.117 - - [11/Feb/2023:00:04:08 -0500] "GET /BLA/resoluciones/AUTOS%202021/0967.pdf HTTP/1.1" 200 403670
101.68.211.2 - - [11/Feb/2023:00:04:23 -0500] "GET / HTTP/1.1" 200 319
172.22.2.4 - - [11/Feb/2023:00:03:04 -0500] "GET /BLA/boletinlegal/ HTTP/1.1" 200 57192
52.167.144.97 - - [11/Feb/2023:00:05:38 -0500] "GET /bla/resoluciones/autos%202021/0427.pdf HTTP/1.1" 200 430285
198.235.24.147 - - [11/Feb/2023:00:06:50 -0500] "GET / HTTP/1.0" 200 319
66.249.64.45 - - [11/Feb/2023:00:07:05 -0500] "-" 408 -
201.245.192.253 - - [11/Feb/2023:00:07:28 -0500] "POST /kwsrmcab/Wsrmcab  HTTP/1.1" 200 213
216.245.221.92 - - [11/Feb/2023:00:08:19 -0500] "HEAD / HTTP/1.1" 200 -
172.22.2.4 - - [11/Feb/2023:00:08:04 -0500] "HEAD /BLA/boletinlegal/ HTTP/1.1" 200 -
186.30.66.34 - - [11/Feb/2023:00:09:57 -0500] "GET /BLA/resoluciones/RESOLUCIONES%202010/7772.pdf HTTP/1.1" 200 3272062
185.119.81.108 - - [11/Feb/2023:00:10:12 -0500] "GET /portaldeninos/wp-login.php HTTP/1.1" 200 2592
185.119.81.108 - - [11/Feb/2023:00:10:13 -0500] "POST /portaldeninos/wp-login.php HTTP/1.1" 200 3670
172.22.2.4 - - [11/Feb/2023:00:08:54 -0500] "GET /BLA/boletinlegal/ HTTP/1.1" 200 59404
201.245.192.253 - - [11/Feb/2023:00:12:28 -0500] "POST /kwsrmcab/Wsrmcab  HTTP/1.1" 200 213
66.249.64.45 - - [11/Feb/2023:00:12:58 -0500] "-" 408 -
216.245.221.92 - - [11/Feb/2023:00:13:19 -0500] "HEAD / HTTP/1.1" 200 -
157.55.39.117 - - [11/Feb/2023:00:13:50 -0500] "GET /bla/resoluciones/autos%202021/0774.pdf HTTP/1.1" 200 336500
172.22.2.4 - - [11/Feb/2023:00:13:54 -0500] "HEAD /BLA/boletinlegal/ HTTP/1.1" 200 -
157.55.39.117 - - [11/Feb/2023:00:16:09 -0500] "GET /BLA/resoluciones/AUTOS%202021/0806.pdf HTTP/1.1" 200 372273
172.22.2.4 - - [11/Feb/2023:00:14:45 -0500] "GET /BLA/boletinlegal/ HTTP/1.1" 200 57192
207.46.13.10 - - [11/Feb/2023:00:17:07 -0500] "GET /BLA/resoluciones/AUTOS%202021/0642.pdf HTTP/1.1" 200 446619
40.77.167.251 - - [11/Feb/2023:00:17:19 -0500] "GET /BLA/resoluciones/AUTOS%202018/3384.pdf HTTP/1.1" 200 2291762
201.245.192.253 - - [11/Feb/2023:00:17:27 -0500] "POST /kwsrmcab/Wsrmcab  HTTP/1.1" 200 213
216.245.221.92 - - [11/Feb/2023:00:18:19 -0500] "HEAD / HTTP/1.1" 200 -
201.245.192.253 - - [11/Feb/2023:00:18:23 -0500] "POST /kwsrmcab/Wsrmcab HTTP/1.1" 200 41521
201.245.192.253 - - [11/Feb/2023:00:18:26 -0500] "POST /kwsrmcab/Wsrmcab HTTP/1.1" 200 41420
168.119.101.10 - - [11/Feb/2023:00:18:55 -0500] "GET / HTTP/1.1" 200 4720
168.119.101.10 - - [11/Feb/2023:00:18:57 -0500] "GET / HTTP/1.1" 200 319
52.167.144.97 - - [11/Feb/2023:00:20:09 -0500] "GET /BLA/resoluciones/index.php?dir=RESOLUCIONES+2021%2F HTTP/1.1" 200 438284
185.119.81.106 - - [11/Feb/2023:00:20:55 -0500] "GET /portaldeninos/wp-login.php HTTP/1.1" 200 2592
185.119.81.106 - - [11/Feb/2023:00:20:56 -0500] "POST /portaldeninos/wp-login.php HTTP/1.1" 200 3605
172.22.2.4 - - [11/Feb/2023:00:19:44 -0500] "HEAD /BLA/boletinlegal/ HTTP/1.1" 200 -
172.22.2.4 - - [11/Feb/2023:00:20:34 -0500] "GET /BLA/boletinlegal/ HTTP/1.1" 200 54816
201.245.192.253 - - [11/Feb/2023:00:22:26 -0500] "POST /kwsrmcab/Wsrmcab  HTTP/1.1" 200 213
216.245.221.92 - - [11/Feb/2023:00:23:19 -0500] "HEAD / HTTP/1.1" 200 -
194.110.95.104 - - [11/Feb/2023:00:24:22 -0500] "-" 408 -
194.156.138.36 - - [11/Feb/2023:00:24:23 -0500] "-" 408 -
66.249.64.45 - - [11/Feb/2023:00:26:44 -0500] "-" 408 -
172.22.2.4 - - [11/Feb/2023:00:25:34 -0500] "HEAD /BLA/boletinlegal/ HTTP/1.1" 200 -
201.245.192.253 - - [11/Feb/2023:00:27:25 -0500] "POST /kwsrmcab/Wsrmcab  HTTP/1.1" 200 213
172.22.2.4 - - [11/Feb/2023:00:26:24 -0500] "GET /BLA/boletinlegal/ HTTP/1.1" 200 56079
216.245.221.92 - - [11/Feb/2023:00:28:19 -0500] "HEAD / HTTP/1.1" 200 -
201.245.192.253 - - [11/Feb/2023:00:28:22 -0500] "POST /kwsrmcab/Wsrmcab HTTP/1.1" 200 41521
201.245.192.253 - - [11/Feb/2023:00:28:25 -0500] "POST /kwsrmcab/Wsrmcab HTTP/1.1" 200 41420
52.167.144.97 - - [11/Feb/2023:00:30:09 -0500] "GET /BLA/resoluciones/AUTOS%202021/1510.pdf HTTP/1.1" 200 760518
40.77.167.251 - - [11/Feb/2023:00:30:41 -0500] "GET /bla/resoluciones/autos%202021/2455.pdf HTTP/1.1" 200 422771
34.227.224.107 - - [11/Feb/2023:00:31:10 -0500] "GET /.env HTTP/1.1" 404 1018
34.227.224.107 - - [11/Feb/2023:00:31:10 -0500] "GET /.env.prod HTTP/1.1" 404 1018
34.227.224.107 - - [11/Feb/2023:00:31:10 -0500] "GET /.env.dev HTTP/1.1" 404 1018
34.227.224.107 - - [11/Feb/2023:00:31:10 -0500] "GET /sendgrid.env HTTP/1.1" 404 1018
34.227.224.107 - - [11/Feb/2023:00:31:10 -0500] "GET /.aws/credentials HTTP/1.1" 404 1018
34.227.224.107 - - [11/Feb/2023:00:31:10 -0500] "GET /config.py HTTP/1.1" 404 1018
34.227.224.107 - - [11/Feb/2023:00:31:11 -0500] "GET /docker-compose.yml HTTP/1.1" 404 1018
34.227.224.107 - - [11/Feb/2023:00:31:11 -0500] "GET /docker/docker-compose.yml HTTP/1.1" 404 1018
34.227.224.107 - - [11/Feb/2023:00:31:11 -0500] "GET /config/settings.yml HTTP/1.1" 404 1018
34.227.224.107 - - [11/Feb/2023:00:31:11 -0500] "GET /app/config/settings.yml HTTP/1.1" 404 1018
34.227.224.107 - - [11/Feb/2023:00:31:11 -0500] "GET /config/parameters.yml HTTP/1.1" 404 1018
34.227.224.107 - - [11/Feb/2023:00:31:12 -0500] "GET /app/config/parameters.yml HTTP/1.1" 404 1018
34.227.224.107 - - [11/Feb/2023:00:31:12 -0500] "GET /config.php-dist HTTP/1.1" 404 1018
34.227.224.107 - - [11/Feb/2023:00:31:12 -0500] "GET /application.ini HTTP/1.1" 404 1018
34.227.224.107 - - [11/Feb/2023:00:31:12 -0500] "GET /application/application.ini HTTP/1.1" 404 1018
34.227.224.107 - - [11/Feb/2023:00:31:12 -0500] "GET /configs/application.ini HTTP/1.1" 404 1018
34.227.224.107 - - [11/Feb/2023:00:31:12 -0500] "GET /config/application.ini HTTP/1.1" 404 1018
34.227.224.107 - - [11/Feb/2023:00:31:13 -0500] "GET /application/configs/application.ini HTTP/1.1" 404 1018
34.227.224.107 - - [11/Feb/2023:00:31:17 -0500] "GET /.git/config HTTP/1.1" 404 1018
34.227.224.107 - - [11/Feb/2023:00:31:17 -0500] "GET /demo/.git/config HTTP/1.1" 404 1018
34.227.224.107 - - [11/Feb/2023:00:31:17 -0500] "GET /dev/.git/config HTTP/1.1" 404 1018
34.227.224.107 - - [11/Feb/2023:00:31:17 -0500] "GET /web/.git/config HTTP/1.1" 404 1018
34.227.224.107 - - [11/Feb/2023:00:31:18 -0500] "GET /api/.git/config HTTP/1.1" 404 1018
34.227.224.107 - - [11/Feb/2023:00:31:18 -0500] "GET /admin/.git/config HTTP/1.1" 404 1018
34.227.224.107 - - [11/Feb/2023:00:31:18 -0500] "GET /app/.git/config HTTP/1.1" 404 1018
201.245.192.253 - - [11/Feb/2023:00:32:24 -0500] "POST /kwsrmcab/Wsrmcab  HTTP/1.1" 200 213
172.22.2.4 - - [11/Feb/2023:00:31:24 -0500] "HEAD /BLA/boletinlegal/ HTTP/1.1" 200 -
216.245.221.92 - - [11/Feb/2023:00:33:19 -0500] "HEAD / HTTP/1.1" 200 -
66.249.64.63 - - [11/Feb/2023:00:33:43 -0500] "-" 408 -
172.22.2.4 - - [11/Feb/2023:00:32:14 -0500] "GET /BLA/boletinlegal/ HTTP/1.1" 200 59035
152.89.196.211 - - [11/Feb/2023:00:34:41 -0500] "GET /actuator/gateway/routes HTTP/1.1" 404 1018
185.119.81.106 - - [11/Feb/2023:00:35:04 -0500] "GET /portaldeninos/wp-login.php HTTP/1.1" 200 2592
185.119.81.106 - - [11/Feb/2023:00:35:06 -0500] "POST /portaldeninos/wp-login.php HTTP/1.1" 200 3670
191.156.58.180 - - [11/Feb/2023:00:35:34 -0500] "-" 408 -
201.245.192.253 - - [11/Feb/2023:00:37:23 -0500] "POST /kwsrmcab/Wsrmcab  HTTP/1.1" 200 213
216.245.221.92 - - [11/Feb/2023:00:38:19 -0500] "HEAD / HTTP/1.1" 200 -
201.245.192.253 - - [11/Feb/2023:00:38:22 -0500] "POST /kwsrmcab/Wsrmcab HTTP/1.1" 200 41521
201.245.192.253 - - [11/Feb/2023:00:38:25 -0500] "POST /kwsrmcab/Wsrmcab HTTP/1.1" 200 41420
172.22.2.4 - - [11/Feb/2023:00:37:14 -0500] "HEAD /BLA/boletinlegal/ HTTP/1.1" 200 -
168.119.49.52 - - [11/Feb/2023:00:39:20 -0500] "GET / HTTP/1.1" 200 319
168.119.49.52 - - [11/Feb/2023:00:39:20 -0500] "GET / HTTP/1.1" 200 4720
162.55.166.12 - - [11/Feb/2023:00:39:29 -0500] "GET / HTTP/1.1" 200 4720
66.249.64.63 - - [11/Feb/2023:00:39:31 -0500] "-" 408 -
162.55.166.12 - - [11/Feb/2023:00:39:32 -0500] "GET / HTTP/1.1" 200 319
172.22.2.4 - - [11/Feb/2023:00:38:04 -0500] "GET /BLA/boletinlegal/ HTTP/1.1" 200 57192
66.249.72.56 - - [11/Feb/2023:00:41:08 -0500] "-" 408 -
201.245.192.253 - - [11/Feb/2023:00:42:21 -0500] "POST /kwsrmcab/Wsrmcab  HTTP/1.1" 200 213
69.171.249.21 - - [11/Feb/2023:00:42:52 -0500] "GET /images/8%20de%20febrero%20incendio%20forestal.jpeg HTTP/1.1" 200 56283
69.171.249.13 - - [11/Feb/2023:00:42:52 -0500] "GET /images/Secretarias%20Fondo%20carga%206%20de%20febrero.jpeg HTTP/1.1" 200 55460
69.171.249.7 - - [11/Feb/2023:00:42:52 -0500] "GET /images/vertimiento-Comprimida%20(1).png HTTP/1.1" 200 22870
69.171.249.7 - - [11/Feb/2023:00:42:54 -0500] "GET /images/2%20de%20febrero%20liberaci\xc3\xb3n%20Tunjo.jpeg HTTP/1.1" 404 1034
69.171.249.19 - - [11/Feb/2023:00:42:57 -0500] "GET /images/1%20de%20febrero%20D\xc3\xada%20sin%20carro.jpeg HTTP/1.1" 404 1034
69.171.249.24 - - [11/Feb/2023:00:42:57 -0500] "GET /images/1%20de%20febrero%20Humedal%20El%20Tunjo.jpeg HTTP/1.1" 200 52973
69.171.249.11 - - [11/Feb/2023:00:42:58 -0500] "GET /images/1%20de%20febrer%20Operativo%20hornos.jpg HTTP/1.1" 200 69569
52.167.144.97 - - [11/Feb/2023:00:43:01 -0500] "GET /bla/resoluciones/autos%202021/1333.pdf HTTP/1.1" 200 341963
216.245.221.92 - - [11/Feb/2023:00:43:19 -0500] "HEAD / HTTP/1.1" 200 -
172.22.2.4 - - [11/Feb/2023:00:43:04 -0500] "HEAD /BLA/boletinlegal/ HTTP/1.1" 200 -
52.167.144.49 - - [11/Feb/2023:00:45:01 -0500] "GET /sipse/faces/presentacion/sistema/anexos/cargarAnexoSolicitudProceso.xhtml HTTP/1.1" 302 -
52.167.144.49 - - [11/Feb/2023:00:45:02 -0500] "GET /sipse/faces/autenticacion.xhtml HTTP/1.1" 200 12181
66.249.64.63 - - [11/Feb/2023:00:45:06 -0500] "-" 408 -
172.22.2.4 - - [11/Feb/2023:00:43:54 -0500] "GET /BLA/boletinlegal/ HTTP/1.1" 200 54452
207.46.13.10 - - [11/Feb/2023:00:46:30 -0500] "GET /galeria/galeria/fotos/Humedal-vaca6G.jpg HTTP/1.1" 200 176858
201.245.192.253 - - [11/Feb/2023:00:47:20 -0500] "POST /kwsrmcab/Wsrmcab  HTTP/1.1" 200 213
34.90.225.32 - - [11/Feb/2023:00:48:11 -0500] "GET /inventario-de-emisiones-2020-transporte-publico-sitp-redujo-emisiones-de-pm-2-5-en-un-37.html HTTP/1.1" 200 925
216.245.221.92 - - [11/Feb/2023:00:48:19 -0500] "HEAD / HTTP/1.1" 200 -
185.119.81.108 - - [11/Feb/2023:00:48:27 -0500] "GET /portaldeninos/wp-login.php HTTP/1.1" 200 2592
185.119.81.108 - - [11/Feb/2023:00:48:28 -0500] "POST /portaldeninos/wp-login.php HTTP/1.1" 200 3605
216.24.213.208 - - [11/Feb/2023:00:49:11 -0500] "GET / HTTP/1.1" 200 319
172.22.2.4 - - [11/Feb/2023:00:48:54 -0500] "HEAD /BLA/boletinlegal/ HTTP/1.1" 200 -
157.55.39.117 - - [11/Feb/2023:00:51:02 -0500] "GET /BLA/resoluciones/AUTOS%202021/2563.pdf HTTP/1.1" 200 392369
172.22.2.4 - - [11/Feb/2023:00:49:44 -0500] "GET /BLA/boletinlegal/ HTTP/1.1" 200 55680
66.249.64.45 - - [11/Feb/2023:00:51:26 -0500] "-" 408 -
201.245.192.253 - - [11/Feb/2023:00:52:19 -0500] "POST /kwsrmcab/Wsrmcab  HTTP/1.1" 200 213
157.55.39.117 - - [11/Feb/2023:00:52:53 -0500] "GET /BLA/resoluciones/RESOLUCIONES%202008/res2613_Modif%20Res%202114-08%20PLAN%20INSTITUCION%20DE%20ESTIMULOS%20E%20INCENTIVOS.pdf HTTP/1.1" 200 195141
216.245.221.92 - - [11/Feb/2023:00:53:19 -0500] "HEAD / HTTP/1.1" 200 -
190.25.18.143 - - [11/Feb/2023:00:54:14 -0500] "GET /galeria/galeria/jquery.fancybox.js?v=2.1.5 HTTP/1.1" 200 48706
190.25.18.143 - - [11/Feb/2023:00:54:14 -0500] "GET /galeria/galeria/jquery.fancybox.css?v=2.1.5 HTTP/1.1" 200 4895
190.25.18.143 - - [11/Feb/2023:00:54:14 -0500] "GET /BLA/boletinlegal/js/jquery.scrollShow.js HTTP/1.1" 200 4586
172.22.2.4 - - [11/Feb/2023:00:54:44 -0500] "HEAD /BLA/boletinlegal/ HTTP/1.1" 200 -
172.22.2.4 - - [11/Feb/2023:00:55:34 -0500] "GET /BLA/boletinlegal/ HTTP/1.1" 200 59035
201.245.192.253 - - [11/Feb/2023:00:57:18 -0500] "POST /kwsrmcab/Wsrmcab  HTTP/1.1" 200 213
216.245.221.92 - - [11/Feb/2023:00:58:19 -0500] "HEAD / HTTP/1.1" 200 -
207.46.13.10 - - [11/Feb/2023:00:58:22 -0500] "GET /bla/resoluciones/autos%202021/0240.pdf HTTP/1.1" 200 391291
66.249.64.45 - - [11/Feb/2023:00:58:33 -0500] "-" 408 -
92.118.39.82 - - [11/Feb/2023:00:58:34 -0500] "GET / HTTP/1.1" 200 319
92.118.39.82 - - [11/Feb/2023:00:58:34 -0500] "GET /cgi-bin/downloadFlile.cgi HTTP/1.1" 404 1018
52.167.144.97 - - [11/Feb/2023:00:59:23 -0500] "GET /BLA/resoluciones/index.php?dir=RESOLUCIONES+2021%2F HTTP/1.1" 200 438284
186.155.19.100 - - [11/Feb/2023:01:00:30 -0500] "GET /galeria/galeria/jquery.fancybox.css?v=2.1.5 HTTP/1.1" 200 4895
186.155.19.100 - - [11/Feb/2023:01:00:31 -0500] "GET /BLA/boletinlegal/js/jquery.scrollShow.js HTTP/1.1" 200 4586
186.155.19.100 - - [11/Feb/2023:01:00:31 -0500] "GET /galeria/galeria/jquery.fancybox.js?v=2.1.5 HTTP/1.1" 200 48706
207.46.13.10 - - [11/Feb/2023:01:00:51 -0500] "GET /BLA/resoluciones/AUTOS%202021/1188.pdf HTTP/1.1" 200 495160
185.119.81.101 - - [11/Feb/2023:01:02:13 -0500] "GET /portaldeninos/wp-login.php HTTP/1.1" 200 2592
172.22.2.4 - - [11/Feb/2023:01:00:34 -0500] "HEAD /BLA/boletinlegal/ HTTP/1.1" 200 -
185.119.81.101 - - [11/Feb/2023:01:02:14 -0500] "POST /portaldeninos/wp-login.php HTTP/1.1" 200 3605
201.245.192.253 - - [11/Feb/2023:01:02:16 -0500] "POST /kwsrmcab/Wsrmcab  HTTP/1.1" 200 213
172.22.2.4 - - [11/Feb/2023:01:01:24 -0500] "GET /BLA/boletinlegal/ HTTP/1.1" 200 59035
216.245.221.92 - - [11/Feb/2023:01:03:19 -0500] "HEAD / HTTP/1.1" 200 -
207.46.13.10 - - [11/Feb/2023:01:03:42 -0500] "GET /BLA/resoluciones/AUTOS%202021/0681.pdf HTTP/1.1" 200 338024
66.249.64.45 - - [11/Feb/2023:01:06:17 -0500] "-" 408 -
152.61.192.232 - - [11/Feb/2023:01:07:02 -0500] "GET / HTTP/1.1" 200 319
201.245.192.253 - - [11/Feb/2023:01:07:15 -0500] "POST /kwsrmcab/Wsrmcab  HTTP/1.1" 200 213
172.22.2.4 - - [11/Feb/2023:01:06:24 -0500] "HEAD /BLA/boletinlegal/ HTTP/1.1" 200 -
216.245.221.92 - - [11/Feb/2023:01:08:19 -0500] "HEAD / HTTP/1.1" 200 -
172.22.2.4 - - [11/Feb/2023:01:07:14 -0500] "GET /BLA/boletinlegal/ HTTP/1.1" 200 57192
157.55.39.142 - - [11/Feb/2023:01:09:05 -0500] "GET /BLA/resoluciones/AUTOS%202022/1703.pdf HTTP/1.1" 200 642599
172.22.2.4 - - [11/Feb/2023:01:10:30 -0500] "GET /BLA/boletinlegal/ab2g HTTP/1.1" 404 1018
172.22.2.4 - - [11/Feb/2023:01:10:31 -0500] "GET /BLA/boletinlegal/ab2h HTTP/1.1" 404 1018
172.22.2.4 - - [11/Feb/2023:01:10:35 -0500] "GET /BLA/boletinlegal/ HTTP/1.1" 200 32715
201.245.192.253 - - [11/Feb/2023:01:12:13 -0500] "POST /kwsrmcab/Wsrmcab  HTTP/1.1" 200 213
66.249.64.45 - - [11/Feb/2023:01:12:19 -0500] "-" 408 -
216.245.221.92 - - [11/Feb/2023:01:13:19 -0500] "HEAD / HTTP/1.1" 200 -
172.22.2.4 - - [11/Feb/2023:01:12:14 -0500] "HEAD /BLA/boletinlegal/ HTTP/1.1" 200 -
172.22.2.4 - - [11/Feb/2023:01:13:04 -0500] "GET /BLA/boletinlegal/ HTTP/1.1" 200 56825
185.119.81.105 - - [11/Feb/2023:01:16:28 -0500] "GET /portaldeninos/wp-login.php HTTP/1.1" 200 2592
185.119.81.105 - - [11/Feb/2023:01:16:29 -0500] "POST /portaldeninos/wp-login.php HTTP/1.1" 200 3605
201.245.192.253 - - [11/Feb/2023:01:17:12 -0500] "POST /kwsrmcab/Wsrmcab  HTTP/1.1" 200 213
52.167.144.97 - - [11/Feb/2023:01:18:03 -0500] "GET /BLA/resoluciones/AUTOS%202022/1350.pdf HTTP/1.1" 200 362871
216.245.221.92 - - [11/Feb/2023:01:18:19 -0500] "HEAD / HTTP/1.1" 200 -
201.245.192.253 - - [11/Feb/2023:01:18:22 -0500] "POST /kwsrmcab/Wsrmcab HTTP/1.1" 200 41358
201.245.192.253 - - [11/Feb/2023:01:18:25 -0500] "POST /kwsrmcab/Wsrmcab HTTP/1.1" 200 41103
172.22.2.4 - - [11/Feb/2023:01:18:04 -0500] "HEAD /BLA/boletinlegal/ HTTP/1.1" 200 -
152.61.128.50 - - [11/Feb/2023:01:20:12 -0500] "GET / HTTP/1.1" 200 319
172.22.2.4 - - [11/Feb/2023:01:18:54 -0500] "GET /BLA/boletinlegal/ HTTP/1.1" 200 59035
168.119.253.11 - - [11/Feb/2023:01:20:45 -0500] "GET / HTTP/1.1" 200 319
168.119.253.11 - - [11/Feb/2023:01:20:45 -0500] "GET / HTTP/1.1" 200 4720
193.43.146.49 - - [11/Feb/2023:01:20:54 -0500] "GET /BLA/resoluciones/RESOLUCIONES%202022/2689.pdf HTTP/1.1" 200 395365
172.22.2.4 - - [11/Feb/2023:01:21:43 -0500] "GET /BLA/boletinlegal/style.css HTTP/1.1" 200 9406
172.22.2.4 - - [11/Feb/2023:01:21:43 -0500] "GET /BLA/boletinlegal/styles2.css HTTP/1.1" 200 1838
172.22.2.4 - - [11/Feb/2023:01:21:43 -0500] "GET /BLA/boletinlegal/js/jquery.js HTTP/1.1" 200 57254
172.22.2.4 - - [11/Feb/2023:01:21:43 -0500] "GET /BLA/boletinlegal/js/jquery.scrollTo-min.js HTTP/1.1" 200 1150
172.22.2.4 - - [11/Feb/2023:01:21:43 -0500] "GET /BLA/boletinlegal/images/cabezote%20BLEGAL.jpg HTTP/1.1" 200 118164
172.22.2.4 - - [11/Feb/2023:01:21:43 -0500] "GET /BLA/boletinlegal/js/jquery.scrollShow.js HTTP/1.1" 200 4586
172.22.2.4 - - [11/Feb/2023:01:21:43 -0500] "GET /BLA/boletinlegal/images/arr_l.jpg HTTP/1.1" 200 1979
172.22.2.4 - - [11/Feb/2023:01:21:43 -0500] "GET /BLA/boletinlegal/images/screen_1.png HTTP/1.1" 200 202547
172.22.2.4 - - [11/Feb/2023:01:21:43 -0500] "GET /BLA/boletinlegal/images/registro-usuarios.png HTTP/1.1" 200 8106
172.22.2.4 - - [11/Feb/2023:01:21:43 -0500] "GET /BLA/boletinlegal/images/subscribe-icon-big.png HTTP/1.1" 200 47702
172.22.2.4 - - [11/Feb/2023:01:21:43 -0500] "GET /BLA/boletinlegal/images/historia.png HTTP/1.1" 200 52775
172.22.2.4 - - [11/Feb/2023:01:21:43 -0500] "GET /BLA/boletinlegal/images/launch.jpg HTTP/1.1" 200 14577
172.22.2.4 - - [11/Feb/2023:01:21:47 -0500] "GET /BLA/boletinlegal/actos.php HTTP/1.1" 200 9606
172.22.2.4 - - [11/Feb/2023:01:21:47 -0500] "GET /BLA/boletinlegal/niceforms.js HTTP/1.1" 200 22876
172.22.2.4 - - [11/Feb/2023:01:21:47 -0500] "GET /BLA/boletinlegal/js/ajax_actos.js HTTP/1.1" 200 1322
172.22.2.4 - - [11/Feb/2023:01:21:47 -0500] "GET /BLA/boletinlegal/niceforms-default.css HTTP/1.1" 200 6694
172.22.2.4 - - [11/Feb/2023:01:21:47 -0500] "GET /BLA/boletinlegal/js/lib.js HTTP/1.1" 200 6474
172.22.2.4 - - [11/Feb/2023:01:21:47 -0500] "GET /BLA/boletinlegal/js/popup.js HTTP/1.1" 200 1270
172.22.2.4 - - [11/Feb/2023:01:21:47 -0500] "GET /BLA/boletinlegal/js/jquery1.js HTTP/1.1" 200 29846
172.22.2.4 - - [11/Feb/2023:01:21:47 -0500] "GET /BLA/boletinlegal/images/green-yellow-blue-pink-th.png HTTP/1.1" 200 7394
172.22.2.4 - - [11/Feb/2023:01:21:47 -0500] "GET /BLA/boletinlegal/images/tel.png HTTP/1.1" 200 14477
172.22.2.4 - - [11/Feb/2023:01:21:47 -0500] "GET /BLA/boletinlegal/images/icono-email.png HTTP/1.1" 200 5544
172.22.2.4 - - [11/Feb/2023:01:21:47 -0500] "GET /BLA/boletinlegal/images/body_bg.jpg HTTP/1.1" 200 1601
172.22.2.4 - - [11/Feb/2023:01:21:47 -0500] "GET /BLA/boletinlegal/images/menu_rght.gif HTTP/1.1" 200 1627
172.22.2.4 - - [11/Feb/2023:01:21:47 -0500] "GET /BLA/boletinlegal/images/menu_lft.gif HTTP/1.1" 200 1713
172.22.2.4 - - [11/Feb/2023:01:21:47 -0500] "GET /BLA/boletinlegal/images/bg_top.jpg HTTP/1.1" 200 522
172.22.2.4 - - [11/Feb/2023:01:21:47 -0500] "GET /BLA/boletinlegal/images/menu_bg.jpg HTTP/1.1" 200 620
172.22.2.4 - - [11/Feb/2023:01:21:47 -0500] "GET /BLA/boletinlegal/images/text.jpg HTTP/1.1" 200 568
172.22.2.4 - - [11/Feb/2023:01:21:47 -0500] "GET /BLA/boletinlegal/images/footer_bg.jpg HTTP/1.1" 200 586
172.22.2.4 - - [11/Feb/2023:01:21:47 -0500] "GET /BLA/boletinlegal/images/hover.jpg HTTP/1.1" 200 640
172.22.2.4 - - [11/Feb/2023:01:21:47 -0500] "GET /BLA/boletinlegal/images/footer_bg_l.jpg HTTP/1.1" 200 776
172.22.2.4 - - [11/Feb/2023:01:21:48 -0500] "GET /BLA/boletinlegal/img/0.png HTTP/1.1" 200 110
172.22.2.4 - - [11/Feb/2023:01:21:48 -0500] "GET /BLA/boletinlegal/img/select-left.png HTTP/1.1" 200 263
172.22.2.4 - - [11/Feb/2023:01:21:48 -0500] "GET /BLA/boletinlegal/img/button.png HTTP/1.1" 200 43241
172.22.2.4 - - [11/Feb/2023:01:21:48 -0500] "GET /BLA/boletinlegal/img/select-right.png HTTP/1.1" 200 44019
172.22.2.4 - - [11/Feb/2023:01:21:48 -0500] "GET /BLA/boletinlegal/img/button-left.png HTTP/1.1" 200 57071
172.22.2.4 - - [11/Feb/2023:01:21:48 -0500] "GET /BLA/boletinlegal/img/button-right.png HTTP/1.1" 200 57878
172.22.2.4 - - [11/Feb/2023:01:21:48 -0500] "GET /BLA/boletinlegal/favicon.ico HTTP/1.1" 404 1326
172.22.2.4 - - [11/Feb/2023:01:21:50 -0500] "GET /BLA/boletinlegal/images/screen_3.png HTTP/1.1" 200 210620
172.22.2.4 - - [11/Feb/2023:01:21:50 -0500] "GET /BLA/boletinlegal/images/screen_2.png HTTP/1.1" 200 362502
172.22.2.4 - - [11/Feb/2023:01:21:50 -0500] "GET /BLA/boletinlegal/images/arr_r.jpg HTTP/1.1" 200 1998
172.22.2.4 - - [11/Feb/2023:01:21:50 -0500] "GET /BLA/boletinlegal/images/screen_5.png HTTP/1.1" 200 368876
172.22.2.4 - - [11/Feb/2023:01:21:57 -0500] "GET /BLA/boletinlegal/consulta_actos.php?tipo=resoluciones&no=&usuario=&sector=&fecha=2023&resuelve= HTTP/1.1" 200 6669
172.22.2.4 - - [11/Feb/2023:01:21:57 -0500] "GET /BLA/boletinlegal/images/pdf.gif HTTP/1.1" 200 567
172.22.2.4 - - [11/Feb/2023:01:21:58 -0500] "GET /BLA/boletinlegal/images/background.gif HTTP/1.1" 200 -
201.245.192.253 - - [11/Feb/2023:01:22:11 -0500] "POST /kwsrmcab/Wsrmcab  HTTP/1.1" 200 213
181.54.228.54 - - [11/Feb/2023:01:22:20 -0500] "GET /BLA/resoluciones/RESOLUCIONES%202023/0079.pdf HTTP/1.1" 200 423253
181.54.228.54 - - [11/Feb/2023:01:22:20 -0500] "GET /favicon.ico HTTP/1.1" 200 7782
159.203.192.9 - - [11/Feb/2023:01:22:27 -0500] "GET / HTTP/1.1" 200 319
172.22.2.4 - - [11/Feb/2023:01:22:50 -0500] "GET /BLA/boletinlegal/consulta_actos.php?tipo=resoluciones&no=&usuario=&sector=&fecha=2022&resuelve= HTTP/1.1" 200 4867497
181.54.228.54 - - [11/Feb/2023:01:23:18 -0500] "GET /BLA/resoluciones/RESOLUCIONES%202022/5532.pdf HTTP/1.1" 200 499687
216.245.221.92 - - [11/Feb/2023:01:23:19 -0500] "HEAD / HTTP/1.1" 200 -
172.22.2.4 - - [11/Feb/2023:01:21:43 -0500] "GET /BLA/boletinlegal/ HTTP/1.1" 200 62423
52.167.144.49 - - [11/Feb/2023:01:23:44 -0500] "GET /BLA/resoluciones/AUTOS%202021/0248.pdf HTTP/1.1" 200 380908
181.54.228.54 - - [11/Feb/2023:01:24:48 -0500] "GET /BLA/resoluciones/RESOLUCIONES%202022/5140.pdf HTTP/1.1" 200 368387
181.54.228.54 - - [11/Feb/2023:01:25:04 -0500] "GET /BLA/resoluciones/RESOLUCIONES%202022/5107.pdf HTTP/1.1" 200 381199
52.167.144.31 - - [11/Feb/2023:01:25:07 -0500] "GET /distrito-declara-alerta-fase-i-en-suroccidente-de-bogota-por-altas-concentraciones-de-material-particulado.html HTTP/1.1" 200 883
207.46.13.10 - - [11/Feb/2023:01:25:34 -0500] "GET /BLA/resoluciones/AUTOS%202021/0817.pdf HTTP/1.1" 200 543054
172.22.2.4 - - [11/Feb/2023:01:23:54 -0500] "HEAD /BLA/boletinlegal/ HTTP/1.1" 200 -
181.54.228.54 - - [11/Feb/2023:01:25:53 -0500] "GET /BLA/resoluciones/RESOLUCIONES%202022/4943.pdf HTTP/1.1" 200 399453
34.90.182.97 - - [11/Feb/2023:01:26:17 -0500] "GET /inventario-de-emisiones-2020-transporte-publico-sitp-redujo-emisiones-de-pm-2-5-en-un-37.html HTTP/1.1" 200 925
172.22.2.4 - - [11/Feb/2023:01:24:44 -0500] "GET /BLA/boletinlegal/ HTTP/1.1" 200 59404
157.55.39.142 - - [11/Feb/2023:01:26:36 -0500] "GET /BLA/resoluciones/AUTOS%202021/0511.pdf HTTP/1.1" 200 728006
181.54.228.54 - - [11/Feb/2023:01:27:06 -0500] "GET /BLA/resoluciones/RESOLUCIONES%202022/4609.pdf HTTP/1.1" 200 1805225
201.245.192.253 - - [11/Feb/2023:01:27:10 -0500] "POST /kwsrmcab/Wsrmcab  HTTP/1.1" 200 213
181.54.228.54 - - [11/Feb/2023:01:27:23 -0500] "GET /BLA/resoluciones/RESOLUCIONES%202022/4599.pdf HTTP/1.1" 200 427769
216.245.221.92 - - [11/Feb/2023:01:28:19 -0500] "HEAD / HTTP/1.1" 200 -
201.245.192.253 - - [11/Feb/2023:01:28:23 -0500] "POST /kwsrmcab/Wsrmcab HTTP/1.1" 200 41358
201.245.192.253 - - [11/Feb/2023:01:28:25 -0500] "POST /kwsrmcab/Wsrmcab HTTP/1.1" 200 41103
52.167.144.49 - - [11/Feb/2023:01:30:03 -0500] "GET /BLA/resoluciones/AUTOS%202021/1477.pdf HTTP/1.1" 200 753826
172.22.2.4 - - [11/Feb/2023:01:29:44 -0500] "HEAD /BLA/boletinlegal/ HTTP/1.1" 200 -
201.245.192.253 - - [11/Feb/2023:01:32:10 -0500] "POST /kwsrmcab/Wsrmcab  HTTP/1.1" 200 213
172.22.2.4 - - [11/Feb/2023:01:30:34 -0500] "GET /BLA/boletinlegal/ HTTP/1.1" 200 59404
216.245.221.92 - - [11/Feb/2023:01:33:19 -0500] "HEAD / HTTP/1.1" 200 -
52.167.144.97 - - [11/Feb/2023:01:37:06 -0500] "GET /BLA/resoluciones/index.php?dir=RESOLUCIONES+2021%2F HTTP/1.1" 200 438284
172.22.2.4 - - [11/Feb/2023:01:35:34 -0500] "HEAD /BLA/boletinlegal/ HTTP/1.1" 200 -
201.245.192.253 - - [11/Feb/2023:01:37:09 -0500] "POST /kwsrmcab/Wsrmcab  HTTP/1.1" 200 213
172.22.2.4 - - [11/Feb/2023:01:36:24 -0500] "GET /BLA/boletinlegal/ HTTP/1.1" 200 54452
216.245.221.92 - - [11/Feb/2023:01:38:19 -0500] "HEAD / HTTP/1.1" 200 -
201.245.192.253 - - [11/Feb/2023:01:38:22 -0500] "POST /kwsrmcab/Wsrmcab HTTP/1.1" 200 41358
201.245.192.253 - - [11/Feb/2023:01:38:25 -0500] "POST /kwsrmcab/Wsrmcab HTTP/1.1" 200 41103
193.32.162.159 - - [11/Feb/2023:01:40:35 -0500] "GET / HTTP/1.1" 200 319
201.245.192.253 - - [11/Feb/2023:01:42:07 -0500] "POST /kwsrmcab/Wsrmcab  HTTP/1.1" 200 213
172.22.2.4 - - [11/Feb/2023:01:41:24 -0500] "HEAD /BLA/boletinlegal/ HTTP/1.1" 200 -
216.245.221.92 - - [11/Feb/2023:01:43:19 -0500] "HEAD / HTTP/1.1" 200 -
172.22.2.4 - - [11/Feb/2023:01:42:14 -0500] "GET /BLA/boletinlegal/ HTTP/1.1" 200 59404
52.167.144.49 - - [11/Feb/2023:01:44:45 -0500] "GET /BLA/resoluciones/AUTOS%202021/0491.pdf HTTP/1.1" 200 425325
201.245.192.253 - - [11/Feb/2023:01:47:06 -0500] "POST /kwsrmcab/Wsrmcab  HTTP/1.1" 200 213
216.245.221.92 - - [11/Feb/2023:01:48:19 -0500] "HEAD / HTTP/1.1" 200 -
172.22.2.4 - - [11/Feb/2023:01:47:14 -0500] "HEAD /BLA/boletinlegal/ HTTP/1.1" 200 -
172.22.2.4 - - [11/Feb/2023:01:48:04 -0500] "GET /BLA/boletinlegal/ HTTP/1.1" 200 59035
157.55.39.117 - - [11/Feb/2023:01:50:20 -0500] "GET /bla/resoluciones/autos%202021/0544.pdf HTTP/1.1" 200 344726
167.248.133.60 - - [11/Feb/2023:01:50:35 -0500] "GET / HTTP/1.1" 200 319
167.248.133.60 - - [11/Feb/2023:01:50:35 -0500] "GET / HTTP/1.1" 200 319
167.248.133.60 - - [11/Feb/2023:01:50:35 -0500] "PRI * HTTP/2.0" 400 946
167.248.133.60 - - [11/Feb/2023:01:50:36 -0500] "GET /favicon.ico HTTP/1.1" 200 7782
152.61.128.50 - - [11/Feb/2023:01:50:36 -0500] "GET /arcgis/services/Calidad_del_Agua_WQI/MapServer/WMSServer?request=GetCapabilities&service=WMS HTTP/1.1" 503 1020
152.61.128.50 - - [11/Feb/2023:01:50:37 -0500] "GET /arcgis/services/Calidad_del_Agua_WQI/MapServer/WMSServer?SERVICE=WMS&REQUEST=GetCapabilities HTTP/1.1" 503 1020
152.61.128.50 - - [11/Feb/2023:01:50:37 -0500] "GET /arcgis/services/Calidad_del_Agua_WQI/MapServer/WMSServer?WMTVER=1.0.0&REQUEST=capabilities HTTP/1.1" 503 1020
79.110.72.157 - - [11/Feb/2023:01:51:08 -0500] "GET /BLA/resoluciones/AUTOS%202022/1860.pdf HTTP/1.1" 200 434133
52.167.144.49 - - [11/Feb/2023:01:51:57 -0500] "GET /bla/resoluciones/autos%202021/0231.pdf HTTP/1.1" 200 346411
201.245.192.253 - - [11/Feb/2023:01:52:05 -0500] "POST /kwsrmcab/Wsrmcab  HTTP/1.1" 200 213
216.245.221.92 - - [11/Feb/2023:01:53:19 -0500] "HEAD / HTTP/1.1" 200 -
152.61.192.232 - - [11/Feb/2023:01:54:13 -0500] "GET /arcgis/services/Calidad_del_Agua_WQI/MapServer/WMSServer?request=GetCapabilities&service=WMS HTTP/1.1" 503 1020
152.61.192.232 - - [11/Feb/2023:01:54:14 -0500] "GET /arcgis/services/Calidad_del_Agua_WQI/MapServer/WMSServer?SERVICE=WMS&REQUEST=GetCapabilities HTTP/1.1" 503 1020
152.61.192.232 - - [11/Feb/2023:01:54:15 -0500] "GET /arcgis/services/Calidad_del_Agua_WQI/MapServer/WMSServer?WMTVER=1.0.0&REQUEST=capabilities HTTP/1.1" 503 1020
172.22.2.4 - - [11/Feb/2023:01:53:04 -0500] "HEAD /BLA/boletinlegal/ HTTP/1.1" 200 -
154.216.8.60 - - [11/Feb/2023:01:55:09 -0500] "GET / HTTP/1.1" 200 4720
154.216.8.60 - - [11/Feb/2023:01:55:10 -0500] "GET /js/url.js HTTP/1.1" 404 1034
154.216.8.60 - - [11/Feb/2023:01:55:10 -0500] "GET /js/bootstrap.min.js HTTP/1.1" 404 1034
154.216.8.60 - - [11/Feb/2023:01:55:10 -0500] "GET /js/jquery.validate.min.js HTTP/1.1" 404 1034
154.216.8.60 - - [11/Feb/2023:01:55:11 -0500] "GET /js/jquery-3.3.1.min.js HTTP/1.1" 404 1034
154.216.8.60 - - [11/Feb/2023:01:55:11 -0500] "GET /procesar.php HTTP/1.1" 200 891
154.216.8.60 - - [11/Feb/2023:01:55:11 -0500] "GET /js/popper.min.js HTTP/1.1" 404 1034
154.216.8.60 - - [11/Feb/2023:01:55:11 -0500] "GET /js/main.js HTTP/1.1" 404 1034
154.216.8.60 - - [11/Feb/2023:01:55:11 -0500] "POST /procesar.php HTTP/1.1" 200 1062
154.216.8.60 - - [11/Feb/2023:01:55:12 -0500] "POST /procesar.php HTTP/1.1" 200 1062
154.216.8.60 - - [11/Feb/2023:01:55:12 -0500] "POST /procesar.php HTTP/1.1" 200 1062
154.216.8.60 - - [11/Feb/2023:01:55:13 -0500] "POST /procesar.php HTTP/1.1" 200 1062
154.216.8.60 - - [11/Feb/2023:01:55:14 -0500] "POST /procesar.php HTTP/1.1" 200 1062
154.216.8.60 - - [11/Feb/2023:01:55:14 -0500] "POST /procesar.php HTTP/1.1" 200 1062
154.216.8.60 - - [11/Feb/2023:01:55:15 -0500] "POST /procesar.php HTTP/1.1" 200 1062
154.216.8.60 - - [11/Feb/2023:01:55:16 -0500] "POST /procesar.php HTTP/1.1" 200 1062
154.216.8.60 - - [11/Feb/2023:01:55:16 -0500] "POST /procesar.php HTTP/1.1" 200 1062
154.216.8.60 - - [11/Feb/2023:01:55:17 -0500] "POST /procesar.php HTTP/1.1" 200 1062
154.216.8.60 - - [11/Feb/2023:01:55:18 -0500] "POST /procesar.php HTTP/1.1" 200 1062
154.216.8.60 - - [11/Feb/2023:01:55:18 -0500] "POST /procesar.php HTTP/1.1" 200 1062
154.216.8.60 - - [11/Feb/2023:01:55:19 -0500] "POST /procesar.php HTTP/1.1" 200 1062
154.216.8.60 - - [11/Feb/2023:01:55:20 -0500] "POST /procesar.php HTTP/1.1" 200 1062
154.216.8.60 - - [11/Feb/2023:01:55:20 -0500] "POST /procesar.php HTTP/1.1" 200 1062
154.216.8.60 - - [11/Feb/2023:01:55:21 -0500] "POST /procesar.php HTTP/1.1" 200 1062
154.216.8.60 - - [11/Feb/2023:01:55:22 -0500] "POST /procesar.php HTTP/1.1" 200 1062
154.216.8.60 - - [11/Feb/2023:01:55:22 -0500] "POST /procesar.php HTTP/1.1" 200 1062
154.216.8.60 - - [11/Feb/2023:01:55:23 -0500] "POST /procesar.php HTTP/1.1" 200 1062
154.216.8.60 - - [11/Feb/2023:01:55:24 -0500] "POST /procesar.php HTTP/1.1" 200 1062
154.216.8.60 - - [11/Feb/2023:01:55:24 -0500] "POST /procesar.php HTTP/1.1" 200 1062
154.216.8.60 - - [11/Feb/2023:01:55:25 -0500] "POST /procesar.php HTTP/1.1" 200 1062
154.216.8.60 - - [11/Feb/2023:01:55:26 -0500] "POST /procesar.php HTTP/1.1" 200 1062
154.216.8.60 - - [11/Feb/2023:01:55:26 -0500] "POST /procesar.php HTTP/1.1" 200 1062
154.216.8.60 - - [11/Feb/2023:01:55:27 -0500] "POST /procesar.php HTTP/1.1" 200 1062
154.216.8.60 - - [11/Feb/2023:01:55:27 -0500] "POST /procesar.php HTTP/1.1" 200 1062
154.216.8.60 - - [11/Feb/2023:01:55:28 -0500] "POST /procesar.php HTTP/1.1" 200 1062
154.216.8.60 - - [11/Feb/2023:01:55:29 -0500] "POST /procesar.php HTTP/1.1" 200 1062
154.216.8.60 - - [11/Feb/2023:01:55:29 -0500] "POST /procesar.php HTTP/1.1" 200 1062
154.216.8.60 - - [11/Feb/2023:01:55:30 -0500] "POST /procesar.php HTTP/1.1" 200 1062
154.216.8.60 - - [11/Feb/2023:01:55:31 -0500] "POST /procesar.php HTTP/1.1" 200 1062
154.216.8.60 - - [11/Feb/2023:01:55:31 -0500] "POST /procesar.php HTTP/1.1" 200 1062
154.216.8.60 - - [11/Feb/2023:01:55:32 -0500] "POST /procesar.php HTTP/1.1" 200 1062
154.216.8.60 - - [11/Feb/2023:01:55:33 -0500] "POST /procesar.php HTTP/1.1" 200 1062
154.216.8.60 - - [11/Feb/2023:01:55:33 -0500] "POST /procesar.php HTTP/1.1" 200 1062
172.22.2.4 - - [11/Feb/2023:01:53:54 -0500] "GET /BLA/boletinlegal/ HTTP/1.1" 200 57192
154.216.8.60 - - [11/Feb/2023:01:55:34 -0500] "POST /procesar.php HTTP/1.1" 200 1062
154.216.8.60 - - [11/Feb/2023:01:55:35 -0500] "POST /procesar.php HTTP/1.1" 200 1062
154.216.8.60 - - [11/Feb/2023:01:55:35 -0500] "POST /procesar.php HTTP/1.1" 200 1062
154.216.8.60 - - [11/Feb/2023:01:55:36 -0500] "POST /procesar.php HTTP/1.1" 200 1062
154.216.8.60 - - [11/Feb/2023:01:55:36 -0500] "POST /procesar.php HTTP/1.1" 200 1062
154.216.8.60 - - [11/Feb/2023:01:55:37 -0500] "POST /procesar.php HTTP/1.1" 200 1062
54.39.177.173 - - [11/Feb/2023:01:56:30 -0500] "GET /concentracion-de-material-particulado-disminuye-y-secretaria-de-ambiente-levanta-alerta-fase-i-por-calidad-del-aire.html HTTP/1.1" 200 927
66.249.64.47 - - [11/Feb/2023:01:56:44 -0500] "-" 408 -
201.245.192.253 - - [11/Feb/2023:01:57:05 -0500] "POST /kwsrmcab/Wsrmcab  HTTP/1.1" 200 213
40.77.167.251 - - [11/Feb/2023:01:57:37 -0500] "GET /BLA/resoluciones/AUTOS%202021/3606.pdf HTTP/1.1" 200 446303
216.245.221.92 - - [11/Feb/2023:01:58:19 -0500] "HEAD / HTTP/1.1" 200 -
207.46.13.10 - - [11/Feb/2023:01:58:47 -0500] "GET /BLA/resoluciones/AUTOS%202021/0275.pdf HTTP/1.1" 200 347685
172.22.2.4 - - [11/Feb/2023:01:59:33 -0500] "GET /BLA/boletinlegal/ HTTP/1.1" 200 24523
172.22.2.4 - - [11/Feb/2023:01:58:54 -0500] "HEAD /BLA/boletinlegal/ HTTP/1.1" 200 -
192.99.101.184 - - [11/Feb/2023:02:00:59 -0500] "GET /auambari-deleito-con-sus-sonidos-ambientales-a-los-asistentes-de-fima-2021.html HTTP/1.1" 200 888
172.22.2.4 - - [11/Feb/2023:01:59:44 -0500] "GET /BLA/boletinlegal/ HTTP/1.1" 200 56079
31.148.130.233 - - [11/Feb/2023:02:02:06 -0500] "GET /BLA/resoluciones/AUTOS%202021/5274.pdf HTTP/1.1" 200 402722
201.245.192.253 - - [11/Feb/2023:02:02:04 -0500] "POST /kwsrmcab/Wsrmcab  HTTP/1.1" 200 213
216.245.221.92 - - [11/Feb/2023:02:03:19 -0500] "HEAD / HTTP/1.1" 200 -
172.22.2.4 - - [11/Feb/2023:02:04:44 -0500] "HEAD /BLA/boletinlegal/ HTTP/1.1" 200 -
201.245.192.253 - - [11/Feb/2023:02:07:03 -0500] "POST /kwsrmcab/Wsrmcab  HTTP/1.1" 200 213
172.22.2.4 - - [11/Feb/2023:02:05:34 -0500] "GET /BLA/boletinlegal/ HTTP/1.1" 200 59404
216.245.221.92 - - [11/Feb/2023:02:08:19 -0500] "HEAD / HTTP/1.1" 200 -
186.80.52.163 - - [11/Feb/2023:02:09:28 -0500] "POST /sipse/faces/presentacion/financiero/solicitudProceso/listarSolicitudProceso.xhtml HTTP/1.1" 302 -
186.80.52.163 - - [11/Feb/2023:02:09:28 -0500] "GET /sipse/faces/autenticacion.xhtml HTTP/1.1" 200 1099
186.80.52.163 - - [11/Feb/2023:02:09:28 -0500] "POST /sipse/faces/presentacion/financiero/solicitudProceso/listarSolicitudProceso.xhtml HTTP/1.1" 302 -
186.80.52.163 - - [11/Feb/2023:02:09:28 -0500] "GET /sipse/faces/autenticacion.xhtml HTTP/1.1" 200 1099
157.55.39.142 - - [11/Feb/2023:02:10:11 -0500] "GET /BLA/resoluciones/AUTOS%202021/0229.pdf HTTP/1.1" 200 532238
157.55.39.142 - - [11/Feb/2023:02:11:02 -0500] "GET /bla/resoluciones/autos%202021/1534.pdf HTTP/1.1" 200 353608
201.245.192.253 - - [11/Feb/2023:02:12:02 -0500] "POST /kwsrmcab/Wsrmcab  HTTP/1.1" 200 213
172.22.2.4 - - [11/Feb/2023:02:10:34 -0500] "HEAD /BLA/boletinlegal/ HTTP/1.1" 200 -
172.22.2.4 - - [11/Feb/2023:02:11:24 -0500] "GET /BLA/boletinlegal/ HTTP/1.1" 200 58612
216.245.221.92 - - [11/Feb/2023:02:13:19 -0500] "HEAD / HTTP/1.1" 200 -
52.167.144.97 - - [11/Feb/2023:02:13:59 -0500] "GET /BLA/resoluciones/index.php?dir=RESOLUCIONES+2021%2F HTTP/1.1" 200 438284
40.77.167.251 - - [11/Feb/2023:02:15:29 -0500] "GET /BLA/resoluciones/AUTOS%202021/0961.pdf HTTP/1.1" 200 327624
52.167.144.49 - - [11/Feb/2023:02:16:08 -0500] "GET /BLA/resoluciones/AUTOS%202021/1593.pdf HTTP/1.1" 200 350633
103.149.192.36 - - [11/Feb/2023:02:16:47 -0500] "GET / HTTP/1.1" 200 319
201.245.192.253 - - [11/Feb/2023:02:17:01 -0500] "POST /kwsrmcab/Wsrmcab  HTTP/1.1" 200 213
172.22.2.4 - - [11/Feb/2023:02:16:24 -0500] "HEAD /BLA/boletinlegal/ HTTP/1.1" 200 -
216.245.221.92 - - [11/Feb/2023:02:18:19 -0500] "HEAD / HTTP/1.1" 200 -
201.245.192.253 - - [11/Feb/2023:02:18:21 -0500] "POST /kwsrmcab/Wsrmcab HTTP/1.1" 200 41362
201.245.192.253 - - [11/Feb/2023:02:18:24 -0500] "POST /kwsrmcab/Wsrmcab HTTP/1.1" 200 41428
172.22.2.4 - - [11/Feb/2023:02:17:14 -0500] "GET /BLA/boletinlegal/ HTTP/1.1" 200 56825
134.122.80.140 - - [11/Feb/2023:02:19:16 -0500] "GET /portaldeninos/ HTTP/1.1" 200 110197
201.245.192.253 - - [11/Feb/2023:02:22:00 -0500] "POST /kwsrmcab/Wsrmcab  HTTP/1.1" 200 213
40.77.167.251 - - [11/Feb/2023:02:22:49 -0500] "GET /BLA/resoluciones/AUTOS%202021/1557.pdf HTTP/1.1" 200 358389
216.245.221.92 - - [11/Feb/2023:02:23:18 -0500] "HEAD / HTTP/1.1" 200 -
40.77.167.251 - - [11/Feb/2023:02:23:42 -0500] "GET /bla/resoluciones/autos%202021/0520.pdf HTTP/1.1" 200 693330
172.22.2.4 - - [11/Feb/2023:02:22:14 -0500] "HEAD /BLA/boletinlegal/ HTTP/1.1" 200 -
172.22.2.4 - - [11/Feb/2023:02:23:04 -0500] "GET /BLA/boletinlegal/ HTTP/1.1" 200 54816
66.249.64.47 - - [11/Feb/2023:02:26:44 -0500] "-" 408 -
201.245.192.253 - - [11/Feb/2023:02:26:59 -0500] "POST /kwsrmcab/Wsrmcab  HTTP/1.1" 200 213
216.245.221.92 - - [11/Feb/2023:02:28:18 -0500] "HEAD / HTTP/1.1" 200 -
201.245.192.253 - - [11/Feb/2023:02:28:22 -0500] "POST /kwsrmcab/Wsrmcab HTTP/1.1" 200 41362
201.245.192.253 - - [11/Feb/2023:02:28:25 -0500] "POST /kwsrmcab/Wsrmcab HTTP/1.1" 200 41428
205.254.175.209 - - [11/Feb/2023:02:28:29 -0500] "GET /BLA/resoluciones/AUTOS%202022/2443.pdf HTTP/1.1" 200 498343
172.22.2.4 - - [11/Feb/2023:02:28:04 -0500] "HEAD /BLA/boletinlegal/ HTTP/1.1" 200 -
172.22.2.4 - - [11/Feb/2023:02:28:54 -0500] "GET /BLA/boletinlegal/ HTTP/1.1" 200 57192
201.245.192.253 - - [11/Feb/2023:02:31:58 -0500] "POST /kwsrmcab/Wsrmcab  HTTP/1.1" 200 213
52.167.144.49 - - [11/Feb/2023:02:32:14 -0500] "GET /bla/resoluciones/autos%202021/0462.pdf HTTP/1.1" 200 447542
172.22.2.4 - - [11/Feb/2023:02:32:48 -0500] "GET /BLA/boletinlegal/actos.php HTTP/1.1" 200 9606
157.55.39.142 - - [11/Feb/2023:02:32:54 -0500] "GET /BLA/resoluciones/AUTOS%202021/0260.pdf HTTP/1.1" 200 407150
216.245.221.92 - - [11/Feb/2023:02:33:18 -0500] "HEAD / HTTP/1.1" 200 -
34.91.65.161 - - [11/Feb/2023:02:34:19 -0500] "GET /inventario-de-emisiones-2020-transporte-publico-sitp-redujo-emisiones-de-pm-2-5-en-un-37.html HTTP/1.1" 200 925
185.119.81.101 - - [11/Feb/2023:02:34:31 -0500] "GET /portaldeninos/wp-login.php HTTP/1.1" 200 2592
185.119.81.101 - - [11/Feb/2023:02:34:32 -0500] "POST /portaldeninos/wp-login.php HTTP/1.1" 200 3670
207.46.13.10 - - [11/Feb/2023:02:35:30 -0500] "GET /BLA/resoluciones/AUTOS%202021/0637.pdf HTTP/1.1" 200 426829
172.22.2.4 - - [11/Feb/2023:02:33:54 -0500] "HEAD /BLA/boletinlegal/ HTTP/1.1" 200 -
172.22.2.4 - - [11/Feb/2023:02:34:44 -0500] "GET /BLA/boletinlegal/ HTTP/1.1" 200 52942
52.167.144.49 - - [11/Feb/2023:02:36:25 -0500] "GET /BLA/resoluciones/AUTOS%202021/1642.pdf HTTP/1.1" 200 379333
201.245.192.253 - - [11/Feb/2023:02:36:57 -0500] "POST /kwsrmcab/Wsrmcab  HTTP/1.1" 200 213
216.245.221.92 - - [11/Feb/2023:02:38:18 -0500] "HEAD / HTTP/1.1" 200 -
201.245.192.253 - - [11/Feb/2023:02:38:22 -0500] "POST /kwsrmcab/Wsrmcab HTTP/1.1" 200 41362
201.245.192.253 - - [11/Feb/2023:02:38:25 -0500] "POST /kwsrmcab/Wsrmcab HTTP/1.1" 200 41428
157.55.39.142 - - [11/Feb/2023:02:39:14 -0500] "GET /BLA/resoluciones/AUTOS%202021/0635.pdf HTTP/1.1" 200 434230
167.94.145.57 - - [11/Feb/2023:02:39:56 -0500] "GET / HTTP/1.1" 200 319
167.94.145.57 - - [11/Feb/2023:02:39:56 -0500] "GET / HTTP/1.1" 200 319
167.94.145.57 - - [11/Feb/2023:02:39:57 -0500] "PRI * HTTP/2.0" 400 946
167.94.145.57 - - [11/Feb/2023:02:39:57 -0500] "GET /favicon.ico HTTP/1.1" 200 7782
172.22.2.4 - - [11/Feb/2023:02:39:44 -0500] "HEAD /BLA/boletinlegal/ HTTP/1.1" 200 -
157.55.39.82 - - [11/Feb/2023:02:41:44 -0500] "GET /agendate-para-participar-en-las-caminatas-ecologicas-de-febrero.html HTTP/1.1" 200 830
201.245.192.253 - - [11/Feb/2023:02:41:56 -0500] "POST /kwsrmcab/Wsrmcab  HTTP/1.1" 200 213
172.22.2.4 - - [11/Feb/2023:02:40:34 -0500] "GET /BLA/boletinlegal/ HTTP/1.1" 200 54816
207.46.13.10 - - [11/Feb/2023:02:42:22 -0500] "GET /bla/resoluciones/autos%202021/2774.pdf HTTP/1.1" 200 1197214
185.119.81.108 - - [11/Feb/2023:02:42:58 -0500] "GET /portaldeninos/wp-login.php HTTP/1.1" 200 2592
185.119.81.108 - - [11/Feb/2023:02:42:59 -0500] "POST /portaldeninos/wp-login.php HTTP/1.1" 200 3605
3.83.192.64 - - [11/Feb/2023:02:43:13 -0500] "GET /galeria/galeria/fotos/diaSC3Peq.jpg HTTP/1.1" 200 24913
216.245.221.92 - - [11/Feb/2023:02:43:18 -0500] "HEAD / HTTP/1.1" 200 -
201.245.192.253 - - [11/Feb/2023:02:46:55 -0500] "POST /kwsrmcab/Wsrmcab  HTTP/1.1" 200 213
172.22.2.4 - - [11/Feb/2023:02:45:33 -0500] "HEAD /BLA/boletinlegal/ HTTP/1.1" 200 -
172.22.2.4 - - [11/Feb/2023:02:46:24 -0500] "GET /BLA/boletinlegal/ HTTP/1.1" 200 57192
216.245.221.92 - - [11/Feb/2023:02:48:18 -0500] "HEAD / HTTP/1.1" 200 -
209.141.48.150 - - [11/Feb/2023:02:49:36 -0500] "POST /boaform/admin/formLogin HTTP/1.1" 404 1186
201.245.192.253 - - [11/Feb/2023:02:51:54 -0500] "POST /kwsrmcab/Wsrmcab  HTTP/1.1" 200 213
52.167.144.49 - - [11/Feb/2023:02:52:44 -0500] "GET /BLA/resoluciones/AUTOS%202021/1642.pdf HTTP/1.1" 200 379333
172.22.2.4 - - [11/Feb/2023:02:51:24 -0500] "HEAD /BLA/boletinlegal/ HTTP/1.1" 200 -
216.245.221.92 - - [11/Feb/2023:02:53:18 -0500] "HEAD / HTTP/1.1" 200 -
52.167.144.97 - - [11/Feb/2023:02:53:23 -0500] "GET /BLA/resoluciones/index.php?dir=RESOLUCIONES+2021%2F HTTP/1.1" 200 438284
172.22.2.4 - - [11/Feb/2023:02:52:14 -0500] "GET /BLA/boletinlegal/ HTTP/1.1" 200 57192
66.249.75.53 - - [11/Feb/2023:02:56:07 -0500] "-" 408 -
66.249.64.47 - - [11/Feb/2023:02:56:44 -0500] "-" 408 -
201.245.192.253 - - [11/Feb/2023:02:56:52 -0500] "POST /kwsrmcab/Wsrmcab  HTTP/1.1" 200 213
52.167.144.49 - - [11/Feb/2023:02:57:12 -0500] "GET /BLA/resoluciones/AUTOS%202021/1309.pdf HTTP/1.1" 200 335033
216.245.221.92 - - [11/Feb/2023:02:58:18 -0500] "HEAD / HTTP/1.1" 200 -
172.22.2.4 - - [11/Feb/2023:02:57:13 -0500] "HEAD /BLA/boletinlegal/ HTTP/1.1" 200 -
172.22.2.4 - - [11/Feb/2023:02:58:04 -0500] "GET /BLA/boletinlegal/ HTTP/1.1" 200 59404
31.148.131.203 - - [11/Feb/2023:03:00:21 -0500] "GET /BLA/resoluciones/AUTOS%202021/0673.pdf HTTP/1.1" 200 401655
201.245.192.253 - - [11/Feb/2023:03:01:52 -0500] "POST /kwsrmcab/Wsrmcab  HTTP/1.1" 200 213
181.54.228.54 - - [11/Feb/2023:03:03:00 -0500] "GET /BLA/resoluciones/RESOLUCIONES%202022/4477.pdf HTTP/1.1" 200 1625214
52.167.144.49 - - [11/Feb/2023:03:03:15 -0500] "GET /bla/resoluciones/autos%202021/0622.pdf HTTP/1.1" 200 384895
216.245.221.92 - - [11/Feb/2023:03:03:18 -0500] "HEAD / HTTP/1.1" 200 -
181.54.228.54 - - [11/Feb/2023:03:03:47 -0500] "GET /BLA/resoluciones/RESOLUCIONES%202022/4452.pdf HTTP/1.1" 200 1649228
172.22.2.4 - - [11/Feb/2023:03:03:04 -0500] "HEAD /BLA/boletinlegal/ HTTP/1.1" 200 -
172.22.2.4 - - [11/Feb/2023:03:03:54 -0500] "GET /BLA/boletinlegal/ HTTP/1.1" 200 58185
201.245.192.253 - - [11/Feb/2023:03:06:50 -0500] "POST /kwsrmcab/Wsrmcab  HTTP/1.1" 200 213
216.245.221.92 - - [11/Feb/2023:03:08:18 -0500] "HEAD / HTTP/1.1" 200 -
181.54.228.54 - - [11/Feb/2023:03:09:41 -0500] "GET /BLA/resoluciones/RESOLUCIONES%202022/4317.pdf HTTP/1.1" 200 427488
52.167.144.97 - - [11/Feb/2023:03:09:54 -0500] "GET /BLA/resoluciones/AUTOS%202021/1903.pdf HTTP/1.1" 200 350150
172.22.2.4 - - [11/Feb/2023:03:08:53 -0500] "HEAD /BLA/boletinlegal/ HTTP/1.1" 200 -
181.54.228.54 - - [11/Feb/2023:03:11:00 -0500] "GET /BLA/resoluciones/RESOLUCIONES%202022/4059.pdf HTTP/1.1" 200 467247
172.22.2.4 - - [11/Feb/2023:03:09:44 -0500] "GET /BLA/boletinlegal/ HTTP/1.1" 200 59035
108.174.2.217 - - [11/Feb/2023:03:11:43 -0500] "GET /images/graduacion-mujeres-7-mayo.jpg HTTP/1.1" 200 24888
201.245.192.253 - - [11/Feb/2023:03:11:49 -0500] "POST /kwsrmcab/Wsrmcab  HTTP/1.1" 200 213
157.55.39.142 - - [11/Feb/2023:03:11:57 -0500] "GET /BLA/resoluciones/AUTOS%202021/1663.pdf HTTP/1.1" 200 356855
185.119.81.105 - - [11/Feb/2023:03:12:08 -0500] "GET /portaldeninos/wp-login.php HTTP/1.1" 200 2592
185.119.81.105 - - [11/Feb/2023:03:12:09 -0500] "POST /portaldeninos/wp-login.php HTTP/1.1" 200 3605
216.245.221.92 - - [11/Feb/2023:03:13:18 -0500] "HEAD / HTTP/1.1" 200 -
185.119.81.101 - - [11/Feb/2023:03:14:53 -0500] "GET /portaldeninos/wp-login.php HTTP/1.1" 200 2592
185.119.81.101 - - [11/Feb/2023:03:14:54 -0500] "POST /portaldeninos/wp-login.php HTTP/1.1" 200 3670
157.55.39.117 - - [11/Feb/2023:03:14:56 -0500] "GET /galeria/bibloteca/contentflow.js HTTP/1.1" 200 42804
172.22.2.4 - - [11/Feb/2023:03:14:43 -0500] "HEAD /BLA/boletinlegal/ HTTP/1.1" 200 -
201.245.192.253 - - [11/Feb/2023:03:16:49 -0500] "POST /kwsrmcab/Wsrmcab  HTTP/1.1" 200 213
172.22.2.4 - - [11/Feb/2023:03:15:34 -0500] "GET /BLA/boletinlegal/ HTTP/1.1" 200 57192
31.148.131.27 - - [11/Feb/2023:03:18:14 -0500] "GET /BLA/resoluciones/AUTOS%202021/0741.pdf HTTP/1.1" 200 844702
216.245.221.92 - - [11/Feb/2023:03:18:18 -0500] "HEAD / HTTP/1.1" 200 -
201.245.192.253 - - [11/Feb/2023:03:18:21 -0500] "POST /kwsrmcab/Wsrmcab HTTP/1.1" 200 41365
201.245.192.253 - - [11/Feb/2023:03:18:24 -0500] "POST /kwsrmcab/Wsrmcab HTTP/1.1" 200 41429
31.148.131.160 - - [11/Feb/2023:03:18:53 -0500] "GET /BLA/resoluciones/AUTOS%202021/0472.pdf HTTP/1.1" 200 414182
157.55.39.142 - - [11/Feb/2023:03:19:48 -0500] "GET /BLA/resoluciones/AUTOS%202022/1382.pdf HTTP/1.1" 200 404345
181.54.228.54 - - [11/Feb/2023:03:19:50 -0500] "GET /BLA/resoluciones/RESOLUCIONES%202022/4609.pdf HTTP/1.1" 200 1805225
185.119.81.101 - - [11/Feb/2023:03:20:18 -0500] "GET /portaldeninos/wp-login.php HTTP/1.1" 200 2592
185.119.81.101 - - [11/Feb/2023:03:20:19 -0500] "POST /portaldeninos/wp-login.php HTTP/1.1" 200 3605
181.54.228.54 - - [11/Feb/2023:03:20:43 -0500] "GET /BLA/resoluciones/RESOLUCIONES%202022/3948.pdf HTTP/1.1" 200 348629
181.54.228.54 - - [11/Feb/2023:03:21:30 -0500] "GET /BLA/resoluciones/RESOLUCIONES%202022/3253.pdf HTTP/1.1" 200 476384
181.54.228.54 - - [11/Feb/2023:03:21:40 -0500] "GET /BLA/resoluciones/RESOLUCIONES%202022/3159.pdf HTTP/1.1" 200 416073
181.54.228.54 - - [11/Feb/2023:03:21:49 -0500] "GET /BLA/resoluciones/RESOLUCIONES%202022/2528.pdf HTTP/1.1" 200 364314
185.119.81.105 - - [11/Feb/2023:03:21:49 -0500] "GET /portaldeninos/wp-login.php HTTP/1.1" 200 2592
201.245.192.253 - - [11/Feb/2023:03:21:49 -0500] "POST /kwsrmcab/Wsrmcab  HTTP/1.1" 200 213
185.119.81.105 - - [11/Feb/2023:03:21:50 -0500] "POST /portaldeninos/wp-login.php HTTP/1.1" 200 3650
87.236.176.73 - - [11/Feb/2023:03:21:58 -0500] "GET / HTTP/1.1" 200 319
181.54.228.54 - - [11/Feb/2023:03:21:59 -0500] "GET /BLA/resoluciones/RESOLUCIONES%202022/2481.pdf HTTP/1.1" 200 379181
181.54.228.54 - - [11/Feb/2023:03:22:09 -0500] "GET /BLA/resoluciones/RESOLUCIONES%202022/2428.pdf HTTP/1.1" 200 463970
172.22.2.4 - - [11/Feb/2023:03:20:33 -0500] "HEAD /BLA/boletinlegal/ HTTP/1.1" 200 -
172.22.2.4 - - [11/Feb/2023:03:21:24 -0500] "GET /BLA/boletinlegal/ HTTP/1.1" 200 57192
216.245.221.92 - - [11/Feb/2023:03:23:18 -0500] "HEAD / HTTP/1.1" 200 -
168.119.253.6 - - [11/Feb/2023:03:23:48 -0500] "GET / HTTP/1.1" 200 4720
168.119.253.6 - - [11/Feb/2023:03:23:48 -0500] "GET / HTTP/1.1" 200 319
157.55.39.117 - - [11/Feb/2023:03:26:28 -0500] "GET /bla/resoluciones/autos%202021/0559.pdf HTTP/1.1" 200 344304
66.249.64.47 - - [11/Feb/2023:03:26:45 -0500] "-" 408 -
201.245.192.253 - - [11/Feb/2023:03:26:47 -0500] "POST /kwsrmcab/Wsrmcab  HTTP/1.1" 200 213
52.167.144.97 - - [11/Feb/2023:03:27:45 -0500] "GET /BLA/resoluciones/AUTOS%202021/0743.pdf HTTP/1.1" 200 408028
172.22.2.4 - - [11/Feb/2023:03:26:23 -0500] "HEAD /BLA/boletinlegal/ HTTP/1.1" 200 -
207.46.13.10 - - [11/Feb/2023:03:28:05 -0500] "GET /BLA/resoluciones/AUTOS%202021/1008.pdf HTTP/1.1" 200 928763
216.245.221.92 - - [11/Feb/2023:03:28:18 -0500] "HEAD / HTTP/1.1" 200 -
201.245.192.253 - - [11/Feb/2023:03:28:22 -0500] "POST /kwsrmcab/Wsrmcab HTTP/1.1" 200 41365
201.245.192.253 - - [11/Feb/2023:03:28:25 -0500] "POST /kwsrmcab/Wsrmcab HTTP/1.1" 200 41429
65.154.226.166 - - [11/Feb/2023:03:28:49 -0500] "GET / HTTP/1.1" 200 319
172.22.2.4 - - [11/Feb/2023:03:27:14 -0500] "GET /BLA/boletinlegal/ HTTP/1.1" 200 59404
185.119.81.105 - - [11/Feb/2023:03:29:21 -0500] "GET /portaldeninos/wp-login.php HTTP/1.1" 200 2592
185.119.81.105 - - [11/Feb/2023:03:29:22 -0500] "POST /portaldeninos/wp-login.php HTTP/1.1" 200 3605
40.77.189.127 - - [11/Feb/2023:03:30:47 -0500] "GET /galeria/bibloteca/mycontentflow.css HTTP/1.1" 200 3110
40.77.189.127 - - [11/Feb/2023:03:30:47 -0500] "GET /galeria/bibloteca/contentflow.css HTTP/1.1" 200 3201
40.77.189.127 - - [11/Feb/2023:03:30:47 -0500] "GET /galeria/bibloteca/ContentFlowAddOn_white.js HTTP/1.1" 200 2497
40.77.189.127 - - [11/Feb/2023:03:30:47 -0500] "GET /galeria/bibloteca/ContentFlowAddOn_white.css HTTP/1.1" 200 3355
207.46.13.10 - - [11/Feb/2023:03:31:07 -0500] "GET /bla/resoluciones/autos%202021/1554.pdf HTTP/1.1" 200 617246
52.167.144.97 - - [11/Feb/2023:03:31:27 -0500] "GET /BLA/resoluciones/index.php?dir=RESOLUCIONES+2021%2F HTTP/1.1" 200 438284
201.245.192.253 - - [11/Feb/2023:03:31:46 -0500] "POST /kwsrmcab/Wsrmcab  HTTP/1.1" 200 213
216.245.221.92 - - [11/Feb/2023:03:33:18 -0500] "HEAD / HTTP/1.1" 200 -
20.191.45.212 - - [11/Feb/2023:03:33:52 -0500] "GET / HTTP/1.1" 200 319
20.191.45.212 - - [11/Feb/2023:03:33:52 -0500] "GET /favicon.ico HTTP/1.1" 200 7782
172.22.2.4 - - [11/Feb/2023:03:32:13 -0500] "HEAD /BLA/boletinlegal/ HTTP/1.1" 200 -
172.22.2.4 - - [11/Feb/2023:03:33:04 -0500] "GET /BLA/boletinlegal/ HTTP/1.1" 200 55272
79.110.72.236 - - [11/Feb/2023:03:36:27 -0500] "GET /BLA/resoluciones/AUTOS%202021/1438.pdf HTTP/1.1" 200 451002
201.245.192.253 - - [11/Feb/2023:03:36:45 -0500] "POST /kwsrmcab/Wsrmcab  HTTP/1.1" 200 213
216.245.221.92 - - [11/Feb/2023:03:38:18 -0500] "HEAD / HTTP/1.1" 200 -
201.245.192.253 - - [11/Feb/2023:03:38:21 -0500] "POST /kwsrmcab/Wsrmcab HTTP/1.1" 200 41365
