186.145.91.234 - - [11/Feb/2023:05:28:44 -0500] "GET /sipse/faces/javax.faces.resource/layout/layout.css?ln=primefaces&v=4.0 HTTP/1.1" 304 -
186.145.91.234 - - [11/Feb/2023:05:28:44 -0500] "GET /sipse/faces/javax.faces.resource/jquery/jquery.js?ln=primefaces&v=4.0 HTTP/1.1" 304 -
186.145.91.234 - - [11/Feb/2023:05:28:44 -0500] "GET /sipse/faces/javax.faces.resource/jquery/jquery-plugins.js?ln=primefaces&v=4.0 HTTP/1.1" 304 -
186.145.91.234 - - [11/Feb/2023:05:28:44 -0500] "GET /sipse/faces/javax.faces.resource/fileupload/fileupload.css?ln=primefaces&v=4.0 HTTP/1.1" 304 -
186.145.91.234 - - [11/Feb/2023:05:28:44 -0500] "GET /sipse/faces/javax.faces.resource/fileupload/fileupload.js?ln=primefaces&v=4.0 HTTP/1.1" 304 -
186.145.91.234 - - [11/Feb/2023:05:28:44 -0500] "GET /sipse/faces/javax.faces.resource/layout/layout.js?ln=primefaces&v=4.0 HTTP/1.1" 304 -
186.145.91.234 - - [11/Feb/2023:05:28:44 -0500] "GET /sipse/faces/javax.faces.resource/primefaces.js?ln=primefaces&v=4.0 HTTP/1.1" 304 -
186.145.91.234 - - [11/Feb/2023:05:28:44 -0500] "GET /sipse/css/imagen/contrasena.png HTTP/1.1" 404 383
186.145.91.234 - - [11/Feb/2023:05:28:44 -0500] "GET /sipse/faces/javax.faces.resource/images/ui-icons_898989_256x240.png?ln=primefaces-aristo HTTP/1.1" 304 -
186.145.91.234 - - [11/Feb/2023:05:28:50 -0500] "GET /sipse/faces/javax.faces.resource/theme.css?ln=primefaces-sipse HTTP/1.1" 304 -
186.145.91.234 - - [11/Feb/2023:05:28:50 -0500] "GET /sipse/faces/javax.faces.resource/primefaces.css?ln=primefaces&v=4.0 HTTP/1.1" 304 -
186.145.91.234 - - [11/Feb/2023:05:28:50 -0500] "GET /sipse/faces/javax.faces.resource/layout/layout.css?ln=primefaces&v=4.0 HTTP/1.1" 304 -
186.145.91.234 - - [11/Feb/2023:05:28:50 -0500] "GET /sipse/faces/javax.faces.resource/jquery/jquery.js?ln=primefaces&v=4.0 HTTP/1.1" 304 -
186.145.91.234 - - [11/Feb/2023:05:28:50 -0500] "GET /sipse/faces/javax.faces.resource/jquery/jquery-plugins.js?ln=primefaces&v=4.0 HTTP/1.1" 304 -
186.145.91.234 - - [11/Feb/2023:05:28:50 -0500] "GET /sipse/faces/javax.faces.resource/layout/layout.js?ln=primefaces&v=4.0 HTTP/1.1" 304 -
186.145.91.234 - - [11/Feb/2023:05:28:50 -0500] "GET /sipse/faces/javax.faces.resource/primefaces.js?ln=primefaces&v=4.0 HTTP/1.1" 304 -
186.145.91.234 - - [11/Feb/2023:05:28:50 -0500] "GET /sipse/css/imagen/contrasena.png HTTP/1.1" 404 383
186.145.91.234 - - [11/Feb/2023:05:28:50 -0500] "GET /sipse/faces/javax.faces.resource/images/ui-icons_898989_256x240.png?ln=primefaces-aristo HTTP/1.1" 304 -
186.145.91.234 - - [11/Feb/2023:05:28:49 -0500] "POST /sipse/faces/presentacion/sistema/anexos/cargarAnexoSolicitudProceso.xhtml HTTP/1.1" 200 196744
186.145.91.234 - - [11/Feb/2023:05:28:52 -0500] "GET /sipse/faces/javax.faces.resource/images/ui-bg_flat_0_2d5972_40x100.png?ln=primefaces-aristo HTTP/1.1" 304 -
186.145.91.234 - - [11/Feb/2023:05:28:52 -0500] "POST /sipse/faces/presentacion/financiero/solicitudProceso/consultarSolicitudProceso.xhtml HTTP/1.1" 200 64865
186.145.91.234 - - [11/Feb/2023:05:28:55 -0500] "GET /sipse/faces/javax.faces.resource/primefaces.css?ln=primefaces&v=4.0 HTTP/1.1" 304 -
186.145.91.234 - - [11/Feb/2023:05:28:55 -0500] "GET /sipse/faces/javax.faces.resource/theme.css?ln=primefaces-sipse HTTP/1.1" 304 -
186.145.91.234 - - [11/Feb/2023:05:28:55 -0500] "GET /sipse/faces/javax.faces.resource/layout/layout.css?ln=primefaces&v=4.0 HTTP/1.1" 304 -
186.145.91.234 - - [11/Feb/2023:05:28:55 -0500] "GET /sipse/faces/javax.faces.resource/jquery/jquery.js?ln=primefaces&v=4.0 HTTP/1.1" 304 -
186.145.91.234 - - [11/Feb/2023:05:28:55 -0500] "GET /sipse/faces/javax.faces.resource/jquery/jquery-plugins.js?ln=primefaces&v=4.0 HTTP/1.1" 304 -
186.145.91.234 - - [11/Feb/2023:05:28:56 -0500] "GET /sipse/faces/javax.faces.resource/primefaces.js?ln=primefaces&v=4.0 HTTP/1.1" 304 -
186.145.91.234 - - [11/Feb/2023:05:28:56 -0500] "GET /sipse/faces/javax.faces.resource/layout/layout.js?ln=primefaces&v=4.0 HTTP/1.1" 304 -
186.145.91.234 - - [11/Feb/2023:05:28:56 -0500] "GET /sipse/faces/javax.faces.resource/messages/messages.png?ln=primefaces&v=4.0 HTTP/1.1" 304 -
186.145.91.234 - - [11/Feb/2023:05:28:56 -0500] "POST /sipse/faces/presentacion/financiero/solicitudProceso/listarSolicitudProceso.xhtml HTTP/1.1" 200 1556
186.145.91.234 - - [11/Feb/2023:05:28:59 -0500] "POST /sipse/faces/presentacion/financiero/solicitudProceso/listarSolicitudProceso.xhtml HTTP/1.1" 200 31506
186.145.91.234 - - [11/Feb/2023:05:29:00 -0500] "POST /sipse/faces/presentacion/financiero/solicitudProceso/listarSolicitudProceso.xhtml HTTP/1.1" 200 31502
186.145.91.234 - - [11/Feb/2023:05:29:06 -0500] "POST /sipse/faces/presentacion/financiero/solicitudProceso/listarSolicitudProceso.xhtml HTTP/1.1" 200 31542
186.145.91.234 - - [11/Feb/2023:05:29:10 -0500] "POST /sipse/faces/presentacion/financiero/solicitudProceso/listarSolicitudProceso.xhtml HTTP/1.1" 200 5101
186.145.91.234 - - [11/Feb/2023:05:29:13 -0500] "POST /sipse/faces/presentacion/financiero/solicitudProceso/listarSolicitudProceso.xhtml HTTP/1.1" 200 31546
186.145.91.234 - - [11/Feb/2023:05:29:17 -0500] "POST /sipse/faces/presentacion/financiero/solicitudProceso/listarSolicitudProceso.xhtml HTTP/1.1" 200 19972
186.145.91.234 - - [11/Feb/2023:05:29:23 -0500] "POST /sipse/faces/presentacion/financiero/solicitudProceso/listarSolicitudProceso.xhtml HTTP/1.1" 200 124523
186.145.91.234 - - [11/Feb/2023:05:29:26 -0500] "GET /sipse/faces/javax.faces.resource/theme.css?ln=primefaces-sipse HTTP/1.1" 304 -
186.145.91.234 - - [11/Feb/2023:05:29:26 -0500] "GET /sipse/faces/javax.faces.resource/primefaces.css?ln=primefaces&v=4.0 HTTP/1.1" 304 -
186.145.91.234 - - [11/Feb/2023:05:29:26 -0500] "GET /sipse/faces/javax.faces.resource/jquery/jquery.js?ln=primefaces&v=4.0 HTTP/1.1" 304 -
186.145.91.234 - - [11/Feb/2023:05:29:26 -0500] "GET /sipse/faces/javax.faces.resource/layout/layout.css?ln=primefaces&v=4.0 HTTP/1.1" 304 -
186.145.91.234 - - [11/Feb/2023:05:29:26 -0500] "GET /sipse/faces/javax.faces.resource/jquery/jquery-plugins.js?ln=primefaces&v=4.0 HTTP/1.1" 304 -
186.145.91.234 - - [11/Feb/2023:05:29:26 -0500] "GET /sipse/faces/javax.faces.resource/primefaces.js?ln=primefaces&v=4.0 HTTP/1.1" 304 -
186.145.91.234 - - [11/Feb/2023:05:29:26 -0500] "GET /sipse/faces/javax.faces.resource/layout/layout.js?ln=primefaces&v=4.0 HTTP/1.1" 304 -
186.145.91.234 - - [11/Feb/2023:05:29:37 -0500] "POST /sipse/faces/presentacion/financiero/solicitudProceso/consultarSolicitudProceso.xhtml HTTP/1.1" 200 264256
52.167.144.49 - - [11/Feb/2023:05:29:55 -0500] "GET /BLA/resoluciones/AUTOS%202021/0819.pdf HTTP/1.1" 200 383762
172.22.2.4 - - [11/Feb/2023:05:28:53 -0500] "HEAD /BLA/boletinlegal/ HTTP/1.1" 200 -
87.250.224.52 - - [11/Feb/2023:05:30:33 -0500] "-" 408 -
201.245.192.253 - - [11/Feb/2023:05:31:19 -0500] "POST /kwsrmcab/Wsrmcab  HTTP/1.1" 200 213
172.22.2.4 - - [11/Feb/2023:05:29:44 -0500] "GET /BLA/boletinlegal/ HTTP/1.1" 200 59404
162.55.167.166 - - [11/Feb/2023:05:31:26 -0500] "GET / HTTP/1.1" 200 4720
162.55.167.166 - - [11/Feb/2023:05:31:26 -0500] "GET / HTTP/1.1" 200 319
216.245.221.92 - - [11/Feb/2023:05:33:18 -0500] "HEAD / HTTP/1.1" 200 -
186.154.32.232 - - [11/Feb/2023:05:34:18 -0500] "GET /sipse/faces/presentacion/financiero/solicitudProceso/crearModificarSolicitudProceso.xhtml HTTP/1.1" 302 -
186.154.32.232 - - [11/Feb/2023:05:34:18 -0500] "GET /sipse/faces/autenticacion.xhtml HTTP/1.1" 200 12181
186.154.32.232 - - [11/Feb/2023:05:34:19 -0500] "GET /sipse/faces/javax.faces.resource/theme.css?ln=primefaces-sipse HTTP/1.1" 304 -
186.154.32.232 - - [11/Feb/2023:05:34:19 -0500] "GET /sipse/faces/javax.faces.resource/jquery/jquery-plugins.js?ln=primefaces&v=4.0 HTTP/1.1" 304 -
186.154.32.232 - - [11/Feb/2023:05:34:19 -0500] "GET /sipse/faces/javax.faces.resource/primefaces.css?ln=primefaces&v=4.0 HTTP/1.1" 304 -
186.154.32.232 - - [11/Feb/2023:05:34:19 -0500] "GET /sipse/faces/javax.faces.resource/jquery/jquery.js?ln=primefaces&v=4.0 HTTP/1.1" 304 -
186.154.32.232 - - [11/Feb/2023:05:34:19 -0500] "GET /sipse/faces/javax.faces.resource/layout/layout.css?ln=primefaces&v=4.0 HTTP/1.1" 304 -
186.154.32.232 - - [11/Feb/2023:05:34:19 -0500] "GET /sipse/faces/javax.faces.resource/layout/layout.js?ln=primefaces&v=4.0 HTTP/1.1" 304 -
186.154.32.232 - - [11/Feb/2023:05:34:19 -0500] "GET /sipse/faces/javax.faces.resource/primefaces.js?ln=primefaces&v=4.0 HTTP/1.1" 200 276924
186.154.32.232 - - [11/Feb/2023:05:34:19 -0500] "GET /sipse/faces/javax.faces.resource/images/ui-icons_898989_256x240.png?ln=primefaces-aristo HTTP/1.1" 304 -
186.154.32.232 - - [11/Feb/2023:05:34:19 -0500] "GET /sipse/faces/index.xhtml HTTP/1.1" 200 677
186.154.32.232 - - [11/Feb/2023:05:34:19 -0500] "GET /sipse/faces/javax.faces.resource/theme.css?ln=primefaces-sipse HTTP/1.1" 304 -
186.154.32.232 - - [11/Feb/2023:05:34:20 -0500] "GET /sipse/faces/faces/autenticacion.xhtml HTTP/1.1" 200 12181
186.154.32.232 - - [11/Feb/2023:05:34:20 -0500] "GET /sipse/faces/javax.faces.resource/theme.css?ln=primefaces-sipse HTTP/1.1" 304 -
186.154.32.232 - - [11/Feb/2023:05:34:20 -0500] "GET /sipse/faces/javax.faces.resource/jquery/jquery.js?ln=primefaces&v=4.0 HTTP/1.1" 304 -
186.154.32.232 - - [11/Feb/2023:05:34:20 -0500] "GET /sipse/faces/javax.faces.resource/layout/layout.css?ln=primefaces&v=4.0 HTTP/1.1" 304 -
186.154.32.232 - - [11/Feb/2023:05:34:20 -0500] "GET /sipse/faces/javax.faces.resource/jquery/jquery-plugins.js?ln=primefaces&v=4.0 HTTP/1.1" 304 -
186.154.32.232 - - [11/Feb/2023:05:34:20 -0500] "GET /sipse/faces/javax.faces.resource/primefaces.css?ln=primefaces&v=4.0 HTTP/1.1" 304 -
186.154.32.232 - - [11/Feb/2023:05:34:20 -0500] "GET /sipse/faces/javax.faces.resource/primefaces.js?ln=primefaces&v=4.0 HTTP/1.1" 304 -
186.154.32.232 - - [11/Feb/2023:05:34:20 -0500] "GET /sipse/faces/javax.faces.resource/layout/layout.js?ln=primefaces&v=4.0 HTTP/1.1" 304 -
186.154.32.232 - - [11/Feb/2023:05:34:22 -0500] "POST /sipse/faces/autenticacion.xhtml HTTP/1.1" 200 2221
186.154.32.232 - - [11/Feb/2023:05:34:22 -0500] "GET /sipse/faces/javax.faces.resource/messages/messages.png?ln=primefaces&v=4.0 HTTP/1.1" 304 -
186.154.32.232 - - [11/Feb/2023:05:34:24 -0500] "GET /sipse/faces/javax.faces.resource/images/ui-icons_898989_256x240.png?ln=primefaces-aristo HTTP/1.1" 304 -
186.154.32.232 - - [11/Feb/2023:05:34:25 -0500] "POST /sipse/faces/autenticacion.xhtml HTTP/1.1" 200 16296
186.154.32.232 - - [11/Feb/2023:05:34:25 -0500] "GET /sipse/faces/javax.faces.resource/theme.css?ln=primefaces-sipse HTTP/1.1" 304 -
186.154.32.232 - - [11/Feb/2023:05:34:25 -0500] "GET /sipse/faces/javax.faces.resource/layout/layout.css?ln=primefaces&v=4.0 HTTP/1.1" 304 -
186.154.32.232 - - [11/Feb/2023:05:34:25 -0500] "GET /sipse/faces/javax.faces.resource/primefaces.css?ln=primefaces&v=4.0 HTTP/1.1" 304 -
186.154.32.232 - - [11/Feb/2023:05:34:25 -0500] "GET /sipse/faces/javax.faces.resource/jquery/jquery.js?ln=primefaces&v=4.0 HTTP/1.1" 304 -
186.154.32.232 - - [11/Feb/2023:05:34:25 -0500] "GET /sipse/faces/javax.faces.resource/jquery/jquery-plugins.js?ln=primefaces&v=4.0 HTTP/1.1" 304 -
186.154.32.232 - - [11/Feb/2023:05:34:25 -0500] "GET /sipse/faces/javax.faces.resource/primefaces.js?ln=primefaces&v=4.0 HTTP/1.1" 304 -
186.154.32.232 - - [11/Feb/2023:05:34:25 -0500] "GET /sipse/faces/javax.faces.resource/layout/layout.js?ln=primefaces&v=4.0 HTTP/1.1" 304 -
186.154.32.232 - - [11/Feb/2023:05:34:25 -0500] "GET /sipse/css/imagen/contrasena.png HTTP/1.1" 404 383
186.154.32.232 - - [11/Feb/2023:05:34:27 -0500] "GET /sipse/faces/javax.faces.resource/images/ui-bg_flat_0_2d5972_40x100.png?ln=primefaces-aristo HTTP/1.1" 304 -
186.154.32.232 - - [11/Feb/2023:05:34:27 -0500] "POST /sipse/faces/bienvenido.xhtml HTTP/1.1" 200 2658
186.154.32.232 - - [11/Feb/2023:05:34:28 -0500] "POST /sipse/faces/bienvenido.xhtml HTTP/1.1" 200 64636
186.154.32.232 - - [11/Feb/2023:05:34:28 -0500] "GET /sipse/faces/javax.faces.resource/theme.css?ln=primefaces-sipse HTTP/1.1" 304 -
186.154.32.232 - - [11/Feb/2023:05:34:28 -0500] "GET /sipse/faces/javax.faces.resource/layout/layout.css?ln=primefaces&v=4.0 HTTP/1.1" 304 -
186.154.32.232 - - [11/Feb/2023:05:34:28 -0500] "GET /sipse/faces/javax.faces.resource/primefaces.css?ln=primefaces&v=4.0 HTTP/1.1" 304 -
186.154.32.232 - - [11/Feb/2023:05:34:28 -0500] "GET /sipse/faces/javax.faces.resource/jquery/jquery.js?ln=primefaces&v=4.0 HTTP/1.1" 304 -
186.154.32.232 - - [11/Feb/2023:05:34:28 -0500] "GET /sipse/faces/javax.faces.resource/jquery/jquery-plugins.js?ln=primefaces&v=4.0 HTTP/1.1" 304 -
186.154.32.232 - - [11/Feb/2023:05:34:28 -0500] "GET /sipse/faces/javax.faces.resource/primefaces.js?ln=primefaces&v=4.0 HTTP/1.1" 304 -
186.154.32.232 - - [11/Feb/2023:05:34:28 -0500] "GET /sipse/faces/javax.faces.resource/layout/layout.js?ln=primefaces&v=4.0 HTTP/1.1" 304 -
186.154.32.232 - - [11/Feb/2023:05:34:29 -0500] "POST /sipse/faces/presentacion/financiero/solicitudProceso/listarSolicitudProceso.xhtml HTTP/1.1" 200 1556
186.154.32.232 - - [11/Feb/2023:05:34:39 -0500] "POST /sipse/faces/presentacion/financiero/solicitudProceso/listarSolicitudProceso.xhtml HTTP/1.1" 200 31627
186.154.32.232 - - [11/Feb/2023:05:34:45 -0500] "POST /sipse/faces/presentacion/financiero/solicitudProceso/listarSolicitudProceso.xhtml HTTP/1.1" 200 31489
157.55.39.142 - - [11/Feb/2023:05:35:50 -0500] "GET /BLA/resoluciones/AUTOS%202021/1542.pdf HTTP/1.1" 200 770880
201.245.192.253 - - [11/Feb/2023:05:36:18 -0500] "POST /kwsrmcab/Wsrmcab  HTTP/1.1" 200 213
172.22.2.4 - - [11/Feb/2023:05:34:43 -0500] "HEAD /BLA/boletinlegal/ HTTP/1.1" 200 -
172.22.2.4 - - [11/Feb/2023:05:35:34 -0500] "GET /BLA/boletinlegal/ HTTP/1.1" 200 59404
172.22.2.4 - - [11/Feb/2023:05:37:23 -0500] "GET /BLA/boletinlegal/Directivas/2019/Directiva%20No.%200001%20del%2011%20de%20junio%20de%202019.pdf HTTP/1.1" 200 228190
185.119.81.105 - - [11/Feb/2023:05:37:50 -0500] "GET /portaldeninos/wp-login.php HTTP/1.1" 200 2592
185.119.81.105 - - [11/Feb/2023:05:37:50 -0500] "POST /portaldeninos/wp-login.php HTTP/1.1" 200 3605
173.252.107.21 - - [11/Feb/2023:05:38:01 -0500] "GET /todo-un-exito-la-primera-jornada-de-adopcion-en-la-santamaria-15-perros-y-gatos-encontraron-un-nuevo-hogar-en-bogota.html HTTP/1.1" 206 994
216.245.221.92 - - [11/Feb/2023:05:38:18 -0500] "HEAD / HTTP/1.1" 200 -
201.245.192.253 - - [11/Feb/2023:05:38:21 -0500] "POST /kwsrmcab/Wsrmcab HTTP/1.1" 200 41388
201.245.192.253 - - [11/Feb/2023:05:38:24 -0500] "POST /kwsrmcab/Wsrmcab HTTP/1.1" 200 41433
66.249.64.45 - - [11/Feb/2023:05:40:26 -0500] "-" 408 -
201.245.192.253 - - [11/Feb/2023:05:41:17 -0500] "POST /kwsrmcab/Wsrmcab  HTTP/1.1" 200 213
172.22.2.4 - - [11/Feb/2023:05:40:33 -0500] "HEAD /BLA/boletinlegal/ HTTP/1.1" 200 -
172.22.2.4 - - [11/Feb/2023:05:41:24 -0500] "GET /BLA/boletinlegal/ HTTP/1.1" 200 59404
216.245.221.92 - - [11/Feb/2023:05:43:18 -0500] "HEAD / HTTP/1.1" 200 -
172.22.2.4 - - [11/Feb/2023:05:43:31 -0500] "GET /BLA/boletinlegal/conceptos.php HTTP/1.1" 200 7486
201.245.192.253 - - [11/Feb/2023:05:46:16 -0500] "POST /kwsrmcab/Wsrmcab  HTTP/1.1" 200 213
66.249.64.45 - - [11/Feb/2023:05:47:15 -0500] "-" 408 -
172.22.2.4 - - [11/Feb/2023:05:46:23 -0500] "HEAD /BLA/boletinlegal/ HTTP/1.1" 200 -
216.245.221.92 - - [11/Feb/2023:05:48:18 -0500] "HEAD / HTTP/1.1" 200 -
172.22.2.4 - - [11/Feb/2023:05:47:14 -0500] "GET /BLA/boletinlegal/ HTTP/1.1" 200 57192
157.55.39.129 - - [11/Feb/2023:05:48:54 -0500] "GET /secretaria-de-ambiente-abre-ciclo-de-capacitaciones-sobre-techos-verdes-y-jardines-verticales.html HTTP/1.1" 200 1078
172.22.2.4 - - [11/Feb/2023:05:50:49 -0500] "GET /BLA/boletinlegal/actos.php HTTP/1.1" 200 9606
201.245.192.253 - - [11/Feb/2023:05:51:16 -0500] "POST /kwsrmcab/Wsrmcab  HTTP/1.1" 200 213
34.91.128.203 - - [11/Feb/2023:05:51:58 -0500] "GET /inventario-de-emisiones-2020-transporte-publico-sitp-redujo-emisiones-de-pm-2-5-en-un-37.html HTTP/1.1" 200 925
52.167.144.97 - - [11/Feb/2023:05:52:58 -0500] "GET /BLA/resoluciones/AUTOS%202021/0457.pdf HTTP/1.1" 200 436416
216.245.221.92 - - [11/Feb/2023:05:53:18 -0500] "HEAD / HTTP/1.1" 200 -
207.46.13.10 - - [11/Feb/2023:05:53:20 -0500] "GET /bla/resoluciones/autos%202021/0474.pdf HTTP/1.1" 200 406697
172.22.2.4 - - [11/Feb/2023:05:52:13 -0500] "HEAD /BLA/boletinlegal/ HTTP/1.1" 200 -
66.249.64.45 - - [11/Feb/2023:05:54:19 -0500] "-" 408 -
172.22.2.4 - - [11/Feb/2023:05:53:04 -0500] "GET /BLA/boletinlegal/ HTTP/1.1" 200 52453
172.22.2.4 - - [11/Feb/2023:05:54:16 -0500] "GET /BLA/boletinlegal/ HTTP/1.1" 200 36811
201.245.192.253 - - [11/Feb/2023:05:56:15 -0500] "POST /kwsrmcab/Wsrmcab  HTTP/1.1" 200 213
186.154.32.232 - - [11/Feb/2023:05:56:39 -0500] "POST /sipse/faces/presentacion/financiero/solicitudProceso/listarSolicitudProceso.xhtml HTTP/1.1" 200 57968
186.154.32.232 - - [11/Feb/2023:05:56:39 -0500] "POST /sipse/faces/presentacion/financiero/solicitudProceso/listarSolicitudProceso.xhtml HTTP/1.1" 200 57968
186.154.32.232 - - [11/Feb/2023:05:56:39 -0500] "POST /sipse/faces/presentacion/financiero/solicitudProceso/listarSolicitudProceso.xhtml HTTP/1.1" 200 1556
186.154.32.232 - - [11/Feb/2023:05:56:39 -0500] "POST /sipse/faces/presentacion/financiero/solicitudProceso/listarSolicitudProceso.xhtml HTTP/1.1" 200 1552
216.245.221.92 - - [11/Feb/2023:05:58:18 -0500] "HEAD / HTTP/1.1" 200 -
191.156.187.183 - - [11/Feb/2023:05:59:09 -0500] "GET /sipse/faces/index.xhtml HTTP/1.1" 200 677
191.156.187.183 - - [11/Feb/2023:05:59:09 -0500] "GET /sipse/faces/javax.faces.resource/theme.css?ln=primefaces-sipse HTTP/1.1" 304 -
191.156.187.183 - - [11/Feb/2023:05:59:10 -0500] "GET /sipse/faces/faces/autenticacion.xhtml HTTP/1.1" 200 12181
191.156.187.183 - - [11/Feb/2023:05:59:10 -0500] "GET /sipse/css/custom_css_sg.css HTTP/1.1" 304 -
191.156.187.183 - - [11/Feb/2023:05:59:10 -0500] "GET /sipse/faces/javax.faces.resource/theme.css?ln=primefaces-sipse HTTP/1.1" 304 -
191.156.177.173 - - [11/Feb/2023:05:59:10 -0500] "GET /sipse/css/custom_css_sg_prime_login.css HTTP/1.1" 304 -
191.156.187.183 - - [11/Feb/2023:05:59:10 -0500] "GET /sipse/js/funciones.js HTTP/1.1" 304 -
191.156.187.183 - - [11/Feb/2023:05:59:10 -0500] "GET /sipse/js/disable_browser_buttons.js HTTP/1.1" 304 -
191.156.186.0 - - [11/Feb/2023:05:59:10 -0500] "GET /sipse/faces/javax.faces.resource/layout/layout.css?ln=primefaces&v=4.0 HTTP/1.1" 304 -
191.156.187.183 - - [11/Feb/2023:05:59:10 -0500] "GET /sipse/faces/javax.faces.resource/primefaces.css?ln=primefaces&v=4.0 HTTP/1.1" 304 -
191.156.190.151 - - [11/Feb/2023:05:59:10 -0500] "GET /sipse/faces/javax.faces.resource/jquery/jquery.js?ln=primefaces&v=4.0 HTTP/1.1" 304 -
191.156.187.183 - - [11/Feb/2023:05:59:10 -0500] "GET /sipse/faces/javax.faces.resource/primefaces.js?ln=primefaces&v=4.0 HTTP/1.1" 304 -
191.156.177.173 - - [11/Feb/2023:05:59:10 -0500] "GET /sipse/faces/javax.faces.resource/jquery/jquery-plugins.js?ln=primefaces&v=4.0 HTTP/1.1" 304 -
191.156.187.183 - - [11/Feb/2023:05:59:10 -0500] "GET /sipse/faces/javax.faces.resource/layout/layout.js?ln=primefaces&v=4.0 HTTP/1.1" 304 -
191.156.187.183 - - [11/Feb/2023:05:59:10 -0500] "GET /sipse/css/imagen/logoSDG.png HTTP/1.1" 304 -
191.156.187.183 - - [11/Feb/2023:05:59:10 -0500] "GET /sipse/faces/javax.faces.resource/images/ui-icons_898989_256x240.png?ln=primefaces-aristo HTTP/1.1" 304 -
191.156.177.173 - - [11/Feb/2023:05:59:10 -0500] "GET /sipse/css/imagen/loginimg.png HTTP/1.1" 304 -
191.156.177.173 - - [11/Feb/2023:05:59:13 -0500] "POST /sipse/faces/autenticacion.xhtml HTTP/1.1" 200 16730
191.156.177.173 - - [11/Feb/2023:05:59:13 -0500] "GET /sipse/css/custom_css_sg_prime.css HTTP/1.1" 304 -
191.156.187.183 - - [11/Feb/2023:05:59:13 -0500] "GET /sipse/faces/javax.faces.resource/theme.css?ln=primefaces-sipse HTTP/1.1" 304 -
191.156.187.183 - - [11/Feb/2023:05:59:13 -0500] "GET /sipse/faces/javax.faces.resource/primefaces.css?ln=primefaces&v=4.0 HTTP/1.1" 304 -
191.156.190.151 - - [11/Feb/2023:05:59:13 -0500] "GET /sipse/faces/javax.faces.resource/layout/layout.css?ln=primefaces&v=4.0 HTTP/1.1" 304 -
191.156.186.0 - - [11/Feb/2023:05:59:13 -0500] "GET /sipse/js/jquery.min.js HTTP/1.1" 304 -
191.156.186.0 - - [11/Feb/2023:05:59:13 -0500] "GET /sipse/faces/javax.faces.resource/jquery/jquery.js?ln=primefaces&v=4.0 HTTP/1.1" 304 -
191.156.186.0 - - [11/Feb/2023:05:59:14 -0500] "GET /sipse/faces/javax.faces.resource/jquery/jquery-plugins.js?ln=primefaces&v=4.0 HTTP/1.1" 304 -
191.156.186.0 - - [11/Feb/2023:05:59:14 -0500] "GET /sipse/faces/javax.faces.resource/primefaces.js?ln=primefaces&v=4.0 HTTP/1.1" 304 -
191.156.186.0 - - [11/Feb/2023:05:59:14 -0500] "GET /sipse/faces/javax.faces.resource/layout/layout.js?ln=primefaces&v=4.0 HTTP/1.1" 304 -
191.156.190.151 - - [11/Feb/2023:05:59:14 -0500] "GET /sipse/imagenes/cargando.gif HTTP/1.1" 304 -
191.156.187.183 - - [11/Feb/2023:05:59:14 -0500] "GET /sipse/imagenes/logoAplicacion.jpg HTTP/1.1" 304 -
191.156.186.0 - - [11/Feb/2023:05:59:14 -0500] "GET /sipse/css/imagen/contrasena.png HTTP/1.1" 404 383
191.156.186.0 - - [11/Feb/2023:05:59:14 -0500] "GET /sipse/faces/javax.faces.resource/messages/messages.png?ln=primefaces&v=4.0 HTTP/1.1" 304 -
191.156.190.151 - - [11/Feb/2023:05:59:20 -0500] "GET /sipse/faces/javax.faces.resource/images/ui-bg_flat_0_2d5972_40x100.png?ln=primefaces-aristo HTTP/1.1" 304 -
191.156.186.0 - - [11/Feb/2023:05:59:20 -0500] "POST /sipse/faces/bienvenido.xhtml HTTP/1.1" 200 3255
191.156.186.0 - - [11/Feb/2023:05:59:21 -0500] "POST /sipse/faces/bienvenido.xhtml HTTP/1.1" 200 36751
191.156.190.151 - - [11/Feb/2023:05:59:21 -0500] "GET /sipse/faces/javax.faces.resource/primefaces.css?ln=primefaces&v=4.0 HTTP/1.1" 304 -
191.156.187.183 - - [11/Feb/2023:05:59:21 -0500] "GET /sipse/faces/javax.faces.resource/layout/layout.css?ln=primefaces&v=4.0 HTTP/1.1" 304 -
191.156.186.0 - - [11/Feb/2023:05:59:21 -0500] "GET /sipse/faces/javax.faces.resource/theme.css?ln=primefaces-sipse HTTP/1.1" 304 -
191.156.186.0 - - [11/Feb/2023:05:59:22 -0500] "GET /sipse/faces/javax.faces.resource/jquery/jquery.js?ln=primefaces&v=4.0 HTTP/1.1" 304 -
191.156.186.0 - - [11/Feb/2023:05:59:22 -0500] "GET /sipse/faces/javax.faces.resource/jquery/jquery-plugins.js?ln=primefaces&v=4.0 HTTP/1.1" 304 -
191.156.186.0 - - [11/Feb/2023:05:59:22 -0500] "GET /sipse/faces/javax.faces.resource/primefaces.js?ln=primefaces&v=4.0 HTTP/1.1" 304 -
191.156.186.0 - - [11/Feb/2023:05:59:22 -0500] "GET /sipse/faces/javax.faces.resource/layout/layout.js?ln=primefaces&v=4.0 HTTP/1.1" 304 -
191.156.186.0 - - [11/Feb/2023:05:59:22 -0500] "POST /sipse/faces/presentacion/financiero/solicitudProceso/listarSolicitudProceso.xhtml HTTP/1.1" 200 1396
191.156.186.0 - - [11/Feb/2023:05:59:32 -0500] "POST /sipse/faces/presentacion/financiero/solicitudProceso/listarSolicitudProceso.xhtml HTTP/1.1" 200 152288
191.156.187.183 - - [11/Feb/2023:05:59:32 -0500] "GET /sipse/faces/javax.faces.resource/primefaces.css?ln=primefaces&v=4.0 HTTP/1.1" 304 -
191.156.190.151 - - [11/Feb/2023:05:59:32 -0500] "GET /sipse/faces/javax.faces.resource/layout/layout.css?ln=primefaces&v=4.0 HTTP/1.1" 304 -
191.156.186.0 - - [11/Feb/2023:05:59:32 -0500] "GET /sipse/faces/javax.faces.resource/theme.css?ln=primefaces-sipse HTTP/1.1" 304 -
191.156.186.0 - - [11/Feb/2023:05:59:33 -0500] "GET /sipse/faces/javax.faces.resource/jquery/jquery.js?ln=primefaces&v=4.0 HTTP/1.1" 304 -
191.156.186.0 - - [11/Feb/2023:05:59:33 -0500] "GET /sipse/faces/javax.faces.resource/jquery/jquery-plugins.js?ln=primefaces&v=4.0 HTTP/1.1" 304 -
191.156.186.0 - - [11/Feb/2023:05:59:33 -0500] "GET /sipse/faces/javax.faces.resource/primefaces.js?ln=primefaces&v=4.0 HTTP/1.1" 304 -
191.156.186.0 - - [11/Feb/2023:05:59:33 -0500] "GET /sipse/faces/javax.faces.resource/layout/layout.js?ln=primefaces&v=4.0 HTTP/1.1" 304 -
172.22.2.4 - - [11/Feb/2023:05:58:03 -0500] "HEAD /BLA/boletinlegal/ HTTP/1.1" 200 -
172.22.2.1 - - [11/Feb/2023:05:59:46 -0500] "GET /reportes_sipse/sdg/ServletFirma?solicitud=20091 HTTP/1.1" 200 -
191.156.186.0 - - [11/Feb/2023:05:59:46 -0500] "POST /sipse/faces/presentacion/financiero/solicitudProceso/consultarSolicitudProceso.xhtml HTTP/1.1" 200 34159
191.156.186.0 - - [11/Feb/2023:06:00:02 -0500] "GET /sipse/faces/javax.faces.resource/theme.css?ln=primefaces-sipse HTTP/1.1" 304 -
191.156.190.87 - - [11/Feb/2023:06:00:02 -0500] "GET /sipse/faces/javax.faces.resource/primefaces.css?ln=primefaces&v=4.0 HTTP/1.1" 304 -
191.156.186.0 - - [11/Feb/2023:06:00:02 -0500] "GET /sipse/faces/javax.faces.resource/layout/layout.css?ln=primefaces&v=4.0 HTTP/1.1" 304 -
191.156.186.0 - - [11/Feb/2023:06:00:02 -0500] "GET /sipse/faces/javax.faces.resource/jquery/jquery.js?ln=primefaces&v=4.0 HTTP/1.1" 304 -
191.156.186.0 - - [11/Feb/2023:06:00:02 -0500] "GET /sipse/faces/javax.faces.resource/jquery/jquery-plugins.js?ln=primefaces&v=4.0 HTTP/1.1" 304 -
191.156.186.0 - - [11/Feb/2023:06:00:02 -0500] "GET /sipse/faces/javax.faces.resource/primefaces.js?ln=primefaces&v=4.0 HTTP/1.1" 304 -
191.156.186.0 - - [11/Feb/2023:06:00:02 -0500] "GET /sipse/faces/javax.faces.resource/layout/layout.js?ln=primefaces&v=4.0 HTTP/1.1" 304 -
191.156.186.0 - - [11/Feb/2023:06:00:02 -0500] "POST /sipse/faces/presentacion/financiero/solicitudProceso/listarSolicitudProceso.xhtml HTTP/1.1" 200 1372
191.156.177.173 - - [11/Feb/2023:06:00:02 -0500] "GET /sipse/faces/javax.faces.resource/messages/messages.png?ln=primefaces&v=4.0 HTTP/1.1" 304 -
191.156.177.173 - - [11/Feb/2023:06:00:15 -0500] "POST /sipse/faces/presentacion/financiero/solicitudProceso/listarSolicitudProceso.xhtml HTTP/1.1" 200 2673
191.156.177.173 - - [11/Feb/2023:06:00:17 -0500] "POST /sipse/faces/presentacion/financiero/solicitudProceso/listarSolicitudProceso.xhtml HTTP/1.1" 200 41380
191.156.177.173 - - [11/Feb/2023:06:00:17 -0500] "GET /sipse/faces/javax.faces.resource/theme.css?ln=primefaces-sipse HTTP/1.1" 304 -
191.156.186.0 - - [11/Feb/2023:06:00:17 -0500] "GET /sipse/faces/javax.faces.resource/primefaces.css?ln=primefaces&v=4.0 HTTP/1.1" 304 -
191.156.182.41 - - [11/Feb/2023:06:00:17 -0500] "GET /sipse/faces/javax.faces.resource/layout/layout.css?ln=primefaces&v=4.0 HTTP/1.1" 304 -
191.156.177.173 - - [11/Feb/2023:06:00:18 -0500] "GET /sipse/faces/javax.faces.resource/jquery/jquery.js?ln=primefaces&v=4.0 HTTP/1.1" 304 -
191.156.177.173 - - [11/Feb/2023:06:00:18 -0500] "GET /sipse/faces/javax.faces.resource/jquery/jquery-plugins.js?ln=primefaces&v=4.0 HTTP/1.1" 304 -
191.156.177.173 - - [11/Feb/2023:06:00:18 -0500] "GET /sipse/faces/javax.faces.resource/primefaces.js?ln=primefaces&v=4.0 HTTP/1.1" 304 -
191.156.177.173 - - [11/Feb/2023:06:00:18 -0500] "GET /sipse/faces/javax.faces.resource/layout/layout.js?ln=primefaces&v=4.0 HTTP/1.1" 304 -
191.156.177.173 - - [11/Feb/2023:06:00:18 -0500] "POST /sipse/faces/presentacion/financiero/solicitudProceso/consultar.xhtml HTTP/1.1" 200 34746
191.156.177.173 - - [11/Feb/2023:06:00:18 -0500] "POST /sipse/faces/presentacion/financiero/solicitudProceso/consultar.xhtml HTTP/1.1" 200 34746
191.156.177.173 - - [11/Feb/2023:06:00:19 -0500] "POST /sipse/faces/presentacion/financiero/solicitudProceso/consultar.xhtml HTTP/1.1" 200 34746
191.156.177.173 - - [11/Feb/2023:06:00:32 -0500] "POST /sipse/faces/presentacion/financiero/solicitudProceso/consultar.xhtml HTTP/1.1" 200 12780
172.22.2.4 - - [11/Feb/2023:06:00:32 -0500] "GET /BLA/boletinlegal/favicon.ico HTTP/1.1" 404 1018
172.22.2.4 - - [11/Feb/2023:05:58:54 -0500] "GET /BLA/boletinlegal/ HTTP/1.1" 200 54816
172.22.2.4 - - [11/Feb/2023:06:00:35 -0500] "GET /BLA/boletinlegal/robots.txt HTTP/1.1" 404 1018
172.22.2.4 - - [11/Feb/2023:06:00:39 -0500] "GET /BLA/boletinlegal/js/jquery.js HTTP/1.1" 200 57254
172.22.2.4 - - [11/Feb/2023:06:00:48 -0500] "GET /BLA/boletinlegal/js/jquery.scrollTo-min.js HTTP/1.1" 200 1150
172.22.2.4 - - [11/Feb/2023:06:00:58 -0500] "GET /BLA/boletinlegal/js/jquery.scrollShow.js HTTP/1.1" 200 4586
172.22.2.4 - - [11/Feb/2023:06:00:06 -0500] "GET /BLA/boletinlegal/ HTTP/1.1" 200 36811
201.245.192.253 - - [11/Feb/2023:06:01:14 -0500] "POST /kwsrmcab/Wsrmcab  HTTP/1.1" 200 213
157.55.39.142 - - [11/Feb/2023:06:01:24 -0500] "GET /BLA/resoluciones/RESOLUCIONES%202016/0520.pdf HTTP/1.1" 304 -
216.245.221.92 - - [11/Feb/2023:06:03:18 -0500] "HEAD / HTTP/1.1" 200 -
207.46.13.10 - - [11/Feb/2023:06:04:39 -0500] "GET /BLA/resoluciones/RESOLUCIONES%202021/4514.pdf HTTP/1.1" 304 -
52.167.144.97 - - [11/Feb/2023:06:05:11 -0500] "GET /BLA/resoluciones/index.php?dir=RESOLUCIONES+2021%2F HTTP/1.1" 200 438284
172.22.2.4 - - [11/Feb/2023:06:03:53 -0500] "HEAD /BLA/boletinlegal/ HTTP/1.1" 200 -
201.245.192.253 - - [11/Feb/2023:06:06:13 -0500] "POST /kwsrmcab/Wsrmcab  HTTP/1.1" 200 213
172.22.2.4 - - [11/Feb/2023:06:04:43 -0500] "GET /BLA/boletinlegal/ HTTP/1.1" 200 58185
51.15.164.30 - - [11/Feb/2023:06:06:24 -0500] "HEAD /concentracion-de-material-particulado-disminuye-y-secretaria-de-ambiente-levanta-alerta-fase-i-por-calidad-del-aire.html HTTP/1.1" 200 -
168.119.49.52 - - [11/Feb/2023:06:07:11 -0500] "GET / HTTP/1.1" 200 319
168.119.49.52 - - [11/Feb/2023:06:07:12 -0500] "GET / HTTP/1.1" 200 4720
52.167.144.97 - - [11/Feb/2023:06:07:40 -0500] "GET /autoliquidacion2020 HTTP/1.1" 301 250
52.167.144.97 - - [11/Feb/2023:06:07:41 -0500] "GET /autoliquidacion2020/ HTTP/1.1" 200 6146
66.249.64.45 - - [11/Feb/2023:06:07:43 -0500] "-" 408 -
216.245.221.92 - - [11/Feb/2023:06:08:18 -0500] "HEAD / HTTP/1.1" 200 -
172.22.2.4 - - [11/Feb/2023:06:07:52 -0500] "HEAD /BLA/boletinlegal/ HTTP/1.1" 200 -
201.245.192.253 - - [11/Feb/2023:06:11:11 -0500] "POST /kwsrmcab/Wsrmcab  HTTP/1.1" 200 213
172.22.2.4 - - [11/Feb/2023:06:09:43 -0500] "HEAD /BLA/boletinlegal/ HTTP/1.1" 200 -
172.22.2.4 - - [11/Feb/2023:06:10:34 -0500] "GET /BLA/boletinlegal/ HTTP/1.1" 200 59404
181.54.228.54 - - [11/Feb/2023:06:12:47 -0500] "GET /BLA/resoluciones/RESOLUCIONES%202022/4599.pdf HTTP/1.1" 200 427769
216.245.221.92 - - [11/Feb/2023:06:13:18 -0500] "HEAD / HTTP/1.1" 200 -
52.167.144.49 - - [11/Feb/2023:06:15:52 -0500] "GET /bla/resoluciones/autos%202021/0325.pdf HTTP/1.1" 200 469492
52.167.144.49 - - [11/Feb/2023:06:15:54 -0500] "GET /bla/resoluciones/autos%202021/0473.pdf HTTP/1.1" 200 409405
201.245.192.253 - - [11/Feb/2023:06:16:10 -0500] "POST /kwsrmcab/Wsrmcab  HTTP/1.1" 200 213
185.119.81.108 - - [11/Feb/2023:06:16:39 -0500] "GET /portaldeninos/wp-login.php HTTP/1.1" 200 2592
185.119.81.108 - - [11/Feb/2023:06:16:40 -0500] "POST /portaldeninos/wp-login.php HTTP/1.1" 200 3670
172.22.2.4 - - [11/Feb/2023:06:15:33 -0500] "HEAD /BLA/boletinlegal/ HTTP/1.1" 200 -
52.167.144.97 - - [11/Feb/2023:06:17:31 -0500] "GET /BLA/resoluciones/AUTOS%202022/7411.pdf HTTP/1.1" 304 -
66.249.64.45 - - [11/Feb/2023:06:18:03 -0500] "-" 408 -
172.22.2.4 - - [11/Feb/2023:06:16:23 -0500] "GET /BLA/boletinlegal/ HTTP/1.1" 200 57192
216.245.221.92 - - [11/Feb/2023:06:18:18 -0500] "HEAD / HTTP/1.1" 200 -
201.245.192.253 - - [11/Feb/2023:06:18:21 -0500] "POST /kwsrmcab/Wsrmcab HTTP/1.1" 200 40912
201.245.192.253 - - [11/Feb/2023:06:18:24 -0500] "POST /kwsrmcab/Wsrmcab HTTP/1.1" 200 41420
52.167.144.49 - - [11/Feb/2023:06:19:55 -0500] "GET /bla/resoluciones/autos%202021/0319.pdf HTTP/1.1" 200 715024
201.245.192.253 - - [11/Feb/2023:06:21:09 -0500] "POST /kwsrmcab/Wsrmcab  HTTP/1.1" 200 213
172.22.2.4 - - [11/Feb/2023:06:21:23 -0500] "HEAD /BLA/boletinlegal/ HTTP/1.1" 200 -
216.245.221.92 - - [11/Feb/2023:06:23:18 -0500] "HEAD / HTTP/1.1" 200 -
40.77.189.41 - - [11/Feb/2023:06:23:37 -0500] "GET /dlf/styles.css HTTP/1.1" 404 1018
172.22.2.4 - - [11/Feb/2023:06:22:14 -0500] "GET /BLA/boletinlegal/ HTTP/1.1" 200 59404
159.69.179.16 - - [11/Feb/2023:06:24:17 -0500] "GET / HTTP/1.1" 200 319
159.69.179.16 - - [11/Feb/2023:06:24:18 -0500] "GET / HTTP/1.1" 200 4720
31.148.130.22 - - [11/Feb/2023:06:26:02 -0500] "GET /BLA/resoluciones/AUTOS%202021/6332.pdf HTTP/1.1" 200 418364
201.245.192.253 - - [11/Feb/2023:06:26:08 -0500] "POST /kwsrmcab/Wsrmcab  HTTP/1.1" 200 213
66.249.64.45 - - [11/Feb/2023:06:26:46 -0500] "-" 408 -
216.245.221.92 - - [11/Feb/2023:06:28:18 -0500] "HEAD / HTTP/1.1" 200 -
201.245.192.253 - - [11/Feb/2023:06:28:21 -0500] "POST /kwsrmcab/Wsrmcab HTTP/1.1" 200 40912
201.245.192.253 - - [11/Feb/2023:06:28:24 -0500] "POST /kwsrmcab/Wsrmcab HTTP/1.1" 200 41420
172.22.2.4 - - [11/Feb/2023:06:27:13 -0500] "HEAD /BLA/boletinlegal/ HTTP/1.1" 200 -
172.22.2.4 - - [11/Feb/2023:06:28:03 -0500] "GET /BLA/boletinlegal/ HTTP/1.1" 200 57192
54.166.237.100 - - [11/Feb/2023:06:29:49 -0500] "GET /agendate-para-participar-en-las-caminatas-ecologicas-de-febrero.html HTTP/1.1" 200 830
201.245.192.253 - - [11/Feb/2023:06:31:07 -0500] "POST /kwsrmcab/Wsrmcab  HTTP/1.1" 200 213
52.167.144.97 - - [11/Feb/2023:06:31:43 -0500] "GET /BLA/resoluciones/RESOLUCIONES%202021/1865.pdf HTTP/1.1" 200 466582
173.252.107.1 - - [11/Feb/2023:06:32:26 -0500] "GET /caminos-de-los-cerros-habilitados-en-esta-semana-santa-2022.html HTTP/1.1" 206 832
34.90.46.236 - - [11/Feb/2023:06:32:26 -0500] "GET /inventario-de-emisiones-2020-transporte-publico-sitp-redujo-emisiones-de-pm-2-5-en-un-37.html HTTP/1.1" 200 925
66.220.149.14 - - [11/Feb/2023:06:32:31 -0500] "GET /images/caminos-cerros-orientales-7-abril.jpg HTTP/1.1" 200 80138
216.245.221.92 - - [11/Feb/2023:06:33:18 -0500] "HEAD / HTTP/1.1" 200 -
66.249.64.45 - - [11/Feb/2023:06:34:14 -0500] "-" 408 -
172.22.2.4 - - [11/Feb/2023:06:33:03 -0500] "HEAD /BLA/boletinlegal/ HTTP/1.1" 200 -
71.6.158.166 - - [11/Feb/2023:06:35:33 -0500] "GET / HTTP/1.1" 200 319
172.22.2.4 - - [11/Feb/2023:06:33:53 -0500] "GET /BLA/boletinlegal/ HTTP/1.1" 200 52453
71.6.158.166 - - [11/Feb/2023:06:35:39 -0500] "GET /sitemap.xml HTTP/1.1" 404 1018
71.6.158.166 - - [11/Feb/2023:06:35:39 -0500] "GET /.well-known/security.txt HTTP/1.1" 404 1018
71.6.158.166 - - [11/Feb/2023:06:35:47 -0500] "GET /favicon.ico HTTP/1.1" 200 7782
201.245.192.253 - - [11/Feb/2023:06:36:06 -0500] "POST /kwsrmcab/Wsrmcab  HTTP/1.1" 200 213
172.22.2.4 - - [11/Feb/2023:06:36:12 -0500] "GET /BLA/boletinlegal/actos.php HTTP/1.1" 200 9606
207.46.13.127 - - [11/Feb/2023:06:36:13 -0500] "-" 408 -
216.245.221.92 - - [11/Feb/2023:06:38:18 -0500] "HEAD / HTTP/1.1" 200 -
201.245.192.253 - - [11/Feb/2023:06:38:21 -0500] "POST /kwsrmcab/Wsrmcab HTTP/1.1" 200 40912
201.245.192.253 - - [11/Feb/2023:06:38:24 -0500] "POST /kwsrmcab/Wsrmcab HTTP/1.1" 200 41420
173.252.107.120 - - [11/Feb/2023:06:38:45 -0500] "GET /bogota-consolida-avances-ambientales-con-el-compromiso-ciudadano-planes-estrategicos-y-acuerdos-con-diversos-sectores.html HTTP/1.1" 206 1348
66.249.64.45 - - [11/Feb/2023:06:40:08 -0500] "-" 408 -
172.22.2.4 - - [11/Feb/2023:06:38:53 -0500] "HEAD /BLA/boletinlegal/ HTTP/1.1" 200 -
201.245.192.253 - - [11/Feb/2023:06:41:05 -0500] "POST /kwsrmcab/Wsrmcab  HTTP/1.1" 200 213
172.22.2.4 - - [11/Feb/2023:06:39:44 -0500] "GET /BLA/boletinlegal/ HTTP/1.1" 200 54100
69.171.251.5 - - [11/Feb/2023:06:41:29 -0500] "GET /images/8%20de%20febrero%20incendio%20forestal.jpeg HTTP/1.1" 200 56283
173.252.83.2 - - [11/Feb/2023:06:42:14 -0500] "GET /images/vertimiento-Comprimida%20(1).png HTTP/1.1" 200 22870
190.236.4.58 - - [11/Feb/2023:06:42:55 -0500] "GET /agendate-para-participar-en-las-caminatas-ecologicas-de-febrero.html?fbclid=IwAR1ANanrWTaS9FvhxlgVjP1ef1hOr2--RUuyfg9OktF7SF-74qPWSiOFOHc HTTP/1.1" 200 830
216.245.221.92 - - [11/Feb/2023:06:43:18 -0500] "HEAD / HTTP/1.1" 200 -
173.252.83.12 - - [11/Feb/2023:06:43:31 -0500] "GET /images/2%20de%20febrero%20liberaci\xc3\xb3n%20Tunjo.jpeg HTTP/1.1" 404 1034
52.167.144.97 - - [11/Feb/2023:06:44:24 -0500] "GET /BLA/resoluciones/index.php?dir=RESOLUCIONES+2021%2F HTTP/1.1" 200 438284
201.245.192.253 - - [11/Feb/2023:06:46:04 -0500] "POST /kwsrmcab/Wsrmcab  HTTP/1.1" 200 213
172.22.2.4 - - [11/Feb/2023:06:44:43 -0500] "HEAD /BLA/boletinlegal/ HTTP/1.1" 200 -
66.249.64.45 - - [11/Feb/2023:06:46:32 -0500] "-" 408 -
172.22.2.4 - - [11/Feb/2023:06:45:33 -0500] "GET /BLA/boletinlegal/ HTTP/1.1" 200 55680
185.119.81.101 - - [11/Feb/2023:06:48:11 -0500] "GET /portaldeninos/wp-login.php HTTP/1.1" 200 2592
185.119.81.101 - - [11/Feb/2023:06:48:12 -0500] "POST /portaldeninos/wp-login.php HTTP/1.1" 200 3605
216.245.221.92 - - [11/Feb/2023:06:48:18 -0500] "HEAD / HTTP/1.1" 200 -
193.32.162.159 - - [11/Feb/2023:06:51:04 -0500] "GET / HTTP/1.1" 200 319
201.245.192.253 - - [11/Feb/2023:06:51:03 -0500] "POST /kwsrmcab/Wsrmcab  HTTP/1.1" 200 213
66.249.64.45 - - [11/Feb/2023:06:52:10 -0500] "-" 408 -
172.22.2.4 - - [11/Feb/2023:06:50:33 -0500] "HEAD /BLA/boletinlegal/ HTTP/1.1" 200 -
173.252.107.2 - - [11/Feb/2023:06:52:13 -0500] "GET /images/1%20de%20febrero%20D%C3%ADa%20sin%20carro.jpeg HTTP/1.1" 404 1034
45.95.55.25 - - [11/Feb/2023:06:52:51 -0500] "CONNECT google.com:443 HTTP/1.1" 405 938
172.22.2.4 - - [11/Feb/2023:06:51:23 -0500] "GET /BLA/boletinlegal/ HTTP/1.1" 200 59404
216.245.221.92 - - [11/Feb/2023:06:53:18 -0500] "HEAD / HTTP/1.1" 200 -
52.167.144.97 - - [11/Feb/2023:06:54:13 -0500] "GET /BLA/resoluciones/AUTOS%202021/0497.pdf HTTP/1.1" 200 362558
185.119.81.101 - - [11/Feb/2023:06:55:43 -0500] "GET /portaldeninos/wp-login.php HTTP/1.1" 200 2592
185.119.81.101 - - [11/Feb/2023:06:55:44 -0500] "POST /portaldeninos/wp-login.php HTTP/1.1" 200 3670
201.245.192.253 - - [11/Feb/2023:06:56:01 -0500] "POST /kwsrmcab/Wsrmcab  HTTP/1.1" 200 213
172.22.2.4 - - [11/Feb/2023:06:56:23 -0500] "HEAD /BLA/boletinlegal/ HTTP/1.1" 200 -
52.167.144.49 - - [11/Feb/2023:06:58:13 -0500] "GET /bla/resoluciones/autos%202021/0825.pdf HTTP/1.1" 200 394390
216.245.221.92 - - [11/Feb/2023:06:58:18 -0500] "HEAD / HTTP/1.1" 200 -
172.22.2.4 - - [11/Feb/2023:06:57:13 -0500] "GET /BLA/boletinlegal/ HTTP/1.1" 200 57192
66.249.64.45 - - [11/Feb/2023:06:59:25 -0500] "-" 408 -
193.43.146.49 - - [11/Feb/2023:07:00:17 -0500] "GET /BLA/resoluciones/AUTOS%202021/6225.pdf HTTP/1.1" 200 382668
201.245.192.253 - - [11/Feb/2023:07:01:01 -0500] "POST /kwsrmcab/Wsrmcab  HTTP/1.1" 200 213
172.22.2.4 - - [11/Feb/2023:07:01:31 -0500] "GET /BLA/boletinlegal/Circulares/2017/Circular%20No.%20011%20del%2005%20de%20julio%20de%202017.pdf HTTP/1.1" 304 -
40.77.167.251 - - [11/Feb/2023:07:01:51 -0500] "GET /bla/resoluciones/autos%202021/1558.pdf HTTP/1.1" 200 398679
79.110.73.102 - - [11/Feb/2023:07:02:34 -0500] "GET /BLA/resoluciones/AUTOS%202021/4132.pdf HTTP/1.1" 200 403186
216.245.221.92 - - [11/Feb/2023:07:03:18 -0500] "HEAD / HTTP/1.1" 200 -
172.22.2.4 - - [11/Feb/2023:07:02:13 -0500] "HEAD /BLA/boletinlegal/ HTTP/1.1" 200 -
172.22.2.4 - - [11/Feb/2023:07:03:03 -0500] "GET /BLA/boletinlegal/ HTTP/1.1" 200 59035
40.77.167.251 - - [11/Feb/2023:07:04:55 -0500] "GET /BLA/resoluciones/AUTOS%202021/3606.pdf HTTP/1.1" 200 446303
66.249.64.45 - - [11/Feb/2023:07:05:08 -0500] "-" 408 -
201.245.192.253 - - [11/Feb/2023:07:05:59 -0500] "POST /kwsrmcab/Wsrmcab  HTTP/1.1" 200 213
40.77.167.251 - - [11/Feb/2023:07:06:18 -0500] "GET /bla/resoluciones/autos%202021/1524.pdf HTTP/1.1" 200 1715848
152.203.183.92 - - [11/Feb/2023:07:07:41 -0500] "GET /sipse/faces/index.xhtml HTTP/1.1" 200 677
152.203.183.92 - - [11/Feb/2023:07:07:41 -0500] "GET /sipse/faces/javax.faces.resource/theme.css?ln=primefaces-sipse HTTP/1.1" 304 -
152.203.183.92 - - [11/Feb/2023:07:07:41 -0500] "GET /sipse/faces/faces/autenticacion.xhtml HTTP/1.1" 200 12181
152.203.183.92 - - [11/Feb/2023:07:07:42 -0500] "GET /sipse/css/custom_css_sg.css HTTP/1.1" 304 -
152.203.183.92 - - [11/Feb/2023:07:07:42 -0500] "GET /sipse/css/custom_css_sg_prime_login.css HTTP/1.1" 304 -
152.203.183.92 - - [11/Feb/2023:07:07:42 -0500] "GET /sipse/faces/javax.faces.resource/theme.css?ln=primefaces-sipse HTTP/1.1" 304 -
152.203.183.92 - - [11/Feb/2023:07:07:42 -0500] "GET /sipse/js/funciones.js HTTP/1.1" 304 -
152.203.183.92 - - [11/Feb/2023:07:07:42 -0500] "GET /sipse/faces/javax.faces.resource/primefaces.css?ln=primefaces&v=4.0 HTTP/1.1" 304 -
152.203.183.92 - - [11/Feb/2023:07:07:42 -0500] "GET /sipse/js/disable_browser_buttons.js HTTP/1.1" 304 -
152.203.183.92 - - [11/Feb/2023:07:07:42 -0500] "GET /sipse/faces/javax.faces.resource/layout/layout.css?ln=primefaces&v=4.0 HTTP/1.1" 304 -
152.203.183.92 - - [11/Feb/2023:07:07:42 -0500] "GET /sipse/faces/javax.faces.resource/jquery/jquery.js?ln=primefaces&v=4.0 HTTP/1.1" 304 -
152.203.183.92 - - [11/Feb/2023:07:07:42 -0500] "GET /sipse/faces/javax.faces.resource/jquery/jquery-plugins.js?ln=primefaces&v=4.0 HTTP/1.1" 304 -
152.203.183.92 - - [11/Feb/2023:07:07:42 -0500] "GET /sipse/faces/javax.faces.resource/layout/layout.js?ln=primefaces&v=4.0 HTTP/1.1" 304 -
152.203.183.92 - - [11/Feb/2023:07:07:42 -0500] "GET /sipse/faces/javax.faces.resource/primefaces.js?ln=primefaces&v=4.0 HTTP/1.1" 304 -
152.203.183.92 - - [11/Feb/2023:07:07:42 -0500] "GET /sipse/css/imagen/logoSDG.png HTTP/1.1" 304 -
152.203.183.92 - - [11/Feb/2023:07:07:42 -0500] "GET /sipse/css/imagen/loginimg.png HTTP/1.1" 304 -
152.203.183.92 - - [11/Feb/2023:07:07:42 -0500] "GET /sipse/faces/javax.faces.resource/images/ui-icons_898989_256x240.png?ln=primefaces-aristo HTTP/1.1" 304 -
152.203.183.92 - - [11/Feb/2023:07:07:46 -0500] "POST /sipse/faces/autenticacion.xhtml HTTP/1.1" 200 2221
152.203.183.92 - - [11/Feb/2023:07:07:46 -0500] "GET /sipse/faces/javax.faces.resource/messages/messages.png?ln=primefaces&v=4.0 HTTP/1.1" 304 -
152.203.183.92 - - [11/Feb/2023:07:07:49 -0500] "POST /sipse/faces/autenticacion.xhtml HTTP/1.1" 200 16290
152.203.183.92 - - [11/Feb/2023:07:07:49 -0500] "GET /sipse/css/custom_css_sg_prime.css HTTP/1.1" 304 -
152.203.183.92 - - [11/Feb/2023:07:07:49 -0500] "GET /sipse/faces/javax.faces.resource/primefaces.css?ln=primefaces&v=4.0 HTTP/1.1" 304 -
152.203.183.92 - - [11/Feb/2023:07:07:49 -0500] "GET /sipse/faces/javax.faces.resource/layout/layout.css?ln=primefaces&v=4.0 HTTP/1.1" 304 -
152.203.183.92 - - [11/Feb/2023:07:07:49 -0500] "GET /sipse/faces/javax.faces.resource/theme.css?ln=primefaces-sipse HTTP/1.1" 304 -
152.203.183.92 - - [11/Feb/2023:07:07:49 -0500] "GET /sipse/js/jquery.min.js HTTP/1.1" 304 -
152.203.183.92 - - [11/Feb/2023:07:07:49 -0500] "GET /sipse/faces/javax.faces.resource/jquery/jquery.js?ln=primefaces&v=4.0 HTTP/1.1" 304 -
152.203.183.92 - - [11/Feb/2023:07:07:49 -0500] "GET /sipse/faces/javax.faces.resource/jquery/jquery-plugins.js?ln=primefaces&v=4.0 HTTP/1.1" 304 -
152.203.183.92 - - [11/Feb/2023:07:07:49 -0500] "GET /sipse/faces/javax.faces.resource/primefaces.js?ln=primefaces&v=4.0 HTTP/1.1" 304 -
152.203.183.92 - - [11/Feb/2023:07:07:49 -0500] "GET /sipse/faces/javax.faces.resource/layout/layout.js?ln=primefaces&v=4.0 HTTP/1.1" 304 -
152.203.183.92 - - [11/Feb/2023:07:07:50 -0500] "GET /sipse/imagenes/logoAplicacion.jpg HTTP/1.1" 304 -
152.203.183.92 - - [11/Feb/2023:07:07:50 -0500] "GET /sipse/imagenes/cargando.gif HTTP/1.1" 304 -
152.203.183.92 - - [11/Feb/2023:07:07:50 -0500] "GET /sipse/css/imagen/contrasena.png HTTP/1.1" 404 383
152.203.183.92 - - [11/Feb/2023:07:07:54 -0500] "GET /sipse/faces/javax.faces.resource/images/ui-bg_flat_0_2d5972_40x100.png?ln=primefaces-aristo HTTP/1.1" 304 -
152.203.183.92 - - [11/Feb/2023:07:07:54 -0500] "POST /sipse/faces/bienvenido.xhtml HTTP/1.1" 200 2658
152.203.183.92 - - [11/Feb/2023:07:07:55 -0500] "POST /sipse/faces/bienvenido.xhtml HTTP/1.1" 200 66066
152.203.183.92 - - [11/Feb/2023:07:07:56 -0500] "GET /sipse/faces/javax.faces.resource/layout/layout.css?ln=primefaces&v=4.0 HTTP/1.1" 304 -
152.203.183.92 - - [11/Feb/2023:07:07:56 -0500] "GET /sipse/faces/javax.faces.resource/theme.css?ln=primefaces-sipse HTTP/1.1" 304 -
152.203.183.92 - - [11/Feb/2023:07:07:56 -0500] "GET /sipse/faces/javax.faces.resource/primefaces.css?ln=primefaces&v=4.0 HTTP/1.1" 304 -
152.203.183.92 - - [11/Feb/2023:07:07:56 -0500] "GET /sipse/faces/javax.faces.resource/jquery/jquery.js?ln=primefaces&v=4.0 HTTP/1.1" 304 -
152.203.183.92 - - [11/Feb/2023:07:07:56 -0500] "GET /sipse/faces/javax.faces.resource/jquery/jquery-plugins.js?ln=primefaces&v=4.0 HTTP/1.1" 304 -
152.203.183.92 - - [11/Feb/2023:07:07:56 -0500] "GET /sipse/faces/javax.faces.resource/primefaces.js?ln=primefaces&v=4.0 HTTP/1.1" 304 -
152.203.183.92 - - [11/Feb/2023:07:07:57 -0500] "GET /sipse/faces/javax.faces.resource/layout/layout.js?ln=primefaces&v=4.0 HTTP/1.1" 304 -
152.203.183.92 - - [11/Feb/2023:07:07:57 -0500] "POST /sipse/faces/presentacion/financiero/solicitudProceso/listarSolicitudProceso.xhtml HTTP/1.1" 200 1556
216.245.221.92 - - [11/Feb/2023:07:08:18 -0500] "HEAD / HTTP/1.1" 200 -
152.203.183.92 - - [11/Feb/2023:07:08:27 -0500] "POST /sipse/faces/presentacion/financiero/solicitudProceso/listarSolicitudProceso.xhtml HTTP/1.1" 200 35570
152.203.183.92 - - [11/Feb/2023:07:08:27 -0500] "POST /sipse/faces/presentacion/financiero/solicitudProceso/listarSolicitudProceso.xhtml HTTP/1.1" 200 35190
152.203.183.92 - - [11/Feb/2023:07:08:28 -0500] "POST /sipse/faces/presentacion/financiero/solicitudProceso/listarSolicitudProceso.xhtml HTTP/1.1" 200 7869
152.203.183.92 - - [11/Feb/2023:07:08:34 -0500] "POST /sipse/faces/presentacion/financiero/solicitudProceso/listarSolicitudProceso.xhtml HTTP/1.1" 200 31752
152.203.183.92 - - [11/Feb/2023:07:08:35 -0500] "POST /sipse/faces/presentacion/financiero/solicitudProceso/listarSolicitudProceso.xhtml HTTP/1.1" 200 35190
152.203.183.92 - - [11/Feb/2023:07:08:35 -0500] "POST /sipse/faces/presentacion/financiero/solicitudProceso/listarSolicitudProceso.xhtml HTTP/1.1" 200 35004
152.203.183.92 - - [11/Feb/2023:07:08:36 -0500] "POST /sipse/faces/presentacion/financiero/solicitudProceso/listarSolicitudProceso.xhtml HTTP/1.1" 200 7782
152.203.183.92 - - [11/Feb/2023:07:08:43 -0500] "POST /sipse/faces/presentacion/financiero/solicitudProceso/listarSolicitudProceso.xhtml HTTP/1.1" 200 35566
152.203.183.92 - - [11/Feb/2023:07:08:46 -0500] "POST /sipse/faces/presentacion/financiero/solicitudProceso/listarSolicitudProceso.xhtml HTTP/1.1" 200 7799
152.203.183.92 - - [11/Feb/2023:07:08:51 -0500] "POST /sipse/faces/presentacion/financiero/solicitudProceso/listarSolicitudProceso.xhtml HTTP/1.1" 200 35004
152.203.183.92 - - [11/Feb/2023:07:08:52 -0500] "POST /sipse/faces/presentacion/financiero/solicitudProceso/listarSolicitudProceso.xhtml HTTP/1.1" 200 7836
152.203.183.92 - - [11/Feb/2023:07:09:02 -0500] "POST /sipse/faces/presentacion/financiero/solicitudProceso/listarSolicitudProceso.xhtml HTTP/1.1" 200 35570
152.203.183.92 - - [11/Feb/2023:07:09:03 -0500] "POST /sipse/faces/presentacion/financiero/solicitudProceso/listarSolicitudProceso.xhtml HTTP/1.1" 200 35075
152.203.183.92 - - [11/Feb/2023:07:09:04 -0500] "POST /sipse/faces/presentacion/financiero/solicitudProceso/listarSolicitudProceso.xhtml HTTP/1.1" 200 7730
40.77.167.251 - - [11/Feb/2023:07:09:27 -0500] "GET /bla/resoluciones/autos%202021/0482.pdf HTTP/1.1" 200 602760
172.22.2.4 - - [11/Feb/2023:07:08:03 -0500] "HEAD /BLA/boletinlegal/ HTTP/1.1" 200 -
179.19.53.237 - - [11/Feb/2023:07:10:31 -0500] "GET /agendate-para-participar-en-las-caminatas-ecologicas-de-febrero.html HTTP/1.1" 200 830
172.22.2.4 - - [11/Feb/2023:07:08:53 -0500] "GET /BLA/boletinlegal/ HTTP/1.1" 200 59035
157.55.39.142 - - [11/Feb/2023:07:10:59 -0500] "GET /BLA/resoluciones/AUTOS%202022/1703.pdf HTTP/1.1" 200 642599
201.245.192.253 - - [11/Feb/2023:07:10:59 -0500] "POST /kwsrmcab/Wsrmcab  HTTP/1.1" 200 213
189.126.244.2 - - [11/Feb/2023:07:11:05 -0500] "GET / HTTP/1.1" 200 319
34.90.182.97 - - [11/Feb/2023:07:11:34 -0500] "GET /inventario-de-emisiones-2020-transporte-publico-sitp-redujo-emisiones-de-pm-2-5-en-un-37.html HTTP/1.1" 200 925
66.249.64.45 - - [11/Feb/2023:07:12:19 -0500] "-" 408 -
185.119.81.108 - - [11/Feb/2023:07:12:37 -0500] "GET /portaldeninos/wp-login.php HTTP/1.1" 200 2592
185.119.81.108 - - [11/Feb/2023:07:12:38 -0500] "POST /portaldeninos/wp-login.php HTTP/1.1" 200 3605
216.245.221.92 - - [11/Feb/2023:07:13:18 -0500] "HEAD / HTTP/1.1" 200 -
45.238.182.84 - - [11/Feb/2023:07:14:27 -0500] "GET /agendate-para-participar-en-las-caminatas-ecologicas-de-febrero.html HTTP/1.1" 200 830
50.31.21.11 - - [11/Feb/2023:07:14:47 -0500] "GET / HTTP/1.0" 200 319
50.31.21.11 - - [11/Feb/2023:07:15:18 -0500] "GET / HTTP/1.0" 200 319
50.31.21.11 - - [11/Feb/2023:07:15:18 -0500] "GET / HTTP/1.1" 200 319
50.31.21.11 - - [11/Feb/2023:07:15:18 -0500] "GET /nmaplowercheck1676117658 HTTP/1.1" 404 1018
50.31.21.11 - - [11/Feb/2023:07:15:18 -0500] "POST /sdk HTTP/1.1" 404 1018
50.31.21.11 - - [11/Feb/2023:07:15:18 -0500] "GET /evox/about HTTP/1.1" 404 1018
50.31.21.11 - - [11/Feb/2023:07:15:20 -0500] "GET /HNAP1 HTTP/1.1" 404 1018
50.31.21.11 - - [11/Feb/2023:07:15:21 -0500] "HEAD / HTTP/1.1" 200 -
172.22.2.4 - - [11/Feb/2023:07:13:53 -0500] "HEAD /BLA/boletinlegal/ HTTP/1.1" 200 -
201.245.192.253 - - [11/Feb/2023:07:15:58 -0500] "POST /kwsrmcab/Wsrmcab  HTTP/1.1" 200 213
172.22.2.4 - - [11/Feb/2023:07:14:43 -0500] "GET /BLA/boletinlegal/ HTTP/1.1" 200 59035
216.245.221.92 - - [11/Feb/2023:07:18:18 -0500] "HEAD / HTTP/1.1" 200 -
201.245.192.253 - - [11/Feb/2023:07:18:21 -0500] "POST /kwsrmcab/Wsrmcab HTTP/1.1" 200 40797
201.245.192.253 - - [11/Feb/2023:07:18:23 -0500] "POST /kwsrmcab/Wsrmcab HTTP/1.1" 200 41453
66.249.64.45 - - [11/Feb/2023:07:19:41 -0500] "-" 408 -
181.61.19.39 - - [11/Feb/2023:07:19:50 -0500] "GET /agendate-para-participar-en-las-caminatas-ecologicas-de-febrero.html HTTP/1.1" 200 830
201.245.192.253 - - [11/Feb/2023:07:20:57 -0500] "POST /kwsrmcab/Wsrmcab  HTTP/1.1" 200 213
172.22.2.4 - - [11/Feb/2023:07:19:43 -0500] "HEAD /BLA/boletinlegal/ HTTP/1.1" 200 -
142.93.194.16 - - [11/Feb/2023:07:21:53 -0500] "\x16\x03\x01" 400 226
142.93.194.16 - - [11/Feb/2023:07:21:53 -0500] "\x16\x03\x01" 400 226
142.93.194.16 - - [11/Feb/2023:07:21:54 -0500] "GET / HTTP/1.1" 200 319
142.93.194.16 - - [11/Feb/2023:07:21:54 -0500] "GET /client/get_targets HTTP/1.1" 404 1018
52.167.144.97 - - [11/Feb/2023:07:21:56 -0500] "GET /BLA/resoluciones/AUTOS%202022/1350.pdf HTTP/1.1" 200 362871
172.22.2.4 - - [11/Feb/2023:07:20:33 -0500] "GET /BLA/boletinlegal/ HTTP/1.1" 200 57192
