201.244.195.155 - - [12/Feb/2023:08:50:12 -0500] "GET /sipse/faces/javax.faces.resource/jquery/jquery-plugins.js?ln=primefaces&v=4.0 HTTP/1.1" 304 -
201.244.195.155 - - [12/Feb/2023:08:50:12 -0500] "GET /sipse/faces/javax.faces.resource/jquery/jquery.js?ln=primefaces&v=4.0 HTTP/1.1" 304 -
201.244.195.155 - - [12/Feb/2023:08:50:12 -0500] "GET /sipse/faces/javax.faces.resource/layout/layout.css?ln=primefaces&v=4.0 HTTP/1.1" 304 -
201.244.195.155 - - [12/Feb/2023:08:50:12 -0500] "GET /sipse/faces/javax.faces.resource/primefaces.js?ln=primefaces&v=4.0 HTTP/1.1" 304 -
201.244.195.155 - - [12/Feb/2023:08:50:12 -0500] "GET /sipse/faces/javax.faces.resource/layout/layout.js?ln=primefaces&v=4.0 HTTP/1.1" 304 -
201.244.195.155 - - [12/Feb/2023:08:50:12 -0500] "GET /sipse/css/imagen/contrasena.png HTTP/1.1" 404 383
201.244.195.155 - - [12/Feb/2023:08:50:12 -0500] "GET /sipse/faces/javax.faces.resource/images/ui-icons_898989_256x240.png?ln=primefaces-aristo HTTP/1.1" 304 -
201.245.192.253 - - [12/Feb/2023:08:50:27 -0500] "POST /kwsrmcab/Wsrmcab  HTTP/1.1" 200 213
172.22.2.4 - - [12/Feb/2023:08:48:51 -0500] "GET /BLA/boletinlegal/ HTTP/1.1" 200 59035
52.167.144.49 - - [12/Feb/2023:08:50:33 -0500] "GET /bla/resoluciones/autos%202021/0428.pdf HTTP/1.1" 200 407220
201.244.195.155 - - [12/Feb/2023:08:50:34 -0500] "GET /sipse/faces/javax.faces.resource/theme.css?ln=primefaces-sipse HTTP/1.1" 304 -
201.244.195.155 - - [12/Feb/2023:08:50:34 -0500] "GET /sipse/faces/javax.faces.resource/primefaces.css?ln=primefaces&v=4.0 HTTP/1.1" 304 -
201.244.195.155 - - [12/Feb/2023:08:50:34 -0500] "GET /sipse/faces/javax.faces.resource/jquery/jquery.js?ln=primefaces&v=4.0 HTTP/1.1" 304 -
201.244.195.155 - - [12/Feb/2023:08:50:34 -0500] "GET /sipse/faces/javax.faces.resource/layout/layout.css?ln=primefaces&v=4.0 HTTP/1.1" 304 -
201.244.195.155 - - [12/Feb/2023:08:50:34 -0500] "GET /sipse/faces/javax.faces.resource/jquery/jquery-plugins.js?ln=primefaces&v=4.0 HTTP/1.1" 304 -
201.244.195.155 - - [12/Feb/2023:08:50:34 -0500] "GET /sipse/faces/javax.faces.resource/primefaces.js?ln=primefaces&v=4.0 HTTP/1.1" 304 -
201.244.195.155 - - [12/Feb/2023:08:50:34 -0500] "GET /sipse/faces/javax.faces.resource/layout/layout.js?ln=primefaces&v=4.0 HTTP/1.1" 304 -
201.244.195.155 - - [12/Feb/2023:08:50:34 -0500] "POST /sipse/faces/presentacion/financiero/solicitudProceso/consultarHistorialSolProceso.xhtml HTTP/1.1" 200 201022
201.244.195.155 - - [12/Feb/2023:08:50:35 -0500] "GET /sipse/css/imagen/contrasena.png HTTP/1.1" 404 383
201.244.195.155 - - [12/Feb/2023:08:50:35 -0500] "GET /sipse/faces/javax.faces.resource/images/ui-icons_898989_256x240.png?ln=primefaces-aristo HTTP/1.1" 304 -
201.244.195.155 - - [12/Feb/2023:08:50:43 -0500] "GET /sipse/faces/javax.faces.resource/images/ui-bg_flat_0_2d5972_40x100.png?ln=primefaces-aristo HTTP/1.1" 304 -
201.244.195.155 - - [12/Feb/2023:08:50:43 -0500] "POST /sipse/faces/presentacion/financiero/solicitudProceso/consultarSolicitudProceso.xhtml HTTP/1.1" 200 43785
201.244.195.155 - - [12/Feb/2023:08:50:45 -0500] "GET /sipse/faces/javax.faces.resource/primefaces.css?ln=primefaces&v=4.0 HTTP/1.1" 304 -
201.244.195.155 - - [12/Feb/2023:08:50:45 -0500] "GET /sipse/faces/javax.faces.resource/theme.css?ln=primefaces-sipse HTTP/1.1" 304 -
201.244.195.155 - - [12/Feb/2023:08:50:45 -0500] "GET /sipse/faces/javax.faces.resource/layout/layout.css?ln=primefaces&v=4.0 HTTP/1.1" 304 -
201.244.195.155 - - [12/Feb/2023:08:50:45 -0500] "GET /sipse/faces/javax.faces.resource/jquery/jquery.js?ln=primefaces&v=4.0 HTTP/1.1" 304 -
201.244.195.155 - - [12/Feb/2023:08:50:45 -0500] "GET /sipse/faces/javax.faces.resource/jquery/jquery-plugins.js?ln=primefaces&v=4.0 HTTP/1.1" 304 -
201.244.195.155 - - [12/Feb/2023:08:50:46 -0500] "GET /sipse/faces/javax.faces.resource/primefaces.js?ln=primefaces&v=4.0 HTTP/1.1" 304 -
201.244.195.155 - - [12/Feb/2023:08:50:46 -0500] "GET /sipse/faces/javax.faces.resource/layout/layout.js?ln=primefaces&v=4.0 HTTP/1.1" 304 -
201.244.195.155 - - [12/Feb/2023:08:50:46 -0500] "GET /sipse/faces/javax.faces.resource/messages/messages.png?ln=primefaces&v=4.0 HTTP/1.1" 304 -
201.244.195.155 - - [12/Feb/2023:08:50:46 -0500] "POST /sipse/faces/presentacion/financiero/solicitudProceso/listarSolicitudProceso.xhtml HTTP/1.1" 200 1468
186.155.72.249 - - [12/Feb/2023:08:50:52 -0500] "POST /BLA/boletinlegal/admin/actos/ingresar.php HTTP/1.1" 200 7236
186.155.72.249 - - [12/Feb/2023:08:50:54 -0500] "GET /BLA/boletinlegal/images/favicon.ico HTTP/1.1" 404 1328
201.244.195.155 - - [12/Feb/2023:08:50:57 -0500] "POST /sipse/faces/presentacion/financiero/solicitudProceso/listarSolicitudProceso.xhtml HTTP/1.1" 200 137080
201.244.195.155 - - [12/Feb/2023:08:50:59 -0500] "GET /sipse/faces/javax.faces.resource/layout/layout.css?ln=primefaces&v=4.0 HTTP/1.1" 304 -
201.244.195.155 - - [12/Feb/2023:08:50:59 -0500] "GET /sipse/faces/javax.faces.resource/theme.css?ln=primefaces-sipse HTTP/1.1" 304 -
201.244.195.155 - - [12/Feb/2023:08:50:59 -0500] "GET /sipse/faces/javax.faces.resource/primefaces.css?ln=primefaces&v=4.0 HTTP/1.1" 304 -
201.244.195.155 - - [12/Feb/2023:08:50:59 -0500] "GET /sipse/faces/javax.faces.resource/jquery/jquery.js?ln=primefaces&v=4.0 HTTP/1.1" 304 -
201.244.195.155 - - [12/Feb/2023:08:50:59 -0500] "GET /sipse/faces/javax.faces.resource/jquery/jquery-plugins.js?ln=primefaces&v=4.0 HTTP/1.1" 304 -
201.244.195.155 - - [12/Feb/2023:08:50:59 -0500] "GET /sipse/faces/javax.faces.resource/primefaces.js?ln=primefaces&v=4.0 HTTP/1.1" 304 -
201.244.195.155 - - [12/Feb/2023:08:50:59 -0500] "GET /sipse/faces/javax.faces.resource/layout/layout.js?ln=primefaces&v=4.0 HTTP/1.1" 304 -
201.244.195.155 - - [12/Feb/2023:08:51:30 -0500] "POST /sipse/faces/presentacion/financiero/solicitudProceso/consultarSolicitudProceso.xhtml HTTP/1.1" 200 556190
201.244.195.155 - - [12/Feb/2023:08:51:32 -0500] "POST /sipse/faces/presentacion/financiero/solicitudProceso/consultarSolicitudProceso.xhtml HTTP/1.1" 200 81921
201.244.195.155 - - [12/Feb/2023:08:52:38 -0500] "POST /sipse/faces/presentacion/financiero/solicitudProceso/consultarSolicitudProceso.xhtml HTTP/1.1" 200 81921
172.22.2.4 - - [12/Feb/2023:08:52:31 -0500] "GET /BLA/boletinlegal/ HTTP/1.1" 200 32715
216.245.221.92 - - [12/Feb/2023:08:53:14 -0500] "HEAD / HTTP/1.1" 200 -
201.244.195.155 - - [12/Feb/2023:08:53:55 -0500] "POST /sipse/faces/presentacion/financiero/solicitudProceso/consultarSolicitudProceso.xhtml HTTP/1.1" 200 8332052
186.102.6.137 - - [12/Feb/2023:08:54:06 -0500] "GET /kwssiamovil/sm/acme/a?s=U2FsdGVkX1+8DK6sZZ0X+Dcex7fk0eom8EmdkxzTwCY+pzeT1ranxCmkmmYNsHIol8JSm1v0ZXDI7RQD8by2FJ+aEo7DqWFvTH6ZwMEv3I/zxpwLBOo/xsmbQHxktQjX4iU17xG1VZ40x4zlKqHCxeHrDSSu8bIviWMuJqnaY+bP9d/sM6GDLbMbDVLkhGcLnAzveq1QApkLgdqIH9p6jnr26w8lXma6CbCAcf5NQ5aVXcOa+ICg0OohNF59TPyPXP4pvk+KVY5Q0KoxD/D8/A==&u=U2FsdGVkX197/uCIUIaYa/K+1B47uhaSDIPUm6aeiEOFOs57djB4foMVtpmjeDUl&y=U2FsdGVkX1/jXT5rx6lvGwRs8eksicAKtL2RFM4PR3S5FSzh2IOKMMFOf2gLIw12 HTTP/1.1" 200 26
186.102.6.137 - - [12/Feb/2023:08:54:06 -0500] "GET /kwssiamovil/sm/acme/a?s=U2FsdGVkX1/Fcn4O4RaNmvwU80N97spoIpdRivpdgqDoz3HEMi2w6v0tVV5Sh+pNwKp5/dsBDOyHmt+pnwI+uHnSvByKuzHfRK/yzXkMgiF6sYFFo15gyURlQ1dRoqrV+9nRAadTjY5xy5GNbz5M05vFOPKr9HS2Blvzm45qGLMSNdKgW7UsZjVaR6VCsN3sV0/Dimrx7bbr/Gx2NJUvi+7dmgaf+Vvl4o/aIYaBc4ZKJ7nY0P6mW0fm5STuS1d32Wr/gZWYrxNdpWFMNVaxz0zxaW+PA9sATVXk8JV+zZ6/mHzCZzN9v+tTacXde3CWKqQ1K8dPG1t3HVlXP9LuA2XVyW7r7WVBWeCZCzuAXUQDl0FY5s8ucccqEFzbJ4sc69a6iKjm6XdPnW5py3gVRFXrpA+KfGYO6/QNEAY2YrEEDA5PdsspF3uMrmEOAW+solm0uYeMfnMcIFTBJyPSVGwJ0E6Zj+GWoJJDbx4azkA1SOEwHpZJv2fh8vy10yKDP8rgDfuyCiscX5RQHvhPc7MCWdB1RZaml22pWBRq/t3P8dF1HFt5g5GjLN4tsXEOCj5LVOxunyn4fhZrQEC+yT812RSsgh5mwzGoB+n3wqGXw0qTrcmxjaCIP0QHNFG6ZQIqo6vOBee5AFrbldkVcEnxwnNrKNuoRsSwAwAdS32AUWv8BXvWLrdFRZZx8hmmdpyqRQYZUNT6bvmYEaFHVPNYnfa0YsikJ6/5o6zxm5xf5gzVk3Ccelp0JiHNXwAKZu5z4KwKzPjcI5H0H7b2p5FebT1jf30pokscNcbyrQmFr2cA7IzSQJ/IChBfd1dRBKgcJKW/385dIlA1OUgRhdPuRmcKSqks/bvdTKqUID3o/cSOvKanD2Xx3EbBKjysgfGRgnPKPoCEhIHZ0gms1cfHkA+Es96ciuj75pxKGVjwYPnd4/nhFXfC0dxAc/il4MNkfVu0/g8leylLowVFvbhcEOywFrFBB4OOlKcwZt1kwArs8NOLLTWW6QIN2W9QtwDBYc8zcJ+lVvZmeFFvPvIPRBKOrC5979qJDhM0OZBplGv4SWyeJmuPggPIQYAHd6wTOZfxQlT+O3M2cQZQlhI2FT/1q1tMRQJAxHlNdTUujTNCbrH7mMETwLXdmjJaAUHiiEjsJ6awD6gGElaJNDyICQy6Y4it525nnljFssmqlCK0gFm+TNwSexeOY5zeA7ai6kvze4sRxRThUapEPvu5ZmzMXTj3valdU2cs6CugcCdPbyxdHFmGCTiXUu1k0nG0jrfjzwzjPNas+rdk2wRuw2ofMFkGbzt0GJCRcbG98kNYbTZh6ODGOSkGT5T4YLK7pb3r1v3aulY8vofrImFxwxHS+UYg8QZFTIdZdGpFrhtfTiOXv7MUZq0Q2JNzmXIhGjnOGm3wKZ0SqFSGYSCIslK4ucoAyUF2W0eFpr6pydlwfHtLrx6m+d4eeD/K0jikoVQbzbxnXetkbXXVfEaiISnfwWCXHqx35bbkTA2sb7G7S3tXOcEvzbRaqdS50QV6jdZF3AiTUwKhXGMjzBkTEUwZjNtXsVeOP/hgu0HkuWj2NKapDvHXm0U6SycmbZ9s+gGTJV36zv5zYCZC6j2c9QN0Ju8VyNpLAhvWHS15N6NewO9KkRNbDv3nTikVxFfg5wuvVvyWNdFA6eXP1kzvvpiFKiw1DhVxdNOZ26lIjq2YgFPsZvW88D+I+s4TC/t5QP+iAoiXAvITqfHPyeNI3K3mHsRhelflDE8g8BTdbdDpsnnObG9M1A4BuKI6MBYJ0FYyJui5OobhuT8fh7+rNCO2vi1nLawtbeXeqNpCXFlbD546q56HBwys8R3wovKZ+WdpVG25fo+CPBF3sunWb8BoRUUOzeGonQ5A/mzMidSnM5G5P2P3QbJcuJaFuqou2Xzrow/PabnsTp2swWhRde6wANB3qjbjpsXvApy5WvFbhfr5SZdQ9xrwrSSabPMQhkDeXummGVuWynim4HIwmQrhDe9SirWD+ute3LwAzNqOVGdBk8SWZsMECCHn0RyyhaV4RBXDCaM4PGRNDoWSPmCjcFhYSkIVTbOrrEtvw9RP/6GA3N/cnfLzcu3iPeqqmftkbA0LjoAsWNsxfh6GaDsV5DSdH0dW8Fe3IsQpuerdq6p6+TAx2O3N8hTlarb9QY38bCL1be2RctpY1eqTM4SyJZXFNxdKFt86yuHr3McTTp6tl8QLCtLnP7FUZ0SLO83ID3FoK2tiF5uxod79MWGP+5CJ7kDMy9M6jJpecmQOkw1H26FjCctHGQG0GE97rcQXLG/FJWwaDMudwYC0LvDUtxgUd7o1fi1OO7kUZMrhA51+GcN2NGj+ayH1v/0RLgLkcYMAcuDcXf4EHVLq8DfBRuuh/cjorzua36GuUUTPFt4S7BxnUEC8SiPwQf1swUSIhFrfBiPWjo5Ijfvw9ECBXinZdKtWGpQ93IQd/Vzz0U8HM2VnnATLMAqBoorewB/mVrqReQrjTLsKqUhy9h9Qpwn1OSPO55nvAmqtUHwCGmKVk0WofRvYzGY6XLub/7S++X0kduHZX/hGo5wrIm4Zcp1oZnhNfNRj1A0AS/Fbn74Hvc57zGjM28FnqAGKhELX9ygrgbHFw+tanVyekAYdIBneKe2SHmG2D4xnBZxM/JlIzRVinz79o0OvrahCaLs7mprMR/x/ICGQ1ly9F8XCQXwPsRw2x+3lvHnTrw7kl50LTAq+DAsXWGNsd0CBVuj7KOef0Tb15faT3EC7nyEIVCPAOzQByAK/bamkY5mH0VBx3T0otOcfnIBRqJp1w9cBDZhkHWYAXvcxy8m3MyBidpLsXNCdgHG7sPnsxHxhha8WBc+dyMJjFwrgA81l4Ktnty6khtX4XNP38aX3oWoEO4IeYclJmcdEKX6MkfIls+5pwe2X3OSL+4KrTtzDJX5RkkCYWzsw2YryU3GkKrtetkrvVSuRQx7Vv58+41ffQ3MzRNv0MoKeG+fqQzNOr4nmFdQpFj5a019FgjQbbOby2XjsZS40rNgmDUswhPMEkKUrLMIUGUKOAtSN&u=U2FsdGVkX197/uCIUIaYa/K+1B47uhaSDIPUm6aeiEOFOs57djB4foMVtpmjeDUl&y=U2FsdGVkX1/jXT5rx6lvGwRs8eksicAKtL2RFM4PR3S5FSzh2IOKMMFOf2gLIw12 HTTP/1.1" 200 26
186.102.6.137 - - [12/Feb/2023:08:54:07 -0500] "GET /kwssiamovil/sm/acme/a?s=U2FsdGVkX19dvEIrZq8gBej+lAVDGAqQPSNHhumwpLUt+28uX6xFXlzATR2QfOjwzaJ85dQItDETZJHPrbXIKyQ8Su0Osvxtujsp41ZqAK6REZfdYEVN2qTzKoqriUeyRGr2d5LS1C4yRXDDJ0dlsohufKQsqB45aKScjZ4y9lE=&u=U2FsdGVkX197/uCIUIaYa/K+1B47uhaSDIPUm6aeiEOFOs57djB4foMVtpmjeDUl&y=U2FsdGVkX1/jXT5rx6lvGwRs8eksicAKtL2RFM4PR3S5FSzh2IOKMMFOf2gLIw12 HTTP/1.1" 200 26
186.102.6.137 - - [12/Feb/2023:08:54:07 -0500] "GET /kwssiamovil/sm/acme/a?s=U2FsdGVkX1+Cyhy1ioCtVqBeaSjlud4t7AZhZ7M/nlVu8hdoz6cXv/u2lwss7vMwlN0qmEorCeRKviM1i9M+8gJBho3SEF3D6p83usiYMYNFfvmhpcwzqqscFECO2PrcIH68agWgoJGlZ5qCYGpMkpvqvNFKq9D0uK/4sFotzOA=&u=U2FsdGVkX197/uCIUIaYa/K+1B47uhaSDIPUm6aeiEOFOs57djB4foMVtpmjeDUl&y=U2FsdGVkX1/jXT5rx6lvGwRs8eksicAKtL2RFM4PR3S5FSzh2IOKMMFOf2gLIw12 HTTP/1.1" 200 26
186.102.6.137 - - [12/Feb/2023:08:54:07 -0500] "GET /kwssiamovil/sm/acme/a?s=U2FsdGVkX1+Nfun8HJXfgWKTeSC4+XhG1FZllvSP85Km/UHU51nOwymX9+hhY8GpZs9NGmrq72PY8M+jBlntEYhWCQeDscVc++pBllo8vQLxqGnDE3/u/ajqqF13uvncZXLxo6M1j7Qh/qsZjWas59jWngyjs760QZ7RagWxJCY=&u=U2FsdGVkX197/uCIUIaYa/K+1B47uhaSDIPUm6aeiEOFOs57djB4foMVtpmjeDUl&y=U2FsdGVkX1/jXT5rx6lvGwRs8eksicAKtL2RFM4PR3S5FSzh2IOKMMFOf2gLIw12 HTTP/1.1" 200 26
186.102.6.137 - - [12/Feb/2023:08:54:07 -0500] "GET /kwssiamovil/sm/acme/a?s=U2FsdGVkX1/4feWeuNEZ1+lnuvzZrgiLZGl0kVTwNsIvoC8p5S2u9CHkIb/LGGNtyuIsEw3JiwvLOD45EsaKWE2sQxAXeUwqRZlVLm31Bq2Uz6OO7vzvxsjSQQhHpcrCnxU68JnxFyNozpqzBK/Chs9eoga8kLZNQ4k0BJwkTXQ3C7mvv+g6VBSp+6uPN/+rrWnkmvizjINGtfrfcEKz2w==&u=U2FsdGVkX197/uCIUIaYa/K+1B47uhaSDIPUm6aeiEOFOs57djB4foMVtpmjeDUl&y=U2FsdGVkX1/jXT5rx6lvGwRs8eksicAKtL2RFM4PR3S5FSzh2IOKMMFOf2gLIw12 HTTP/1.1" 200 26
201.244.195.155 - - [12/Feb/2023:08:54:11 -0500] "POST /sipse/faces/presentacion/financiero/solicitudProceso/consultarSolicitudProceso.xhtml HTTP/1.1" 200 5514
207.46.13.10 - - [12/Feb/2023:08:54:29 -0500] "GET /BLA/resoluciones/AUTOS%202021/4089.pdf HTTP/1.1" 200 453047
201.245.192.253 - - [12/Feb/2023:08:55:26 -0500] "POST /kwsrmcab/Wsrmcab  HTTP/1.1" 200 213
172.22.2.4 - - [12/Feb/2023:08:53:50 -0500] "HEAD /BLA/boletinlegal/ HTTP/1.1" 200 -
173.252.107.19 - - [12/Feb/2023:08:55:52 -0500] "GET /images/prendas-1_optimized.jpeg HTTP/1.1" 200 65869
172.22.2.4 - - [12/Feb/2023:08:54:41 -0500] "GET /BLA/boletinlegal/ HTTP/1.1" 200 58612
186.154.33.233 - - [12/Feb/2023:08:56:41 -0500] "GET /agendate-para-participar-en-las-caminatas-ecologicas-de-febrero.html HTTP/1.1" 200 830
66.249.64.47 - - [12/Feb/2023:08:56:49 -0500] "-" 408 -
173.252.95.24 - - [12/Feb/2023:08:57:58 -0500] "GET /si-tienes-ropa-y-calzado-que-ya-no-usas-aca-te-presentamos-seis-puntos-a-donde-los-puedes-llevar.html HTTP/1.1" 206 872
201.244.195.155 - - [12/Feb/2023:08:57:57 -0500] "POST /sipse/faces/presentacion/financiero/solicitudProceso/consultarSolicitudProceso.xhtml HTTP/1.1" 200 40900
201.244.195.155 - - [12/Feb/2023:08:57:59 -0500] "GET /sipse/faces/javax.faces.resource/theme.css?ln=primefaces-sipse HTTP/1.1" 304 -
201.244.195.155 - - [12/Feb/2023:08:57:59 -0500] "GET /sipse/faces/javax.faces.resource/primefaces.css?ln=primefaces&v=4.0 HTTP/1.1" 304 -
201.244.195.155 - - [12/Feb/2023:08:57:59 -0500] "GET /sipse/faces/javax.faces.resource/layout/layout.css?ln=primefaces&v=4.0 HTTP/1.1" 304 -
201.244.195.155 - - [12/Feb/2023:08:57:59 -0500] "GET /sipse/faces/javax.faces.resource/jquery/jquery.js?ln=primefaces&v=4.0 HTTP/1.1" 304 -
201.244.195.155 - - [12/Feb/2023:08:58:00 -0500] "GET /sipse/faces/javax.faces.resource/jquery/jquery-plugins.js?ln=primefaces&v=4.0 HTTP/1.1" 304 -
201.244.195.155 - - [12/Feb/2023:08:58:00 -0500] "GET /sipse/faces/javax.faces.resource/primefaces.js?ln=primefaces&v=4.0 HTTP/1.1" 304 -
201.244.195.155 - - [12/Feb/2023:08:58:00 -0500] "GET /sipse/faces/javax.faces.resource/layout/layout.js?ln=primefaces&v=4.0 HTTP/1.1" 304 -
201.244.195.155 - - [12/Feb/2023:08:58:00 -0500] "GET /sipse/faces/javax.faces.resource/messages/messages.png?ln=primefaces&v=4.0 HTTP/1.1" 304 -
201.244.195.155 - - [12/Feb/2023:08:58:00 -0500] "POST /sipse/faces/presentacion/financiero/solicitudProceso/listarSolicitudProceso.xhtml HTTP/1.1" 200 1436
216.245.221.92 - - [12/Feb/2023:08:58:14 -0500] "HEAD / HTTP/1.1" 200 -
143.244.50.172 - - [12/Feb/2023:08:58:45 -0500] "GET /config/getuser?index=0 HTTP/1.1" 404 1018
185.119.81.105 - - [12/Feb/2023:09:00:23 -0500] "GET /portaldeninos/wp-login.php HTTP/1.1" 200 2592
185.119.81.105 - - [12/Feb/2023:09:00:24 -0500] "POST /portaldeninos/wp-login.php HTTP/1.1" 200 3650
201.245.192.253 - - [12/Feb/2023:09:00:25 -0500] "POST /kwsrmcab/Wsrmcab  HTTP/1.1" 200 213
186.29.202.223 - - [12/Feb/2023:09:01:12 -0500] "GET /sipse/faces/index.xhtml HTTP/1.1" 200 677
186.29.202.223 - - [12/Feb/2023:09:01:12 -0500] "GET /sipse/faces/javax.faces.resource/theme.css?ln=primefaces-sipse HTTP/1.1" 304 -
186.29.202.223 - - [12/Feb/2023:09:01:12 -0500] "GET /sipse/faces/faces/autenticacion.xhtml HTTP/1.1" 200 12181
186.29.202.223 - - [12/Feb/2023:09:01:12 -0500] "GET /sipse/js/disable_browser_buttons.js HTTP/1.1" 304 -
186.29.202.223 - - [12/Feb/2023:09:01:12 -0500] "GET /sipse/css/custom_css_sg.css HTTP/1.1" 304 -
186.29.202.223 - - [12/Feb/2023:09:01:12 -0500] "GET /sipse/css/custom_css_sg_prime_login.css HTTP/1.1" 304 -
186.29.202.223 - - [12/Feb/2023:09:01:12 -0500] "GET /sipse/faces/javax.faces.resource/theme.css?ln=primefaces-sipse HTTP/1.1" 304 -
186.29.202.223 - - [12/Feb/2023:09:01:12 -0500] "GET /sipse/js/funciones.js HTTP/1.1" 304 -
186.29.202.223 - - [12/Feb/2023:09:01:12 -0500] "GET /sipse/faces/javax.faces.resource/layout/layout.css?ln=primefaces&v=4.0 HTTP/1.1" 304 -
186.29.202.223 - - [12/Feb/2023:09:01:12 -0500] "GET /sipse/faces/javax.faces.resource/primefaces.css?ln=primefaces&v=4.0 HTTP/1.1" 304 -
186.29.202.223 - - [12/Feb/2023:09:01:12 -0500] "GET /sipse/faces/javax.faces.resource/jquery/jquery-plugins.js?ln=primefaces&v=4.0 HTTP/1.1" 304 -
186.29.202.223 - - [12/Feb/2023:09:01:12 -0500] "GET /sipse/faces/javax.faces.resource/jquery/jquery.js?ln=primefaces&v=4.0 HTTP/1.1" 304 -
186.29.202.223 - - [12/Feb/2023:09:01:12 -0500] "GET /sipse/faces/javax.faces.resource/primefaces.js?ln=primefaces&v=4.0 HTTP/1.1" 304 -
186.29.202.223 - - [12/Feb/2023:09:01:12 -0500] "GET /sipse/faces/javax.faces.resource/layout/layout.js?ln=primefaces&v=4.0 HTTP/1.1" 304 -
186.29.202.223 - - [12/Feb/2023:09:01:12 -0500] "GET /sipse/css/imagen/logoSDG.png HTTP/1.1" 304 -
186.29.202.223 - - [12/Feb/2023:09:01:12 -0500] "GET /sipse/css/imagen/loginimg.png HTTP/1.1" 304 -
186.29.202.223 - - [12/Feb/2023:09:01:12 -0500] "GET /sipse/faces/javax.faces.resource/images/ui-icons_898989_256x240.png?ln=primefaces-aristo HTTP/1.1" 304 -
186.29.202.223 - - [12/Feb/2023:09:01:15 -0500] "POST /sipse/faces/autenticacion.xhtml HTTP/1.1" 200 2224
186.29.202.223 - - [12/Feb/2023:09:01:15 -0500] "GET /sipse/faces/javax.faces.resource/messages/messages.png?ln=primefaces&v=4.0 HTTP/1.1" 304 -
186.29.202.223 - - [12/Feb/2023:09:01:16 -0500] "POST /sipse/faces/autenticacion.xhtml HTTP/1.1" 200 16297
186.29.202.223 - - [12/Feb/2023:09:01:16 -0500] "GET /sipse/css/custom_css_sg_prime.css HTTP/1.1" 304 -
186.29.202.223 - - [12/Feb/2023:09:01:16 -0500] "GET /sipse/faces/javax.faces.resource/theme.css?ln=primefaces-sipse HTTP/1.1" 304 -
186.29.202.223 - - [12/Feb/2023:09:01:16 -0500] "GET /sipse/faces/javax.faces.resource/primefaces.css?ln=primefaces&v=4.0 HTTP/1.1" 304 -
186.29.202.223 - - [12/Feb/2023:09:01:16 -0500] "GET /sipse/faces/javax.faces.resource/layout/layout.css?ln=primefaces&v=4.0 HTTP/1.1" 304 -
186.29.202.223 - - [12/Feb/2023:09:01:16 -0500] "GET /sipse/js/jquery.min.js HTTP/1.1" 304 -
186.29.202.223 - - [12/Feb/2023:09:01:16 -0500] "GET /sipse/faces/javax.faces.resource/jquery/jquery.js?ln=primefaces&v=4.0 HTTP/1.1" 304 -
186.29.202.223 - - [12/Feb/2023:09:01:16 -0500] "GET /sipse/faces/javax.faces.resource/jquery/jquery-plugins.js?ln=primefaces&v=4.0 HTTP/1.1" 304 -
186.29.202.223 - - [12/Feb/2023:09:01:16 -0500] "GET /sipse/faces/javax.faces.resource/primefaces.js?ln=primefaces&v=4.0 HTTP/1.1" 304 -
186.29.202.223 - - [12/Feb/2023:09:01:16 -0500] "GET /sipse/faces/javax.faces.resource/layout/layout.js?ln=primefaces&v=4.0 HTTP/1.1" 304 -
186.29.202.223 - - [12/Feb/2023:09:01:16 -0500] "GET /sipse/css/imagen/contrasena.png HTTP/1.1" 404 383
186.29.202.223 - - [12/Feb/2023:09:01:16 -0500] "GET /sipse/imagenes/logoAplicacion.jpg HTTP/1.1" 304 -
186.29.202.223 - - [12/Feb/2023:09:01:16 -0500] "GET /sipse/imagenes/cargando.gif HTTP/1.1" 304 -
172.22.2.4 - - [12/Feb/2023:08:59:40 -0500] "HEAD /BLA/boletinlegal/ HTTP/1.1" 200 -
172.22.2.4 - - [12/Feb/2023:09:01:22 -0500] "GET /BLA/boletinlegal/style.css HTTP/1.1" 200 9406
172.22.2.4 - - [12/Feb/2023:09:01:22 -0500] "GET /BLA/boletinlegal/styles2.css HTTP/1.1" 200 1838
172.22.2.4 - - [12/Feb/2023:09:01:22 -0500] "GET /BLA/boletinlegal/js/jquery.js HTTP/1.1" 200 57254
172.22.2.4 - - [12/Feb/2023:09:01:22 -0500] "GET /BLA/boletinlegal/js/jquery.scrollTo-min.js HTTP/1.1" 200 1150
172.22.2.4 - - [12/Feb/2023:09:01:22 -0500] "GET /BLA/boletinlegal/js/jquery.scrollShow.js HTTP/1.1" 200 4586
172.22.2.4 - - [12/Feb/2023:09:01:22 -0500] "GET /BLA/boletinlegal/images/registro-usuarios.png HTTP/1.1" 200 8106
172.22.2.4 - - [12/Feb/2023:09:01:22 -0500] "GET /BLA/boletinlegal/images/launch.jpg HTTP/1.1" 200 14577
172.22.2.4 - - [12/Feb/2023:09:01:22 -0500] "GET /BLA/boletinlegal/images/historia.png HTTP/1.1" 200 52775
172.22.2.4 - - [12/Feb/2023:09:01:22 -0500] "GET /BLA/boletinlegal/images/subscribe-icon-big.png HTTP/1.1" 200 47702
172.22.2.4 - - [12/Feb/2023:09:01:22 -0500] "GET /BLA/boletinlegal/images/cabezote%20BLEGAL.jpg HTTP/1.1" 200 118164
172.22.2.4 - - [12/Feb/2023:09:01:22 -0500] "GET /BLA/boletinlegal/images/arr_l.jpg HTTP/1.1" 200 1979
172.22.2.4 - - [12/Feb/2023:09:01:23 -0500] "GET /BLA/boletinlegal/images/screen_1.png HTTP/1.1" 200 202547
172.22.2.4 - - [12/Feb/2023:09:01:23 -0500] "GET /BLA/boletinlegal/images/body_bg.jpg HTTP/1.1" 200 1601
172.22.2.4 - - [12/Feb/2023:09:01:23 -0500] "GET /BLA/boletinlegal/images/menu_lft.gif HTTP/1.1" 200 1713
172.22.2.4 - - [12/Feb/2023:09:01:23 -0500] "GET /BLA/boletinlegal/images/menu_rght.gif HTTP/1.1" 200 1627
172.22.2.4 - - [12/Feb/2023:09:01:23 -0500] "GET /BLA/boletinlegal/images/bg_top.jpg HTTP/1.1" 200 522
172.22.2.4 - - [12/Feb/2023:09:01:23 -0500] "GET /BLA/boletinlegal/images/menu_bg.jpg HTTP/1.1" 200 620
172.22.2.4 - - [12/Feb/2023:09:01:23 -0500] "GET /BLA/boletinlegal/images/hover.jpg HTTP/1.1" 200 640
172.22.2.4 - - [12/Feb/2023:09:01:23 -0500] "GET /BLA/boletinlegal/images/text.jpg HTTP/1.1" 200 568
172.22.2.4 - - [12/Feb/2023:09:01:25 -0500] "GET /BLA/boletinlegal/favicon.ico HTTP/1.1" 404 1308
172.22.2.4 - - [12/Feb/2023:09:01:25 -0500] "GET /BLA/boletinlegal/actos.php HTTP/1.1" 200 9606
172.22.2.4 - - [12/Feb/2023:09:01:25 -0500] "GET /BLA/boletinlegal/js/ajax_actos.js HTTP/1.1" 200 1322
172.22.2.4 - - [12/Feb/2023:09:01:25 -0500] "GET /BLA/boletinlegal/niceforms.js HTTP/1.1" 200 22876
172.22.2.4 - - [12/Feb/2023:09:01:25 -0500] "GET /BLA/boletinlegal/niceforms-default.css HTTP/1.1" 200 6694
172.22.2.4 - - [12/Feb/2023:09:01:25 -0500] "GET /BLA/boletinlegal/js/lib.js HTTP/1.1" 200 6474
172.22.2.4 - - [12/Feb/2023:09:01:25 -0500] "GET /BLA/boletinlegal/js/popup.js HTTP/1.1" 200 1270
172.22.2.4 - - [12/Feb/2023:09:01:25 -0500] "GET /BLA/boletinlegal/js/jquery1.js HTTP/1.1" 200 29846
172.22.2.4 - - [12/Feb/2023:09:01:25 -0500] "GET /BLA/boletinlegal/images/tel.png HTTP/1.1" 200 14477
172.22.2.4 - - [12/Feb/2023:09:01:25 -0500] "GET /BLA/boletinlegal/images/icono-email.png HTTP/1.1" 200 5544
172.22.2.4 - - [12/Feb/2023:09:01:25 -0500] "GET /BLA/boletinlegal/images/green-yellow-blue-pink-th.png HTTP/1.1" 200 7394
172.22.2.4 - - [12/Feb/2023:09:01:26 -0500] "GET /BLA/boletinlegal/images/footer_bg.jpg HTTP/1.1" 200 586
172.22.2.4 - - [12/Feb/2023:09:01:26 -0500] "GET /BLA/boletinlegal/images/footer_bg_l.jpg HTTP/1.1" 200 776
172.22.2.4 - - [12/Feb/2023:09:01:26 -0500] "GET /BLA/boletinlegal/img/0.png HTTP/1.1" 200 110
172.22.2.4 - - [12/Feb/2023:09:01:26 -0500] "GET /BLA/boletinlegal/img/button.png HTTP/1.1" 200 43241
172.22.2.4 - - [12/Feb/2023:09:01:26 -0500] "GET /BLA/boletinlegal/img/select-left.png HTTP/1.1" 200 263
172.22.2.4 - - [12/Feb/2023:09:01:26 -0500] "GET /BLA/boletinlegal/img/select-right.png HTTP/1.1" 200 44019
172.22.2.4 - - [12/Feb/2023:09:01:26 -0500] "GET /BLA/boletinlegal/img/button-left.png HTTP/1.1" 200 57071
172.22.2.4 - - [12/Feb/2023:09:01:26 -0500] "GET /BLA/boletinlegal/img/button-right.png HTTP/1.1" 200 57878
172.22.2.4 - - [12/Feb/2023:09:01:48 -0500] "GET /BLA/boletinlegal/consulta_actos.php?tipo=resoluciones&no=0153&usuario=&sector=&fecha=2022&resuelve= HTTP/1.1" 200 1155
172.22.2.4 - - [12/Feb/2023:09:01:48 -0500] "GET /BLA/boletinlegal/images/pdf.gif HTTP/1.1" 200 567
186.155.72.249 - - [12/Feb/2023:09:01:51 -0500] "GET /BLA/resoluciones/RESOLUCIONES%202022/0153.pdf HTTP/1.1" 200 580589
186.155.72.249 - - [12/Feb/2023:09:01:57 -0500] "GET /BLA/resoluciones/RESOLUCIONES%202022/0153.pdf HTTP/1.1" 200 580589
172.22.2.4 - - [12/Feb/2023:09:01:22 -0500] "GET /BLA/boletinlegal/ HTTP/1.1" 200 24523
186.155.72.249 - - [12/Feb/2023:09:01:59 -0500] "GET /BLA/resoluciones/RESOLUCIONES%202022/0153.pdf HTTP/1.1" 200 580589
186.155.72.249 - - [12/Feb/2023:09:02:04 -0500] "GET /BLA/resoluciones/RESOLUCIONES%202022/0153.pdf HTTP/1.1" 200 580589
172.22.2.4 - - [12/Feb/2023:09:00:31 -0500] "GET /BLA/boletinlegal/ HTTP/1.1" 200 50855
172.22.2.4 - - [12/Feb/2023:09:02:39 -0500] "GET /BLA/boletinlegal/images/screen_2.png HTTP/1.1" 200 362502
172.22.2.4 - - [12/Feb/2023:09:02:39 -0500] "GET /BLA/boletinlegal/images/screen_3.png HTTP/1.1" 200 210620
172.22.2.4 - - [12/Feb/2023:09:02:39 -0500] "GET /BLA/boletinlegal/images/screen_5.png HTTP/1.1" 200 368876
172.22.2.4 - - [12/Feb/2023:09:02:39 -0500] "GET /BLA/boletinlegal/images/arr_r.jpg HTTP/1.1" 200 1998
172.22.2.4 - - [12/Feb/2023:09:02:40 -0500] "GET /BLA/boletinlegal/images/footer_bg.jpg HTTP/1.1" 200 586
172.22.2.4 - - [12/Feb/2023:09:03:00 -0500] "GET /BLA/boletinlegal/actos.php HTTP/1.1" 200 9606
172.22.2.4 - - [12/Feb/2023:09:03:01 -0500] "GET /BLA/boletinlegal/styles2.css HTTP/1.1" 200 1838
186.102.6.137 - - [12/Feb/2023:09:03:04 -0500] "GET /kwssiamovil/sm/acme/a?s=U2FsdGVkX19uqZHQI1/PGewelM9nug6skRHQk0utIRhlE5L3tO92jfE+w4PVyuh7vux4c6U7WVi56VjVTonmOHNS0v1A9wVT99on07QINQNNnCaS20v4/JaSAnzYBkKUkHPtswttMkNehqCYopupQGEsDy6zwE/3wIsFTzhV0kEdsnEB1QOuZZKyrSKtj9m094DyoEQ5Zc3PY+CdzmXy7UxgZhn1ikph7DPa6GhgVq6OiQAo/tKVM3Qnp7UAOJ8jt5PAoLzYGEItxudbY8HxVA==&u=U2FsdGVkX197/uCIUIaYa/K+1B47uhaSDIPUm6aeiEOFOs57djB4foMVtpmjeDUl&y=U2FsdGVkX1/jXT5rx6lvGwRs8eksicAKtL2RFM4PR3S5FSzh2IOKMMFOf2gLIw12 HTTP/1.1" 200 26
186.102.6.137 - - [12/Feb/2023:09:03:05 -0500] "GET /kwssiamovil/sm/acme/a?s=U2FsdGVkX19SXs6WWIWf5GRZeux3j7k1KtUKUC7CMmJx7EnUtctVz9kXHiLdTYyXWEswL3luej78CUabcovMIfBR7Bzt5D3uNEy6BhpKHgnf6xKJQ+1Fe+k3y+AUlWPYyGPXs4V5R+jHHNY005Ep0nJRjYy3eYSEPCI/PF7fgGnWjj5lYYctAOUDtg25WJqUI9FEhY45YvEXSdpU50xsENIXgY85qNT29y08B4M/Lg7jvSDHJ2KcKq0+MzTeSjxRAWdGrh5PztD5IIERZ7JakepGUT5Yg3KjtHnMJy9SMmgJMppFf1AVIR9QEuDCPswl9bvRHGjEb1kPP9yJaAdCQpjXCsPmQUegRgI23g3l07lH+TyunHRl5JrDA6EzcQwPpxApL//p/nChkrI0A3GhzW8UeSCpgzCuEDRgv7D+Xnr7q+/k4OLzocEAR+cPNqI80t92lSneDHdgvNwZJdH37w4uASzxBN09t1RZ8nCj5mBYxa0n7B+X0XYD/CnW1G7fGzrAF9KbLFUooCCqXj/NwtaMe5S99y0xHS2dbqwSJJ1U1cXJZN1J6SG/BtI+ME/lhJvdD+UX5OApZtia/so29TvCtPuJHbzpYstPIkL05RcqcnyYNCrYdxZw5yWiiEAEEuTqmO28BWAvOxHzTRm0IaW1qZokICaENBMMn2S5kxGNIh8084L8XDij7RZkBJuMbQ8AT1viFfz8W+XGCg2DxUFcVhnD7GzCRKv1geogNoZAWyiFxbPJq+As9d5qOcrYOb+8/aY8/vdQ/wXnX2wUAH4IQ9ANYR663GigJ3egG9c/GB8dniM+jZjCQ3GbKrfwLwIz0+kycy4XhE3bDBPhK+5LzuDWP6aqxBda3NUB8X2SB/vpLIReooNpNBHemHor7HFnacTfXCgcVRvzhOgwtsW43rY9jbY2D0tdxn0SMKX9DK1tdD00ts4sY4rfagGgGPJAX1xsZT+GHodbYa6xKrNfaozMtcV9kB2a2UxTjAoHY5F80ch/5zebhHIp/1e/2s9/lf8yOQMlq/sgVtC6Dci/ZdrrL9hVYE49XX0YFpN6GrSKwXAxn93yWKZUBCT1EOpoC0PzNNaKaew9hqscjJyDkBAQkyJ5YDw9ailCsu/Yyxq/WMlunSiPPB18Leb+uR2DovzyOSYgYlykoee6ewjcJuJD3SmFzp5N0AzLpW7/GMBcYpabWPoG0vrD9jQcycJqzbusDqTlIOqRu+YMlPZfHdZohifSbq8p6lRUOVDCfDkE8oaf7QTfNmeaB1PhYpa8C+tlnh0kBMjI/T8gt4EkTgKPp69y702UT3nSavd0ooSpPlUCTQW9mVjPrXb4pVQ7A8R+ywMH24RX9Pohkh7wog3t9Mud+4kESGfv3NBeMFFBedEnIdwpD5x+y4oq0kLaPtl28zHQD9VZL220wpCqzpdO+71fJTVdBOzvXkIvyvZgg988z2EoMoPqwGtnzTX42mBmcGK1KRMQ5LQeY32Ij7Ionjk6/O71BrJf778p45ASkTaN0aXZKeCJeEg71jsNAKMvjyd7BHzusXdjxjw7UYlMZMImxNtQX7j6U2s+kzFleL/W9KZb2nab1pvEBwCFm7QW/3HRo9/y7Oex4H8v9rYfWbx+SztQTzb4ODceBXSHlrtGZrHNo8+kFSU2XJ/3SfUYSdbGPO6H2kmYyuI3iivEFXXfXxSKRhxejFCdYrrFay7Na2r598MWznTW6x4RbS+jDtZeMECR8yNY73Gl8XDxf43Kzzjc5IipPMu9g7vxCHpQf5EkdALE3xKdDfqOZr7u+bpRqJ8c5hwPNv0HrZldfbQ1r9/6p1sl37Y=&u=U2FsdGVkX197/uCIUIaYa/K+1B47uhaSDIPUm6aeiEOFOs57djB4foMVtpmjeDUl&y=U2FsdGVkX1/jXT5rx6lvGwRs8eksicAKtL2RFM4PR3S5FSzh2IOKMMFOf2gLIw12 HTTP/1.1" 200 26
186.102.6.137 - - [12/Feb/2023:09:03:05 -0500] "GET /kwssiamovil/sm/acme/a?s=U2FsdGVkX19bJUsYzbWy3I9vG0m7uZsEvCrgjwJxhqp3lg+6c2wNS67sV3wG2vk+XygBtqSalFPIFvCAbBwV00zLaNDBacnnNsOzO3lxhMSMyIeSNBgegDtneLi1IFX0MNamEJSWdQrdhg+Ylr+uwNClGCIagEA918edrH+bvyg=&u=U2FsdGVkX197/uCIUIaYa/K+1B47uhaSDIPUm6aeiEOFOs57djB4foMVtpmjeDUl&y=U2FsdGVkX1/jXT5rx6lvGwRs8eksicAKtL2RFM4PR3S5FSzh2IOKMMFOf2gLIw12 HTTP/1.1" 200 26
186.102.6.137 - - [12/Feb/2023:09:03:05 -0500] "GET /kwssiamovil/sm/acme/a?s=U2FsdGVkX1+7Lm72oC+bhgq739MGKULucfzvOGrNRkDeUE28LfU88xG6mw9tnTqUXU2x2eqId1gvwRrr94NQSvQCogN2nJ3tjDadfR/CyYUog65CnOip7prcOAnrenXroFRlM/MuQRHLUamBdl5JpnZbvT8c9QMLFCQrvwrQg8g=&u=U2FsdGVkX197/uCIUIaYa/K+1B47uhaSDIPUm6aeiEOFOs57djB4foMVtpmjeDUl&y=U2FsdGVkX1/jXT5rx6lvGwRs8eksicAKtL2RFM4PR3S5FSzh2IOKMMFOf2gLIw12 HTTP/1.1" 200 26
186.102.6.137 - - [12/Feb/2023:09:03:05 -0500] "GET /kwssiamovil/sm/acme/a?s=U2FsdGVkX18VkgFzHOtNU1aYywaSHtOczUgltsGegzg67jQJcs2zjx8fOV5KOsq5uATZx4JA8yaCuS0qYcBo+/0dwd8HRgd4Vch1Npi0LlCD71YML+qMpysYutk3d7BjtBGaD6I2/3PSQrLiSObqo+K+KWs38FxaKFbWnhmDpLs=&u=U2FsdGVkX197/uCIUIaYa/K+1B47uhaSDIPUm6aeiEOFOs57djB4foMVtpmjeDUl&y=U2FsdGVkX1/jXT5rx6lvGwRs8eksicAKtL2RFM4PR3S5FSzh2IOKMMFOf2gLIw12 HTTP/1.1" 200 26
186.102.6.137 - - [12/Feb/2023:09:03:06 -0500] "GET /kwssiamovil/sm/acme/a?s=U2FsdGVkX19w3L7JjSSp7Cz/APQNLL87cINalGYhLHIZOsWrst1sowuc+eLePQNuJZThvABI4nyGTVOLzppk0W3DuTPcw5vnR7v4aPWPh7I/JoLEez0Vyci6m/a8eByAa4MoTvOpQQRj2Of3tRsIo2ux4iqWBNKEmyIk+JLPhjzsDIOuaMAXKtK1OSyI8UriInXAC53BA1nOg0N0DRP+kA==&u=U2FsdGVkX197/uCIUIaYa/K+1B47uhaSDIPUm6aeiEOFOs57djB4foMVtpmjeDUl&y=U2FsdGVkX1/jXT5rx6lvGwRs8eksicAKtL2RFM4PR3S5FSzh2IOKMMFOf2gLIw12 HTTP/1.1" 200 26
186.155.72.249 - - [12/Feb/2023:09:03:09 -0500] "GET /BLA/resoluciones/RESOLUCIONES%202022/0153.pdf HTTP/1.1" 200 580589
157.55.39.129 - - [12/Feb/2023:09:03:13 -0500] "GET / HTTP/1.1" 200 319
216.245.221.92 - - [12/Feb/2023:09:03:14 -0500] "HEAD / HTTP/1.1" 200 -
172.22.2.4 - - [12/Feb/2023:09:02:30 -0500] "GET /BLA/boletinlegal/ HTTP/1.1" 200 32715
172.22.2.4 - - [12/Feb/2023:09:02:30 -0500] "GET /BLA/boletinlegal/ HTTP/1.1" 200 36811
186.155.72.249 - - [12/Feb/2023:09:05:05 -0500] "POST /BLA/boletinlegal/admin/actos/ingresar.php HTTP/1.1" 200 7236
186.155.72.249 - - [12/Feb/2023:09:05:07 -0500] "GET /BLA/boletinlegal/images/favicon.ico HTTP/1.1" 404 1328
201.245.192.253 - - [12/Feb/2023:09:05:24 -0500] "POST /kwsrmcab/Wsrmcab  HTTP/1.1" 200 213
186.29.202.223 - - [12/Feb/2023:09:05:45 -0500] "GET /sipse/faces/javax.faces.resource/images/ui-bg_flat_0_2d5972_40x100.png?ln=primefaces-aristo HTTP/1.1" 304 -
186.29.202.223 - - [12/Feb/2023:09:05:45 -0500] "POST /sipse/faces/bienvenido.xhtml HTTP/1.1" 200 2073
186.29.202.223 - - [12/Feb/2023:09:05:46 -0500] "POST /sipse/faces/bienvenido.xhtml HTTP/1.1" 200 39034
186.29.202.223 - - [12/Feb/2023:09:05:46 -0500] "GET /sipse/faces/javax.faces.resource/theme.css?ln=primefaces-sipse HTTP/1.1" 304 -
186.29.202.223 - - [12/Feb/2023:09:05:46 -0500] "GET /sipse/faces/javax.faces.resource/primefaces.css?ln=primefaces&v=4.0 HTTP/1.1" 304 -
186.29.202.223 - - [12/Feb/2023:09:05:46 -0500] "GET /sipse/faces/javax.faces.resource/layout/layout.css?ln=primefaces&v=4.0 HTTP/1.1" 304 -
186.29.202.223 - - [12/Feb/2023:09:05:46 -0500] "GET /sipse/faces/javax.faces.resource/jquery/jquery.js?ln=primefaces&v=4.0 HTTP/1.1" 304 -
186.29.202.223 - - [12/Feb/2023:09:05:46 -0500] "GET /sipse/faces/javax.faces.resource/jquery/jquery-plugins.js?ln=primefaces&v=4.0 HTTP/1.1" 304 -
186.29.202.223 - - [12/Feb/2023:09:05:46 -0500] "GET /sipse/faces/javax.faces.resource/primefaces.js?ln=primefaces&v=4.0 HTTP/1.1" 304 -
186.29.202.223 - - [12/Feb/2023:09:05:46 -0500] "GET /sipse/faces/javax.faces.resource/layout/layout.js?ln=primefaces&v=4.0 HTTP/1.1" 304 -
186.155.72.249 - - [12/Feb/2023:09:06:55 -0500] "POST /BLA/boletinlegal/admin/actos/ingresar.php HTTP/1.1" 200 7236
172.22.2.4 - - [12/Feb/2023:09:05:30 -0500] "HEAD /BLA/boletinlegal/ HTTP/1.1" 200 -
186.29.202.223 - - [12/Feb/2023:09:07:37 -0500] "POST /sipse/faces/presentacion/financiero/solicitudProceso/consultar.xhtml HTTP/1.1" 200 13035
186.29.202.223 - - [12/Feb/2023:09:07:54 -0500] "POST /sipse/faces/presentacion/financiero/solicitudProceso/consultar.xhtml HTTP/1.1" 200 12837
151.235.246.185 - - [12/Feb/2023:09:07:57 -0500] "GET / HTTP/1.1" 200 319
172.22.2.4 - - [12/Feb/2023:09:06:21 -0500] "GET /BLA/boletinlegal/ HTTP/1.1" 200 59404
186.29.202.223 - - [12/Feb/2023:09:08:01 -0500] "POST /sipse/faces/presentacion/financiero/solicitudProceso/consultar.xhtml HTTP/1.1" 200 12850
186.102.6.137 - - [12/Feb/2023:09:08:02 -0500] "GET /kwssiamovil/sm/acme/a?s=U2FsdGVkX19zZY5TFDw4p6zFSxXIFEuF/UJCPOgkhTEzSl87OMLk77iMEDqzmHPGCJ81P7hh8eWzsQNi4AJzk2rPG1o0vgVgvoIwo5DTp9EuPaxFLy+Cr4n2hZN+h1IDHVQCaBHQ5BWLTdxd/fPMGwvNPwHP6BhHYM1M76B4tdxKHrUhIO/1pFmtGmMmb1B3L0eQAHy8MN25tsMiE98A3qe6rJDIbO4wRCR0oJZoRT3hBY3LPK+te3Le3HMyHKp7wxvV9ZetZTVA7vPwT5MtoA==&u=U2FsdGVkX197/uCIUIaYa/K+1B47uhaSDIPUm6aeiEOFOs57djB4foMVtpmjeDUl&y=U2FsdGVkX1/jXT5rx6lvGwRs8eksicAKtL2RFM4PR3S5FSzh2IOKMMFOf2gLIw12 HTTP/1.1" 200 26
186.102.6.137 - - [12/Feb/2023:09:08:02 -0500] "GET /kwssiamovil/sm/acme/a?s=U2FsdGVkX19vUf8TvdOfbqN2umuSHPi06QzGpZTPNxjlFbnSIiV9nARKXlQ5+4HnUT5ULF1XXC21wFs8+OnHq7rLneh3hTKhGyZN/BRtCO0NvBtU9nxso+aI92c4I6fYEf9uL4XWtbKBn6rOJhWRJQSF1rJv8PAY3AZNXstnn+fkcIQcoGKWmGTCLIHpf0PySik4woqG3FbfNU6kvn8yDyNgOivQvfwjWk1QqggiilcLo89mokRquvI1HPZIPtpPLkRMwSPIhuhPDADTwf9AbT00SakTJqcvWjrf8iuzlxHUgB3w7wuXKNFV8j7r+q67J/WAUQWuge30Oqf/A7vyDy8Q0y88IfsXKkvc+Uh0Qz39VsInmP3Jk9UxTML4CYGXxRJaT12aNUyAxYTO2qqpIHz0kYp/02ovCoOllW2K944UQmVwZPkxYl31vTumlFm4nfdI6473t8SOh9PigmARUE+XBcbLy027AwI98Zdpi6kdpcpfy5tqNDNcXuwG9B4AJOBc+InSqG9taXdXoKNxKGBC0eucOn3h0TsA5W+zNb4/mVXG95dQmXmlye+itlLETaxZgWRfYMf8EvgwQHrUcJvIskeXd6MIYPu0mmxxoiW9ptz0RWUsnZkG2zTduC9kJEn6LvRUEb46w5eI6XPGJ6SqPVbBG+Dexe6bAw8qJZkHUm0duMEnC+8x0F1836DTH6w15kjTGmqKN/ZC0puIf8heZTKnslD6SLo5WSQ7A8PwIg5VyJLcSs6PRo+3z7C7zZdnv6V31RbY4RzcXg04TWGPSIXOmlytlv9iYUpRC/gvos0Y5MDDGq4mAHsKHR5RJQXQ8UrgH5lKxqzngtUEroFxdVZtpvEpPL3pCc1I76CwZrI35ayuTZv0Qt6S4WcErM7dZIGa1wsqCpXQ6xe5Wdq2Ph9P79AK8ZNsU9pGuFDfRP9aFfhEKTshmdgY7xg0R6oypwhKF8utxz5sS3z6R8ADojmEFk6Iars3xXXkM1KRMG3D0R4lPYkGCX+UnEZUj0jetc0lDVTewm2h/mySYLZ7rHvRTW4hj7FNRBZiDg3Knnd0wdZpKZu9WaR80RITA3hEozmGiIhKNixrRy5yt+VKvKsI2ZnpCTPQEDXwdyhNVW+XQ8VSUJcKBZW71LgwZ8jvEGQMC13yzmw4y/3iJoIuLm7CqeFk15CqcQyb4yLOOt9i2b8Stz9dxe5CHX+8eVoZuIYInh5f9tx9lbc28E8eHfJwujfq1diW/8SYxjda5V7lmMN2DZA3sD/8OuxXPTLz1VwCKaO9DIituWJfhWrV/dci2/eJd9T4rzKp26Ecu/CmbvN1eoRbvzL4pHjaplEl+d4tlmo/qAwNp5ipsgS5vHiQpOZh2APpBxA2DIQECYXQm2Or+FEskzmxYCEn25QJ+V0e2530XtF1xHuw21Y4cQkwQe4h/pt+QhnUBNqjiUOXf0V0XPGJpEJy3dX9CCx2kM1aj5WySaHjLBhjBIMb7NM13kZ4mM6WLlQiFWTzW5eX60jkjGJ26bIc/SAhNC1qQmKyuuIrYlytI+qqVmnfsAvVi7IC3IsAFzjwQcZMH/4nBsX4fl37kNUKjyLRTyjFN3uE2ineCBm0bZwzdBm7zjyfJr+/TsOgYRKhr1if+aNs6gPsxouBgdY7XcfNpoHMNWqWPc6iQD8uLYs4OMPOofa5Q0+FOOcXqDX7Cz2QRoEHVTgOpW81sDReCMxbwXq+8NW4A/dyQR9Q3QcTHiQeiFr8Q7/szCHTEo0KqYMJkYFuc8ofjUZKbUGdqkZK9fLXTaaqNKw8rs8iCmClQnMGi96gdbTtYM9lmJYrES+9LPxuz5gFpy7Gt7lufiUqk6hBtdz9sDz8DY+xZQQREpfGkUDGbAxAbiLi2J/b3waaox4g6cW0GmOWKvygswrkxy8/6eIPuOV6emZ81Bei96yMHzux1f3KICPFzBuyZ34anhbYNEgXo4zu3O9KsoPN+m/32f2F5KSxiK2yR7duHj0SoosQHKYd8pfL9gyWdrDsz2ELVco9VkYhqIDVVt6QZbTUPFugFPIYy+mP+1hKEUdttjAAd65SzApgxK32OIA5vQ07pctASg4d6/V8FxVHlL1lEgmVxKgjRCgg4awOt99L0XJmA5Ep8cINKXlzSqvTBebf2SgD2sL1mp+pAnUfIYADtb2P3kQeoFtg766SEyzsNk4ucOuRqJxxxdlFWfGblcd5xQ9cRgKwhxbQyknerPK2duBwnYKyj4xiZmsZ16Pi0IS46UCdOAGSZhWwi6x5Asb1JmUuTTJ+LGsQAD7+8cWT6IKIK5yjxNUMhZcsaqOYkfdwQmkoKuaHIygLwBoCZFbPmWwweGZABUe4glmRwaABPeamt0QqRlvBriUaLRZsxPeAaTBXSAgngsc7NHdZOdHha2PijacYhDPGj91p&u=U2FsdGVkX197/uCIUIaYa/K+1B47uhaSDIPUm6aeiEOFOs57djB4foMVtpmjeDUl&y=U2FsdGVkX1/jXT5rx6lvGwRs8eksicAKtL2RFM4PR3S5FSzh2IOKMMFOf2gLIw12 HTTP/1.1" 200 26
186.102.6.137 - - [12/Feb/2023:09:08:02 -0500] "GET /kwssiamovil/sm/acme/a?s=U2FsdGVkX1+407dwccDPaCbRS7yV41KagnC4F4IgpenGIt5QBUoPxL/XDTGxVyDxMVNQiXXXXn+kxJl/c3G0JYlyeQgxD9mV96zjATidDx6AuZ9f/cv+lWy9+vMdTFsi4YS2kgJYzmuMYPAEQoE27VM0SVf1OT+tyXscBpjp03s=&u=U2FsdGVkX197/uCIUIaYa/K+1B47uhaSDIPUm6aeiEOFOs57djB4foMVtpmjeDUl&y=U2FsdGVkX1/jXT5rx6lvGwRs8eksicAKtL2RFM4PR3S5FSzh2IOKMMFOf2gLIw12 HTTP/1.1" 200 26
186.102.6.137 - - [12/Feb/2023:09:08:03 -0500] "GET /kwssiamovil/sm/acme/a?s=U2FsdGVkX1+inDTEyU8lg8b/3DcjMWnohccyX4SHmPu399ga9LS/5MAg9vXAArIiQW9ecLfAeds+doWqhkj2dhxh7/5ndVTWpgfYM5OgnnTEi2Tc/C+vhtH1e+r7giGXdTPF+mYoYnm5T/4MOHCIYiqQDk9n6kvNtqjOxGoQOWw=&u=U2FsdGVkX197/uCIUIaYa/K+1B47uhaSDIPUm6aeiEOFOs57djB4foMVtpmjeDUl&y=U2FsdGVkX1/jXT5rx6lvGwRs8eksicAKtL2RFM4PR3S5FSzh2IOKMMFOf2gLIw12 HTTP/1.1" 200 26
186.102.6.137 - - [12/Feb/2023:09:08:03 -0500] "GET /kwssiamovil/sm/acme/a?s=U2FsdGVkX1+Dhjd9vsz/ESoz0OLN4hRx+U9EK21VE/W/3mhgRzMQCo7x+UCuTuy7iHeO5uwUiN77y40HPQCFFLgH/5NTgWrPSlf9MH6UP3ONAFEik2vncdT3bEot81VNd1cpQTTbdH/4wOe0knzHcYEXmRX4pUwwV8UZIV7jaag=&u=U2FsdGVkX197/uCIUIaYa/K+1B47uhaSDIPUm6aeiEOFOs57djB4foMVtpmjeDUl&y=U2FsdGVkX1/jXT5rx6lvGwRs8eksicAKtL2RFM4PR3S5FSzh2IOKMMFOf2gLIw12 HTTP/1.1" 200 26
186.102.6.137 - - [12/Feb/2023:09:08:03 -0500] "GET /kwssiamovil/sm/acme/a?s=U2FsdGVkX18TQqA4opLekB3baAytHLGysc5l5AFYhyDBvtXfrUsT1xT+9Bkx0nUkPqtKqDwEh9BGOtGxCn6srLU+Z5fUA0gxqu83dwA6NJdBDB+Z8ve4vpYCJ46bfU08dlSnZZzccAduVAyPsBk8NwnWCLvE4bjXQN4IwoXVTxrvWSUBT7EE5bkmYvQz70nsaasSceVQqR3gAU0eJlaxeQ==&u=U2FsdGVkX197/uCIUIaYa/K+1B47uhaSDIPUm6aeiEOFOs57djB4foMVtpmjeDUl&y=U2FsdGVkX1/jXT5rx6lvGwRs8eksicAKtL2RFM4PR3S5FSzh2IOKMMFOf2gLIw12 HTTP/1.1" 200 26
216.245.221.92 - - [12/Feb/2023:09:08:14 -0500] "HEAD / HTTP/1.1" 200 -
186.29.202.223 - - [12/Feb/2023:09:08:15 -0500] "POST /sipse/faces/presentacion/financiero/solicitudProceso/consultar.xhtml HTTP/1.1" 200 12928
186.29.202.223 - - [12/Feb/2023:09:08:18 -0500] "POST /sipse/faces/presentacion/financiero/solicitudProceso/consultar.xhtml HTTP/1.1" 200 12928
186.155.72.249 - - [12/Feb/2023:09:08:31 -0500] "POST /BLA/boletinlegal/admin/actos/ingresar.php HTTP/1.1" 200 7236
186.29.202.223 - - [12/Feb/2023:09:08:33 -0500] "POST /sipse/faces/presentacion/financiero/solicitudProceso/consultar.xhtml HTTP/1.1" 200 12981
186.29.167.80 - - [12/Feb/2023:09:08:36 -0500] "GET /kwssiamovil/sm/ldap/au?x=U2FsdGVkX18Nq3JRdpygo9qZzh9KkPsC86ZzrdT4qNk365WrlEUUMCMKQJ+WFDU+&y=U2FsdGVkX188DKx3U68NzSlZPsD0HHNtt9R2TnpETSxFU8oUsm7N4y2lW3gLdPW1 HTTP/1.1" 200 30
186.29.167.80 - - [12/Feb/2023:09:08:36 -0500] "GET /kwssiamovil/sm/acme/s?s=U2FsdGVkX18Alpz5CgbF9mlZb+sE/MtskiHV45KOyELYGkQ9Z3Cfq4I4sfc1chJbAFGyC/GFzbOgCtEhrUX73ri4XzCDnmiuy6hFromxxgs=&u=U2FsdGVkX1+ShzbyT4T30vhYR0DjIbx4ZI8u4iSnJLVhKeq28gEmKzXSPPDW7PLv&y=U2FsdGVkX188DKx3U68NzSlZPsD0HHNtt9R2TnpETSxFU8oUsm7N4y2lW3gLdPW1 HTTP/1.1" 200 97
186.29.167.80 - - [12/Feb/2023:09:08:36 -0500] "GET /kwssiamovil/sm/acme/s?s=U2FsdGVkX18hk0BBJtH0sp/UeWciQ/NNoncQJX0Nqrv7fY8Lix3e5U9W/rhmHscpnk8Va5x39RJZKE4I/bFE2nhkb0EgqDLbEVgjt2c2I0MUwU6DR2zntCNEqN8g0T/TbcWi8mLSWeXGjUyN4Ajplo0dDXUtSlqNqT2u0XZkRUvsE5VBAPKmmHVSMqvj4ZcHele4hYjR/fe29fWPXqovyb0iDSmtIfJqZb6/n4cAagtVFtDh1qgXWmsN7TJ+5ktX6TbGPuUAXqjNEgYZucv/Hy1xD9xFPzaPmJm/iARWp2URkt8S+9BLFzjH5bqb2S0XVscFAlyPBiBQjSIwQCwo+pdaT+1x+8SsTE9uXCMm1fsX4MdJ0DHZ+ipH0G73B1AH5DXKpWu/lKpXG7g35sx9FW/AI94JOChDgjvmeY0G4Wp0MFya8ejLiPqVinarr+jmpOJNfsPnouYt66WD6pzE1I/aRCP8MXq/+57+/3JVLkIhL4CXY+DElc2r1zlgbpxhVSLm1glFvXddr1KLygRl5hDFkrYyLRbob3OUPDQ15PppEonBbSRCE9/o4287i1JgpNddK2nUkma1XPliCdWz8czvTH5rH86PtyMMouSBb+s+bCLA4+c+IM1/WOhaYb2/rnTiqjSu5OD8r+97uXjCJW1bGvgMPE9o5TGzCyH+n8dL7FtPFgR3pClpDHIPnbdt2bposssvZbvAQqUkO/Td9SD0P5VOpRbAB5AspHTH8bg6cmpH+mg6zDQhePVASgOZlbeMOFc5GENnUDt7cdi/YBsGiBW88YEina+sMJQt043pEQkfvU0wmoFBHUee1gz+I8nOJWzQIOjM95WE0oboJsbd8JcnN3RaLOAB1yX4QdRsDUt+EkVJ1cneOEhhGYFUKJKp1bHqQWlcNplZNVkdF2nwGO2mf5kqJYfEDu6kYvHOSCI4Lkk/PKAYlHTV0JHQW5Rk5kzXBmvi+dy96Slg1SCuU6K8G/22OXA9CnPL01EG9/RuMrtVwVJmGgDA5bdivXfpHZJCWWuLrGgCShPBgqv626ZyhEYrjMTAJmXg3F7BfwXHllcIG0IAH5FzsAA5QcFJ94fqANkxgajS//VgybrmU/xRRMhHORatP6lq4zoyisNGGtJr1XneMYLaE7Pr7tD3soiAvpu5SAxTTr4dasqlwT0GKsa5NuiGNzBH+GqApHG8ZScA0CtFzQhzvnbh7ttakEEdUYhLskIEfnEyBFSnFUFFTUQC0qoFbz95QPZ3eDanVAyPxUW/CzVGsjTz47s5fiMOUZzvCDBchJQF/sLEpzEVT0lEX6qUSm6u2sZYQhieU1LGNsWON6N2N+j61WqmoshXO7eQFM99EpC5onK7xi+YMali+jyZscEAep5AlOzu1z0zYDPjUDMga+w3vPLVPH7RFz2i8MHyYXKVckRkQhNIVQBRfrQXMcXYQpg=&u=U2FsdGVkX1+ShzbyT4T30vhYR0DjIbx4ZI8u4iSnJLVhKeq28gEmKzXSPPDW7PLv&y=U2FsdGVkX188DKx3U68NzSlZPsD0HHNtt9R2TnpETSxFU8oUsm7N4y2lW3gLdPW1 HTTP/1.1" 200 18833
186.29.167.80 - - [12/Feb/2023:09:08:37 -0500] "GET /kwssiamovil/sm/acme/s?s=U2FsdGVkX1+Tl4XkbYTWyaX/HE/enNp2mKcsF6jZBo/QvIjWpwgIRSVd9qyCqqoQWLzyohyrHLEBOk+QXHcL8knMqtQgKC6zV9dZsoc50AFYUXp8yz/OQHBhHi1nw0zOXA+NcLTgxHyuXdKxu+etoDOEBY8FxjRTW+A1vjMAfVTyy5aH5wtC58wjJCtZ1F6rUxQjI1+gABq7uAcc9Kxm6HMPzP3aZDxMHJXUZ1ciLi/CyCa+DtGMTpgIZmGL1+nduUUovbV6Fcil14BunwY7Wqxu5p8/hvnLISXJnSnRMXTXg5os9F3KFUPyWaH5PbeUMhKS6O63TThEWdy2s/88DrlM1jc+/B5IqcJhsrZPzcQ=&u=U2FsdGVkX1+ShzbyT4T30vhYR0DjIbx4ZI8u4iSnJLVhKeq28gEmKzXSPPDW7PLv&y=U2FsdGVkX188DKx3U68NzSlZPsD0HHNtt9R2TnpETSxFU8oUsm7N4y2lW3gLdPW1 HTTP/1.1" 200 196
186.29.167.80 - - [12/Feb/2023:09:08:37 -0500] "GET /kwssiamovil/sm/cjson/pre?f=1&x=U2FsdGVkX18Nq3JRdpygo9qZzh9KkPsC86ZzrdT4qNk365WrlEUUMCMKQJ+WFDU+ HTTP/1.1" 200 31032
186.29.202.223 - - [12/Feb/2023:09:08:44 -0500] "POST /sipse/faces/presentacion/financiero/solicitudProceso/consultar.xhtml HTTP/1.1" 200 150500
186.29.202.223 - - [12/Feb/2023:09:08:45 -0500] "GET /sipse/faces/javax.faces.resource/theme.css?ln=primefaces-sipse HTTP/1.1" 304 -
186.29.202.223 - - [12/Feb/2023:09:08:45 -0500] "GET /sipse/faces/javax.faces.resource/layout/layout.css?ln=primefaces&v=4.0 HTTP/1.1" 304 -
186.29.202.223 - - [12/Feb/2023:09:08:45 -0500] "GET /sipse/faces/javax.faces.resource/primefaces.css?ln=primefaces&v=4.0 HTTP/1.1" 304 -
186.29.202.223 - - [12/Feb/2023:09:08:45 -0500] "GET /sipse/faces/javax.faces.resource/jquery/jquery.js?ln=primefaces&v=4.0 HTTP/1.1" 304 -
186.29.202.223 - - [12/Feb/2023:09:08:45 -0500] "GET /sipse/faces/javax.faces.resource/jquery/jquery-plugins.js?ln=primefaces&v=4.0 HTTP/1.1" 304 -
186.29.202.223 - - [12/Feb/2023:09:08:45 -0500] "GET /sipse/faces/javax.faces.resource/primefaces.js?ln=primefaces&v=4.0 HTTP/1.1" 304 -
186.29.202.223 - - [12/Feb/2023:09:08:45 -0500] "GET /sipse/faces/javax.faces.resource/layout/layout.js?ln=primefaces&v=4.0 HTTP/1.1" 304 -
186.29.202.223 - - [12/Feb/2023:09:08:49 -0500] "POST /sipse/faces/presentacion/financiero/solicitudProceso/consultarSolicitudProceso.xhtml HTTP/1.1" 200 48040
186.29.202.223 - - [12/Feb/2023:09:08:49 -0500] "GET /sipse/faces/javax.faces.resource/theme.css?ln=primefaces-sipse HTTP/1.1" 304 -
186.29.202.223 - - [12/Feb/2023:09:08:49 -0500] "GET /sipse/faces/javax.faces.resource/layout/layout.css?ln=primefaces&v=4.0 HTTP/1.1" 304 -
186.29.202.223 - - [12/Feb/2023:09:08:49 -0500] "GET /sipse/faces/javax.faces.resource/primefaces.css?ln=primefaces&v=4.0 HTTP/1.1" 304 -
186.29.202.223 - - [12/Feb/2023:09:08:49 -0500] "GET /sipse/faces/javax.faces.resource/jquery/jquery-plugins.js?ln=primefaces&v=4.0 HTTP/1.1" 304 -
186.29.202.223 - - [12/Feb/2023:09:08:49 -0500] "GET /sipse/faces/javax.faces.resource/jquery/jquery.js?ln=primefaces&v=4.0 HTTP/1.1" 304 -
186.29.202.223 - - [12/Feb/2023:09:08:49 -0500] "GET /sipse/faces/javax.faces.resource/primefaces.js?ln=primefaces&v=4.0 HTTP/1.1" 304 -
186.29.202.223 - - [12/Feb/2023:09:08:49 -0500] "GET /sipse/faces/javax.faces.resource/layout/layout.js?ln=primefaces&v=4.0 HTTP/1.1" 304 -
186.29.202.223 - - [12/Feb/2023:09:09:33 -0500] "GET /sipse/faces/javax.faces.resource/images/ui-icons_898989_256x240.png?ln=primefaces-aristo HTTP/1.1" 304 -
186.29.202.223 - - [12/Feb/2023:09:09:34 -0500] "POST /sipse/faces/presentacion/financiero/solicitudProceso/consultarHistorialSolProceso.xhtml HTTP/1.1" 200 196342
186.29.202.223 - - [12/Feb/2023:09:09:35 -0500] "GET /sipse/faces/javax.faces.resource/theme.css?ln=primefaces-sipse HTTP/1.1" 304 -
186.29.202.223 - - [12/Feb/2023:09:09:35 -0500] "GET /sipse/faces/javax.faces.resource/layout/layout.css?ln=primefaces&v=4.0 HTTP/1.1" 304 -
186.29.202.223 - - [12/Feb/2023:09:09:35 -0500] "GET /sipse/faces/javax.faces.resource/jquery/jquery.js?ln=primefaces&v=4.0 HTTP/1.1" 304 -
186.29.202.223 - - [12/Feb/2023:09:09:35 -0500] "GET /sipse/faces/javax.faces.resource/primefaces.css?ln=primefaces&v=4.0 HTTP/1.1" 304 -
186.29.202.223 - - [12/Feb/2023:09:09:35 -0500] "GET /sipse/faces/javax.faces.resource/jquery/jquery-plugins.js?ln=primefaces&v=4.0 HTTP/1.1" 304 -
186.29.202.223 - - [12/Feb/2023:09:09:35 -0500] "GET /sipse/faces/javax.faces.resource/primefaces.js?ln=primefaces&v=4.0 HTTP/1.1" 304 -
186.29.202.223 - - [12/Feb/2023:09:09:35 -0500] "GET /sipse/faces/javax.faces.resource/layout/layout.js?ln=primefaces&v=4.0 HTTP/1.1" 304 -
157.55.39.117 - - [12/Feb/2023:09:09:41 -0500] "GET /bla/resoluciones/autos%202021/0493.pdf HTTP/1.1" 200 822930
52.167.144.97 - - [12/Feb/2023:09:09:50 -0500] "GET /bla/resoluciones/autos%202021/0757.pdf HTTP/1.1" 200 446013
186.29.202.223 - - [12/Feb/2023:09:10:02 -0500] "GET /sipse/faces/javax.faces.resource/images/ui-bg_flat_0_2d5972_40x100.png?ln=primefaces-aristo HTTP/1.1" 304 -
186.29.202.223 - - [12/Feb/2023:09:10:02 -0500] "POST /sipse/faces/presentacion/financiero/solicitudProceso/consultarSolicitudProceso.xhtml HTTP/1.1" 200 42232
186.29.202.223 - - [12/Feb/2023:09:10:02 -0500] "GET /sipse/faces/javax.faces.resource/theme.css?ln=primefaces-sipse HTTP/1.1" 304 -
186.29.202.223 - - [12/Feb/2023:09:10:02 -0500] "GET /sipse/faces/javax.faces.resource/primefaces.css?ln=primefaces&v=4.0 HTTP/1.1" 304 -
186.29.202.223 - - [12/Feb/2023:09:10:02 -0500] "GET /sipse/faces/javax.faces.resource/layout/layout.css?ln=primefaces&v=4.0 HTTP/1.1" 304 -
186.29.202.223 - - [12/Feb/2023:09:10:02 -0500] "GET /sipse/faces/javax.faces.resource/jquery/jquery.js?ln=primefaces&v=4.0 HTTP/1.1" 304 -
186.29.202.223 - - [12/Feb/2023:09:10:02 -0500] "GET /sipse/faces/javax.faces.resource/jquery/jquery-plugins.js?ln=primefaces&v=4.0 HTTP/1.1" 304 -
186.29.202.223 - - [12/Feb/2023:09:10:02 -0500] "GET /sipse/faces/javax.faces.resource/primefaces.js?ln=primefaces&v=4.0 HTTP/1.1" 304 -
186.29.202.223 - - [12/Feb/2023:09:10:02 -0500] "GET /sipse/faces/javax.faces.resource/layout/layout.js?ln=primefaces&v=4.0 HTTP/1.1" 304 -
186.29.202.223 - - [12/Feb/2023:09:10:05 -0500] "POST /sipse/faces/presentacion/financiero/solicitudProceso/consultar.xhtml HTTP/1.1" 200 12924
201.245.192.253 - - [12/Feb/2023:09:10:22 -0500] "POST /kwsrmcab/Wsrmcab  HTTP/1.1" 200 213
186.29.202.223 - - [12/Feb/2023:09:10:27 -0500] "POST /sipse/faces/presentacion/financiero/solicitudProceso/consultar.xhtml HTTP/1.1" 200 12904
186.29.202.223 - - [12/Feb/2023:09:10:39 -0500] "POST /sipse/faces/presentacion/financiero/solicitudProceso/consultar.xhtml HTTP/1.1" 200 12942
186.29.202.223 - - [12/Feb/2023:09:10:42 -0500] "POST /sipse/faces/presentacion/financiero/solicitudProceso/consultar.xhtml HTTP/1.1" 200 12972
186.29.202.223 - - [12/Feb/2023:09:10:45 -0500] "POST /sipse/faces/presentacion/financiero/solicitudProceso/consultar.xhtml HTTP/1.1" 200 12812
186.29.202.223 - - [12/Feb/2023:09:11:13 -0500] "POST /sipse/faces/presentacion/financiero/solicitudProceso/consultar.xhtml HTTP/1.1" 200 12877
186.29.202.223 - - [12/Feb/2023:09:11:48 -0500] "POST /sipse/faces/presentacion/financiero/solicitudProceso/consultar.xhtml HTTP/1.1" 200 12940
186.29.202.223 - - [12/Feb/2023:09:12:00 -0500] "POST /sipse/faces/presentacion/financiero/solicitudProceso/consultar.xhtml HTTP/1.1" 200 12930
186.29.202.223 - - [12/Feb/2023:09:12:03 -0500] "POST /sipse/faces/presentacion/financiero/solicitudProceso/consultar.xhtml HTTP/1.1" 200 12950
186.155.72.249 - - [12/Feb/2023:09:12:09 -0500] "POST /BLA/boletinlegal/admin/actos/ingresar.php HTTP/1.1" 200 7236
66.220.149.117 - - [12/Feb/2023:09:12:21 -0500] "GET /images/negocios-verdes-mayo-2022.jpg HTTP/1.1" 200 48000
186.29.202.223 - - [12/Feb/2023:09:12:25 -0500] "POST /sipse/faces/presentacion/financiero/solicitudProceso/consultar.xhtml HTTP/1.1" 200 12967
186.29.202.223 - - [12/Feb/2023:09:12:30 -0500] "POST /sipse/faces/presentacion/financiero/solicitudProceso/consultar.xhtml HTTP/1.1" 200 12932
172.22.2.4 - - [12/Feb/2023:09:11:20 -0500] "HEAD /BLA/boletinlegal/ HTTP/1.1" 200 -
216.245.221.92 - - [12/Feb/2023:09:13:14 -0500] "HEAD / HTTP/1.1" 200 -
186.29.202.223 - - [12/Feb/2023:09:13:31 -0500] "POST /sipse/faces/presentacion/financiero/solicitudProceso/consultar.xhtml HTTP/1.1" 200 12917
186.29.202.223 - - [12/Feb/2023:09:13:34 -0500] "POST /sipse/faces/presentacion/financiero/solicitudProceso/consultar.xhtml HTTP/1.1" 200 123143
186.29.202.223 - - [12/Feb/2023:09:13:34 -0500] "GET /sipse/faces/javax.faces.resource/theme.css?ln=primefaces-sipse HTTP/1.1" 304 -
186.29.202.223 - - [12/Feb/2023:09:13:34 -0500] "GET /sipse/faces/javax.faces.resource/primefaces.css?ln=primefaces&v=4.0 HTTP/1.1" 304 -
186.29.202.223 - - [12/Feb/2023:09:13:34 -0500] "GET /sipse/faces/javax.faces.resource/layout/layout.css?ln=primefaces&v=4.0 HTTP/1.1" 304 -
186.29.202.223 - - [12/Feb/2023:09:13:34 -0500] "GET /sipse/faces/javax.faces.resource/jquery/jquery.js?ln=primefaces&v=4.0 HTTP/1.1" 304 -
186.29.202.223 - - [12/Feb/2023:09:13:34 -0500] "GET /sipse/faces/javax.faces.resource/jquery/jquery-plugins.js?ln=primefaces&v=4.0 HTTP/1.1" 304 -
186.29.202.223 - - [12/Feb/2023:09:13:34 -0500] "GET /sipse/faces/javax.faces.resource/primefaces.js?ln=primefaces&v=4.0 HTTP/1.1" 304 -
186.29.202.223 - - [12/Feb/2023:09:13:35 -0500] "GET /sipse/faces/javax.faces.resource/layout/layout.js?ln=primefaces&v=4.0 HTTP/1.1" 304 -
186.29.202.223 - - [12/Feb/2023:09:13:38 -0500] "POST /sipse/faces/presentacion/financiero/solicitudProceso/consultarSolicitudProceso.xhtml HTTP/1.1" 200 33272
186.29.202.223 - - [12/Feb/2023:09:13:38 -0500] "GET /sipse/faces/javax.faces.resource/theme.css?ln=primefaces-sipse HTTP/1.1" 304 -
186.29.202.223 - - [12/Feb/2023:09:13:38 -0500] "GET /sipse/faces/javax.faces.resource/layout/layout.css?ln=primefaces&v=4.0 HTTP/1.1" 304 -
186.29.202.223 - - [12/Feb/2023:09:13:38 -0500] "GET /sipse/faces/javax.faces.resource/primefaces.css?ln=primefaces&v=4.0 HTTP/1.1" 304 -
186.29.202.223 - - [12/Feb/2023:09:13:38 -0500] "GET /sipse/faces/javax.faces.resource/jquery/jquery.js?ln=primefaces&v=4.0 HTTP/1.1" 304 -
186.29.202.223 - - [12/Feb/2023:09:13:38 -0500] "GET /sipse/faces/javax.faces.resource/jquery/jquery-plugins.js?ln=primefaces&v=4.0 HTTP/1.1" 304 -
186.29.202.223 - - [12/Feb/2023:09:13:38 -0500] "GET /sipse/faces/javax.faces.resource/primefaces.js?ln=primefaces&v=4.0 HTTP/1.1" 304 -
186.29.202.223 - - [12/Feb/2023:09:13:38 -0500] "GET /sipse/faces/javax.faces.resource/layout/layout.js?ln=primefaces&v=4.0 HTTP/1.1" 304 -
172.22.2.4 - - [12/Feb/2023:09:12:10 -0500] "GET /BLA/boletinlegal/ HTTP/1.1" 200 57192
186.29.202.223 - - [12/Feb/2023:09:14:05 -0500] "POST /sipse/faces/presentacion/financiero/solicitudProceso/consultarHistorialSolProceso.xhtml HTTP/1.1" 200 168985
