186.86.33.189 - - [12/Feb/2023:20:50:08 -0500] "GET /sipse/faces/javax.faces.resource/layout/layout.css?ln=primefaces&v=4.0 HTTP/1.1" 304 -
186.86.33.189 - - [12/Feb/2023:20:50:08 -0500] "GET /sipse/faces/javax.faces.resource/jquery/jquery-plugins.js?ln=primefaces&v=4.0 HTTP/1.1" 304 -
186.86.33.189 - - [12/Feb/2023:20:50:08 -0500] "GET /sipse/faces/javax.faces.resource/jquery/jquery.js?ln=primefaces&v=4.0 HTTP/1.1" 304 -
186.86.33.189 - - [12/Feb/2023:20:50:08 -0500] "GET /sipse/faces/javax.faces.resource/primefaces.js?ln=primefaces&v=4.0 HTTP/1.1" 304 -
186.86.33.189 - - [12/Feb/2023:20:50:08 -0500] "GET /sipse/faces/javax.faces.resource/layout/layout.js?ln=primefaces&v=4.0 HTTP/1.1" 304 -
186.86.33.189 - - [12/Feb/2023:20:50:08 -0500] "GET /sipse/faces/javax.faces.resource/images/ui-icons_898989_256x240.png?ln=primefaces-aristo HTTP/1.1" 304 -
186.86.33.189 - - [12/Feb/2023:20:50:41 -0500] "GET /sipse/faces/javax.faces.resource/images/ui-bg_flat_0_2d5972_40x100.png?ln=primefaces-aristo HTTP/1.1" 304 -
186.86.33.189 - - [12/Feb/2023:20:50:41 -0500] "POST /sipse/faces/presentacion/sistema/reporte/ventanaVerReporteParametros.xhtml HTTP/1.1" 200 1471
186.86.33.189 - - [12/Feb/2023:20:50:42 -0500] "POST /sipse/faces/presentacion/sistema/reporte/ventanaVerReporteParametros.xhtml HTTP/1.1" 200 66997
186.86.33.189 - - [12/Feb/2023:20:50:43 -0500] "GET /sipse/faces/javax.faces.resource/jquery/jquery.js?ln=primefaces&v=4.0 HTTP/1.1" 304 -
186.86.33.189 - - [12/Feb/2023:20:50:43 -0500] "GET /sipse/faces/javax.faces.resource/jquery/jquery-plugins.js?ln=primefaces&v=4.0 HTTP/1.1" 304 -
186.86.33.189 - - [12/Feb/2023:20:50:43 -0500] "GET /sipse/faces/javax.faces.resource/primefaces.js?ln=primefaces&v=4.0 HTTP/1.1" 304 -
186.86.33.189 - - [12/Feb/2023:20:50:44 -0500] "GET /sipse/faces/javax.faces.resource/layout/layout.js?ln=primefaces&v=4.0 HTTP/1.1" 304 -
186.86.33.189 - - [12/Feb/2023:20:50:44 -0500] "POST /sipse/faces/presentacion/financiero/solicitudProceso/listarSolicitudProceso.xhtml HTTP/1.1" 200 1556
31.148.130.132 - - [12/Feb/2023:20:51:31 -0500] "GET /BLA/resoluciones/AUTOS%202021/5733.pdf HTTP/1.1" 200 402634
201.245.192.253 - - [12/Feb/2023:20:52:42 -0500] "POST /kwsrmcab/Wsrmcab  HTTP/1.1" 200 213
172.22.2.4 - - [12/Feb/2023:20:51:19 -0500] "HEAD /BLA/boletinlegal/ HTTP/1.1" 200 -
216.245.221.92 - - [12/Feb/2023:20:53:12 -0500] "HEAD / HTTP/1.1" 200 -
157.55.39.117 - - [12/Feb/2023:20:53:33 -0500] "GET /BLA/resoluciones/AUTOS%202021/1400.pdf HTTP/1.1" 200 380616
172.22.2.4 - - [12/Feb/2023:20:53:42 -0500] "GET /BLA/boletinlegal/jurisprudencia/analisis/AnalisisT-606-15.docx HTTP/1.1" 200 26698
172.22.2.4 - - [12/Feb/2023:20:53:42 -0500] "GET /BLA/boletinlegal/apple-touch-icon-120x120-precomposed.png HTTP/1.1" 404 1140
172.22.2.4 - - [12/Feb/2023:20:53:42 -0500] "GET /BLA/boletinlegal/apple-touch-icon-120x120.png HTTP/1.1" 404 1140
172.22.2.4 - - [12/Feb/2023:20:53:42 -0500] "GET /BLA/boletinlegal/apple-touch-icon-precomposed.png HTTP/1.1" 404 1140
172.22.2.4 - - [12/Feb/2023:20:53:42 -0500] "GET /BLA/boletinlegal/apple-touch-icon.png HTTP/1.1" 404 1140
172.22.2.4 - - [12/Feb/2023:20:53:42 -0500] "GET /BLA/boletinlegal/favicon.ico HTTP/1.1" 404 1140
172.22.2.4 - - [12/Feb/2023:20:53:42 -0500] "GET /BLA/boletinlegal/apple-touch-icon-120x120-precomposed.png HTTP/1.1" 404 1140
172.22.2.4 - - [12/Feb/2023:20:53:42 -0500] "GET /BLA/boletinlegal/apple-touch-icon-120x120.png HTTP/1.1" 404 1140
172.22.2.4 - - [12/Feb/2023:20:53:42 -0500] "GET /BLA/boletinlegal/apple-touch-icon-precomposed.png HTTP/1.1" 404 1140
172.22.2.4 - - [12/Feb/2023:20:53:42 -0500] "GET /BLA/boletinlegal/apple-touch-icon.png HTTP/1.1" 404 1140
172.22.2.4 - - [12/Feb/2023:20:53:42 -0500] "GET /BLA/boletinlegal/favicon.ico HTTP/1.1" 404 1140
172.22.2.4 - - [12/Feb/2023:20:52:10 -0500] "GET /BLA/boletinlegal/ HTTP/1.1" 200 59404
173.252.111.120 - - [12/Feb/2023:20:54:22 -0500] "GET /images/2%20de%20febrero%20liberaci\xc3\xb3n%20Tunjo.jpeg HTTP/1.1" 404 1034
173.252.111.22 - - [12/Feb/2023:20:54:22 -0500] "GET /images/1%20de%20febrero%20Humedal%20El%20Tunjo.jpeg HTTP/1.1" 200 52973
173.252.111.14 - - [12/Feb/2023:20:54:22 -0500] "GET /images/1%20de%20febrero%20D\xc3\xada%20sin%20carro.jpeg HTTP/1.1" 404 1034
173.252.111.18 - - [12/Feb/2023:20:54:22 -0500] "GET /images/vertimiento-Comprimida%20(1).png HTTP/1.1" 200 22870
173.252.111.16 - - [12/Feb/2023:20:54:29 -0500] "GET /images/Secretaria%20Urrutia%20evento%20h\xc3\xa1bitat%20Francia%2024%20de%20enero.jpeg HTTP/1.1" 404 1034
173.252.111.9 - - [12/Feb/2023:20:54:29 -0500] "GET /images/19%20de%20enero%20\xc3\xa1rbol%20bosque%20San%20Carlos.jpg HTTP/1.1" 404 1034
173.252.111.13 - - [12/Feb/2023:20:54:37 -0500] "GET /images/foto%202.jpg HTTP/1.1" 200 63300
173.252.111.12 - - [12/Feb/2023:20:54:37 -0500] "GET /images/IMG_3028%20(1).jpg HTTP/1.1" 200 435206
173.252.111.24 - - [12/Feb/2023:20:54:37 -0500] "GET /images/Archivo%20pacto%20aire%2023%20enero.jpeg HTTP/1.1" 200 28889
172.22.2.4 - - [12/Feb/2023:20:54:58 -0500] "GET /BLA/boletinlegal/style.css HTTP/1.1" 200 9406
172.22.2.4 - - [12/Feb/2023:20:54:58 -0500] "GET /BLA/boletinlegal/styles2.css HTTP/1.1" 200 1838
172.22.2.4 - - [12/Feb/2023:20:54:58 -0500] "GET /BLA/boletinlegal/js/jquery.scrollTo-min.js HTTP/1.1" 200 1150
172.22.2.4 - - [12/Feb/2023:20:54:58 -0500] "GET /BLA/boletinlegal/js/jquery.js HTTP/1.1" 200 57254
172.22.2.4 - - [12/Feb/2023:20:54:58 -0500] "GET /BLA/boletinlegal/images/subscribe-icon-big.png HTTP/1.1" 200 47702
172.22.2.4 - - [12/Feb/2023:20:54:58 -0500] "GET /BLA/boletinlegal/js/jquery.scrollShow.js HTTP/1.1" 200 4586
172.22.2.4 - - [12/Feb/2023:20:54:58 -0500] "GET /BLA/boletinlegal/images/cabezote%20BLEGAL.jpg HTTP/1.1" 200 118164
172.22.2.4 - - [12/Feb/2023:20:54:58 -0500] "GET /BLA/boletinlegal/images/historia.png HTTP/1.1" 200 52775
172.22.2.4 - - [12/Feb/2023:20:54:58 -0500] "GET /BLA/boletinlegal/images/registro-usuarios.png HTTP/1.1" 200 8106
172.22.2.4 - - [12/Feb/2023:20:54:58 -0500] "GET /BLA/boletinlegal/images/arr_l.jpg HTTP/1.1" 200 1979
172.22.2.4 - - [12/Feb/2023:20:54:59 -0500] "GET /BLA/boletinlegal/images/screen_1.png HTTP/1.1" 200 202547
172.22.2.4 - - [12/Feb/2023:20:54:59 -0500] "GET /BLA/boletinlegal/images/launch.jpg HTTP/1.1" 200 14577
172.22.2.4 - - [12/Feb/2023:20:55:01 -0500] "GET /BLA/boletinlegal/images/body_bg.jpg HTTP/1.1" 200 1601
172.22.2.4 - - [12/Feb/2023:20:55:01 -0500] "GET /BLA/boletinlegal/images/menu_lft.gif HTTP/1.1" 200 1713
172.22.2.4 - - [12/Feb/2023:20:55:01 -0500] "GET /BLA/boletinlegal/images/menu_rght.gif HTTP/1.1" 200 1627
172.22.2.4 - - [12/Feb/2023:20:55:01 -0500] "GET /BLA/boletinlegal/images/bg_top.jpg HTTP/1.1" 200 522
172.22.2.4 - - [12/Feb/2023:20:55:01 -0500] "GET /BLA/boletinlegal/images/text.jpg HTTP/1.1" 200 568
172.22.2.4 - - [12/Feb/2023:20:55:01 -0500] "GET /BLA/boletinlegal/images/hover.jpg HTTP/1.1" 200 640
172.22.2.4 - - [12/Feb/2023:20:55:01 -0500] "GET /BLA/boletinlegal/images/menu_bg.jpg HTTP/1.1" 200 620
172.22.2.4 - - [12/Feb/2023:20:55:04 -0500] "GET /BLA/boletinlegal/images/arr_r.jpg HTTP/1.1" 200 1998
172.22.2.4 - - [12/Feb/2023:20:55:04 -0500] "GET /BLA/boletinlegal/images/screen_2.png HTTP/1.1" 200 362502
172.22.2.4 - - [12/Feb/2023:20:55:04 -0500] "GET /BLA/boletinlegal/images/screen_3.png HTTP/1.1" 200 210620
172.22.2.4 - - [12/Feb/2023:20:55:04 -0500] "GET /BLA/boletinlegal/images/screen_5.png HTTP/1.1" 200 368876
172.22.2.4 - - [12/Feb/2023:20:55:05 -0500] "GET /BLA/boletinlegal/images/footer_bg.jpg HTTP/1.1" 200 586
172.22.2.4 - - [12/Feb/2023:20:55:12 -0500] "GET /BLA/boletinlegal/images/pdf.gif HTTP/1.1" 200 567
152.203.224.190 - - [12/Feb/2023:20:56:20 -0500] "GET /sipse/faces/faces/faces/faces/index.xhtml HTTP/1.1" 200 677
152.203.224.190 - - [12/Feb/2023:20:56:20 -0500] "GET /sipse/faces/javax.faces.resource/theme.css?ln=primefaces-sipse HTTP/1.1" 304 -
152.203.224.190 - - [12/Feb/2023:20:56:20 -0500] "GET /sipse/faces/faces/faces/faces/faces/autenticacion.xhtml HTTP/1.1" 200 12181
152.203.224.190 - - [12/Feb/2023:20:56:21 -0500] "GET /sipse/faces/javax.faces.resource/theme.css?ln=primefaces-sipse HTTP/1.1" 304 -
152.203.224.190 - - [12/Feb/2023:20:56:21 -0500] "GET /sipse/faces/javax.faces.resource/primefaces.css?ln=primefaces&v=4.0 HTTP/1.1" 304 -
152.203.224.190 - - [12/Feb/2023:20:56:21 -0500] "GET /sipse/js/funciones.js HTTP/1.1" 304 -
152.203.224.190 - - [12/Feb/2023:20:56:21 -0500] "GET /sipse/css/custom_css_sg_prime_login.css HTTP/1.1" 304 -
152.203.224.190 - - [12/Feb/2023:20:56:21 -0500] "GET /sipse/css/custom_css_sg.css HTTP/1.1" 304 -
152.203.224.190 - - [12/Feb/2023:20:56:21 -0500] "GET /sipse/js/disable_browser_buttons.js HTTP/1.1" 304 -
152.203.224.190 - - [12/Feb/2023:20:56:21 -0500] "GET /sipse/faces/javax.faces.resource/layout/layout.css?ln=primefaces&v=4.0 HTTP/1.1" 304 -
152.203.224.190 - - [12/Feb/2023:20:56:21 -0500] "GET /sipse/faces/javax.faces.resource/primefaces.js?ln=primefaces&v=4.0 HTTP/1.1" 304 -
152.203.224.190 - - [12/Feb/2023:20:56:21 -0500] "GET /sipse/faces/javax.faces.resource/jquery/jquery.js?ln=primefaces&v=4.0 HTTP/1.1" 304 -
152.203.224.190 - - [12/Feb/2023:20:56:21 -0500] "GET /sipse/faces/javax.faces.resource/layout/layout.js?ln=primefaces&v=4.0 HTTP/1.1" 304 -
152.203.224.190 - - [12/Feb/2023:20:56:21 -0500] "GET /sipse/faces/javax.faces.resource/jquery/jquery-plugins.js?ln=primefaces&v=4.0 HTTP/1.1" 304 -
152.203.224.190 - - [12/Feb/2023:20:56:21 -0500] "GET /sipse/css/imagen/logoSDG.png HTTP/1.1" 304 -
152.203.224.190 - - [12/Feb/2023:20:56:21 -0500] "GET /sipse/css/imagen/loginimg.png HTTP/1.1" 304 -
152.203.224.190 - - [12/Feb/2023:20:56:21 -0500] "GET /sipse/faces/javax.faces.resource/images/ui-icons_898989_256x240.png?ln=primefaces-aristo HTTP/1.1" 304 -
172.22.2.4 - - [12/Feb/2023:20:54:57 -0500] "GET /BLA/boletinlegal/ HTTP/1.1" 200 62423
172.22.2.4 - - [12/Feb/2023:20:56:37 -0500] "GET /BLA/boletinlegal/favicon.ico HTTP/1.1" 404 1308
152.39.130.11 - - [12/Feb/2023:20:56:41 -0500] "GET /incendios-forestales-como-prevenirlos-y-aportar-al-cuidado-de-los-ecosistemas.html HTTP/1.1" 200 883
208.94.228.227 - - [12/Feb/2023:20:56:41 -0500] "GET /ascenso-tecnologico-distrito-firma-decreto-que-permitira-renovar-parte-de-los-vehiculos-de-carga-y-asi-reducir-emisiones-contaminantes.html HTTP/1.1" 200 1058
66.249.64.49 - - [12/Feb/2023:20:56:51 -0500] "-" 408 -
201.245.192.253 - - [12/Feb/2023:20:57:42 -0500] "POST /kwsrmcab/Wsrmcab  HTTP/1.1" 200 213
186.84.21.222 - - [12/Feb/2023:20:56:50 -0500] "POST /sipse/faces/presentacion/financiero/solicitudProceso/consultarSolicitudProceso.xhtml HTTP/1.1" 200 8171320
216.245.221.92 - - [12/Feb/2023:20:58:12 -0500] "HEAD / HTTP/1.1" 200 -
172.22.2.4 - - [12/Feb/2023:20:57:09 -0500] "HEAD /BLA/boletinlegal/ HTTP/1.1" 200 -
185.119.81.106 - - [12/Feb/2023:20:59:12 -0500] "GET /portaldeninos/wp-login.php HTTP/1.1" 200 2592
185.119.81.106 - - [12/Feb/2023:20:59:13 -0500] "POST /portaldeninos/wp-login.php HTTP/1.1" 200 3650
172.22.2.4 - - [12/Feb/2023:20:58:00 -0500] "GET /BLA/boletinlegal/ HTTP/1.1" 200 59404
190.66.247.53 - - [12/Feb/2023:20:59:42 -0500] "POST /sipse/faces/presentacion/financiero/solicitudProceso/consultarSolicitudProceso.xhtml HTTP/1.1" 200 65284
190.66.247.53 - - [12/Feb/2023:20:59:43 -0500] "GET /sipse/faces/javax.faces.resource/theme.css?ln=primefaces-sipse HTTP/1.1" 304 -
190.66.247.53 - - [12/Feb/2023:20:59:43 -0500] "GET /sipse/faces/javax.faces.resource/primefaces.css?ln=primefaces&v=4.0 HTTP/1.1" 304 -
190.66.247.53 - - [12/Feb/2023:20:59:43 -0500] "GET /sipse/faces/javax.faces.resource/jquery/jquery.js?ln=primefaces&v=4.0 HTTP/1.1" 304 -
190.66.247.53 - - [12/Feb/2023:20:59:43 -0500] "GET /sipse/faces/javax.faces.resource/layout/layout.css?ln=primefaces&v=4.0 HTTP/1.1" 304 -
190.66.247.53 - - [12/Feb/2023:20:59:43 -0500] "GET /sipse/faces/javax.faces.resource/layout/layout.js?ln=primefaces&v=4.0 HTTP/1.1" 304 -
190.66.247.53 - - [12/Feb/2023:20:59:43 -0500] "GET /sipse/faces/javax.faces.resource/primefaces.js?ln=primefaces&v=4.0 HTTP/1.1" 304 -
190.66.247.53 - - [12/Feb/2023:20:59:43 -0500] "GET /sipse/faces/javax.faces.resource/jquery/jquery-plugins.js?ln=primefaces&v=4.0 HTTP/1.1" 304 -
190.66.247.53 - - [12/Feb/2023:20:59:43 -0500] "GET /sipse/css/imagen/contrasena.png HTTP/1.1" 404 383
190.66.247.53 - - [12/Feb/2023:20:59:43 -0500] "GET /sipse/faces/javax.faces.resource/images/ui-icons_898989_256x240.png?ln=primefaces-aristo HTTP/1.1" 304 -
190.66.247.53 - - [12/Feb/2023:20:59:44 -0500] "GET /sipse/faces/javax.faces.resource/images/ui-bg_flat_0_2d5972_40x100.png?ln=primefaces-aristo HTTP/1.1" 304 -
190.66.247.53 - - [12/Feb/2023:20:59:44 -0500] "POST /sipse/faces/presentacion/financiero/solicitudProceso/listarSolicitudProceso.xhtml HTTP/1.1" 200 1556
190.66.247.53 - - [12/Feb/2023:20:59:44 -0500] "POST /sipse/faces/presentacion/financiero/solicitudProceso/listarSolicitudProceso.xhtml HTTP/1.1" 200 1552
190.66.247.53 - - [12/Feb/2023:20:59:47 -0500] "POST /sipse/faces/presentacion/financiero/solicitudProceso/listarSolicitudProceso.xhtml HTTP/1.1" 200 152278
190.66.247.53 - - [12/Feb/2023:20:59:49 -0500] "GET /sipse/faces/javax.faces.resource/theme.css?ln=primefaces-sipse HTTP/1.1" 304 -
190.66.247.53 - - [12/Feb/2023:20:59:49 -0500] "GET /sipse/faces/javax.faces.resource/primefaces.css?ln=primefaces&v=4.0 HTTP/1.1" 304 -
190.66.247.53 - - [12/Feb/2023:20:59:49 -0500] "GET /sipse/faces/javax.faces.resource/layout/layout.css?ln=primefaces&v=4.0 HTTP/1.1" 304 -
190.66.247.53 - - [12/Feb/2023:20:59:49 -0500] "GET /sipse/faces/javax.faces.resource/jquery/jquery.js?ln=primefaces&v=4.0 HTTP/1.1" 304 -
190.66.247.53 - - [12/Feb/2023:20:59:49 -0500] "GET /sipse/faces/javax.faces.resource/jquery/jquery-plugins.js?ln=primefaces&v=4.0 HTTP/1.1" 304 -
190.66.247.53 - - [12/Feb/2023:20:59:49 -0500] "GET /sipse/faces/javax.faces.resource/primefaces.js?ln=primefaces&v=4.0 HTTP/1.1" 304 -
190.66.247.53 - - [12/Feb/2023:20:59:49 -0500] "GET /sipse/faces/javax.faces.resource/layout/layout.js?ln=primefaces&v=4.0 HTTP/1.1" 304 -
190.66.247.53 - - [12/Feb/2023:21:01:16 -0500] "POST /sipse/faces/presentacion/financiero/solicitudProceso/consultarSolicitudProceso.xhtml HTTP/1.1" 200 6345
190.66.247.53 - - [12/Feb/2023:21:01:16 -0500] "GET /sipse/faces/javax.faces.resource/messages/messages.png?ln=primefaces&v=4.0 HTTP/1.1" 304 -
190.66.247.53 - - [12/Feb/2023:21:01:20 -0500] "POST /sipse/faces/presentacion/financiero/solicitudProceso/consultarSolicitudProceso.xhtml HTTP/1.1" 200 6362
69.171.251.2 - - [12/Feb/2023:21:01:22 -0500] "GET /images/reunion-planta-termovalorizacion-11-mayo.jpg HTTP/1.1" 200 34782
190.66.247.53 - - [12/Feb/2023:21:01:23 -0500] "POST /sipse/faces/presentacion/financiero/solicitudProceso/consultarSolicitudProceso.xhtml HTTP/1.1" 200 61743
190.66.247.53 - - [12/Feb/2023:21:01:26 -0500] "GET /sipse/faces/javax.faces.resource/theme.css?ln=primefaces-sipse HTTP/1.1" 304 -
190.66.247.53 - - [12/Feb/2023:21:01:26 -0500] "GET /sipse/faces/javax.faces.resource/primefaces.css?ln=primefaces&v=4.0 HTTP/1.1" 304 -
190.66.247.53 - - [12/Feb/2023:21:01:26 -0500] "GET /sipse/faces/javax.faces.resource/layout/layout.css?ln=primefaces&v=4.0 HTTP/1.1" 304 -
190.66.247.53 - - [12/Feb/2023:21:01:26 -0500] "GET /sipse/faces/javax.faces.resource/jquery/jquery.js?ln=primefaces&v=4.0 HTTP/1.1" 304 -
190.66.247.53 - - [12/Feb/2023:21:01:26 -0500] "GET /sipse/faces/javax.faces.resource/jquery/jquery-plugins.js?ln=primefaces&v=4.0 HTTP/1.1" 304 -
190.66.247.53 - - [12/Feb/2023:21:01:26 -0500] "GET /sipse/faces/javax.faces.resource/primefaces.js?ln=primefaces&v=4.0 HTTP/1.1" 304 -
190.66.247.53 - - [12/Feb/2023:21:01:26 -0500] "GET /sipse/faces/javax.faces.resource/layout/layout.js?ln=primefaces&v=4.0 HTTP/1.1" 304 -
190.66.247.53 - - [12/Feb/2023:21:01:27 -0500] "POST /sipse/faces/presentacion/financiero/solicitudProceso/listarSolicitudProceso.xhtml HTTP/1.1" 200 1556
77.91.78.30 - - [12/Feb/2023:21:01:59 -0500] "POST /BLA/boletinlegal/admin/index.php HTTP/1.1" 200 2324
201.245.192.253 - - [12/Feb/2023:21:02:40 -0500] "POST /kwsrmcab/Wsrmcab  HTTP/1.1" 200 213
216.245.221.92 - - [12/Feb/2023:21:03:12 -0500] "HEAD / HTTP/1.1" 200 -
31.13.127.120 - - [12/Feb/2023:21:03:14 -0500] "GET /images/IMG_3028%20(1).jpg HTTP/1.1" 200 435206
172.22.2.4 - - [12/Feb/2023:21:02:59 -0500] "HEAD /BLA/boletinlegal/ HTTP/1.1" 200 -
186.84.21.222 - - [12/Feb/2023:21:04:55 -0500] "POST /sipse/faces/presentacion/financiero/solicitudProceso/consultarSolicitudProceso.xhtml HTTP/1.1" 200 7383329
186.84.21.222 - - [12/Feb/2023:21:04:58 -0500] "POST /sipse/faces/presentacion/financiero/solicitudProceso/consultarSolicitudProceso.xhtml HTTP/1.1" 200 7522114
186.84.21.222 - - [12/Feb/2023:21:05:08 -0500] "POST /sipse/faces/presentacion/financiero/solicitudProceso/consultarSolicitudProceso.xhtml HTTP/1.1" 200 1928059
186.84.21.222 - - [12/Feb/2023:21:05:06 -0500] "POST /sipse/faces/presentacion/financiero/solicitudProceso/consultarSolicitudProceso.xhtml HTTP/1.1" 200 3876160
172.22.2.4 - - [12/Feb/2023:21:03:50 -0500] "GET /BLA/boletinlegal/ HTTP/1.1" 200 59404
40.77.167.251 - - [12/Feb/2023:21:06:52 -0500] "GET /BLA/resoluciones/AUTOS%202021/0846.pdf HTTP/1.1" 200 1311488
201.245.192.253 - - [12/Feb/2023:21:07:39 -0500] "POST /kwsrmcab/Wsrmcab  HTTP/1.1" 200 213
172.22.2.4 - - [12/Feb/2023:21:07:42 -0500] "GET /BLA/boletinlegal/jurisprudencia.php HTTP/1.1" 200 17573
216.245.221.92 - - [12/Feb/2023:21:08:12 -0500] "HEAD / HTTP/1.1" 200 -
186.86.33.189 - - [12/Feb/2023:21:08:35 -0500] "POST /sipse/faces/presentacion/financiero/solicitudProceso/listarSolicitudProceso.xhtml HTTP/1.1" 200 31729
172.22.2.4 - - [12/Feb/2023:21:08:36 -0500] "GET /BLA/boletinlegal/js/lib.js HTTP/1.1" 200 6474
172.22.2.4 - - [12/Feb/2023:21:08:40 -0500] "GET /BLA/boletinlegal/js/jquery1.js HTTP/1.1" 200 29846
172.22.2.4 - - [12/Feb/2023:21:08:41 -0500] "GET /BLA/boletinlegal/js/popup.js HTTP/1.1" 200 1270
191.109.182.72 - - [12/Feb/2023:21:09:54 -0500] "GET /BLA/resoluciones/index.php?dir=RESOLUCIONES+2012%2F HTTP/1.1" 200 140066
186.86.33.189 - - [12/Feb/2023:21:10:03 -0500] "POST /sipse/faces/presentacion/financiero/solicitudProceso/listarSolicitudProceso.xhtml HTTP/1.1" 200 14120
191.109.182.72 - - [12/Feb/2023:21:10:08 -0500] "GET /BLA/resoluciones/RESOLUCIONES%202012/0719.pdf HTTP/1.1" 200 180213
186.86.33.189 - - [12/Feb/2023:21:10:17 -0500] "POST /sipse/faces/presentacion/financiero/solicitudProceso/listarSolicitudProceso.xhtml HTTP/1.1" 200 31675
186.86.33.189 - - [12/Feb/2023:21:10:23 -0500] "POST /sipse/faces/presentacion/financiero/solicitudProceso/listarSolicitudProceso.xhtml HTTP/1.1" 200 159658
186.86.33.189 - - [12/Feb/2023:21:10:26 -0500] "GET /sipse/faces/javax.faces.resource/jquery/jquery.js?ln=primefaces&v=4.0 HTTP/1.1" 304 -
186.86.33.189 - - [12/Feb/2023:21:10:26 -0500] "GET /sipse/faces/javax.faces.resource/jquery/jquery-plugins.js?ln=primefaces&v=4.0 HTTP/1.1" 304 -
186.86.33.189 - - [12/Feb/2023:21:10:26 -0500] "GET /sipse/faces/javax.faces.resource/primefaces.js?ln=primefaces&v=4.0 HTTP/1.1" 304 -
186.86.33.189 - - [12/Feb/2023:21:10:26 -0500] "GET /sipse/faces/javax.faces.resource/layout/layout.js?ln=primefaces&v=4.0 HTTP/1.1" 304 -
172.22.2.4 - - [12/Feb/2023:21:08:49 -0500] "HEAD /BLA/boletinlegal/ HTTP/1.1" 200 -
172.22.2.4 - - [12/Feb/2023:21:09:40 -0500] "GET /BLA/boletinlegal/ HTTP/1.1" 200 53739
185.119.81.106 - - [12/Feb/2023:21:11:29 -0500] "GET /portaldeninos/wp-login.php HTTP/1.1" 200 2592
185.119.81.106 - - [12/Feb/2023:21:11:30 -0500] "POST /portaldeninos/wp-login.php HTTP/1.1" 200 3670
186.84.89.190 - - [12/Feb/2023:21:11:39 -0500] "GET /sipse/faces/index.xhtml HTTP/1.1" 200 677
186.86.33.189 - - [12/Feb/2023:21:11:47 -0500] "POST /sipse/faces/presentacion/financiero/solicitudProceso/consultarSolicitudProceso.xhtml HTTP/1.1" 200 161439
190.130.103.35 - - [12/Feb/2023:21:12:21 -0500] "GET /galeria/galeria/jquery.fancybox.css?v=2.1.5 HTTP/1.1" 200 4895
190.130.103.35 - - [12/Feb/2023:21:12:21 -0500] "GET /galeria/galeria/jquery.fancybox.js?v=2.1.5 HTTP/1.1" 200 48706
190.130.103.35 - - [12/Feb/2023:21:12:21 -0500] "GET /BLA/boletinlegal/js/jquery.scrollShow.js HTTP/1.1" 200 4586
201.245.192.253 - - [12/Feb/2023:21:12:39 -0500] "POST /kwsrmcab/Wsrmcab  HTTP/1.1" 200 213
66.249.64.45 - - [12/Feb/2023:21:12:50 -0500] "-" 408 -
216.245.221.92 - - [12/Feb/2023:21:13:12 -0500] "HEAD / HTTP/1.1" 200 -
186.86.33.189 - - [12/Feb/2023:21:14:23 -0500] "POST /sipse/faces/presentacion/financiero/solicitudProceso/consultarSolicitudProceso.xhtml HTTP/1.1" 200 87202
186.86.33.189 - - [12/Feb/2023:21:14:59 -0500] "POST /sipse/faces/presentacion/financiero/solicitudProceso/consultarSolicitudProceso.xhtml HTTP/1.1" 200 188571
185.119.81.101 - - [12/Feb/2023:21:15:58 -0500] "GET /portaldeninos/wp-login.php HTTP/1.1" 200 2592
185.119.81.101 - - [12/Feb/2023:21:15:59 -0500] "POST /portaldeninos/wp-login.php HTTP/1.1" 200 3670
186.154.32.191 - - [12/Feb/2023:21:16:12 -0500] "POST /sipse/faces/presentacion/financiero/solicitudProceso/listarSolicitudProceso.xhtml HTTP/1.1" 200 57882
186.154.32.191 - - [12/Feb/2023:21:16:12 -0500] "POST /sipse/faces/presentacion/financiero/solicitudProceso/listarSolicitudProceso.xhtml HTTP/1.1" 200 57882
186.154.32.191 - - [12/Feb/2023:21:16:12 -0500] "POST /sipse/faces/presentacion/financiero/solicitudProceso/listarSolicitudProceso.xhtml HTTP/1.1" 200 1556
186.154.32.191 - - [12/Feb/2023:21:16:12 -0500] "POST /sipse/faces/presentacion/financiero/solicitudProceso/listarSolicitudProceso.xhtml HTTP/1.1" 200 1552
172.22.2.4 - - [12/Feb/2023:21:14:39 -0500] "HEAD /BLA/boletinlegal/ HTTP/1.1" 200 -
186.84.21.222 - - [12/Feb/2023:21:16:33 -0500] "POST /sipse/faces/presentacion/financiero/solicitudProceso/consultarSolicitudProceso.xhtml HTTP/1.1" 200 38506
186.84.21.222 - - [12/Feb/2023:21:16:36 -0500] "GET /sipse/faces/javax.faces.resource/jquery/jquery.js?ln=primefaces&v=4.0 HTTP/1.1" 304 -
186.84.21.222 - - [12/Feb/2023:21:16:36 -0500] "GET /sipse/faces/javax.faces.resource/jquery/jquery-plugins.js?ln=primefaces&v=4.0 HTTP/1.1" 304 -
186.84.21.222 - - [12/Feb/2023:21:16:36 -0500] "GET /sipse/faces/javax.faces.resource/primefaces.js?ln=primefaces&v=4.0 HTTP/1.1" 304 -
186.84.21.222 - - [12/Feb/2023:21:16:36 -0500] "GET /sipse/faces/javax.faces.resource/layout/layout.js?ln=primefaces&v=4.0 HTTP/1.1" 304 -
186.86.33.189 - - [12/Feb/2023:21:16:36 -0500] "POST /sipse/faces/presentacion/financiero/solicitudProceso/consultarSolicitudProceso.xhtml HTTP/1.1" 200 5581
186.84.21.222 - - [12/Feb/2023:21:16:36 -0500] "POST /sipse/faces/presentacion/financiero/solicitudProceso/listarSolicitudProceso.xhtml HTTP/1.1" 200 1420
186.86.33.189 - - [12/Feb/2023:21:16:37 -0500] "GET /sipse/faces/javax.faces.resource/dynamiccontent.properties?ln=primefaces&pfdrid=XjOR5%2F%2FfPAZAuY9TpWQeCiM0BhlXxYRBGKi%2FQcXXfeA%3D&pfdrid_c=false HTTP/1.1" 200 165293
186.84.21.222 - - [12/Feb/2023:21:16:42 -0500] "POST /sipse/faces/presentacion/financiero/solicitudProceso/listarSolicitudProceso.xhtml HTTP/1.1" 200 41611
186.84.21.222 - - [12/Feb/2023:21:16:42 -0500] "GET /sipse/faces/javax.faces.resource/jquery/jquery.js?ln=primefaces&v=4.0 HTTP/1.1" 304 -
186.84.21.222 - - [12/Feb/2023:21:16:42 -0500] "GET /sipse/faces/javax.faces.resource/jquery/jquery-plugins.js?ln=primefaces&v=4.0 HTTP/1.1" 304 -
186.84.21.222 - - [12/Feb/2023:21:16:42 -0500] "GET /sipse/faces/javax.faces.resource/primefaces.js?ln=primefaces&v=4.0 HTTP/1.1" 304 -
186.84.21.222 - - [12/Feb/2023:21:16:42 -0500] "GET /sipse/faces/javax.faces.resource/layout/layout.js?ln=primefaces&v=4.0 HTTP/1.1" 304 -
186.84.21.222 - - [12/Feb/2023:21:16:43 -0500] "POST /sipse/faces/presentacion/financiero/solicitudProceso/consultar.xhtml HTTP/1.1" 200 34980
186.84.21.222 - - [12/Feb/2023:21:16:43 -0500] "POST /sipse/faces/presentacion/financiero/solicitudProceso/consultar.xhtml HTTP/1.1" 200 34980
186.84.21.222 - - [12/Feb/2023:21:16:43 -0500] "POST /sipse/faces/presentacion/financiero/solicitudProceso/consultar.xhtml HTTP/1.1" 200 34980
186.84.21.222 - - [12/Feb/2023:21:16:44 -0500] "POST /sipse/faces/presentacion/financiero/solicitudProceso/consultar.xhtml HTTP/1.1" 200 34980
186.84.21.222 - - [12/Feb/2023:21:16:44 -0500] "POST /sipse/faces/presentacion/financiero/solicitudProceso/consultar.xhtml HTTP/1.1" 200 34980
186.84.21.222 - - [12/Feb/2023:21:16:44 -0500] "POST /sipse/faces/presentacion/financiero/solicitudProceso/consultar.xhtml HTTP/1.1" 200 34980
186.86.33.189 - - [12/Feb/2023:21:16:53 -0500] "POST /sipse/faces/presentacion/financiero/solicitudProceso/consultarSolicitudProceso.xhtml HTTP/1.1" 200 5570
172.22.2.4 - - [12/Feb/2023:21:15:30 -0500] "GET /BLA/boletinlegal/ HTTP/1.1" 200 58185
201.245.192.253 - - [12/Feb/2023:21:17:38 -0500] "POST /kwsrmcab/Wsrmcab  HTTP/1.1" 200 213
186.84.21.222 - - [12/Feb/2023:21:17:56 -0500] "POST /sipse/faces/presentacion/financiero/solicitudProceso/consultar.xhtml HTTP/1.1" 200 12947
216.245.221.92 - - [12/Feb/2023:21:18:12 -0500] "HEAD / HTTP/1.1" 200 -
201.245.192.253 - - [12/Feb/2023:21:18:13 -0500] "POST /kwsrmcab/Wsrmcab HTTP/1.1" 200 41190
201.245.192.253 - - [12/Feb/2023:21:18:15 -0500] "POST /kwsrmcab/Wsrmcab HTTP/1.1" 200 39277
186.86.33.189 - - [12/Feb/2023:21:18:45 -0500] "POST /sipse/faces/presentacion/financiero/solicitudProceso/consultarSolicitudProceso.xhtml HTTP/1.1" 200 5570
172.22.2.4 - - [12/Feb/2023:21:19:05 -0500] "GET /BLA/boletinlegal/actos.php HTTP/1.1" 200 9606
186.86.33.189 - - [12/Feb/2023:21:19:26 -0500] "GET /sipse/faces/javax.faces.resource/theme.css?ln=primefaces-sipse HTTP/1.1" 304 -
186.86.33.189 - - [12/Feb/2023:21:19:26 -0500] "GET /sipse/faces/javax.faces.resource/primefaces.js?ln=primefaces&v=4.0 HTTP/1.1" 304 -
186.86.33.189 - - [12/Feb/2023:21:19:26 -0500] "GET /sipse/faces/javax.faces.resource/primefaces.css?ln=primefaces&v=4.0 HTTP/1.1" 304 -
186.86.33.189 - - [12/Feb/2023:21:19:26 -0500] "GET /sipse/faces/javax.faces.resource/jquery/jquery-plugins.js?ln=primefaces&v=4.0 HTTP/1.1" 304 -
186.86.33.189 - - [12/Feb/2023:21:19:26 -0500] "GET /sipse/faces/javax.faces.resource/layout/layout.css?ln=primefaces&v=4.0 HTTP/1.1" 304 -
186.86.33.189 - - [12/Feb/2023:21:19:26 -0500] "GET /sipse/faces/javax.faces.resource/jquery/jquery.js?ln=primefaces&v=4.0 HTTP/1.1" 304 -
186.86.33.189 - - [12/Feb/2023:21:19:25 -0500] "POST /sipse/faces/presentacion/financiero/solicitudProceso/consultarSolicitudProceso.xhtml HTTP/1.1" 200 70720
186.86.33.189 - - [12/Feb/2023:21:19:26 -0500] "GET /sipse/faces/javax.faces.resource/layout/layout.js?ln=primefaces&v=4.0 HTTP/1.1" 304 -
186.86.33.189 - - [12/Feb/2023:21:19:26 -0500] "GET /sipse/faces/javax.faces.resource/images/ui-icons_898989_256x240.png?ln=primefaces-aristo HTTP/1.1" 304 -
186.86.33.189 - - [12/Feb/2023:21:19:26 -0500] "GET /sipse/faces/javax.faces.resource/images/ui-bg_flat_0_2d5972_40x100.png?ln=primefaces-aristo HTTP/1.1" 304 -
186.86.33.189 - - [12/Feb/2023:21:19:26 -0500] "POST /sipse/faces/presentacion/financiero/solicitudProceso/listarSolicitudProceso.xhtml HTTP/1.1" 200 1556
186.86.33.189 - - [12/Feb/2023:21:19:26 -0500] "POST /sipse/faces/presentacion/financiero/solicitudProceso/listarSolicitudProceso.xhtml HTTP/1.1" 200 1552
186.86.33.189 - - [12/Feb/2023:21:19:35 -0500] "POST /sipse/faces/presentacion/financiero/solicitudProceso/listarSolicitudProceso.xhtml HTTP/1.1" 200 155836
186.86.33.189 - - [12/Feb/2023:21:19:36 -0500] "GET /sipse/faces/javax.faces.resource/jquery/jquery.js?ln=primefaces&v=4.0 HTTP/1.1" 304 -
186.86.33.189 - - [12/Feb/2023:21:19:36 -0500] "GET /sipse/faces/javax.faces.resource/jquery/jquery-plugins.js?ln=primefaces&v=4.0 HTTP/1.1" 304 -
186.86.33.189 - - [12/Feb/2023:21:19:37 -0500] "GET /sipse/faces/javax.faces.resource/primefaces.js?ln=primefaces&v=4.0 HTTP/1.1" 304 -
186.86.33.189 - - [12/Feb/2023:21:19:37 -0500] "GET /sipse/faces/javax.faces.resource/layout/layout.js?ln=primefaces&v=4.0 HTTP/1.1" 304 -
186.86.33.189 - - [12/Feb/2023:21:19:45 -0500] "POST /sipse/faces/presentacion/financiero/solicitudProceso/consultarSolicitudProceso.xhtml HTTP/1.1" 200 132802
186.86.33.189 - - [12/Feb/2023:21:20:18 -0500] "POST /sipse/faces/presentacion/financiero/solicitudProceso/consultarSolicitudProceso.xhtml HTTP/1.1" 200 94722
186.86.33.189 - - [12/Feb/2023:21:20:49 -0500] "POST /sipse/faces/presentacion/financiero/solicitudProceso/consultarSolicitudProceso.xhtml HTTP/1.1" 200 5581
186.86.33.189 - - [12/Feb/2023:21:20:50 -0500] "GET /sipse/faces/javax.faces.resource/dynamiccontent.properties?ln=primefaces&pfdrid=XjOR5%2F%2FfPAZAuY9TpWQeCiM0BhlXxYRBGKi%2FQcXXfeA%3D&pfdrid_c=false HTTP/1.1" 200 165415
168.119.61.24 - - [12/Feb/2023:21:21:03 -0500] "GET / HTTP/1.1" 200 4720
186.86.33.189 - - [12/Feb/2023:21:21:04 -0500] "POST /sipse/faces/presentacion/financiero/solicitudProceso/consultarSolicitudProceso.xhtml HTTP/1.1" 200 5570
168.119.61.24 - - [12/Feb/2023:21:21:05 -0500] "GET / HTTP/1.1" 200 319
207.46.13.10 - - [12/Feb/2023:21:21:09 -0500] "GET /BLA/resoluciones/AUTOS%202021/1564.pdf HTTP/1.1" 200 636505
34.90.126.162 - - [12/Feb/2023:21:21:23 -0500] "GET /inventario-de-emisiones-2020-transporte-publico-sitp-redujo-emisiones-de-pm-2-5-en-un-37.html HTTP/1.1" 200 925
172.22.2.4 - - [12/Feb/2023:21:20:29 -0500] "HEAD /BLA/boletinlegal/ HTTP/1.1" 200 -
201.245.192.253 - - [12/Feb/2023:21:22:37 -0500] "POST /kwsrmcab/Wsrmcab  HTTP/1.1" 200 213
172.22.2.4 - - [12/Feb/2023:21:21:20 -0500] "GET /BLA/boletinlegal/ HTTP/1.1" 200 56079
216.245.221.92 - - [12/Feb/2023:21:23:12 -0500] "HEAD / HTTP/1.1" 200 -
79.110.73.228 - - [12/Feb/2023:21:24:00 -0500] "GET /BLA/resoluciones/AUTOS%202021/5234.pdf HTTP/1.1" 200 403983
186.86.33.189 - - [12/Feb/2023:21:25:34 -0500] "GET /sipse/faces/javax.faces.resource/theme.css?ln=primefaces-sipse HTTP/1.1" 304 -
186.86.33.189 - - [12/Feb/2023:21:25:34 -0500] "GET /sipse/faces/javax.faces.resource/primefaces.css?ln=primefaces&v=4.0 HTTP/1.1" 304 -
186.86.33.189 - - [12/Feb/2023:21:25:34 -0500] "POST /sipse/faces/presentacion/financiero/solicitudProceso/consultarSolicitudProceso.xhtml HTTP/1.1" 200 70720
186.86.33.189 - - [12/Feb/2023:21:25:35 -0500] "GET /sipse/faces/javax.faces.resource/layout/layout.css?ln=primefaces&v=4.0 HTTP/1.1" 304 -
186.86.33.189 - - [12/Feb/2023:21:25:35 -0500] "GET /sipse/faces/javax.faces.resource/jquery/jquery.js?ln=primefaces&v=4.0 HTTP/1.1" 304 -
186.86.33.189 - - [12/Feb/2023:21:25:35 -0500] "GET /sipse/faces/javax.faces.resource/primefaces.js?ln=primefaces&v=4.0 HTTP/1.1" 304 -
186.86.33.189 - - [12/Feb/2023:21:25:35 -0500] "GET /sipse/faces/javax.faces.resource/jquery/jquery-plugins.js?ln=primefaces&v=4.0 HTTP/1.1" 304 -
186.86.33.189 - - [12/Feb/2023:21:25:35 -0500] "GET /sipse/faces/javax.faces.resource/layout/layout.js?ln=primefaces&v=4.0 HTTP/1.1" 304 -
186.86.33.189 - - [12/Feb/2023:21:25:35 -0500] "GET /sipse/faces/javax.faces.resource/images/ui-icons_898989_256x240.png?ln=primefaces-aristo HTTP/1.1" 304 -
186.86.33.189 - - [12/Feb/2023:21:25:35 -0500] "GET /sipse/faces/javax.faces.resource/images/ui-bg_flat_0_2d5972_40x100.png?ln=primefaces-aristo HTTP/1.1" 304 -
186.86.33.189 - - [12/Feb/2023:21:25:35 -0500] "POST /sipse/faces/presentacion/financiero/solicitudProceso/listarSolicitudProceso.xhtml HTTP/1.1" 200 1556
186.86.33.189 - - [12/Feb/2023:21:25:35 -0500] "POST /sipse/faces/presentacion/financiero/solicitudProceso/listarSolicitudProceso.xhtml HTTP/1.1" 200 1552
186.86.33.189 - - [12/Feb/2023:21:25:46 -0500] "POST /sipse/faces/presentacion/financiero/solicitudProceso/listarSolicitudProceso.xhtml HTTP/1.1" 200 155619
186.86.33.189 - - [12/Feb/2023:21:25:47 -0500] "GET /sipse/faces/javax.faces.resource/jquery/jquery.js?ln=primefaces&v=4.0 HTTP/1.1" 304 -
186.86.33.189 - - [12/Feb/2023:21:25:47 -0500] "GET /sipse/faces/javax.faces.resource/jquery/jquery-plugins.js?ln=primefaces&v=4.0 HTTP/1.1" 304 -
186.86.33.189 - - [12/Feb/2023:21:25:48 -0500] "GET /sipse/faces/javax.faces.resource/primefaces.js?ln=primefaces&v=4.0 HTTP/1.1" 304 -
186.86.33.189 - - [12/Feb/2023:21:25:48 -0500] "GET /sipse/faces/javax.faces.resource/layout/layout.js?ln=primefaces&v=4.0 HTTP/1.1" 304 -
186.86.33.189 - - [12/Feb/2023:21:25:59 -0500] "POST /sipse/faces/presentacion/financiero/solicitudProceso/consultarSolicitudProceso.xhtml HTTP/1.1" 200 159802
186.86.33.189 - - [12/Feb/2023:21:26:31 -0500] "POST /sipse/faces/presentacion/financiero/solicitudProceso/consultarSolicitudProceso.xhtml HTTP/1.1" 200 88924
66.249.64.45 - - [12/Feb/2023:21:26:51 -0500] "-" 408 -
186.86.33.189 - - [12/Feb/2023:21:26:58 -0500] "POST /sipse/faces/presentacion/financiero/solicitudProceso/consultarSolicitudProceso.xhtml HTTP/1.1" 200 5581
186.86.33.189 - - [12/Feb/2023:21:26:58 -0500] "GET /sipse/faces/javax.faces.resource/dynamiccontent.properties?ln=primefaces&pfdrid=XjOR5%2F%2FfPAZAuY9TpWQeCiM0BhlXxYRBGKi%2FQcXXfeA%3D&pfdrid_c=false HTTP/1.1" 200 165279
207.46.13.127 - - [12/Feb/2023:21:27:00 -0500] "-" 408 -
128.14.136.18 - - [12/Feb/2023:21:27:09 -0500] "GET / HTTP/1.1" 200 319
186.86.33.189 - - [12/Feb/2023:21:27:28 -0500] "POST /sipse/faces/presentacion/financiero/solicitudProceso/consultarSolicitudProceso.xhtml HTTP/1.1" 200 5570
40.77.167.226 - - [12/Feb/2023:21:27:29 -0500] "GET / HTTP/1.1" 200 4720
201.245.192.253 - - [12/Feb/2023:21:27:36 -0500] "POST /kwsrmcab/Wsrmcab  HTTP/1.1" 200 213
172.22.2.4 - - [12/Feb/2023:21:26:19 -0500] "HEAD /BLA/boletinlegal/ HTTP/1.1" 200 -
216.245.221.92 - - [12/Feb/2023:21:28:12 -0500] "HEAD / HTTP/1.1" 200 -
201.245.192.253 - - [12/Feb/2023:21:28:13 -0500] "POST /kwsrmcab/Wsrmcab HTTP/1.1" 200 41190
201.245.192.253 - - [12/Feb/2023:21:28:16 -0500] "GET /kwsrmcab/Wsrmcab?wsdl HTTP/1.1" 200 6948
201.245.192.253 - - [12/Feb/2023:21:28:16 -0500] "POST /kwsrmcab/Wsrmcab HTTP/1.1" 200 39277
172.22.2.4 - - [12/Feb/2023:21:27:10 -0500] "GET /BLA/boletinlegal/ HTTP/1.1" 200 59404
186.86.33.189 - - [12/Feb/2023:21:29:16 -0500] "GET /sipse/faces/javax.faces.resource/theme.css?ln=primefaces-sipse HTTP/1.1" 304 -
186.86.33.189 - - [12/Feb/2023:21:29:16 -0500] "GET /sipse/faces/javax.faces.resource/primefaces.css?ln=primefaces&v=4.0 HTTP/1.1" 304 -
186.86.33.189 - - [12/Feb/2023:21:29:16 -0500] "GET /sipse/faces/javax.faces.resource/layout/layout.css?ln=primefaces&v=4.0 HTTP/1.1" 304 -
186.86.33.189 - - [12/Feb/2023:21:29:16 -0500] "GET /sipse/faces/javax.faces.resource/jquery/jquery.js?ln=primefaces&v=4.0 HTTP/1.1" 304 -
186.86.33.189 - - [12/Feb/2023:21:29:16 -0500] "GET /sipse/faces/javax.faces.resource/jquery/jquery-plugins.js?ln=primefaces&v=4.0 HTTP/1.1" 304 -
186.86.33.189 - - [12/Feb/2023:21:29:16 -0500] "GET /sipse/faces/javax.faces.resource/primefaces.js?ln=primefaces&v=4.0 HTTP/1.1" 304 -
186.86.33.189 - - [12/Feb/2023:21:29:15 -0500] "POST /sipse/faces/presentacion/financiero/solicitudProceso/consultarSolicitudProceso.xhtml HTTP/1.1" 200 70720
186.86.33.189 - - [12/Feb/2023:21:29:16 -0500] "GET /sipse/faces/javax.faces.resource/layout/layout.js?ln=primefaces&v=4.0 HTTP/1.1" 304 -
186.86.33.189 - - [12/Feb/2023:21:29:16 -0500] "GET /sipse/faces/javax.faces.resource/images/ui-icons_898989_256x240.png?ln=primefaces-aristo HTTP/1.1" 304 -
186.86.33.189 - - [12/Feb/2023:21:29:17 -0500] "GET /sipse/faces/javax.faces.resource/images/ui-bg_flat_0_2d5972_40x100.png?ln=primefaces-aristo HTTP/1.1" 304 -
186.86.33.189 - - [12/Feb/2023:21:29:17 -0500] "POST /sipse/faces/presentacion/financiero/solicitudProceso/listarSolicitudProceso.xhtml HTTP/1.1" 200 1556
186.86.33.189 - - [12/Feb/2023:21:29:17 -0500] "POST /sipse/faces/presentacion/financiero/solicitudProceso/listarSolicitudProceso.xhtml HTTP/1.1" 200 1552
185.119.81.106 - - [12/Feb/2023:21:29:28 -0500] "GET /portaldeninos/wp-login.php HTTP/1.1" 200 2592
186.86.33.189 - - [12/Feb/2023:21:29:27 -0500] "POST /sipse/faces/presentacion/financiero/solicitudProceso/listarSolicitudProceso.xhtml HTTP/1.1" 200 156108
185.119.81.106 - - [12/Feb/2023:21:29:29 -0500] "POST /portaldeninos/wp-login.php HTTP/1.1" 200 3650
186.86.33.189 - - [12/Feb/2023:21:29:29 -0500] "GET /sipse/faces/javax.faces.resource/jquery/jquery.js?ln=primefaces&v=4.0 HTTP/1.1" 304 -
186.86.33.189 - - [12/Feb/2023:21:29:30 -0500] "GET /sipse/faces/javax.faces.resource/jquery/jquery-plugins.js?ln=primefaces&v=4.0 HTTP/1.1" 304 -
186.86.33.189 - - [12/Feb/2023:21:29:30 -0500] "GET /sipse/faces/javax.faces.resource/primefaces.js?ln=primefaces&v=4.0 HTTP/1.1" 304 -
186.86.33.189 - - [12/Feb/2023:21:29:30 -0500] "GET /sipse/faces/javax.faces.resource/layout/layout.js?ln=primefaces&v=4.0 HTTP/1.1" 304 -
186.86.33.189 - - [12/Feb/2023:21:29:51 -0500] "POST /sipse/faces/presentacion/financiero/solicitudProceso/consultarSolicitudProceso.xhtml HTTP/1.1" 200 159802
186.86.33.189 - - [12/Feb/2023:21:30:39 -0500] "POST /sipse/faces/presentacion/financiero/solicitudProceso/consultarSolicitudProceso.xhtml HTTP/1.1" 200 159802
172.22.2.4 - - [12/Feb/2023:21:31:18 -0500] "GET /BLA/boletinlegal/images/cabezote%20BLEGAL.jpg HTTP/1.1" 200 118164
186.86.33.189 - - [12/Feb/2023:21:31:37 -0500] "POST /sipse/faces/presentacion/financiero/solicitudProceso/consultarSolicitudProceso.xhtml HTTP/1.1" 200 87685
201.245.192.253 - - [12/Feb/2023:21:32:35 -0500] "POST /kwsrmcab/Wsrmcab  HTTP/1.1" 200 213
216.245.221.92 - - [12/Feb/2023:21:33:12 -0500] "HEAD / HTTP/1.1" 200 -
186.86.33.189 - - [12/Feb/2023:21:33:32 -0500] "POST /sipse/faces/presentacion/financiero/solicitudProceso/consultarSolicitudProceso.xhtml HTTP/1.1" 200 5581
186.86.33.189 - - [12/Feb/2023:21:33:34 -0500] "GET /sipse/faces/javax.faces.resource/dynamiccontent.properties?ln=primefaces&pfdrid=XjOR5%2F%2FfPAZAuY9TpWQeCiM0BhlXxYRBGKi%2FQcXXfeA%3D&pfdrid_c=false HTTP/1.1" 200 165283
172.22.2.4 - - [12/Feb/2023:21:32:09 -0500] "HEAD /BLA/boletinlegal/ HTTP/1.1" 200 -
186.86.33.189 - - [12/Feb/2023:21:34:02 -0500] "POST /sipse/faces/presentacion/financiero/solicitudProceso/consultarSolicitudProceso.xhtml HTTP/1.1" 200 5570
172.22.2.4 - - [12/Feb/2023:21:33:00 -0500] "GET /BLA/boletinlegal/ HTTP/1.1" 200 54100
79.110.73.15 - - [12/Feb/2023:21:34:40 -0500] "GET /BLA/resoluciones/RESOLUCIONES%202022/2976.pdf HTTP/1.1" 200 445962
157.55.39.117 - - [12/Feb/2023:21:34:48 -0500] "GET / HTTP/1.1" 200 319
190.25.77.146 - - [12/Feb/2023:21:34:58 -0500] "GET /appsia/controlador HTTP/1.1" 200 4799
190.25.77.146 - - [12/Feb/2023:21:34:58 -0500] "GET /appsia/scripts/validarIngreso.js HTTP/1.1" 200 851
190.25.77.146 - - [12/Feb/2023:21:34:58 -0500] "GET /appsia/images/logo_bogota_p.png HTTP/1.1" 200 14951
190.25.77.146 - - [12/Feb/2023:21:34:58 -0500] "GET /favicon.ico HTTP/1.1" 200 7782
172.22.2.4 - - [12/Feb/2023:21:33:23 -0500] "GET /BLA/boletinlegal/ HTTP/1.1" 200 56474
190.25.77.146 - - [12/Feb/2023:21:35:11 -0500] "POST /appsia/controlador HTTP/1.1" 200 4621
190.25.77.146 - - [12/Feb/2023:21:35:14 -0500] "POST /appsia/controlador HTTP/1.1" 200 7729
190.25.77.146 - - [12/Feb/2023:21:35:14 -0500] "GET /appsia/images/logo_escudo.png HTTP/1.1" 200 36965
186.86.33.189 - - [12/Feb/2023:21:36:33 -0500] "GET /sipse/faces/javax.faces.resource/theme.css?ln=primefaces-sipse HTTP/1.1" 304 -
186.86.33.189 - - [12/Feb/2023:21:36:33 -0500] "GET /sipse/faces/javax.faces.resource/primefaces.css?ln=primefaces&v=4.0 HTTP/1.1" 304 -
186.86.33.189 - - [12/Feb/2023:21:36:33 -0500] "GET /sipse/faces/javax.faces.resource/jquery/jquery-plugins.js?ln=primefaces&v=4.0 HTTP/1.1" 304 -
186.86.33.189 - - [12/Feb/2023:21:36:33 -0500] "GET /sipse/faces/javax.faces.resource/layout/layout.css?ln=primefaces&v=4.0 HTTP/1.1" 304 -
186.86.33.189 - - [12/Feb/2023:21:36:33 -0500] "GET /sipse/faces/javax.faces.resource/jquery/jquery.js?ln=primefaces&v=4.0 HTTP/1.1" 304 -
186.86.33.189 - - [12/Feb/2023:21:36:32 -0500] "POST /sipse/faces/presentacion/financiero/solicitudProceso/consultarSolicitudProceso.xhtml HTTP/1.1" 200 70720
186.86.33.189 - - [12/Feb/2023:21:36:33 -0500] "GET /sipse/faces/javax.faces.resource/layout/layout.js?ln=primefaces&v=4.0 HTTP/1.1" 304 -
186.86.33.189 - - [12/Feb/2023:21:36:33 -0500] "GET /sipse/faces/javax.faces.resource/primefaces.js?ln=primefaces&v=4.0 HTTP/1.1" 304 -
186.86.33.189 - - [12/Feb/2023:21:36:34 -0500] "GET /sipse/faces/javax.faces.resource/images/ui-icons_898989_256x240.png?ln=primefaces-aristo HTTP/1.1" 304 -
186.86.33.189 - - [12/Feb/2023:21:36:34 -0500] "GET /sipse/faces/javax.faces.resource/images/ui-bg_flat_0_2d5972_40x100.png?ln=primefaces-aristo HTTP/1.1" 304 -
186.86.33.189 - - [12/Feb/2023:21:36:34 -0500] "POST /sipse/faces/presentacion/financiero/solicitudProceso/listarSolicitudProceso.xhtml HTTP/1.1" 200 1556
186.86.33.189 - - [12/Feb/2023:21:36:34 -0500] "POST /sipse/faces/presentacion/financiero/solicitudProceso/listarSolicitudProceso.xhtml HTTP/1.1" 200 1552
201.245.192.253 - - [12/Feb/2023:21:37:34 -0500] "POST /kwsrmcab/Wsrmcab  HTTP/1.1" 200 213
186.86.33.189 - - [12/Feb/2023:21:37:40 -0500] "POST /sipse/faces/presentacion/financiero/solicitudProceso/listarSolicitudProceso.xhtml HTTP/1.1" 200 155800
186.86.33.189 - - [12/Feb/2023:21:37:42 -0500] "GET /sipse/faces/javax.faces.resource/jquery/jquery.js?ln=primefaces&v=4.0 HTTP/1.1" 304 -
186.86.33.189 - - [12/Feb/2023:21:37:42 -0500] "GET /sipse/faces/javax.faces.resource/jquery/jquery-plugins.js?ln=primefaces&v=4.0 HTTP/1.1" 304 -
186.86.33.189 - - [12/Feb/2023:21:37:42 -0500] "GET /sipse/faces/javax.faces.resource/primefaces.js?ln=primefaces&v=4.0 HTTP/1.1" 304 -
186.86.33.189 - - [12/Feb/2023:21:37:42 -0500] "GET /sipse/faces/javax.faces.resource/layout/layout.js?ln=primefaces&v=4.0 HTTP/1.1" 304 -
186.86.33.189 - - [12/Feb/2023:21:37:50 -0500] "POST /sipse/faces/presentacion/financiero/solicitudProceso/consultarSolicitudProceso.xhtml HTTP/1.1" 200 99861
172.22.2.4 - - [12/Feb/2023:21:37:50 -0500] "GET /BLA/boletinlegal/Circulares/2019/.pdf HTTP/1.1" 404 1218
216.245.221.92 - - [12/Feb/2023:21:38:12 -0500] "HEAD / HTTP/1.1" 200 -
201.245.192.253 - - [12/Feb/2023:21:38:13 -0500] "POST /kwsrmcab/Wsrmcab HTTP/1.1" 200 41190
201.245.192.253 - - [12/Feb/2023:21:38:15 -0500] "POST /kwsrmcab/Wsrmcab HTTP/1.1" 200 39277
186.86.33.189 - - [12/Feb/2023:21:38:22 -0500] "POST /sipse/faces/presentacion/financiero/solicitudProceso/consultarSolicitudProceso.xhtml HTTP/1.1" 200 160060
186.154.32.191 - - [12/Feb/2023:21:39:15 -0500] "POST /sipse/faces/presentacion/financiero/solicitudProceso/listarSolicitudProceso.xhtml HTTP/1.1" 200 57882
186.154.32.191 - - [12/Feb/2023:21:39:16 -0500] "POST /sipse/faces/presentacion/financiero/solicitudProceso/listarSolicitudProceso.xhtml HTTP/1.1" 200 57882
186.154.32.191 - - [12/Feb/2023:21:39:16 -0500] "POST /sipse/faces/presentacion/financiero/solicitudProceso/listarSolicitudProceso.xhtml HTTP/1.1" 200 1556
186.154.32.191 - - [12/Feb/2023:21:39:16 -0500] "POST /sipse/faces/presentacion/financiero/solicitudProceso/listarSolicitudProceso.xhtml HTTP/1.1" 200 1552
172.22.2.4 - - [12/Feb/2023:21:38:00 -0500] "HEAD /BLA/boletinlegal/ HTTP/1.1" 200 -
186.86.33.189 - - [12/Feb/2023:21:39:41 -0500] "POST /sipse/faces/presentacion/financiero/solicitudProceso/consultarSolicitudProceso.xhtml HTTP/1.1" 200 5581
186.86.33.189 - - [12/Feb/2023:21:39:42 -0500] "GET /sipse/faces/javax.faces.resource/dynamiccontent.properties?ln=primefaces&pfdrid=XjOR5%2F%2FfPAZAuY9TpWQeCiM0BhlXxYRBGKi%2FQcXXfeA%3D&pfdrid_c=false HTTP/1.1" 200 165474
186.86.33.189 - - [12/Feb/2023:21:40:29 -0500] "POST /sipse/faces/presentacion/financiero/solicitudProceso/consultarSolicitudProceso.xhtml HTTP/1.1" 200 5570
172.22.2.4 - - [12/Feb/2023:21:38:50 -0500] "GET /BLA/boletinlegal/ HTTP/1.1" 200 56825
172.22.2.4 - - [12/Feb/2023:21:40:59 -0500] "GET /BLA/boletinlegal/actos.php HTTP/1.1" 200 9606
172.22.2.4 - - [12/Feb/2023:21:41:31 -0500] "GET /BLA/boletinlegal/consulta_actos.php?tipo=autos&no=&usuario=&sector=COMPETENCIA&fecha=2023&resuelve= HTTP/1.1" 200 626
172.22.2.4 - - [12/Feb/2023:21:41:44 -0500] "GET /BLA/boletinlegal/consulta_actos.php?tipo=autos&no=&usuario=&sector=COMPETENCIA&fecha=2022&resuelve= HTTP/1.1" 200 24954
186.86.33.189 - - [12/Feb/2023:21:41:49 -0500] "GET /sipse/faces/javax.faces.resource/layout/layout.css?ln=primefaces&v=4.0 HTTP/1.1" 304 -
186.86.33.189 - - [12/Feb/2023:21:41:49 -0500] "GET /sipse/faces/javax.faces.resource/jquery/jquery-plugins.js?ln=primefaces&v=4.0 HTTP/1.1" 304 -
186.86.33.189 - - [12/Feb/2023:21:41:49 -0500] "GET /sipse/faces/javax.faces.resource/theme.css?ln=primefaces-sipse HTTP/1.1" 304 -
186.86.33.189 - - [12/Feb/2023:21:41:49 -0500] "GET /sipse/faces/javax.faces.resource/jquery/jquery.js?ln=primefaces&v=4.0 HTTP/1.1" 304 -
186.86.33.189 - - [12/Feb/2023:21:41:49 -0500] "GET /sipse/faces/javax.faces.resource/primefaces.css?ln=primefaces&v=4.0 HTTP/1.1" 304 -
186.86.33.189 - - [12/Feb/2023:21:41:48 -0500] "POST /sipse/faces/presentacion/financiero/solicitudProceso/consultarSolicitudProceso.xhtml HTTP/1.1" 200 70720
186.86.33.189 - - [12/Feb/2023:21:41:49 -0500] "GET /sipse/faces/javax.faces.resource/layout/layout.js?ln=primefaces&v=4.0 HTTP/1.1" 304 -
186.86.33.189 - - [12/Feb/2023:21:41:49 -0500] "GET /sipse/faces/javax.faces.resource/primefaces.js?ln=primefaces&v=4.0 HTTP/1.1" 304 -
186.86.33.189 - - [12/Feb/2023:21:41:49 -0500] "GET /sipse/faces/javax.faces.resource/images/ui-icons_898989_256x240.png?ln=primefaces-aristo HTTP/1.1" 304 -
186.86.33.189 - - [12/Feb/2023:21:41:50 -0500] "GET /sipse/faces/javax.faces.resource/images/ui-bg_flat_0_2d5972_40x100.png?ln=primefaces-aristo HTTP/1.1" 304 -
186.86.33.189 - - [12/Feb/2023:21:41:50 -0500] "POST /sipse/faces/presentacion/financiero/solicitudProceso/listarSolicitudProceso.xhtml HTTP/1.1" 200 1556
186.86.33.189 - - [12/Feb/2023:21:41:50 -0500] "POST /sipse/faces/presentacion/financiero/solicitudProceso/listarSolicitudProceso.xhtml HTTP/1.1" 200 1552
79.110.72.169 - - [12/Feb/2023:21:41:59 -0500] "GET /BLA/resoluciones/AUTOS%202021/3394.pdf HTTP/1.1" 200 379261
186.86.33.189 - - [12/Feb/2023:21:41:58 -0500] "POST /sipse/faces/presentacion/financiero/solicitudProceso/listarSolicitudProceso.xhtml HTTP/1.1" 200 152294
186.86.33.189 - - [12/Feb/2023:21:42:01 -0500] "GET /sipse/faces/javax.faces.resource/jquery/jquery.js?ln=primefaces&v=4.0 HTTP/1.1" 304 -
186.86.33.189 - - [12/Feb/2023:21:42:01 -0500] "GET /sipse/faces/javax.faces.resource/jquery/jquery-plugins.js?ln=primefaces&v=4.0 HTTP/1.1" 304 -
186.86.33.189 - - [12/Feb/2023:21:42:01 -0500] "GET /sipse/faces/javax.faces.resource/primefaces.js?ln=primefaces&v=4.0 HTTP/1.1" 304 -
186.86.33.189 - - [12/Feb/2023:21:42:01 -0500] "GET /sipse/faces/javax.faces.resource/layout/layout.js?ln=primefaces&v=4.0 HTTP/1.1" 304 -
186.86.33.189 - - [12/Feb/2023:21:42:10 -0500] "POST /sipse/faces/presentacion/financiero/solicitudProceso/consultarSolicitudProceso.xhtml HTTP/1.1" 200 160058
186.80.52.167 - - [12/Feb/2023:21:42:18 -0500] "GET /galeria/galeria/jquery.fancybox.css?v=2.1.5 HTTP/1.1" 200 4895
186.80.52.167 - - [12/Feb/2023:21:42:18 -0500] "GET /BLA/boletinlegal/js/jquery.scrollShow.js HTTP/1.1" 200 4586
186.80.52.167 - - [12/Feb/2023:21:42:18 -0500] "GET /galeria/galeria/jquery.fancybox.js?v=2.1.5 HTTP/1.1" 200 48706
185.119.81.105 - - [12/Feb/2023:21:42:23 -0500] "GET /portaldeninos/wp-login.php HTTP/1.1" 200 2592
185.119.81.105 - - [12/Feb/2023:21:42:24 -0500] "POST /portaldeninos/wp-login.php HTTP/1.1" 200 3605
52.167.144.97 - - [12/Feb/2023:21:42:28 -0500] "GET /BLA/resoluciones/AUTOS%202021/0798.pdf HTTP/1.1" 200 392132
186.86.33.189 - - [12/Feb/2023:21:42:30 -0500] "POST /sipse/faces/presentacion/financiero/solicitudProceso/consultarSolicitudProceso.xhtml HTTP/1.1" 200 99815
201.245.192.253 - - [12/Feb/2023:21:42:32 -0500] "POST /kwsrmcab/Wsrmcab  HTTP/1.1" 200 213
186.81.229.249 - - [12/Feb/2023:21:42:40 -0500] "GET /sipse/faces/faces/index.xhtml HTTP/1.1" 200 677
186.81.229.249 - - [12/Feb/2023:21:42:40 -0500] "GET /sipse/faces/javax.faces.resource/theme.css?ln=primefaces-sipse HTTP/1.1" 200 50058
186.81.229.249 - - [12/Feb/2023:21:42:41 -0500] "GET /favicon.ico HTTP/1.1" 200 7782
186.81.229.249 - - [12/Feb/2023:21:42:41 -0500] "GET /sipse/faces/faces/faces/autenticacion.xhtml HTTP/1.1" 200 12181
186.81.229.249 - - [12/Feb/2023:21:42:41 -0500] "GET /sipse/js/disable_browser_buttons.js HTTP/1.1" 304 -
186.81.229.249 - - [12/Feb/2023:21:42:41 -0500] "GET /sipse/css/custom_css_sg.css HTTP/1.1" 200 9694
186.81.229.249 - - [12/Feb/2023:21:42:42 -0500] "GET /sipse/faces/javax.faces.resource/jquery/jquery.js?ln=primefaces&v=4.0 HTTP/1.1" 304 -
186.81.229.249 - - [12/Feb/2023:21:42:42 -0500] "GET /sipse/js/funciones.js HTTP/1.1" 304 -
186.81.229.249 - - [12/Feb/2023:21:42:42 -0500] "GET /sipse/faces/javax.faces.resource/theme.css?ln=primefaces-sipse HTTP/1.1" 304 -
186.81.229.249 - - [12/Feb/2023:21:42:42 -0500] "GET /sipse/faces/javax.faces.resource/primefaces.css?ln=primefaces&v=4.0 HTTP/1.1" 304 -
186.81.229.249 - - [12/Feb/2023:21:42:42 -0500] "GET /sipse/css/custom_css_sg_prime_login.css HTTP/1.1" 304 -
186.81.229.249 - - [12/Feb/2023:21:42:42 -0500] "GET /sipse/faces/javax.faces.resource/layout/layout.css?ln=primefaces&v=4.0 HTTP/1.1" 304 -
186.81.229.249 - - [12/Feb/2023:21:42:42 -0500] "GET /sipse/faces/javax.faces.resource/jquery/jquery-plugins.js?ln=primefaces&v=4.0 HTTP/1.1" 304 -
186.81.229.249 - - [12/Feb/2023:21:42:42 -0500] "GET /sipse/faces/javax.faces.resource/layout/layout.js?ln=primefaces&v=4.0 HTTP/1.1" 304 -
186.81.229.249 - - [12/Feb/2023:21:42:42 -0500] "GET /sipse/faces/javax.faces.resource/primefaces.js?ln=primefaces&v=4.0 HTTP/1.1" 304 -
186.81.229.249 - - [12/Feb/2023:21:42:42 -0500] "GET /sipse/faces/javax.faces.resource/images/ui-icons_898989_256x240.png?ln=primefaces-aristo HTTP/1.1" 200 5355
186.81.229.249 - - [12/Feb/2023:21:42:42 -0500] "GET /sipse/css/imagen/logoSDG.png HTTP/1.1" 200 53064
186.81.229.249 - - [12/Feb/2023:21:42:42 -0500] "GET /sipse/css/imagen/loginimg.png HTTP/1.1" 200 71635
186.81.229.249 - - [12/Feb/2023:21:42:45 -0500] "POST /sipse/faces/autenticacion.xhtml HTTP/1.1" 200 16125
