186.86.33.189 - - [12/Feb/2023:15:04:24 -0500] "POST /sipse/faces/presentacion/financiero/solicitudProceso/listarSolicitudProceso.xhtml HTTP/1.1" 200 54809
186.86.33.189 - - [12/Feb/2023:15:04:24 -0500] "POST /sipse/faces/presentacion/financiero/solicitudProceso/listarSolicitudProceso.xhtml HTTP/1.1" 200 54813
186.86.33.189 - - [12/Feb/2023:15:04:25 -0500] "POST /sipse/faces/presentacion/financiero/solicitudProceso/listarSolicitudProceso.xhtml HTTP/1.1" 200 54813
186.86.33.189 - - [12/Feb/2023:15:04:25 -0500] "POST /sipse/faces/presentacion/financiero/solicitudProceso/listarSolicitudProceso.xhtml HTTP/1.1" 200 43842
186.86.33.189 - - [12/Feb/2023:15:04:25 -0500] "POST /sipse/faces/presentacion/financiero/solicitudProceso/listarSolicitudProceso.xhtml HTTP/1.1" 200 1980
186.86.33.189 - - [12/Feb/2023:15:04:25 -0500] "POST /sipse/faces/presentacion/financiero/solicitudProceso/listarSolicitudProceso.xhtml HTTP/1.1" 200 1976
186.86.33.189 - - [12/Feb/2023:15:04:26 -0500] "POST /sipse/faces/presentacion/financiero/solicitudProceso/listarSolicitudProceso.xhtml HTTP/1.1" 200 1980
186.86.33.189 - - [12/Feb/2023:15:04:26 -0500] "POST /sipse/faces/presentacion/financiero/solicitudProceso/listarSolicitudProceso.xhtml HTTP/1.1" 200 1976
186.86.33.189 - - [12/Feb/2023:15:04:26 -0500] "POST /sipse/faces/presentacion/financiero/solicitudProceso/listarSolicitudProceso.xhtml HTTP/1.1" 200 1980
186.86.33.189 - - [12/Feb/2023:15:04:26 -0500] "POST /sipse/faces/presentacion/financiero/solicitudProceso/listarSolicitudProceso.xhtml HTTP/1.1" 200 1976
186.86.33.189 - - [12/Feb/2023:15:04:26 -0500] "POST /sipse/faces/presentacion/financiero/solicitudProceso/listarSolicitudProceso.xhtml HTTP/1.1" 200 1980
186.86.33.189 - - [12/Feb/2023:15:04:27 -0500] "POST /sipse/faces/presentacion/financiero/solicitudProceso/listarSolicitudProceso.xhtml HTTP/1.1" 200 1976
186.86.33.189 - - [12/Feb/2023:15:04:27 -0500] "POST /sipse/faces/presentacion/financiero/solicitudProceso/listarSolicitudProceso.xhtml HTTP/1.1" 200 1980
186.86.33.189 - - [12/Feb/2023:15:04:27 -0500] "POST /sipse/faces/presentacion/financiero/solicitudProceso/listarSolicitudProceso.xhtml HTTP/1.1" 200 1976
186.86.33.189 - - [12/Feb/2023:15:04:27 -0500] "POST /sipse/faces/presentacion/financiero/solicitudProceso/listarSolicitudProceso.xhtml HTTP/1.1" 200 1980
186.86.33.189 - - [12/Feb/2023:15:04:27 -0500] "POST /sipse/faces/presentacion/financiero/solicitudProceso/listarSolicitudProceso.xhtml HTTP/1.1" 200 1976
186.86.33.189 - - [12/Feb/2023:15:04:27 -0500] "POST /sipse/faces/presentacion/financiero/solicitudProceso/listarSolicitudProceso.xhtml HTTP/1.1" 200 1980
186.86.33.189 - - [12/Feb/2023:15:04:28 -0500] "POST /sipse/faces/presentacion/financiero/solicitudProceso/listarSolicitudProceso.xhtml HTTP/1.1" 200 1976
186.86.33.189 - - [12/Feb/2023:15:04:28 -0500] "POST /sipse/faces/presentacion/financiero/solicitudProceso/listarSolicitudProceso.xhtml HTTP/1.1" 200 1980
186.86.33.189 - - [12/Feb/2023:15:04:28 -0500] "POST /sipse/faces/presentacion/financiero/solicitudProceso/listarSolicitudProceso.xhtml HTTP/1.1" 200 1976
186.86.33.189 - - [12/Feb/2023:15:04:28 -0500] "POST /sipse/faces/presentacion/financiero/solicitudProceso/listarSolicitudProceso.xhtml HTTP/1.1" 200 1980
186.86.33.189 - - [12/Feb/2023:15:04:28 -0500] "POST /sipse/faces/presentacion/financiero/solicitudProceso/listarSolicitudProceso.xhtml HTTP/1.1" 200 1976
186.86.33.189 - - [12/Feb/2023:15:04:28 -0500] "POST /sipse/faces/presentacion/financiero/solicitudProceso/listarSolicitudProceso.xhtml HTTP/1.1" 200 1980
186.86.33.189 - - [12/Feb/2023:15:04:29 -0500] "POST /sipse/faces/presentacion/financiero/solicitudProceso/listarSolicitudProceso.xhtml HTTP/1.1" 200 1976
186.86.33.189 - - [12/Feb/2023:15:04:29 -0500] "POST /sipse/faces/presentacion/financiero/solicitudProceso/listarSolicitudProceso.xhtml HTTP/1.1" 200 1980
186.86.33.189 - - [12/Feb/2023:15:04:29 -0500] "POST /sipse/faces/presentacion/financiero/solicitudProceso/listarSolicitudProceso.xhtml HTTP/1.1" 200 1976
186.86.33.189 - - [12/Feb/2023:15:04:29 -0500] "POST /sipse/faces/presentacion/financiero/solicitudProceso/listarSolicitudProceso.xhtml HTTP/1.1" 200 1980
186.86.33.189 - - [12/Feb/2023:15:04:29 -0500] "POST /sipse/faces/presentacion/financiero/solicitudProceso/listarSolicitudProceso.xhtml HTTP/1.1" 200 1976
186.86.33.189 - - [12/Feb/2023:15:04:31 -0500] "POST /sipse/faces/presentacion/financiero/solicitudProceso/listarSolicitudProceso.xhtml HTTP/1.1" 200 2631
186.86.33.189 - - [12/Feb/2023:15:04:35 -0500] "POST /sipse/faces/presentacion/financiero/solicitudProceso/listarSolicitudProceso.xhtml HTTP/1.1" 200 54992
186.86.33.189 - - [12/Feb/2023:15:04:35 -0500] "POST /sipse/faces/presentacion/financiero/solicitudProceso/listarSolicitudProceso.xhtml HTTP/1.1" 200 54992
173.252.127.13 - - [12/Feb/2023:15:04:36 -0500] "GET /images/negocios-verdes-mayo-2022.jpg HTTP/1.1" 200 48000
186.86.33.189 - - [12/Feb/2023:15:04:36 -0500] "POST /sipse/faces/presentacion/financiero/solicitudProceso/listarSolicitudProceso.xhtml HTTP/1.1" 200 54992
186.86.33.189 - - [12/Feb/2023:15:04:36 -0500] "POST /sipse/faces/presentacion/financiero/solicitudProceso/listarSolicitudProceso.xhtml HTTP/1.1" 200 54992
186.86.33.189 - - [12/Feb/2023:15:04:37 -0500] "POST /sipse/faces/presentacion/financiero/solicitudProceso/listarSolicitudProceso.xhtml HTTP/1.1" 200 54992
186.86.33.189 - - [12/Feb/2023:15:04:37 -0500] "POST /sipse/faces/presentacion/financiero/solicitudProceso/listarSolicitudProceso.xhtml HTTP/1.1" 200 54992
186.86.33.189 - - [12/Feb/2023:15:04:37 -0500] "POST /sipse/faces/presentacion/financiero/solicitudProceso/listarSolicitudProceso.xhtml HTTP/1.1" 200 54992
186.86.33.189 - - [12/Feb/2023:15:04:38 -0500] "POST /sipse/faces/presentacion/financiero/solicitudProceso/listarSolicitudProceso.xhtml HTTP/1.1" 200 54992
186.86.33.189 - - [12/Feb/2023:15:04:38 -0500] "POST /sipse/faces/presentacion/financiero/solicitudProceso/listarSolicitudProceso.xhtml HTTP/1.1" 200 54992
186.86.33.189 - - [12/Feb/2023:15:04:38 -0500] "POST /sipse/faces/presentacion/financiero/solicitudProceso/listarSolicitudProceso.xhtml HTTP/1.1" 200 54992
186.86.33.189 - - [12/Feb/2023:15:04:38 -0500] "POST /sipse/faces/presentacion/financiero/solicitudProceso/listarSolicitudProceso.xhtml HTTP/1.1" 200 54992
186.86.33.189 - - [12/Feb/2023:15:04:39 -0500] "POST /sipse/faces/presentacion/financiero/solicitudProceso/listarSolicitudProceso.xhtml HTTP/1.1" 200 54992
186.86.33.189 - - [12/Feb/2023:15:04:39 -0500] "POST /sipse/faces/presentacion/financiero/solicitudProceso/listarSolicitudProceso.xhtml HTTP/1.1" 200 54992
186.86.33.189 - - [12/Feb/2023:15:04:39 -0500] "POST /sipse/faces/presentacion/financiero/solicitudProceso/listarSolicitudProceso.xhtml HTTP/1.1" 200 54992
186.86.33.189 - - [12/Feb/2023:15:04:40 -0500] "POST /sipse/faces/presentacion/financiero/solicitudProceso/listarSolicitudProceso.xhtml HTTP/1.1" 200 54992
186.86.33.189 - - [12/Feb/2023:15:04:40 -0500] "POST /sipse/faces/presentacion/financiero/solicitudProceso/listarSolicitudProceso.xhtml HTTP/1.1" 200 54992
186.86.33.189 - - [12/Feb/2023:15:04:40 -0500] "POST /sipse/faces/presentacion/financiero/solicitudProceso/listarSolicitudProceso.xhtml HTTP/1.1" 200 54992
186.86.33.189 - - [12/Feb/2023:15:04:41 -0500] "POST /sipse/faces/presentacion/financiero/solicitudProceso/listarSolicitudProceso.xhtml HTTP/1.1" 200 54992
186.86.33.189 - - [12/Feb/2023:15:04:41 -0500] "POST /sipse/faces/presentacion/financiero/solicitudProceso/listarSolicitudProceso.xhtml HTTP/1.1" 200 54992
186.86.33.189 - - [12/Feb/2023:15:04:41 -0500] "POST /sipse/faces/presentacion/financiero/solicitudProceso/listarSolicitudProceso.xhtml HTTP/1.1" 200 54992
186.86.33.189 - - [12/Feb/2023:15:04:41 -0500] "POST /sipse/faces/presentacion/financiero/solicitudProceso/listarSolicitudProceso.xhtml HTTP/1.1" 200 54992
186.86.33.189 - - [12/Feb/2023:15:04:42 -0500] "POST /sipse/faces/presentacion/financiero/solicitudProceso/listarSolicitudProceso.xhtml HTTP/1.1" 200 54992
186.86.33.189 - - [12/Feb/2023:15:04:42 -0500] "POST /sipse/faces/presentacion/financiero/solicitudProceso/listarSolicitudProceso.xhtml HTTP/1.1" 200 54992
186.86.33.189 - - [12/Feb/2023:15:04:42 -0500] "POST /sipse/faces/presentacion/financiero/solicitudProceso/listarSolicitudProceso.xhtml HTTP/1.1" 200 54992
186.86.33.189 - - [12/Feb/2023:15:04:43 -0500] "POST /sipse/faces/presentacion/financiero/solicitudProceso/listarSolicitudProceso.xhtml HTTP/1.1" 200 54992
186.86.33.189 - - [12/Feb/2023:15:04:43 -0500] "POST /sipse/faces/presentacion/financiero/solicitudProceso/listarSolicitudProceso.xhtml HTTP/1.1" 200 1556
186.86.33.189 - - [12/Feb/2023:15:04:43 -0500] "POST /sipse/faces/presentacion/financiero/solicitudProceso/listarSolicitudProceso.xhtml HTTP/1.1" 200 1552
186.86.33.189 - - [12/Feb/2023:15:04:43 -0500] "POST /sipse/faces/presentacion/financiero/solicitudProceso/listarSolicitudProceso.xhtml HTTP/1.1" 200 1564
186.86.33.189 - - [12/Feb/2023:15:04:44 -0500] "POST /sipse/faces/presentacion/financiero/solicitudProceso/listarSolicitudProceso.xhtml HTTP/1.1" 200 1552
186.86.33.189 - - [12/Feb/2023:15:04:44 -0500] "POST /sipse/faces/presentacion/financiero/solicitudProceso/listarSolicitudProceso.xhtml HTTP/1.1" 200 1560
186.86.33.189 - - [12/Feb/2023:15:04:44 -0500] "POST /sipse/faces/presentacion/financiero/solicitudProceso/listarSolicitudProceso.xhtml HTTP/1.1" 200 1552
186.86.33.189 - - [12/Feb/2023:15:04:44 -0500] "POST /sipse/faces/presentacion/financiero/solicitudProceso/listarSolicitudProceso.xhtml HTTP/1.1" 200 1560
186.86.33.189 - - [12/Feb/2023:15:04:44 -0500] "POST /sipse/faces/presentacion/financiero/solicitudProceso/listarSolicitudProceso.xhtml HTTP/1.1" 200 1552
186.86.33.189 - - [12/Feb/2023:15:04:44 -0500] "POST /sipse/faces/presentacion/financiero/solicitudProceso/listarSolicitudProceso.xhtml HTTP/1.1" 200 1564
186.86.33.189 - - [12/Feb/2023:15:04:45 -0500] "POST /sipse/faces/presentacion/financiero/solicitudProceso/listarSolicitudProceso.xhtml HTTP/1.1" 200 1552
186.86.33.189 - - [12/Feb/2023:15:04:45 -0500] "POST /sipse/faces/presentacion/financiero/solicitudProceso/listarSolicitudProceso.xhtml HTTP/1.1" 200 1560
186.86.33.189 - - [12/Feb/2023:15:04:45 -0500] "POST /sipse/faces/presentacion/financiero/solicitudProceso/listarSolicitudProceso.xhtml HTTP/1.1" 200 1552
186.86.33.189 - - [12/Feb/2023:15:04:45 -0500] "POST /sipse/faces/presentacion/financiero/solicitudProceso/listarSolicitudProceso.xhtml HTTP/1.1" 200 1560
186.86.33.189 - - [12/Feb/2023:15:04:45 -0500] "POST /sipse/faces/presentacion/financiero/solicitudProceso/listarSolicitudProceso.xhtml HTTP/1.1" 200 1556
186.86.33.189 - - [12/Feb/2023:15:04:45 -0500] "POST /sipse/faces/presentacion/financiero/solicitudProceso/listarSolicitudProceso.xhtml HTTP/1.1" 200 1560
186.86.33.189 - - [12/Feb/2023:15:04:46 -0500] "POST /sipse/faces/presentacion/financiero/solicitudProceso/listarSolicitudProceso.xhtml HTTP/1.1" 200 1552
186.86.33.189 - - [12/Feb/2023:15:04:46 -0500] "POST /sipse/faces/presentacion/financiero/solicitudProceso/listarSolicitudProceso.xhtml HTTP/1.1" 200 1560
186.86.33.189 - - [12/Feb/2023:15:04:46 -0500] "POST /sipse/faces/presentacion/financiero/solicitudProceso/listarSolicitudProceso.xhtml HTTP/1.1" 200 1552
186.86.33.189 - - [12/Feb/2023:15:04:46 -0500] "POST /sipse/faces/presentacion/financiero/solicitudProceso/listarSolicitudProceso.xhtml HTTP/1.1" 200 1560
186.86.33.189 - - [12/Feb/2023:15:04:46 -0500] "POST /sipse/faces/presentacion/financiero/solicitudProceso/listarSolicitudProceso.xhtml HTTP/1.1" 200 1552
186.86.33.189 - - [12/Feb/2023:15:04:47 -0500] "POST /sipse/faces/presentacion/financiero/solicitudProceso/listarSolicitudProceso.xhtml HTTP/1.1" 200 1564
186.86.33.189 - - [12/Feb/2023:15:04:47 -0500] "POST /sipse/faces/presentacion/financiero/solicitudProceso/listarSolicitudProceso.xhtml HTTP/1.1" 200 1552
186.86.33.189 - - [12/Feb/2023:15:04:47 -0500] "POST /sipse/faces/presentacion/financiero/solicitudProceso/listarSolicitudProceso.xhtml HTTP/1.1" 200 1564
186.86.33.189 - - [12/Feb/2023:15:04:47 -0500] "POST /sipse/faces/presentacion/financiero/solicitudProceso/listarSolicitudProceso.xhtml HTTP/1.1" 200 1556
186.86.33.189 - - [12/Feb/2023:15:04:47 -0500] "POST /sipse/faces/presentacion/financiero/solicitudProceso/listarSolicitudProceso.xhtml HTTP/1.1" 200 1560
186.86.33.189 - - [12/Feb/2023:15:04:52 -0500] "POST /sipse/faces/presentacion/financiero/solicitudProceso/listarSolicitudProceso.xhtml HTTP/1.1" 200 23439
66.249.64.45 - - [12/Feb/2023:15:05:25 -0500] "-" 408 -
209.141.35.17 - - [12/Feb/2023:15:07:28 -0500] "GET / HTTP/1.1" 200 319
52.167.144.97 - - [12/Feb/2023:15:07:41 -0500] "GET /autoliquidacion2020 HTTP/1.1" 301 250
52.167.144.97 - - [12/Feb/2023:15:07:42 -0500] "GET /autoliquidacion2020/ HTTP/1.1" 200 6146
216.245.221.92 - - [12/Feb/2023:15:08:13 -0500] "HEAD / HTTP/1.1" 200 -
172.22.2.4 - - [12/Feb/2023:15:07:09 -0500] "HEAD /BLA/boletinlegal/ HTTP/1.1" 200 -
201.245.192.253 - - [12/Feb/2023:15:09:04 -0500] "POST /kwsrmcab/Wsrmcab  HTTP/1.1" 200 213
172.22.2.4 - - [12/Feb/2023:15:08:00 -0500] "GET /BLA/boletinlegal/ HTTP/1.1" 200 54452
173.252.83.18 - - [12/Feb/2023:15:12:30 -0500] "GET /images/bogota-aire-habitos-7-septiembre.jpg HTTP/1.1" 200 45647
173.252.83.19 - - [12/Feb/2023:15:12:30 -0500] "GET /cambio-de-habitos-y-vigilancia-y-control-claves-para-mantener-una-buena-calidad-del-aire-en-bogota-y-la-region.html HTTP/1.1" 206 1090
216.245.221.92 - - [12/Feb/2023:15:13:13 -0500] "HEAD / HTTP/1.1" 200 -
201.245.192.253 - - [12/Feb/2023:15:14:03 -0500] "POST /kwsrmcab/Wsrmcab  HTTP/1.1" 200 213
172.22.2.4 - - [12/Feb/2023:15:12:59 -0500] "HEAD /BLA/boletinlegal/ HTTP/1.1" 200 -
185.119.81.106 - - [12/Feb/2023:15:14:58 -0500] "GET /portaldeninos/wp-login.php HTTP/1.1" 200 2592
185.119.81.106 - - [12/Feb/2023:15:14:59 -0500] "POST /portaldeninos/wp-login.php HTTP/1.1" 200 3605
172.22.2.4 - - [12/Feb/2023:15:13:50 -0500] "GET /BLA/boletinlegal/ HTTP/1.1" 200 57192
183.136.225.32 - - [12/Feb/2023:15:17:53 -0500] "-" 408 -
207.46.13.10 - - [12/Feb/2023:15:18:05 -0500] "GET /BLA/resoluciones/AUTOS%202021/1564.pdf HTTP/1.1" 200 636505
216.245.221.92 - - [12/Feb/2023:15:18:13 -0500] "HEAD / HTTP/1.1" 200 -
201.245.192.253 - - [12/Feb/2023:15:18:14 -0500] "POST /kwsrmcab/Wsrmcab HTTP/1.1" 200 41090
201.245.192.253 - - [12/Feb/2023:15:18:17 -0500] "POST /kwsrmcab/Wsrmcab HTTP/1.1" 200 41573
201.245.192.253 - - [12/Feb/2023:15:19:02 -0500] "POST /kwsrmcab/Wsrmcab  HTTP/1.1" 200 213
52.167.144.97 - - [12/Feb/2023:15:19:22 -0500] "GET /BLA/resoluciones/AUTOS%202021/1903.pdf HTTP/1.1" 200 350150
172.22.2.4 - - [12/Feb/2023:15:18:49 -0500] "HEAD /BLA/boletinlegal/ HTTP/1.1" 200 -
172.22.2.4 - - [12/Feb/2023:15:19:40 -0500] "GET /BLA/boletinlegal/ HTTP/1.1" 200 55272
162.55.171.94 - - [12/Feb/2023:15:22:16 -0500] "GET / HTTP/1.1" 200 4720
162.55.171.94 - - [12/Feb/2023:15:22:18 -0500] "GET / HTTP/1.1" 200 319
216.245.221.92 - - [12/Feb/2023:15:23:13 -0500] "HEAD / HTTP/1.1" 200 -
40.77.167.189 - - [12/Feb/2023:15:23:29 -0500] "GET /BLA/resoluciones/RESOLUCIONES%202011/3916.pdf HTTP/1.1" 200 561746
40.77.189.193 - - [12/Feb/2023:15:23:40 -0500] "GET /dlf/styles.css HTTP/1.1" 404 1018
201.245.192.253 - - [12/Feb/2023:15:24:01 -0500] "POST /kwsrmcab/Wsrmcab  HTTP/1.1" 200 213
66.249.64.47 - - [12/Feb/2023:15:24:21 -0500] "-" 408 -
172.22.2.4 - - [12/Feb/2023:15:24:39 -0500] "HEAD /BLA/boletinlegal/ HTTP/1.1" 200 -
185.119.81.101 - - [12/Feb/2023:15:26:38 -0500] "GET /portaldeninos/wp-login.php HTTP/1.1" 200 2592
185.119.81.101 - - [12/Feb/2023:15:26:39 -0500] "POST /portaldeninos/wp-login.php HTTP/1.1" 200 3605
40.77.167.251 - - [12/Feb/2023:15:27:07 -0500] "GET /BLA/resoluciones/AUTOS%202018/4291.pdf HTTP/1.1" 200 2989523
172.22.2.4 - - [12/Feb/2023:15:25:30 -0500] "GET /BLA/boletinlegal/ HTTP/1.1" 200 57192
216.245.221.92 - - [12/Feb/2023:15:28:13 -0500] "HEAD / HTTP/1.1" 200 -
201.245.192.253 - - [12/Feb/2023:15:28:14 -0500] "POST /kwsrmcab/Wsrmcab HTTP/1.1" 200 41090
201.245.192.253 - - [12/Feb/2023:15:28:17 -0500] "POST /kwsrmcab/Wsrmcab HTTP/1.1" 200 41573
201.245.192.253 - - [12/Feb/2023:15:29:00 -0500] "POST /kwsrmcab/Wsrmcab  HTTP/1.1" 200 213
173.252.87.12 - - [12/Feb/2023:15:29:16 -0500] "GET /images/cr\xc3\xb3nica-29-nov-1_optimized.jpeg HTTP/1.1" 404 1034
173.252.83.8 - - [12/Feb/2023:15:29:24 -0500] "GET /images/prendas-1_optimized.jpeg HTTP/1.1" 200 65869
172.22.2.4 - - [12/Feb/2023:15:30:29 -0500] "HEAD /BLA/boletinlegal/ HTTP/1.1" 200 -
186.31.217.80 - - [12/Feb/2023:15:32:12 -0500] "GET /concentracion-de-material-particulado-disminuye-y-secretaria-de-ambiente-levanta-alerta-fase-i-por-calidad-del-aire.html HTTP/1.1" 200 927
69.171.251.13 - - [12/Feb/2023:15:32:37 -0500] "GET /images/vertimiento-Comprimida%20(1).png HTTP/1.1" 200 22870
173.252.87.23 - - [12/Feb/2023:15:32:39 -0500] "GET /images/Secretarias%20Fondo%20carga%206%20de%20febrero.jpeg HTTP/1.1" 200 55460
172.22.2.4 - - [12/Feb/2023:15:31:20 -0500] "GET /BLA/boletinlegal/ HTTP/1.1" 200 57192
173.252.111.3 - - [12/Feb/2023:15:33:10 -0500] "GET /tasa-retributiva-por-vertimientos-puntuales-al-agua-hasta-el-10-de-febrero-hay-plazo-para-diligenciar-y-enviar-formulario-de-autodeclaracion.html HTTP/1.1" 206 1030
173.252.111.6 - - [12/Feb/2023:15:33:10 -0500] "GET /tasa-retributiva-por-vertimientos-puntuales-al-agua-hasta-el-10-de-febrero-hay-plazo-para-diligenciar-y-enviar-formulario-de-autodeclaracion.html HTTP/1.1" 206 1030
216.245.221.92 - - [12/Feb/2023:15:33:13 -0500] "HEAD / HTTP/1.1" 200 -
157.55.39.82 - - [12/Feb/2023:15:33:20 -0500] "GET /agendate-para-participar-en-las-caminatas-ecologicas-de-febrero.html HTTP/1.1" 200 830
66.220.149.23 - - [12/Feb/2023:15:33:26 -0500] "GET /images/2%20de%20febrero%20liberaci\xc3\xb3n%20Tunjo.jpeg HTTP/1.1" 404 1034
201.245.192.253 - - [12/Feb/2023:15:34:00 -0500] "POST /kwsrmcab/Wsrmcab  HTTP/1.1" 200 213
172.22.2.4 - - [12/Feb/2023:15:33:13 -0500] "GET /BLA/boletinlegal/ HTTP/1.1" 200 50855
172.22.2.4 - - [12/Feb/2023:15:34:53 -0500] "GET /BLA/boletinlegal/favicon.ico HTTP/1.1" 404 1308
172.22.2.4 - - [12/Feb/2023:15:33:56 -0500] "GET /BLA/boletinlegal/ HTTP/1.1" 200 51248
172.22.2.4 - - [12/Feb/2023:15:37:44 -0500] "GET /BLA/boletinlegal/Circulares/2019/.pdf HTTP/1.1" 404 1218
172.22.2.4 - - [12/Feb/2023:15:36:19 -0500] "HEAD /BLA/boletinlegal/ HTTP/1.1" 200 -
216.245.221.92 - - [12/Feb/2023:15:38:13 -0500] "HEAD / HTTP/1.1" 200 -
172.22.2.4 - - [12/Feb/2023:15:37:32 -0500] "GET /BLA/boletinlegal/ HTTP/1.1" 200 24523
201.245.192.253 - - [12/Feb/2023:15:38:15 -0500] "POST /kwsrmcab/Wsrmcab HTTP/1.1" 200 41090
201.245.192.253 - - [12/Feb/2023:15:38:17 -0500] "POST /kwsrmcab/Wsrmcab HTTP/1.1" 200 41573
172.22.2.4 - - [12/Feb/2023:15:37:10 -0500] "GET /BLA/boletinlegal/ HTTP/1.1" 200 55272
201.245.192.253 - - [12/Feb/2023:15:38:59 -0500] "POST /kwsrmcab/Wsrmcab  HTTP/1.1" 200 213
185.119.81.106 - - [12/Feb/2023:15:39:23 -0500] "GET /portaldeninos/wp-login.php HTTP/1.1" 200 2592
185.119.81.106 - - [12/Feb/2023:15:39:24 -0500] "POST /portaldeninos/wp-login.php HTTP/1.1" 200 3605
172.22.2.4 - - [12/Feb/2023:15:38:48 -0500] "GET /BLA/boletinlegal/ HTTP/1.1" 200 36811
52.167.144.97 - - [12/Feb/2023:15:40:55 -0500] "GET /BLA/resoluciones/AUTOS%202021/0829.pdf HTTP/1.1" 200 685152
185.119.81.108 - - [12/Feb/2023:15:41:52 -0500] "GET /portaldeninos/wp-login.php HTTP/1.1" 200 2592
185.119.81.108 - - [12/Feb/2023:15:41:53 -0500] "POST /portaldeninos/wp-login.php HTTP/1.1" 200 3605
185.119.81.105 - - [12/Feb/2023:15:42:58 -0500] "GET /portaldeninos/wp-login.php HTTP/1.1" 200 2592
185.119.81.105 - - [12/Feb/2023:15:42:59 -0500] "POST /portaldeninos/wp-login.php HTTP/1.1" 200 3650
216.245.221.92 - - [12/Feb/2023:15:43:13 -0500] "HEAD / HTTP/1.1" 200 -
172.22.2.4 - - [12/Feb/2023:15:42:09 -0500] "HEAD /BLA/boletinlegal/ HTTP/1.1" 200 -
201.245.192.253 - - [12/Feb/2023:15:43:58 -0500] "POST /kwsrmcab/Wsrmcab  HTTP/1.1" 200 213
172.22.2.4 - - [12/Feb/2023:15:43:00 -0500] "GET /BLA/boletinlegal/ HTTP/1.1" 200 59035
173.252.127.7 - - [12/Feb/2023:15:46:23 -0500] "GET /images/cr\xc3\xb3nica-29-nov-1_optimized.jpeg HTTP/1.1" 404 1034
191.156.44.172 - - [12/Feb/2023:15:47:58 -0500] "GET /galeria/nivo-slider/demo/escuadron.mp4 HTTP/1.1" 206 2
191.156.44.172 - - [12/Feb/2023:15:48:03 -0500] "GET /galeria/nivo-slider/demo/escuadron.mp4 HTTP/1.1" 206 47286
191.156.44.172 - - [12/Feb/2023:15:47:58 -0500] "GET /galeria/nivo-slider/demo/escuadron.mp4 HTTP/1.1" 206 141917477
191.156.44.172 - - [12/Feb/2023:15:48:04 -0500] "GET /galeria/nivo-slider/demo/escuadron.mp4 HTTP/1.1" 206 141744786
191.156.43.173 - - [12/Feb/2023:15:48:06 -0500] "GET /galeria/nivo-slider/demo/escuadron.mp4 HTTP/1.1" 206 2
191.156.43.173 - - [12/Feb/2023:15:48:06 -0500] "GET /galeria/nivo-slider/demo/escuadron.mp4 HTTP/1.1" 206 141917477
191.156.43.187 - - [12/Feb/2023:15:48:06 -0500] "GET /galeria/nivo-slider/demo/escuadron.mp4 HTTP/1.1" 206 141851941
191.156.37.156 - - [12/Feb/2023:15:48:07 -0500] "GET /galeria/nivo-slider/demo/escuadron.mp4 HTTP/1.1" 206 141899227
216.245.221.92 - - [12/Feb/2023:15:48:13 -0500] "HEAD / HTTP/1.1" 200 -
191.156.44.148 - - [12/Feb/2023:15:48:02 -0500] "GET /galeria/nivo-slider/demo/escuadron.mp4 HTTP/1.1" 206 141851941
191.156.43.187 - - [12/Feb/2023:15:48:07 -0500] "GET /galeria/nivo-slider/demo/escuadron.mp4 HTTP/1.1" 206 141655333
201.245.192.253 - - [12/Feb/2023:15:48:57 -0500] "POST /kwsrmcab/Wsrmcab  HTTP/1.1" 200 213
172.22.2.4 - - [12/Feb/2023:15:47:59 -0500] "HEAD /BLA/boletinlegal/ HTTP/1.1" 200 -
173.252.111.118 - - [12/Feb/2023:15:49:39 -0500] "GET /images/1%20de%20febrero%20D\xc3\xada%20sin%20carro.jpeg HTTP/1.1" 404 1034
173.252.111.16 - - [12/Feb/2023:15:49:39 -0500] "GET /images/1%20de%20febrero%20Humedal%20El%20Tunjo.jpeg HTTP/1.1" 200 52973
173.252.111.2 - - [12/Feb/2023:15:49:39 -0500] "GET /images/2%20de%20febrero%20liberaci\xc3\xb3n%20Tunjo.jpeg HTTP/1.1" 404 1034
173.252.111.9 - - [12/Feb/2023:15:49:39 -0500] "GET /images/vertimiento-Comprimida%20(1).png HTTP/1.1" 200 22870
173.252.111.19 - - [12/Feb/2023:15:49:45 -0500] "GET /images/19%20de%20enero%20\xc3\xa1rbol%20bosque%20San%20Carlos.jpg HTTP/1.1" 404 1034
173.252.111.14 - - [12/Feb/2023:15:49:45 -0500] "GET /images/Secretaria%20Urrutia%20evento%20h\xc3\xa1bitat%20Francia%2024%20de%20enero.jpeg HTTP/1.1" 404 1034
173.252.111.14 - - [12/Feb/2023:15:49:53 -0500] "GET /images/Archivo%20pacto%20aire%2023%20enero.jpeg HTTP/1.1" 200 28889
173.252.111.5 - - [12/Feb/2023:15:49:53 -0500] "GET /images/foto%202.jpg HTTP/1.1" 200 63300
173.252.111.22 - - [12/Feb/2023:15:49:53 -0500] "GET /images/IMG_3028%20(1).jpg HTTP/1.1" 200 435206
172.22.2.4 - - [12/Feb/2023:15:48:50 -0500] "GET /BLA/boletinlegal/ HTTP/1.1" 200 52942
181.59.2.85 - - [12/Feb/2023:15:53:02 -0500] "GET /agendate-para-participar-en-las-caminatas-ecologicas-de-febrero.html HTTP/1.1" 200 830
216.245.221.92 - - [12/Feb/2023:15:53:13 -0500] "HEAD / HTTP/1.1" 200 -
201.245.192.253 - - [12/Feb/2023:15:53:56 -0500] "POST /kwsrmcab/Wsrmcab  HTTP/1.1" 200 213
172.22.2.4 - - [12/Feb/2023:15:53:49 -0500] "HEAD /BLA/boletinlegal/ HTTP/1.1" 200 -
172.22.2.4 - - [12/Feb/2023:15:54:40 -0500] "GET /BLA/boletinlegal/ HTTP/1.1" 200 59404
66.249.64.49 - - [12/Feb/2023:15:56:51 -0500] "-" 408 -
216.245.221.92 - - [12/Feb/2023:15:58:13 -0500] "HEAD / HTTP/1.1" 200 -
201.245.192.253 - - [12/Feb/2023:15:58:55 -0500] "POST /kwsrmcab/Wsrmcab  HTTP/1.1" 200 213
185.119.81.101 - - [12/Feb/2023:15:59:43 -0500] "GET /portaldeninos/wp-login.php HTTP/1.1" 200 2592
185.119.81.101 - - [12/Feb/2023:15:59:44 -0500] "POST /portaldeninos/wp-login.php HTTP/1.1" 200 3605
172.22.2.4 - - [12/Feb/2023:15:59:39 -0500] "HEAD /BLA/boletinlegal/ HTTP/1.1" 200 -
185.119.81.105 - - [12/Feb/2023:16:02:03 -0500] "GET /portaldeninos/wp-login.php HTTP/1.1" 200 2592
185.119.81.105 - - [12/Feb/2023:16:02:04 -0500] "POST /portaldeninos/wp-login.php HTTP/1.1" 200 3605
172.22.2.4 - - [12/Feb/2023:16:00:30 -0500] "GET /BLA/boletinlegal/ HTTP/1.1" 200 54100
172.22.2.4 - - [12/Feb/2023:16:02:34 -0500] "GET /BLA/boletinlegal/.env HTTP/1.1" 404 1038
216.245.221.92 - - [12/Feb/2023:16:03:13 -0500] "HEAD / HTTP/1.1" 200 -
201.245.192.253 - - [12/Feb/2023:16:03:53 -0500] "POST /kwsrmcab/Wsrmcab  HTTP/1.1" 200 213
66.249.64.45 - - [12/Feb/2023:16:06:29 -0500] "-" 408 -
52.167.144.97 - - [12/Feb/2023:16:06:58 -0500] "GET /bla/resoluciones/autos%202021/0226.pdf HTTP/1.1" 200 349570
172.22.2.4 - - [12/Feb/2023:16:05:29 -0500] "HEAD /BLA/boletinlegal/ HTTP/1.1" 200 -
172.22.2.4 - - [12/Feb/2023:16:06:20 -0500] "GET /BLA/boletinlegal/ HTTP/1.1" 200 32715
185.119.81.101 - - [12/Feb/2023:16:07:21 -0500] "GET /portaldeninos/wp-login.php HTTP/1.1" 200 2592
185.119.81.101 - - [12/Feb/2023:16:07:22 -0500] "POST /portaldeninos/wp-login.php HTTP/1.1" 200 3605
172.22.2.4 - - [12/Feb/2023:16:06:19 -0500] "GET /BLA/boletinlegal/ HTTP/1.1" 200 56079
216.245.221.92 - - [12/Feb/2023:16:08:13 -0500] "HEAD / HTTP/1.1" 200 -
185.119.81.106 - - [12/Feb/2023:16:08:16 -0500] "GET /portaldeninos/wp-login.php HTTP/1.1" 200 2592
185.119.81.106 - - [12/Feb/2023:16:08:16 -0500] "POST /portaldeninos/wp-login.php HTTP/1.1" 200 3670
201.245.192.253 - - [12/Feb/2023:16:08:53 -0500] "POST /kwsrmcab/Wsrmcab  HTTP/1.1" 200 213
172.22.2.4 - - [12/Feb/2023:16:11:19 -0500] "HEAD /BLA/boletinlegal/ HTTP/1.1" 200 -
216.245.221.92 - - [12/Feb/2023:16:13:13 -0500] "HEAD / HTTP/1.1" 200 -
170.78.40.165 - - [12/Feb/2023:16:13:48 -0500] "GET /galeria/galeria/jquery.fancybox.css?v=2.1.5 HTTP/1.1" 200 4895
170.78.40.165 - - [12/Feb/2023:16:13:48 -0500] "GET /BLA/boletinlegal/js/jquery.scrollShow.js HTTP/1.1" 200 4586
170.78.40.165 - - [12/Feb/2023:16:13:49 -0500] "GET /galeria/galeria/jquery.fancybox.js?v=2.1.5 HTTP/1.1" 200 48706
172.22.2.4 - - [12/Feb/2023:16:12:09 -0500] "GET /BLA/boletinlegal/ HTTP/1.1" 200 54100
201.245.192.253 - - [12/Feb/2023:16:13:53 -0500] "POST /kwsrmcab/Wsrmcab  HTTP/1.1" 200 213
157.55.39.117 - - [12/Feb/2023:16:14:48 -0500] "GET /BLA/resoluciones/AUTOS%202021/0251.pdf HTTP/1.1" 200 408206
172.22.2.4 - - [12/Feb/2023:16:16:45 -0500] "GET /BLA/boletinlegal/actos.php HTTP/1.1" 200 9606
157.55.39.142 - - [12/Feb/2023:16:17:21 -0500] "GET /BLA/resoluciones/AUTOS%202021/1442.pdf HTTP/1.1" 200 339724
216.245.221.92 - - [12/Feb/2023:16:18:13 -0500] "HEAD / HTTP/1.1" 200 -
201.245.192.253 - - [12/Feb/2023:16:18:14 -0500] "POST /kwsrmcab/Wsrmcab HTTP/1.1" 200 41221
201.245.192.253 - - [12/Feb/2023:16:18:17 -0500] "POST /kwsrmcab/Wsrmcab HTTP/1.1" 200 41715
172.22.2.4 - - [12/Feb/2023:16:17:09 -0500] "HEAD /BLA/boletinlegal/ HTTP/1.1" 200 -
201.245.192.253 - - [12/Feb/2023:16:18:51 -0500] "POST /kwsrmcab/Wsrmcab  HTTP/1.1" 200 213
172.22.2.4 - - [12/Feb/2023:16:17:59 -0500] "GET /BLA/boletinlegal/ HTTP/1.1" 200 53739
186.29.167.80 - - [12/Feb/2023:16:19:46 -0500] "GET /kwssiamovil/sm/acme/a?s=U2FsdGVkX1/zIuZHgP7Z+VcwuS35jnS4rJEmfcWNc8B0iPP1C4jjfgfvqRVxmLgtvsmXHMm1E5TTs3L1sgeUdJXIU+5ficKPjawMA8vVHYIYZgVIOEBYwOWY3nwPd2bWi9GKzAHX2OJi02LpWn8KUWA5ONwsP68COXIZbs0CSyUkr9LI2Am8f+yZBMgV8EBFCHNiAS9jQ+8f2DaWUqA9PenVb9+3GVedwIFnuQgWHk0DCZwFCzv9300Te8fv5jZ/H0xdbYzg76/7RFTp5VDW2Q==&u=U2FsdGVkX1+ShzbyT4T30vhYR0DjIbx4ZI8u4iSnJLVhKeq28gEmKzXSPPDW7PLv&y=U2FsdGVkX188DKx3U68NzSlZPsD0HHNtt9R2TnpETSxFU8oUsm7N4y2lW3gLdPW1 HTTP/1.1" 200 26
186.29.167.80 - - [12/Feb/2023:16:19:47 -0500] "GET /kwssiamovil/sm/acme/a?s=U2FsdGVkX18gHizRP9woOKO30lMB5XXBe+TgZ3y+gS+Fx4AaZ/Tjl2Kzeul64odLg8r6qsO/pls6wAMQy43PTf0hJB2YH2Pd5KnNs1MTd8fNEiJZGo9t5Eaa8fMLDHTKiX67fFVoiEvZVPCfIA6kaSAq1BqXI3m2P7Tty9+NV3qct5aeb4gaQ/ZdFquelDBcSVywMAyPGC+BSl6zyzvL2xc25UTS0DnYCbPDIJDxelcrtvRL9x4lSg75S1qxHcVItl3H6XyT5YFD5sp9gTpjkOiyfqHMegGvB2+YPLSAug3NvwTJif7WK/kEdALHWuq2Ft9ShNdo7bTVTJZv4iQW5UJbJh+4DK4Pj6+k15Ywf0dXCiHagS38Q5SbZInpgniNEuIWgOt8qnkeBT1xsFKp4KmF77/zMPx4+IWd258YCNmktGY680iUxumor3euBcRSJmS83tSICF3LUCcGtNqt5uWv6gCFAM9pgsBqj40z42qG0jfOL9BDFSuS9BXqVQistIBJ/emEzCJSD39n/C2AqLg4oSUvt5Ck6fs3BnSxZXIsXfwoOeve+3S31UJA7ohUlpar6DszZykFu37QIFukVB4QO5EROKWNrAvnh969+khH8U5acluzvip0RAiJVEh+EecRE2ny/18FU6JpaFc7ncWFD6E3Yi14/CnOss4COzkPwuYLWRQsEmcI5IK2Jseu+ppDPzUmD+0cb8+jrkvZ/QobOtyM4ZddtQvfdb76A0QJXXkwrt4Gx+0LJGfhlHTVaCc4oizhdTHRnmkxE8efXdju7Yt2k49DCUCNLX3HKS201qmNnHLZEvaOw1x9dYJRg5AxH6zcalh0a2+y4r+zCo25Z1UxGobrc3kGIiD2AYYyBBnIyWdVL3kpB9dyOkZ4eYG3B8uflTAs/CBdKeJCg3W8DpUfiNRFGqxN1NbK72HBJyxbAXc4p2PW2cfFD88f+8whVrzL5oS1Jg+D2v9JMe1+0dyyw4/UydNNu1gDIpuwgvXwA1D18xCmrCkC776JvpZcxO0D2N8wTLI0u/DpaHhmh6M1yngfQdJYoDRctMp6EZZfut1MJr63q0JhXjqS3No/d7/d0qxlsY/yJUjDWzz7IqryvHkkVmPGojMOIHW/Hw4P3kBKNc3a2nfbv2bi8Nff4S3pFCGIAKjiPokMDAe9I8izh0T8Flcfy7tTbhlFt+ZTT/qGMn/P1s+GmTkjMtfaaxEfvD8pjcLSlgnjut/X7eBlZ4xEIOSUDM6xms6TsA68XSKNIfHUhkOFAsRgPJrAt9VwbZujBhQjgJHZSZgq5J0iE7ucZN84FS7j+Z3kS0UbOyQHASYQsIs/B7xPomq9bifdW/ohtMbDSYW1e0Hee3IIMUJJo1f35AiCl1djfIRKrHaq4AX0z3Fw7+FKekjooZSHwxETG0qDuT02/Q+dJlP692EAHP+TElqe3vgKoWzXzdjVfwdPI5AIEg3p6HDS9m7sHgQ9toemP4Tt+Ngl+QdcN1mPlgXz+kmCRmzK7GVG7+5aeo28kS+k62usgDqmRmGWOs/lK9bmXm9b+QvBaDGGMZW4kZ21G/kQzWZasMRHoCpJR95apKwSh+YlfcQCbkWiIIYYTKJIwEDcNREWenEiDzFoyxGNZuQWIAQ=&u=U2FsdGVkX1+ShzbyT4T30vhYR0DjIbx4ZI8u4iSnJLVhKeq28gEmKzXSPPDW7PLv&y=U2FsdGVkX188DKx3U68NzSlZPsD0HHNtt9R2TnpETSxFU8oUsm7N4y2lW3gLdPW1 HTTP/1.1" 200 26
186.29.167.80 - - [12/Feb/2023:16:19:47 -0500] "GET /kwssiamovil/sm/acme/a?s=U2FsdGVkX1/QYsihWaV7exoyvGUetA+IOvnvN/8T2MwMvev3r8nV02A2fu6U+KxUy7NVKJeoQEgkYb8cRfmfYRrYcIMlDdXWt3eiuc2A8OgSs4FGiecFFcRUbWkAJZzCkRoZv7HV6KBcFIQz34df4jOi8vpnnKdislaBb16SVH4=&u=U2FsdGVkX1+ShzbyT4T30vhYR0DjIbx4ZI8u4iSnJLVhKeq28gEmKzXSPPDW7PLv&y=U2FsdGVkX188DKx3U68NzSlZPsD0HHNtt9R2TnpETSxFU8oUsm7N4y2lW3gLdPW1 HTTP/1.1" 200 26
186.29.167.80 - - [12/Feb/2023:16:19:47 -0500] "GET /kwssiamovil/sm/acme/a?s=U2FsdGVkX1/QuHts0hOe8ZA+FnrSk4d6IOlUH/nvXSUvWOOUVhoArXkNWPG4Kd9gzUk39WsZD/QU2UJE/rplHCwrI8B/BalSBPn/tEzE2meF77Q1ZuyFvlzGAZ38ENYhPVxWEpVD5hdCkxDDbEXWqVAGeTlrMgijKQdUdjVKfzc=&u=U2FsdGVkX1+ShzbyT4T30vhYR0DjIbx4ZI8u4iSnJLVhKeq28gEmKzXSPPDW7PLv&y=U2FsdGVkX188DKx3U68NzSlZPsD0HHNtt9R2TnpETSxFU8oUsm7N4y2lW3gLdPW1 HTTP/1.1" 200 26
186.29.167.80 - - [12/Feb/2023:16:19:47 -0500] "GET /kwssiamovil/sm/acme/a?s=U2FsdGVkX1/eNFRoRNU0gZC6Zit7EOunTOCQOuiq/oAAb3qwqi7rFPCLdwUb8rZe6S4uqSL1L0pX35iEIHnCb6iRdj13NxPhnUFOFTDpvwUfHbK29MZMbe6QoFU6tI6Ml0Ixld6byEjijlArPOnyYblngd+ultHwg4V22ym8OOs=&u=U2FsdGVkX1+ShzbyT4T30vhYR0DjIbx4ZI8u4iSnJLVhKeq28gEmKzXSPPDW7PLv&y=U2FsdGVkX188DKx3U68NzSlZPsD0HHNtt9R2TnpETSxFU8oUsm7N4y2lW3gLdPW1 HTTP/1.1" 200 26
186.29.167.80 - - [12/Feb/2023:16:19:48 -0500] "GET /kwssiamovil/sm/acme/a?s=U2FsdGVkX1/3qvj30pUwesSlWobtpN4gQjlfXs21hrm2yBMq7qtC71UGmwMrkSyMwVVPkPKCEn19D+aOLU/kiaJ2nXLl9buT8DzdYGkVIQL3aAiIt15RvcpgpVNDrtAtn7Pt5BvGRcBtcdJDhek54Z+BBmlIkYtXe/J38rdJ4hJq7i0Lxagdp61xRZrvwf9IyKrArMQxfzkAkSIMAV2I0A==&u=U2FsdGVkX1+ShzbyT4T30vhYR0DjIbx4ZI8u4iSnJLVhKeq28gEmKzXSPPDW7PLv&y=U2FsdGVkX188DKx3U68NzSlZPsD0HHNtt9R2TnpETSxFU8oUsm7N4y2lW3gLdPW1 HTTP/1.1" 200 26
181.51.32.50 - - [12/Feb/2023:16:19:51 -0500] "GET /galeria/galeria/jquery.fancybox.css?v=2.1.5 HTTP/1.1" 200 4895
181.51.32.50 - - [12/Feb/2023:16:19:51 -0500] "GET /BLA/boletinlegal/js/jquery.scrollShow.js HTTP/1.1" 200 4586
181.51.32.50 - - [12/Feb/2023:16:19:51 -0500] "GET /galeria/galeria/jquery.fancybox.js?v=2.1.5 HTTP/1.1" 200 48706
185.119.81.105 - - [12/Feb/2023:16:22:25 -0500] "GET /portaldeninos/wp-login.php HTTP/1.1" 200 2592
185.119.81.105 - - [12/Feb/2023:16:22:27 -0500] "POST /portaldeninos/wp-login.php HTTP/1.1" 200 3670
216.245.221.92 - - [12/Feb/2023:16:23:13 -0500] "HEAD / HTTP/1.1" 200 -
201.245.192.253 - - [12/Feb/2023:16:23:50 -0500] "POST /kwsrmcab/Wsrmcab  HTTP/1.1" 200 213
172.22.2.4 - - [12/Feb/2023:16:22:59 -0500] "HEAD /BLA/boletinlegal/ HTTP/1.1" 200 -
172.22.2.4 - - [12/Feb/2023:16:23:49 -0500] "GET /BLA/boletinlegal/ HTTP/1.1" 200 59035
69.171.251.120 - - [12/Feb/2023:16:26:05 -0500] "GET /images/negocios-verdes-mayo-2022.jpg HTTP/1.1" 200 48000
66.249.64.45 - - [12/Feb/2023:16:26:50 -0500] "-" 408 -
216.245.221.92 - - [12/Feb/2023:16:28:13 -0500] "HEAD / HTTP/1.1" 200 -
201.245.192.253 - - [12/Feb/2023:16:28:15 -0500] "POST /kwsrmcab/Wsrmcab HTTP/1.1" 200 41221
201.245.192.253 - - [12/Feb/2023:16:28:17 -0500] "POST /kwsrmcab/Wsrmcab HTTP/1.1" 200 41715
201.245.192.253 - - [12/Feb/2023:16:28:49 -0500] "POST /kwsrmcab/Wsrmcab  HTTP/1.1" 200 213
172.22.2.4 - - [12/Feb/2023:16:28:49 -0500] "HEAD /BLA/boletinlegal/ HTTP/1.1" 200 -
172.22.2.4 - - [12/Feb/2023:16:29:40 -0500] "GET /BLA/boletinlegal/ HTTP/1.1" 200 59404
216.245.221.92 - - [12/Feb/2023:16:33:13 -0500] "HEAD / HTTP/1.1" 200 -
66.249.64.45 - - [12/Feb/2023:16:33:25 -0500] "-" 408 -
201.245.192.253 - - [12/Feb/2023:16:33:48 -0500] "POST /kwsrmcab/Wsrmcab  HTTP/1.1" 200 213
172.22.2.4 - - [12/Feb/2023:16:33:32 -0500] "GET /BLA/boletinlegal/ HTTP/1.1" 200 55272
172.22.2.4 - - [12/Feb/2023:16:34:39 -0500] "HEAD /BLA/boletinlegal/ HTTP/1.1" 200 -
172.22.2.4 - - [12/Feb/2023:16:35:29 -0500] "GET /BLA/boletinlegal/ HTTP/1.1" 200 59035
172.22.2.4 - - [12/Feb/2023:16:37:21 -0500] "GET /BLA/boletinlegal/Circulares/2019/.pdf HTTP/1.1" 404 1218
2.59.222.44 - - [12/Feb/2023:16:37:24 -0500] "GET / HTTP/1.1" 200 319
216.245.221.92 - - [12/Feb/2023:16:38:13 -0500] "HEAD / HTTP/1.1" 200 -
201.245.192.253 - - [12/Feb/2023:16:38:14 -0500] "POST /kwsrmcab/Wsrmcab HTTP/1.1" 200 41221
201.245.192.253 - - [12/Feb/2023:16:38:17 -0500] "POST /kwsrmcab/Wsrmcab HTTP/1.1" 200 41715
201.245.192.253 - - [12/Feb/2023:16:38:47 -0500] "POST /kwsrmcab/Wsrmcab  HTTP/1.1" 200 213
157.55.39.142 - - [12/Feb/2023:16:40:04 -0500] "GET /bla/resoluciones/autos%202021/0302.pdf HTTP/1.1" 200 757227
172.22.2.4 - - [12/Feb/2023:16:40:26 -0500] "GET /BLA/boletinlegal/actuator/gateway/routes HTTP/1.1" 404 1018
172.22.2.4 - - [12/Feb/2023:16:40:29 -0500] "HEAD /BLA/boletinlegal/ HTTP/1.1" 200 -
66.249.64.45 - - [12/Feb/2023:16:42:51 -0500] "-" 408 -
172.22.2.4 - - [12/Feb/2023:16:41:20 -0500] "GET /BLA/boletinlegal/ HTTP/1.1" 200 55680
216.245.221.92 - - [12/Feb/2023:16:43:13 -0500] "HEAD / HTTP/1.1" 200 -
201.245.192.253 - - [12/Feb/2023:16:43:46 -0500] "POST /kwsrmcab/Wsrmcab  HTTP/1.1" 200 213
185.225.74.55 - - [12/Feb/2023:16:44:38 -0500] "POST /cgi-bin/.%%%%32%%65/.%%%%32%%65/.%%%%32%%65/.%%%%32%%65/.%%%%32%%65/bin/sh HTTP/1.1" 400 945
173.252.83.17 - - [12/Feb/2023:16:44:53 -0500] "GET /images/2%20de%20febrero%20liberaci\xc3\xb3n%20Tunjo.jpeg HTTP/1.1" 404 1034
173.252.79.19 - - [12/Feb/2023:16:46:08 -0500] "GET /images/1%20de%20febrero%20D\xc3\xada%20sin%20carro.jpeg HTTP/1.1" 404 1034
66.220.149.16 - - [12/Feb/2023:16:46:08 -0500] "GET /images/1%20de%20febrero%20Humedal%20El%20Tunjo.jpeg HTTP/1.1" 200 52973
173.252.79.6 - - [12/Feb/2023:16:46:20 -0500] "GET /images/1%20de%20febrer%20Operativo%20hornos.jpg HTTP/1.1" 200 69569
162.43.250.48 - - [12/Feb/2023:16:46:38 -0500] "GET /incendios-forestales-como-prevenirlos-y-aportar-al-cuidado-de-los-ecosistemas.html HTTP/1.1" 200 883
168.151.107.39 - - [12/Feb/2023:16:46:38 -0500] "GET /ascenso-tecnologico-distrito-firma-decreto-que-permitira-renovar-parte-de-los-vehiculos-de-carga-y-asi-reducir-emisiones-contaminantes.html HTTP/1.1" 200 1058
69.171.251.20 - - [12/Feb/2023:16:46:51 -0500] "GET /images/IMG_3028%20(1).jpg HTTP/1.1" 200 435206
173.252.111.21 - - [12/Feb/2023:16:47:01 -0500] "GET /images/Secretaria%20Urrutia%20evento%20h\xc3\xa1bitat%20Francia%2024%20de%20enero.jpeg HTTP/1.1" 404 1034
173.252.87.21 - - [12/Feb/2023:16:47:01 -0500] "GET /images/Archivo%20pacto%20aire%2023%20enero.jpeg HTTP/1.1" 200 28889
172.22.2.4 - - [12/Feb/2023:16:45:30 -0500] "GET /BLA/boletinlegal/ HTTP/1.1" 200 52453
172.22.2.4 - - [12/Feb/2023:16:46:19 -0500] "HEAD /BLA/boletinlegal/ HTTP/1.1" 200 -
216.245.221.92 - - [12/Feb/2023:16:48:13 -0500] "HEAD / HTTP/1.1" 200 -
201.245.192.253 - - [12/Feb/2023:16:48:45 -0500] "POST /kwsrmcab/Wsrmcab  HTTP/1.1" 200 213
172.22.2.4 - - [12/Feb/2023:16:47:09 -0500] "GET /BLA/boletinlegal/ HTTP/1.1" 200 57192
190.14.255.69 - - [12/Feb/2023:16:52:50 -0500] "GET /galeria/galeria/jquery.fancybox.css?v=2.1.5 HTTP/1.1" 200 4895
190.14.255.69 - - [12/Feb/2023:16:52:50 -0500] "GET /BLA/boletinlegal/js/jquery.scrollShow.js HTTP/1.1" 200 4586
190.14.255.69 - - [12/Feb/2023:16:52:50 -0500] "GET /galeria/galeria/jquery.fancybox.js?v=2.1.5 HTTP/1.1" 200 48706
216.245.221.92 - - [12/Feb/2023:16:53:13 -0500] "HEAD / HTTP/1.1" 200 -
201.245.192.253 - - [12/Feb/2023:16:53:44 -0500] "POST /kwsrmcab/Wsrmcab  HTTP/1.1" 200 213
172.22.2.4 - - [12/Feb/2023:16:52:09 -0500] "HEAD /BLA/boletinlegal/ HTTP/1.1" 200 -
172.22.2.4 - - [12/Feb/2023:16:52:59 -0500] "GET /BLA/boletinlegal/ HTTP/1.1" 200 53739
66.249.64.45 - - [12/Feb/2023:16:56:50 -0500] "-" 408 -
104.206.203.222 - - [12/Feb/2023:16:57:16 -0500] "HEAD / HTTP/1.1" 200 -
104.206.203.222 - - [12/Feb/2023:16:57:16 -0500] "GET / HTTP/1.1" 200 319
172.22.2.4 - - [12/Feb/2023:16:56:47 -0500] "GET /BLA/boletinlegal/ HTTP/1.1" 200 36811
216.245.221.92 - - [12/Feb/2023:16:58:13 -0500] "HEAD / HTTP/1.1" 200 -
201.245.192.253 - - [12/Feb/2023:16:58:44 -0500] "POST /kwsrmcab/Wsrmcab  HTTP/1.1" 200 213
52.167.144.31 - - [12/Feb/2023:16:58:54 -0500] "GET /portaldeninos/aula-ambiental-artistica-itinerante-auambari/ HTTP/1.1" 200 89306
193.32.162.159 - - [12/Feb/2023:16:59:00 -0500] "GET / HTTP/1.1" 200 319
172.22.2.4 - - [12/Feb/2023:16:57:59 -0500] "HEAD /BLA/boletinlegal/ HTTP/1.1" 200 -
172.22.2.4 - - [12/Feb/2023:16:59:19 -0500] "GET /BLA/boletinlegal/ HTTP/1.1" 200 32715
172.22.2.4 - - [12/Feb/2023:16:58:50 -0500] "GET /BLA/boletinlegal/ HTTP/1.1" 200 55272
172.22.2.4 - - [12/Feb/2023:17:02:22 -0500] "GET /BLA/boletinlegal/robots.txt HTTP/1.1" 404 1038
216.245.221.92 - - [12/Feb/2023:17:03:13 -0500] "HEAD / HTTP/1.1" 200 -
92.118.39.82 - - [12/Feb/2023:17:03:21 -0500] "GET / HTTP/1.1" 200 319
92.118.39.82 - - [12/Feb/2023:17:03:21 -0500] "GET /cgi-bin/downloadFlile.cgi HTTP/1.1" 404 1018
201.245.192.253 - - [12/Feb/2023:17:03:43 -0500] "POST /kwsrmcab/Wsrmcab  HTTP/1.1" 200 213
172.22.2.4 - - [12/Feb/2023:17:02:22 -0500] "GET /BLA/boletinlegal/ HTTP/1.1" 200 59404
172.22.2.4 - - [12/Feb/2023:17:04:02 -0500] "GET /BLA/boletinlegal/jurisprudencia/analisis/AnalisisC-746-12.docx HTTP/1.1" 304 -
52.167.144.29 - - [12/Feb/2023:17:04:02 -0500] "GET /BLA/boletinlegal/documentos-importantes.php HTTP/1.1" 200 4829
191.156.145.99 - - [12/Feb/2023:17:05:04 -0500] "GET /sipse/faces/index.xhtml HTTP/1.1" 200 677
52.167.144.97 - - [12/Feb/2023:17:05:12 -0500] "GET /sipse/faces/autenticacion.xhtml HTTP/1.1" 200 12503
52.167.144.97 - - [12/Feb/2023:17:05:22 -0500] "GET /sipse/css/custom_css_sg.css HTTP/1.1" 200 9694
52.167.144.97 - - [12/Feb/2023:17:05:22 -0500] "GET /sipse/faces/javax.faces.resource/jquery/jquery-plugins.js;jsessionid=XL7i4v7JwlotWOBdqdVSPDFK.undefined?ln=primefaces&v=4.0 HTTP/1.1" 200 220526
52.167.144.97 - - [12/Feb/2023:17:05:22 -0500] "GET /sipse/faces/javax.faces.resource/jquery/jquery.js;jsessionid=XL7i4v7JwlotWOBdqdVSPDFK.undefined?ln=primefaces&v=4.0 HTTP/1.1" 200 105384
157.55.39.142 - - [12/Feb/2023:17:05:25 -0500] "GET /sipse/css/custom_css_sg_prime_login.css HTTP/1.1" 200 443
207.46.13.10 - - [12/Feb/2023:17:05:26 -0500] "GET /sipse/faces/javax.faces.resource/theme.css?ln=primefaces-sipse HTTP/1.1" 200 50058
207.46.13.10 - - [12/Feb/2023:17:05:27 -0500] "GET /sipse/js/disable_browser_buttons.js HTTP/1.1" 200 3230
172.22.2.4 - - [12/Feb/2023:17:03:49 -0500] "HEAD /BLA/boletinlegal/ HTTP/1.1" 200 -
172.22.2.4 - - [12/Feb/2023:17:06:18 -0500] "GET /BLA/boletinlegal/conceptos.php HTTP/1.1" 200 7486
172.22.2.4 - - [12/Feb/2023:17:06:18 -0500] "GET /BLA/boletinlegal/niceforms.js HTTP/1.1" 200 22876
172.22.2.4 - - [12/Feb/2023:17:06:18 -0500] "GET /BLA/boletinlegal/niceforms-default.css HTTP/1.1" 200 6694
172.22.2.4 - - [12/Feb/2023:17:06:18 -0500] "GET /BLA/boletinlegal/images/cabezote%20BLEGAL.jpg HTTP/1.1" 200 118164
172.22.2.4 - - [12/Feb/2023:17:06:18 -0500] "GET /BLA/boletinlegal/images/subscribe-icon-big.png HTTP/1.1" 200 47702
172.22.2.4 - - [12/Feb/2023:17:06:18 -0500] "GET /BLA/boletinlegal/images/registro-usuarios.png HTTP/1.1" 200 8106
172.22.2.4 - - [12/Feb/2023:17:06:18 -0500] "GET /BLA/boletinlegal/images/historia.png HTTP/1.1" 200 52775
172.22.2.4 - - [12/Feb/2023:17:06:18 -0500] "GET /BLA/boletinlegal/js/ajax_conceptos.js HTTP/1.1" 200 1326
172.22.2.4 - - [12/Feb/2023:17:06:18 -0500] "GET /BLA/boletinlegal/images/tel.png HTTP/1.1" 200 14477
172.22.2.4 - - [12/Feb/2023:17:06:18 -0500] "GET /BLA/boletinlegal/images/icono-email.png HTTP/1.1" 200 5544
172.22.2.4 - - [12/Feb/2023:17:06:18 -0500] "GET /BLA/boletinlegal/favicon.ico HTTP/1.1" 404 1334
172.22.2.4 - - [12/Feb/2023:17:06:18 -0500] "GET /BLA/boletinlegal/images/body_bg.jpg HTTP/1.1" 200 1601
172.22.2.4 - - [12/Feb/2023:17:06:18 -0500] "GET /BLA/boletinlegal/images/menu_lft.gif HTTP/1.1" 200 1713
172.22.2.4 - - [12/Feb/2023:17:06:18 -0500] "GET /BLA/boletinlegal/images/menu_rght.gif HTTP/1.1" 200 1627
172.22.2.4 - - [12/Feb/2023:17:06:18 -0500] "GET /BLA/boletinlegal/images/bg_top.jpg HTTP/1.1" 200 522
172.22.2.4 - - [12/Feb/2023:17:06:18 -0500] "GET /BLA/boletinlegal/images/menu_bg.jpg HTTP/1.1" 200 620
172.22.2.4 - - [12/Feb/2023:17:06:18 -0500] "GET /BLA/boletinlegal/images/hover.jpg HTTP/1.1" 200 640
172.22.2.4 - - [12/Feb/2023:17:06:18 -0500] "GET /BLA/boletinlegal/images/text.jpg HTTP/1.1" 200 568
172.22.2.4 - - [12/Feb/2023:17:06:18 -0500] "GET /BLA/boletinlegal/images/footer_bg.jpg HTTP/1.1" 200 586
172.22.2.4 - - [12/Feb/2023:17:06:18 -0500] "GET /BLA/boletinlegal/images/footer_bg_l.jpg HTTP/1.1" 200 776
172.22.2.4 - - [12/Feb/2023:17:06:19 -0500] "GET /BLA/boletinlegal/img/0.png HTTP/1.1" 200 110
172.22.2.4 - - [12/Feb/2023:17:06:19 -0500] "GET /BLA/boletinlegal/img/select-left.png HTTP/1.1" 200 263
172.22.2.4 - - [12/Feb/2023:17:06:19 -0500] "GET /BLA/boletinlegal/img/select-right.png HTTP/1.1" 200 44019
172.22.2.4 - - [12/Feb/2023:17:06:19 -0500] "GET /BLA/boletinlegal/img/button-left.png HTTP/1.1" 200 57071
172.22.2.4 - - [12/Feb/2023:17:06:19 -0500] "GET /BLA/boletinlegal/img/button.png HTTP/1.1" 200 43241
172.22.2.4 - - [12/Feb/2023:17:06:19 -0500] "GET /BLA/boletinlegal/img/button-right.png HTTP/1.1" 200 57878
172.22.2.4 - - [12/Feb/2023:17:06:19 -0500] "GET /BLA/boletinlegal/favicon.ico HTTP/1.1" 404 1334
172.22.2.4 - - [12/Feb/2023:17:04:39 -0500] "GET /BLA/boletinlegal/ HTTP/1.1" 200 57192
40.77.167.189 - - [12/Feb/2023:17:06:31 -0500] "GET /sipse/js/funciones.js HTTP/1.1" 200 12592
172.22.2.4 - - [12/Feb/2023:17:06:32 -0500] "GET /BLA/boletinlegal/consulta_conceptos.php?no=&solicitante=&radicado_entrada=&fecha_concepto=2023&objeto= HTTP/1.1" 200 3677
172.22.2.4 - - [12/Feb/2023:17:06:32 -0500] "GET /BLA/boletinlegal/images/background.gif HTTP/1.1" 200 -
172.22.2.4 - - [12/Feb/2023:17:06:32 -0500] "GET /BLA/boletinlegal/images/pdf.gif HTTP/1.1" 200 567
172.22.2.4 - - [12/Feb/2023:17:06:38 -0500] "GET /BLA/boletinlegal/conceptos/2023/6.pdf HTTP/1.1" 404 1334
172.22.2.4 - - [12/Feb/2023:17:07:00 -0500] "GET /BLA/boletinlegal/js/jquery.js HTTP/1.1" 200 57254
172.22.2.4 - - [12/Feb/2023:17:07:00 -0500] "GET /BLA/boletinlegal/js/jquery.scrollTo-min.js HTTP/1.1" 200 1150
172.22.2.4 - - [12/Feb/2023:17:07:00 -0500] "GET /BLA/boletinlegal/js/jquery.scrollShow.js HTTP/1.1" 200 4586
172.22.2.4 - - [12/Feb/2023:17:07:00 -0500] "GET /BLA/boletinlegal/images/arr_l.jpg HTTP/1.1" 200 1979
172.22.2.4 - - [12/Feb/2023:17:07:00 -0500] "GET /BLA/boletinlegal/images/screen_1.png HTTP/1.1" 200 202547
172.22.2.4 - - [12/Feb/2023:17:07:00 -0500] "GET /BLA/boletinlegal/images/launch.jpg HTTP/1.1" 200 14577
173.252.95.3 - - [12/Feb/2023:17:07:01 -0500] "GET /images/cr\xc3\xb3nica-29-nov-1_optimized.jpeg HTTP/1.1" 404 1034
172.22.2.4 - - [12/Feb/2023:17:07:08 -0500] "GET /BLA/boletinlegal/images/screen_2.png HTTP/1.1" 200 362502
172.22.2.4 - - [12/Feb/2023:17:07:08 -0500] "GET /BLA/boletinlegal/images/screen_3.png HTTP/1.1" 200 210620
172.22.2.4 - - [12/Feb/2023:17:07:08 -0500] "GET /BLA/boletinlegal/images/screen_5.png HTTP/1.1" 200 368876
172.22.2.4 - - [12/Feb/2023:17:07:08 -0500] "GET /BLA/boletinlegal/images/arr_r.jpg HTTP/1.1" 200 1998
172.22.2.4 - - [12/Feb/2023:17:07:00 -0500] "GET /BLA/boletinlegal/index.php HTTP/1.1" 200 36811
216.245.221.92 - - [12/Feb/2023:17:08:13 -0500] "HEAD / HTTP/1.1" 200 -
201.245.192.253 - - [12/Feb/2023:17:08:41 -0500] "POST /kwsrmcab/Wsrmcab  HTTP/1.1" 200 213
191.95.57.179 - - [12/Feb/2023:17:10:13 -0500] "POST /sipse/faces/presentacion/financiero/solicitudProceso/listarSolicitudProceso.xhtml HTTP/1.1" 302 -
191.95.57.179 - - [12/Feb/2023:17:10:13 -0500] "GET /sipse/faces/autenticacion.xhtml HTTP/1.1" 200 1099
191.95.57.179 - - [12/Feb/2023:17:10:48 -0500] "POST /sipse/faces/presentacion/financiero/solicitudProceso/listarSolicitudProceso.xhtml HTTP/1.1" 302 -
191.95.57.179 - - [12/Feb/2023:17:10:48 -0500] "GET /sipse/faces/autenticacion.xhtml HTTP/1.1" 200 1099
191.95.57.179 - - [12/Feb/2023:17:10:57 -0500] "POST /sipse/faces/presentacion/financiero/solicitudProceso/listarSolicitudProceso.xhtml HTTP/1.1" 302 -
191.95.57.179 - - [12/Feb/2023:17:10:57 -0500] "GET /sipse/faces/autenticacion.xhtml HTTP/1.1" 200 1099
191.95.57.179 - - [12/Feb/2023:17:11:04 -0500] "POST /sipse/faces/presentacion/financiero/solicitudProceso/listarSolicitudProceso.xhtml HTTP/1.1" 302 -
191.95.57.179 - - [12/Feb/2023:17:11:04 -0500] "GET /sipse/faces/autenticacion.xhtml HTTP/1.1" 200 1099
191.95.57.179 - - [12/Feb/2023:17:11:06 -0500] "POST /sipse/faces/presentacion/financiero/solicitudProceso/listarSolicitudProceso.xhtml HTTP/1.1" 302 -
191.95.57.179 - - [12/Feb/2023:17:11:06 -0500] "GET /sipse/faces/autenticacion.xhtml HTTP/1.1" 200 1099
172.22.2.4 - - [12/Feb/2023:17:09:39 -0500] "HEAD /BLA/boletinlegal/ HTTP/1.1" 200 -
191.95.57.179 - - [12/Feb/2023:17:11:19 -0500] "GET /sipse/faces/index.xhtml HTTP/1.1" 200 677
191.95.57.179 - - [12/Feb/2023:17:11:20 -0500] "GET /sipse/faces/javax.faces.resource/theme.css?ln=primefaces-sipse HTTP/1.1" 304 -
191.95.57.179 - - [12/Feb/2023:17:11:20 -0500] "GET /sipse/faces/faces/autenticacion.xhtml HTTP/1.1" 200 12181
191.95.57.179 - - [12/Feb/2023:17:11:20 -0500] "GET /sipse/faces/javax.faces.resource/theme.css?ln=primefaces-sipse HTTP/1.1" 304 -
191.95.57.179 - - [12/Feb/2023:17:11:20 -0500] "GET /sipse/faces/javax.faces.resource/primefaces.css?ln=primefaces&v=4.0 HTTP/1.1" 304 -
191.95.57.179 - - [12/Feb/2023:17:11:20 -0500] "GET /sipse/faces/javax.faces.resource/layout/layout.css?ln=primefaces&v=4.0 HTTP/1.1" 304 -
191.95.57.179 - - [12/Feb/2023:17:11:20 -0500] "GET /sipse/faces/javax.faces.resource/jquery/jquery.js?ln=primefaces&v=4.0 HTTP/1.1" 304 -
191.95.57.179 - - [12/Feb/2023:17:11:20 -0500] "GET /sipse/faces/javax.faces.resource/jquery/jquery-plugins.js?ln=primefaces&v=4.0 HTTP/1.1" 304 -
191.95.57.179 - - [12/Feb/2023:17:11:20 -0500] "GET /sipse/faces/javax.faces.resource/primefaces.js?ln=primefaces&v=4.0 HTTP/1.1" 304 -
191.95.57.179 - - [12/Feb/2023:17:11:20 -0500] "GET /sipse/faces/javax.faces.resource/layout/layout.js?ln=primefaces&v=4.0 HTTP/1.1" 304 -
191.95.57.179 - - [12/Feb/2023:17:11:21 -0500] "GET /sipse/faces/javax.faces.resource/images/ui-icons_898989_256x240.png?ln=primefaces-aristo HTTP/1.1" 304 -
191.95.57.179 - - [12/Feb/2023:17:11:26 -0500] "POST /sipse/faces/autenticacion.xhtml HTTP/1.1" 200 16131
191.95.57.179 - - [12/Feb/2023:17:11:26 -0500] "GET /sipse/faces/javax.faces.resource/theme.css?ln=primefaces-sipse HTTP/1.1" 304 -
191.95.57.179 - - [12/Feb/2023:17:11:26 -0500] "GET /sipse/faces/javax.faces.resource/layout/layout.css?ln=primefaces&v=4.0 HTTP/1.1" 304 -
191.95.57.179 - - [12/Feb/2023:17:11:26 -0500] "GET /sipse/faces/javax.faces.resource/primefaces.css?ln=primefaces&v=4.0 HTTP/1.1" 304 -
191.95.57.179 - - [12/Feb/2023:17:11:26 -0500] "GET /sipse/faces/javax.faces.resource/jquery/jquery.js?ln=primefaces&v=4.0 HTTP/1.1" 304 -
191.95.57.179 - - [12/Feb/2023:17:11:26 -0500] "GET /sipse/faces/javax.faces.resource/jquery/jquery-plugins.js?ln=primefaces&v=4.0 HTTP/1.1" 304 -
191.95.57.179 - - [12/Feb/2023:17:11:26 -0500] "GET /sipse/faces/javax.faces.resource/primefaces.js?ln=primefaces&v=4.0 HTTP/1.1" 304 -
191.95.57.179 - - [12/Feb/2023:17:11:27 -0500] "GET /sipse/faces/javax.faces.resource/layout/layout.js?ln=primefaces&v=4.0 HTTP/1.1" 304 -
191.95.57.179 - - [12/Feb/2023:17:11:27 -0500] "GET /sipse/css/imagen/contrasena.png HTTP/1.1" 404 383
191.95.57.179 - - [12/Feb/2023:17:11:27 -0500] "GET /sipse/faces/javax.faces.resource/messages/messages.png?ln=primefaces&v=4.0 HTTP/1.1" 304 -
191.95.57.179 - - [12/Feb/2023:17:11:55 -0500] "GET /sipse/faces/javax.faces.resource/images/ui-bg_flat_0_2d5972_40x100.png?ln=primefaces-aristo HTTP/1.1" 304 -
191.95.57.179 - - [12/Feb/2023:17:11:55 -0500] "POST /sipse/faces/bienvenido.xhtml HTTP/1.1" 200 1471
191.95.57.179 - - [12/Feb/2023:17:11:57 -0500] "POST /sipse/faces/bienvenido.xhtml HTTP/1.1" 200 61863
191.95.57.179 - - [12/Feb/2023:17:11:58 -0500] "GET /sipse/faces/javax.faces.resource/theme.css?ln=primefaces-sipse HTTP/1.1" 304 -
191.95.57.179 - - [12/Feb/2023:17:11:58 -0500] "GET /sipse/faces/javax.faces.resource/primefaces.css?ln=primefaces&v=4.0 HTTP/1.1" 304 -
191.95.57.179 - - [12/Feb/2023:17:11:58 -0500] "GET /sipse/faces/javax.faces.resource/layout/layout.css?ln=primefaces&v=4.0 HTTP/1.1" 304 -
191.95.57.179 - - [12/Feb/2023:17:11:58 -0500] "GET /sipse/faces/javax.faces.resource/jquery/jquery.js?ln=primefaces&v=4.0 HTTP/1.1" 304 -
191.95.57.179 - - [12/Feb/2023:17:11:58 -0500] "GET /sipse/faces/javax.faces.resource/jquery/jquery-plugins.js?ln=primefaces&v=4.0 HTTP/1.1" 304 -
191.95.57.179 - - [12/Feb/2023:17:11:58 -0500] "GET /sipse/faces/javax.faces.resource/primefaces.js?ln=primefaces&v=4.0 HTTP/1.1" 304 -
191.95.57.179 - - [12/Feb/2023:17:11:59 -0500] "GET /sipse/faces/javax.faces.resource/layout/layout.js?ln=primefaces&v=4.0 HTTP/1.1" 304 -
191.95.57.179 - - [12/Feb/2023:17:11:59 -0500] "POST /sipse/faces/presentacion/financiero/solicitudProceso/listarSolicitudProceso.xhtml HTTP/1.1" 200 1556
