186.154.32.160 - - [20/Feb/2023:05:39:17 -0500] "GET /sipse/faces/javax.faces.resource/jquery/jquery.js?ln=primefaces&v=4.0 HTTP/1.1" 304 -
186.154.32.160 - - [20/Feb/2023:05:39:17 -0500] "GET /sipse/faces/javax.faces.resource/jquery/jquery-plugins.js?ln=primefaces&v=4.0 HTTP/1.1" 304 -
186.154.32.160 - - [20/Feb/2023:05:39:17 -0500] "GET /sipse/faces/javax.faces.resource/primefaces.js?ln=primefaces&v=4.0 HTTP/1.1" 304 -
186.154.32.160 - - [20/Feb/2023:05:39:17 -0500] "GET /sipse/faces/javax.faces.resource/layout/layout.js?ln=primefaces&v=4.0 HTTP/1.1" 304 -
186.154.32.160 - - [20/Feb/2023:05:39:17 -0500] "POST /sipse/faces/presentacion/financiero/solicitudProceso/listarSolicitudProceso.xhtml HTTP/1.1" 200 1556
186.154.32.160 - - [20/Feb/2023:05:39:26 -0500] "POST /sipse/faces/presentacion/financiero/solicitudProceso/listarSolicitudProceso.xhtml HTTP/1.1" 200 31342
186.154.32.160 - - [20/Feb/2023:05:39:35 -0500] "POST /sipse/faces/presentacion/financiero/solicitudProceso/listarSolicitudProceso.xhtml HTTP/1.1" 200 162368
186.154.32.160 - - [20/Feb/2023:05:39:36 -0500] "GET /sipse/faces/javax.faces.resource/theme.css?ln=primefaces-sipse HTTP/1.1" 304 -
186.154.32.160 - - [20/Feb/2023:05:39:36 -0500] "GET /sipse/faces/javax.faces.resource/primefaces.css?ln=primefaces&v=4.0 HTTP/1.1" 304 -
186.154.32.160 - - [20/Feb/2023:05:39:36 -0500] "GET /sipse/faces/javax.faces.resource/layout/layout.css?ln=primefaces&v=4.0 HTTP/1.1" 304 -
186.154.32.160 - - [20/Feb/2023:05:39:36 -0500] "GET /sipse/faces/javax.faces.resource/jquery/jquery.js?ln=primefaces&v=4.0 HTTP/1.1" 304 -
186.154.32.160 - - [20/Feb/2023:05:39:36 -0500] "GET /sipse/faces/javax.faces.resource/jquery/jquery-plugins.js?ln=primefaces&v=4.0 HTTP/1.1" 304 -
186.154.32.160 - - [20/Feb/2023:05:39:36 -0500] "GET /sipse/faces/javax.faces.resource/primefaces.js?ln=primefaces&v=4.0 HTTP/1.1" 304 -
186.154.32.160 - - [20/Feb/2023:05:39:36 -0500] "GET /sipse/faces/javax.faces.resource/layout/layout.js?ln=primefaces&v=4.0 HTTP/1.1" 304 -
186.154.32.160 - - [20/Feb/2023:05:39:42 -0500] "POST /sipse/faces/presentacion/financiero/solicitudProceso/consultarSolicitudProceso.xhtml HTTP/1.1" 200 180420
186.154.32.160 - - [20/Feb/2023:05:39:44 -0500] "POST /sipse/faces/presentacion/financiero/solicitudProceso/consultarSolicitudProceso.xhtml HTTP/1.1" 200 161670
186.154.32.160 - - [20/Feb/2023:05:39:50 -0500] "POST /sipse/faces/presentacion/financiero/solicitudProceso/consultarSolicitudProceso.xhtml HTTP/1.1" 200 149479
186.154.32.160 - - [20/Feb/2023:05:39:54 -0500] "POST /sipse/faces/presentacion/financiero/solicitudProceso/consultarSolicitudProceso.xhtml HTTP/1.1" 200 158100
201.245.192.253 - - [20/Feb/2023:05:40:07 -0500] "POST /kwsrmcab/Wsrmcab  HTTP/1.1" 200 213
172.22.2.4 - - [20/Feb/2023:05:38:44 -0500] "HEAD /BLA/boletinlegal/ HTTP/1.1" 200 -
172.22.2.4 - - [20/Feb/2023:05:39:35 -0500] "GET /BLA/boletinlegal/ HTTP/1.1" 200 57192
172.22.2.4 - - [20/Feb/2023:05:41:51 -0500] "GET /BLA/boletinlegal/favicon.ico HTTP/1.1" 404 1018
172.22.2.4 - - [20/Feb/2023:05:41:36 -0500] "GET /BLA/boletinlegal/ HTTP/1.1" 200 20427
172.22.2.4 - - [20/Feb/2023:05:41:36 -0500] "GET /BLA/boletinlegal/ HTTP/1.1" 200 32715
216.245.221.92 - - [20/Feb/2023:05:42:44 -0500] "HEAD / HTTP/1.1" 200 -
186.154.33.13 - - [20/Feb/2023:05:42:55 -0500] "GET /BLA/resoluciones/index.php HTTP/1.1" 200 13502
66.249.66.79 - - [20/Feb/2023:05:43:40 -0500] "-" 408 -
201.245.192.253 - - [20/Feb/2023:05:45:06 -0500] "POST /kwsrmcab/Wsrmcab  HTTP/1.1" 200 213
172.22.2.4 - - [20/Feb/2023:05:44:00 -0500] "GET /BLA/boletinlegal/index.php HTTP/1.1" 200 57192
172.22.2.4 - - [20/Feb/2023:05:44:34 -0500] "HEAD /BLA/boletinlegal/ HTTP/1.1" 200 -
172.22.2.4 - - [20/Feb/2023:05:45:25 -0500] "GET /BLA/boletinlegal/ HTTP/1.1" 200 56825
216.245.221.92 - - [20/Feb/2023:05:47:44 -0500] "HEAD / HTTP/1.1" 200 -
201.245.192.253 - - [20/Feb/2023:05:50:05 -0500] "POST /kwsrmcab/Wsrmcab  HTTP/1.1" 200 213
52.167.144.60 - - [20/Feb/2023:05:50:43 -0500] "GET /svr-ciudadano/? HTTP/1.1" 200 72088
172.22.2.4 - - [20/Feb/2023:05:50:24 -0500] "HEAD /BLA/boletinlegal/ HTTP/1.1" 200 -
216.245.221.92 - - [20/Feb/2023:05:52:44 -0500] "HEAD / HTTP/1.1" 200 -
172.22.2.4 - - [20/Feb/2023:05:51:15 -0500] "GET /BLA/boletinlegal/ HTTP/1.1" 200 54100
64.124.8.55 - - [20/Feb/2023:05:54:54 -0500] "GET /galeria/galeria/fotos/Huemdal-el-Tunjo4P.jpg HTTP/1.1" 200 18710
201.245.192.253 - - [20/Feb/2023:05:55:04 -0500] "POST /kwsrmcab/Wsrmcab  HTTP/1.1" 200 213
66.249.66.79 - - [20/Feb/2023:05:55:19 -0500] "-" 408 -
216.245.221.92 - - [20/Feb/2023:05:57:44 -0500] "HEAD / HTTP/1.1" 200 -
172.22.2.4 - - [20/Feb/2023:05:56:14 -0500] "HEAD /BLA/boletinlegal/ HTTP/1.1" 200 -
213.180.203.164 - - [20/Feb/2023:05:58:32 -0500] "GET /distrito-mantiene-acompanamiento-a-la-comunidad-afectada-en-la-via-la-calera.html HTTP/1.1" 200 985
95.108.213.200 - - [20/Feb/2023:05:58:32 -0500] "GET /reciclaton-empresarial-mas-de-34-toneladas-fueron-recibidas-en-la-segunda-jornada-del-ano.html HTTP/1.1" 200 899
172.22.2.4 - - [20/Feb/2023:05:57:05 -0500] "GET /BLA/boletinlegal/ HTTP/1.1" 200 59404
64.124.8.53 - - [20/Feb/2023:05:59:14 -0500] "GET /galeria/galeria/fotos/Jaboque4G.jpg HTTP/1.1" 200 295106
69.63.184.3 - - [20/Feb/2023:05:59:27 -0500] "GET /images/17%20de%20febrero%20mujeres%20que%20reverdecen.jpeg HTTP/1.1" 200 85735
201.245.192.253 - - [20/Feb/2023:06:00:03 -0500] "POST /kwsrmcab/Wsrmcab  HTTP/1.1" 200 213
69.63.189.118 - - [20/Feb/2023:06:00:58 -0500] "GET /images/caminos-cerros-orientales-7-abril.jpg HTTP/1.1" 200 80138
69.63.189.120 - - [20/Feb/2023:06:00:58 -0500] "GET /images/culebra-sabanera-bogota-26-marzo.jpg HTTP/1.1" 200 22555
69.63.189.5 - - [20/Feb/2023:06:01:00 -0500] "GET /images/carro-carga-movilidad-4-febrero.jpg HTTP/1.1" 200 46258
173.252.107.15 - - [20/Feb/2023:06:02:43 -0500] "GET /palma-de-cera-el-arbol-nacional-que-adorna-varios-sectores-de-bogota.html HTTP/1.1" 206 868
216.245.221.92 - - [20/Feb/2023:06:02:44 -0500] "HEAD / HTTP/1.1" 200 -
172.22.2.4 - - [20/Feb/2023:06:02:04 -0500] "HEAD /BLA/boletinlegal/ HTTP/1.1" 200 -
69.171.249.117 - - [20/Feb/2023:06:03:57 -0500] "GET /images/Rmasar%2018%20de%20febrero%20Grupo.jpg HTTP/1.1" 200 68398
172.22.2.4 - - [20/Feb/2023:06:02:56 -0500] "GET /BLA/boletinlegal/ HTTP/1.1" 200 57824
66.249.66.79 - - [20/Feb/2023:06:05:00 -0500] "-" 408 -
193.32.162.159 - - [20/Feb/2023:06:05:02 -0500] "GET / HTTP/1.1" 200 319
201.245.192.253 - - [20/Feb/2023:06:05:02 -0500] "POST /kwsrmcab/Wsrmcab  HTTP/1.1" 200 213
179.43.177.242 - - [20/Feb/2023:06:06:00 -0500] "GET / HTTP/1.1" 200 319
40.77.202.169 - - [20/Feb/2023:06:06:37 -0500] "GET /svr-ciudadano/js/jquery.min.js HTTP/1.1" 200 95786
40.77.202.187 - - [20/Feb/2023:06:06:37 -0500] "GET /svr-ciudadano/css/bootstrap.min.css HTTP/1.1" 200 113498
40.77.202.155 - - [20/Feb/2023:06:06:37 -0500] "GET /svr-ciudadano/js/bootstrap.min.js HTTP/1.1" 200 35601
40.77.202.18 - - [20/Feb/2023:06:06:38 -0500] "GET /svr-ciudadano/css/dataTables.bootstrap.css HTTP/1.1" 200 7678
40.77.202.119 - - [20/Feb/2023:06:06:38 -0500] "GET /svr-ciudadano/js/jquery.dataTables.min.js HTTP/1.1" 200 153451
40.77.202.179 - - [20/Feb/2023:06:06:38 -0500] "GET /svr-ciudadano/js/dataTables.bootstrap.js HTTP/1.1" 200 4287
172.22.2.4 - - [20/Feb/2023:06:07:16 -0500] "GET /BLA/boletinlegal/conceptos.php HTTP/1.1" 200 7486
172.22.2.4 - - [20/Feb/2023:06:07:32 -0500] "GET /BLA/boletinlegal/niceforms-default.css HTTP/1.1" 200 6694
172.22.2.4 - - [20/Feb/2023:06:07:36 -0500] "GET /BLA/boletinlegal/js/ajax_conceptos.js HTTP/1.1" 200 1326
216.245.221.92 - - [20/Feb/2023:06:07:44 -0500] "HEAD / HTTP/1.1" 200 -
172.22.2.4 - - [20/Feb/2023:06:07:54 -0500] "HEAD /BLA/boletinlegal/ HTTP/1.1" 200 -
201.245.192.253 - - [20/Feb/2023:06:10:02 -0500] "POST /kwsrmcab/Wsrmcab  HTTP/1.1" 200 213
172.22.2.4 - - [20/Feb/2023:06:08:47 -0500] "GET /BLA/boletinlegal/ HTTP/1.1" 200 52942
143.244.50.172 - - [20/Feb/2023:06:11:56 -0500] "GET http://ip-api.com/json/ HTTP/1.1" 404 1014
66.249.66.79 - - [20/Feb/2023:06:12:34 -0500] "-" 408 -
216.245.221.92 - - [20/Feb/2023:06:12:44 -0500] "HEAD / HTTP/1.1" 200 -
201.245.192.253 - - [20/Feb/2023:06:14:59 -0500] "POST /kwsrmcab/Wsrmcab  HTTP/1.1" 200 213
172.22.2.4 - - [20/Feb/2023:06:13:44 -0500] "HEAD /BLA/boletinlegal/ HTTP/1.1" 200 -
172.22.2.4 - - [20/Feb/2023:06:14:35 -0500] "GET /BLA/boletinlegal/ HTTP/1.1" 200 57824
201.245.192.253 - - [20/Feb/2023:06:17:37 -0500] "POST /kwsrmcab/Wsrmcab HTTP/1.1" 200 41105
201.245.192.253 - - [20/Feb/2023:06:17:40 -0500] "POST /kwsrmcab/Wsrmcab HTTP/1.1" 200 41452
216.245.221.92 - - [20/Feb/2023:06:17:44 -0500] "HEAD / HTTP/1.1" 200 -
165.225.222.101 - - [20/Feb/2023:06:18:09 -0500] "GET /galeria/galeria/jquery.fancybox.css?v=2.1.5 HTTP/1.1" 200 4895
165.225.222.101 - - [20/Feb/2023:06:18:11 -0500] "GET /BLA/boletinlegal/js/jquery.scrollShow.js HTTP/1.1" 200 4586
165.225.222.101 - - [20/Feb/2023:06:18:11 -0500] "GET /galeria/galeria/jquery.fancybox.js?v=2.1.5 HTTP/1.1" 200 48706
172.22.2.4 - - [20/Feb/2023:06:18:40 -0500] "GET /BLA/boletinlegal/Circulares/2011/Circular%20No.%208%20del%2020%20de%20Septiembre%20de%202011.pdf HTTP/1.1" 200 285158
186.145.91.234 - - [20/Feb/2023:06:18:52 -0500] "GET /sipse/faces/faces/autenticacion.xhtml HTTP/1.1" 200 12501
186.145.91.234 - - [20/Feb/2023:06:18:53 -0500] "GET /sipse/js/disable_browser_buttons.js HTTP/1.1" 304 -
186.145.91.234 - - [20/Feb/2023:06:18:53 -0500] "GET /sipse/js/funciones.js HTTP/1.1" 304 -
186.145.91.234 - - [20/Feb/2023:06:18:53 -0500] "GET /sipse/css/custom_css_sg.css HTTP/1.1" 304 -
186.145.91.234 - - [20/Feb/2023:06:18:53 -0500] "GET /sipse/faces/javax.faces.resource/layout/layout.css;jsessionid=Vj53zvPGW2G2pcewABEkh75s.undefined?ln=primefaces&v=4.0 HTTP/1.1" 200 542
186.145.91.234 - - [20/Feb/2023:06:18:53 -0500] "GET /sipse/css/custom_css_sg_prime_login.css HTTP/1.1" 304 -
186.145.91.234 - - [20/Feb/2023:06:18:53 -0500] "GET /sipse/faces/javax.faces.resource/theme.css?ln=primefaces-sipse HTTP/1.1" 304 -
186.145.91.234 - - [20/Feb/2023:06:18:53 -0500] "GET /sipse/faces/javax.faces.resource/primefaces.css;jsessionid=Vj53zvPGW2G2pcewABEkh75s.undefined?ln=primefaces&v=4.0 HTTP/1.1" 200 53295
186.145.91.234 - - [20/Feb/2023:06:18:53 -0500] "GET /sipse/faces/javax.faces.resource/jquery/jquery.js;jsessionid=Vj53zvPGW2G2pcewABEkh75s.undefined?ln=primefaces&v=4.0 HTTP/1.1" 200 105384
186.145.91.234 - - [20/Feb/2023:06:18:53 -0500] "GET /sipse/faces/javax.faces.resource/layout/layout.js;jsessionid=Vj53zvPGW2G2pcewABEkh75s.undefined?ln=primefaces&v=4.0 HTTP/1.1" 200 87560
186.145.91.234 - - [20/Feb/2023:06:18:53 -0500] "GET /sipse/faces/javax.faces.resource/jquery/jquery-plugins.js;jsessionid=Vj53zvPGW2G2pcewABEkh75s.undefined?ln=primefaces&v=4.0 HTTP/1.1" 200 220526
186.145.91.234 - - [20/Feb/2023:06:18:53 -0500] "GET /sipse/faces/javax.faces.resource/primefaces.js;jsessionid=Vj53zvPGW2G2pcewABEkh75s.undefined?ln=primefaces&v=4.0 HTTP/1.1" 200 276924
186.145.91.234 - - [20/Feb/2023:06:18:53 -0500] "GET /sipse/css/imagen/loginimg.png HTTP/1.1" 304 -
186.145.91.234 - - [20/Feb/2023:06:18:53 -0500] "GET /sipse/css/imagen/logoSDG.png HTTP/1.1" 304 -
186.145.91.234 - - [20/Feb/2023:06:18:53 -0500] "GET /sipse/faces/javax.faces.resource/images/ui-icons_898989_256x240.png?ln=primefaces-aristo HTTP/1.1" 304 -
186.145.91.234 - - [20/Feb/2023:06:18:53 -0500] "GET /sipse/faces/faces/index.xhtml HTTP/1.1" 200 677
186.145.91.234 - - [20/Feb/2023:06:18:53 -0500] "GET /sipse/faces/javax.faces.resource/theme.css?ln=primefaces-sipse HTTP/1.1" 304 -
186.145.91.234 - - [20/Feb/2023:06:18:54 -0500] "GET /sipse/faces/faces/faces/autenticacion.xhtml HTTP/1.1" 200 12179
186.145.91.234 - - [20/Feb/2023:06:18:54 -0500] "GET /sipse/faces/javax.faces.resource/primefaces.css?ln=primefaces&v=4.0 HTTP/1.1" 304 -
186.145.91.234 - - [20/Feb/2023:06:18:54 -0500] "GET /sipse/faces/javax.faces.resource/jquery/jquery-plugins.js?ln=primefaces&v=4.0 HTTP/1.1" 304 -
186.145.91.234 - - [20/Feb/2023:06:18:54 -0500] "GET /sipse/faces/javax.faces.resource/layout/layout.css?ln=primefaces&v=4.0 HTTP/1.1" 304 -
186.145.91.234 - - [20/Feb/2023:06:18:54 -0500] "GET /sipse/faces/javax.faces.resource/jquery/jquery.js?ln=primefaces&v=4.0 HTTP/1.1" 304 -
186.145.91.234 - - [20/Feb/2023:06:18:54 -0500] "GET /sipse/faces/javax.faces.resource/theme.css?ln=primefaces-sipse HTTP/1.1" 304 -
186.145.91.234 - - [20/Feb/2023:06:18:54 -0500] "GET /sipse/faces/javax.faces.resource/primefaces.js?ln=primefaces&v=4.0 HTTP/1.1" 304 -
186.145.91.234 - - [20/Feb/2023:06:18:54 -0500] "GET /sipse/faces/javax.faces.resource/layout/layout.js?ln=primefaces&v=4.0 HTTP/1.1" 304 -
186.145.91.234 - - [20/Feb/2023:06:18:56 -0500] "POST /sipse/faces/autenticacion.xhtml HTTP/1.1" 200 11189
186.145.91.234 - - [20/Feb/2023:06:18:56 -0500] "GET /sipse/css/custom_css_sg_prime.css HTTP/1.1" 304 -
186.145.91.234 - - [20/Feb/2023:06:18:56 -0500] "GET /sipse/faces/javax.faces.resource/primefaces.css?ln=primefaces&v=4.0 HTTP/1.1" 304 -
186.145.91.234 - - [20/Feb/2023:06:18:56 -0500] "GET /sipse/faces/javax.faces.resource/jquery/jquery.js?ln=primefaces&v=4.0 HTTP/1.1" 304 -
186.145.91.234 - - [20/Feb/2023:06:18:56 -0500] "GET /sipse/faces/javax.faces.resource/layout/layout.css?ln=primefaces&v=4.0 HTTP/1.1" 304 -
186.145.91.234 - - [20/Feb/2023:06:18:56 -0500] "GET /sipse/faces/javax.faces.resource/theme.css?ln=primefaces-sipse HTTP/1.1" 304 -
186.145.91.234 - - [20/Feb/2023:06:18:56 -0500] "GET /sipse/faces/javax.faces.resource/jquery/jquery-plugins.js?ln=primefaces&v=4.0 HTTP/1.1" 304 -
186.145.91.234 - - [20/Feb/2023:06:18:56 -0500] "GET /sipse/faces/javax.faces.resource/primefaces.js?ln=primefaces&v=4.0 HTTP/1.1" 304 -
186.145.91.234 - - [20/Feb/2023:06:18:56 -0500] "GET /sipse/faces/javax.faces.resource/layout/layout.js?ln=primefaces&v=4.0 HTTP/1.1" 304 -
186.145.91.234 - - [20/Feb/2023:06:18:56 -0500] "GET /sipse/faces/javax.faces.resource/messages/messages.png?ln=primefaces&v=4.0 HTTP/1.1" 304 -
186.145.91.234 - - [20/Feb/2023:06:18:57 -0500] "GET /sipse/faces/javax.faces.resource/images/ui-icons_898989_256x240.png?ln=primefaces-aristo HTTP/1.1" 304 -
186.145.91.234 - - [20/Feb/2023:06:18:58 -0500] "POST /sipse/faces/presentacion/sistema/seguridad/seleccionRol.xhtml HTTP/1.1" 200 5624
186.145.91.234 - - [20/Feb/2023:06:18:59 -0500] "POST /sipse/faces/presentacion/sistema/seguridad/seleccionRol.xhtml HTTP/1.1" 200 15087
186.145.91.234 - - [20/Feb/2023:06:18:59 -0500] "GET /sipse/js/jquery.min.js HTTP/1.1" 304 -
186.145.91.234 - - [20/Feb/2023:06:18:59 -0500] "GET /sipse/faces/javax.faces.resource/layout/layout.css?ln=primefaces&v=4.0 HTTP/1.1" 304 -
186.145.91.234 - - [20/Feb/2023:06:18:59 -0500] "GET /sipse/faces/javax.faces.resource/primefaces.css?ln=primefaces&v=4.0 HTTP/1.1" 304 -
186.145.91.234 - - [20/Feb/2023:06:18:59 -0500] "GET /sipse/faces/javax.faces.resource/theme.css?ln=primefaces-sipse HTTP/1.1" 304 -
186.145.91.234 - - [20/Feb/2023:06:18:59 -0500] "GET /sipse/faces/javax.faces.resource/jquery/jquery.js?ln=primefaces&v=4.0 HTTP/1.1" 304 -
186.145.91.234 - - [20/Feb/2023:06:18:59 -0500] "GET /sipse/faces/javax.faces.resource/jquery/jquery-plugins.js?ln=primefaces&v=4.0 HTTP/1.1" 304 -
186.145.91.234 - - [20/Feb/2023:06:18:59 -0500] "GET /sipse/faces/javax.faces.resource/primefaces.js?ln=primefaces&v=4.0 HTTP/1.1" 304 -
186.145.91.234 - - [20/Feb/2023:06:18:59 -0500] "GET /sipse/faces/javax.faces.resource/layout/layout.js?ln=primefaces&v=4.0 HTTP/1.1" 304 -
186.145.91.234 - - [20/Feb/2023:06:18:59 -0500] "GET /sipse/imagenes/logoAplicacion.jpg HTTP/1.1" 304 -
186.145.91.234 - - [20/Feb/2023:06:18:59 -0500] "GET /sipse/css/imagen/contrasena.png HTTP/1.1" 404 383
186.145.91.234 - - [20/Feb/2023:06:18:59 -0500] "GET /sipse/imagenes/cargando.gif HTTP/1.1" 304 -
186.145.91.234 - - [20/Feb/2023:06:19:00 -0500] "GET /sipse/faces/javax.faces.resource/images/ui-bg_flat_0_2d5972_40x100.png?ln=primefaces-aristo HTTP/1.1" 304 -
186.145.91.234 - - [20/Feb/2023:06:19:00 -0500] "POST /sipse/faces/bienvenido.xhtml HTTP/1.1" 200 3843
186.145.91.234 - - [20/Feb/2023:06:19:01 -0500] "POST /sipse/faces/bienvenido.xhtml HTTP/1.1" 200 64250
186.145.91.234 - - [20/Feb/2023:06:19:02 -0500] "GET /sipse/faces/javax.faces.resource/theme.css?ln=primefaces-sipse HTTP/1.1" 304 -
186.145.91.234 - - [20/Feb/2023:06:19:02 -0500] "GET /sipse/faces/javax.faces.resource/primefaces.css?ln=primefaces&v=4.0 HTTP/1.1" 304 -
186.145.91.234 - - [20/Feb/2023:06:19:02 -0500] "GET /sipse/faces/javax.faces.resource/layout/layout.css?ln=primefaces&v=4.0 HTTP/1.1" 304 -
186.145.91.234 - - [20/Feb/2023:06:19:02 -0500] "GET /sipse/faces/javax.faces.resource/jquery/jquery.js?ln=primefaces&v=4.0 HTTP/1.1" 304 -
186.145.91.234 - - [20/Feb/2023:06:19:02 -0500] "GET /sipse/faces/javax.faces.resource/jquery/jquery-plugins.js?ln=primefaces&v=4.0 HTTP/1.1" 304 -
186.145.91.234 - - [20/Feb/2023:06:19:02 -0500] "GET /sipse/faces/javax.faces.resource/primefaces.js?ln=primefaces&v=4.0 HTTP/1.1" 304 -
186.145.91.234 - - [20/Feb/2023:06:19:02 -0500] "GET /sipse/faces/javax.faces.resource/layout/layout.js?ln=primefaces&v=4.0 HTTP/1.1" 304 -
186.145.91.234 - - [20/Feb/2023:06:19:02 -0500] "POST /sipse/faces/presentacion/financiero/solicitudProceso/listarSolicitudProceso.xhtml HTTP/1.1" 200 1556
186.145.91.234 - - [20/Feb/2023:06:19:04 -0500] "POST /sipse/faces/presentacion/financiero/solicitudProceso/listarSolicitudProceso.xhtml HTTP/1.1" 200 46604
186.145.91.234 - - [20/Feb/2023:06:19:05 -0500] "POST /sipse/faces/presentacion/financiero/solicitudProceso/listarSolicitudProceso.xhtml HTTP/1.1" 200 1560
186.145.91.234 - - [20/Feb/2023:06:19:05 -0500] "POST /sipse/faces/presentacion/financiero/solicitudProceso/listarSolicitudProceso.xhtml HTTP/1.1" 200 31923
186.145.91.234 - - [20/Feb/2023:06:19:06 -0500] "POST /sipse/faces/presentacion/financiero/solicitudProceso/listarSolicitudProceso.xhtml HTTP/1.1" 200 43910
186.145.91.234 - - [20/Feb/2023:06:19:14 -0500] "POST /sipse/faces/presentacion/financiero/solicitudProceso/listarSolicitudProceso.xhtml HTTP/1.1" 200 8050
186.145.91.234 - - [20/Feb/2023:06:19:54 -0500] "POST /sipse/faces/presentacion/financiero/solicitudProceso/listarSolicitudProceso.xhtml HTTP/1.1" 200 31967
186.145.91.234 - - [20/Feb/2023:06:19:58 -0500] "POST /sipse/faces/presentacion/financiero/solicitudProceso/listarSolicitudProceso.xhtml HTTP/1.1" 200 20136
201.245.192.253 - - [20/Feb/2023:06:19:59 -0500] "POST /kwsrmcab/Wsrmcab  HTTP/1.1" 200 213
172.22.2.4 - - [20/Feb/2023:06:19:34 -0500] "HEAD /BLA/boletinlegal/ HTTP/1.1" 200 -
172.22.2.4 - - [20/Feb/2023:06:20:25 -0500] "GET /BLA/boletinlegal/ HTTP/1.1" 200 59404
95.108.213.206 - - [20/Feb/2023:06:22:34 -0500] "-" 408 -
216.245.221.92 - - [20/Feb/2023:06:22:44 -0500] "HEAD / HTTP/1.1" 200 -
172.22.2.4 - - [20/Feb/2023:06:23:35 -0500] "GET /BLA/boletinlegal/jurisprudencia/analisis/CUADRO%20ANALISIS%20SENTENCIA%20T-411%20DE%201992.doc HTTP/1.1" 200 41984
172.22.2.4 - - [20/Feb/2023:06:24:17 -0500] "GET /BLA/boletinlegal/jurisprudencia/analisis/CUADRO%20ANALISIS%20SENTENCIA%20T-411%20DE%201992.doc HTTP/1.1" 200 41984
172.22.2.4 - - [20/Feb/2023:06:24:47 -0500] "GET /BLA/boletinlegal/jurisprudencia/analisis/CUADRO%20ANALISIS%20SENTENCIA%20T-411%20DE%201992.doc HTTP/1.1" 200 41984
201.245.192.253 - - [20/Feb/2023:06:24:59 -0500] "POST /kwsrmcab/Wsrmcab  HTTP/1.1" 200 213
172.22.2.4 - - [20/Feb/2023:06:25:24 -0500] "HEAD /BLA/boletinlegal/ HTTP/1.1" 200 -
201.245.192.253 - - [20/Feb/2023:06:27:37 -0500] "POST /kwsrmcab/Wsrmcab HTTP/1.1" 200 41105
201.245.192.253 - - [20/Feb/2023:06:27:40 -0500] "POST /kwsrmcab/Wsrmcab HTTP/1.1" 200 41452
216.245.221.92 - - [20/Feb/2023:06:27:44 -0500] "HEAD / HTTP/1.1" 200 -
172.22.2.4 - - [20/Feb/2023:06:26:15 -0500] "GET /BLA/boletinlegal/ HTTP/1.1" 200 58612
172.22.2.4 - - [20/Feb/2023:06:29:23 -0500] "GET /BLA/boletinlegal/jurisprudencia/analisis/CUADRO%20ANALISIS%20SENTENCIA%20T-411%20DE%201992.doc HTTP/1.1" 200 41984
172.22.2.4 - - [20/Feb/2023:06:29:28 -0500] "GET /BLA/boletinlegal/Circulares/2021/CIRCULAR%20No.%2000006%20DEL%2005%20DE%20AGOSTO%20DEL%202021.pdf HTTP/1.1" 304 -
172.22.2.4 - - [20/Feb/2023:06:29:45 -0500] "GET /BLA/boletinlegal/jurisprudencia/analisis/CUADRO%20ANALISIS%20SENTENCIA%20T-411%20DE%201992.doc HTTP/1.1" 200 41984
172.22.2.4 - - [20/Feb/2023:06:29:56 -0500] "GET /BLA/boletinlegal/jurisprudencia/analisis/CUADRO%20ANALISIS%20SENTENCIA%20T-411%20DE%201992.doc HTTP/1.1" 200 41984
201.245.192.253 - - [20/Feb/2023:06:29:57 -0500] "POST /kwsrmcab/Wsrmcab  HTTP/1.1" 200 213
172.22.2.4 - - [20/Feb/2023:06:30:07 -0500] "GET /BLA/boletinlegal/jurisprudencia/analisis/CUADRO%20ANALISIS%20SENTENCIA%20T-411%20DE%201992.doc HTTP/1.1" 200 41984
173.252.79.2 - - [20/Feb/2023:06:30:08 -0500] "GET /images/17%20de%20febrero%20mujeres%20que%20reverdecen.jpeg HTTP/1.1" 200 85735
172.22.2.4 - - [20/Feb/2023:06:30:43 -0500] "GET /BLA/boletinlegal/jurisprudencia/analisis/CUADRO%20ANALISIS%20SENTENCIA%20T-411%20DE%201992.doc HTTP/1.1" 200 41984
172.22.2.4 - - [20/Feb/2023:06:31:10 -0500] "GET /BLA/boletinlegal/jurisprudencia/analisis/CUADRO%20ANALISIS%20SENTENCIA%20T-411%20DE%201992.doc HTTP/1.1" 206 41984
172.22.2.4 - - [20/Feb/2023:06:31:48 -0500] "GET /BLA/boletinlegal/jurisprudencia/analisis/CUADRO%20ANALISIS%20SENTENCIA%20T-411%20DE%201992.doc HTTP/1.1" 200 41984
172.22.2.4 - - [20/Feb/2023:06:31:48 -0500] "GET /BLA/boletinlegal/apple-touch-icon-120x120-precomposed.png HTTP/1.1" 404 1140
172.22.2.4 - - [20/Feb/2023:06:31:48 -0500] "GET /BLA/boletinlegal/apple-touch-icon-120x120.png HTTP/1.1" 404 1140
172.22.2.4 - - [20/Feb/2023:06:31:48 -0500] "GET /BLA/boletinlegal/apple-touch-icon-precomposed.png HTTP/1.1" 404 1140
172.22.2.4 - - [20/Feb/2023:06:31:48 -0500] "GET /BLA/boletinlegal/apple-touch-icon.png HTTP/1.1" 404 1140
172.22.2.4 - - [20/Feb/2023:06:31:48 -0500] "GET /BLA/boletinlegal/favicon.ico HTTP/1.1" 404 1140
172.22.2.4 - - [20/Feb/2023:06:31:48 -0500] "GET /BLA/boletinlegal/apple-touch-icon-120x120-precomposed.png HTTP/1.1" 404 1140
172.22.2.4 - - [20/Feb/2023:06:31:48 -0500] "GET /BLA/boletinlegal/apple-touch-icon-120x120.png HTTP/1.1" 404 1140
172.22.2.4 - - [20/Feb/2023:06:31:48 -0500] "GET /BLA/boletinlegal/apple-touch-icon-precomposed.png HTTP/1.1" 404 1140
172.22.2.4 - - [20/Feb/2023:06:31:48 -0500] "GET /BLA/boletinlegal/apple-touch-icon.png HTTP/1.1" 404 1140
172.22.2.4 - - [20/Feb/2023:06:31:48 -0500] "GET /BLA/boletinlegal/favicon.ico HTTP/1.1" 404 1140
216.245.221.92 - - [20/Feb/2023:06:32:44 -0500] "HEAD / HTTP/1.1" 200 -
172.22.2.4 - - [20/Feb/2023:06:31:14 -0500] "HEAD /BLA/boletinlegal/ HTTP/1.1" 200 -
172.22.2.4 - - [20/Feb/2023:06:32:05 -0500] "GET /BLA/boletinlegal/ HTTP/1.1" 200 59035
201.245.192.253 - - [20/Feb/2023:06:34:56 -0500] "POST /kwsrmcab/Wsrmcab  HTTP/1.1" 200 213
172.22.2.4 - - [20/Feb/2023:06:35:37 -0500] "GET /BLA/boletinlegal/jurisprudencia/analisis/CUADRO%20ANALISIS%20SENTENCIA%20T-411%20DE%201992.doc HTTP/1.1" 200 41984
201.245.192.253 - - [20/Feb/2023:06:37:37 -0500] "POST /kwsrmcab/Wsrmcab HTTP/1.1" 200 41105
201.245.192.253 - - [20/Feb/2023:06:37:40 -0500] "POST /kwsrmcab/Wsrmcab HTTP/1.1" 200 41452
216.245.221.92 - - [20/Feb/2023:06:37:44 -0500] "HEAD / HTTP/1.1" 200 -
172.22.2.4 - - [20/Feb/2023:06:37:04 -0500] "HEAD /BLA/boletinlegal/ HTTP/1.1" 200 -
186.102.64.81 - - [20/Feb/2023:06:39:12 -0500] "GET /kwssiamovil/sm/ldap/au?x=U2FsdGVkX1/Ss5LjN5kkUqAM6lO4UVNX1aSWXs02/HIuPCFDwhuLW0uSPFLutaHL&y=U2FsdGVkX1+MCcJve17+YDNVn8zt2mUfWkeO2GWlgMjFFm8MgYZqWCTGDNXWmOBj HTTP/1.1" 200 31
186.102.64.81 - - [20/Feb/2023:06:39:27 -0500] "GET /kwssiamovil/sm/ldap/au?x=U2FsdGVkX18XBi79AbKcs3Gbway3lIs6PW5ya5/6NX0XLHpfgufL3sCmnlGJYuno&y=U2FsdGVkX19xhsfHeGuIGtbjeN5OfMlYMLdHejKZfc5CmsXmsiOhhz5HKs7K+fcz HTTP/1.1" 200 31
172.22.2.4 - - [20/Feb/2023:06:37:55 -0500] "GET /BLA/boletinlegal/ HTTP/1.1" 200 57192
186.102.64.81 - - [20/Feb/2023:06:39:40 -0500] "GET /kwssiamovil/sm/ldap/au?x=U2FsdGVkX1953bvA2PU2riZFJZ2Ir3LEakX+Ol98G3yVIfOPHHAnxoZ0J6X4k0XN&y=U2FsdGVkX18qw2+Ns7YeZPsPhnrpsaufcd6ndHJp2XIxyzMPmP19sBMCNk4wXd/h HTTP/1.1" 200 31
201.245.192.253 - - [20/Feb/2023:06:39:50 -0500] "POST /kwsrmcab/Wsrmcab  HTTP/1.1" 200 213
162.55.175.24 - - [20/Feb/2023:06:39:58 -0500] "GET / HTTP/1.1" 200 319
162.55.175.24 - - [20/Feb/2023:06:40:01 -0500] "GET / HTTP/1.1" 200 4720
186.102.64.81 - - [20/Feb/2023:06:40:07 -0500] "GET /kwssiamovil/sm/ldap/au?x=U2FsdGVkX1+JJIWQ62KsbUz34lheAJ4UKtQywFMOJwdq/+/u5D0bpV8WHeUrSg9x&y=U2FsdGVkX1/3sDfzN8nkM4e2p1SemKeo5O3rdPGpsFDIqAVYaDu8vqHpXd5X3c3Q HTTP/1.1" 200 31
172.22.2.4 - - [20/Feb/2023:06:40:15 -0500] "GET /BLA/boletinlegal/jurisprudencia/analisis/CUADRO%20ANALISIS%20SENTENCIA%20T-411%20DE%201992.doc HTTP/1.1" 200 41984
172.22.2.4 - - [20/Feb/2023:06:40:15 -0500] "GET /BLA/boletinlegal/apple-touch-icon-120x120-precomposed.png HTTP/1.1" 404 1140
172.22.2.4 - - [20/Feb/2023:06:40:15 -0500] "GET /BLA/boletinlegal/apple-touch-icon-120x120.png HTTP/1.1" 404 1140
172.22.2.4 - - [20/Feb/2023:06:40:15 -0500] "GET /BLA/boletinlegal/apple-touch-icon-precomposed.png HTTP/1.1" 404 1140
172.22.2.4 - - [20/Feb/2023:06:40:15 -0500] "GET /BLA/boletinlegal/apple-touch-icon.png HTTP/1.1" 404 1140
172.22.2.4 - - [20/Feb/2023:06:40:15 -0500] "GET /BLA/boletinlegal/favicon.ico HTTP/1.1" 404 1140
172.22.2.4 - - [20/Feb/2023:06:40:15 -0500] "GET /BLA/boletinlegal/apple-touch-icon-120x120-precomposed.png HTTP/1.1" 404 1140
172.22.2.4 - - [20/Feb/2023:06:40:15 -0500] "GET /BLA/boletinlegal/apple-touch-icon-120x120.png HTTP/1.1" 404 1140
172.22.2.4 - - [20/Feb/2023:06:40:15 -0500] "GET /BLA/boletinlegal/apple-touch-icon-precomposed.png HTTP/1.1" 404 1140
172.22.2.4 - - [20/Feb/2023:06:40:15 -0500] "GET /BLA/boletinlegal/apple-touch-icon.png HTTP/1.1" 404 1140
172.22.2.4 - - [20/Feb/2023:06:40:15 -0500] "GET /BLA/boletinlegal/favicon.ico HTTP/1.1" 404 1140
191.156.190.150 - - [20/Feb/2023:06:40:32 -0500] "GET /secretaria-de-ambiente-impone-medidas-preventivas-a-un-privado-que-utilizaba-un-area-protegida-para-promocionar-proyectos.html HTTP/1.1" 200 866
172.22.2.4 - - [20/Feb/2023:06:40:38 -0500] "GET /BLA/boletinlegal/ HTTP/1.1" 200 24523
191.156.144.46 - - [20/Feb/2023:06:41:31 -0500] "GET /secretaria-de-ambiente-impone-medidas-preventivas-a-un-privado-que-utilizaba-un-area-protegida-para-promocionar-proyectos.html HTTP/1.1" 200 866
173.252.107.24 - - [20/Feb/2023:06:42:28 -0500] "GET /images/cr\xc3\xb3nica-29-nov-1_optimized.jpeg HTTP/1.1" 404 1034
216.245.221.92 - - [20/Feb/2023:06:42:44 -0500] "HEAD / HTTP/1.1" 200 -
172.22.2.4 - - [20/Feb/2023:06:42:59 -0500] "GET /BLA/boletinlegal/jurisprudencia/analisis/CUADRO%20ANALISIS%20SENTENCIA%20T-411%20DE%201992.doc HTTP/1.1" 200 41984
172.22.2.4 - - [20/Feb/2023:06:42:54 -0500] "HEAD /BLA/boletinlegal/ HTTP/1.1" 200 -
108.174.5.113 - - [20/Feb/2023:06:44:47 -0500] "GET /secretaria-de-ambiente-reconocio-las-234-empresas-y-entidades-con-mejores-estrategias-de-gestion-ambiental.html HTTP/1.1" 206 1048
201.245.192.253 - - [20/Feb/2023:06:44:49 -0500] "POST /kwsrmcab/Wsrmcab  HTTP/1.1" 200 213
172.22.2.4 - - [20/Feb/2023:06:43:45 -0500] "GET /BLA/boletinlegal/ HTTP/1.1" 200 59035
216.245.221.92 - - [20/Feb/2023:06:47:44 -0500] "HEAD / HTTP/1.1" 200 -
201.245.192.253 - - [20/Feb/2023:06:49:54 -0500] "POST /kwsrmcab/Wsrmcab  HTTP/1.1" 200 213
172.22.2.4 - - [20/Feb/2023:06:48:44 -0500] "HEAD /BLA/boletinlegal/ HTTP/1.1" 200 -
172.22.2.4 - - [20/Feb/2023:06:50:58 -0500] "GET /BLA/boletinlegal/sitemaps.xml HTTP/1.1" 404 1037
172.22.2.4 - - [20/Feb/2023:06:50:59 -0500] "GET /BLA/boletinlegal/sitemaps.xml HTTP/1.1" 404 1038
172.22.2.4 - - [20/Feb/2023:06:49:35 -0500] "GET /BLA/boletinlegal/ HTTP/1.1" 200 59035
216.245.221.92 - - [20/Feb/2023:06:52:44 -0500] "HEAD / HTTP/1.1" 200 -
66.249.66.81 - - [20/Feb/2023:06:52:44 -0500] "-" 408 -
201.245.192.253 - - [20/Feb/2023:06:54:52 -0500] "POST /kwsrmcab/Wsrmcab  HTTP/1.1" 200 213
172.22.2.4 - - [20/Feb/2023:06:54:34 -0500] "HEAD /BLA/boletinlegal/ HTTP/1.1" 200 -
172.22.2.4 - - [20/Feb/2023:06:55:25 -0500] "GET /BLA/boletinlegal/ HTTP/1.1" 200 59404
216.245.221.92 - - [20/Feb/2023:06:57:44 -0500] "HEAD / HTTP/1.1" 200 -
201.245.192.253 - - [20/Feb/2023:06:59:50 -0500] "POST /kwsrmcab/Wsrmcab  HTTP/1.1" 200 213
190.2.212.29 - - [20/Feb/2023:07:01:33 -0500] "GET /kwssiamovil/sm/ldap/au?x=U2FsdGVkX1+TiZLObT6MKn3NOoojVfGWMTMp/PH58cBANbMTqn26ySfuTQEpSPq1&y=U2FsdGVkX19nd/9N6paQmSDiJ2Uuf8Y9ZyB7PtkPSFe+Ooeb0SYHKutR0Hus2uGN HTTP/1.1" 200 31
190.2.212.29 - - [20/Feb/2023:07:01:34 -0500] "GET /kwssiamovil/sm/ldap/au?x=U2FsdGVkX1+74dK+4nY1ed8WMvr7YrMfAqDvFc5rhszyAPgPUmm3wC02aKWGpULv&y=U2FsdGVkX18PckbYZrezUpjNkwxn9KlFVfgXHgF82WdGiXEdidJGYGGN1yxPYt5P HTTP/1.1" 200 31
190.2.212.29 - - [20/Feb/2023:07:01:38 -0500] "GET /kwssiamovil/sm/ldap/au?x=U2FsdGVkX1+NBwrRmOjtIjMIxuYrTI/zaiaAvefjswNWyfV4NaZE6cri29tnZHTC&y=U2FsdGVkX18X6Z7XDbXdjZlHIqBETGLxlTQ1oCn89MiotMfsWgkrhX7728P4Skj/ HTTP/1.1" 200 31
172.22.2.4 - - [20/Feb/2023:07:00:24 -0500] "HEAD /BLA/boletinlegal/ HTTP/1.1" 200 -
216.245.221.92 - - [20/Feb/2023:07:02:44 -0500] "HEAD / HTTP/1.1" 200 -
172.22.2.4 - - [20/Feb/2023:07:01:14 -0500] "GET /BLA/boletinlegal/ HTTP/1.1" 200 56825
213.180.203.201 - - [20/Feb/2023:07:03:46 -0500] "GET /portaldeninos/ HTTP/1.1" 200 110197
190.66.247.53 - - [20/Feb/2023:07:04:06 -0500] "GET /sipse/faces/faces/index.xhtml HTTP/1.1" 200 677
190.66.247.53 - - [20/Feb/2023:07:04:06 -0500] "GET /sipse/faces/javax.faces.resource/theme.css?ln=primefaces-sipse HTTP/1.1" 304 -
190.66.247.53 - - [20/Feb/2023:07:04:06 -0500] "GET /sipse/faces/faces/faces/autenticacion.xhtml HTTP/1.1" 200 12179
190.66.247.53 - - [20/Feb/2023:07:04:07 -0500] "GET /sipse/js/funciones.js HTTP/1.1" 304 -
190.66.247.53 - - [20/Feb/2023:07:04:07 -0500] "GET /sipse/faces/javax.faces.resource/theme.css?ln=primefaces-sipse HTTP/1.1" 304 -
190.66.247.53 - - [20/Feb/2023:07:04:07 -0500] "GET /sipse/css/custom_css_sg.css HTTP/1.1" 304 -
190.66.247.53 - - [20/Feb/2023:07:04:07 -0500] "GET /sipse/css/custom_css_sg_prime_login.css HTTP/1.1" 304 -
190.66.247.53 - - [20/Feb/2023:07:04:07 -0500] "GET /sipse/js/disable_browser_buttons.js HTTP/1.1" 304 -
190.66.247.53 - - [20/Feb/2023:07:04:07 -0500] "GET /sipse/faces/javax.faces.resource/primefaces.css?ln=primefaces&v=4.0 HTTP/1.1" 304 -
190.66.247.53 - - [20/Feb/2023:07:04:07 -0500] "GET /sipse/faces/javax.faces.resource/layout/layout.css?ln=primefaces&v=4.0 HTTP/1.1" 304 -
190.66.247.53 - - [20/Feb/2023:07:04:07 -0500] "GET /sipse/faces/javax.faces.resource/jquery/jquery.js?ln=primefaces&v=4.0 HTTP/1.1" 304 -
190.66.247.53 - - [20/Feb/2023:07:04:07 -0500] "GET /sipse/faces/javax.faces.resource/jquery/jquery-plugins.js?ln=primefaces&v=4.0 HTTP/1.1" 304 -
190.66.247.53 - - [20/Feb/2023:07:04:07 -0500] "GET /sipse/faces/javax.faces.resource/primefaces.js?ln=primefaces&v=4.0 HTTP/1.1" 304 -
190.66.247.53 - - [20/Feb/2023:07:04:07 -0500] "GET /sipse/faces/javax.faces.resource/layout/layout.js?ln=primefaces&v=4.0 HTTP/1.1" 304 -
190.66.247.53 - - [20/Feb/2023:07:04:07 -0500] "GET /sipse/css/imagen/logoSDG.png HTTP/1.1" 304 -
190.66.247.53 - - [20/Feb/2023:07:04:07 -0500] "GET /sipse/css/imagen/loginimg.png HTTP/1.1" 304 -
190.66.247.53 - - [20/Feb/2023:07:04:07 -0500] "GET /sipse/faces/javax.faces.resource/images/ui-icons_898989_256x240.png?ln=primefaces-aristo HTTP/1.1" 304 -
190.66.247.53 - - [20/Feb/2023:07:04:12 -0500] "POST /sipse/faces/autenticacion.xhtml HTTP/1.1" 200 16114
190.66.247.53 - - [20/Feb/2023:07:04:12 -0500] "GET /sipse/faces/javax.faces.resource/theme.css?ln=primefaces-sipse HTTP/1.1" 304 -
190.66.247.53 - - [20/Feb/2023:07:04:12 -0500] "GET /sipse/faces/javax.faces.resource/primefaces.css?ln=primefaces&v=4.0 HTTP/1.1" 304 -
190.66.247.53 - - [20/Feb/2023:07:04:12 -0500] "GET /sipse/css/custom_css_sg_prime.css HTTP/1.1" 304 -
190.66.247.53 - - [20/Feb/2023:07:04:12 -0500] "GET /sipse/faces/javax.faces.resource/layout/layout.css?ln=primefaces&v=4.0 HTTP/1.1" 304 -
190.66.247.53 - - [20/Feb/2023:07:04:12 -0500] "GET /sipse/js/jquery.min.js HTTP/1.1" 304 -
190.66.247.53 - - [20/Feb/2023:07:04:12 -0500] "GET /sipse/faces/javax.faces.resource/jquery/jquery.js?ln=primefaces&v=4.0 HTTP/1.1" 304 -
190.66.247.53 - - [20/Feb/2023:07:04:12 -0500] "GET /sipse/faces/javax.faces.resource/jquery/jquery-plugins.js?ln=primefaces&v=4.0 HTTP/1.1" 304 -
190.66.247.53 - - [20/Feb/2023:07:04:12 -0500] "GET /sipse/faces/javax.faces.resource/primefaces.js?ln=primefaces&v=4.0 HTTP/1.1" 304 -
190.66.247.53 - - [20/Feb/2023:07:04:12 -0500] "GET /sipse/faces/javax.faces.resource/layout/layout.js?ln=primefaces&v=4.0 HTTP/1.1" 304 -
190.66.247.53 - - [20/Feb/2023:07:04:13 -0500] "GET /sipse/imagenes/cargando.gif HTTP/1.1" 304 -
190.66.247.53 - - [20/Feb/2023:07:04:13 -0500] "GET /sipse/css/imagen/contrasena.png HTTP/1.1" 404 383
190.66.247.53 - - [20/Feb/2023:07:04:13 -0500] "GET /sipse/imagenes/logoAplicacion.jpg HTTP/1.1" 304 -
172.22.2.4 - - [20/Feb/2023:07:04:34 -0500] "GET /BLA/boletinlegal/jurisprudencia/analisis/CUADRO%20ANALISIS%20SENTENCIA%20T-411%20DE%201992.doc HTTP/1.1" 200 41984
201.245.192.253 - - [20/Feb/2023:07:04:49 -0500] "POST /kwsrmcab/Wsrmcab  HTTP/1.1" 200 213
190.66.247.53 - - [20/Feb/2023:07:05:00 -0500] "GET /sipse/faces/javax.faces.resource/messages/messages.png?ln=primefaces&v=4.0 HTTP/1.1" 304 -
190.66.247.53 - - [20/Feb/2023:07:05:02 -0500] "POST /sipse/faces/presentacion/financiero/solicitudProceso/listarSolicitudProceso.xhtml HTTP/1.1" 200 31403
190.66.247.53 - - [20/Feb/2023:07:05:03 -0500] "POST /sipse/faces/presentacion/financiero/solicitudProceso/listarSolicitudProceso.xhtml HTTP/1.1" 200 43277
190.66.247.53 - - [20/Feb/2023:07:05:08 -0500] "POST /sipse/faces/presentacion/financiero/solicitudProceso/listarSolicitudProceso.xhtml HTTP/1.1" 200 160160
190.66.247.53 - - [20/Feb/2023:07:05:10 -0500] "GET /sipse/css/custom_css_sg.css HTTP/1.1" 304 -
190.66.247.53 - - [20/Feb/2023:07:05:10 -0500] "GET /sipse/faces/javax.faces.resource/theme.css?ln=primefaces-sipse HTTP/1.1" 304 -
190.66.247.53 - - [20/Feb/2023:07:05:10 -0500] "GET /sipse/faces/javax.faces.resource/primefaces.css?ln=primefaces&v=4.0 HTTP/1.1" 304 -
190.66.247.53 - - [20/Feb/2023:07:05:10 -0500] "GET /sipse/faces/javax.faces.resource/layout/layout.css?ln=primefaces&v=4.0 HTTP/1.1" 304 -
190.66.247.53 - - [20/Feb/2023:07:05:10 -0500] "GET /sipse/faces/javax.faces.resource/jquery/jquery.js?ln=primefaces&v=4.0 HTTP/1.1" 304 -
190.66.247.53 - - [20/Feb/2023:07:05:10 -0500] "GET /sipse/faces/javax.faces.resource/jquery/jquery-plugins.js?ln=primefaces&v=4.0 HTTP/1.1" 304 -
190.66.247.53 - - [20/Feb/2023:07:05:10 -0500] "GET /sipse/faces/javax.faces.resource/primefaces.js?ln=primefaces&v=4.0 HTTP/1.1" 304 -
190.66.247.53 - - [20/Feb/2023:07:05:10 -0500] "GET /sipse/faces/javax.faces.resource/layout/layout.js?ln=primefaces&v=4.0 HTTP/1.1" 304 -
190.66.247.53 - - [20/Feb/2023:07:05:11 -0500] "GET /sipse/css/imagen/logoSDG.png HTTP/1.1" 304 -
190.66.247.53 - - [20/Feb/2023:07:05:11 -0500] "GET /sipse/css/imagen/contrasena.png HTTP/1.1" 404 383
190.66.247.53 - - [20/Feb/2023:07:05:11 -0500] "GET /sipse/faces/javax.faces.resource/images/ui-icons_898989_256x240.png?ln=primefaces-aristo HTTP/1.1" 304 -
190.66.247.53 - - [20/Feb/2023:07:05:16 -0500] "POST /sipse/faces/presentacion/financiero/solicitudProceso/consultarSolicitudProceso.xhtml HTTP/1.1" 200 657495
190.66.247.53 - - [20/Feb/2023:07:05:31 -0500] "POST /sipse/faces/presentacion/financiero/solicitudProceso/consultarSolicitudProceso.xhtml HTTP/1.1" 200 18721
190.66.247.53 - - [20/Feb/2023:07:05:31 -0500] "GET /sipse/faces/javax.faces.resource/theme.css?ln=primefaces-sipse HTTP/1.1" 304 -
190.66.247.53 - - [20/Feb/2023:07:05:31 -0500] "GET /sipse/faces/javax.faces.resource/primefaces.css?ln=primefaces&v=4.0 HTTP/1.1" 304 -
190.66.247.53 - - [20/Feb/2023:07:05:32 -0500] "GET /sipse/faces/javax.faces.resource/layout/layout.css?ln=primefaces&v=4.0 HTTP/1.1" 304 -
190.66.247.53 - - [20/Feb/2023:07:05:32 -0500] "GET /sipse/faces/javax.faces.resource/jquery/jquery-plugins.js?ln=primefaces&v=4.0 HTTP/1.1" 304 -
190.66.247.53 - - [20/Feb/2023:07:05:32 -0500] "GET /sipse/faces/javax.faces.resource/jquery/jquery.js?ln=primefaces&v=4.0 HTTP/1.1" 304 -
190.66.247.53 - - [20/Feb/2023:07:05:32 -0500] "GET /sipse/faces/javax.faces.resource/fileupload/fileupload.css?ln=primefaces&v=4.0 HTTP/1.1" 304 -
190.66.247.53 - - [20/Feb/2023:07:05:32 -0500] "GET /sipse/faces/javax.faces.resource/primefaces.js?ln=primefaces&v=4.0 HTTP/1.1" 304 -
190.66.247.53 - - [20/Feb/2023:07:05:32 -0500] "GET /sipse/faces/javax.faces.resource/layout/layout.js?ln=primefaces&v=4.0 HTTP/1.1" 304 -
190.66.247.53 - - [20/Feb/2023:07:05:32 -0500] "GET /sipse/faces/javax.faces.resource/fileupload/fileupload.js?ln=primefaces&v=4.0 HTTP/1.1" 304 -
190.66.247.53 - - [20/Feb/2023:07:05:32 -0500] "GET /sipse/imagenes/cargando.gif HTTP/1.1" 304 -
190.66.247.53 - - [20/Feb/2023:07:06:00 -0500] "GET /sipse/faces/javax.faces.resource/theme.css?ln=primefaces-sipse HTTP/1.1" 304 -
190.66.247.53 - - [20/Feb/2023:07:05:59 -0500] "POST /sipse/faces/presentacion/sistema/anexos/cargarAnexoSolicitudProceso.xhtml HTTP/1.1" 200 207796
190.66.247.53 - - [20/Feb/2023:07:06:00 -0500] "GET /sipse/faces/javax.faces.resource/layout/layout.css?ln=primefaces&v=4.0 HTTP/1.1" 304 -
190.66.247.53 - - [20/Feb/2023:07:06:00 -0500] "GET /sipse/faces/javax.faces.resource/primefaces.css?ln=primefaces&v=4.0 HTTP/1.1" 304 -
190.66.247.53 - - [20/Feb/2023:07:06:00 -0500] "GET /sipse/faces/javax.faces.resource/jquery/jquery-plugins.js?ln=primefaces&v=4.0 HTTP/1.1" 304 -
190.66.247.53 - - [20/Feb/2023:07:06:00 -0500] "GET /sipse/faces/javax.faces.resource/jquery/jquery.js?ln=primefaces&v=4.0 HTTP/1.1" 304 -
190.66.247.53 - - [20/Feb/2023:07:06:00 -0500] "GET /sipse/faces/javax.faces.resource/primefaces.js?ln=primefaces&v=4.0 HTTP/1.1" 304 -
190.66.247.53 - - [20/Feb/2023:07:06:00 -0500] "GET /sipse/faces/javax.faces.resource/layout/layout.js?ln=primefaces&v=4.0 HTTP/1.1" 304 -
190.66.247.53 - - [20/Feb/2023:07:06:09 -0500] "GET /sipse/faces/javax.faces.resource/images/ui-bg_flat_0_2d5972_40x100.png?ln=primefaces-aristo HTTP/1.1" 304 -
190.66.247.53 - - [20/Feb/2023:07:06:09 -0500] "POST /sipse/faces/presentacion/financiero/solicitudProceso/consultarSolicitudProceso.xhtml HTTP/1.1" 200 61186
190.66.247.53 - - [20/Feb/2023:07:06:11 -0500] "GET /sipse/faces/javax.faces.resource/theme.css?ln=primefaces-sipse HTTP/1.1" 304 -
190.66.247.53 - - [20/Feb/2023:07:06:11 -0500] "GET /sipse/faces/javax.faces.resource/primefaces.css?ln=primefaces&v=4.0 HTTP/1.1" 304 -
190.66.247.53 - - [20/Feb/2023:07:06:11 -0500] "GET /sipse/faces/javax.faces.resource/layout/layout.css?ln=primefaces&v=4.0 HTTP/1.1" 304 -
190.66.247.53 - - [20/Feb/2023:07:06:11 -0500] "GET /sipse/faces/javax.faces.resource/jquery/jquery.js?ln=primefaces&v=4.0 HTTP/1.1" 304 -
190.66.247.53 - - [20/Feb/2023:07:06:11 -0500] "GET /sipse/faces/javax.faces.resource/jquery/jquery-plugins.js?ln=primefaces&v=4.0 HTTP/1.1" 304 -
190.66.247.53 - - [20/Feb/2023:07:06:12 -0500] "GET /sipse/faces/javax.faces.resource/primefaces.js?ln=primefaces&v=4.0 HTTP/1.1" 304 -
190.66.247.53 - - [20/Feb/2023:07:06:12 -0500] "GET /sipse/faces/javax.faces.resource/layout/layout.js?ln=primefaces&v=4.0 HTTP/1.1" 304 -
190.66.247.53 - - [20/Feb/2023:07:06:12 -0500] "POST /sipse/faces/presentacion/financiero/solicitudProceso/listarSolicitudProceso.xhtml HTTP/1.1" 200 1556
190.66.247.53 - - [20/Feb/2023:07:06:12 -0500] "GET /sipse/faces/javax.faces.resource/messages/messages.png?ln=primefaces&v=4.0 HTTP/1.1" 304 -
40.77.167.229 - - [20/Feb/2023:07:06:32 -0500] "GET /BLA/resoluciones/RESOLUCIONES%202007/RES%202007%201901%20AL%202000/RESOLUCION%201914%20DE%202007.pdf HTTP/1.1" 200 27166
190.66.247.53 - - [20/Feb/2023:07:07:40 -0500] "POST /sipse/faces/presentacion/financiero/solicitudProceso/listarSolicitudProceso.xhtml HTTP/1.1" 200 31476
190.66.247.53 - - [20/Feb/2023:07:07:41 -0500] "POST /sipse/faces/presentacion/financiero/solicitudProceso/listarSolicitudProceso.xhtml HTTP/1.1" 200 43346
216.245.221.92 - - [20/Feb/2023:07:07:44 -0500] "HEAD / HTTP/1.1" 200 -
190.66.247.53 - - [20/Feb/2023:07:07:44 -0500] "POST /sipse/faces/presentacion/financiero/solicitudProceso/listarSolicitudProceso.xhtml HTTP/1.1" 200 144054
190.66.247.53 - - [20/Feb/2023:07:07:46 -0500] "GET /sipse/faces/javax.faces.resource/theme.css?ln=primefaces-sipse HTTP/1.1" 304 -
190.66.247.53 - - [20/Feb/2023:07:07:46 -0500] "GET /sipse/faces/javax.faces.resource/layout/layout.css?ln=primefaces&v=4.0 HTTP/1.1" 304 -
190.66.247.53 - - [20/Feb/2023:07:07:46 -0500] "GET /sipse/faces/javax.faces.resource/primefaces.css?ln=primefaces&v=4.0 HTTP/1.1" 304 -
190.66.247.53 - - [20/Feb/2023:07:07:47 -0500] "GET /sipse/faces/javax.faces.resource/jquery/jquery.js?ln=primefaces&v=4.0 HTTP/1.1" 304 -
190.66.247.53 - - [20/Feb/2023:07:07:47 -0500] "GET /sipse/faces/javax.faces.resource/jquery/jquery-plugins.js?ln=primefaces&v=4.0 HTTP/1.1" 304 -
190.66.247.53 - - [20/Feb/2023:07:07:47 -0500] "GET /sipse/faces/javax.faces.resource/primefaces.js?ln=primefaces&v=4.0 HTTP/1.1" 304 -
190.66.247.53 - - [20/Feb/2023:07:07:47 -0500] "GET /sipse/faces/javax.faces.resource/layout/layout.js?ln=primefaces&v=4.0 HTTP/1.1" 304 -
172.22.2.4 - - [20/Feb/2023:07:06:14 -0500] "HEAD /BLA/boletinlegal/ HTTP/1.1" 200 -
172.22.2.4 - - [20/Feb/2023:07:07:04 -0500] "GET /BLA/boletinlegal/ HTTP/1.1" 200 57192
190.66.247.53 - - [20/Feb/2023:07:09:13 -0500] "POST /sipse/faces/presentacion/financiero/solicitudProceso/consultarSolicitudProceso.xhtml HTTP/1.1" 200 64757
190.66.247.53 - - [20/Feb/2023:07:09:14 -0500] "GET /sipse/faces/javax.faces.resource/theme.css?ln=primefaces-sipse HTTP/1.1" 304 -
190.66.247.53 - - [20/Feb/2023:07:09:14 -0500] "GET /sipse/faces/javax.faces.resource/primefaces.css?ln=primefaces&v=4.0 HTTP/1.1" 304 -
190.66.247.53 - - [20/Feb/2023:07:09:14 -0500] "GET /sipse/faces/javax.faces.resource/jquery/jquery.js?ln=primefaces&v=4.0 HTTP/1.1" 304 -
190.66.247.53 - - [20/Feb/2023:07:09:14 -0500] "GET /sipse/faces/javax.faces.resource/layout/layout.css?ln=primefaces&v=4.0 HTTP/1.1" 304 -
190.66.247.53 - - [20/Feb/2023:07:09:14 -0500] "GET /sipse/faces/javax.faces.resource/jquery/jquery-plugins.js?ln=primefaces&v=4.0 HTTP/1.1" 304 -
190.66.247.53 - - [20/Feb/2023:07:09:14 -0500] "GET /sipse/faces/javax.faces.resource/primefaces.js?ln=primefaces&v=4.0 HTTP/1.1" 304 -
190.66.247.53 - - [20/Feb/2023:07:09:14 -0500] "GET /sipse/faces/javax.faces.resource/layout/layout.js?ln=primefaces&v=4.0 HTTP/1.1" 304 -
190.66.247.53 - - [20/Feb/2023:07:09:15 -0500] "POST /sipse/faces/presentacion/financiero/solicitudProceso/listarSolicitudProceso.xhtml HTTP/1.1" 200 1556
190.66.247.53 - - [20/Feb/2023:07:09:15 -0500] "POST /sipse/faces/presentacion/financiero/solicitudProceso/listarSolicitudProceso.xhtml HTTP/1.1" 200 1552
190.66.247.53 - - [20/Feb/2023:07:09:21 -0500] "POST /sipse/faces/presentacion/financiero/solicitudProceso/listarSolicitudProceso.xhtml HTTP/1.1" 200 13872
172.22.2.4 - - [20/Feb/2023:07:09:31 -0500] "GET /BLA/boletinlegal/normativa.php HTTP/1.1" 200 8333
172.22.2.4 - - [20/Feb/2023:07:09:33 -0500] "GET /BLA/boletinlegal/js/ajax_normativa.js HTTP/1.1" 200 1154
190.66.247.53 - - [20/Feb/2023:07:09:33 -0500] "POST /sipse/faces/presentacion/financiero/solicitudProceso/listarSolicitudProceso.xhtml HTTP/1.1" 200 25828
201.245.192.253 - - [20/Feb/2023:07:09:48 -0500] "POST /kwsrmcab/Wsrmcab  HTTP/1.1" 200 213
191.95.53.166 - - [20/Feb/2023:07:10:32 -0500] "GET / HTTP/1.1" 200 319
191.95.53.166 - - [20/Feb/2023:07:10:32 -0500] "GET /favicon.ico HTTP/1.1" 200 7782
216.245.221.92 - - [20/Feb/2023:07:12:44 -0500] "HEAD / HTTP/1.1" 200 -
172.22.2.4 - - [20/Feb/2023:07:12:04 -0500] "HEAD /BLA/boletinlegal/ HTTP/1.1" 200 -
191.106.170.162 - - [20/Feb/2023:07:13:59 -0500] "GET /BLA/resoluciones/RESOLUCIONES%202020/1361.pdf HTTP/1.1" 200 384330
191.106.170.162 - - [20/Feb/2023:07:13:59 -0500] "GET /favicon.ico HTTP/1.1" 200 7782
172.22.2.4 - - [20/Feb/2023:07:14:22 -0500] "GET /BLA/boletinlegal/actos.php HTTP/1.1" 200 9606
172.22.2.4 - - [20/Feb/2023:07:12:55 -0500] "GET /BLA/boletinlegal/ HTTP/1.1" 200 57192
201.245.192.253 - - [20/Feb/2023:07:14:47 -0500] "POST /kwsrmcab/Wsrmcab  HTTP/1.1" 200 213
172.22.2.4 - - [20/Feb/2023:07:15:07 -0500] "GET /BLA/boletinlegal/actos.php HTTP/1.1" 200 9606
186.29.233.7 - - [20/Feb/2023:07:15:08 -0500] "GET /BLA/resoluciones/ HTTP/1.1" 200 13502
186.29.233.7 - - [20/Feb/2023:07:15:22 -0500] "GET /BLA/resoluciones/index.php?dir=AUTOS+2014%2F HTTP/1.1" 200 886287
172.22.2.4 - - [20/Feb/2023:07:15:04 -0500] "GET /BLA/boletinlegal/ HTTP/1.1" 200 24523
190.25.224.3 - - [20/Feb/2023:07:16:14 -0500] "GET /calculadora/? HTTP/1.1" 200 5879
190.25.224.3 - - [20/Feb/2023:07:16:15 -0500] "GET /calculadora/vendor/bootstrap/css/bootstrap.min.css HTTP/1.1" 200 124962
190.25.224.3 - - [20/Feb/2023:07:16:15 -0500] "GET /calculadora/fonts/font-awesome-4.7.0/css/font-awesome.min.css HTTP/1.1" 200 31000
190.25.224.3 - - [20/Feb/2023:07:16:15 -0500] "GET /calculadora/fonts/Linearicons-Free-v1.0.0/icon-font.min.css HTTP/1.1" 200 7354
190.25.224.3 - - [20/Feb/2023:07:16:15 -0500] "GET /calculadora/vendor/animate/animate.css HTTP/1.1" 200 23848
190.25.224.3 - - [20/Feb/2023:07:16:15 -0500] "GET /calculadora/vendor/css-hamburgers/hamburgers.min.css HTTP/1.1" 200 19686
190.25.224.3 - - [20/Feb/2023:07:16:15 -0500] "GET /calculadora/vendor/animsition/css/animsition.min.css HTTP/1.1" 200 27478
190.25.224.3 - - [20/Feb/2023:07:16:15 -0500] "GET /calculadora/vendor/select2/select2.min.css HTTP/1.1" 200 15196
190.25.224.3 - - [20/Feb/2023:07:16:15 -0500] "GET /calculadora/vendor/daterangepicker/daterangepicker.css HTTP/1.1" 200 8163
190.25.224.3 - - [20/Feb/2023:07:16:15 -0500] "GET /calculadora/css/util.css HTTP/1.1" 200 86814
190.25.224.3 - - [20/Feb/2023:07:16:15 -0500] "GET /calculadora/css/main.css HTTP/1.1" 200 9984
190.25.224.3 - - [20/Feb/2023:07:16:15 -0500] "GET /calculadora/ajax_calculadora.js HTTP/1.1" 200 1470
190.25.224.3 - - [20/Feb/2023:07:16:15 -0500] "GET /calculadora/js/main.js HTTP/1.1" 200 1424
190.25.224.3 - - [20/Feb/2023:07:16:15 -0500] "GET /calculadora/images/calculadora-solar1.jpg HTTP/1.1" 200 5293505
190.25.224.3 - - [20/Feb/2023:07:16:15 -0500] "GET /calculadora/fonts/poppins/Poppins-Regular.ttf HTTP/1.1" 200 145312
190.25.224.3 - - [20/Feb/2023:07:16:15 -0500] "GET /calculadora/fonts/montserrat/Montserrat-Bold.ttf HTTP/1.1" 200 261588
201.245.192.253 - - [20/Feb/2023:07:16:33 -0500] "GET /appsia/controlador HTTP/1.1" 200 4799
201.245.192.253 - - [20/Feb/2023:07:16:34 -0500] "GET /favicon.ico HTTP/1.1" 200 7782
201.245.192.253 - - [20/Feb/2023:07:16:44 -0500] "POST /appsia/controlador HTTP/1.1" 200 5437
201.245.192.253 - - [20/Feb/2023:07:16:47 -0500] "POST /appsia/controlador HTTP/1.1" 200 88035
201.245.192.253 - - [20/Feb/2023:07:17:37 -0500] "POST /kwsrmcab/Wsrmcab HTTP/1.1" 200 41109
201.245.192.253 - - [20/Feb/2023:07:17:39 -0500] "POST /kwsrmcab/Wsrmcab HTTP/1.1" 200 41473
216.245.221.92 - - [20/Feb/2023:07:17:44 -0500] "HEAD / HTTP/1.1" 200 -
172.22.2.4 - - [20/Feb/2023:07:17:54 -0500] "HEAD /BLA/boletinlegal/ HTTP/1.1" 200 -
201.245.192.253 - - [20/Feb/2023:07:19:47 -0500] "POST /kwsrmcab/Wsrmcab  HTTP/1.1" 200 213
172.22.2.4 - - [20/Feb/2023:07:18:44 -0500] "GET /BLA/boletinlegal/ HTTP/1.1" 200 57192
216.245.221.92 - - [20/Feb/2023:07:22:44 -0500] "HEAD / HTTP/1.1" 200 -
190.109.5.21 - - [20/Feb/2023:07:24:04 -0500] "GET /sipse/faces/index.xhtml HTTP/1.1" 200 677
190.109.5.21 - - [20/Feb/2023:07:24:04 -0500] "GET /sipse/faces/javax.faces.resource/theme.css?ln=primefaces-sipse HTTP/1.1" 304 -
190.109.5.21 - - [20/Feb/2023:07:24:04 -0500] "GET /favicon.ico HTTP/1.1" 200 7782
190.109.5.21 - - [20/Feb/2023:07:24:04 -0500] "GET /sipse/faces/faces/autenticacion.xhtml HTTP/1.1" 200 12179
190.109.5.21 - - [20/Feb/2023:07:24:04 -0500] "GET /sipse/js/disable_browser_buttons.js HTTP/1.1" 304 -
190.109.5.21 - - [20/Feb/2023:07:24:04 -0500] "GET /sipse/css/custom_css_sg_prime_login.css HTTP/1.1" 304 -
190.109.5.21 - - [20/Feb/2023:07:24:04 -0500] "GET /sipse/css/custom_css_sg.css HTTP/1.1" 304 -
190.109.5.21 - - [20/Feb/2023:07:24:04 -0500] "GET /sipse/faces/javax.faces.resource/theme.css?ln=primefaces-sipse HTTP/1.1" 304 -
190.109.5.21 - - [20/Feb/2023:07:24:04 -0500] "GET /sipse/faces/javax.faces.resource/primefaces.css?ln=primefaces&v=4.0 HTTP/1.1" 304 -
190.109.5.21 - - [20/Feb/2023:07:24:04 -0500] "GET /sipse/faces/javax.faces.resource/layout/layout.css?ln=primefaces&v=4.0 HTTP/1.1" 304 -
190.109.5.21 - - [20/Feb/2023:07:24:04 -0500] "GET /sipse/js/funciones.js HTTP/1.1" 304 -
190.109.5.21 - - [20/Feb/2023:07:24:04 -0500] "GET /sipse/faces/javax.faces.resource/jquery/jquery.js?ln=primefaces&v=4.0 HTTP/1.1" 304 -
190.109.5.21 - - [20/Feb/2023:07:24:04 -0500] "GET /sipse/faces/javax.faces.resource/jquery/jquery-plugins.js?ln=primefaces&v=4.0 HTTP/1.1" 304 -
190.109.5.21 - - [20/Feb/2023:07:24:04 -0500] "GET /sipse/faces/javax.faces.resource/layout/layout.js?ln=primefaces&v=4.0 HTTP/1.1" 304 -
190.109.5.21 - - [20/Feb/2023:07:24:04 -0500] "GET /sipse/faces/javax.faces.resource/primefaces.js?ln=primefaces&v=4.0 HTTP/1.1" 304 -
190.109.5.21 - - [20/Feb/2023:07:24:04 -0500] "GET /sipse/css/imagen/loginimg.png HTTP/1.1" 304 -
190.109.5.21 - - [20/Feb/2023:07:24:04 -0500] "GET /sipse/css/imagen/logoSDG.png HTTP/1.1" 304 -
190.109.5.21 - - [20/Feb/2023:07:24:04 -0500] "GET /sipse/faces/javax.faces.resource/images/ui-icons_898989_256x240.png?ln=primefaces-aristo HTTP/1.1" 304 -
190.109.5.21 - - [20/Feb/2023:07:24:09 -0500] "POST /sipse/faces/autenticacion.xhtml HTTP/1.1" 200 2224
190.109.5.21 - - [20/Feb/2023:07:24:10 -0500] "GET /sipse/faces/javax.faces.resource/messages/messages.png?ln=primefaces&v=4.0 HTTP/1.1" 304 -
190.109.5.21 - - [20/Feb/2023:07:24:13 -0500] "POST /sipse/faces/autenticacion.xhtml HTTP/1.1" 200 16306
