172.22.2.4 - - [22/Feb/2023:02:29:39 -0500] "GET /BLA/boletinlegal/images/arr_r.jpg HTTP/1.1" 200 1998
172.22.2.4 - - [22/Feb/2023:02:29:39 -0500] "GET /BLA/boletinlegal/images/footer_bg.jpg HTTP/1.1" 200 586
172.22.2.4 - - [22/Feb/2023:02:29:39 -0500] "GET /BLA/boletinlegal/images/screen_5.png HTTP/1.1" 200 368876
172.22.2.4 - - [22/Feb/2023:02:29:41 -0500] "GET /BLA/boletinlegal/normativa.php HTTP/1.1" 200 8333
172.22.2.4 - - [22/Feb/2023:02:29:41 -0500] "GET /BLA/boletinlegal/niceforms.js HTTP/1.1" 200 22876
172.22.2.4 - - [22/Feb/2023:02:29:41 -0500] "GET /BLA/boletinlegal/niceforms-default.css HTTP/1.1" 200 6694
172.22.2.4 - - [22/Feb/2023:02:29:41 -0500] "GET /BLA/boletinlegal/js/ajax_normativa.js HTTP/1.1" 200 1154
172.22.2.4 - - [22/Feb/2023:02:29:41 -0500] "GET /BLA/boletinlegal/images/tel.png HTTP/1.1" 200 14477
172.22.2.4 - - [22/Feb/2023:02:29:41 -0500] "GET /BLA/boletinlegal/images/icono-email.png HTTP/1.1" 200 5544
172.22.2.4 - - [22/Feb/2023:02:29:41 -0500] "GET /BLA/boletinlegal/images/footer_bg_l.jpg HTTP/1.1" 200 776
172.22.2.4 - - [22/Feb/2023:02:29:41 -0500] "GET /BLA/boletinlegal/img/0.png HTTP/1.1" 200 110
172.22.2.4 - - [22/Feb/2023:02:29:41 -0500] "GET /BLA/boletinlegal/img/select-left.png HTTP/1.1" 200 263
172.22.2.4 - - [22/Feb/2023:02:29:41 -0500] "GET /BLA/boletinlegal/img/button-left.png HTTP/1.1" 200 57071
172.22.2.4 - - [22/Feb/2023:02:29:41 -0500] "GET /BLA/boletinlegal/img/button.png HTTP/1.1" 200 43241
172.22.2.4 - - [22/Feb/2023:02:29:41 -0500] "GET /BLA/boletinlegal/img/select-right.png HTTP/1.1" 200 44019
172.22.2.4 - - [22/Feb/2023:02:29:41 -0500] "GET /BLA/boletinlegal/img/button-right.png HTTP/1.1" 200 57878
172.22.2.4 - - [22/Feb/2023:02:29:41 -0500] "GET /BLA/boletinlegal/favicon.ico HTTP/1.1" 404 1334
172.22.2.4 - - [22/Feb/2023:02:29:45 -0500] "GET /BLA/boletinlegal/actos.php HTTP/1.1" 200 9606
172.22.2.4 - - [22/Feb/2023:02:29:45 -0500] "GET /BLA/boletinlegal/js/ajax_actos.js HTTP/1.1" 200 1322
172.22.2.4 - - [22/Feb/2023:02:29:45 -0500] "GET /BLA/boletinlegal/js/popup.js HTTP/1.1" 200 1270
172.22.2.4 - - [22/Feb/2023:02:29:45 -0500] "GET /BLA/boletinlegal/js/lib.js HTTP/1.1" 200 6474
172.22.2.4 - - [22/Feb/2023:02:29:45 -0500] "GET /BLA/boletinlegal/js/jquery1.js HTTP/1.1" 200 29846
172.22.2.4 - - [22/Feb/2023:02:29:45 -0500] "GET /BLA/boletinlegal/images/green-yellow-blue-pink-th.png HTTP/1.1" 200 7394
40.77.167.194 - - [22/Feb/2023:02:29:52 -0500] "GET /BLA/resoluciones/AUTOS%202022/4757.pdf HTTP/1.1" 200 344331
181.54.228.54 - - [22/Feb/2023:02:29:54 -0500] "GET /BLA/resoluciones/ HTTP/1.1" 200 13502
181.54.228.54 - - [22/Feb/2023:02:29:54 -0500] "GET /BLA/resoluciones/dlf/styles.css HTTP/1.1" 200 3049
181.54.228.54 - - [22/Feb/2023:02:29:54 -0500] "GET /BLA/resoluciones/dlf/folder.png HTTP/1.1" 200 410
181.54.228.54 - - [22/Feb/2023:02:29:54 -0500] "GET /BLA/resoluciones/dlf/bg.gif HTTP/1.1" 200 54
172.22.2.4 - - [22/Feb/2023:02:28:15 -0500] "GET /BLA/boletinlegal/ HTTP/1.1" 200 56251
181.54.228.54 - - [22/Feb/2023:02:29:56 -0500] "GET /BLA/resoluciones/dlf/dirup.png HTTP/1.1" 200 644
181.54.228.54 - - [22/Feb/2023:02:29:56 -0500] "GET /BLA/resoluciones/dlf/pdf.gif HTTP/1.1" 200 272
181.54.228.54 - - [22/Feb/2023:02:29:56 -0500] "GET /BLA/resoluciones/index.php?dir=AUTOS+2022%2F HTTP/1.1" 200 429532
201.245.192.253 - - [22/Feb/2023:02:30:22 -0500] "POST /kwsrmcab/Wsrmcab  HTTP/1.1" 200 213
172.22.2.4 - - [22/Feb/2023:02:29:31 -0500] "GET /BLA/boletinlegal/ HTTP/1.1" 200 60758
216.245.221.92 - - [22/Feb/2023:02:33:11 -0500] "HEAD / HTTP/1.1" 200 -
52.167.144.39 - - [22/Feb/2023:02:33:26 -0500] "GET /sipse/faces/index.xhtml HTTP/1.1" 200 677
173.252.79.16 - - [22/Feb/2023:02:34:31 -0500] "GET /images/20%20de%20febrero%20panor\xc3\xa1mica%20de%20Bogot\xc3\xa1%20(1)%20(1).jpeg HTTP/1.1" 404 1034
172.22.2.4 - - [22/Feb/2023:02:33:15 -0500] "HEAD /BLA/boletinlegal/ HTTP/1.1" 200 -
201.245.192.253 - - [22/Feb/2023:02:35:21 -0500] "POST /kwsrmcab/Wsrmcab  HTTP/1.1" 200 213
172.22.2.4 - - [22/Feb/2023:02:35:25 -0500] "GET /BLA/boletinlegal/jurisprudencia/analisis/CUADRO%20ANALISIS%20SENTENCIA%20C-554%20DE%202007.doc HTTP/1.1" 200 35328
66.249.66.79 - - [22/Feb/2023:02:35:40 -0500] "-" 408 -
172.22.2.4 - - [22/Feb/2023:02:34:05 -0500] "GET /BLA/boletinlegal/ HTTP/1.1" 200 58803
179.43.177.242 - - [22/Feb/2023:02:35:57 -0500] "POST /boaform/admin/formLogin HTTP/1.1" 404 1186
201.245.192.253 - - [22/Feb/2023:02:37:28 -0500] "POST /kwsrmcab/Wsrmcab HTTP/1.1" 200 40928
201.245.192.253 - - [22/Feb/2023:02:37:40 -0500] "POST /kwsrmcab/Wsrmcab HTTP/1.1" 200 39666
216.245.221.92 - - [22/Feb/2023:02:38:11 -0500] "HEAD / HTTP/1.1" 200 -
173.252.79.19 - - [22/Feb/2023:02:38:51 -0500] "GET /images/20%20de%20febrero%20panor\xc3\xa1mica%20de%20Bogot\xc3\xa1%20(1)%20(1).jpeg HTTP/1.1" 404 1034
201.245.192.253 - - [22/Feb/2023:02:40:19 -0500] "POST /kwsrmcab/Wsrmcab  HTTP/1.1" 200 213
172.22.2.4 - - [22/Feb/2023:02:39:05 -0500] "HEAD /BLA/boletinlegal/ HTTP/1.1" 200 -
31.13.127.9 - - [22/Feb/2023:02:41:06 -0500] "GET /images/20%20de%20febrero%20panor\xc3\xa1mica%20de%20Bogot\xc3\xa1%20(1)%20(1).jpeg HTTP/1.1" 404 1034
66.249.72.76 - - [22/Feb/2023:02:41:14 -0500] "-" 408 -
172.22.2.4 - - [22/Feb/2023:02:39:55 -0500] "GET /BLA/boletinlegal/ HTTP/1.1" 200 59164
216.245.221.92 - - [22/Feb/2023:02:43:11 -0500] "HEAD / HTTP/1.1" 200 -
201.245.192.253 - - [22/Feb/2023:02:45:18 -0500] "POST /kwsrmcab/Wsrmcab  HTTP/1.1" 200 213
173.252.83.17 - - [22/Feb/2023:02:46:13 -0500] "GET /images/IMG_3028%20(1).jpg HTTP/1.1" 200 435206
172.22.2.4 - - [22/Feb/2023:02:44:55 -0500] "HEAD /BLA/boletinlegal/ HTTP/1.1" 200 -
172.22.2.4 - - [22/Feb/2023:02:45:45 -0500] "GET /BLA/boletinlegal/ HTTP/1.1" 200 52622
216.245.221.92 - - [22/Feb/2023:02:48:11 -0500] "HEAD / HTTP/1.1" 200 -
201.245.192.253 - - [22/Feb/2023:02:50:16 -0500] "POST /kwsrmcab/Wsrmcab  HTTP/1.1" 200 213
157.55.39.209 - - [22/Feb/2023:02:51:37 -0500] "GET /BLA/resoluciones/RESOLUCIONES%202021/2903.pdf HTTP/1.1" 304 -
172.22.2.4 - - [22/Feb/2023:02:50:44 -0500] "HEAD /BLA/boletinlegal/ HTTP/1.1" 200 -
168.119.51.200 - - [22/Feb/2023:02:52:47 -0500] "GET / HTTP/1.1" 200 319
168.119.51.200 - - [22/Feb/2023:02:52:48 -0500] "GET / HTTP/1.1" 200 4720
216.245.221.92 - - [22/Feb/2023:02:53:11 -0500] "HEAD / HTTP/1.1" 200 -
172.22.2.4 - - [22/Feb/2023:02:51:35 -0500] "GET /BLA/boletinlegal/ HTTP/1.1" 200 59591
201.245.192.253 - - [22/Feb/2023:02:55:15 -0500] "POST /kwsrmcab/Wsrmcab  HTTP/1.1" 200 213
172.22.2.4 - - [22/Feb/2023:02:55:20 -0500] "GET /BLA/boletinlegal/robots.txt HTTP/1.1" 404 1038
52.167.144.39 - - [22/Feb/2023:02:56:41 -0500] "GET /BLA/resoluciones/RESOLUCIONES%202022/0472.pdf HTTP/1.1" 200 908925
185.119.81.104 - - [22/Feb/2023:02:56:43 -0500] "GET /portaldeninos/wp-login.php HTTP/1.1" 200 2592
185.119.81.104 - - [22/Feb/2023:02:56:44 -0500] "POST /portaldeninos/wp-login.php HTTP/1.1" 200 3650
172.22.2.4 - - [22/Feb/2023:02:57:00 -0500] "GET /BLA/boletinlegal/actos.php HTTP/1.1" 200 9606
172.22.2.4 - - [22/Feb/2023:02:57:00 -0500] "GET /BLA/boletinlegal/styles2.css HTTP/1.1" 200 1838
172.22.2.4 - - [22/Feb/2023:02:57:00 -0500] "GET /BLA/boletinlegal/js/ajax_actos.js HTTP/1.1" 200 1322
172.22.2.4 - - [22/Feb/2023:02:57:00 -0500] "GET /BLA/boletinlegal/niceforms-default.css HTTP/1.1" 200 6694
172.22.2.4 - - [22/Feb/2023:02:57:00 -0500] "GET /BLA/boletinlegal/style.css HTTP/1.1" 200 9406
172.22.2.4 - - [22/Feb/2023:02:57:01 -0500] "GET /BLA/boletinlegal/niceforms.js HTTP/1.1" 200 22876
172.22.2.4 - - [22/Feb/2023:02:57:01 -0500] "GET /BLA/boletinlegal/js/lib.js HTTP/1.1" 200 6474
172.22.2.4 - - [22/Feb/2023:02:57:01 -0500] "GET /BLA/boletinlegal/js/jquery1.js HTTP/1.1" 200 29846
172.22.2.4 - - [22/Feb/2023:02:57:01 -0500] "GET /BLA/boletinlegal/js/popup.js HTTP/1.1" 200 1270
172.22.2.4 - - [22/Feb/2023:02:57:01 -0500] "GET /BLA/boletinlegal/images/cabezote%20BLEGAL.jpg HTTP/1.1" 200 118164
172.22.2.4 - - [22/Feb/2023:02:57:01 -0500] "GET /BLA/boletinlegal/images/subscribe-icon-big.png HTTP/1.1" 200 47702
172.22.2.4 - - [22/Feb/2023:02:57:01 -0500] "GET /BLA/boletinlegal/images/registro-usuarios.png HTTP/1.1" 200 8106
172.22.2.4 - - [22/Feb/2023:02:57:01 -0500] "GET /BLA/boletinlegal/images/historia.png HTTP/1.1" 200 52775
172.22.2.4 - - [22/Feb/2023:02:57:01 -0500] "GET /BLA/boletinlegal/images/tel.png HTTP/1.1" 200 14477
172.22.2.4 - - [22/Feb/2023:02:57:01 -0500] "GET /BLA/boletinlegal/images/green-yellow-blue-pink-th.png HTTP/1.1" 200 7394
172.22.2.4 - - [22/Feb/2023:02:57:01 -0500] "GET /BLA/boletinlegal/images/bg_top.jpg HTTP/1.1" 200 522
172.22.2.4 - - [22/Feb/2023:02:57:01 -0500] "GET /BLA/boletinlegal/images/body_bg.jpg HTTP/1.1" 200 1601
172.22.2.4 - - [22/Feb/2023:02:57:01 -0500] "GET /BLA/boletinlegal/images/footer_bg.jpg HTTP/1.1" 200 586
172.22.2.4 - - [22/Feb/2023:02:57:01 -0500] "GET /BLA/boletinlegal/images/text.jpg HTTP/1.1" 200 568
172.22.2.4 - - [22/Feb/2023:02:57:01 -0500] "GET /BLA/boletinlegal/images/menu_bg.jpg HTTP/1.1" 200 620
172.22.2.4 - - [22/Feb/2023:02:57:01 -0500] "GET /BLA/boletinlegal/images/menu_rght.gif HTTP/1.1" 200 1627
172.22.2.4 - - [22/Feb/2023:02:55:21 -0500] "GET /BLA/boletinlegal/index.php HTTP/1.1" 200 60383
172.22.2.4 - - [22/Feb/2023:02:57:02 -0500] "GET /BLA/boletinlegal/images/hover.jpg HTTP/1.1" 200 640
172.22.2.4 - - [22/Feb/2023:02:57:02 -0500] "GET /BLA/boletinlegal/images/menu_lft.gif HTTP/1.1" 200 1713
172.22.2.4 - - [22/Feb/2023:02:57:02 -0500] "GET /BLA/boletinlegal/images/icono-email.png HTTP/1.1" 200 5544
172.22.2.4 - - [22/Feb/2023:02:57:02 -0500] "GET /BLA/boletinlegal/images/footer_bg_l.jpg HTTP/1.1" 200 776
172.22.2.4 - - [22/Feb/2023:02:57:02 -0500] "GET /BLA/boletinlegal/img/0.png HTTP/1.1" 200 110
172.22.2.4 - - [22/Feb/2023:02:57:02 -0500] "GET /BLA/boletinlegal/img/select-left.png HTTP/1.1" 200 263
172.22.2.4 - - [22/Feb/2023:02:57:02 -0500] "GET /BLA/boletinlegal/img/button-right.png HTTP/1.1" 200 57878
172.22.2.4 - - [22/Feb/2023:02:57:02 -0500] "GET /BLA/boletinlegal/img/select-right.png HTTP/1.1" 200 44019
172.22.2.4 - - [22/Feb/2023:02:57:02 -0500] "GET /BLA/boletinlegal/img/button-left.png HTTP/1.1" 200 57071
172.22.2.4 - - [22/Feb/2023:02:57:02 -0500] "GET /BLA/boletinlegal/img/button.png HTTP/1.1" 200 43241
172.22.2.4 - - [22/Feb/2023:02:57:02 -0500] "GET /BLA/boletinlegal/favicon.ico HTTP/1.1" 404 1326
34.91.106.182 - - [22/Feb/2023:02:57:32 -0500] "GET /inventario-de-emisiones-2020-transporte-publico-sitp-redujo-emisiones-de-pm-2-5-en-un-37.html HTTP/1.1" 200 925
216.245.221.92 - - [22/Feb/2023:02:58:11 -0500] "HEAD / HTTP/1.1" 200 -
172.22.2.4 - - [22/Feb/2023:02:56:34 -0500] "HEAD /BLA/boletinlegal/ HTTP/1.1" 200 -
172.22.2.4 - - [22/Feb/2023:02:57:25 -0500] "GET /BLA/boletinlegal/ HTTP/1.1" 200 56659
201.245.192.253 - - [22/Feb/2023:03:00:14 -0500] "POST /kwsrmcab/Wsrmcab  HTTP/1.1" 200 213
173.252.79.17 - - [22/Feb/2023:03:00:40 -0500] "GET /images/20%20de%20febrero%20panor\xc3\xa1mica%20de%20Bogot\xc3\xa1%20(1)%20(1).jpeg HTTP/1.1" 404 1034
216.245.221.92 - - [22/Feb/2023:03:03:11 -0500] "HEAD / HTTP/1.1" 200 -
172.22.2.4 - - [22/Feb/2023:03:02:24 -0500] "HEAD /BLA/boletinlegal/ HTTP/1.1" 200 -
172.22.2.4 - - [22/Feb/2023:03:03:15 -0500] "GET /BLA/boletinlegal/ HTTP/1.1" 200 59164
201.245.192.253 - - [22/Feb/2023:03:05:13 -0500] "POST /kwsrmcab/Wsrmcab  HTTP/1.1" 200 213
52.167.144.60 - - [22/Feb/2023:03:06:04 -0500] "GET /BLA/resoluciones/index.php?dir=RESOLUCIONES+2006%2FRES+2006+1-50%2F HTTP/1.1" 200 11867
172.22.2.4 - - [22/Feb/2023:03:07:46 -0500] "GET /BLA/boletinlegal/robots.txt HTTP/1.1" 404 1038
172.22.2.4 - - [22/Feb/2023:03:07:50 -0500] "GET /BLA/boletinlegal/Circulares/2011/Circular%20No.%201%20del%2012%20de%20Abril%20de%202011.pdf HTTP/1.1" 200 366269
216.245.221.92 - - [22/Feb/2023:03:08:11 -0500] "HEAD / HTTP/1.1" 200 -
172.22.2.4 - - [22/Feb/2023:03:07:33 -0500] "GET /BLA/boletinlegal/ HTTP/1.1" 200 56659
66.249.72.76 - - [22/Feb/2023:03:09:55 -0500] "-" 408 -
172.22.2.4 - - [22/Feb/2023:03:08:15 -0500] "HEAD /BLA/boletinlegal/ HTTP/1.1" 200 -
201.245.192.253 - - [22/Feb/2023:03:10:13 -0500] "POST /kwsrmcab/Wsrmcab  HTTP/1.1" 200 213
172.22.2.4 - - [22/Feb/2023:03:09:05 -0500] "GET /BLA/boletinlegal/ HTTP/1.1" 200 58803
172.22.2.4 - - [22/Feb/2023:03:10:53 -0500] "GET /BLA/boletinlegal/Circulares/2023/CIRCULAR%20No.%2000003%20DEL%2021%20DE%20FEBRERO%20DEL%202023.pdf HTTP/1.1" 200 355302
173.252.79.116 - - [22/Feb/2023:03:11:07 -0500] "GET /images/20%20de%20febrero%20panor\xc3\xa1mica%20de%20Bogot\xc3\xa1%20(1)%20(1).jpeg HTTP/1.1" 404 1034
52.167.144.40 - - [22/Feb/2023:03:12:03 -0500] "GET / HTTP/1.1" 200 319
31.13.127.2 - - [22/Feb/2023:03:12:38 -0500] "GET /images/20%20de%20febrero%20panor\xc3\xa1mica%20de%20Bogot\xc3\xa1%20(1)%20(1).jpeg HTTP/1.1" 404 1034
216.245.221.92 - - [22/Feb/2023:03:13:11 -0500] "HEAD / HTTP/1.1" 200 -
52.167.144.60 - - [22/Feb/2023:03:14:26 -0500] "GET /catalogoisis/ HTTP/1.1" 200 8575
201.245.192.253 - - [22/Feb/2023:03:15:11 -0500] "POST /kwsrmcab/Wsrmcab  HTTP/1.1" 200 213
172.22.2.4 - - [22/Feb/2023:03:14:04 -0500] "HEAD /BLA/boletinlegal/ HTTP/1.1" 200 -
172.22.2.4 - - [22/Feb/2023:03:14:55 -0500] "GET /BLA/boletinlegal/ HTTP/1.1" 200 58803
172.22.2.4 - - [22/Feb/2023:03:16:50 -0500] "GET /BLA/boletinlegal/ HTTP/1.1" 200 24523
201.245.192.253 - - [22/Feb/2023:03:17:28 -0500] "POST /kwsrmcab/Wsrmcab HTTP/1.1" 200 40790
201.245.192.253 - - [22/Feb/2023:03:17:31 -0500] "POST /kwsrmcab/Wsrmcab HTTP/1.1" 200 39655
216.245.221.92 - - [22/Feb/2023:03:18:11 -0500] "HEAD / HTTP/1.1" 200 -
34.90.70.29 - - [22/Feb/2023:03:19:01 -0500] "GET /inventario-de-emisiones-2020-transporte-publico-sitp-redujo-emisiones-de-pm-2-5-en-un-37.html HTTP/1.1" 200 925
201.245.192.253 - - [22/Feb/2023:03:20:10 -0500] "POST /kwsrmcab/Wsrmcab  HTTP/1.1" 200 213
172.22.2.4 - - [22/Feb/2023:03:20:53 -0500] "GET /BLA/boletinlegal/actos.php HTTP/1.1" 200 9606
172.22.2.4 - - [22/Feb/2023:03:19:54 -0500] "HEAD /BLA/boletinlegal/ HTTP/1.1" 200 -
35.204.150.215 - - [22/Feb/2023:03:21:47 -0500] "GET /inventario-de-emisiones-2020-transporte-publico-sitp-redujo-emisiones-de-pm-2-5-en-un-37.html HTTP/1.1" 200 925
172.22.2.4 - - [22/Feb/2023:03:20:45 -0500] "GET /BLA/boletinlegal/ HTTP/1.1" 200 57453
216.245.221.92 - - [22/Feb/2023:03:23:11 -0500] "HEAD / HTTP/1.1" 200 -
165.232.73.237 - - [22/Feb/2023:03:24:21 -0500] "GET /aaa9 HTTP/1.1" 404 1018
165.232.73.237 - - [22/Feb/2023:03:24:22 -0500] "GET /aab8 HTTP/1.1" 404 1018
201.245.192.253 - - [22/Feb/2023:03:25:09 -0500] "POST /kwsrmcab/Wsrmcab  HTTP/1.1" 200 213
173.252.79.1 - - [22/Feb/2023:03:26:45 -0500] "GET /images/20%20de%20febrero%20panor\xc3\xa1mica%20de%20Bogot\xc3\xa1%20(1)%20(1).jpeg HTTP/1.1" 404 1034
185.119.81.104 - - [22/Feb/2023:03:27:04 -0500] "GET /portaldeninos/wp-login.php HTTP/1.1" 200 2592
185.119.81.104 - - [22/Feb/2023:03:27:05 -0500] "POST /portaldeninos/wp-login.php HTTP/1.1" 200 3670
172.22.2.4 - - [22/Feb/2023:03:25:44 -0500] "HEAD /BLA/boletinlegal/ HTTP/1.1" 200 -
201.245.192.253 - - [22/Feb/2023:03:27:28 -0500] "POST /kwsrmcab/Wsrmcab HTTP/1.1" 200 40790
201.245.192.253 - - [22/Feb/2023:03:27:31 -0500] "POST /kwsrmcab/Wsrmcab HTTP/1.1" 200 39655
216.245.221.92 - - [22/Feb/2023:03:28:11 -0500] "HEAD / HTTP/1.1" 200 -
172.22.2.4 - - [22/Feb/2023:03:26:35 -0500] "GET /BLA/boletinlegal/ HTTP/1.1" 200 57058
185.119.81.104 - - [22/Feb/2023:03:28:37 -0500] "GET /portaldeninos/wp-login.php HTTP/1.1" 200 2592
185.119.81.104 - - [22/Feb/2023:03:28:38 -0500] "POST /portaldeninos/wp-login.php HTTP/1.1" 200 3605
172.22.2.4 - - [22/Feb/2023:03:27:47 -0500] "GET /BLA/boletinlegal/ HTTP/1.1" 200 59591
201.245.192.253 - - [22/Feb/2023:03:30:08 -0500] "POST /kwsrmcab/Wsrmcab  HTTP/1.1" 200 213
216.245.221.92 - - [22/Feb/2023:03:33:11 -0500] "HEAD / HTTP/1.1" 200 -
172.22.2.4 - - [22/Feb/2023:03:31:34 -0500] "HEAD /BLA/boletinlegal/ HTTP/1.1" 200 -
172.22.2.4 - - [22/Feb/2023:03:32:25 -0500] "GET /BLA/boletinlegal/ HTTP/1.1" 200 58803
201.245.192.253 - - [22/Feb/2023:03:35:07 -0500] "POST /kwsrmcab/Wsrmcab  HTTP/1.1" 200 213
201.245.192.253 - - [22/Feb/2023:03:37:28 -0500] "POST /kwsrmcab/Wsrmcab HTTP/1.1" 200 40790
201.245.192.253 - - [22/Feb/2023:03:37:31 -0500] "POST /kwsrmcab/Wsrmcab HTTP/1.1" 200 39655
216.245.221.92 - - [22/Feb/2023:03:38:11 -0500] "HEAD / HTTP/1.1" 200 -
172.22.2.4 - - [22/Feb/2023:03:37:24 -0500] "HEAD /BLA/boletinlegal/ HTTP/1.1" 200 -
172.121.216.179 - - [22/Feb/2023:03:39:13 -0500] "HEAD / HTTP/1.1" 200 -
172.121.216.179 - - [22/Feb/2023:03:39:13 -0500] "GET / HTTP/1.1" 200 319
104.164.161.176 - - [22/Feb/2023:03:39:13 -0500] "HEAD / HTTP/1.1" 200 -
104.164.161.176 - - [22/Feb/2023:03:39:13 -0500] "GET / HTTP/1.1" 200 319
104.164.161.37 - - [22/Feb/2023:03:39:15 -0500] "GET / HTTP/1.1" 200 319
104.143.88.236 - - [22/Feb/2023:03:39:41 -0500] "GET / HTTP/1.1" 200 319
172.22.2.4 - - [22/Feb/2023:03:38:15 -0500] "GET /BLA/boletinlegal/ HTTP/1.1" 200 48638
201.245.192.253 - - [22/Feb/2023:03:40:05 -0500] "POST /kwsrmcab/Wsrmcab  HTTP/1.1" 200 213
172.22.2.4 - - [22/Feb/2023:03:39:13 -0500] "HEAD /BLA/boletinlegal/ HTTP/1.1" 200 -
172.22.2.4 - - [22/Feb/2023:03:39:18 -0500] "HEAD /BLA/boletinlegal/ HTTP/1.1" 200 -
216.245.221.92 - - [22/Feb/2023:03:43:11 -0500] "HEAD / HTTP/1.1" 200 -
34.91.21.49 - - [22/Feb/2023:03:43:14 -0500] "GET /inventario-de-emisiones-2020-transporte-publico-sitp-redujo-emisiones-de-pm-2-5-en-un-37.html HTTP/1.1" 200 925
69.63.184.2 - - [22/Feb/2023:03:44:02 -0500] "GET /bogota-tendra-la-primera-planta-de-termovalorizacion-de-colombia-la-cual-convertira-los-residuos-en-energia-para-la-ciudad.html HTTP/1.1" 206 883
172.22.2.4 - - [22/Feb/2023:03:43:14 -0500] "HEAD /BLA/boletinlegal/ HTTP/1.1" 200 -
201.245.192.253 - - [22/Feb/2023:03:45:04 -0500] "POST /kwsrmcab/Wsrmcab  HTTP/1.1" 200 213
172.22.2.4 - - [22/Feb/2023:03:44:05 -0500] "GET /BLA/boletinlegal/ HTTP/1.1" 200 57453
173.252.79.16 - - [22/Feb/2023:03:46:53 -0500] "GET /images/20%20de%20febrero%20panor\xc3\xa1mica%20de%20Bogot\xc3\xa1%20(1)%20(1).jpeg HTTP/1.1" 404 1034
216.245.221.92 - - [22/Feb/2023:03:48:11 -0500] "HEAD / HTTP/1.1" 200 -
201.245.192.253 - - [22/Feb/2023:03:50:03 -0500] "POST /kwsrmcab/Wsrmcab  HTTP/1.1" 200 213
172.22.2.4 - - [22/Feb/2023:03:49:04 -0500] "HEAD /BLA/boletinlegal/ HTTP/1.1" 200 -
173.252.79.24 - - [22/Feb/2023:03:50:45 -0500] "GET /images/20%20de%20febrero%20panor\xc3\xa1mica%20de%20Bogot\xc3\xa1%20(1)%20(1).jpeg HTTP/1.1" 404 1034
172.22.2.4 - - [22/Feb/2023:03:49:55 -0500] "GET /BLA/boletinlegal/ HTTP/1.1" 200 55795
173.252.79.19 - - [22/Feb/2023:03:52:04 -0500] "GET /images/20%20de%20febrero%20panor\xc3\xa1mica%20de%20Bogot\xc3\xa1%20(1)%20(1).jpeg HTTP/1.1" 404 1034
216.245.221.92 - - [22/Feb/2023:03:53:11 -0500] "HEAD / HTTP/1.1" 200 -
92.118.39.82 - - [22/Feb/2023:03:54:17 -0500] "GET / HTTP/1.1" 200 319
92.118.39.82 - - [22/Feb/2023:03:54:17 -0500] "GET /cgi-bin/downloadFlile.cgi HTTP/1.1" 404 1018
201.245.192.253 - - [22/Feb/2023:03:55:02 -0500] "POST /kwsrmcab/Wsrmcab  HTTP/1.1" 200 213
172.22.2.4 - - [22/Feb/2023:03:54:54 -0500] "HEAD /BLA/boletinlegal/ HTTP/1.1" 200 -
172.22.2.4 - - [22/Feb/2023:03:55:45 -0500] "GET /BLA/boletinlegal/ HTTP/1.1" 200 59591
172.22.2.4 - - [22/Feb/2023:03:57:33 -0500] "GET /BLA/boletinlegal/owa/auth/logon.aspx?url=https%3a%2f%2f1%2fecp%2f HTTP/1.1" 404 1018
216.245.221.92 - - [22/Feb/2023:03:58:11 -0500] "HEAD / HTTP/1.1" 200 -
172.22.2.4 - - [22/Feb/2023:03:57:56 -0500] "GET /BLA/boletinlegal/ HTTP/1.1" 200 28619
87.208.123.168 - - [22/Feb/2023:03:59:11 -0500] "HEAD / HTTP/1.1" 200 -
87.208.123.168 - - [22/Feb/2023:03:59:32 -0500] "GET /wp/wp-login.php HTTP/1.1" 404 1199
201.245.192.253 - - [22/Feb/2023:04:00:02 -0500] "POST /kwsrmcab/Wsrmcab  HTTP/1.1" 200 213
173.252.79.13 - - [22/Feb/2023:04:01:23 -0500] "GET /images/20%20de%20febrero%20panor\xc3\xa1mica%20de%20Bogot\xc3\xa1%20(1)%20(1).jpeg HTTP/1.1" 404 1034
168.119.253.13 - - [22/Feb/2023:04:01:26 -0500] "GET / HTTP/1.1" 200 4720
168.119.253.13 - - [22/Feb/2023:04:01:28 -0500] "GET / HTTP/1.1" 200 319
172.22.2.4 - - [22/Feb/2023:04:00:44 -0500] "HEAD /BLA/boletinlegal/ HTTP/1.1" 200 -
138.201.157.89 - - [22/Feb/2023:04:03:11 -0500] "GET / HTTP/1.1" 200 319
216.245.221.92 - - [22/Feb/2023:04:03:11 -0500] "HEAD / HTTP/1.1" 200 -
138.201.157.89 - - [22/Feb/2023:04:03:11 -0500] "GET / HTTP/1.1" 200 4720
172.22.2.4 - - [22/Feb/2023:04:01:35 -0500] "GET /BLA/boletinlegal/ HTTP/1.1" 200 52622
201.245.192.253 - - [22/Feb/2023:04:05:01 -0500] "POST /kwsrmcab/Wsrmcab  HTTP/1.1" 200 213
173.252.79.16 - - [22/Feb/2023:04:06:53 -0500] "GET /images/20%20de%20febrero%20panor\xc3\xa1mica%20de%20Bogot\xc3\xa1%20(1)%20(1).jpeg HTTP/1.1" 404 1034
216.245.221.92 - - [22/Feb/2023:04:08:11 -0500] "HEAD / HTTP/1.1" 200 -
172.22.2.4 - - [22/Feb/2023:04:06:34 -0500] "HEAD /BLA/boletinlegal/ HTTP/1.1" 200 -
172.22.2.4 - - [22/Feb/2023:04:07:25 -0500] "GET /BLA/boletinlegal/ HTTP/1.1" 200 54316
172.22.2.4 - - [22/Feb/2023:04:09:09 -0500] "GET /BLA/boletinlegal/ HTTP/1.1" 200 36811
201.245.192.253 - - [22/Feb/2023:04:10:00 -0500] "POST /kwsrmcab/Wsrmcab  HTTP/1.1" 200 213
52.167.144.39 - - [22/Feb/2023:04:10:14 -0500] "GET /BLA/resoluciones/autos%202020/0293.pdf HTTP/1.1" 200 281540
173.252.79.13 - - [22/Feb/2023:04:11:49 -0500] "GET /images/20%20de%20febrero%20panor\xc3\xa1mica%20de%20Bogot\xc3\xa1%20(1)%20(1).jpeg HTTP/1.1" 404 1034
216.245.221.92 - - [22/Feb/2023:04:13:11 -0500] "HEAD / HTTP/1.1" 200 -
172.22.2.4 - - [22/Feb/2023:04:12:24 -0500] "HEAD /BLA/boletinlegal/ HTTP/1.1" 200 -
173.252.111.14 - - [22/Feb/2023:04:14:46 -0500] "GET /images/20%20de%20febrero%20panor\xc3\xa1mica%20de%20Bogot\xc3\xa1%20(1)%20(1).jpeg HTTP/1.1" 404 1034
172.22.2.4 - - [22/Feb/2023:04:13:15 -0500] "GET /BLA/boletinlegal/ HTTP/1.1" 200 59164
179.43.177.242 - - [22/Feb/2023:04:14:58 -0500] "GET / HTTP/1.1" 200 319
201.245.192.253 - - [22/Feb/2023:04:14:59 -0500] "POST /kwsrmcab/Wsrmcab  HTTP/1.1" 200 213
172.22.2.4 - - [22/Feb/2023:04:15:21 -0500] "GET /BLA/boletinlegal/ReportServer HTTP/1.1" 404 1018
172.22.2.4 - - [22/Feb/2023:04:15:35 -0500] "GET /BLA/boletinlegal/login HTTP/1.1" 404 1018
173.252.79.12 - - [22/Feb/2023:04:16:43 -0500] "GET /images/20%20de%20febrero%20panor\xc3\xa1mica%20de%20Bogot\xc3\xa1%20(1)%20(1).jpeg HTTP/1.1" 404 1034
201.245.192.253 - - [22/Feb/2023:04:17:28 -0500] "POST /kwsrmcab/Wsrmcab HTTP/1.1" 200 40789
201.245.192.253 - - [22/Feb/2023:04:17:30 -0500] "POST /kwsrmcab/Wsrmcab HTTP/1.1" 200 41444
216.245.221.92 - - [22/Feb/2023:04:18:11 -0500] "HEAD / HTTP/1.1" 200 -
172.22.2.4 - - [22/Feb/2023:04:18:14 -0500] "HEAD /BLA/boletinlegal/ HTTP/1.1" 200 -
201.245.192.253 - - [22/Feb/2023:04:19:59 -0500] "POST /kwsrmcab/Wsrmcab  HTTP/1.1" 200 213
172.22.2.4 - - [22/Feb/2023:04:19:05 -0500] "GET /BLA/boletinlegal/ HTTP/1.1" 200 57453
216.245.221.92 - - [22/Feb/2023:04:23:11 -0500] "HEAD / HTTP/1.1" 200 -
157.55.39.209 - - [22/Feb/2023:04:24:35 -0500] "GET /php/CarreraAdministrativa/INSTRUCTIVO_SISTEMA_PROPIO_SDA_2010.doc HTTP/1.1" 404 1018
201.245.192.253 - - [22/Feb/2023:04:24:58 -0500] "POST /kwsrmcab/Wsrmcab  HTTP/1.1" 200 213
69.171.251.12 - - [22/Feb/2023:04:25:24 -0500] "GET /images/20%20de%20febrero%20panor\xc3\xa1mica%20de%20Bogot\xc3\xa1%20(1)%20(1).jpeg HTTP/1.1" 404 1034
172.22.2.4 - - [22/Feb/2023:04:24:04 -0500] "HEAD /BLA/boletinlegal/ HTTP/1.1" 200 -
172.22.2.4 - - [22/Feb/2023:04:26:30 -0500] "GET /BLA/boletinlegal/robots.txt HTTP/1.1" 404 1140
172.22.2.4 - - [22/Feb/2023:04:24:55 -0500] "GET /BLA/boletinlegal/ HTTP/1.1" 200 53432
40.77.167.225 - - [22/Feb/2023:04:26:37 -0500] "GET /portaldeninos/humedal-capellania-2/ HTTP/1.1" 200 87949
157.55.39.219 - - [22/Feb/2023:04:26:51 -0500] "GET /portaldeninos/wp-content/plugins/gallery-videos/CSS/totalsoft.css?ver=4.9.8 HTTP/1.1" 200 40622
157.55.39.219 - - [22/Feb/2023:04:26:52 -0500] "GET /portaldeninos/wp-content/themes/betheme/css/layout.css?ver=20.9.6 HTTP/1.1" 200 116639
157.55.39.219 - - [22/Feb/2023:04:26:52 -0500] "GET /portaldeninos/wp-content/themes/betheme/js/scripts.js?ver=20.9.6 HTTP/1.1" 200 77162
157.55.39.219 - - [22/Feb/2023:04:26:53 -0500] "GET /portaldeninos/wp-content/uploads/useanyfont/uaf.css?ver=1589905315 HTTP/1.1" 200 408
40.77.167.176 - - [22/Feb/2023:04:26:56 -0500] "GET /portaldeninos/wp-content/themes/betheme/style.css?ver=20.9.6 HTTP/1.1" 200 287
40.77.167.225 - - [22/Feb/2023:04:26:56 -0500] "GET /portaldeninos/wp-includes/js/jquery/ui/tabs.min.js?ver=1.11.4 HTTP/1.1" 200 12110
52.167.144.40 - - [22/Feb/2023:04:26:59 -0500] "GET /portaldeninos/wp-content/plugins/gallery-videos/CSS/Total-Soft-Gallery-Video-Widget.css?ver=4.9.8 HTTP/1.1" 200 51554
52.167.144.44 - - [22/Feb/2023:04:27:00 -0500] "GET /portaldeninos/wp-content/themes/betheme/assets/jplayer/jplayer.min.js?ver=20.9.6 HTTP/1.1" 200 52702
52.167.144.44 - - [22/Feb/2023:04:27:01 -0500] "GET /portaldeninos/wp-content/themes/betheme/fonts/mfn-icons.ttf?93978679 HTTP/1.1" 200 124684
52.167.144.44 - - [22/Feb/2023:04:27:01 -0500] "GET /portaldeninos/wp-content/themes/betheme/js/plugins.js?ver=20.9.6 HTTP/1.1" 200 197151
52.167.144.44 - - [22/Feb/2023:04:27:02 -0500] "GET /portaldeninos/wp-includes/js/wp-emoji-release.min.js?ver=4.9.8 HTTP/1.1" 200 12026
172.22.2.4 - - [22/Feb/2023:04:27:03 -0500] "GET /BLA/boletinlegal/actos.php HTTP/1.1" 200 9606
52.167.144.40 - - [22/Feb/2023:04:27:10 -0500] "GET /portaldeninos/wp-content/plugins/gallery-videos/JS/modernizr.custom.js?ver=4.9.8 HTTP/1.1" 200 9019
52.167.144.40 - - [22/Feb/2023:04:27:10 -0500] "GET /portaldeninos/wp-includes/js/jquery/jquery-migrate.min.js?ver=1.4.1 HTTP/1.1" 200 10056
201.245.192.253 - - [22/Feb/2023:04:27:28 -0500] "POST /kwsrmcab/Wsrmcab HTTP/1.1" 200 40789
201.245.192.253 - - [22/Feb/2023:04:27:31 -0500] "POST /kwsrmcab/Wsrmcab HTTP/1.1" 200 41444
52.167.144.45 - - [22/Feb/2023:04:27:38 -0500] "GET /portaldeninos/wp-content/themes/betheme/assets/animations/animations.min.css?ver=20.9.6 HTTP/1.1" 200 58508
52.167.144.45 - - [22/Feb/2023:04:27:38 -0500] "GET /portaldeninos/wp-includes/js/jquery/ui/accordion.min.js?ver=1.11.4 HTTP/1.1" 200 8584
52.167.144.45 - - [22/Feb/2023:04:27:38 -0500] "GET /portaldeninos/wp-includes/js/wp-embed.min.js?ver=4.9.8 HTTP/1.1" 200 1398
216.245.221.92 - - [22/Feb/2023:04:28:11 -0500] "HEAD / HTTP/1.1" 200 -
173.252.79.120 - - [22/Feb/2023:04:28:42 -0500] "GET /images/20%20de%20febrero%20panor\xc3\xa1mica%20de%20Bogot\xc3\xa1%20(1)%20(1).jpeg HTTP/1.1" 404 1034
173.252.79.120 - - [22/Feb/2023:04:29:49 -0500] "GET /images/20%20de%20febrero%20panor\xc3\xa1mica%20de%20Bogot\xc3\xa1%20(1)%20(1).jpeg HTTP/1.1" 404 1034
201.245.192.253 - - [22/Feb/2023:04:29:57 -0500] "POST /kwsrmcab/Wsrmcab  HTTP/1.1" 200 213
172.22.2.4 - - [22/Feb/2023:04:29:54 -0500] "HEAD /BLA/boletinlegal/ HTTP/1.1" 200 -
35.204.150.215 - - [22/Feb/2023:04:31:48 -0500] "GET /inventario-de-emisiones-2020-transporte-publico-sitp-redujo-emisiones-de-pm-2-5-en-un-37.html HTTP/1.1" 200 925
172.22.2.4 - - [22/Feb/2023:04:30:45 -0500] "GET /BLA/boletinlegal/ HTTP/1.1" 200 57453
216.245.221.92 - - [22/Feb/2023:04:33:11 -0500] "HEAD / HTTP/1.1" 200 -
66.249.66.79 - - [22/Feb/2023:04:34:33 -0500] "-" 408 -
179.19.77.11 - - [22/Feb/2023:04:34:39 -0500] "GET /secretaria-de-ambiente-advierte-sobre-falso-mensaje-para-inscripciones-al-programa-mujeres-que-reverdecen.html HTTP/1.1" 200 1039
201.245.192.253 - - [22/Feb/2023:04:34:58 -0500] "POST /kwsrmcab/Wsrmcab  HTTP/1.1" 200 213
173.252.79.20 - - [22/Feb/2023:04:35:06 -0500] "GET /images/20%20de%20febrero%20panor\xc3\xa1mica%20de%20Bogot\xc3\xa1%20(1)%20(1).jpeg HTTP/1.1" 404 1034
157.55.39.209 - - [22/Feb/2023:04:35:50 -0500] "GET /galeria/galeria/fotos/Humedal-Vaca4G.jpg HTTP/1.1" 200 375197
52.167.144.56 - - [22/Feb/2023:04:36:25 -0500] "-" 408 -
172.22.2.4 - - [22/Feb/2023:04:35:44 -0500] "HEAD /BLA/boletinlegal/ HTTP/1.1" 200 -
201.245.192.253 - - [22/Feb/2023:04:37:28 -0500] "POST /kwsrmcab/Wsrmcab HTTP/1.1" 200 40789
201.245.192.253 - - [22/Feb/2023:04:37:31 -0500] "POST /kwsrmcab/Wsrmcab HTTP/1.1" 200 41444
216.245.221.92 - - [22/Feb/2023:04:38:11 -0500] "HEAD / HTTP/1.1" 200 -
172.22.2.4 - - [22/Feb/2023:04:36:35 -0500] "GET /BLA/boletinlegal/ HTTP/1.1" 200 57453
201.245.192.253 - - [22/Feb/2023:04:39:58 -0500] "POST /kwsrmcab/Wsrmcab  HTTP/1.1" 200 213
66.249.72.72 - - [22/Feb/2023:04:40:25 -0500] "-" 408 -
172.22.2.4 - - [22/Feb/2023:04:42:10 -0500] "GET /BLA/boletinlegal/actos.php HTTP/1.1" 200 9606
216.245.221.92 - - [22/Feb/2023:04:43:11 -0500] "HEAD / HTTP/1.1" 200 -
172.22.2.4 - - [22/Feb/2023:04:41:34 -0500] "HEAD /BLA/boletinlegal/ HTTP/1.1" 200 -
34.91.106.182 - - [22/Feb/2023:04:43:29 -0500] "GET /inventario-de-emisiones-2020-transporte-publico-sitp-redujo-emisiones-de-pm-2-5-en-un-37.html HTTP/1.1" 200 925
172.22.2.4 - - [22/Feb/2023:04:42:25 -0500] "GET /BLA/boletinlegal/ HTTP/1.1" 200 57453
186.30.66.34 - - [22/Feb/2023:04:44:18 -0500] "GET /BLA/resoluciones/dlf/styles.css HTTP/1.1" 200 3049
186.30.66.34 - - [22/Feb/2023:04:44:18 -0500] "GET /BLA/resoluciones/dlf/dirup.png HTTP/1.1" 200 644
186.30.66.34 - - [22/Feb/2023:04:44:18 -0500] "GET /BLA/resoluciones/dlf/bg.gif HTTP/1.1" 200 54
186.30.66.34 - - [22/Feb/2023:04:44:18 -0500] "GET /BLA/resoluciones/dlf/pdf.gif HTTP/1.1" 200 272
186.30.66.34 - - [22/Feb/2023:04:44:17 -0500] "GET /BLA/resoluciones/index.php?dir=RESOLUCIONES+2019%2F HTTP/1.1" 200 250516
201.245.192.253 - - [22/Feb/2023:04:44:57 -0500] "POST /kwsrmcab/Wsrmcab  HTTP/1.1" 200 213
172.22.2.4 - - [22/Feb/2023:04:46:08 -0500] "GET /BLA/boletinlegal/ HTTP/1.1" 200 28619
31.13.127.19 - - [22/Feb/2023:04:47:15 -0500] "GET /images/20%20de%20febrero%20panor\xc3\xa1mica%20de%20Bogot\xc3\xa1%20(1)%20(1).jpeg HTTP/1.1" 404 1034
196.171.107.18 - - [22/Feb/2023:04:47:28 -0500] "GET /agendate-para-participar-en-las-caminatas-ecologicas-de-febrero.html HTTP/1.1" 200 830
196.171.107.18 - - [22/Feb/2023:04:47:41 -0500] "GET /portaldeninos HTTP/1.1" 404 1035
172.22.2.4 - - [22/Feb/2023:04:47:51 -0500] "GET /BLA/boletinlegal/actos.php HTTP/1.1" 200 9606
69.63.184.2 - - [22/Feb/2023:04:48:10 -0500] "GET /images/17%20de%20febrero%20mujeres%20que%20reverdecen.jpeg HTTP/1.1" 200 85735
216.245.221.92 - - [22/Feb/2023:04:48:11 -0500] "HEAD / HTTP/1.1" 200 -
172.22.2.4 - - [22/Feb/2023:04:47:24 -0500] "HEAD /BLA/boletinlegal/ HTTP/1.1" 200 -
172.22.2.4 - - [22/Feb/2023:04:48:15 -0500] "GET /BLA/boletinlegal/ HTTP/1.1" 200 56659
201.245.192.253 - - [22/Feb/2023:04:49:56 -0500] "POST /kwsrmcab/Wsrmcab  HTTP/1.1" 200 213
196.171.107.18 - - [22/Feb/2023:04:51:20 -0500] "GET / HTTP/1.1" 200 319
172.22.2.4 - - [22/Feb/2023:04:51:37 -0500] "GET /BLA/boletinlegal/doctrina.php HTTP/1.1" 200 5604
172.22.2.4 - - [22/Feb/2023:04:51:37 -0500] "GET /BLA/boletinlegal/normativa.php HTTP/1.1" 200 8333
172.22.2.4 - - [22/Feb/2023:04:51:37 -0500] "GET /BLA/boletinlegal/jurisprudencia.php HTTP/1.1" 200 17573
172.22.2.4 - - [22/Feb/2023:04:51:39 -0500] "GET /BLA/boletinlegal/conceptos.php HTTP/1.1" 200 7486
172.22.2.4 - - [22/Feb/2023:04:51:39 -0500] "GET /BLA/boletinlegal/sugerencias.php HTTP/1.1" 200 8615
172.22.2.4 - - [22/Feb/2023:04:51:37 -0500] "GET /BLA/boletinlegal/index.php HTTP/1.1" 200 36811
69.171.251.11 - - [22/Feb/2023:04:52:57 -0500] "GET /images/20%20de%20febrero%20panor\xc3\xa1mica%20de%20Bogot\xc3\xa1%20(1)%20(1).jpeg HTTP/1.1" 404 1034
172.22.2.4 - - [22/Feb/2023:04:52:08 -0500] "GET /BLA/boletinlegal/ HTTP/1.1" 200 36811
216.245.221.92 - - [22/Feb/2023:04:53:11 -0500] "HEAD / HTTP/1.1" 200 -
172.22.2.4 - - [22/Feb/2023:04:53:14 -0500] "HEAD /BLA/boletinlegal/ HTTP/1.1" 200 -
201.245.192.253 - - [22/Feb/2023:04:54:55 -0500] "POST /kwsrmcab/Wsrmcab  HTTP/1.1" 200 213
66.249.66.81 - - [22/Feb/2023:04:55:23 -0500] "-" 408 -
172.22.2.4 - - [22/Feb/2023:04:54:05 -0500] "GET /BLA/boletinlegal/ HTTP/1.1" 200 57453
173.252.79.116 - - [22/Feb/2023:04:56:06 -0500] "GET /images/20%20de%20febrero%20panor\xc3\xa1mica%20de%20Bogot\xc3\xa1%20(1)%20(1).jpeg HTTP/1.1" 404 1034
216.245.221.92 - - [22/Feb/2023:04:58:11 -0500] "HEAD / HTTP/1.1" 200 -
172.22.2.4 - - [22/Feb/2023:04:58:45 -0500] "GET /BLA/boletinlegal/norma_menu.php HTTP/1.1" 200 6318
201.245.192.253 - - [22/Feb/2023:04:59:53 -0500] "POST /kwsrmcab/Wsrmcab  HTTP/1.1" 200 213
172.22.2.4 - - [22/Feb/2023:04:59:04 -0500] "HEAD /BLA/boletinlegal/ HTTP/1.1" 200 -
172.22.2.4 - - [22/Feb/2023:04:59:55 -0500] "GET /BLA/boletinlegal/ HTTP/1.1" 200 57453
173.252.79.8 - - [22/Feb/2023:05:02:57 -0500] "GET /images/20%20de%20febrero%20panor\xc3\xa1mica%20de%20Bogot\xc3\xa1%20(1)%20(1).jpeg HTTP/1.1" 404 1034
216.245.221.92 - - [22/Feb/2023:05:03:11 -0500] "HEAD / HTTP/1.1" 200 -
201.245.192.253 - - [22/Feb/2023:05:04:50 -0500] "POST /kwsrmcab/Wsrmcab  HTTP/1.1" 200 213
172.22.2.4 - - [22/Feb/2023:05:04:54 -0500] "HEAD /BLA/boletinlegal/ HTTP/1.1" 200 -
173.252.79.22 - - [22/Feb/2023:05:06:46 -0500] "GET /images/20%20de%20febrero%20panor\xc3\xa1mica%20de%20Bogot\xc3\xa1%20(1)%20(1).jpeg HTTP/1.1" 404 1034
173.252.79.11 - - [22/Feb/2023:05:07:20 -0500] "GET /images/20%20de%20febrero%20panor\xc3\xa1mica%20de%20Bogot\xc3\xa1%20(1)%20(1).jpeg HTTP/1.1" 404 1034
172.22.2.4 - - [22/Feb/2023:05:05:45 -0500] "GET /BLA/boletinlegal/ HTTP/1.1" 200 59164
216.245.221.92 - - [22/Feb/2023:05:08:11 -0500] "HEAD / HTTP/1.1" 200 -
185.119.81.104 - - [22/Feb/2023:05:08:59 -0500] "GET /portaldeninos/wp-login.php HTTP/1.1" 200 2592
185.119.81.104 - - [22/Feb/2023:05:09:00 -0500] "POST /portaldeninos/wp-login.php HTTP/1.1" 200 3670
201.245.192.253 - - [22/Feb/2023:05:09:49 -0500] "POST /kwsrmcab/Wsrmcab  HTTP/1.1" 200 213
172.22.2.4 - - [22/Feb/2023:05:10:44 -0500] "HEAD /BLA/boletinlegal/ HTTP/1.1" 200 -
185.119.81.104 - - [22/Feb/2023:05:12:37 -0500] "GET /portaldeninos/wp-login.php HTTP/1.1" 200 2592
185.119.81.104 - - [22/Feb/2023:05:12:38 -0500] "POST /portaldeninos/wp-login.php HTTP/1.1" 200 3605
216.245.221.92 - - [22/Feb/2023:05:13:11 -0500] "HEAD / HTTP/1.1" 200 -
172.22.2.4 - - [22/Feb/2023:05:11:35 -0500] "GET /BLA/boletinlegal/ HTTP/1.1" 200 57453
34.91.21.49 - - [22/Feb/2023:05:14:35 -0500] "GET /inventario-de-emisiones-2020-transporte-publico-sitp-redujo-emisiones-de-pm-2-5-en-un-37.html HTTP/1.1" 200 925
201.245.192.253 - - [22/Feb/2023:05:14:47 -0500] "POST /kwsrmcab/Wsrmcab  HTTP/1.1" 200 213
173.252.79.20 - - [22/Feb/2023:05:15:38 -0500] "GET /images/20%20de%20febrero%20panor\xc3\xa1mica%20de%20Bogot\xc3\xa1%20(1)%20(1).jpeg HTTP/1.1" 404 1034
66.249.72.72 - - [22/Feb/2023:05:16:47 -0500] "-" 408 -
172.22.2.4 - - [22/Feb/2023:05:17:05 -0500] "GET /BLA/boletinlegal/robots.txt HTTP/1.1" 404 1038
201.245.192.253 - - [22/Feb/2023:05:17:28 -0500] "POST /kwsrmcab/Wsrmcab HTTP/1.1" 200 40779
201.245.192.253 - - [22/Feb/2023:05:17:31 -0500] "POST /kwsrmcab/Wsrmcab HTTP/1.1" 200 41442
216.245.221.92 - - [22/Feb/2023:05:18:11 -0500] "HEAD / HTTP/1.1" 200 -
172.22.2.4 - - [22/Feb/2023:05:16:34 -0500] "HEAD /BLA/boletinlegal/ HTTP/1.1" 200 -
172.22.2.4 - - [22/Feb/2023:05:17:07 -0500] "GET /BLA/boletinlegal/ HTTP/1.1" 200 48638
172.22.2.4 - - [22/Feb/2023:05:17:25 -0500] "GET /BLA/boletinlegal/ HTTP/1.1" 200 50529
66.249.66.79 - - [22/Feb/2023:05:19:08 -0500] "-" 408 -
201.245.192.253 - - [22/Feb/2023:05:19:47 -0500] "POST /kwsrmcab/Wsrmcab  HTTP/1.1" 200 213
173.252.79.16 - - [22/Feb/2023:05:20:22 -0500] "GET /images/20%20de%20febrero%20panor\xc3\xa1mica%20de%20Bogot\xc3\xa1%20(1)%20(1).jpeg HTTP/1.1" 404 1034
172.22.2.4 - - [22/Feb/2023:05:21:44 -0500] "GET /BLA/boletinlegal/jurisprudencia.php HTTP/1.1" 200 17573
172.22.2.4 - - [22/Feb/2023:05:21:46 -0500] "GET /BLA/boletinlegal/documentos-importantes.php HTTP/1.1" 200 4829
172.22.2.4 - - [22/Feb/2023:05:21:48 -0500] "GET /BLA/boletinlegal/normativa.php HTTP/1.1" 200 8333
172.22.2.4 - - [22/Feb/2023:05:21:51 -0500] "GET /BLA/boletinlegal/doctrina.php HTTP/1.1" 200 5604
172.22.2.4 - - [22/Feb/2023:05:21:52 -0500] "GET /BLA/boletinlegal/conceptos.php HTTP/1.1" 200 7486
172.22.2.4 - - [22/Feb/2023:05:21:55 -0500] "GET /BLA/boletinlegal/sugerencias.php HTTP/1.1" 200 8615
172.22.2.4 - - [22/Feb/2023:05:21:57 -0500] "GET /BLA/boletinlegal/actos.php HTTP/1.1" 200 9606
216.245.221.92 - - [22/Feb/2023:05:23:11 -0500] "HEAD / HTTP/1.1" 200 -
173.252.79.117 - - [22/Feb/2023:05:23:24 -0500] "GET /images/20%20de%20febrero%20panor\xc3\xa1mica%20de%20Bogot\xc3\xa1%20(1)%20(1).jpeg HTTP/1.1" 404 1034
172.22.2.4 - - [22/Feb/2023:05:22:24 -0500] "HEAD /BLA/boletinlegal/ HTTP/1.1" 200 -
201.245.192.253 - - [22/Feb/2023:05:24:46 -0500] "POST /kwsrmcab/Wsrmcab  HTTP/1.1" 200 213
66.249.66.79 - - [22/Feb/2023:05:24:53 -0500] "-" 408 -
172.22.2.4 - - [22/Feb/2023:05:23:15 -0500] "GET /BLA/boletinlegal/ HTTP/1.1" 200 59591
186.154.163.174 - - [22/Feb/2023:05:25:42 -0500] "GET /catalogoisis/ HTTP/1.1" 200 8575
186.154.163.174 - - [22/Feb/2023:05:25:42 -0500] "GET /catalogoisis/Css/Busqueda.css HTTP/1.1" 200 1995
186.154.163.174 - - [22/Feb/2023:05:25:42 -0500] "GET /catalogoisis/Js/AceptarLimpiar.js HTTP/1.1" 200 331
186.154.163.174 - - [22/Feb/2023:05:25:42 -0500] "GET /catalogoisis/Js/CriterioCombinada.js HTTP/1.1" 200 1843
186.154.163.174 - - [22/Feb/2023:05:25:42 -0500] "GET /catalogoisis/Js/LimpiarCombinada.js HTTP/1.1" 200 207
186.154.163.174 - - [22/Feb/2023:05:25:42 -0500] "GET /catalogoisis/Js/Cookies.js HTTP/1.1" 200 1369
186.154.163.174 - - [22/Feb/2023:05:25:42 -0500] "GET /catalogoisis/Js/Enter.js HTTP/1.1" 200 1208
186.154.163.174 - - [22/Feb/2023:05:25:42 -0500] "GET /catalogoisis/Js/Numero.js HTTP/1.1" 200 398
186.154.163.174 - - [22/Feb/2023:05:25:42 -0500] "GET /catalogoisis/Js/Go.js HTTP/1.1" 200 364
186.154.163.174 - - [22/Feb/2023:05:25:42 -0500] "GET /catalogoisis/Js/Remote.js HTTP/1.1" 200 436
186.154.163.174 - - [22/Feb/2023:05:25:42 -0500] "GET /catalogoisis/imagenes/Header.gif HTTP/1.1" 200 30313
186.154.163.174 - - [22/Feb/2023:05:25:42 -0500] "GET /catalogoisis/imagenes/br1c1.gif HTTP/1.1" 200 172
186.154.163.174 - - [22/Feb/2023:05:25:42 -0500] "GET /catalogoisis/imagenes/br1c3.gif HTTP/1.1" 200 302
186.154.163.174 - - [22/Feb/2023:05:25:42 -0500] "GET /catalogoisis/imagenes/limpiar1.gif HTTP/1.1" 200 606
186.154.163.174 - - [22/Feb/2023:05:25:42 -0500] "GET /catalogoisis/imagenes/Turnbo1.gif HTTP/1.1" 200 227
186.154.163.174 - - [22/Feb/2023:05:25:42 -0500] "GET /catalogoisis/imagenes/aceptar1.gif HTTP/1.1" 200 604
186.154.163.174 - - [22/Feb/2023:05:25:42 -0500] "GET /catalogoisis/imagenes/br3c1.gif HTTP/1.1" 200 177
186.154.163.174 - - [22/Feb/2023:05:25:42 -0500] "GET /catalogoisis/imagenes/br3c2.gif HTTP/1.1" 200 285
186.154.163.174 - - [22/Feb/2023:05:25:42 -0500] "GET /catalogoisis/imagenes/br3c3.gif HTTP/1.1" 200 186
186.154.163.174 - - [22/Feb/2023:05:25:42 -0500] "GET /catalogoisis/imagenes/br1c2.gif HTTP/1.1" 200 297
186.154.163.174 - - [22/Feb/2023:05:25:42 -0500] "GET /catalogoisis/imagenes/br2c1.gif HTTP/1.1" 200 297
186.154.163.174 - - [22/Feb/2023:05:25:42 -0500] "GET /catalogoisis/imagenes/br2c2.gif HTTP/1.1" 200 302
186.154.163.174 - - [22/Feb/2023:05:25:42 -0500] "GET /catalogoisis/imagenes/br2c3.gif HTTP/1.1" 200 416
186.154.163.174 - - [22/Feb/2023:05:25:42 -0500] "GET /favicon.ico HTTP/1.1" 200 7782
201.245.192.253 - - [22/Feb/2023:05:27:28 -0500] "POST /kwsrmcab/Wsrmcab HTTP/1.1" 200 40779
201.245.192.253 - - [22/Feb/2023:05:27:30 -0500] "POST /kwsrmcab/Wsrmcab HTTP/1.1" 200 41442
173.252.79.24 - - [22/Feb/2023:05:28:08 -0500] "GET /images/20%20de%20febrero%20panor\xc3\xa1mica%20de%20Bogot\xc3\xa1%20(1)%20(1).jpeg HTTP/1.1" 404 1034
216.245.221.92 - - [22/Feb/2023:05:28:11 -0500] "HEAD / HTTP/1.1" 200 -
201.245.192.253 - - [22/Feb/2023:05:29:45 -0500] "POST /kwsrmcab/Wsrmcab  HTTP/1.1" 200 213
172.22.2.4 - - [22/Feb/2023:05:28:14 -0500] "HEAD /BLA/boletinlegal/ HTTP/1.1" 200 -
172.22.2.4 - - [22/Feb/2023:05:29:05 -0500] "GET /BLA/boletinlegal/ HTTP/1.1" 200 57453
193.118.53.210 - - [22/Feb/2023:05:31:00 -0500] "GET /portaldeninos/ HTTP/1.1" 200 110197
173.252.83.17 - - [22/Feb/2023:05:32:26 -0500] "GET /images/20%20de%20febrero%20panor\xc3\xa1mica%20de%20Bogot\xc3\xa1%20(1)%20(1).jpeg HTTP/1.1" 404 1034
66.249.66.79 - - [22/Feb/2023:05:32:42 -0500] "-" 408 -
216.245.221.92 - - [22/Feb/2023:05:33:11 -0500] "HEAD / HTTP/1.1" 200 -
201.245.192.253 - - [22/Feb/2023:05:34:44 -0500] "POST /kwsrmcab/Wsrmcab  HTTP/1.1" 200 213
172.22.2.4 - - [22/Feb/2023:05:34:04 -0500] "HEAD /BLA/boletinlegal/ HTTP/1.1" 200 -
172.22.2.4 - - [22/Feb/2023:05:34:55 -0500] "GET /BLA/boletinlegal/ HTTP/1.1" 200 57453
69.171.251.19 - - [22/Feb/2023:05:37:18 -0500] "GET /images/20%20de%20febrero%20panor\xc3\xa1mica%20de%20Bogot\xc3\xa1%20(1)%20(1).jpeg HTTP/1.1" 404 1034
201.245.192.253 - - [22/Feb/2023:05:37:28 -0500] "POST /kwsrmcab/Wsrmcab HTTP/1.1" 200 40779
201.245.192.253 - - [22/Feb/2023:05:37:31 -0500] "POST /kwsrmcab/Wsrmcab HTTP/1.1" 200 41442
216.245.221.92 - - [22/Feb/2023:05:38:11 -0500] "HEAD / HTTP/1.1" 200 -
201.245.192.253 - - [22/Feb/2023:05:39:43 -0500] "POST /kwsrmcab/Wsrmcab  HTTP/1.1" 200 213
172.22.2.4 - - [22/Feb/2023:05:39:54 -0500] "HEAD /BLA/boletinlegal/ HTTP/1.1" 200 -
168.119.101.10 - - [22/Feb/2023:05:42:01 -0500] "GET / HTTP/1.1" 200 4720
168.119.101.10 - - [22/Feb/2023:05:42:04 -0500] "GET / HTTP/1.1" 200 319
162.55.41.96 - - [22/Feb/2023:05:42:12 -0500] "GET / HTTP/1.1" 200 4720
162.55.41.96 - - [22/Feb/2023:05:42:14 -0500] "GET / HTTP/1.1" 200 319
172.22.2.4 - - [22/Feb/2023:05:40:45 -0500] "GET /BLA/boletinlegal/ HTTP/1.1" 200 57453
40.77.167.225 - - [22/Feb/2023:05:42:44 -0500] "GET / HTTP/1.1" 200 4720
216.245.221.92 - - [22/Feb/2023:05:43:11 -0500] "HEAD / HTTP/1.1" 200 -
201.245.192.253 - - [22/Feb/2023:05:44:42 -0500] "POST /kwsrmcab/Wsrmcab  HTTP/1.1" 200 213
186.154.32.160 - - [22/Feb/2023:05:46:31 -0500] "POST /sipse/faces/presentacion/financiero/solicitudProceso/listarSolicitudProceso.xhtml HTTP/1.1" 302 -
186.154.32.160 - - [22/Feb/2023:05:46:31 -0500] "GET /sipse/faces/autenticacion.xhtml HTTP/1.1" 200 1099
186.154.32.160 - - [22/Feb/2023:05:46:31 -0500] "POST /sipse/faces/presentacion/financiero/solicitudProceso/listarSolicitudProceso.xhtml HTTP/1.1" 302 -
186.154.32.160 - - [22/Feb/2023:05:46:31 -0500] "GET /sipse/faces/autenticacion.xhtml HTTP/1.1" 200 1099
186.154.32.160 - - [22/Feb/2023:05:46:34 -0500] "POST /sipse/faces/presentacion/financiero/solicitudProceso/listarSolicitudProceso.xhtml HTTP/1.1" 302 -
186.154.32.160 - - [22/Feb/2023:05:46:34 -0500] "GET /sipse/faces/autenticacion.xhtml HTTP/1.1" 200 1099
172.22.2.4 - - [22/Feb/2023:05:45:44 -0500] "HEAD /BLA/boletinlegal/ HTTP/1.1" 200 -
216.245.221.92 - - [22/Feb/2023:05:48:11 -0500] "HEAD / HTTP/1.1" 200 -
172.22.2.4 - - [22/Feb/2023:05:46:35 -0500] "GET /BLA/boletinlegal/ HTTP/1.1" 200 57453
201.245.192.253 - - [22/Feb/2023:05:49:42 -0500] "POST /kwsrmcab/Wsrmcab  HTTP/1.1" 200 213
186.154.32.160 - - [22/Feb/2023:05:52:11 -0500] "GET /sipse/faces/presentacion/financiero/solicitudProceso/consultarSolicitudProceso.xhtml HTTP/1.1" 302 -
186.154.32.160 - - [22/Feb/2023:05:52:11 -0500] "GET /sipse/faces/autenticacion.xhtml HTTP/1.1" 200 12184
186.154.32.160 - - [22/Feb/2023:05:52:12 -0500] "GET /sipse/faces/javax.faces.resource/theme.css?ln=primefaces-sipse HTTP/1.1" 304 -
186.154.32.160 - - [22/Feb/2023:05:52:12 -0500] "GET /sipse/faces/javax.faces.resource/primefaces.css?ln=primefaces&v=4.0 HTTP/1.1" 304 -
186.154.32.160 - - [22/Feb/2023:05:52:12 -0500] "GET /sipse/css/custom_css_sg.css HTTP/1.1" 304 -
186.154.32.160 - - [22/Feb/2023:05:52:12 -0500] "GET /sipse/faces/javax.faces.resource/layout/layout.css?ln=primefaces&v=4.0 HTTP/1.1" 304 -
186.154.32.160 - - [22/Feb/2023:05:52:12 -0500] "GET /sipse/faces/javax.faces.resource/jquery/jquery.js?ln=primefaces&v=4.0 HTTP/1.1" 200 105384
186.154.32.160 - - [22/Feb/2023:05:52:12 -0500] "GET /sipse/faces/javax.faces.resource/layout/layout.js?ln=primefaces&v=4.0 HTTP/1.1" 200 87560
186.154.32.160 - - [22/Feb/2023:05:52:12 -0500] "GET /sipse/faces/javax.faces.resource/jquery/jquery-plugins.js?ln=primefaces&v=4.0 HTTP/1.1" 200 220526
186.154.32.160 - - [22/Feb/2023:05:52:12 -0500] "GET /sipse/faces/javax.faces.resource/primefaces.js?ln=primefaces&v=4.0 HTTP/1.1" 200 276924
186.154.32.160 - - [22/Feb/2023:05:52:12 -0500] "GET /sipse/faces/javax.faces.resource/images/ui-icons_898989_256x240.png?ln=primefaces-aristo HTTP/1.1" 304 -
186.154.32.160 - - [22/Feb/2023:05:52:12 -0500] "GET /sipse/css/imagen/loginimg.png HTTP/1.1" 200 71635
186.154.32.160 - - [22/Feb/2023:05:52:12 -0500] "GET /sipse/faces/index.xhtml HTTP/1.1" 200 677
186.154.32.160 - - [22/Feb/2023:05:52:12 -0500] "GET /sipse/faces/javax.faces.resource/theme.css?ln=primefaces-sipse HTTP/1.1" 304 -
186.154.32.160 - - [22/Feb/2023:05:52:12 -0500] "GET /sipse/faces/faces/autenticacion.xhtml HTTP/1.1" 200 12184
186.154.32.160 - - [22/Feb/2023:05:52:12 -0500] "GET /sipse/faces/javax.faces.resource/jquery/jquery-plugins.js?ln=primefaces&v=4.0 HTTP/1.1" 304 -
186.154.32.160 - - [22/Feb/2023:05:52:12 -0500] "GET /sipse/faces/javax.faces.resource/primefaces.js?ln=primefaces&v=4.0 HTTP/1.1" 304 -
186.154.32.160 - - [22/Feb/2023:05:52:12 -0500] "GET /sipse/faces/javax.faces.resource/primefaces.css?ln=primefaces&v=4.0 HTTP/1.1" 304 -
186.154.32.160 - - [22/Feb/2023:05:52:12 -0500] "GET /sipse/faces/javax.faces.resource/jquery/jquery.js?ln=primefaces&v=4.0 HTTP/1.1" 304 -
186.154.32.160 - - [22/Feb/2023:05:52:12 -0500] "GET /sipse/faces/javax.faces.resource/layout/layout.css?ln=primefaces&v=4.0 HTTP/1.1" 304 -
186.154.32.160 - - [22/Feb/2023:05:52:12 -0500] "GET /sipse/faces/javax.faces.resource/theme.css?ln=primefaces-sipse HTTP/1.1" 304 -
186.154.32.160 - - [22/Feb/2023:05:52:12 -0500] "GET /sipse/faces/javax.faces.resource/layout/layout.js?ln=primefaces&v=4.0 HTTP/1.1" 304 -
186.154.32.160 - - [22/Feb/2023:05:52:15 -0500] "POST /sipse/faces/autenticacion.xhtml HTTP/1.1" 200 2221
186.154.32.160 - - [22/Feb/2023:05:52:15 -0500] "GET /sipse/faces/javax.faces.resource/messages/messages.png?ln=primefaces&v=4.0 HTTP/1.1" 200 27209
186.154.32.160 - - [22/Feb/2023:05:52:16 -0500] "GET /sipse/faces/javax.faces.resource/images/ui-icons_898989_256x240.png?ln=primefaces-aristo HTTP/1.1" 304 -
186.154.32.160 - - [22/Feb/2023:05:52:16 -0500] "POST /sipse/faces/autenticacion.xhtml HTTP/1.1" 200 16299
186.154.32.160 - - [22/Feb/2023:05:52:16 -0500] "GET /sipse/faces/javax.faces.resource/theme.css?ln=primefaces-sipse HTTP/1.1" 304 -
186.154.32.160 - - [22/Feb/2023:05:52:16 -0500] "GET /sipse/faces/javax.faces.resource/primefaces.css?ln=primefaces&v=4.0 HTTP/1.1" 304 -
186.154.32.160 - - [22/Feb/2023:05:52:16 -0500] "GET /sipse/faces/javax.faces.resource/layout/layout.css?ln=primefaces&v=4.0 HTTP/1.1" 304 -
186.154.32.160 - - [22/Feb/2023:05:52:16 -0500] "GET /sipse/js/jquery.min.js HTTP/1.1" 200 85582
186.154.32.160 - - [22/Feb/2023:05:52:16 -0500] "GET /sipse/faces/javax.faces.resource/jquery/jquery.js?ln=primefaces&v=4.0 HTTP/1.1" 304 -
186.154.32.160 - - [22/Feb/2023:05:52:16 -0500] "GET /sipse/faces/javax.faces.resource/jquery/jquery-plugins.js?ln=primefaces&v=4.0 HTTP/1.1" 304 -
186.154.32.160 - - [22/Feb/2023:05:52:16 -0500] "GET /sipse/faces/javax.faces.resource/primefaces.js?ln=primefaces&v=4.0 HTTP/1.1" 304 -
186.154.32.160 - - [22/Feb/2023:05:52:16 -0500] "GET /sipse/faces/javax.faces.resource/layout/layout.js?ln=primefaces&v=4.0 HTTP/1.1" 304 -
186.154.32.160 - - [22/Feb/2023:05:52:17 -0500] "GET /sipse/css/imagen/contrasena.png HTTP/1.1" 404 383
186.154.32.160 - - [22/Feb/2023:05:52:17 -0500] "GET /sipse/imagenes/logoAplicacion.jpg HTTP/1.1" 200 155084
186.154.32.160 - - [22/Feb/2023:05:52:19 -0500] "GET /sipse/faces/javax.faces.resource/images/ui-bg_flat_0_2d5972_40x100.png?ln=primefaces-aristo HTTP/1.1" 304 -
186.154.32.160 - - [22/Feb/2023:05:52:19 -0500] "POST /sipse/faces/bienvenido.xhtml HTTP/1.1" 200 2658
186.154.32.160 - - [22/Feb/2023:05:52:20 -0500] "POST /sipse/faces/bienvenido.xhtml HTTP/1.1" 200 64145
186.154.32.160 - - [22/Feb/2023:05:52:20 -0500] "GET /sipse/faces/javax.faces.resource/layout/layout.css?ln=primefaces&v=4.0 HTTP/1.1" 304 -
186.154.32.160 - - [22/Feb/2023:05:52:20 -0500] "GET /sipse/faces/javax.faces.resource/theme.css?ln=primefaces-sipse HTTP/1.1" 304 -
186.154.32.160 - - [22/Feb/2023:05:52:20 -0500] "GET /sipse/faces/javax.faces.resource/primefaces.css?ln=primefaces&v=4.0 HTTP/1.1" 304 -
186.154.32.160 - - [22/Feb/2023:05:52:20 -0500] "GET /sipse/faces/javax.faces.resource/jquery/jquery.js?ln=primefaces&v=4.0 HTTP/1.1" 304 -
186.154.32.160 - - [22/Feb/2023:05:52:20 -0500] "GET /sipse/faces/javax.faces.resource/jquery/jquery-plugins.js?ln=primefaces&v=4.0 HTTP/1.1" 304 -
186.154.32.160 - - [22/Feb/2023:05:52:20 -0500] "GET /sipse/faces/javax.faces.resource/primefaces.js?ln=primefaces&v=4.0 HTTP/1.1" 304 -
186.154.32.160 - - [22/Feb/2023:05:52:20 -0500] "GET /sipse/faces/javax.faces.resource/layout/layout.js?ln=primefaces&v=4.0 HTTP/1.1" 304 -
186.154.32.160 - - [22/Feb/2023:05:52:20 -0500] "POST /sipse/faces/presentacion/financiero/solicitudProceso/listarSolicitudProceso.xhtml HTTP/1.1" 200 1556
216.245.221.92 - - [22/Feb/2023:05:53:11 -0500] "HEAD / HTTP/1.1" 200 -
172.22.2.4 - - [22/Feb/2023:05:51:34 -0500] "HEAD /BLA/boletinlegal/ HTTP/1.1" 200 -
173.252.79.23 - - [22/Feb/2023:05:53:24 -0500] "GET /images/20%20de%20febrero%20panor\xc3\xa1mica%20de%20Bogot\xc3\xa1%20(1)%20(1).jpeg HTTP/1.1" 404 1034
172.22.2.4 - - [22/Feb/2023:05:52:25 -0500] "GET /BLA/boletinlegal/ HTTP/1.1" 200 54316
201.245.192.253 - - [22/Feb/2023:05:54:42 -0500] "POST /kwsrmcab/Wsrmcab  HTTP/1.1" 200 213
173.252.87.23 - - [22/Feb/2023:05:55:34 -0500] "GET /images/20%20de%20febrero%20panor\xc3\xa1mica%20de%20Bogot\xc3\xa1%20(1)%20(1).jpeg HTTP/1.1" 404 1034
186.154.32.160 - - [22/Feb/2023:05:55:58 -0500] "POST /sipse/faces/presentacion/financiero/solicitudProceso/listarSolicitudProceso.xhtml HTTP/1.1" 200 161614
186.154.32.160 - - [22/Feb/2023:05:55:59 -0500] "GET /sipse/faces/javax.faces.resource/theme.css?ln=primefaces-sipse HTTP/1.1" 304 -
