191.156.190.6 - - [28/Feb/2023:10:07:27 -0500] "POST /sipse/faces/presentacion/financiero/solicitudProceso/listarSolicitudProceso.xhtml HTTP/1.1" 200 1396
191.156.190.6 - - [28/Feb/2023:10:07:27 -0500] "POST /sipse/faces/presentacion/financiero/solicitudProceso/listarSolicitudProceso.xhtml HTTP/1.1" 200 1404
186.84.21.183 - - [28/Feb/2023:10:07:28 -0500] "GET /sipse/faces/javax.faces.resource/theme.css?ln=primefaces-sipse HTTP/1.1" 304 -
186.84.21.183 - - [28/Feb/2023:10:07:28 -0500] "GET /sipse/faces/javax.faces.resource/primefaces.css?ln=primefaces&v=4.0 HTTP/1.1" 304 -
186.84.21.183 - - [28/Feb/2023:10:07:28 -0500] "GET /sipse/faces/javax.faces.resource/layout/layout.css?ln=primefaces&v=4.0 HTTP/1.1" 304 -
186.84.21.183 - - [28/Feb/2023:10:07:28 -0500] "GET /sipse/faces/javax.faces.resource/jquery/jquery-plugins.js?ln=primefaces&v=4.0 HTTP/1.1" 304 -
186.84.21.183 - - [28/Feb/2023:10:07:28 -0500] "GET /sipse/faces/javax.faces.resource/jquery/jquery.js?ln=primefaces&v=4.0 HTTP/1.1" 304 -
186.84.21.183 - - [28/Feb/2023:10:07:28 -0500] "GET /sipse/faces/javax.faces.resource/primefaces.js?ln=primefaces&v=4.0 HTTP/1.1" 304 -
186.84.21.183 - - [28/Feb/2023:10:07:28 -0500] "GET /sipse/faces/javax.faces.resource/layout/layout.js?ln=primefaces&v=4.0 HTTP/1.1" 304 -
186.84.21.183 - - [28/Feb/2023:10:07:27 -0500] "POST /sipse/faces/presentacion/financiero/solicitudProceso/consultarHistorialSolProceso.xhtml HTTP/1.1" 200 196754
186.145.48.51 - - [28/Feb/2023:10:07:31 -0500] "POST /sipse/faces/presentacion/financiero/solicitudProceso/consultar.xhtml HTTP/1.1" 200 13161
186.84.21.183 - - [28/Feb/2023:10:07:33 -0500] "GET /sipse/faces/javax.faces.resource/theme.css?ln=primefaces-sipse HTTP/1.1" 304 -
186.84.21.183 - - [28/Feb/2023:10:07:33 -0500] "GET /sipse/faces/javax.faces.resource/primefaces.css?ln=primefaces&v=4.0 HTTP/1.1" 304 -
186.84.21.183 - - [28/Feb/2023:10:07:33 -0500] "GET /sipse/faces/javax.faces.resource/layout/layout.css?ln=primefaces&v=4.0 HTTP/1.1" 304 -
186.84.21.183 - - [28/Feb/2023:10:07:33 -0500] "GET /sipse/faces/javax.faces.resource/jquery/jquery.js?ln=primefaces&v=4.0 HTTP/1.1" 304 -
186.84.21.183 - - [28/Feb/2023:10:07:33 -0500] "GET /sipse/faces/javax.faces.resource/jquery/jquery-plugins.js?ln=primefaces&v=4.0 HTTP/1.1" 304 -
186.84.21.183 - - [28/Feb/2023:10:07:33 -0500] "GET /sipse/faces/javax.faces.resource/primefaces.js?ln=primefaces&v=4.0 HTTP/1.1" 304 -
186.84.21.183 - - [28/Feb/2023:10:07:32 -0500] "POST /sipse/faces/presentacion/financiero/solicitudProceso/consultarSolicitudProceso.xhtml HTTP/1.1" 200 45694
186.84.21.183 - - [28/Feb/2023:10:07:33 -0500] "GET /sipse/faces/javax.faces.resource/layout/layout.js?ln=primefaces&v=4.0 HTTP/1.1" 304 -
172.22.2.4 - - [28/Feb/2023:10:07:36 -0500] "GET /BLA/boletinlegal/consulta_actos.php?tipo=resoluciones&no=0798&usuario=&sector=&fecha=2021&resuelve= HTTP/1.1" 200 626
186.145.48.51 - - [28/Feb/2023:10:07:37 -0500] "POST /sipse/faces/presentacion/financiero/solicitudProceso/consultar.xhtml HTTP/1.1" 200 13011
186.86.32.196 - - [28/Feb/2023:10:08:12 -0500] "POST /sipse/faces/presentacion/financiero/solicitudProceso/consultar.xhtml HTTP/1.1" 200 12891
172.22.2.1 - - [28/Feb/2023:10:08:06 -0500] "GET /reportes_sipse/sdg/ServletFirma?solicitud=20567 HTTP/1.1" 200 -
172.22.2.4 - - [28/Feb/2023:10:06:36 -0500] "GET /BLA/boletinlegal/ HTTP/1.1" 200 57551
201.245.192.253 - - [28/Feb/2023:10:08:05 -0500] "POST /sipse/faces/presentacion/financiero/solicitudProceso/consultarSolicitudProceso.xhtml HTTP/1.1" 200 34122
201.245.192.253 - - [28/Feb/2023:10:08:18 -0500] "GET /sipse/faces/javax.faces.resource/theme.css?ln=primefaces-sipse HTTP/1.1" 304 -
201.245.192.253 - - [28/Feb/2023:10:08:18 -0500] "GET /sipse/faces/javax.faces.resource/layout/layout.css?ln=primefaces&v=4.0 HTTP/1.1" 304 -
201.245.192.253 - - [28/Feb/2023:10:08:18 -0500] "GET /sipse/faces/javax.faces.resource/primefaces.css?ln=primefaces&v=4.0 HTTP/1.1" 304 -
201.245.192.253 - - [28/Feb/2023:10:08:18 -0500] "GET /sipse/faces/javax.faces.resource/jquery/jquery.js?ln=primefaces&v=4.0 HTTP/1.1" 304 -
201.245.192.253 - - [28/Feb/2023:10:08:18 -0500] "GET /sipse/faces/javax.faces.resource/jquery/jquery-plugins.js?ln=primefaces&v=4.0 HTTP/1.1" 304 -
201.245.192.253 - - [28/Feb/2023:10:08:18 -0500] "GET /sipse/faces/javax.faces.resource/primefaces.js?ln=primefaces&v=4.0 HTTP/1.1" 304 -
201.245.192.253 - - [28/Feb/2023:10:08:18 -0500] "GET /sipse/faces/javax.faces.resource/layout/layout.js?ln=primefaces&v=4.0 HTTP/1.1" 304 -
201.245.192.253 - - [28/Feb/2023:10:08:18 -0500] "POST /sipse/faces/presentacion/financiero/solicitudProceso/listarSolicitudProceso.xhtml HTTP/1.1" 200 1376
186.145.48.51 - - [28/Feb/2023:10:08:18 -0500] "POST /sipse/faces/presentacion/financiero/solicitudProceso/consultar.xhtml HTTP/1.1" 200 13146
186.119.110.16 - - [28/Feb/2023:10:08:23 -0500] "POST /sipse/faces/presentacion/financiero/solicitudProceso/listarSolicitudProceso.xhtml HTTP/1.1" 200 8061
201.245.192.253 - - [28/Feb/2023:10:08:23 -0500] "GET /sipse/faces/javax.faces.resource/theme.css?ln=primefaces-sipse HTTP/1.1" 304 -
201.245.192.253 - - [28/Feb/2023:10:08:23 -0500] "GET /sipse/faces/javax.faces.resource/primefaces.css?ln=primefaces&v=4.0 HTTP/1.1" 304 -
201.245.192.253 - - [28/Feb/2023:10:08:23 -0500] "GET /sipse/faces/javax.faces.resource/layout/layout.css?ln=primefaces&v=4.0 HTTP/1.1" 304 -
201.245.192.253 - - [28/Feb/2023:10:08:23 -0500] "GET /sipse/faces/javax.faces.resource/jquery/jquery.js?ln=primefaces&v=4.0 HTTP/1.1" 304 -
201.245.192.253 - - [28/Feb/2023:10:08:23 -0500] "GET /sipse/faces/javax.faces.resource/jquery/jquery-plugins.js?ln=primefaces&v=4.0 HTTP/1.1" 304 -
201.245.192.253 - - [28/Feb/2023:10:08:23 -0500] "GET /sipse/faces/javax.faces.resource/primefaces.js?ln=primefaces&v=4.0 HTTP/1.1" 304 -
201.245.192.253 - - [28/Feb/2023:10:08:23 -0500] "GET /sipse/faces/javax.faces.resource/layout/layout.js?ln=primefaces&v=4.0 HTTP/1.1" 304 -
201.245.192.253 - - [28/Feb/2023:10:08:23 -0500] "POST /sipse/faces/presentacion/financiero/solicitudProceso/consultarHistorialSolProceso.xhtml HTTP/1.1" 200 198779
201.245.192.253 - - [28/Feb/2023:10:08:26 -0500] "GET /sipse/faces/javax.faces.resource/images/ui-icons_898989_256x240.png?ln=primefaces-aristo HTTP/1.1" 304 -
186.145.48.51 - - [28/Feb/2023:10:08:27 -0500] "POST /sipse/faces/presentacion/financiero/solicitudProceso/consultar.xhtml HTTP/1.1" 200 12941
186.28.79.166 - - [28/Feb/2023:10:08:31 -0500] "POST /sipse/faces/presentacion/financiero/solicitudProceso/consultarSolicitudProceso.xhtml HTTP/1.1" 200 155053
186.119.110.16 - - [28/Feb/2023:10:08:32 -0500] "POST /sipse/faces/presentacion/financiero/solicitudProceso/listarSolicitudProceso.xhtml HTTP/1.1" 200 8168
186.145.48.51 - - [28/Feb/2023:10:08:32 -0500] "POST /sipse/faces/presentacion/financiero/solicitudProceso/consultar.xhtml HTTP/1.1" 200 139922
186.145.48.51 - - [28/Feb/2023:10:08:33 -0500] "GET /sipse/faces/javax.faces.resource/theme.css?ln=primefaces-sipse HTTP/1.1" 304 -
186.145.48.51 - - [28/Feb/2023:10:08:33 -0500] "GET /sipse/faces/javax.faces.resource/primefaces.css?ln=primefaces&v=4.0 HTTP/1.1" 304 -
186.145.48.51 - - [28/Feb/2023:10:08:33 -0500] "GET /sipse/faces/javax.faces.resource/layout/layout.css?ln=primefaces&v=4.0 HTTP/1.1" 304 -
186.145.48.51 - - [28/Feb/2023:10:08:33 -0500] "GET /sipse/faces/javax.faces.resource/jquery/jquery.js?ln=primefaces&v=4.0 HTTP/1.1" 304 -
186.145.48.51 - - [28/Feb/2023:10:08:33 -0500] "GET /sipse/faces/javax.faces.resource/jquery/jquery-plugins.js?ln=primefaces&v=4.0 HTTP/1.1" 304 -
186.145.48.51 - - [28/Feb/2023:10:08:33 -0500] "GET /sipse/faces/javax.faces.resource/primefaces.js?ln=primefaces&v=4.0 HTTP/1.1" 304 -
186.145.48.51 - - [28/Feb/2023:10:08:33 -0500] "GET /sipse/faces/javax.faces.resource/layout/layout.js?ln=primefaces&v=4.0 HTTP/1.1" 304 -
186.119.110.16 - - [28/Feb/2023:10:08:35 -0500] "POST /sipse/faces/presentacion/financiero/solicitudProceso/listarSolicitudProceso.xhtml HTTP/1.1" 200 8203
191.156.48.156 - - [28/Feb/2023:10:08:36 -0500] "GET /sipse/faces/index.xhtml HTTP/1.1" 200 677
191.156.48.156 - - [28/Feb/2023:10:08:37 -0500] "GET /sipse/faces/javax.faces.resource/theme.css?ln=primefaces-sipse HTTP/1.1" 304 -
186.119.110.16 - - [28/Feb/2023:10:08:37 -0500] "POST /sipse/faces/presentacion/financiero/solicitudProceso/listarSolicitudProceso.xhtml HTTP/1.1" 200 11222
186.119.110.16 - - [28/Feb/2023:10:08:38 -0500] "POST /sipse/faces/presentacion/financiero/solicitudProceso/listarSolicitudProceso.xhtml HTTP/1.1" 200 5261
191.156.48.156 - - [28/Feb/2023:10:08:38 -0500] "GET /sipse/faces/faces/autenticacion.xhtml HTTP/1.1" 200 12172
191.156.48.156 - - [28/Feb/2023:10:08:39 -0500] "GET /sipse/css/custom_css_sg_prime_login.css HTTP/1.1" 304 -
191.156.48.156 - - [28/Feb/2023:10:08:39 -0500] "GET /sipse/css/custom_css_sg.css HTTP/1.1" 304 -
191.156.55.197 - - [28/Feb/2023:10:08:39 -0500] "GET /sipse/js/disable_browser_buttons.js HTTP/1.1" 304 -
191.156.56.128 - - [28/Feb/2023:10:08:39 -0500] "GET /sipse/faces/javax.faces.resource/layout/layout.css?ln=primefaces&v=4.0 HTTP/1.1" 304 -
191.156.52.224 - - [28/Feb/2023:10:08:39 -0500] "GET /sipse/faces/javax.faces.resource/theme.css?ln=primefaces-sipse HTTP/1.1" 304 -
191.156.56.61 - - [28/Feb/2023:10:08:39 -0500] "GET /sipse/js/funciones.js HTTP/1.1" 304 -
191.156.56.128 - - [28/Feb/2023:10:08:39 -0500] "GET /sipse/faces/javax.faces.resource/primefaces.css?ln=primefaces&v=4.0 HTTP/1.1" 304 -
191.156.48.156 - - [28/Feb/2023:10:08:39 -0500] "GET /sipse/faces/javax.faces.resource/jquery/jquery-plugins.js?ln=primefaces&v=4.0 HTTP/1.1" 304 -
191.156.55.197 - - [28/Feb/2023:10:08:39 -0500] "GET /sipse/faces/javax.faces.resource/primefaces.js?ln=primefaces&v=4.0 HTTP/1.1" 304 -
191.156.52.224 - - [28/Feb/2023:10:08:39 -0500] "GET /sipse/faces/javax.faces.resource/jquery/jquery.js?ln=primefaces&v=4.0 HTTP/1.1" 304 -
191.156.56.128 - - [28/Feb/2023:10:08:39 -0500] "GET /sipse/faces/javax.faces.resource/layout/layout.js?ln=primefaces&v=4.0 HTTP/1.1" 304 -
191.156.56.128 - - [28/Feb/2023:10:08:39 -0500] "GET /sipse/css/imagen/logoSDG.png HTTP/1.1" 304 -
191.156.52.224 - - [28/Feb/2023:10:08:39 -0500] "GET /sipse/css/imagen/loginimg.png HTTP/1.1" 304 -
191.156.55.197 - - [28/Feb/2023:10:08:39 -0500] "GET /sipse/faces/javax.faces.resource/images/ui-icons_898989_256x240.png?ln=primefaces-aristo HTTP/1.1" 304 -
152.203.187.144 - - [28/Feb/2023:10:08:41 -0500] "POST /sipse/faces/presentacion/financiero/solicitudProceso/listarSolicitudProceso.xhtml HTTP/1.1" 200 45365
186.86.32.196 - - [28/Feb/2023:10:08:45 -0500] "POST /sipse/faces/presentacion/financiero/solicitudProceso/consultar.xhtml HTTP/1.1" 200 12944
186.119.110.16 - - [28/Feb/2023:10:08:48 -0500] "POST /sipse/faces/presentacion/financiero/solicitudProceso/listarSolicitudProceso.xhtml HTTP/1.1" 200 5265
186.80.52.163 - - [28/Feb/2023:10:08:50 -0500] "GET /BLA/resoluciones/ HTTP/1.1" 200 13502
201.245.192.253 - - [28/Feb/2023:10:08:51 -0500] "POST /sipse/faces/presentacion/financiero/solicitudAnulacion/registrarSolicitudAnulacion.xhtml HTTP/1.1" 200 10315
186.119.110.16 - - [28/Feb/2023:10:08:52 -0500] "POST /sipse/faces/presentacion/financiero/solicitudProceso/listarSolicitudProceso.xhtml HTTP/1.1" 200 8190
186.80.52.163 - - [28/Feb/2023:10:08:53 -0500] "GET /BLA/resoluciones/index.php?dir=AUTOS+2022%2F HTTP/1.1" 200 433936
186.119.110.16 - - [28/Feb/2023:10:09:00 -0500] "POST /sipse/faces/presentacion/financiero/solicitudProceso/listarSolicitudProceso.xhtml HTTP/1.1" 200 8162
186.102.18.139 - - [28/Feb/2023:10:09:01 -0500] "GET /kwssiamovil/sm/ldap/au?x=U2FsdGVkX18NJdgyTHtJA/Cg7UbEcCGHylPVZr9RNPdMqU0QnhMjWkBYWkyvXk2Z&y=U2FsdGVkX1/Z0yk8pRMx+4/wB7kaoCP5Kt5TO04jIqE= HTTP/1.1" 200 30
186.102.18.139 - - [28/Feb/2023:10:09:01 -0500] "GET /kwssiamovil/sm/acme/s?s=U2FsdGVkX1+U1DwbR+82zEaq9CZ+smBJNFXY1e4qSTz1MhSQD8zYwaIeuEUek5N2ISdmKs7EabZbQgDLJQC6F5+Typ3U3DSejoyi+PbLCZg=&u=U2FsdGVkX1/WtiGiWlBs0rt/L3MyfktwY0V4efMVmxY=&y=U2FsdGVkX1/Z0yk8pRMx+4/wB7kaoCP5Kt5TO04jIqE= HTTP/1.1" 200 97
186.102.18.139 - - [28/Feb/2023:10:09:02 -0500] "GET /kwssiamovil/sm/acme/s?s=U2FsdGVkX1/t0pK1q0t0/5v0BAoP2pK58acedwSaBmBZKQS5wyakQIN1Stt6411qAqWO1REgISqpXRoto8C03sjnxOvqVvRm8bsE/Tf3Zkfc4NQWdfpz55Bapy1wacOwRfcZktl5JBptueJU2WVoCghxIg/J/+AbuJJV6TEu4KXTy5PcO/EWr6zEtQQ5jB98v0/h8xhdvbMt0iq+4biJdWlRHNtEAZdMxjNnzNUpPeOVcg6sJk0fsKz+cG6Njq8/lZFGvEA7+aSXJNj7fP0Cl9tVsacV0CTO2Ursvvjl7vCYEKQ2ghTndOsl62hnuqN6VRs6ZTjoIlqJlE5uJ+AwVgG11ywcq6fRcWaBA2jjbLqsP3LzPA8Ndwlz8AvXM+KmHY8qzAwYBhpg3L4jKXnFBtwvIp8Rmofv6vihOBViwvAVjXgCTWNU9/QViE+8zLkpkEgAWnjWl9ARf5IsYcotxnGNPrnmPLrYT5lMA9raY5qhPkNC20n6mF4lE+U/ZkJz8Wv6HP1ikmkcf48GsoDFS15M5HnzKP3aTAxDx6JFyI0FDWbM1g678BnUcs81rc9uSPLOEMVO2hPM7KDq1f+dYgdHaBIndraeX+DW0M++WiX2zm05Wg890FqARrlWj8lkkXVlqzuaBomnfohVCevNjD4GIg+H+k/hE/ILN7Sz1+2DBmWnPL7iF0LVVGnkZuW+TkYnnJEdcRP31uNCDps4C1c+v7HFWMpU/Fv1P7/FMvhQD6hS/K6xzDOwwqTSdxHWP75ywOMrPzDQ4pT1NKv5pBDX3JeHd5Qo2bMi2WRt9KK/Hnb2NqEiDoWHBf2k6m7FcqRiAmrL1btBUYM7qGKAbDWNuBMupak1zXh7aOlkhEn5z11kC7BSmxu0UueEhBhxxBPnGeUK+cJgFgOBQNtZyGWoYwbpbZodFLZvKQ2EicWk3hFsJxPgzfN2KyxMjuRb7APHp8tzAIAhXZwsxsaLU4ktYqyGOzV7oCpg5UcdKPnZgKRaRlXMouqeudUDKGByZiy1102zp8gbWU+xtw7FdPEG1XOFwVBHmrDmx72CWj14FYjtu/GBoSh5oQ9wKxcDQU7se48I3LnfFkCOJSp1T5la5MHB3+RC6dQb+9uvi4G5O8BbPc995WyXOS8Un486yQyK/1gLsLhPwhXUvp3qUiO2v/+zWEwV+J5GBhQB58gEXJVgwQZ5WgG6rWq7n5K+lElga56oO5b8NQlmvfzMcTCPx7JbuvUP3YSF+DBBJRHov9UcP5DFEnCS38Idh/5lcxtC3jgwWGO0uhoVTD7rY8bbHJL63s80KeOMEeFpWhVXgA8UxGVDIUAWfLjuxdt44OyHH7LQI774DPVaJiv5RAsFLT0NtEz+gw3uUMRdWVftAwncj2Ix/Dh+kxb4V5xlFVFQiaC3dZTFKhfXd3O38GJ/nkri+AQ5KhSG8MOZViBD+P4mOXGmhvYpNRuvGXvruH0A+m9DE/OjZ2eDDlvunku59QTgBePiGnyHipirc91rqBky8TPzgj2BqC2CZRKLtviMM+WFAy6QY83EpT6+8lTv+oKL2y5/NroEi1woojyeWOtlfwo/lnYrTsundPR0Gf4BnbYb3+KzADePSFcooLWvZH79d6I2CUHEHQr8geJ5LcOpdYv6uYxYUXxeEXeufr3EXN498528bfmriIdLKB+n2VfVtF4ub89V63qB1dFCTD4SHDdKvWcofJhy0QudK16wpItsqCBcMUDAWYufsP01o+4hqPvxOti76Hhdjms=&u=U2FsdGVkX1/WtiGiWlBs0rt/L3MyfktwY0V4efMVmxY=&y=U2FsdGVkX1/Z0yk8pRMx+4/wB7kaoCP5Kt5TO04jIqE= HTTP/1.1" 200 551
186.102.18.139 - - [28/Feb/2023:10:09:02 -0500] "GET /kwssiamovil/sm/acme/s?s=U2FsdGVkX18Adp6niQaZUcclxwHEWXlhF7LgRTjrK34nPnWFLppOqXXZqyHL1yTTyKeN/rfYu2rE60ALCc8pgWV2rD5qZBwv2r4DhOOZ6KJBSbxjKxLiYJ5jAaCRwEdCyUkNPQr4Xf23GgXp7XfRWSZSyBREh2ZRh7jBY/fyUHKnsBxZj76kiXNcwNjd5rrumKu03yONpEuxQo8ViDihIlM7xdr2ayFbb4DTRF7HMWnjgzKqTLf2TTP/bitRPAIQfAwTj+tIsTJstx7Il4/jcWg5lXHx1CwGpmFDAPVIFfBUZt4MJW7OwRk935pEfVRwyDTzB8239Og430XHCKQYrpLtZJ8nZpUgEVDxsckh7UwLkZZ72HeXs+HVmuyueGHnP9nBeHdVTFX+ocgq9MmZcCjdmz9naCFETdLlk3JbFukj3XZQVgEqX/OcW6/qOkcppKNHFUiYHduikuOrElTb4eMiN0BWbLPGRH3NebM0UxRwpopBYjsaTkpauS43RZSu6/CIJa2VnZI1xTwfwcIvKWaNlElJ3/EKSKNgHMXT3KL5uD98bfJPNt+iCIIhY0J3+koK7aSyGhTzdwyx8OhCagrLKrgvFH4xVIgPUohe3dNNWhXNWATx8GwXktkQFMPLy8MO/cd1GW9da66+IX+jimqGYgpDJQFXuvvdHSrclshHDgJ/Dt1qrhwYi+cvFhMws77e8xr4cU7jNIMqhV0NQCOC5Mt46+F4FERAclZfL+H1LAZw1yRoh53882JpGs2N&u=U2FsdGVkX1/WtiGiWlBs0rt/L3MyfktwY0V4efMVmxY=&y=U2FsdGVkX1/Z0yk8pRMx+4/wB7kaoCP5Kt5TO04jIqE= HTTP/1.1" 200 352
186.102.18.139 - - [28/Feb/2023:10:09:02 -0500] "GET /kwssiamovil/sm/cjson/pre?f=9&x=U2FsdGVkX18NJdgyTHtJA/Cg7UbEcCGHylPVZr9RNPdMqU0QnhMjWkBYWkyvXk2Z HTTP/1.1" 200 25142
186.102.18.139 - - [28/Feb/2023:10:09:02 -0500] "GET /kwssiamovil/sm/cjson/pre?f=18&x=U2FsdGVkX18NJdgyTHtJA/Cg7UbEcCGHylPVZr9RNPdMqU0QnhMjWkBYWkyvXk2Z HTTP/1.1" 200 32849
186.119.110.16 - - [28/Feb/2023:10:09:04 -0500] "POST /sipse/faces/presentacion/financiero/solicitudProceso/listarSolicitudProceso.xhtml HTTP/1.1" 200 5261
201.245.192.253 - - [28/Feb/2023:10:09:04 -0500] "POST /sipse/faces/presentacion/financiero/solicitudAnulacion/registrarSolicitudAnulacion.xhtml HTTP/1.1" 200 29211
201.245.192.253 - - [28/Feb/2023:10:09:07 -0500] "GET /sipse/faces/javax.faces.resource/theme.css?ln=primefaces-sipse HTTP/1.1" 304 -
201.245.192.253 - - [28/Feb/2023:10:09:07 -0500] "GET /sipse/faces/javax.faces.resource/layout/layout.css?ln=primefaces&v=4.0 HTTP/1.1" 304 -
201.245.192.253 - - [28/Feb/2023:10:09:07 -0500] "GET /sipse/faces/javax.faces.resource/primefaces.css?ln=primefaces&v=4.0 HTTP/1.1" 304 -
201.245.192.253 - - [28/Feb/2023:10:09:07 -0500] "GET /sipse/faces/javax.faces.resource/jquery/jquery.js?ln=primefaces&v=4.0 HTTP/1.1" 304 -
201.245.192.253 - - [28/Feb/2023:10:09:07 -0500] "GET /sipse/faces/javax.faces.resource/jquery/jquery-plugins.js?ln=primefaces&v=4.0 HTTP/1.1" 304 -
201.245.192.253 - - [28/Feb/2023:10:09:07 -0500] "GET /sipse/faces/javax.faces.resource/primefaces.js?ln=primefaces&v=4.0 HTTP/1.1" 304 -
201.245.192.253 - - [28/Feb/2023:10:09:07 -0500] "GET /sipse/faces/javax.faces.resource/layout/layout.js?ln=primefaces&v=4.0 HTTP/1.1" 304 -
201.245.192.253 - - [28/Feb/2023:10:09:07 -0500] "GET /sipse/faces/javax.faces.resource/messages/messages.png?ln=primefaces&v=4.0 HTTP/1.1" 304 -
201.245.192.253 - - [28/Feb/2023:10:09:07 -0500] "POST /sipse/faces/presentacion/financiero/solicitudAnulacion/solicitudAnulacion.xhtml HTTP/1.1" 200 28511
186.119.110.16 - - [28/Feb/2023:10:09:08 -0500] "POST /sipse/faces/presentacion/financiero/solicitudProceso/listarSolicitudProceso.xhtml HTTP/1.1" 200 5265
191.156.230.193 - - [28/Feb/2023:10:09:10 -0500] "GET /css/fondos.css HTTP/1.1" 404 1254
191.156.230.193 - - [28/Feb/2023:10:09:10 -0500] "GET /css/textos.css HTTP/1.1" 404 1254
201.245.192.253 - - [28/Feb/2023:10:09:10 -0500] "POST /sipse/faces/presentacion/financiero/solicitudAnulacion/solicitudAnulacion.xhtml HTTP/1.1" 200 44398
201.245.192.253 - - [28/Feb/2023:10:09:10 -0500] "GET /sipse/faces/javax.faces.resource/layout/layout.css?ln=primefaces&v=4.0 HTTP/1.1" 304 -
201.245.192.253 - - [28/Feb/2023:10:09:10 -0500] "GET /sipse/faces/javax.faces.resource/theme.css?ln=primefaces-sipse HTTP/1.1" 304 -
201.245.192.253 - - [28/Feb/2023:10:09:10 -0500] "GET /sipse/faces/javax.faces.resource/primefaces.css?ln=primefaces&v=4.0 HTTP/1.1" 304 -
201.245.192.253 - - [28/Feb/2023:10:09:10 -0500] "GET /sipse/faces/javax.faces.resource/fileupload/fileupload.css?ln=primefaces&v=4.0 HTTP/1.1" 304 -
201.245.192.253 - - [28/Feb/2023:10:09:10 -0500] "GET /sipse/faces/javax.faces.resource/jquery/jquery.js?ln=primefaces&v=4.0 HTTP/1.1" 304 -
201.245.192.253 - - [28/Feb/2023:10:09:10 -0500] "GET /sipse/faces/javax.faces.resource/jquery/jquery-plugins.js?ln=primefaces&v=4.0 HTTP/1.1" 304 -
201.245.192.253 - - [28/Feb/2023:10:09:10 -0500] "GET /sipse/faces/javax.faces.resource/primefaces.js?ln=primefaces&v=4.0 HTTP/1.1" 304 -
201.245.192.253 - - [28/Feb/2023:10:09:10 -0500] "GET /sipse/faces/javax.faces.resource/layout/layout.js?ln=primefaces&v=4.0 HTTP/1.1" 304 -
201.245.192.253 - - [28/Feb/2023:10:09:10 -0500] "GET /sipse/faces/javax.faces.resource/fileupload/fileupload.js?ln=primefaces&v=4.0 HTTP/1.1" 304 -
216.245.221.92 - - [28/Feb/2023:10:09:11 -0500] "HEAD / HTTP/1.1" 200 -
191.156.230.193 - - [28/Feb/2023:10:09:11 -0500] "GET /css/date_blue.css HTTP/1.1" 404 1254
186.119.110.16 - - [28/Feb/2023:10:09:13 -0500] "POST /sipse/faces/presentacion/financiero/solicitudProceso/listarSolicitudProceso.xhtml HTTP/1.1" 200 5257
152.203.187.144 - - [28/Feb/2023:10:09:14 -0500] "POST /sipse/faces/presentacion/financiero/solicitudProceso/listarSolicitudProceso.xhtml HTTP/1.1" 200 42443
152.203.187.144 - - [28/Feb/2023:10:09:16 -0500] "POST /sipse/faces/presentacion/financiero/solicitudProceso/listarSolicitudProceso.xhtml HTTP/1.1" 200 16285
191.156.230.193 - - [28/Feb/2023:10:09:17 -0500] "GET /css/bordes.css HTTP/1.1" 404 1254
172.22.2.4 - - [28/Feb/2023:10:09:18 -0500] "GET /BLA/boletinlegal/actos.php HTTP/1.1" 200 9672
152.203.187.144 - - [28/Feb/2023:10:09:18 -0500] "POST /sipse/faces/presentacion/financiero/solicitudProceso/listarSolicitudProceso.xhtml HTTP/1.1" 200 19074
172.22.2.4 - - [28/Feb/2023:10:09:19 -0500] "GET /BLA/boletinlegal/favicon.ico HTTP/1.1" 404 1326
191.156.62.255 - - [28/Feb/2023:10:09:20 -0500] "POST /sipse/faces/autenticacion.xhtml HTTP/1.1" 200 16670
191.156.62.255 - - [28/Feb/2023:10:09:21 -0500] "GET /sipse/faces/javax.faces.resource/theme.css?ln=primefaces-sipse HTTP/1.1" 304 -
191.156.59.64 - - [28/Feb/2023:10:09:21 -0500] "GET /sipse/js/jquery.min.js HTTP/1.1" 304 -
191.156.57.120 - - [28/Feb/2023:10:09:21 -0500] "GET /sipse/faces/javax.faces.resource/primefaces.css?ln=primefaces&v=4.0 HTTP/1.1" 304 -
191.156.62.255 - - [28/Feb/2023:10:09:21 -0500] "GET /sipse/faces/javax.faces.resource/layout/layout.css?ln=primefaces&v=4.0 HTTP/1.1" 304 -
191.156.62.255 - - [28/Feb/2023:10:09:21 -0500] "GET /sipse/css/custom_css_sg_prime.css HTTP/1.1" 304 -
191.156.62.255 - - [28/Feb/2023:10:09:21 -0500] "GET /sipse/faces/javax.faces.resource/jquery/jquery.js?ln=primefaces&v=4.0 HTTP/1.1" 304 -
191.156.62.255 - - [28/Feb/2023:10:09:21 -0500] "GET /sipse/faces/javax.faces.resource/jquery/jquery-plugins.js?ln=primefaces&v=4.0 HTTP/1.1" 304 -
191.156.62.255 - - [28/Feb/2023:10:09:21 -0500] "GET /sipse/faces/javax.faces.resource/primefaces.js?ln=primefaces&v=4.0 HTTP/1.1" 304 -
191.156.62.255 - - [28/Feb/2023:10:09:21 -0500] "GET /sipse/faces/javax.faces.resource/layout/layout.js?ln=primefaces&v=4.0 HTTP/1.1" 304 -
191.156.62.255 - - [28/Feb/2023:10:09:21 -0500] "GET /sipse/imagenes/cargando.gif HTTP/1.1" 304 -
191.156.62.255 - - [28/Feb/2023:10:09:21 -0500] "GET /sipse/imagenes/logoAplicacion.jpg HTTP/1.1" 304 -
191.156.57.120 - - [28/Feb/2023:10:09:21 -0500] "GET /sipse/css/imagen/contrasena.png HTTP/1.1" 404 383
191.156.59.64 - - [28/Feb/2023:10:09:21 -0500] "GET /sipse/faces/javax.faces.resource/messages/messages.png?ln=primefaces&v=4.0 HTTP/1.1" 304 -
186.119.110.16 - - [28/Feb/2023:10:09:25 -0500] "POST /sipse/faces/presentacion/financiero/solicitudProceso/listarSolicitudProceso.xhtml HTTP/1.1" 200 8127
191.156.146.73 - - [28/Feb/2023:10:09:31 -0500] "GET /BLA/resoluciones/ HTTP/1.1" 200 13502
191.156.59.225 - - [28/Feb/2023:10:09:32 -0500] "GET /sipse/faces/javax.faces.resource/images/ui-bg_flat_0_2d5972_40x100.png?ln=primefaces-aristo HTTP/1.1" 304 -
191.156.59.225 - - [28/Feb/2023:10:09:32 -0500] "POST /sipse/faces/bienvenido.xhtml HTTP/1.1" 200 3255
186.119.110.16 - - [28/Feb/2023:10:09:33 -0500] "POST /sipse/faces/presentacion/financiero/solicitudProceso/listarSolicitudProceso.xhtml HTTP/1.1" 200 8154
191.156.59.225 - - [28/Feb/2023:10:09:34 -0500] "POST /sipse/faces/bienvenido.xhtml HTTP/1.1" 200 39634
191.156.59.225 - - [28/Feb/2023:10:09:34 -0500] "GET /sipse/faces/javax.faces.resource/primefaces.css?ln=primefaces&v=4.0 HTTP/1.1" 304 -
191.156.59.225 - - [28/Feb/2023:10:09:34 -0500] "GET /sipse/faces/javax.faces.resource/theme.css?ln=primefaces-sipse HTTP/1.1" 304 -
191.156.48.156 - - [28/Feb/2023:10:09:34 -0500] "GET /sipse/faces/javax.faces.resource/jquery/jquery.js?ln=primefaces&v=4.0 HTTP/1.1" 304 -
191.156.59.225 - - [28/Feb/2023:10:09:34 -0500] "GET /sipse/faces/javax.faces.resource/layout/layout.css?ln=primefaces&v=4.0 HTTP/1.1" 304 -
191.156.48.156 - - [28/Feb/2023:10:09:34 -0500] "GET /sipse/faces/javax.faces.resource/jquery/jquery-plugins.js?ln=primefaces&v=4.0 HTTP/1.1" 304 -
191.156.48.156 - - [28/Feb/2023:10:09:34 -0500] "GET /sipse/faces/javax.faces.resource/primefaces.js?ln=primefaces&v=4.0 HTTP/1.1" 304 -
186.86.32.196 - - [28/Feb/2023:10:09:34 -0500] "POST /sipse/faces/presentacion/financiero/solicitudProceso/consultar.xhtml HTTP/1.1" 200 13029
191.156.48.156 - - [28/Feb/2023:10:09:34 -0500] "GET /sipse/faces/javax.faces.resource/layout/layout.js?ln=primefaces&v=4.0 HTTP/1.1" 304 -
191.156.48.156 - - [28/Feb/2023:10:09:34 -0500] "POST /sipse/faces/presentacion/financiero/solicitudProceso/listarSolicitudProceso.xhtml HTTP/1.1" 200 1416
191.156.153.89 - - [28/Feb/2023:10:09:36 -0500] "GET /BLA/resoluciones/dlf/unknown.png HTTP/1.1" 200 266
191.156.154.87 - - [28/Feb/2023:10:09:34 -0500] "GET /BLA/resoluciones/index.php?dir=RESOLUCIONES+2008%2F HTTP/1.1" 200 976272
152.203.187.144 - - [28/Feb/2023:10:09:38 -0500] "POST /sipse/faces/presentacion/financiero/solicitudProceso/listarSolicitudProceso.xhtml HTTP/1.1" 200 44792
201.245.192.253 - - [28/Feb/2023:10:09:38 -0500] "POST /sipse/faces/presentacion/financiero/solicitudAnulacion/registrarSolicitudAnulacion.xhtml HTTP/1.1" 200 3052
191.156.154.87 - - [28/Feb/2023:10:09:41 -0500] "GET /BLA/resoluciones/RESOLUCIONES%202008/2147.pdf HTTP/1.1" 200 266614
186.119.110.16 - - [28/Feb/2023:10:09:41 -0500] "POST /sipse/faces/presentacion/financiero/solicitudProceso/listarSolicitudProceso.xhtml HTTP/1.1" 200 8123
201.245.192.253 - - [28/Feb/2023:10:09:38 -0500] "POST /sipse/faces/presentacion/financiero/solicitudAnulacion/registrarSolicitudAnulacion.xhtml HTTP/1.1" 200 29252
201.245.192.253 - - [28/Feb/2023:10:09:41 -0500] "GET /sipse/faces/javax.faces.resource/theme.css?ln=primefaces-sipse HTTP/1.1" 304 -
201.245.192.253 - - [28/Feb/2023:10:09:41 -0500] "GET /sipse/faces/javax.faces.resource/primefaces.css?ln=primefaces&v=4.0 HTTP/1.1" 304 -
201.245.192.253 - - [28/Feb/2023:10:09:41 -0500] "GET /sipse/faces/javax.faces.resource/layout/layout.css?ln=primefaces&v=4.0 HTTP/1.1" 304 -
201.245.192.253 - - [28/Feb/2023:10:09:41 -0500] "GET /sipse/faces/javax.faces.resource/jquery/jquery.js?ln=primefaces&v=4.0 HTTP/1.1" 304 -
201.245.192.253 - - [28/Feb/2023:10:09:41 -0500] "GET /sipse/faces/javax.faces.resource/jquery/jquery-plugins.js?ln=primefaces&v=4.0 HTTP/1.1" 304 -
201.245.192.253 - - [28/Feb/2023:10:09:41 -0500] "GET /sipse/faces/javax.faces.resource/primefaces.js?ln=primefaces&v=4.0 HTTP/1.1" 304 -
201.245.192.253 - - [28/Feb/2023:10:09:41 -0500] "GET /sipse/faces/javax.faces.resource/layout/layout.js?ln=primefaces&v=4.0 HTTP/1.1" 304 -
191.156.157.252 - - [28/Feb/2023:10:09:41 -0500] "GET /BLA/resoluciones/RESOLUCIONES%202008/2147.pdf HTTP/1.1" 200 266614
191.156.144.161 - - [28/Feb/2023:10:09:41 -0500] "GET /BLA/resoluciones/RESOLUCIONES%202008/2147.pdf HTTP/1.1" 206 1025
201.245.192.253 - - [28/Feb/2023:10:09:41 -0500] "POST /sipse/faces/presentacion/financiero/solicitudAnulacion/solicitudAnulacion.xhtml HTTP/1.1" 200 28505
201.245.192.253 - - [28/Feb/2023:10:09:42 -0500] "GET /sipse/faces/javax.faces.resource/images/ui-bg_flat_0_2d5972_40x100.png?ln=primefaces-aristo HTTP/1.1" 304 -
201.245.192.253 - - [28/Feb/2023:10:09:42 -0500] "POST /sipse/faces/presentacion/contratacion/contratista/crearModificarContratista.xhtml HTTP/1.1" 200 5771
152.203.187.144 - - [28/Feb/2023:10:09:42 -0500] "POST /sipse/faces/presentacion/financiero/solicitudProceso/listarSolicitudProceso.xhtml HTTP/1.1" 200 44812
186.119.110.16 - - [28/Feb/2023:10:09:44 -0500] "POST /sipse/faces/presentacion/financiero/solicitudProceso/listarSolicitudProceso.xhtml HTTP/1.1" 200 5261
186.119.110.16 - - [28/Feb/2023:10:09:47 -0500] "POST /sipse/faces/presentacion/financiero/solicitudProceso/listarSolicitudProceso.xhtml HTTP/1.1" 200 8274
186.119.110.16 - - [28/Feb/2023:10:09:47 -0500] "POST /sipse/faces/presentacion/financiero/solicitudProceso/listarSolicitudProceso.xhtml HTTP/1.1" 200 8266
201.245.192.253 - - [28/Feb/2023:10:09:47 -0500] "GET /sipse/js/funciones.js HTTP/1.1" 304 -
201.245.192.253 - - [28/Feb/2023:10:09:47 -0500] "GET /sipse/css/custom_css_sg.css HTTP/1.1" 200 9694
201.245.192.253 - - [28/Feb/2023:10:09:47 -0500] "GET /sipse/js/disable_browser_buttons.js HTTP/1.1" 304 -
201.245.192.253 - - [28/Feb/2023:10:09:47 -0500] "GET /sipse/css/custom_css_sg_prime_login.css HTTP/1.1" 200 443
201.245.192.253 - - [28/Feb/2023:10:09:47 -0500] "GET /sipse/faces/javax.faces.resource/layout/layout.css;jsessionid=mRymvs4mwArwBEisYm5-IwQ7.undefined?ln=primefaces&v=4.0 HTTP/1.1" 200 542
201.245.192.253 - - [28/Feb/2023:10:09:47 -0500] "GET /sipse/faces/javax.faces.resource/jquery/jquery.js;jsessionid=mRymvs4mwArwBEisYm5-IwQ7.undefined?ln=primefaces&v=4.0 HTTP/1.1" 200 105384
201.245.192.253 - - [28/Feb/2023:10:09:47 -0500] "GET /sipse/faces/javax.faces.resource/theme.css?ln=primefaces-sipse HTTP/1.1" 200 50058
201.245.192.253 - - [28/Feb/2023:10:09:47 -0500] "GET /sipse/faces/javax.faces.resource/primefaces.css;jsessionid=mRymvs4mwArwBEisYm5-IwQ7.undefined?ln=primefaces&v=4.0 HTTP/1.1" 200 53295
201.245.192.253 - - [28/Feb/2023:10:09:47 -0500] "GET /sipse/faces/javax.faces.resource/jquery/jquery-plugins.js;jsessionid=mRymvs4mwArwBEisYm5-IwQ7.undefined?ln=primefaces&v=4.0 HTTP/1.1" 200 220526
201.245.192.253 - - [28/Feb/2023:10:09:47 -0500] "GET /sipse/faces/faces/faces/autenticacion.xhtml HTTP/1.1" 200 12494
201.245.192.253 - - [28/Feb/2023:10:09:47 -0500] "GET /sipse/faces/javax.faces.resource/layout/layout.js;jsessionid=mRymvs4mwArwBEisYm5-IwQ7.undefined?ln=primefaces&v=4.0 HTTP/1.1" 200 87560
201.245.192.253 - - [28/Feb/2023:10:09:47 -0500] "GET /sipse/faces/javax.faces.resource/primefaces.js;jsessionid=mRymvs4mwArwBEisYm5-IwQ7.undefined?ln=primefaces&v=4.0 HTTP/1.1" 200 276924
201.245.192.253 - - [28/Feb/2023:10:09:48 -0500] "GET /sipse/faces/javax.faces.resource/images/ui-icons_898989_256x240.png?ln=primefaces-aristo HTTP/1.1" 200 5355
201.245.192.253 - - [28/Feb/2023:10:09:48 -0500] "GET /sipse/css/imagen/logoSDG.png HTTP/1.1" 200 53064
201.245.192.253 - - [28/Feb/2023:10:09:48 -0500] "GET /sipse/css/imagen/loginimg.png HTTP/1.1" 200 71635
201.245.192.253 - - [28/Feb/2023:10:09:48 -0500] "GET /sipse/faces/faces/faces/index.xhtml HTTP/1.1" 200 677
201.245.192.253 - - [28/Feb/2023:10:09:48 -0500] "GET /sipse/faces/javax.faces.resource/theme.css?ln=primefaces-sipse HTTP/1.1" 304 -
201.245.192.253 - - [28/Feb/2023:10:09:48 -0500] "GET /favicon.ico HTTP/1.1" 200 7782
201.245.192.253 - - [28/Feb/2023:10:09:48 -0500] "GET /sipse/faces/faces/faces/faces/autenticacion.xhtml HTTP/1.1" 200 12172
201.245.192.253 - - [28/Feb/2023:10:09:48 -0500] "GET /sipse/faces/javax.faces.resource/theme.css?ln=primefaces-sipse HTTP/1.1" 304 -
201.245.192.253 - - [28/Feb/2023:10:09:48 -0500] "GET /sipse/faces/javax.faces.resource/layout/layout.css?ln=primefaces&v=4.0 HTTP/1.1" 200 542
201.245.192.253 - - [28/Feb/2023:10:09:48 -0500] "GET /sipse/faces/javax.faces.resource/jquery/jquery-plugins.js?ln=primefaces&v=4.0 HTTP/1.1" 304 -
201.245.192.253 - - [28/Feb/2023:10:09:48 -0500] "GET /sipse/faces/javax.faces.resource/jquery/jquery.js?ln=primefaces&v=4.0 HTTP/1.1" 304 -
201.245.192.253 - - [28/Feb/2023:10:09:48 -0500] "GET /sipse/faces/javax.faces.resource/primefaces.js?ln=primefaces&v=4.0 HTTP/1.1" 304 -
201.245.192.253 - - [28/Feb/2023:10:09:48 -0500] "GET /sipse/faces/javax.faces.resource/layout/layout.js?ln=primefaces&v=4.0 HTTP/1.1" 304 -
201.245.192.253 - - [28/Feb/2023:10:09:48 -0500] "GET /sipse/faces/javax.faces.resource/primefaces.css?ln=primefaces&v=4.0 HTTP/1.1" 200 53295
201.245.192.253 - - [28/Feb/2023:10:09:49 -0500] "GET /sipse/faces/javax.faces.resource/images/ui-icons_898989_256x240.png?ln=primefaces-aristo HTTP/1.1" 304 -
172.22.2.4 - - [28/Feb/2023:10:09:16 -0500] "GET /BLA/boletinlegal/ HTTP/1.1" 200 24523
186.119.110.16 - - [28/Feb/2023:10:09:50 -0500] "POST /sipse/faces/presentacion/financiero/solicitudProceso/listarSolicitudProceso.xhtml HTTP/1.1" 200 14219
201.245.192.253 - - [28/Feb/2023:10:09:51 -0500] "POST /sipse/faces/autenticacion.xhtml HTTP/1.1" 200 11166
201.245.192.253 - - [28/Feb/2023:10:09:51 -0500] "GET /sipse/css/custom_css_sg_prime.css HTTP/1.1" 200 5201
201.245.192.253 - - [28/Feb/2023:10:09:51 -0500] "GET /sipse/faces/javax.faces.resource/jquery/jquery.js?ln=primefaces&v=4.0 HTTP/1.1" 304 -
201.245.192.253 - - [28/Feb/2023:10:09:51 -0500] "GET /sipse/faces/javax.faces.resource/jquery/jquery-plugins.js?ln=primefaces&v=4.0 HTTP/1.1" 304 -
186.119.110.16 - - [28/Feb/2023:10:09:51 -0500] "POST /sipse/faces/presentacion/financiero/solicitudProceso/listarSolicitudProceso.xhtml HTTP/1.1" 200 14211
201.245.192.253 - - [28/Feb/2023:10:09:51 -0500] "GET /sipse/faces/javax.faces.resource/primefaces.js?ln=primefaces&v=4.0 HTTP/1.1" 304 -
201.245.192.253 - - [28/Feb/2023:10:09:51 -0500] "GET /sipse/faces/javax.faces.resource/layout/layout.js?ln=primefaces&v=4.0 HTTP/1.1" 304 -
201.245.192.253 - - [28/Feb/2023:10:09:51 -0500] "GET /sipse/faces/javax.faces.resource/messages/messages.png?ln=primefaces&v=4.0 HTTP/1.1" 200 27209
186.119.110.16 - - [28/Feb/2023:10:09:53 -0500] "POST /sipse/faces/presentacion/financiero/solicitudProceso/listarSolicitudProceso.xhtml HTTP/1.1" 200 8123
201.245.192.253 - - [28/Feb/2023:10:09:54 -0500] "POST /sipse/faces/presentacion/sistema/seguridad/seleccionRol.xhtml HTTP/1.1" 200 5600
201.245.192.253 - - [28/Feb/2023:10:09:55 -0500] "POST /sipse/faces/presentacion/sistema/seguridad/seleccionRol.xhtml HTTP/1.1" 200 17460
201.245.192.253 - - [28/Feb/2023:10:09:56 -0500] "GET /sipse/js/jquery.min.js HTTP/1.1" 304 -
201.245.192.253 - - [28/Feb/2023:10:09:56 -0500] "GET /sipse/faces/javax.faces.resource/jquery/jquery.js?ln=primefaces&v=4.0 HTTP/1.1" 304 -
201.245.192.253 - - [28/Feb/2023:10:09:56 -0500] "GET /sipse/faces/javax.faces.resource/jquery/jquery-plugins.js?ln=primefaces&v=4.0 HTTP/1.1" 304 -
201.245.192.253 - - [28/Feb/2023:10:09:56 -0500] "GET /sipse/faces/javax.faces.resource/primefaces.js?ln=primefaces&v=4.0 HTTP/1.1" 304 -
201.245.192.253 - - [28/Feb/2023:10:09:56 -0500] "GET /sipse/faces/javax.faces.resource/layout/layout.js?ln=primefaces&v=4.0 HTTP/1.1" 304 -
186.119.110.16 - - [28/Feb/2023:10:09:56 -0500] "POST /sipse/faces/presentacion/financiero/solicitudProceso/listarSolicitudProceso.xhtml HTTP/1.1" 200 5261
201.245.192.253 - - [28/Feb/2023:10:09:56 -0500] "GET /sipse/css/imagen/contrasena.png HTTP/1.1" 404 383
201.245.192.253 - - [28/Feb/2023:10:09:56 -0500] "GET /sipse/imagenes/cargando.gif HTTP/1.1" 200 36959
201.245.192.253 - - [28/Feb/2023:10:09:56 -0500] "GET /sipse/imagenes/logoAplicacion.jpg HTTP/1.1" 200 155084
201.245.192.253 - - [28/Feb/2023:10:09:58 -0500] "GET /sipse/faces/javax.faces.resource/images/ui-bg_flat_0_2d5972_40x100.png?ln=primefaces-aristo HTTP/1.1" 200 183
201.245.192.253 - - [28/Feb/2023:10:09:58 -0500] "POST /sipse/faces/bienvenido.xhtml HTTP/1.1" 200 3843
186.119.110.16 - - [28/Feb/2023:10:09:58 -0500] "POST /sipse/faces/presentacion/financiero/solicitudProceso/listarSolicitudProceso.xhtml HTTP/1.1" 200 14219
186.119.110.16 - - [28/Feb/2023:10:09:59 -0500] "POST /sipse/faces/presentacion/financiero/solicitudProceso/listarSolicitudProceso.xhtml HTTP/1.1" 200 14211
186.86.32.196 - - [28/Feb/2023:10:09:59 -0500] "POST /sipse/faces/presentacion/financiero/solicitudProceso/consultar.xhtml HTTP/1.1" 200 13070
186.119.110.16 - - [28/Feb/2023:10:10:00 -0500] "POST /sipse/faces/presentacion/financiero/solicitudProceso/listarSolicitudProceso.xhtml HTTP/1.1" 200 8274
201.245.192.253 - - [28/Feb/2023:10:10:00 -0500] "POST /sipse/faces/bienvenido.xhtml HTTP/1.1" 200 38549
201.245.192.253 - - [28/Feb/2023:10:10:01 -0500] "GET /sipse/faces/javax.faces.resource/jquery/jquery.js?ln=primefaces&v=4.0 HTTP/1.1" 304 -
201.245.192.253 - - [28/Feb/2023:10:10:01 -0500] "GET /sipse/faces/javax.faces.resource/jquery/jquery-plugins.js?ln=primefaces&v=4.0 HTTP/1.1" 304 -
201.245.192.253 - - [28/Feb/2023:10:10:01 -0500] "GET /sipse/faces/javax.faces.resource/primefaces.js?ln=primefaces&v=4.0 HTTP/1.1" 304 -
201.245.192.253 - - [28/Feb/2023:10:10:01 -0500] "GET /sipse/faces/javax.faces.resource/layout/layout.js?ln=primefaces&v=4.0 HTTP/1.1" 304 -
201.245.192.253 - - [28/Feb/2023:10:10:01 -0500] "POST /sipse/faces/presentacion/financiero/solicitudProceso/listarSolicitudProceso.xhtml HTTP/1.1" 200 1396
201.245.192.253 - - [28/Feb/2023:10:10:11 -0500] "POST /sipse/faces/presentacion/financiero/solicitudProceso/listarSolicitudProceso.xhtml HTTP/1.1" 200 184
201.245.192.253 - - [28/Feb/2023:10:10:11 -0500] "POST /sipse/faces/presentacion/financiero/solicitudProceso/listarSolicitudProceso.xhtml HTTP/1.1" 200 184
201.245.192.253 - - [28/Feb/2023:10:10:11 -0500] "GET /sipse/faces/presentacion/financiero/solicitudAnulacion/solicitudAnulacion.xhtml HTTP/1.1" 200 26157
201.245.192.253 - - [28/Feb/2023:10:10:11 -0500] "GET /sipse/faces/presentacion/financiero/solicitudAnulacion/solicitudAnulacion.xhtml HTTP/1.1" 200 34052
201.245.192.253 - - [28/Feb/2023:10:10:11 -0500] "GET /sipse/faces/javax.faces.resource/theme.css?ln=primefaces-sipse HTTP/1.1" 304 -
201.245.192.253 - - [28/Feb/2023:10:10:11 -0500] "GET /sipse/faces/javax.faces.resource/primefaces.css?ln=primefaces&v=4.0 HTTP/1.1" 304 -
201.245.192.253 - - [28/Feb/2023:10:10:11 -0500] "GET /sipse/faces/javax.faces.resource/layout/layout.css?ln=primefaces&v=4.0 HTTP/1.1" 304 -
201.245.192.253 - - [28/Feb/2023:10:10:11 -0500] "GET /sipse/faces/javax.faces.resource/jquery/jquery-plugins.js?ln=primefaces&v=4.0 HTTP/1.1" 304 -
201.245.192.253 - - [28/Feb/2023:10:10:11 -0500] "GET /sipse/faces/javax.faces.resource/jquery/jquery.js?ln=primefaces&v=4.0 HTTP/1.1" 304 -
201.245.192.253 - - [28/Feb/2023:10:10:11 -0500] "GET /sipse/faces/javax.faces.resource/primefaces.js?ln=primefaces&v=4.0 HTTP/1.1" 304 -
201.245.192.253 - - [28/Feb/2023:10:10:11 -0500] "GET /sipse/faces/javax.faces.resource/layout/layout.js?ln=primefaces&v=4.0 HTTP/1.1" 304 -
201.245.192.253 - - [28/Feb/2023:10:10:12 -0500] "GET /sipse/faces/javax.faces.resource/images/ui-icons_898989_256x240.png?ln=primefaces-aristo HTTP/1.1" 304 -
201.245.192.253 - - [28/Feb/2023:10:10:12 -0500] "GET /sipse/faces/javax.faces.resource/images/ui-bg_flat_0_2d5972_40x100.png?ln=primefaces-aristo HTTP/1.1" 304 -
201.245.192.253 - - [28/Feb/2023:10:10:12 -0500] "POST /sipse/faces/presentacion/financiero/solicitudAnulacion/solicitudAnulacion.xhtml HTTP/1.1" 200 10464
201.245.192.253 - - [28/Feb/2023:10:10:12 -0500] "GET /sipse/faces/javax.faces.resource/messages/messages.png?ln=primefaces&v=4.0 HTTP/1.1" 304 -
201.245.192.253 - - [28/Feb/2023:10:10:13 -0500] "POST /sipse/faces/presentacion/financiero/solicitudAnulacion/solicitudAnulacion.xhtml HTTP/1.1" 200 33171
201.245.192.253 - - [28/Feb/2023:10:10:14 -0500] "GET /sipse/faces/javax.faces.resource/jquery/jquery.js?ln=primefaces&v=4.0 HTTP/1.1" 304 -
201.245.192.253 - - [28/Feb/2023:10:10:14 -0500] "GET /sipse/faces/javax.faces.resource/jquery/jquery-plugins.js?ln=primefaces&v=4.0 HTTP/1.1" 304 -
201.245.192.253 - - [28/Feb/2023:10:10:14 -0500] "GET /sipse/faces/javax.faces.resource/primefaces.js?ln=primefaces&v=4.0 HTTP/1.1" 304 -
201.245.192.253 - - [28/Feb/2023:10:10:14 -0500] "GET /sipse/faces/javax.faces.resource/layout/layout.js?ln=primefaces&v=4.0 HTTP/1.1" 304 -
186.119.110.16 - - [28/Feb/2023:10:10:14 -0500] "POST /sipse/faces/presentacion/financiero/solicitudProceso/listarSolicitudProceso.xhtml HTTP/1.1" 200 5261
201.245.192.253 - - [28/Feb/2023:10:10:17 -0500] "GET /sipsepre/faces/faces/index.xhtml HTTP/1.1" 200 680
201.245.192.253 - - [28/Feb/2023:10:10:17 -0500] "GET /sipsepre/faces/javax.faces.resource/theme.css?ln=primefaces-sipse HTTP/1.1" 304 -
201.245.192.253 - - [28/Feb/2023:10:10:17 -0500] "GET /sipsepre/faces/faces/faces/autenticacion.xhtml HTTP/1.1" 200 12208
201.245.192.253 - - [28/Feb/2023:10:10:17 -0500] "GET /sipsepre/faces/javax.faces.resource/theme.css?ln=primefaces-sipse HTTP/1.1" 304 -
201.245.192.253 - - [28/Feb/2023:10:10:17 -0500] "GET /sipsepre/css/custom_css_sg_prime_login.css HTTP/1.1" 200 443
201.245.192.253 - - [28/Feb/2023:10:10:17 -0500] "GET /sipsepre/css/custom_css_sg.css HTTP/1.1" 200 9694
201.245.192.253 - - [28/Feb/2023:10:10:17 -0500] "GET /sipsepre/faces/javax.faces.resource/primefaces.css?ln=primefaces&v=4.0 HTTP/1.1" 304 -
201.245.192.253 - - [28/Feb/2023:10:10:17 -0500] "GET /sipsepre/faces/javax.faces.resource/jquery/jquery.js?ln=primefaces&v=4.0 HTTP/1.1" 304 -
201.245.192.253 - - [28/Feb/2023:10:10:17 -0500] "GET /sipsepre/faces/javax.faces.resource/layout/layout.css?ln=primefaces&v=4.0 HTTP/1.1" 200 542
201.245.192.253 - - [28/Feb/2023:10:10:17 -0500] "GET /sipsepre/js/disable_browser_buttons.js HTTP/1.1" 200 3230
201.245.192.253 - - [28/Feb/2023:10:10:17 -0500] "GET /sipsepre/faces/javax.faces.resource/jquery/jquery-plugins.js?ln=primefaces&v=4.0 HTTP/1.1" 304 -
201.245.192.253 - - [28/Feb/2023:10:10:17 -0500] "GET /sipsepre/js/funciones.js HTTP/1.1" 200 12592
201.245.192.253 - - [28/Feb/2023:10:10:17 -0500] "GET /sipsepre/faces/javax.faces.resource/primefaces.js?ln=primefaces&v=4.0 HTTP/1.1" 304 -
201.245.192.253 - - [28/Feb/2023:10:10:17 -0500] "GET /sipsepre/faces/javax.faces.resource/layout/layout.js?ln=primefaces&v=4.0 HTTP/1.1" 304 -
201.245.192.253 - - [28/Feb/2023:10:10:20 -0500] "GET /sipsepre/css/imagen/loginimg.png HTTP/1.1" 200 71635
201.245.192.253 - - [28/Feb/2023:10:10:20 -0500] "GET /sipsepre/faces/javax.faces.resource/images/ui-icons_898989_256x240.png?ln=primefaces-aristo HTTP/1.1" 200 5355
201.245.192.253 - - [28/Feb/2023:10:10:20 -0500] "GET /sipsepre/css/imagen/logoSDG.png HTTP/1.1" 200 53064
186.119.110.16 - - [28/Feb/2023:10:10:20 -0500] "POST /sipse/faces/presentacion/financiero/solicitudProceso/listarSolicitudProceso.xhtml HTTP/1.1" 200 8087
191.156.189.251 - - [28/Feb/2023:10:10:23 -0500] "POST /sipse/faces/presentacion/financiero/solicitudProceso/listarSolicitudProceso.xhtml HTTP/1.1" 200 7242
201.245.192.253 - - [28/Feb/2023:10:10:25 -0500] "POST /sipsepre/faces/autenticacion.xhtml HTTP/1.1" 200 12070
201.245.192.253 - - [28/Feb/2023:10:10:25 -0500] "GET /sipsepre/faces/javax.faces.resource/jquery/jquery.js?ln=primefaces&v=4.0 HTTP/1.1" 304 -
201.245.192.253 - - [28/Feb/2023:10:10:25 -0500] "GET /sipsepre/css/custom_css_sg_prime.css HTTP/1.1" 200 5201
201.245.192.253 - - [28/Feb/2023:10:10:25 -0500] "GET /sipsepre/faces/javax.faces.resource/jquery/jquery-plugins.js?ln=primefaces&v=4.0 HTTP/1.1" 304 -
201.245.192.253 - - [28/Feb/2023:10:10:25 -0500] "GET /sipsepre/faces/javax.faces.resource/primefaces.js?ln=primefaces&v=4.0 HTTP/1.1" 304 -
201.245.192.253 - - [28/Feb/2023:10:10:25 -0500] "GET /sipsepre/faces/javax.faces.resource/layout/layout.js?ln=primefaces&v=4.0 HTTP/1.1" 304 -
201.245.192.253 - - [28/Feb/2023:10:10:25 -0500] "GET /sipsepre/faces/javax.faces.resource/messages/messages.png?ln=primefaces&v=4.0 HTTP/1.1" 304 -
191.156.62.255 - - [28/Feb/2023:10:10:24 -0500] "POST /sipse/faces/presentacion/financiero/solicitudProceso/listarSolicitudProceso.xhtml HTTP/1.1" 200 33033
191.156.62.255 - - [28/Feb/2023:10:10:27 -0500] "POST /sipse/faces/presentacion/financiero/solicitudProceso/listarSolicitudProceso.xhtml HTTP/1.1" 200 33033
186.119.110.16 - - [28/Feb/2023:10:10:27 -0500] "POST /sipse/faces/presentacion/financiero/solicitudProceso/listarSolicitudProceso.xhtml HTTP/1.1" 200 8125
191.156.62.255 - - [28/Feb/2023:10:10:28 -0500] "POST /sipse/faces/presentacion/financiero/solicitudProceso/listarSolicitudProceso.xhtml HTTP/1.1" 200 1416
191.156.62.255 - - [28/Feb/2023:10:10:28 -0500] "POST /sipse/faces/presentacion/financiero/solicitudProceso/listarSolicitudProceso.xhtml HTTP/1.1" 200 1424
191.156.62.255 - - [28/Feb/2023:10:10:29 -0500] "POST /sipse/faces/presentacion/financiero/solicitudProceso/listarSolicitudProceso.xhtml HTTP/1.1" 200 2721
186.86.32.196 - - [28/Feb/2023:10:10:31 -0500] "POST /sipse/faces/presentacion/financiero/solicitudProceso/consultar.xhtml HTTP/1.1" 200 12877
191.156.62.255 - - [28/Feb/2023:10:10:32 -0500] "POST /sipse/faces/presentacion/financiero/solicitudProceso/listarSolicitudProceso.xhtml HTTP/1.1" 200 41309
191.156.62.255 - - [28/Feb/2023:10:10:32 -0500] "GET /sipse/faces/javax.faces.resource/theme.css?ln=primefaces-sipse HTTP/1.1" 304 -
191.156.59.225 - - [28/Feb/2023:10:10:32 -0500] "GET /sipse/faces/javax.faces.resource/jquery/jquery.js?ln=primefaces&v=4.0 HTTP/1.1" 304 -
191.156.62.255 - - [28/Feb/2023:10:10:32 -0500] "GET /sipse/faces/javax.faces.resource/layout/layout.css?ln=primefaces&v=4.0 HTTP/1.1" 304 -
191.156.59.225 - - [28/Feb/2023:10:10:32 -0500] "GET /sipse/faces/javax.faces.resource/primefaces.css?ln=primefaces&v=4.0 HTTP/1.1" 304 -
191.156.59.225 - - [28/Feb/2023:10:10:32 -0500] "GET /sipse/faces/javax.faces.resource/jquery/jquery-plugins.js?ln=primefaces&v=4.0 HTTP/1.1" 304 -
191.156.59.225 - - [28/Feb/2023:10:10:33 -0500] "GET /sipse/faces/javax.faces.resource/primefaces.js?ln=primefaces&v=4.0 HTTP/1.1" 304 -
191.156.59.225 - - [28/Feb/2023:10:10:33 -0500] "GET /sipse/faces/javax.faces.resource/layout/layout.js?ln=primefaces&v=4.0 HTTP/1.1" 304 -
186.119.110.16 - - [28/Feb/2023:10:10:33 -0500] "POST /sipse/faces/presentacion/financiero/solicitudProceso/listarSolicitudProceso.xhtml HTTP/1.1" 200 5265
191.156.59.225 - - [28/Feb/2023:10:10:33 -0500] "POST /sipse/faces/presentacion/financiero/solicitudProceso/consultar.xhtml HTTP/1.1" 200 34734
186.30.116.46 - - [28/Feb/2023:10:10:34 -0500] "GET /sipse/faces/javax.faces.resource/theme.css?ln=primefaces-sipse HTTP/1.1" 304 -
186.30.116.46 - - [28/Feb/2023:10:10:34 -0500] "GET /sipse/faces/javax.faces.resource/primefaces.css?ln=primefaces&v=4.0 HTTP/1.1" 304 -
186.30.116.46 - - [28/Feb/2023:10:10:34 -0500] "GET /sipse/faces/javax.faces.resource/jquery/jquery.js?ln=primefaces&v=4.0 HTTP/1.1" 304 -
186.30.116.46 - - [28/Feb/2023:10:10:34 -0500] "GET /sipse/faces/javax.faces.resource/layout/layout.css?ln=primefaces&v=4.0 HTTP/1.1" 304 -
186.30.116.46 - - [28/Feb/2023:10:10:34 -0500] "GET /sipse/faces/javax.faces.resource/jquery/jquery-plugins.js?ln=primefaces&v=4.0 HTTP/1.1" 304 -
186.30.116.46 - - [28/Feb/2023:10:10:34 -0500] "GET /sipse/faces/javax.faces.resource/primefaces.js?ln=primefaces&v=4.0 HTTP/1.1" 304 -
186.30.116.46 - - [28/Feb/2023:10:10:34 -0500] "GET /sipse/faces/javax.faces.resource/layout/layout.js?ln=primefaces&v=4.0 HTTP/1.1" 304 -
186.30.116.46 - - [28/Feb/2023:10:10:33 -0500] "POST /sipse/faces/presentacion/financiero/solicitudProceso/consultarSolicitudProceso.xhtml HTTP/1.1" 200 41325
186.30.116.46 - - [28/Feb/2023:10:10:34 -0500] "GET /sipse/faces/javax.faces.resource/images/ui-icons_898989_256x240.png?ln=primefaces-aristo HTTP/1.1" 304 -
186.30.116.46 - - [28/Feb/2023:10:10:34 -0500] "GET /sipse/css/imagen/contrasena.png HTTP/1.1" 404 383
186.28.79.166 - - [28/Feb/2023:10:10:35 -0500] "POST /sipse/faces/presentacion/financiero/solicitudProceso/consultarSolicitudProceso.xhtml HTTP/1.1" 200 155053
172.22.2.4 - - [28/Feb/2023:10:10:40 -0500] "GET /BLA/boletinlegal/style.css HTTP/1.1" 200 9406
172.22.2.4 - - [28/Feb/2023:10:10:40 -0500] "GET /BLA/boletinlegal/styles2.css HTTP/1.1" 200 1838
172.22.2.4 - - [28/Feb/2023:10:10:41 -0500] "GET /BLA/boletinlegal/js/jquery.scrollTo-min.js HTTP/1.1" 200 1150
172.22.2.4 - - [28/Feb/2023:10:10:41 -0500] "GET /BLA/boletinlegal/js/jquery.scrollShow.js HTTP/1.1" 200 4586
172.22.2.4 - - [28/Feb/2023:10:10:41 -0500] "GET /BLA/boletinlegal/js/jquery.js HTTP/1.1" 200 57254
186.119.110.16 - - [28/Feb/2023:10:10:40 -0500] "POST /sipse/faces/presentacion/financiero/solicitudProceso/listarSolicitudProceso.xhtml HTTP/1.1" 200 5261
172.22.2.4 - - [28/Feb/2023:10:10:41 -0500] "GET /BLA/boletinlegal/images/subscribe-icon-big.png HTTP/1.1" 200 47702
172.22.2.4 - - [28/Feb/2023:10:10:41 -0500] "GET /BLA/boletinlegal/images/cabezote%20BLEGAL.jpg HTTP/1.1" 200 118164
172.22.2.4 - - [28/Feb/2023:10:10:41 -0500] "GET /BLA/boletinlegal/images/registro-usuarios.png HTTP/1.1" 200 8106
172.22.2.4 - - [28/Feb/2023:10:10:41 -0500] "GET /BLA/boletinlegal/images/historia.png HTTP/1.1" 200 52775
172.22.2.4 - - [28/Feb/2023:10:10:41 -0500] "GET /BLA/boletinlegal/images/arr_l.jpg HTTP/1.1" 200 1979
172.22.2.4 - - [28/Feb/2023:10:10:41 -0500] "GET /BLA/boletinlegal/images/screen_1.png HTTP/1.1" 200 202547
172.22.2.4 - - [28/Feb/2023:10:10:41 -0500] "GET /BLA/boletinlegal/images/launch.jpg HTTP/1.1" 200 14577
172.22.2.4 - - [28/Feb/2023:10:10:41 -0500] "GET /BLA/boletinlegal/images/body_bg.jpg HTTP/1.1" 200 1601
172.22.2.4 - - [28/Feb/2023:10:10:41 -0500] "GET /BLA/boletinlegal/images/menu_lft.gif HTTP/1.1" 200 1713
172.22.2.4 - - [28/Feb/2023:10:10:41 -0500] "GET /BLA/boletinlegal/images/menu_rght.gif HTTP/1.1" 200 1627
172.22.2.4 - - [28/Feb/2023:10:10:41 -0500] "GET /BLA/boletinlegal/images/bg_top.jpg HTTP/1.1" 200 522
172.22.2.4 - - [28/Feb/2023:10:10:41 -0500] "GET /BLA/boletinlegal/images/hover.jpg HTTP/1.1" 200 640
172.22.2.4 - - [28/Feb/2023:10:10:41 -0500] "GET /BLA/boletinlegal/images/menu_bg.jpg HTTP/1.1" 200 620
172.22.2.4 - - [28/Feb/2023:10:10:41 -0500] "GET /BLA/boletinlegal/images/text.jpg HTTP/1.1" 200 568
201.245.192.253 - - [28/Feb/2023:10:10:44 -0500] "POST /sipsepre/faces/presentacion/sistema/seguridad/seleccionRol.xhtml HTTP/1.1" 200 6406
201.245.192.253 - - [28/Feb/2023:10:10:44 -0500] "POST /sipsepre/faces/presentacion/sistema/seguridad/seleccionRol.xhtml HTTP/1.1" 200 18852
201.245.192.253 - - [28/Feb/2023:10:10:45 -0500] "GET /sipsepre/js/jquery.min.js HTTP/1.1" 200 85582
201.245.192.253 - - [28/Feb/2023:10:10:45 -0500] "GET /sipsepre/faces/javax.faces.resource/jquery/jquery.js?ln=primefaces&v=4.0 HTTP/1.1" 304 -
201.245.192.253 - - [28/Feb/2023:10:10:45 -0500] "GET /sipsepre/faces/javax.faces.resource/jquery/jquery-plugins.js?ln=primefaces&v=4.0 HTTP/1.1" 304 -
201.245.192.253 - - [28/Feb/2023:10:10:45 -0500] "GET /sipsepre/faces/javax.faces.resource/primefaces.js?ln=primefaces&v=4.0 HTTP/1.1" 304 -
201.245.192.253 - - [28/Feb/2023:10:10:45 -0500] "GET /sipsepre/faces/javax.faces.resource/layout/layout.js?ln=primefaces&v=4.0 HTTP/1.1" 304 -
201.245.192.253 - - [28/Feb/2023:10:10:45 -0500] "GET /sipsepre/css/imagen/contrasena.png HTTP/1.1" 404 383
201.245.192.253 - - [28/Feb/2023:10:10:45 -0500] "GET /sipsepre/imagenes/cargando.gif HTTP/1.1" 200 36959
201.245.192.253 - - [28/Feb/2023:10:10:45 -0500] "GET /sipsepre/imagenes/logoAplicacion.jpg HTTP/1.1" 200 155084
172.22.2.4 - - [28/Feb/2023:10:10:46 -0500] "GET /BLA/boletinlegal/images/screen_2.png HTTP/1.1" 200 362502
172.22.2.4 - - [28/Feb/2023:10:10:46 -0500] "GET /BLA/boletinlegal/images/screen_3.png HTTP/1.1" 200 210620
172.22.2.4 - - [28/Feb/2023:10:10:46 -0500] "GET /BLA/boletinlegal/images/screen_5.png HTTP/1.1" 200 368876
172.22.2.4 - - [28/Feb/2023:10:10:46 -0500] "GET /BLA/boletinlegal/images/arr_r.jpg HTTP/1.1" 200 1998
172.22.2.4 - - [28/Feb/2023:10:10:46 -0500] "GET /BLA/boletinlegal/images/footer_bg.jpg HTTP/1.1" 200 586
