201.245.192.253 - - [28/Feb/2023:10:21:23 -0500] "GET /sipse/faces/javax.faces.resource/primefaces.css?ln=primefaces&v=4.0 HTTP/1.1" 304 -
201.245.192.253 - - [28/Feb/2023:10:21:23 -0500] "GET /sipse/faces/javax.faces.resource/jquery/jquery-plugins.js?ln=primefaces&v=4.0 HTTP/1.1" 304 -
201.245.192.253 - - [28/Feb/2023:10:21:23 -0500] "GET /sipse/faces/javax.faces.resource/jquery/jquery.js?ln=primefaces&v=4.0 HTTP/1.1" 304 -
201.245.192.253 - - [28/Feb/2023:10:21:23 -0500] "GET /sipse/faces/javax.faces.resource/layout/layout.css?ln=primefaces&v=4.0 HTTP/1.1" 304 -
201.245.192.253 - - [28/Feb/2023:10:21:23 -0500] "GET /sipse/faces/javax.faces.resource/primefaces.js?ln=primefaces&v=4.0 HTTP/1.1" 304 -
201.245.192.253 - - [28/Feb/2023:10:21:23 -0500] "GET /sipse/faces/javax.faces.resource/layout/layout.js?ln=primefaces&v=4.0 HTTP/1.1" 304 -
201.245.192.253 - - [28/Feb/2023:10:21:23 -0500] "GET /sipse/faces/javax.faces.resource/images/ui-icons_898989_256x240.png?ln=primefaces-aristo HTTP/1.1" 304 -
201.245.192.253 - - [28/Feb/2023:10:21:25 -0500] "POST /sipse/faces/presentacion/financiero/solicitudProceso/registrarAnotacion.xhtml HTTP/1.1" 200 172709
201.245.192.253 - - [28/Feb/2023:10:21:25 -0500] "GET /sipse/faces/javax.faces.resource/theme.css?ln=primefaces-sipse HTTP/1.1" 304 -
201.245.192.253 - - [28/Feb/2023:10:21:25 -0500] "GET /sipse/faces/javax.faces.resource/primefaces.css?ln=primefaces&v=4.0 HTTP/1.1" 304 -
201.245.192.253 - - [28/Feb/2023:10:21:25 -0500] "GET /sipse/faces/javax.faces.resource/layout/layout.css?ln=primefaces&v=4.0 HTTP/1.1" 304 -
201.245.192.253 - - [28/Feb/2023:10:21:25 -0500] "GET /sipse/faces/javax.faces.resource/jquery/jquery.js?ln=primefaces&v=4.0 HTTP/1.1" 304 -
201.245.192.253 - - [28/Feb/2023:10:21:25 -0500] "GET /sipse/faces/javax.faces.resource/jquery/jquery-plugins.js?ln=primefaces&v=4.0 HTTP/1.1" 304 -
201.245.192.253 - - [28/Feb/2023:10:21:25 -0500] "GET /sipse/faces/javax.faces.resource/primefaces.js?ln=primefaces&v=4.0 HTTP/1.1" 304 -
201.245.192.253 - - [28/Feb/2023:10:21:25 -0500] "GET /sipse/faces/javax.faces.resource/layout/layout.js?ln=primefaces&v=4.0 HTTP/1.1" 304 -
201.245.192.253 - - [28/Feb/2023:10:21:25 -0500] "GET /sipse/faces/javax.faces.resource/images/ui-icons_898989_256x240.png?ln=primefaces-aristo HTTP/1.1" 304 -
201.245.192.253 - - [28/Feb/2023:10:21:25 -0500] "GET /sipse/faces/javax.faces.resource/dynamiccontent.properties?ln=primefaces&pfdrid=XjOR5%2F%2FfPAZAuY9TpWQeCiM0BhlXxYRBGKi%2FQcXXfeA%3D&pfdrid_c=false HTTP/1.1" 500 383
186.30.116.46 - - [28/Feb/2023:10:21:28 -0500] "POST /sipse/faces/presentacion/financiero/solicitudProceso/consultar.xhtml HTTP/1.1" 200 12879
201.245.192.253 - - [28/Feb/2023:10:21:30 -0500] "GET /sipse/faces/javax.faces.resource/images/ui-bg_flat_0_2d5972_40x100.png?ln=primefaces-aristo HTTP/1.1" 304 -
201.245.192.253 - - [28/Feb/2023:10:21:30 -0500] "POST /sipse/faces/presentacion/financiero/solicitudProceso/consultarSolicitudProceso.xhtml HTTP/1.1" 200 5541
201.245.192.253 - - [28/Feb/2023:10:21:30 -0500] "GET /sipse/faces/javax.faces.resource/dynamiccontent.properties?ln=primefaces&pfdrid=XjOR5%2F%2FfPAZAuY9TpWQeCiM0BhlXxYRBGKi%2FQcXXfeA%3D&pfdrid_c=false HTTP/1.1" 200 165367
185.203.218.70 - - [28/Feb/2023:10:21:33 -0500] "-" 408 -
186.30.170.55 - - [28/Feb/2023:10:21:33 -0500] "GET /BLA/resoluciones/RESOLUCIONES%202022/5266.pdf HTTP/1.1" 200 482614
185.203.218.70 - - [28/Feb/2023:10:21:34 -0500] "-" 408 -
186.30.116.46 - - [28/Feb/2023:10:21:35 -0500] "POST /sipse/faces/presentacion/financiero/solicitudProceso/consultar.xhtml HTTP/1.1" 200 12882
185.203.218.70 - - [28/Feb/2023:10:21:37 -0500] "-" 408 -
181.237.50.72 - - [28/Feb/2023:10:21:37 -0500] "GET /distrito-declara-alerta-fase-i-en-suroccidente-de-bogota-por-altas-concentraciones-de-material-particulado.html HTTP/1.1" 200 883
201.245.192.253 - - [28/Feb/2023:10:21:40 -0500] "POST /sipse/faces/presentacion/financiero/solicitudProceso/consultarSolicitudProceso.xhtml HTTP/1.1" 200 5515
186.30.116.46 - - [28/Feb/2023:10:21:41 -0500] "POST /sipse/faces/presentacion/financiero/solicitudProceso/consultar.xhtml HTTP/1.1" 200 12927
186.30.116.46 - - [28/Feb/2023:10:21:47 -0500] "POST /sipse/faces/presentacion/financiero/solicitudProceso/consultar.xhtml HTTP/1.1" 200 12820
201.245.192.253 - - [28/Feb/2023:10:21:49 -0500] "POST /sipse/faces/presentacion/financiero/solicitudProceso/consultarSolicitudProceso.xhtml HTTP/1.1" 200 26610
201.245.192.253 - - [28/Feb/2023:10:21:49 -0500] "GET /sipse/faces/javax.faces.resource/theme.css?ln=primefaces-sipse HTTP/1.1" 304 -
201.245.192.253 - - [28/Feb/2023:10:21:49 -0500] "GET /sipse/faces/javax.faces.resource/primefaces.css?ln=primefaces&v=4.0 HTTP/1.1" 304 -
201.245.192.253 - - [28/Feb/2023:10:21:49 -0500] "GET /sipse/faces/javax.faces.resource/jquery/jquery.js?ln=primefaces&v=4.0 HTTP/1.1" 304 -
201.245.192.253 - - [28/Feb/2023:10:21:49 -0500] "GET /sipse/faces/javax.faces.resource/layout/layout.css?ln=primefaces&v=4.0 HTTP/1.1" 304 -
201.245.192.253 - - [28/Feb/2023:10:21:49 -0500] "GET /sipse/faces/javax.faces.resource/jquery/jquery-plugins.js?ln=primefaces&v=4.0 HTTP/1.1" 304 -
201.245.192.253 - - [28/Feb/2023:10:21:49 -0500] "GET /sipse/faces/javax.faces.resource/primefaces.js?ln=primefaces&v=4.0 HTTP/1.1" 304 -
201.245.192.253 - - [28/Feb/2023:10:21:49 -0500] "GET /sipse/faces/javax.faces.resource/layout/layout.js?ln=primefaces&v=4.0 HTTP/1.1" 304 -
201.245.192.253 - - [28/Feb/2023:10:21:49 -0500] "GET /sipse/faces/javax.faces.resource/images/ui-icons_898989_256x240.png?ln=primefaces-aristo HTTP/1.1" 304 -
186.30.116.46 - - [28/Feb/2023:10:21:54 -0500] "POST /sipse/faces/presentacion/financiero/solicitudProceso/consultar.xhtml HTTP/1.1" 200 12813
201.245.192.253 - - [28/Feb/2023:10:21:59 -0500] "GET /sipse/faces/javax.faces.resource/images/ui-bg_flat_0_2d5972_40x100.png?ln=primefaces-aristo HTTP/1.1" 304 -
201.245.192.253 - - [28/Feb/2023:10:21:59 -0500] "POST /sipse/faces/presentacion/financiero/solicitudProceso/registrarAnotacion.xhtml HTTP/1.1" 200 126941
201.245.192.253 - - [28/Feb/2023:10:21:59 -0500] "GET /sipse/faces/javax.faces.resource/jquery/jquery.js?ln=primefaces&v=4.0 HTTP/1.1" 304 -
201.245.192.253 - - [28/Feb/2023:10:21:59 -0500] "GET /sipse/faces/javax.faces.resource/jquery/jquery-plugins.js?ln=primefaces&v=4.0 HTTP/1.1" 304 -
201.245.192.253 - - [28/Feb/2023:10:21:59 -0500] "GET /sipse/faces/javax.faces.resource/primefaces.js?ln=primefaces&v=4.0 HTTP/1.1" 304 -
201.245.192.253 - - [28/Feb/2023:10:21:59 -0500] "GET /sipse/faces/javax.faces.resource/layout/layout.js?ln=primefaces&v=4.0 HTTP/1.1" 304 -
201.245.192.253 - - [28/Feb/2023:10:21:59 -0500] "POST /sipsepre/faces/presentacion/proyectos/proyecto/proyecto.xhtml HTTP/1.1" 200 25807
201.245.192.253 - - [28/Feb/2023:10:22:00 -0500] "GET /sipsepre/faces/javax.faces.resource/jquery/jquery.js?ln=primefaces&v=4.0 HTTP/1.1" 304 -
201.245.192.253 - - [28/Feb/2023:10:22:00 -0500] "GET /sipsepre/faces/javax.faces.resource/jquery/jquery-plugins.js?ln=primefaces&v=4.0 HTTP/1.1" 304 -
201.245.192.253 - - [28/Feb/2023:10:22:00 -0500] "GET /sipsepre/faces/javax.faces.resource/primefaces.js?ln=primefaces&v=4.0 HTTP/1.1" 304 -
201.245.192.253 - - [28/Feb/2023:10:22:00 -0500] "GET /sipsepre/faces/javax.faces.resource/layout/layout.js?ln=primefaces&v=4.0 HTTP/1.1" 304 -
186.30.116.46 - - [28/Feb/2023:10:22:00 -0500] "POST /sipse/faces/presentacion/financiero/solicitudProceso/consultar.xhtml HTTP/1.1" 200 12809
201.245.192.253 - - [28/Feb/2023:10:22:02 -0500] "POST /sipse/faces/presentacion/financiero/solicitudProceso/consultarSolicitudProceso.xhtml HTTP/1.1" 200 35931
201.245.192.253 - - [28/Feb/2023:10:22:05 -0500] "GET /sipse/faces/javax.faces.resource/jquery/jquery.js?ln=primefaces&v=4.0 HTTP/1.1" 304 -
201.245.192.253 - - [28/Feb/2023:10:22:05 -0500] "GET /sipse/faces/javax.faces.resource/jquery/jquery-plugins.js?ln=primefaces&v=4.0 HTTP/1.1" 304 -
201.245.192.253 - - [28/Feb/2023:10:22:05 -0500] "GET /sipse/faces/javax.faces.resource/primefaces.js?ln=primefaces&v=4.0 HTTP/1.1" 304 -
201.245.192.253 - - [28/Feb/2023:10:22:05 -0500] "GET /sipse/faces/javax.faces.resource/layout/layout.js?ln=primefaces&v=4.0 HTTP/1.1" 304 -
201.245.192.253 - - [28/Feb/2023:10:22:05 -0500] "GET /sipse/faces/javax.faces.resource/messages/messages.png?ln=primefaces&v=4.0 HTTP/1.1" 304 -
201.245.192.253 - - [28/Feb/2023:10:22:05 -0500] "POST /sipse/faces/presentacion/financiero/solicitudProceso/listarSolicitudProceso.xhtml HTTP/1.1" 200 1376
186.30.116.46 - - [28/Feb/2023:10:22:05 -0500] "POST /sipse/faces/presentacion/financiero/solicitudProceso/consultar.xhtml HTTP/1.1" 200 12813
201.245.192.253 - - [28/Feb/2023:10:22:06 -0500] "POST /sipse/faces/presentacion/financiero/solicitudProceso/listarSolicitudProceso.xhtml HTTP/1.1" 200 184
201.245.192.253 - - [28/Feb/2023:10:22:06 -0500] "POST /sipse/faces/presentacion/financiero/solicitudProceso/listarSolicitudProceso.xhtml HTTP/1.1" 200 184
201.245.192.253 - - [28/Feb/2023:10:22:06 -0500] "POST /sipse/faces/presentacion/financiero/solicitudProceso/listarSolicitudProceso.xhtml HTTP/1.1" 200 184
201.245.192.253 - - [28/Feb/2023:10:22:06 -0500] "GET /sipse/faces/presentacion/financiero/solicitudAnulacion/solicitudAnulacion.xhtml HTTP/1.1" 200 15757
201.245.192.253 - - [28/Feb/2023:10:22:06 -0500] "GET /sipse/faces/presentacion/financiero/solicitudAnulacion/solicitudAnulacion.xhtml HTTP/1.1" 200 12285
201.245.192.253 - - [28/Feb/2023:10:22:06 -0500] "GET /sipse/faces/presentacion/financiero/solicitudAnulacion/solicitudAnulacion.xhtml HTTP/1.1" 200 34052
201.245.192.253 - - [28/Feb/2023:10:22:06 -0500] "GET /sipse/faces/javax.faces.resource/theme.css?ln=primefaces-sipse HTTP/1.1" 304 -
201.245.192.253 - - [28/Feb/2023:10:22:06 -0500] "GET /sipse/faces/javax.faces.resource/layout/layout.css?ln=primefaces&v=4.0 HTTP/1.1" 304 -
201.245.192.253 - - [28/Feb/2023:10:22:06 -0500] "GET /sipse/faces/javax.faces.resource/primefaces.css?ln=primefaces&v=4.0 HTTP/1.1" 304 -
201.245.192.253 - - [28/Feb/2023:10:22:06 -0500] "GET /sipse/faces/javax.faces.resource/jquery/jquery.js?ln=primefaces&v=4.0 HTTP/1.1" 304 -
201.245.192.253 - - [28/Feb/2023:10:22:06 -0500] "GET /sipse/faces/javax.faces.resource/jquery/jquery-plugins.js?ln=primefaces&v=4.0 HTTP/1.1" 304 -
201.245.192.253 - - [28/Feb/2023:10:22:06 -0500] "GET /sipse/faces/javax.faces.resource/primefaces.js?ln=primefaces&v=4.0 HTTP/1.1" 304 -
201.245.192.253 - - [28/Feb/2023:10:22:06 -0500] "GET /sipse/faces/javax.faces.resource/layout/layout.js?ln=primefaces&v=4.0 HTTP/1.1" 304 -
201.245.192.253 - - [28/Feb/2023:10:22:06 -0500] "GET /sipse/faces/javax.faces.resource/images/ui-icons_898989_256x240.png?ln=primefaces-aristo HTTP/1.1" 304 -
201.245.192.253 - - [28/Feb/2023:10:22:06 -0500] "GET /sipse/faces/javax.faces.resource/images/ui-bg_flat_0_2d5972_40x100.png?ln=primefaces-aristo HTTP/1.1" 304 -
201.245.192.253 - - [28/Feb/2023:10:22:06 -0500] "POST /sipse/faces/presentacion/financiero/solicitudAnulacion/solicitudAnulacion.xhtml HTTP/1.1" 200 10464
201.245.192.253 - - [28/Feb/2023:10:22:06 -0500] "GET /sipse/faces/javax.faces.resource/messages/messages.png?ln=primefaces&v=4.0 HTTP/1.1" 304 -
201.245.192.253 - - [28/Feb/2023:10:22:08 -0500] "POST /sipse/faces/presentacion/financiero/solicitudAnulacion/solicitudAnulacion.xhtml HTTP/1.1" 200 30237
201.245.192.253 - - [28/Feb/2023:10:22:08 -0500] "GET /sipse/faces/javax.faces.resource/jquery/jquery.js?ln=primefaces&v=4.0 HTTP/1.1" 304 -
201.245.192.253 - - [28/Feb/2023:10:22:08 -0500] "GET /sipse/faces/javax.faces.resource/jquery/jquery-plugins.js?ln=primefaces&v=4.0 HTTP/1.1" 304 -
201.245.192.253 - - [28/Feb/2023:10:22:08 -0500] "GET /sipse/faces/javax.faces.resource/primefaces.js?ln=primefaces&v=4.0 HTTP/1.1" 304 -
201.245.192.253 - - [28/Feb/2023:10:22:08 -0500] "GET /sipse/faces/javax.faces.resource/layout/layout.js?ln=primefaces&v=4.0 HTTP/1.1" 304 -
201.245.192.253 - - [28/Feb/2023:10:22:09 -0500] "POST /sipse/faces/presentacion/financiero/solicitudProceso/solicitudProcesoOtrosPagos.xhtml HTTP/1.1" 200 35434
201.245.192.253 - - [28/Feb/2023:10:22:09 -0500] "GET /sipse/faces/javax.faces.resource/jquery/jquery.js?ln=primefaces&v=4.0 HTTP/1.1" 304 -
201.245.192.253 - - [28/Feb/2023:10:22:09 -0500] "GET /sipse/faces/javax.faces.resource/jquery/jquery-plugins.js?ln=primefaces&v=4.0 HTTP/1.1" 304 -
201.245.192.253 - - [28/Feb/2023:10:22:09 -0500] "GET /sipse/faces/javax.faces.resource/primefaces.js?ln=primefaces&v=4.0 HTTP/1.1" 304 -
201.245.192.253 - - [28/Feb/2023:10:22:09 -0500] "GET /sipse/faces/javax.faces.resource/layout/layout.js?ln=primefaces&v=4.0 HTTP/1.1" 304 -
201.245.192.253 - - [28/Feb/2023:10:22:10 -0500] "POST /sipse/faces/presentacion/financiero/solicitudProceso/listarSolicitudProceso.xhtml HTTP/1.1" 200 28833
201.245.192.253 - - [28/Feb/2023:10:22:10 -0500] "POST /sipse/faces/presentacion/financiero/solicitudProceso/listarSolicitudProceso.xhtml HTTP/1.1" 200 1376
201.245.192.253 - - [28/Feb/2023:10:22:10 -0500] "POST /sipse/faces/presentacion/financiero/solicitudProceso/listarSolicitudProceso.xhtml HTTP/1.1" 200 1380
201.245.192.253 - - [28/Feb/2023:10:22:11 -0500] "POST /sipse/faces/presentacion/financiero/solicitudProceso/listarSolicitudProceso.xhtml HTTP/1.1" 200 184
201.245.192.253 - - [28/Feb/2023:10:22:11 -0500] "POST /sipse/faces/presentacion/financiero/solicitudProceso/listarSolicitudProceso.xhtml HTTP/1.1" 200 184
201.245.192.253 - - [28/Feb/2023:10:22:11 -0500] "POST /sipse/faces/presentacion/financiero/solicitudProceso/listarSolicitudProceso.xhtml HTTP/1.1" 200 184
201.245.192.253 - - [28/Feb/2023:10:22:11 -0500] "GET /sipse/faces/presentacion/financiero/solicitudAnulacion/solicitudAnulacion.xhtml HTTP/1.1" 200 15757
201.245.192.253 - - [28/Feb/2023:10:22:11 -0500] "GET /sipse/faces/presentacion/financiero/solicitudAnulacion/solicitudAnulacion.xhtml HTTP/1.1" 200 12285
186.30.116.46 - - [28/Feb/2023:10:22:11 -0500] "POST /sipse/faces/presentacion/financiero/solicitudProceso/consultar.xhtml HTTP/1.1" 200 12807
201.245.192.253 - - [28/Feb/2023:10:22:11 -0500] "GET /sipse/faces/presentacion/financiero/solicitudAnulacion/solicitudAnulacion.xhtml HTTP/1.1" 200 34052
201.245.192.253 - - [28/Feb/2023:10:22:11 -0500] "GET /sipse/faces/javax.faces.resource/primefaces.css?ln=primefaces&v=4.0 HTTP/1.1" 304 -
201.245.192.253 - - [28/Feb/2023:10:22:11 -0500] "GET /sipse/faces/javax.faces.resource/theme.css?ln=primefaces-sipse HTTP/1.1" 304 -
201.245.192.253 - - [28/Feb/2023:10:22:11 -0500] "GET /sipse/faces/javax.faces.resource/layout/layout.css?ln=primefaces&v=4.0 HTTP/1.1" 304 -
201.245.192.253 - - [28/Feb/2023:10:22:11 -0500] "GET /sipse/faces/javax.faces.resource/jquery/jquery.js?ln=primefaces&v=4.0 HTTP/1.1" 304 -
201.245.192.253 - - [28/Feb/2023:10:22:11 -0500] "GET /sipse/faces/javax.faces.resource/jquery/jquery-plugins.js?ln=primefaces&v=4.0 HTTP/1.1" 304 -
201.245.192.253 - - [28/Feb/2023:10:22:11 -0500] "GET /sipse/faces/javax.faces.resource/layout/layout.js?ln=primefaces&v=4.0 HTTP/1.1" 304 -
201.245.192.253 - - [28/Feb/2023:10:22:11 -0500] "GET /sipse/faces/javax.faces.resource/primefaces.js?ln=primefaces&v=4.0 HTTP/1.1" 304 -
201.245.192.253 - - [28/Feb/2023:10:22:11 -0500] "GET /sipse/faces/javax.faces.resource/images/ui-icons_898989_256x240.png?ln=primefaces-aristo HTTP/1.1" 304 -
201.245.192.253 - - [28/Feb/2023:10:22:11 -0500] "GET /sipse/faces/javax.faces.resource/images/ui-bg_flat_0_2d5972_40x100.png?ln=primefaces-aristo HTTP/1.1" 304 -
201.245.192.253 - - [28/Feb/2023:10:22:11 -0500] "POST /sipse/faces/presentacion/financiero/solicitudAnulacion/solicitudAnulacion.xhtml HTTP/1.1" 200 10464
201.245.192.253 - - [28/Feb/2023:10:22:11 -0500] "GET /sipse/faces/javax.faces.resource/messages/messages.png?ln=primefaces&v=4.0 HTTP/1.1" 304 -
201.245.192.253 - - [28/Feb/2023:10:22:12 -0500] "POST /sipse/faces/presentacion/financiero/solicitudAnulacion/solicitudAnulacion.xhtml HTTP/1.1" 200 28943
201.245.192.253 - - [28/Feb/2023:10:22:12 -0500] "GET /sipse/faces/javax.faces.resource/jquery/jquery.js?ln=primefaces&v=4.0 HTTP/1.1" 304 -
201.245.192.253 - - [28/Feb/2023:10:22:12 -0500] "GET /sipse/faces/javax.faces.resource/jquery/jquery-plugins.js?ln=primefaces&v=4.0 HTTP/1.1" 304 -
201.245.192.253 - - [28/Feb/2023:10:22:12 -0500] "GET /sipse/faces/javax.faces.resource/primefaces.js?ln=primefaces&v=4.0 HTTP/1.1" 304 -
201.245.192.253 - - [28/Feb/2023:10:22:13 -0500] "GET /sipse/faces/javax.faces.resource/layout/layout.js?ln=primefaces&v=4.0 HTTP/1.1" 304 -
201.245.192.253 - - [28/Feb/2023:10:22:14 -0500] "POST /sipse/faces/presentacion/financiero/ordenPago/consultarOrdenPago.xhtml HTTP/1.1" 200 30237
201.245.192.253 - - [28/Feb/2023:10:22:14 -0500] "GET /sipse/faces/javax.faces.resource/jquery/jquery.js?ln=primefaces&v=4.0 HTTP/1.1" 304 -
201.245.192.253 - - [28/Feb/2023:10:22:14 -0500] "GET /sipse/faces/javax.faces.resource/jquery/jquery-plugins.js?ln=primefaces&v=4.0 HTTP/1.1" 304 -
201.245.192.253 - - [28/Feb/2023:10:22:14 -0500] "GET /sipse/faces/javax.faces.resource/primefaces.js?ln=primefaces&v=4.0 HTTP/1.1" 304 -
201.245.192.253 - - [28/Feb/2023:10:22:14 -0500] "GET /sipse/faces/javax.faces.resource/layout/layout.js?ln=primefaces&v=4.0 HTTP/1.1" 304 -
201.245.192.253 - - [28/Feb/2023:10:22:14 -0500] "POST /sipse/faces/presentacion/financiero/solicitudProceso/solicitudProcesoOtrosPagos.xhtml HTTP/1.1" 200 23628
201.245.192.253 - - [28/Feb/2023:10:22:14 -0500] "POST /kwsrmcab/Wsrmcab  HTTP/1.1" 200 40824
186.30.116.46 - - [28/Feb/2023:10:22:16 -0500] "POST /sipse/faces/presentacion/financiero/solicitudProceso/consultar.xhtml HTTP/1.1" 200 12875
186.30.116.46 - - [28/Feb/2023:10:22:23 -0500] "POST /sipse/faces/presentacion/financiero/solicitudProceso/consultar.xhtml HTTP/1.1" 200 12882
201.245.192.253 - - [28/Feb/2023:10:22:23 -0500] "POST /sipsepre/faces/presentacion/proyectos/proyecto/proyectoAdministrador/editarAdministrador.xhtml HTTP/1.1" 200 9700
186.86.32.196 - - [28/Feb/2023:10:22:26 -0500] "POST /sipse/faces/presentacion/financiero/solicitudProceso/consultar.xhtml HTTP/1.1" 200 12955
186.30.116.46 - - [28/Feb/2023:10:22:31 -0500] "POST /sipse/faces/presentacion/financiero/solicitudProceso/consultar.xhtml HTTP/1.1" 200 12882
186.30.116.46 - - [28/Feb/2023:10:22:36 -0500] "POST /sipse/faces/presentacion/financiero/solicitudProceso/consultar.xhtml HTTP/1.1" 200 12884
201.245.192.253 - - [28/Feb/2023:10:22:40 -0500] "POST /sipsepre/faces/presentacion/proyectos/proyecto/proyectoAdministrador/editarAdministrador.xhtml HTTP/1.1" 200 2191
201.245.192.253 - - [28/Feb/2023:10:22:41 -0500] "POST /sipsepre/faces/presentacion/proyectos/proyecto/proyectoAdministrador/editarAdministrador.xhtml HTTP/1.1" 200 2044
172.22.2.4 - - [28/Feb/2023:10:21:02 -0500] "GET /BLA/boletinlegal/ HTTP/1.1" 200 61749
186.30.116.46 - - [28/Feb/2023:10:22:42 -0500] "POST /sipse/faces/presentacion/financiero/solicitudProceso/consultar.xhtml HTTP/1.1" 200 12809
201.245.192.253 - - [28/Feb/2023:10:22:43 -0500] "POST /sipsepre/faces/presentacion/proyectos/proyecto/proyectoAdministrador/editarAdministrador.xhtml HTTP/1.1" 200 2044
201.245.192.253 - - [28/Feb/2023:10:22:45 -0500] "POST /sipsepre/faces/presentacion/proyectos/proyecto/proyectoAdministrador/editarAdministrador.xhtml HTTP/1.1" 200 2048
201.245.192.253 - - [28/Feb/2023:10:22:46 -0500] "POST /sipsepre/faces/presentacion/proyectos/proyecto/proyectoAdministrador/editarAdministrador.xhtml HTTP/1.1" 200 2048
186.30.116.46 - - [28/Feb/2023:10:22:47 -0500] "POST /sipse/faces/presentacion/financiero/solicitudProceso/consultar.xhtml HTTP/1.1" 200 12809
201.245.192.253 - - [28/Feb/2023:10:22:50 -0500] "POST /sipsepre/faces/presentacion/proyectos/proyecto/proyectoAdministrador/editarAdministrador.xhtml HTTP/1.1" 200 2191
201.245.192.253 - - [28/Feb/2023:10:22:52 -0500] "POST /sipsepre/faces/presentacion/proyectos/proyecto/proyectoAdministrador/editarAdministrador.xhtml HTTP/1.1" 200 2044
186.30.116.46 - - [28/Feb/2023:10:22:53 -0500] "POST /sipse/faces/presentacion/financiero/solicitudProceso/consultar.xhtml HTTP/1.1" 200 12805
201.245.192.253 - - [28/Feb/2023:10:22:53 -0500] "POST /sipsepre/faces/presentacion/proyectos/proyecto/proyectoAdministrador/editarAdministrador.xhtml HTTP/1.1" 200 2762
186.86.32.196 - - [28/Feb/2023:10:22:54 -0500] "POST /sipse/faces/presentacion/financiero/solicitudProceso/consultar.xhtml HTTP/1.1" 200 12942
201.245.192.253 - - [28/Feb/2023:10:22:56 -0500] "POST /sipsepre/faces/presentacion/proyectos/proyecto/proyectoAdministrador/editarAdministrador.xhtml HTTP/1.1" 200 2221
201.245.192.253 - - [28/Feb/2023:10:22:57 -0500] "POST /sipsepre/faces/presentacion/proyectos/proyecto/proyectoAdministrador/editarAdministrador.xhtml HTTP/1.1" 200 2758
186.30.116.46 - - [28/Feb/2023:10:22:58 -0500] "POST /sipse/faces/presentacion/financiero/solicitudProceso/consultar.xhtml HTTP/1.1" 200 12816
201.245.192.253 - - [28/Feb/2023:10:22:58 -0500] "POST /sipsepre/faces/presentacion/proyectos/proyecto/proyectoAdministrador/editarAdministrador.xhtml HTTP/1.1" 200 2040
201.245.192.253 - - [28/Feb/2023:10:23:00 -0500] "POST /sipsepre/faces/presentacion/proyectos/proyecto/proyectoAdministrador/editarAdministrador.xhtml HTTP/1.1" 200 2040
186.30.116.46 - - [28/Feb/2023:10:23:04 -0500] "POST /sipse/faces/presentacion/financiero/solicitudProceso/consultar.xhtml HTTP/1.1" 200 12816
186.30.116.46 - - [28/Feb/2023:10:23:09 -0500] "POST /sipse/faces/presentacion/financiero/solicitudProceso/consultar.xhtml HTTP/1.1" 200 12816
201.245.192.253 - - [28/Feb/2023:10:23:10 -0500] "POST /sipsepre/faces/presentacion/proyectos/proyecto/proyectoAdministrador/editarAdministrador.xhtml HTTP/1.1" 200 2385
201.245.192.253 - - [28/Feb/2023:10:23:11 -0500] "POST /sipsepre/faces/presentacion/proyectos/proyecto/proyectoAdministrador/editarAdministrador.xhtml HTTP/1.1" 200 2044
201.245.192.253 - - [28/Feb/2023:10:23:12 -0500] "POST /sipsepre/faces/presentacion/proyectos/proyecto/proyectoAdministrador/editarAdministrador.xhtml HTTP/1.1" 200 2385
186.30.116.46 - - [28/Feb/2023:10:23:15 -0500] "POST /sipse/faces/presentacion/financiero/solicitudProceso/consultar.xhtml HTTP/1.1" 200 12854
186.30.116.46 - - [28/Feb/2023:10:23:22 -0500] "POST /sipse/faces/presentacion/financiero/solicitudProceso/consultar.xhtml HTTP/1.1" 200 12787
201.245.192.253 - - [28/Feb/2023:10:23:22 -0500] "POST /sipsepre/faces/presentacion/proyectos/proyecto/proyectoAdministrador/editarAdministrador.xhtml HTTP/1.1" 200 2203
201.245.192.253 - - [28/Feb/2023:10:23:24 -0500] "POST /sipsepre/faces/presentacion/proyectos/proyecto/proyectoAdministrador/editarAdministrador.xhtml HTTP/1.1" 200 2199
186.86.32.196 - - [28/Feb/2023:10:23:25 -0500] "POST /sipse/faces/presentacion/financiero/solicitudProceso/consultar.xhtml HTTP/1.1" 200 12942
186.86.32.196 - - [28/Feb/2023:10:23:27 -0500] "POST /sipse/faces/presentacion/financiero/solicitudProceso/consultar.xhtml HTTP/1.1" 200 12938
186.30.116.46 - - [28/Feb/2023:10:23:28 -0500] "POST /sipse/faces/presentacion/financiero/solicitudProceso/consultar.xhtml HTTP/1.1" 200 12837
66.249.66.6 - - [28/Feb/2023:10:23:28 -0500] "-" 408 -
186.30.116.46 - - [28/Feb/2023:10:23:34 -0500] "POST /sipse/faces/presentacion/financiero/solicitudProceso/consultar.xhtml HTTP/1.1" 200 12834
186.31.175.103 - - [28/Feb/2023:10:23:38 -0500] "GET /galeria/galeria/jquery.fancybox.css?v=2.1.5 HTTP/1.1" 200 4895
186.31.175.103 - - [28/Feb/2023:10:23:38 -0500] "GET /BLA/boletinlegal/js/jquery.scrollShow.js HTTP/1.1" 200 4586
186.31.175.103 - - [28/Feb/2023:10:23:38 -0500] "GET /galeria/galeria/jquery.fancybox.js?v=2.1.5 HTTP/1.1" 200 48706
186.30.116.46 - - [28/Feb/2023:10:23:40 -0500] "POST /sipse/faces/presentacion/financiero/solicitudProceso/consultar.xhtml HTTP/1.1" 200 12869
186.30.116.46 - - [28/Feb/2023:10:23:47 -0500] "POST /sipse/faces/presentacion/financiero/solicitudProceso/consultar.xhtml HTTP/1.1" 200 13027
186.86.32.196 - - [28/Feb/2023:10:23:50 -0500] "POST /sipse/faces/presentacion/financiero/solicitudProceso/consultar.xhtml HTTP/1.1" 200 13021
186.30.116.46 - - [28/Feb/2023:10:23:53 -0500] "POST /sipse/faces/presentacion/financiero/solicitudProceso/consultar.xhtml HTTP/1.1" 200 12811
186.30.116.46 - - [28/Feb/2023:10:23:59 -0500] "POST /sipse/faces/presentacion/financiero/solicitudProceso/consultar.xhtml HTTP/1.1" 200 12921
201.245.192.253 - - [28/Feb/2023:10:24:06 -0500] "POST /sipse/faces/presentacion/financiero/solicitudProceso/listarSolicitudProceso.xhtml HTTP/1.1" 200 158231
201.245.192.253 - - [28/Feb/2023:10:24:07 -0500] "GET /sipse/faces/javax.faces.resource/theme.css?ln=primefaces-sipse HTTP/1.1" 304 -
201.245.192.253 - - [28/Feb/2023:10:24:07 -0500] "GET /sipse/faces/javax.faces.resource/primefaces.css?ln=primefaces&v=4.0 HTTP/1.1" 304 -
201.245.192.253 - - [28/Feb/2023:10:24:07 -0500] "GET /sipse/faces/javax.faces.resource/layout/layout.css?ln=primefaces&v=4.0 HTTP/1.1" 304 -
201.245.192.253 - - [28/Feb/2023:10:24:07 -0500] "GET /sipse/faces/javax.faces.resource/jquery/jquery.js?ln=primefaces&v=4.0 HTTP/1.1" 304 -
201.245.192.253 - - [28/Feb/2023:10:24:07 -0500] "GET /sipse/faces/javax.faces.resource/jquery/jquery-plugins.js?ln=primefaces&v=4.0 HTTP/1.1" 304 -
201.245.192.253 - - [28/Feb/2023:10:24:07 -0500] "GET /sipse/faces/javax.faces.resource/primefaces.js?ln=primefaces&v=4.0 HTTP/1.1" 304 -
201.245.192.253 - - [28/Feb/2023:10:24:07 -0500] "GET /sipse/faces/javax.faces.resource/layout/layout.js?ln=primefaces&v=4.0 HTTP/1.1" 304 -
186.30.116.46 - - [28/Feb/2023:10:24:10 -0500] "POST /sipse/faces/presentacion/financiero/solicitudProceso/consultar.xhtml HTTP/1.1" 200 12871
216.245.221.92 - - [28/Feb/2023:10:24:11 -0500] "HEAD / HTTP/1.1" 200 -
186.86.32.196 - - [28/Feb/2023:10:24:13 -0500] "POST /sipse/faces/presentacion/financiero/solicitudProceso/consultar.xhtml HTTP/1.1" 200 13027
186.30.116.46 - - [28/Feb/2023:10:24:16 -0500] "POST /sipse/faces/presentacion/financiero/solicitudProceso/consultar.xhtml HTTP/1.1" 200 12854
186.30.116.46 - - [28/Feb/2023:10:24:22 -0500] "POST /sipse/faces/presentacion/financiero/solicitudProceso/consultar.xhtml HTTP/1.1" 200 12870
186.102.57.137 - - [28/Feb/2023:10:24:23 -0500] "POST /sipse/faces/presentacion/financiero/solicitudProceso/listarSolicitudProceso.xhtml HTTP/1.1" 200 31262
201.245.192.253 - - [28/Feb/2023:10:24:24 -0500] "POST /sipse/faces/presentacion/financiero/solicitudAnulacion/solicitudAnulacion.xhtml HTTP/1.1" 200 36068
201.245.192.253 - - [28/Feb/2023:10:24:24 -0500] "GET /sipse/faces/javax.faces.resource/theme.css?ln=primefaces-sipse HTTP/1.1" 304 -
201.245.192.253 - - [28/Feb/2023:10:24:24 -0500] "GET /sipse/faces/javax.faces.resource/layout/layout.css?ln=primefaces&v=4.0 HTTP/1.1" 304 -
201.245.192.253 - - [28/Feb/2023:10:24:24 -0500] "GET /sipse/faces/javax.faces.resource/fileupload/fileupload.css?ln=primefaces&v=4.0 HTTP/1.1" 304 -
201.245.192.253 - - [28/Feb/2023:10:24:24 -0500] "GET /sipse/faces/javax.faces.resource/primefaces.css?ln=primefaces&v=4.0 HTTP/1.1" 304 -
201.245.192.253 - - [28/Feb/2023:10:24:25 -0500] "GET /sipse/faces/javax.faces.resource/jquery/jquery.js?ln=primefaces&v=4.0 HTTP/1.1" 304 -
201.245.192.253 - - [28/Feb/2023:10:24:25 -0500] "GET /sipse/faces/javax.faces.resource/jquery/jquery-plugins.js?ln=primefaces&v=4.0 HTTP/1.1" 304 -
201.245.192.253 - - [28/Feb/2023:10:24:25 -0500] "GET /sipse/faces/javax.faces.resource/primefaces.js?ln=primefaces&v=4.0 HTTP/1.1" 304 -
201.245.192.253 - - [28/Feb/2023:10:24:25 -0500] "GET /sipse/faces/javax.faces.resource/layout/layout.js?ln=primefaces&v=4.0 HTTP/1.1" 304 -
201.245.192.253 - - [28/Feb/2023:10:24:25 -0500] "GET /sipse/faces/javax.faces.resource/fileupload/fileupload.js?ln=primefaces&v=4.0 HTTP/1.1" 304 -
186.102.57.137 - - [28/Feb/2023:10:24:24 -0500] "POST /sipse/faces/presentacion/financiero/solicitudProceso/listarSolicitudProceso.xhtml HTTP/1.1" 200 31258
186.102.57.137 - - [28/Feb/2023:10:24:27 -0500] "POST /sipse/faces/presentacion/financiero/solicitudProceso/listarSolicitudProceso.xhtml HTTP/1.1" 200 5076
201.245.192.253 - - [28/Feb/2023:10:24:28 -0500] "POST /sipse/faces/presentacion/financiero/solicitudAnulacion/registrarSolicitudAnulacion.xhtml HTTP/1.1" 200 64575
201.245.192.253 - - [28/Feb/2023:10:24:28 -0500] "GET /sipse/faces/javax.faces.resource/primefaces.css?ln=primefaces&v=4.0 HTTP/1.1" 304 -
201.245.192.253 - - [28/Feb/2023:10:24:28 -0500] "GET /sipse/faces/javax.faces.resource/layout/layout.css?ln=primefaces&v=4.0 HTTP/1.1" 304 -
201.245.192.253 - - [28/Feb/2023:10:24:28 -0500] "GET /sipse/faces/javax.faces.resource/theme.css?ln=primefaces-sipse HTTP/1.1" 304 -
201.245.192.253 - - [28/Feb/2023:10:24:28 -0500] "GET /sipse/faces/javax.faces.resource/jquery/jquery.js?ln=primefaces&v=4.0 HTTP/1.1" 304 -
201.245.192.253 - - [28/Feb/2023:10:24:28 -0500] "GET /sipse/faces/javax.faces.resource/jquery/jquery-plugins.js?ln=primefaces&v=4.0 HTTP/1.1" 304 -
201.245.192.253 - - [28/Feb/2023:10:24:28 -0500] "GET /sipse/faces/javax.faces.resource/primefaces.js?ln=primefaces&v=4.0 HTTP/1.1" 304 -
201.245.192.253 - - [28/Feb/2023:10:24:28 -0500] "GET /sipse/faces/javax.faces.resource/layout/layout.js?ln=primefaces&v=4.0 HTTP/1.1" 304 -
201.245.192.253 - - [28/Feb/2023:10:24:28 -0500] "POST /sipse/faces/presentacion/financiero/solicitudProceso/listarSolicitudProceso.xhtml HTTP/1.1" 200 57951
201.245.192.253 - - [28/Feb/2023:10:24:28 -0500] "POST /sipse/faces/presentacion/financiero/solicitudProceso/listarSolicitudProceso.xhtml HTTP/1.1" 200 57951
201.245.192.253 - - [28/Feb/2023:10:24:28 -0500] "POST /sipse/faces/presentacion/financiero/solicitudProceso/listarSolicitudProceso.xhtml HTTP/1.1" 200 57951
201.245.192.253 - - [28/Feb/2023:10:24:29 -0500] "POST /sipse/faces/presentacion/financiero/solicitudProceso/listarSolicitudProceso.xhtml HTTP/1.1" 200 57951
201.245.192.253 - - [28/Feb/2023:10:24:29 -0500] "POST /sipse/faces/presentacion/financiero/solicitudProceso/listarSolicitudProceso.xhtml HTTP/1.1" 200 57951
201.245.192.253 - - [28/Feb/2023:10:24:29 -0500] "POST /sipse/faces/presentacion/financiero/solicitudProceso/listarSolicitudProceso.xhtml HTTP/1.1" 200 57951
201.245.192.253 - - [28/Feb/2023:10:24:29 -0500] "POST /sipse/faces/presentacion/financiero/solicitudProceso/listarSolicitudProceso.xhtml HTTP/1.1" 200 57951
201.245.192.253 - - [28/Feb/2023:10:24:30 -0500] "POST /sipse/faces/presentacion/financiero/solicitudProceso/listarSolicitudProceso.xhtml HTTP/1.1" 200 1556
201.245.192.253 - - [28/Feb/2023:10:24:30 -0500] "POST /sipse/faces/presentacion/financiero/solicitudProceso/listarSolicitudProceso.xhtml HTTP/1.1" 200 1564
201.245.192.253 - - [28/Feb/2023:10:24:30 -0500] "POST /sipse/faces/presentacion/financiero/solicitudProceso/consultarSolicitudProceso.xhtml HTTP/1.1" 200 85213
201.245.192.253 - - [28/Feb/2023:10:24:30 -0500] "POST /sipse/faces/presentacion/financiero/solicitudProceso/listarSolicitudProceso.xhtml HTTP/1.1" 200 1564
201.245.192.253 - - [28/Feb/2023:10:24:30 -0500] "POST /sipse/faces/presentacion/financiero/solicitudProceso/listarSolicitudProceso.xhtml HTTP/1.1" 200 1564
201.245.192.253 - - [28/Feb/2023:10:24:30 -0500] "POST /sipse/faces/presentacion/financiero/solicitudProceso/listarSolicitudProceso.xhtml HTTP/1.1" 200 1564
201.245.192.253 - - [28/Feb/2023:10:24:31 -0500] "POST /sipse/faces/presentacion/financiero/solicitudProceso/listarSolicitudProceso.xhtml HTTP/1.1" 200 1564
186.102.57.137 - - [28/Feb/2023:10:24:29 -0500] "POST /sipse/faces/presentacion/financiero/solicitudProceso/listarSolicitudProceso.xhtml HTTP/1.1" 200 141364
201.245.192.253 - - [28/Feb/2023:10:24:31 -0500] "POST /sipse/faces/presentacion/financiero/solicitudProceso/listarSolicitudProceso.xhtml HTTP/1.1" 200 1560
201.245.192.253 - - [28/Feb/2023:10:24:31 -0500] "POST /sipse/faces/presentacion/financiero/solicitudProceso/listarSolicitudProceso.xhtml HTTP/1.1" 200 1564
186.102.57.137 - - [28/Feb/2023:10:24:32 -0500] "GET /sipse/faces/javax.faces.resource/jquery/jquery.js?ln=primefaces&v=4.0 HTTP/1.1" 304 -
186.102.57.137 - - [28/Feb/2023:10:24:32 -0500] "GET /sipse/faces/javax.faces.resource/jquery/jquery-plugins.js?ln=primefaces&v=4.0 HTTP/1.1" 304 -
186.102.57.137 - - [28/Feb/2023:10:24:33 -0500] "GET /sipse/faces/javax.faces.resource/primefaces.js?ln=primefaces&v=4.0 HTTP/1.1" 304 -
186.102.57.137 - - [28/Feb/2023:10:24:33 -0500] "GET /sipse/faces/javax.faces.resource/layout/layout.js?ln=primefaces&v=4.0 HTTP/1.1" 304 -
186.30.116.46 - - [28/Feb/2023:10:24:33 -0500] "POST /sipse/faces/presentacion/financiero/solicitudProceso/consultar.xhtml HTTP/1.1" 200 12952
186.30.116.46 - - [28/Feb/2023:10:24:43 -0500] "POST /sipse/faces/presentacion/financiero/solicitudProceso/consultar.xhtml HTTP/1.1" 200 12948
186.30.116.46 - - [28/Feb/2023:10:24:50 -0500] "POST /sipse/faces/presentacion/financiero/solicitudProceso/consultar.xhtml HTTP/1.1" 200 12849
201.245.192.253 - - [28/Feb/2023:10:24:53 -0500] "POST /sipse/faces/presentacion/financiero/solicitudProceso/listarSolicitudProceso.xhtml HTTP/1.1" 200 155419
201.245.192.253 - - [28/Feb/2023:10:24:53 -0500] "GET /sipse/faces/javax.faces.resource/theme.css?ln=primefaces-sipse HTTP/1.1" 304 -
201.245.192.253 - - [28/Feb/2023:10:24:53 -0500] "GET /sipse/faces/javax.faces.resource/layout/layout.css?ln=primefaces&v=4.0 HTTP/1.1" 304 -
201.245.192.253 - - [28/Feb/2023:10:24:53 -0500] "GET /sipse/faces/javax.faces.resource/primefaces.css?ln=primefaces&v=4.0 HTTP/1.1" 304 -
201.245.192.253 - - [28/Feb/2023:10:24:53 -0500] "GET /sipse/faces/javax.faces.resource/jquery/jquery.js?ln=primefaces&v=4.0 HTTP/1.1" 304 -
201.245.192.253 - - [28/Feb/2023:10:24:53 -0500] "GET /sipse/faces/javax.faces.resource/jquery/jquery-plugins.js?ln=primefaces&v=4.0 HTTP/1.1" 304 -
201.245.192.253 - - [28/Feb/2023:10:24:53 -0500] "GET /sipse/faces/javax.faces.resource/primefaces.js?ln=primefaces&v=4.0 HTTP/1.1" 304 -
201.245.192.253 - - [28/Feb/2023:10:24:53 -0500] "GET /sipse/faces/javax.faces.resource/layout/layout.js?ln=primefaces&v=4.0 HTTP/1.1" 304 -
172.22.2.4 - - [28/Feb/2023:10:23:16 -0500] "HEAD /BLA/boletinlegal/ HTTP/1.1" 200 -
186.30.116.46 - - [28/Feb/2023:10:24:56 -0500] "POST /sipse/faces/presentacion/financiero/solicitudProceso/consultar.xhtml HTTP/1.1" 200 12896
186.102.57.137 - - [28/Feb/2023:10:24:56 -0500] "POST /sipse/faces/presentacion/financiero/solicitudProceso/consultarSolicitudProceso.xhtml HTTP/1.1" 200 137436
201.245.192.253 - - [28/Feb/2023:10:24:58 -0500] "POST /sipse/faces/presentacion/financiero/solicitudProceso/consultarSolicitudProceso.xhtml HTTP/1.1" 200 64575
201.245.192.253 - - [28/Feb/2023:10:24:58 -0500] "GET /sipse/faces/javax.faces.resource/theme.css?ln=primefaces-sipse HTTP/1.1" 304 -
201.245.192.253 - - [28/Feb/2023:10:24:58 -0500] "GET /sipse/faces/javax.faces.resource/primefaces.css?ln=primefaces&v=4.0 HTTP/1.1" 304 -
201.245.192.253 - - [28/Feb/2023:10:24:58 -0500] "GET /sipse/faces/javax.faces.resource/layout/layout.css?ln=primefaces&v=4.0 HTTP/1.1" 304 -
201.245.192.253 - - [28/Feb/2023:10:24:58 -0500] "GET /sipse/faces/javax.faces.resource/jquery/jquery.js?ln=primefaces&v=4.0 HTTP/1.1" 304 -
201.245.192.253 - - [28/Feb/2023:10:24:58 -0500] "GET /sipse/faces/javax.faces.resource/jquery/jquery-plugins.js?ln=primefaces&v=4.0 HTTP/1.1" 304 -
201.245.192.253 - - [28/Feb/2023:10:24:58 -0500] "GET /sipse/faces/javax.faces.resource/primefaces.js?ln=primefaces&v=4.0 HTTP/1.1" 304 -
201.245.192.253 - - [28/Feb/2023:10:24:58 -0500] "GET /sipse/faces/javax.faces.resource/layout/layout.js?ln=primefaces&v=4.0 HTTP/1.1" 304 -
201.245.192.253 - - [28/Feb/2023:10:24:58 -0500] "POST /sipse/faces/presentacion/financiero/solicitudProceso/listarSolicitudProceso.xhtml HTTP/1.1" 200 57951
201.245.192.253 - - [28/Feb/2023:10:24:59 -0500] "POST /sipse/faces/presentacion/financiero/solicitudProceso/listarSolicitudProceso.xhtml HTTP/1.1" 200 57951
201.245.192.253 - - [28/Feb/2023:10:24:59 -0500] "POST /sipse/faces/presentacion/financiero/solicitudProceso/listarSolicitudProceso.xhtml HTTP/1.1" 200 57951
201.245.192.253 - - [28/Feb/2023:10:24:59 -0500] "POST /sipse/faces/presentacion/financiero/solicitudProceso/listarSolicitudProceso.xhtml HTTP/1.1" 200 57951
201.245.192.253 - - [28/Feb/2023:10:24:59 -0500] "POST /sipse/faces/presentacion/financiero/solicitudProceso/listarSolicitudProceso.xhtml HTTP/1.1" 200 57951
201.245.192.253 - - [28/Feb/2023:10:25:00 -0500] "POST /sipse/faces/presentacion/financiero/solicitudProceso/listarSolicitudProceso.xhtml HTTP/1.1" 200 57951
201.245.192.253 - - [28/Feb/2023:10:25:00 -0500] "POST /sipse/faces/presentacion/financiero/solicitudProceso/listarSolicitudProceso.xhtml HTTP/1.1" 200 57951
201.245.192.253 - - [28/Feb/2023:10:25:00 -0500] "POST /sipse/faces/presentacion/financiero/solicitudProceso/listarSolicitudProceso.xhtml HTTP/1.1" 200 57951
201.245.192.253 - - [28/Feb/2023:10:25:00 -0500] "POST /sipse/faces/presentacion/financiero/solicitudProceso/listarSolicitudProceso.xhtml HTTP/1.1" 200 57951
201.245.192.253 - - [28/Feb/2023:10:25:01 -0500] "POST /sipse/faces/presentacion/financiero/solicitudProceso/listarSolicitudProceso.xhtml HTTP/1.1" 200 1556
201.245.192.253 - - [28/Feb/2023:10:25:01 -0500] "POST /sipse/faces/presentacion/financiero/solicitudProceso/listarSolicitudProceso.xhtml HTTP/1.1" 200 1564
201.245.192.253 - - [28/Feb/2023:10:25:01 -0500] "POST /sipse/faces/presentacion/financiero/solicitudProceso/listarSolicitudProceso.xhtml HTTP/1.1" 200 1564
201.245.192.253 - - [28/Feb/2023:10:25:01 -0500] "POST /sipse/faces/presentacion/financiero/solicitudProceso/listarSolicitudProceso.xhtml HTTP/1.1" 200 1564
201.245.192.253 - - [28/Feb/2023:10:25:01 -0500] "POST /sipse/faces/presentacion/financiero/solicitudProceso/listarSolicitudProceso.xhtml HTTP/1.1" 200 1564
201.245.192.253 - - [28/Feb/2023:10:25:01 -0500] "POST /sipse/faces/presentacion/financiero/solicitudProceso/listarSolicitudProceso.xhtml HTTP/1.1" 200 1564
201.245.192.253 - - [28/Feb/2023:10:25:02 -0500] "POST /sipse/faces/presentacion/financiero/solicitudProceso/listarSolicitudProceso.xhtml HTTP/1.1" 200 1560
201.245.192.253 - - [28/Feb/2023:10:25:02 -0500] "POST /sipse/faces/presentacion/financiero/solicitudProceso/listarSolicitudProceso.xhtml HTTP/1.1" 200 1564
201.245.192.253 - - [28/Feb/2023:10:25:02 -0500] "POST /sipse/faces/presentacion/financiero/solicitudProceso/listarSolicitudProceso.xhtml HTTP/1.1" 200 1564
201.245.192.253 - - [28/Feb/2023:10:25:02 -0500] "POST /sipse/faces/presentacion/financiero/solicitudProceso/listarSolicitudProceso.xhtml HTTP/1.1" 200 1564
173.252.111.8 - - [28/Feb/2023:10:25:02 -0500] "GET /images/Acuerdos%2001%20(1)%20(1).jpeg HTTP/1.1" 200 32884
201.245.192.253 - - [28/Feb/2023:10:25:03 -0500] "POST /sipse/faces/presentacion/financiero/solicitudProceso/listarSolicitudProceso.xhtml HTTP/1.1" 200 148110
201.245.192.253 - - [28/Feb/2023:10:25:04 -0500] "GET /sipse/faces/javax.faces.resource/theme.css?ln=primefaces-sipse HTTP/1.1" 304 -
201.245.192.253 - - [28/Feb/2023:10:25:04 -0500] "GET /sipse/faces/javax.faces.resource/layout/layout.css?ln=primefaces&v=4.0 HTTP/1.1" 304 -
201.245.192.253 - - [28/Feb/2023:10:25:04 -0500] "GET /sipse/faces/javax.faces.resource/primefaces.css?ln=primefaces&v=4.0 HTTP/1.1" 304 -
201.245.192.253 - - [28/Feb/2023:10:25:04 -0500] "GET /sipse/faces/javax.faces.resource/jquery/jquery.js?ln=primefaces&v=4.0 HTTP/1.1" 304 -
201.245.192.253 - - [28/Feb/2023:10:25:04 -0500] "GET /sipse/faces/javax.faces.resource/jquery/jquery-plugins.js?ln=primefaces&v=4.0 HTTP/1.1" 304 -
201.245.192.253 - - [28/Feb/2023:10:25:04 -0500] "GET /sipse/faces/javax.faces.resource/primefaces.js?ln=primefaces&v=4.0 HTTP/1.1" 304 -
201.245.192.253 - - [28/Feb/2023:10:25:04 -0500] "GET /sipse/faces/javax.faces.resource/layout/layout.js?ln=primefaces&v=4.0 HTTP/1.1" 304 -
186.102.57.137 - - [28/Feb/2023:10:25:07 -0500] "POST /sipse/faces/presentacion/financiero/solicitudProceso/consultarSolicitudProceso.xhtml HTTP/1.1" 200 161382
186.102.57.137 - - [28/Feb/2023:10:25:07 -0500] "POST /sipse/faces/presentacion/financiero/solicitudProceso/consultarSolicitudProceso.xhtml HTTP/1.1" 200 161382
186.102.57.137 - - [28/Feb/2023:10:25:10 -0500] "POST /sipse/faces/presentacion/financiero/solicitudProceso/consultarSolicitudProceso.xhtml HTTP/1.1" 200 83322
201.245.192.253 - - [28/Feb/2023:10:25:15 -0500] "POST /sipse/faces/presentacion/financiero/solicitudProceso/consultarSolicitudProceso.xhtml HTTP/1.1" 200 64575
201.245.192.253 - - [28/Feb/2023:10:25:15 -0500] "GET /sipse/faces/javax.faces.resource/layout/layout.css?ln=primefaces&v=4.0 HTTP/1.1" 304 -
201.245.192.253 - - [28/Feb/2023:10:25:15 -0500] "GET /sipse/faces/javax.faces.resource/primefaces.css?ln=primefaces&v=4.0 HTTP/1.1" 304 -
201.245.192.253 - - [28/Feb/2023:10:25:15 -0500] "GET /sipse/faces/javax.faces.resource/theme.css?ln=primefaces-sipse HTTP/1.1" 304 -
201.245.192.253 - - [28/Feb/2023:10:25:15 -0500] "GET /sipse/faces/javax.faces.resource/jquery/jquery.js?ln=primefaces&v=4.0 HTTP/1.1" 304 -
201.245.192.253 - - [28/Feb/2023:10:25:15 -0500] "GET /sipse/faces/javax.faces.resource/jquery/jquery-plugins.js?ln=primefaces&v=4.0 HTTP/1.1" 304 -
201.245.192.253 - - [28/Feb/2023:10:25:15 -0500] "GET /sipse/faces/javax.faces.resource/primefaces.js?ln=primefaces&v=4.0 HTTP/1.1" 304 -
201.245.192.253 - - [28/Feb/2023:10:25:15 -0500] "GET /sipse/faces/javax.faces.resource/layout/layout.js?ln=primefaces&v=4.0 HTTP/1.1" 304 -
201.245.192.253 - - [28/Feb/2023:10:25:15 -0500] "POST /sipse/faces/presentacion/financiero/solicitudProceso/listarSolicitudProceso.xhtml HTTP/1.1" 200 57951
191.156.59.225 - - [28/Feb/2023:10:25:15 -0500] "POST /sipse/faces/presentacion/financiero/solicitudProceso/consultar.xhtml HTTP/1.1" 200 12769
201.245.192.253 - - [28/Feb/2023:10:25:15 -0500] "POST /sipse/faces/presentacion/financiero/solicitudProceso/listarSolicitudProceso.xhtml HTTP/1.1" 200 57951
201.245.192.253 - - [28/Feb/2023:10:25:16 -0500] "POST /sipse/faces/presentacion/financiero/solicitudProceso/listarSolicitudProceso.xhtml HTTP/1.1" 200 57951
201.245.192.253 - - [28/Feb/2023:10:25:16 -0500] "POST /sipse/faces/presentacion/financiero/solicitudProceso/listarSolicitudProceso.xhtml HTTP/1.1" 200 57951
201.245.192.253 - - [28/Feb/2023:10:25:16 -0500] "POST /sipse/faces/presentacion/financiero/solicitudProceso/listarSolicitudProceso.xhtml HTTP/1.1" 200 57951
201.245.192.253 - - [28/Feb/2023:10:25:16 -0500] "POST /sipse/faces/presentacion/financiero/solicitudProceso/listarSolicitudProceso.xhtml HTTP/1.1" 200 57951
186.102.57.137 - - [28/Feb/2023:10:25:17 -0500] "POST /sipse/faces/presentacion/financiero/solicitudProceso/consultarSolicitudProceso.xhtml HTTP/1.1" 200 5589
201.245.192.253 - - [28/Feb/2023:10:25:17 -0500] "POST /sipse/faces/presentacion/financiero/solicitudProceso/listarSolicitudProceso.xhtml HTTP/1.1" 200 57951
201.245.192.253 - - [28/Feb/2023:10:25:17 -0500] "POST /sipse/faces/presentacion/financiero/solicitudProceso/listarSolicitudProceso.xhtml HTTP/1.1" 200 57951
201.245.192.253 - - [28/Feb/2023:10:25:17 -0500] "POST /sipse/faces/presentacion/financiero/solicitudProceso/listarSolicitudProceso.xhtml HTTP/1.1" 200 57951
186.102.57.137 - - [28/Feb/2023:10:25:17 -0500] "GET /sipse/faces/javax.faces.resource/dynamiccontent.properties?ln=primefaces&pfdrid=XjOR5%2F%2FfPAZAuY9TpWQeCiM0BhlXxYRBGKi%2FQcXXfeA%3D&pfdrid_c=false HTTP/1.1" 200 165348
201.245.192.253 - - [28/Feb/2023:10:25:17 -0500] "POST /sipse/faces/presentacion/financiero/solicitudProceso/listarSolicitudProceso.xhtml HTTP/1.1" 200 57951
201.245.192.253 - - [28/Feb/2023:10:25:18 -0500] "POST /sipse/faces/presentacion/financiero/solicitudProceso/listarSolicitudProceso.xhtml HTTP/1.1" 200 57951
201.245.192.253 - - [28/Feb/2023:10:25:18 -0500] "POST /sipse/faces/presentacion/financiero/solicitudProceso/listarSolicitudProceso.xhtml HTTP/1.1" 200 1556
201.245.192.253 - - [28/Feb/2023:10:25:18 -0500] "POST /sipse/faces/presentacion/financiero/solicitudProceso/listarSolicitudProceso.xhtml HTTP/1.1" 200 1564
201.245.192.253 - - [28/Feb/2023:10:25:18 -0500] "POST /sipse/faces/presentacion/financiero/solicitudProceso/listarSolicitudProceso.xhtml HTTP/1.1" 200 1564
201.245.192.253 - - [28/Feb/2023:10:25:18 -0500] "POST /sipse/faces/presentacion/financiero/solicitudProceso/listarSolicitudProceso.xhtml HTTP/1.1" 200 1564
201.245.192.253 - - [28/Feb/2023:10:25:19 -0500] "POST /sipse/faces/presentacion/financiero/solicitudProceso/listarSolicitudProceso.xhtml HTTP/1.1" 200 1564
201.245.192.253 - - [28/Feb/2023:10:25:19 -0500] "POST /sipse/faces/presentacion/financiero/solicitudProceso/listarSolicitudProceso.xhtml HTTP/1.1" 200 1564
201.245.192.253 - - [28/Feb/2023:10:25:19 -0500] "POST /sipse/faces/presentacion/financiero/solicitudProceso/listarSolicitudProceso.xhtml HTTP/1.1" 200 1560
186.102.57.137 - - [28/Feb/2023:10:25:03 -0500] "POST /sipse/faces/presentacion/financiero/solicitudProceso/consultarSolicitudProceso.xhtml HTTP/1.1" 200 7589613
201.245.192.253 - - [28/Feb/2023:10:25:19 -0500] "POST /sipse/faces/presentacion/financiero/solicitudProceso/listarSolicitudProceso.xhtml HTTP/1.1" 200 1564
201.245.192.253 - - [28/Feb/2023:10:25:19 -0500] "POST /sipse/faces/presentacion/financiero/solicitudProceso/listarSolicitudProceso.xhtml HTTP/1.1" 200 1564
201.245.192.253 - - [28/Feb/2023:10:25:19 -0500] "POST /sipse/faces/presentacion/financiero/solicitudProceso/listarSolicitudProceso.xhtml HTTP/1.1" 200 1564
201.245.192.253 - - [28/Feb/2023:10:25:20 -0500] "POST /sipse/faces/presentacion/financiero/solicitudProceso/listarSolicitudProceso.xhtml HTTP/1.1" 200 1564
201.245.192.253 - - [28/Feb/2023:10:25:20 -0500] "POST /sipse/faces/presentacion/financiero/solicitudProceso/listarSolicitudProceso.xhtml HTTP/1.1" 200 1564
201.245.192.253 - - [28/Feb/2023:10:25:21 -0500] "POST /sipse/faces/presentacion/financiero/solicitudProceso/listarSolicitudProceso.xhtml HTTP/1.1" 200 148295
201.245.192.253 - - [28/Feb/2023:10:25:22 -0500] "GET /sipse/faces/javax.faces.resource/theme.css?ln=primefaces-sipse HTTP/1.1" 304 -
201.245.192.253 - - [28/Feb/2023:10:25:22 -0500] "GET /sipse/faces/javax.faces.resource/layout/layout.css?ln=primefaces&v=4.0 HTTP/1.1" 304 -
201.245.192.253 - - [28/Feb/2023:10:25:22 -0500] "GET /sipse/faces/javax.faces.resource/primefaces.css?ln=primefaces&v=4.0 HTTP/1.1" 304 -
201.245.192.253 - - [28/Feb/2023:10:25:22 -0500] "GET /sipse/faces/javax.faces.resource/jquery/jquery.js?ln=primefaces&v=4.0 HTTP/1.1" 304 -
201.245.192.253 - - [28/Feb/2023:10:25:22 -0500] "GET /sipse/faces/javax.faces.resource/jquery/jquery-plugins.js?ln=primefaces&v=4.0 HTTP/1.1" 304 -
201.245.192.253 - - [28/Feb/2023:10:25:22 -0500] "GET /sipse/faces/javax.faces.resource/primefaces.js?ln=primefaces&v=4.0 HTTP/1.1" 304 -
201.245.192.253 - - [28/Feb/2023:10:25:22 -0500] "GET /sipse/faces/javax.faces.resource/layout/layout.js?ln=primefaces&v=4.0 HTTP/1.1" 304 -
201.245.192.253 - - [28/Feb/2023:10:25:22 -0500] "GET /sipse/faces/javax.faces.resource/dynamiccontent.properties?ln=primefaces&pfdrid=XjOR5%2F%2FfPAZAuY9TpWQeCiM0BhlXxYRBGKi%2FQcXXfeA%3D&pfdrid_c=false HTTP/1.1" 500 383
201.245.192.253 - - [28/Feb/2023:10:25:27 -0500] "POST /sipse/faces/presentacion/financiero/solicitudProceso/consultarSolicitudProceso.xhtml HTTP/1.1" 200 64575
201.245.192.253 - - [28/Feb/2023:10:25:28 -0500] "GET /sipse/faces/javax.faces.resource/primefaces.css?ln=primefaces&v=4.0 HTTP/1.1" 304 -
201.245.192.253 - - [28/Feb/2023:10:25:28 -0500] "GET /sipse/faces/javax.faces.resource/theme.css?ln=primefaces-sipse HTTP/1.1" 304 -
201.245.192.253 - - [28/Feb/2023:10:25:28 -0500] "GET /sipse/faces/javax.faces.resource/layout/layout.css?ln=primefaces&v=4.0 HTTP/1.1" 304 -
201.245.192.253 - - [28/Feb/2023:10:25:28 -0500] "GET /sipse/faces/javax.faces.resource/jquery/jquery.js?ln=primefaces&v=4.0 HTTP/1.1" 304 -
201.245.192.253 - - [28/Feb/2023:10:25:28 -0500] "GET /sipse/faces/javax.faces.resource/jquery/jquery-plugins.js?ln=primefaces&v=4.0 HTTP/1.1" 304 -
201.245.192.253 - - [28/Feb/2023:10:25:28 -0500] "GET /sipse/faces/javax.faces.resource/primefaces.js?ln=primefaces&v=4.0 HTTP/1.1" 304 -
201.245.192.253 - - [28/Feb/2023:10:25:28 -0500] "GET /sipse/faces/javax.faces.resource/layout/layout.js?ln=primefaces&v=4.0 HTTP/1.1" 304 -
201.245.192.253 - - [28/Feb/2023:10:25:28 -0500] "POST /sipse/faces/presentacion/financiero/solicitudProceso/listarSolicitudProceso.xhtml HTTP/1.1" 200 57951
201.245.192.253 - - [28/Feb/2023:10:25:28 -0500] "POST /sipse/faces/presentacion/financiero/solicitudProceso/listarSolicitudProceso.xhtml HTTP/1.1" 200 57951
201.245.192.253 - - [28/Feb/2023:10:25:28 -0500] "POST /sipse/faces/presentacion/financiero/solicitudProceso/listarSolicitudProceso.xhtml HTTP/1.1" 200 57951
201.245.192.253 - - [28/Feb/2023:10:25:28 -0500] "POST /sipse/faces/presentacion/financiero/solicitudProceso/listarSolicitudProceso.xhtml HTTP/1.1" 200 57951
201.245.192.253 - - [28/Feb/2023:10:25:29 -0500] "POST /sipse/faces/presentacion/financiero/solicitudProceso/listarSolicitudProceso.xhtml HTTP/1.1" 200 57951
201.245.192.253 - - [28/Feb/2023:10:25:29 -0500] "POST /sipse/faces/presentacion/financiero/solicitudProceso/listarSolicitudProceso.xhtml HTTP/1.1" 200 57951
201.245.192.253 - - [28/Feb/2023:10:25:29 -0500] "POST /sipse/faces/presentacion/financiero/solicitudProceso/listarSolicitudProceso.xhtml HTTP/1.1" 200 57951
201.245.192.253 - - [28/Feb/2023:10:25:29 -0500] "POST /sipse/faces/presentacion/financiero/solicitudProceso/listarSolicitudProceso.xhtml HTTP/1.1" 200 57951
201.245.192.253 - - [28/Feb/2023:10:25:29 -0500] "POST /sipse/faces/presentacion/financiero/solicitudProceso/listarSolicitudProceso.xhtml HTTP/1.1" 200 57951
201.245.192.253 - - [28/Feb/2023:10:25:30 -0500] "POST /sipse/faces/presentacion/financiero/solicitudProceso/listarSolicitudProceso.xhtml HTTP/1.1" 200 57951
186.102.57.137 - - [28/Feb/2023:10:25:30 -0500] "POST /sipse/faces/presentacion/financiero/solicitudProceso/consultarSolicitudProceso.xhtml HTTP/1.1" 200 5574
