216.245.221.92 - - [28/Feb/2023:03:39:12 -0500] "HEAD / HTTP/1.1" 200 -
201.245.192.253 - - [28/Feb/2023:03:39:13 -0500] "POST /kwsrmcab/Wsrmcab  HTTP/1.1" 200 40824
40.77.190.133 - - [28/Feb/2023:03:41:58 -0500] "GET /dlf/styles.css HTTP/1.1" 404 1018
172.22.2.4 - - [28/Feb/2023:03:40:47 -0500] "HEAD /BLA/boletinlegal/ HTTP/1.1" 200 -
172.22.2.4 - - [28/Feb/2023:03:41:37 -0500] "GET /BLA/boletinlegal/ HTTP/1.1" 200 58653
201.245.192.253 - - [28/Feb/2023:03:44:07 -0500] "POST /kwsrmcab/Wsrmcab  HTTP/1.1" 200 40824
216.245.221.92 - - [28/Feb/2023:03:44:11 -0500] "HEAD / HTTP/1.1" 200 -
168.119.253.48 - - [28/Feb/2023:03:47:22 -0500] "GET / HTTP/1.1" 200 4720
168.119.253.48 - - [28/Feb/2023:03:47:23 -0500] "GET / HTTP/1.1" 200 319
40.77.167.166 - - [28/Feb/2023:03:47:43 -0500] "GET /bla/resoluciones/autos%202014/6218.pdf HTTP/1.1" 200 464094
69.63.184.3 - - [28/Feb/2023:03:47:57 -0500] "GET /ojo-a-los-arboles-en-riesgo.html HTTP/1.1" 206 791
172.22.2.4 - - [28/Feb/2023:03:46:37 -0500] "HEAD /BLA/boletinlegal/ HTTP/1.1" 200 -
108.174.2.218 - - [28/Feb/2023:03:48:59 -0500] "GET /mas-de-400-animales-silvestres-fueron-liberados-y-reubicados-en-el-caribe.html HTTP/1.1" 206 730
172.22.2.4 - - [28/Feb/2023:03:47:27 -0500] "GET /BLA/boletinlegal/ HTTP/1.1" 200 52316
201.245.192.253 - - [28/Feb/2023:03:49:05 -0500] "POST /kwsrmcab/Wsrmcab  HTTP/1.1" 200 40824
216.245.221.92 - - [28/Feb/2023:03:49:12 -0500] "HEAD / HTTP/1.1" 200 -
223.38.60.101 - - [28/Feb/2023:03:53:12 -0500] "GET /galeria/galeria/fotos/mirador4P.jpg HTTP/1.1" 200 11757
201.245.192.253 - - [28/Feb/2023:03:54:03 -0500] "POST /kwsrmcab/Wsrmcab  HTTP/1.1" 200 40824
172.22.2.4 - - [28/Feb/2023:03:52:27 -0500] "HEAD /BLA/boletinlegal/ HTTP/1.1" 200 -
216.245.221.92 - - [28/Feb/2023:03:54:11 -0500] "HEAD / HTTP/1.1" 200 -
172.22.2.4 - - [28/Feb/2023:03:53:17 -0500] "GET /BLA/boletinlegal/ HTTP/1.1" 200 57551
201.245.192.253 - - [28/Feb/2023:03:59:01 -0500] "POST /kwsrmcab/Wsrmcab  HTTP/1.1" 200 40824
216.245.221.92 - - [28/Feb/2023:03:59:11 -0500] "HEAD / HTTP/1.1" 200 -
172.22.2.4 - - [28/Feb/2023:03:58:17 -0500] "HEAD /BLA/boletinlegal/ HTTP/1.1" 200 -
172.22.2.4 - - [28/Feb/2023:03:59:07 -0500] "GET /BLA/boletinlegal/ HTTP/1.1" 200 57141
40.77.167.166 - - [28/Feb/2023:04:03:32 -0500] "GET /BLA/resoluciones/AUTOS%202018/3919.pdf HTTP/1.1" 200 277249
201.245.192.253 - - [28/Feb/2023:04:04:06 -0500] "POST /kwsrmcab/Wsrmcab  HTTP/1.1" 200 40824
216.245.221.92 - - [28/Feb/2023:04:04:11 -0500] "HEAD / HTTP/1.1" 200 -
191.156.190.150 - - [28/Feb/2023:04:04:47 -0500] "GET /sipse/faces/javax.faces.resource/theme.css?ln=primefaces-sipse HTTP/1.1" 304 -
191.156.190.150 - - [28/Feb/2023:04:04:48 -0500] "GET /sipse/faces/faces/autenticacion.xhtml HTTP/1.1" 200 12172
191.156.190.150 - - [28/Feb/2023:04:04:48 -0500] "GET /sipse/faces/javax.faces.resource/theme.css?ln=primefaces-sipse HTTP/1.1" 304 -
191.156.190.150 - - [28/Feb/2023:04:04:48 -0500] "GET /sipse/faces/javax.faces.resource/layout/layout.css?ln=primefaces&v=4.0 HTTP/1.1" 304 -
191.156.190.150 - - [28/Feb/2023:04:04:48 -0500] "GET /sipse/faces/javax.faces.resource/primefaces.css?ln=primefaces&v=4.0 HTTP/1.1" 304 -
191.156.183.194 - - [28/Feb/2023:04:04:48 -0500] "GET /sipse/faces/javax.faces.resource/jquery/jquery.js?ln=primefaces&v=4.0 HTTP/1.1" 304 -
191.156.190.150 - - [28/Feb/2023:04:04:48 -0500] "GET /sipse/faces/javax.faces.resource/jquery/jquery-plugins.js?ln=primefaces&v=4.0 HTTP/1.1" 304 -
191.156.190.150 - - [28/Feb/2023:04:04:48 -0500] "GET /sipse/faces/javax.faces.resource/layout/layout.js?ln=primefaces&v=4.0 HTTP/1.1" 304 -
191.156.182.41 - - [28/Feb/2023:04:04:48 -0500] "GET /sipse/faces/javax.faces.resource/primefaces.js?ln=primefaces&v=4.0 HTTP/1.1" 304 -
191.156.182.41 - - [28/Feb/2023:04:04:48 -0500] "GET /sipse/faces/javax.faces.resource/images/ui-icons_898989_256x240.png?ln=primefaces-aristo HTTP/1.1" 304 -
172.22.2.4 - - [28/Feb/2023:04:04:07 -0500] "HEAD /BLA/boletinlegal/ HTTP/1.1" 200 -
172.22.2.4 - - [28/Feb/2023:04:04:57 -0500] "GET /BLA/boletinlegal/ HTTP/1.1" 200 57551
66.249.70.13 - - [28/Feb/2023:04:08:07 -0500] "-" 408 -
201.245.192.253 - - [28/Feb/2023:04:09:03 -0500] "POST /kwsrmcab/Wsrmcab  HTTP/1.1" 200 40824
216.245.221.92 - - [28/Feb/2023:04:09:11 -0500] "HEAD / HTTP/1.1" 200 -
172.22.2.4 - - [28/Feb/2023:04:09:57 -0500] "HEAD /BLA/boletinlegal/ HTTP/1.1" 200 -
172.22.2.4 - - [28/Feb/2023:04:10:47 -0500] "GET /BLA/boletinlegal/ HTTP/1.1" 200 57551
201.245.192.253 - - [28/Feb/2023:04:14:00 -0500] "POST /kwsrmcab/Wsrmcab  HTTP/1.1" 200 40824
216.245.221.92 - - [28/Feb/2023:04:14:11 -0500] "HEAD / HTTP/1.1" 200 -
172.22.2.4 - - [28/Feb/2023:04:15:47 -0500] "HEAD /BLA/boletinlegal/ HTTP/1.1" 200 -
201.245.192.253 - - [28/Feb/2023:04:17:59 -0500] "POST /kwsrmcab/Wsrmcab HTTP/1.1" 200 40956
201.245.192.253 - - [28/Feb/2023:04:18:01 -0500] "POST /kwsrmcab/Wsrmcab HTTP/1.1" 200 41114
172.22.2.4 - - [28/Feb/2023:04:16:37 -0500] "GET /BLA/boletinlegal/ HTTP/1.1" 200 59296
201.245.192.253 - - [28/Feb/2023:04:18:59 -0500] "POST /kwsrmcab/Wsrmcab  HTTP/1.1" 200 40824
216.245.221.92 - - [28/Feb/2023:04:19:11 -0500] "HEAD / HTTP/1.1" 200 -
40.77.167.249 - - [28/Feb/2023:04:22:07 -0500] "GET /images/Quebrada1.jpg HTTP/1.1" 200 77711
172.22.2.4 - - [28/Feb/2023:04:21:37 -0500] "HEAD /BLA/boletinlegal/ HTTP/1.1" 200 -
201.245.192.253 - - [28/Feb/2023:04:23:57 -0500] "POST /kwsrmcab/Wsrmcab  HTTP/1.1" 200 40824
172.22.2.4 - - [28/Feb/2023:04:22:27 -0500] "GET /BLA/boletinlegal/ HTTP/1.1" 200 57551
216.245.221.92 - - [28/Feb/2023:04:24:12 -0500] "HEAD / HTTP/1.1" 200 -
201.245.192.253 - - [28/Feb/2023:04:27:59 -0500] "POST /kwsrmcab/Wsrmcab HTTP/1.1" 200 40956
201.245.192.253 - - [28/Feb/2023:04:28:02 -0500] "POST /kwsrmcab/Wsrmcab HTTP/1.1" 200 41114
201.245.192.253 - - [28/Feb/2023:04:28:55 -0500] "POST /kwsrmcab/Wsrmcab  HTTP/1.1" 200 40824
172.22.2.4 - - [28/Feb/2023:04:27:27 -0500] "HEAD /BLA/boletinlegal/ HTTP/1.1" 200 -
216.245.221.92 - - [28/Feb/2023:04:29:11 -0500] "HEAD / HTTP/1.1" 200 -
34.141.135.28 - - [28/Feb/2023:04:29:43 -0500] "GET /inventario-de-emisiones-2020-transporte-publico-sitp-redujo-emisiones-de-pm-2-5-en-un-37.html HTTP/1.1" 200 925
172.22.2.4 - - [28/Feb/2023:04:28:17 -0500] "GET /BLA/boletinlegal/ HTTP/1.1" 200 57935
201.245.192.253 - - [28/Feb/2023:04:33:54 -0500] "POST /kwsrmcab/Wsrmcab  HTTP/1.1" 200 40824
216.245.221.92 - - [28/Feb/2023:04:34:11 -0500] "HEAD / HTTP/1.1" 200 -
172.22.2.4 - - [28/Feb/2023:04:33:16 -0500] "HEAD /BLA/boletinlegal/ HTTP/1.1" 200 -
172.22.2.4 - - [28/Feb/2023:04:34:07 -0500] "GET /BLA/boletinlegal/ HTTP/1.1" 200 57935
201.245.192.253 - - [28/Feb/2023:04:37:59 -0500] "POST /kwsrmcab/Wsrmcab HTTP/1.1" 200 40956
201.245.192.253 - - [28/Feb/2023:04:38:02 -0500] "POST /kwsrmcab/Wsrmcab HTTP/1.1" 200 41114
201.245.192.253 - - [28/Feb/2023:04:38:52 -0500] "POST /kwsrmcab/Wsrmcab  HTTP/1.1" 200 40824
216.245.221.92 - - [28/Feb/2023:04:39:11 -0500] "HEAD / HTTP/1.1" 200 -
181.61.209.98 - - [28/Feb/2023:04:40:30 -0500] "GET /bogota-mantiene-alerta-fase-1-por-calidad-del-aire-y-adopta-algunas-medidas.html HTTP/1.1" 200 1023
172.22.2.4 - - [28/Feb/2023:04:39:06 -0500] "HEAD /BLA/boletinlegal/ HTTP/1.1" 200 -
172.22.2.4 - - [28/Feb/2023:04:39:57 -0500] "GET /BLA/boletinlegal/ HTTP/1.1" 200 59296
201.245.192.253 - - [28/Feb/2023:04:43:50 -0500] "POST /kwsrmcab/Wsrmcab  HTTP/1.1" 200 40824
216.245.221.92 - - [28/Feb/2023:04:44:11 -0500] "HEAD / HTTP/1.1" 200 -
172.22.2.4 - - [28/Feb/2023:04:44:53 -0500] "GET /BLA/boletinlegal/consulta_normativa.php?tipo=&sector=Aire&ano=&resuelve= HTTP/1.1" 200 949
172.22.2.4 - - [28/Feb/2023:04:45:07 -0500] "GET /BLA/boletinlegal/consulta_normativa.php?tipo=&sector=concesion&ano=&resuelve= HTTP/1.1" 200 4161
172.22.2.4 - - [28/Feb/2023:04:44:56 -0500] "HEAD /BLA/boletinlegal/ HTTP/1.1" 200 -
66.249.70.13 - - [28/Feb/2023:04:46:41 -0500] "-" 408 -
172.22.2.4 - - [28/Feb/2023:04:45:47 -0500] "GET /BLA/boletinlegal/ HTTP/1.1" 200 57141
201.245.192.253 - - [28/Feb/2023:04:48:49 -0500] "POST /kwsrmcab/Wsrmcab  HTTP/1.1" 200 40824
216.245.221.92 - - [28/Feb/2023:04:49:11 -0500] "HEAD / HTTP/1.1" 200 -
40.77.167.223 - - [28/Feb/2023:04:49:45 -0500] "GET /BLA/resoluciones/AUTOS%202022/2799.pdf HTTP/1.1" 200 772631
191.156.18.67 - - [28/Feb/2023:04:51:09 -0500] "GET /catalogoisis/Css/Busqueda.css HTTP/1.1" 200 1995
191.156.18.67 - - [28/Feb/2023:04:51:09 -0500] "GET /catalogoisis/Js/CriterioCombinada.js HTTP/1.1" 200 1843
191.156.18.67 - - [28/Feb/2023:04:51:09 -0500] "GET /catalogoisis/Js/AceptarLimpiar.js HTTP/1.1" 200 331
191.156.18.67 - - [28/Feb/2023:04:51:09 -0500] "GET /catalogoisis/Js/LimpiarCombinada.js HTTP/1.1" 200 207
191.156.18.67 - - [28/Feb/2023:04:51:09 -0500] "GET /catalogoisis/Js/Cookies.js HTTP/1.1" 200 1369
191.156.18.67 - - [28/Feb/2023:04:51:09 -0500] "GET /catalogoisis/Js/Remote.js HTTP/1.1" 200 436
191.156.18.67 - - [28/Feb/2023:04:51:09 -0500] "GET /catalogoisis/ HTTP/1.1" 200 8575
191.156.18.67 - - [28/Feb/2023:04:51:09 -0500] "GET /catalogoisis/Js/Go.js HTTP/1.1" 200 364
191.156.18.67 - - [28/Feb/2023:04:51:09 -0500] "GET /catalogoisis/Js/Numero.js HTTP/1.1" 200 398
191.156.18.67 - - [28/Feb/2023:04:51:09 -0500] "GET /catalogoisis/Js/Enter.js HTTP/1.1" 200 1208
191.156.18.67 - - [28/Feb/2023:04:51:09 -0500] "GET /catalogoisis/imagenes/br1c3.gif HTTP/1.1" 200 302
191.156.18.67 - - [28/Feb/2023:04:51:09 -0500] "GET /catalogoisis/imagenes/limpiar1.gif HTTP/1.1" 200 606
191.156.18.67 - - [28/Feb/2023:04:51:09 -0500] "GET /catalogoisis/imagenes/Turnbo1.gif HTTP/1.1" 200 227
191.156.18.67 - - [28/Feb/2023:04:51:09 -0500] "GET /catalogoisis/imagenes/br1c1.gif HTTP/1.1" 200 172
191.156.18.67 - - [28/Feb/2023:04:51:09 -0500] "GET /catalogoisis/imagenes/aceptar1.gif HTTP/1.1" 200 604
191.156.18.67 - - [28/Feb/2023:04:51:09 -0500] "GET /catalogoisis/imagenes/br2c2.gif HTTP/1.1" 200 302
191.156.18.67 - - [28/Feb/2023:04:51:09 -0500] "GET /catalogoisis/imagenes/br1c2.gif HTTP/1.1" 200 297
191.156.18.67 - - [28/Feb/2023:04:51:09 -0500] "GET /catalogoisis/imagenes/br3c1.gif HTTP/1.1" 200 177
191.156.18.67 - - [28/Feb/2023:04:51:09 -0500] "GET /catalogoisis/imagenes/br2c3.gif HTTP/1.1" 200 416
191.156.18.67 - - [28/Feb/2023:04:51:09 -0500] "GET /catalogoisis/imagenes/br2c1.gif HTTP/1.1" 200 297
191.156.18.67 - - [28/Feb/2023:04:51:09 -0500] "GET /catalogoisis/imagenes/Header.gif HTTP/1.1" 200 30313
191.156.18.67 - - [28/Feb/2023:04:51:09 -0500] "GET /catalogoisis/imagenes/br3c2.gif HTTP/1.1" 200 285
191.156.18.67 - - [28/Feb/2023:04:51:09 -0500] "GET /catalogoisis/imagenes/br3c3.gif HTTP/1.1" 200 186
191.156.18.67 - - [28/Feb/2023:04:51:09 -0500] "GET /favicon.ico HTTP/1.1" 200 7782
191.156.18.67 - - [28/Feb/2023:04:52:23 -0500] "GET /catalogoisis/imagenes/limpiar2.gif HTTP/1.1" 200 589
191.156.18.67 - - [28/Feb/2023:04:52:26 -0500] "GET /catalogoisis/Diccionario.php?i=0&form=0&element=2&prefix=au-&first=yes HTTP/1.1" 200 4197
191.156.18.67 - - [28/Feb/2023:04:52:26 -0500] "GET /catalogoisis/Css/Diccionario.css HTTP/1.1" 200 1478
191.156.18.67 - - [28/Feb/2023:04:52:26 -0500] "GET /catalogoisis/Js/CriterioDiccionario.js HTTP/1.1" 200 608
191.156.18.67 - - [28/Feb/2023:04:52:26 -0500] "GET /catalogoisis/Js/Diccionario.js HTTP/1.1" 200 999
191.156.18.67 - - [28/Feb/2023:04:52:26 -0500] "GET /catalogoisis/Js/LimpiarDiccionario.js HTTP/1.1" 200 98
172.22.2.4 - - [28/Feb/2023:04:50:46 -0500] "HEAD /BLA/boletinlegal/ HTTP/1.1" 200 -
191.156.18.67 - - [28/Feb/2023:04:52:39 -0500] "POST /catalogoisis/Diccionario.php HTTP/1.1" 200 5069
191.156.18.67 - - [28/Feb/2023:04:52:44 -0500] "GET /catalogoisis/imagenes/aceptar2.gif HTTP/1.1" 200 586
191.156.18.67 - - [28/Feb/2023:04:53:03 -0500] "GET /catalogoisis/imagenes/aceptar2.gif HTTP/1.1" 200 586
191.156.18.67 - - [28/Feb/2023:04:53:04 -0500] "GET /catalogoisis/imagenes/aceptar2.gif HTTP/1.1" 200 586
191.156.18.67 - - [28/Feb/2023:04:53:07 -0500] "GET /catalogoisis/Diccionario.php?i=1&form=0&element=3&prefix=ti-&first=yes HTTP/1.1" 200 4199
191.156.18.67 - - [28/Feb/2023:04:53:14 -0500] "POST /catalogoisis/Diccionario.php HTTP/1.1" 200 5011
172.22.2.4 - - [28/Feb/2023:04:51:37 -0500] "GET /BLA/boletinlegal/ HTTP/1.1" 200 58297
201.245.192.253 - - [28/Feb/2023:04:53:47 -0500] "POST /kwsrmcab/Wsrmcab  HTTP/1.1" 200 40824
216.245.221.92 - - [28/Feb/2023:04:54:11 -0500] "HEAD / HTTP/1.1" 200 -
172.22.2.4 - - [28/Feb/2023:04:56:36 -0500] "HEAD /BLA/boletinlegal/ HTTP/1.1" 200 -
201.245.192.253 - - [28/Feb/2023:04:58:46 -0500] "POST /kwsrmcab/Wsrmcab  HTTP/1.1" 200 40824
172.22.2.4 - - [28/Feb/2023:04:57:27 -0500] "GET /BLA/boletinlegal/ HTTP/1.1" 200 59296
216.245.221.92 - - [28/Feb/2023:04:59:11 -0500] "HEAD / HTTP/1.1" 200 -
193.32.162.159 - - [28/Feb/2023:05:00:51 -0500] "GET / HTTP/1.1" 200 319
173.252.87.14 - - [28/Feb/2023:05:01:04 -0500] "GET /secretaria-de-ambiente-abre-inscripciones-para-recorridos-gratuitos-en-aulas-ambientales-de-bogota.html HTTP/1.1" 206 916
66.249.69.179 - - [28/Feb/2023:05:01:21 -0500] "-" 408 -
66.249.70.13 - - [28/Feb/2023:05:01:55 -0500] "-" 408 -
201.245.192.253 - - [28/Feb/2023:05:03:45 -0500] "POST /kwsrmcab/Wsrmcab  HTTP/1.1" 200 40824
172.22.2.4 - - [28/Feb/2023:05:02:26 -0500] "HEAD /BLA/boletinlegal/ HTTP/1.1" 200 -
216.245.221.92 - - [28/Feb/2023:05:04:11 -0500] "HEAD / HTTP/1.1" 200 -
172.22.2.4 - - [28/Feb/2023:05:03:17 -0500] "GET /BLA/boletinlegal/ HTTP/1.1" 200 58297
31.13.115.11 - - [28/Feb/2023:05:06:01 -0500] "GET /images/8%20de%20febrero%20incendio%20forestal.jpeg HTTP/1.1" 200 56283
201.245.192.253 - - [28/Feb/2023:05:08:43 -0500] "POST /kwsrmcab/Wsrmcab  HTTP/1.1" 200 40824
172.22.2.4 - - [28/Feb/2023:05:09:06 -0500] "GET /BLA/boletinlegal/consulta_normativa.php?tipo=&sector=emisiones&ano=&resuelve= HTTP/1.1" 200 19168
216.245.221.92 - - [28/Feb/2023:05:09:11 -0500] "HEAD / HTTP/1.1" 200 -
162.55.173.23 - - [28/Feb/2023:05:09:38 -0500] "GET / HTTP/1.1" 200 4720
162.55.173.23 - - [28/Feb/2023:05:09:40 -0500] "GET / HTTP/1.1" 200 319
172.22.2.4 - - [28/Feb/2023:05:08:16 -0500] "HEAD /BLA/boletinlegal/ HTTP/1.1" 200 -
34.91.142.213 - - [28/Feb/2023:05:10:02 -0500] "GET /inventario-de-emisiones-2020-transporte-publico-sitp-redujo-emisiones-de-pm-2-5-en-un-37.html HTTP/1.1" 200 925
172.22.2.4 - - [28/Feb/2023:05:09:07 -0500] "GET /BLA/boletinlegal/ HTTP/1.1" 200 57141
201.245.192.253 - - [28/Feb/2023:05:13:41 -0500] "POST /kwsrmcab/Wsrmcab  HTTP/1.1" 200 40824
186.119.109.150 - - [28/Feb/2023:05:13:53 -0500] "GET /camino-guadalupe-aguanoso-abierto-de-nuevo-al-publico.html HTTP/1.1" 200 879
216.245.221.92 - - [28/Feb/2023:05:14:11 -0500] "HEAD / HTTP/1.1" 200 -
172.22.2.4 - - [28/Feb/2023:05:14:06 -0500] "HEAD /BLA/boletinlegal/ HTTP/1.1" 200 -
172.22.2.4 - - [28/Feb/2023:05:14:57 -0500] "GET /BLA/boletinlegal/ HTTP/1.1" 200 57551
152.202.94.186 - - [28/Feb/2023:05:17:56 -0500] "GET /BLA/resoluciones/Decretos/Decreto%20088%20de%2007%20de%20marzo%20del%202019.pdf HTTP/1.1" 200 419054
201.245.192.253 - - [28/Feb/2023:05:17:59 -0500] "POST /kwsrmcab/Wsrmcab HTTP/1.1" 200 40956
201.245.192.253 - - [28/Feb/2023:05:18:02 -0500] "POST /kwsrmcab/Wsrmcab HTTP/1.1" 200 41119
201.245.192.253 - - [28/Feb/2023:05:18:39 -0500] "POST /kwsrmcab/Wsrmcab  HTTP/1.1" 200 40824
216.245.221.92 - - [28/Feb/2023:05:19:11 -0500] "HEAD / HTTP/1.1" 200 -
172.22.2.4 - - [28/Feb/2023:05:19:56 -0500] "HEAD /BLA/boletinlegal/ HTTP/1.1" 200 -
172.22.2.4 - - [28/Feb/2023:05:20:47 -0500] "GET /BLA/boletinlegal/ HTTP/1.1" 200 44055
172.22.2.4 - - [28/Feb/2023:05:20:54 -0500] "GET /BLA/boletinlegal/ HTTP/1.1" 200 44055
152.202.94.186 - - [28/Feb/2023:05:22:36 -0500] "GET /BLA/normas/1208.pdf HTTP/1.1" 200 1485145
172.22.2.4 - - [28/Feb/2023:05:22:43 -0500] "GET /BLA/boletinlegal/Circulares/2023/CIRCULAR%20No.%2000001%20DEL%2020%20DE%20FEBRERO%20DEL%202023.pdf HTTP/1.1" 200 317520
201.245.192.253 - - [28/Feb/2023:05:23:38 -0500] "POST /kwsrmcab/Wsrmcab  HTTP/1.1" 200 40824
216.245.221.92 - - [28/Feb/2023:05:24:11 -0500] "HEAD / HTTP/1.1" 200 -
179.19.237.174 - - [28/Feb/2023:05:24:45 -0500] "GET /sipse/faces/javax.faces.resource/theme.css?ln=primefaces-sipse HTTP/1.1" 304 -
179.19.237.174 - - [28/Feb/2023:05:24:46 -0500] "GET /sipse/faces/faces/faces/faces/autenticacion.xhtml HTTP/1.1" 200 12172
179.19.237.174 - - [28/Feb/2023:05:24:46 -0500] "GET /sipse/css/custom_css_sg.css HTTP/1.1" 304 -
179.19.237.174 - - [28/Feb/2023:05:24:46 -0500] "GET /sipse/faces/javax.faces.resource/primefaces.css?ln=primefaces&v=4.0 HTTP/1.1" 304 -
179.19.237.174 - - [28/Feb/2023:05:24:46 -0500] "GET /sipse/js/disable_browser_buttons.js HTTP/1.1" 304 -
179.19.237.174 - - [28/Feb/2023:05:24:46 -0500] "GET /sipse/css/custom_css_sg_prime_login.css HTTP/1.1" 304 -
179.19.237.174 - - [28/Feb/2023:05:24:46 -0500] "GET /sipse/faces/javax.faces.resource/theme.css?ln=primefaces-sipse HTTP/1.1" 304 -
179.19.237.174 - - [28/Feb/2023:05:24:46 -0500] "GET /sipse/faces/javax.faces.resource/layout/layout.css?ln=primefaces&v=4.0 HTTP/1.1" 304 -
179.19.237.174 - - [28/Feb/2023:05:24:46 -0500] "GET /sipse/js/funciones.js HTTP/1.1" 304 -
179.19.237.174 - - [28/Feb/2023:05:24:46 -0500] "GET /sipse/faces/javax.faces.resource/jquery/jquery.js?ln=primefaces&v=4.0 HTTP/1.1" 304 -
179.19.237.174 - - [28/Feb/2023:05:24:46 -0500] "GET /sipse/faces/javax.faces.resource/jquery/jquery-plugins.js?ln=primefaces&v=4.0 HTTP/1.1" 304 -
179.19.237.174 - - [28/Feb/2023:05:24:46 -0500] "GET /sipse/faces/javax.faces.resource/layout/layout.js?ln=primefaces&v=4.0 HTTP/1.1" 304 -
179.19.237.174 - - [28/Feb/2023:05:24:46 -0500] "GET /sipse/faces/javax.faces.resource/primefaces.js?ln=primefaces&v=4.0 HTTP/1.1" 304 -
179.19.237.174 - - [28/Feb/2023:05:24:47 -0500] "GET /sipse/css/imagen/logoSDG.png HTTP/1.1" 304 -
179.19.237.174 - - [28/Feb/2023:05:24:47 -0500] "GET /sipse/css/imagen/loginimg.png HTTP/1.1" 304 -
179.19.237.174 - - [28/Feb/2023:05:24:47 -0500] "GET /sipse/faces/javax.faces.resource/images/ui-icons_898989_256x240.png?ln=primefaces-aristo HTTP/1.1" 304 -
172.22.2.4 - - [28/Feb/2023:05:25:46 -0500] "HEAD /BLA/boletinlegal/ HTTP/1.1" 200 -
66.249.70.15 - - [28/Feb/2023:05:27:27 -0500] "-" 408 -
201.245.192.253 - - [28/Feb/2023:05:27:59 -0500] "POST /kwsrmcab/Wsrmcab HTTP/1.1" 200 40956
201.245.192.253 - - [28/Feb/2023:05:28:02 -0500] "POST /kwsrmcab/Wsrmcab HTTP/1.1" 200 41119
172.22.2.4 - - [28/Feb/2023:05:26:37 -0500] "GET /BLA/boletinlegal/ HTTP/1.1" 200 57935
201.245.192.253 - - [28/Feb/2023:05:28:36 -0500] "POST /kwsrmcab/Wsrmcab  HTTP/1.1" 200 40824
216.245.221.92 - - [28/Feb/2023:05:29:11 -0500] "HEAD / HTTP/1.1" 200 -
152.202.94.186 - - [28/Feb/2023:05:32:34 -0500] "GET /BLA/resoluciones/RESOLUCIONES%202011/6982.pdf HTTP/1.1" 200 1266045
172.22.2.4 - - [28/Feb/2023:05:33:05 -0500] "GET /BLA/boletinlegal/style.css HTTP/1.1" 200 9406
172.22.2.4 - - [28/Feb/2023:05:33:05 -0500] "GET /BLA/boletinlegal/styles2.css HTTP/1.1" 200 1838
172.22.2.4 - - [28/Feb/2023:05:33:05 -0500] "GET /BLA/boletinlegal/js/jquery.js HTTP/1.1" 200 57254
172.22.2.4 - - [28/Feb/2023:05:33:05 -0500] "GET /BLA/boletinlegal/js/jquery.scrollTo-min.js HTTP/1.1" 200 1150
172.22.2.4 - - [28/Feb/2023:05:33:05 -0500] "GET /BLA/boletinlegal/js/jquery.scrollShow.js HTTP/1.1" 200 4586
172.22.2.4 - - [28/Feb/2023:05:33:05 -0500] "GET /BLA/boletinlegal/images/cabezote%20BLEGAL.jpg HTTP/1.1" 200 118164
172.22.2.4 - - [28/Feb/2023:05:33:05 -0500] "GET /BLA/boletinlegal/images/subscribe-icon-big.png HTTP/1.1" 200 47702
172.22.2.4 - - [28/Feb/2023:05:33:05 -0500] "GET /BLA/boletinlegal/images/historia.png HTTP/1.1" 200 52775
172.22.2.4 - - [28/Feb/2023:05:33:05 -0500] "GET /BLA/boletinlegal/images/registro-usuarios.png HTTP/1.1" 200 8106
172.22.2.4 - - [28/Feb/2023:05:33:05 -0500] "GET /BLA/boletinlegal/images/arr_l.jpg HTTP/1.1" 200 1979
172.22.2.4 - - [28/Feb/2023:05:33:05 -0500] "GET /BLA/boletinlegal/images/screen_1.png HTTP/1.1" 200 202547
172.22.2.4 - - [28/Feb/2023:05:33:05 -0500] "GET /BLA/boletinlegal/images/launch.jpg HTTP/1.1" 200 14577
172.22.2.4 - - [28/Feb/2023:05:33:05 -0500] "GET /BLA/boletinlegal/images/body_bg.jpg HTTP/1.1" 200 1601
172.22.2.4 - - [28/Feb/2023:05:33:05 -0500] "GET /BLA/boletinlegal/images/menu_lft.gif HTTP/1.1" 200 1713
172.22.2.4 - - [28/Feb/2023:05:33:05 -0500] "GET /BLA/boletinlegal/images/menu_rght.gif HTTP/1.1" 200 1627
172.22.2.4 - - [28/Feb/2023:05:33:05 -0500] "GET /BLA/boletinlegal/images/hover.jpg HTTP/1.1" 200 640
172.22.2.4 - - [28/Feb/2023:05:33:05 -0500] "GET /BLA/boletinlegal/images/bg_top.jpg HTTP/1.1" 200 522
172.22.2.4 - - [28/Feb/2023:05:33:05 -0500] "GET /BLA/boletinlegal/images/menu_bg.jpg HTTP/1.1" 200 620
172.22.2.4 - - [28/Feb/2023:05:33:05 -0500] "GET /BLA/boletinlegal/images/text.jpg HTTP/1.1" 200 568
172.22.2.4 - - [28/Feb/2023:05:33:06 -0500] "GET /BLA/boletinlegal/actos.php HTTP/1.1" 200 9672
172.22.2.4 - - [28/Feb/2023:05:33:07 -0500] "GET /BLA/boletinlegal/niceforms-default.css HTTP/1.1" 200 6694
172.22.2.4 - - [28/Feb/2023:05:33:07 -0500] "GET /BLA/boletinlegal/js/lib.js HTTP/1.1" 200 6474
172.22.2.4 - - [28/Feb/2023:05:33:07 -0500] "GET /BLA/boletinlegal/js/popup.js HTTP/1.1" 200 1270
172.22.2.4 - - [28/Feb/2023:05:33:07 -0500] "GET /BLA/boletinlegal/niceforms.js HTTP/1.1" 200 22876
172.22.2.4 - - [28/Feb/2023:05:33:07 -0500] "GET /BLA/boletinlegal/js/jquery1.js HTTP/1.1" 200 29846
172.22.2.4 - - [28/Feb/2023:05:33:07 -0500] "GET /BLA/boletinlegal/js/ajax_actos.js HTTP/1.1" 200 1322
172.22.2.4 - - [28/Feb/2023:05:33:07 -0500] "GET /BLA/boletinlegal/images/green-yellow-blue-pink-th.png HTTP/1.1" 200 7394
172.22.2.4 - - [28/Feb/2023:05:33:07 -0500] "GET /BLA/boletinlegal/images/tel.png HTTP/1.1" 200 14477
172.22.2.4 - - [28/Feb/2023:05:33:07 -0500] "GET /BLA/boletinlegal/images/icono-email.png HTTP/1.1" 200 5544
172.22.2.4 - - [28/Feb/2023:05:33:07 -0500] "GET /BLA/boletinlegal/images/footer_bg.jpg HTTP/1.1" 200 586
172.22.2.4 - - [28/Feb/2023:05:33:07 -0500] "GET /BLA/boletinlegal/images/footer_bg_l.jpg HTTP/1.1" 200 776
172.22.2.4 - - [28/Feb/2023:05:33:07 -0500] "GET /BLA/boletinlegal/img/0.png HTTP/1.1" 200 110
172.22.2.4 - - [28/Feb/2023:05:33:07 -0500] "GET /BLA/boletinlegal/img/select-right.png HTTP/1.1" 200 44019
172.22.2.4 - - [28/Feb/2023:05:33:07 -0500] "GET /BLA/boletinlegal/img/select-left.png HTTP/1.1" 200 263
172.22.2.4 - - [28/Feb/2023:05:33:07 -0500] "GET /BLA/boletinlegal/img/button.png HTTP/1.1" 200 43241
172.22.2.4 - - [28/Feb/2023:05:33:07 -0500] "GET /BLA/boletinlegal/img/button-left.png HTTP/1.1" 200 57071
172.22.2.4 - - [28/Feb/2023:05:33:07 -0500] "GET /BLA/boletinlegal/img/button-right.png HTTP/1.1" 200 57878
172.22.2.4 - - [28/Feb/2023:05:33:07 -0500] "GET /BLA/boletinlegal/favicon.ico HTTP/1.1" 404 1326
172.22.2.4 - - [28/Feb/2023:05:31:36 -0500] "HEAD /BLA/boletinlegal/ HTTP/1.1" 200 -
201.245.192.253 - - [28/Feb/2023:05:33:35 -0500] "POST /kwsrmcab/Wsrmcab  HTTP/1.1" 200 40824
172.22.2.4 - - [28/Feb/2023:05:33:05 -0500] "GET /BLA/boletinlegal/ HTTP/1.1" 200 24523
172.22.2.4 - - [28/Feb/2023:05:33:47 -0500] "GET /BLA/boletinlegal/consulta_actos.php?tipo=resoluciones&no=2994&usuario=&sector=PEV&fecha=2021&resuelve= HTTP/1.1" 200 1138
172.22.2.4 - - [28/Feb/2023:05:33:47 -0500] "GET /BLA/boletinlegal/images/pdf.gif HTTP/1.1" 200 567
186.84.21.6 - - [28/Feb/2023:05:33:49 -0500] "GET /BLA/resoluciones/RESOLUCIONES%202021/2994.pdf HTTP/1.1" 200 472461
186.84.21.6 - - [28/Feb/2023:05:33:49 -0500] "GET /favicon.ico HTTP/1.1" 200 7782
66.249.70.13 - - [28/Feb/2023:05:33:50 -0500] "-" 408 -
31.13.103.10 - - [28/Feb/2023:05:33:52 -0500] "GET /images/24%20de%20febrero%20Sendero%20guadalupe%202.jpeg HTTP/1.1" 200 70964
172.22.2.4 - - [28/Feb/2023:05:32:27 -0500] "GET /BLA/boletinlegal/ HTTP/1.1" 200 51967
216.245.221.92 - - [28/Feb/2023:05:34:11 -0500] "HEAD / HTTP/1.1" 200 -
152.202.94.186 - - [28/Feb/2023:05:34:30 -0500] "GET /BLA/resoluciones/RESOLUCIONES%202008/0910.pdf HTTP/1.1" 200 278297
69.63.184.117 - - [28/Feb/2023:05:34:52 -0500] "GET /images/17%20de%20febrero%20mujeres%20que%20reverdecen.jpeg HTTP/1.1" 200 85735
172.22.2.4 - - [28/Feb/2023:05:35:39 -0500] "GET /BLA/boletinlegal/consulta_normativa.php?tipo=&sector=fauna&ano=&resuelve= HTTP/1.1" 200 7729
201.245.192.253 - - [28/Feb/2023:05:37:59 -0500] "POST /kwsrmcab/Wsrmcab HTTP/1.1" 200 40956
201.245.192.253 - - [28/Feb/2023:05:38:02 -0500] "POST /kwsrmcab/Wsrmcab HTTP/1.1" 200 41119
201.245.192.253 - - [28/Feb/2023:05:38:33 -0500] "POST /kwsrmcab/Wsrmcab  HTTP/1.1" 200 40824
172.22.2.4 - - [28/Feb/2023:05:37:26 -0500] "HEAD /BLA/boletinlegal/ HTTP/1.1" 200 -
216.245.221.92 - - [28/Feb/2023:05:39:11 -0500] "HEAD / HTTP/1.1" 200 -
66.249.70.13 - - [28/Feb/2023:05:39:43 -0500] "-" 408 -
172.22.2.4 - - [28/Feb/2023:05:38:17 -0500] "GET /BLA/boletinlegal/ HTTP/1.1" 200 57551
172.22.2.4 - - [28/Feb/2023:05:41:59 -0500] "GET /BLA/boletinlegal/consulta_normativa.php?tipo=&sector=flora&ano=&resuelve= HTTP/1.1" 200 2158
186.84.88.142 - - [28/Feb/2023:05:42:00 -0500] "GET /bogota-mantiene-alerta-fase-1-por-calidad-del-aire-y-adopta-algunas-medidas.html HTTP/1.1" 200 1023
152.202.94.186 - - [28/Feb/2023:05:42:40 -0500] "GET /BLA/resoluciones/RESOLUCIONES%202009/7615.pdf HTTP/1.1" 200 446633
186.84.88.142 - - [28/Feb/2023:05:43:14 -0500] "GET /distrito-comparte-con-motociclistas-motivos-de-alerta-ambiental-y-recuerda-que-no-hay-pico-y-placa-para-motos-en-las-condiciones-actuales.html HTTP/1.1" 200 941
201.245.192.253 - - [28/Feb/2023:05:43:32 -0500] "POST /kwsrmcab/Wsrmcab  HTTP/1.1" 200 40824
216.245.221.92 - - [28/Feb/2023:05:44:11 -0500] "HEAD / HTTP/1.1" 200 -
172.22.2.4 - - [28/Feb/2023:05:44:17 -0500] "GET /BLA/boletinlegal/consulta_normativa.php?tipo=&sector=licencia&ano=&resuelve= HTTP/1.1" 200 5398
172.22.2.4 - - [28/Feb/2023:05:44:26 -0500] "GET /BLA/boletinlegal/actos.php HTTP/1.1" 200 9672
172.22.2.4 - - [28/Feb/2023:05:44:26 -0500] "GET /BLA/boletinlegal/styles2.css HTTP/1.1" 200 1838
172.22.2.4 - - [28/Feb/2023:05:44:26 -0500] "GET /BLA/boletinlegal/niceforms-default.css HTTP/1.1" 200 6694
172.22.2.4 - - [28/Feb/2023:05:44:26 -0500] "GET /BLA/boletinlegal/style.css HTTP/1.1" 200 9406
172.22.2.4 - - [28/Feb/2023:05:44:29 -0500] "GET /BLA/boletinlegal/js/ajax_actos.js HTTP/1.1" 200 1322
172.22.2.4 - - [28/Feb/2023:05:44:29 -0500] "GET /BLA/boletinlegal/niceforms.js HTTP/1.1" 200 22876
172.22.2.4 - - [28/Feb/2023:05:44:29 -0500] "GET /BLA/boletinlegal/js/lib.js HTTP/1.1" 200 6474
172.22.2.4 - - [28/Feb/2023:05:44:29 -0500] "GET /BLA/boletinlegal/js/popup.js HTTP/1.1" 200 1270
172.22.2.4 - - [28/Feb/2023:05:44:29 -0500] "GET /BLA/boletinlegal/js/jquery1.js HTTP/1.1" 200 29846
172.22.2.4 - - [28/Feb/2023:05:44:29 -0500] "GET /BLA/boletinlegal/images/cabezote%20BLEGAL.jpg HTTP/1.1" 200 118164
172.22.2.4 - - [28/Feb/2023:05:44:29 -0500] "GET /BLA/boletinlegal/images/subscribe-icon-big.png HTTP/1.1" 200 47702
172.22.2.4 - - [28/Feb/2023:05:44:29 -0500] "GET /BLA/boletinlegal/images/historia.png HTTP/1.1" 200 52775
172.22.2.4 - - [28/Feb/2023:05:44:29 -0500] "GET /BLA/boletinlegal/images/registro-usuarios.png HTTP/1.1" 200 8106
172.22.2.4 - - [28/Feb/2023:05:44:29 -0500] "GET /BLA/boletinlegal/images/green-yellow-blue-pink-th.png HTTP/1.1" 200 7394
172.22.2.4 - - [28/Feb/2023:05:44:30 -0500] "GET /BLA/boletinlegal/images/body_bg.jpg HTTP/1.1" 200 1601
172.22.2.4 - - [28/Feb/2023:05:44:30 -0500] "GET /BLA/boletinlegal/images/menu_lft.gif HTTP/1.1" 200 1713
172.22.2.4 - - [28/Feb/2023:05:44:30 -0500] "GET /BLA/boletinlegal/images/bg_top.jpg HTTP/1.1" 200 522
172.22.2.4 - - [28/Feb/2023:05:44:30 -0500] "GET /BLA/boletinlegal/images/menu_rght.gif HTTP/1.1" 200 1627
172.22.2.4 - - [28/Feb/2023:05:44:30 -0500] "GET /BLA/boletinlegal/images/menu_bg.jpg HTTP/1.1" 200 620
172.22.2.4 - - [28/Feb/2023:05:44:30 -0500] "GET /BLA/boletinlegal/images/footer_bg.jpg HTTP/1.1" 200 586
172.22.2.4 - - [28/Feb/2023:05:44:30 -0500] "GET /BLA/boletinlegal/images/text.jpg HTTP/1.1" 200 568
172.22.2.4 - - [28/Feb/2023:05:44:30 -0500] "GET /BLA/boletinlegal/images/footer_bg_l.jpg HTTP/1.1" 200 776
172.22.2.4 - - [28/Feb/2023:05:44:30 -0500] "GET /BLA/boletinlegal/images/icono-email.png HTTP/1.1" 200 5544
172.22.2.4 - - [28/Feb/2023:05:44:30 -0500] "GET /BLA/boletinlegal/images/hover.jpg HTTP/1.1" 200 640
172.22.2.4 - - [28/Feb/2023:05:44:30 -0500] "GET /BLA/boletinlegal/images/tel.png HTTP/1.1" 200 14477
172.22.2.4 - - [28/Feb/2023:05:44:30 -0500] "GET /BLA/boletinlegal/img/0.png HTTP/1.1" 200 110
172.22.2.4 - - [28/Feb/2023:05:44:30 -0500] "GET /BLA/boletinlegal/img/select-left.png HTTP/1.1" 200 263
172.22.2.4 - - [28/Feb/2023:05:44:30 -0500] "GET /BLA/boletinlegal/img/button.png HTTP/1.1" 200 43241
172.22.2.4 - - [28/Feb/2023:05:44:30 -0500] "GET /BLA/boletinlegal/img/select-right.png HTTP/1.1" 200 44019
172.22.2.4 - - [28/Feb/2023:05:44:30 -0500] "GET /BLA/boletinlegal/img/button-left.png HTTP/1.1" 200 57071
172.22.2.4 - - [28/Feb/2023:05:44:30 -0500] "GET /BLA/boletinlegal/img/button-right.png HTTP/1.1" 200 57878
172.22.2.4 - - [28/Feb/2023:05:44:30 -0500] "GET /BLA/boletinlegal/favicon.ico HTTP/1.1" 404 1326
172.22.2.4 - - [28/Feb/2023:05:44:41 -0500] "GET /BLA/boletinlegal/consulta_actos.php?tipo=autos&no=&usuario=&sector=&fecha=2023&resuelve= HTTP/1.1" 200 15591
172.22.2.4 - - [28/Feb/2023:05:44:42 -0500] "GET /BLA/boletinlegal/images/pdf.gif HTTP/1.1" 200 567
172.22.2.4 - - [28/Feb/2023:05:44:42 -0500] "GET /BLA/boletinlegal/images/background.gif HTTP/1.1" 200 -
172.22.2.4 - - [28/Feb/2023:05:43:16 -0500] "HEAD /BLA/boletinlegal/ HTTP/1.1" 200 -
172.22.2.4 - - [28/Feb/2023:05:45:16 -0500] "GET /BLA/boletinlegal/consulta_actos.php?tipo=resoluciones&no=&usuario=&sector=&fecha=2023&resuelve= HTTP/1.1" 200 20562
186.84.91.87 - - [28/Feb/2023:05:45:36 -0500] "GET /BLA/resoluciones/RESOLUCIONES%202023/0308.pdf HTTP/1.1" 200 855203
186.84.91.87 - - [28/Feb/2023:05:45:46 -0500] "GET /BLA/resoluciones/RESOLUCIONES%202023/0308.pdf HTTP/1.1" 206 1
186.84.91.87 - - [28/Feb/2023:05:45:46 -0500] "GET /BLA/resoluciones/RESOLUCIONES%202023/0308.pdf HTTP/1.1" 206 812035
172.22.2.4 - - [28/Feb/2023:05:44:07 -0500] "GET /BLA/boletinlegal/ HTTP/1.1" 200 53551
186.84.91.87 - - [28/Feb/2023:05:46:13 -0500] "GET /BLA/resoluciones/RESOLUCIONES%202023/0308.pdf HTTP/1.1" 206 1
186.84.91.87 - - [28/Feb/2023:05:46:13 -0500] "GET /BLA/resoluciones/RESOLUCIONES%202023/0308.pdf HTTP/1.1" 206 812035
66.249.70.13 - - [28/Feb/2023:05:48:05 -0500] "-" 408 -
201.245.192.253 - - [28/Feb/2023:05:48:31 -0500] "POST /kwsrmcab/Wsrmcab  HTTP/1.1" 200 40824
34.141.162.102 - - [28/Feb/2023:05:49:01 -0500] "GET /inventario-de-emisiones-2020-transporte-publico-sitp-redujo-emisiones-de-pm-2-5-en-un-37.html HTTP/1.1" 200 925
216.245.221.92 - - [28/Feb/2023:05:49:11 -0500] "HEAD / HTTP/1.1" 200 -
69.171.231.5 - - [28/Feb/2023:05:49:50 -0500] "GET /images/Sello%201%20JA-2.jpeg HTTP/1.1" 200 42236
34.90.207.108 - - [28/Feb/2023:05:50:46 -0500] "GET /inventario-de-emisiones-2020-transporte-publico-sitp-redujo-emisiones-de-pm-2-5-en-un-37.html HTTP/1.1" 200 925
172.22.2.4 - - [28/Feb/2023:05:49:06 -0500] "HEAD /BLA/boletinlegal/ HTTP/1.1" 200 -
34.91.247.101 - - [28/Feb/2023:05:51:10 -0500] "GET /inventario-de-emisiones-2020-transporte-publico-sitp-redujo-emisiones-de-pm-2-5-en-un-37.html HTTP/1.1" 200 925
172.22.2.4 - - [28/Feb/2023:05:51:27 -0500] "GET /BLA/boletinlegal/consulta_normativa.php?tipo=&sector=pma&ano=&resuelve= HTTP/1.1" 200 2408
172.22.2.4 - - [28/Feb/2023:05:49:57 -0500] "GET /BLA/boletinlegal/ HTTP/1.1" 200 53551
172.22.2.4 - - [28/Feb/2023:05:51:50 -0500] "GET /BLA/boletinlegal/consulta_normativa.php?tipo=&sector=publicidad&ano=&resuelve= HTTP/1.1" 200 28346
35.204.234.58 - - [28/Feb/2023:05:52:21 -0500] "GET /inventario-de-emisiones-2020-transporte-publico-sitp-redujo-emisiones-de-pm-2-5-en-un-37.html HTTP/1.1" 200 925
173.252.79.13 - - [28/Feb/2023:05:52:22 -0500] "GET /images/20%20de%20febrero%20panor\xc3\xa1mica%20de%20Bogot\xc3\xa1%20(1)%20(1).jpeg HTTP/1.1" 404 1034
152.202.94.186 - - [28/Feb/2023:05:52:22 -0500] "GET /BLA/resoluciones/RESOLUCIONES%202009/5453.pdf HTTP/1.1" 200 988834
172.22.2.4 - - [28/Feb/2023:05:52:30 -0500] "GET /BLA/boletinlegal/Circulares/2012/Circular%20No.%2014%20del%2011%20de%20Septiembre%20de%202012.pdf HTTP/1.1" 304 -
201.245.192.253 - - [28/Feb/2023:05:53:29 -0500] "POST /kwsrmcab/Wsrmcab  HTTP/1.1" 200 40824
66.249.70.13 - - [28/Feb/2023:05:53:42 -0500] "-" 408 -
216.245.221.92 - - [28/Feb/2023:05:54:11 -0500] "HEAD / HTTP/1.1" 200 -
40.77.167.166 - - [28/Feb/2023:05:54:32 -0500] "GET /BLA/resoluciones/AUTOS%202014/5082.pdf HTTP/1.1" 200 567691
35.204.234.58 - - [28/Feb/2023:05:55:32 -0500] "GET /inventario-de-emisiones-2020-transporte-publico-sitp-redujo-emisiones-de-pm-2-5-en-un-37.html HTTP/1.1" 200 925
157.55.39.253 - - [28/Feb/2023:05:55:38 -0500] "GET /secretaria-de-ambiente-impone-sancion-por-puntos-de-obra-sin-permiso-en-el-humedal-tibabuyes.html HTTP/1.1" 200 990
152.202.94.186 - - [28/Feb/2023:05:56:09 -0500] "GET /BLA/resoluciones/RESOLUCIONES%202008/0930.pdf HTTP/1.1" 200 321308
172.22.2.4 - - [28/Feb/2023:05:54:56 -0500] "HEAD /BLA/boletinlegal/ HTTP/1.1" 200 -
34.90.51.83 - - [28/Feb/2023:05:56:41 -0500] "GET /inventario-de-emisiones-2020-transporte-publico-sitp-redujo-emisiones-de-pm-2-5-en-un-37.html HTTP/1.1" 200 925
172.22.2.4 - - [28/Feb/2023:05:56:50 -0500] "GET /BLA/boletinlegal/consulta_normativa.php?tipo=&sector=residuos&ano=&resuelve= HTTP/1.1" 200 20100
40.77.167.223 - - [28/Feb/2023:05:57:09 -0500] "GET /bla/resoluciones/resoluciones%202010/resolucion%202771%20de%202010.pdf HTTP/1.1" 200 151817
172.22.2.4 - - [28/Feb/2023:05:57:20 -0500] "GET /BLA/boletinlegal/consulta_normativa.php?tipo=&sector=vertimientos&ano=&resuelve= HTTP/1.1" 200 12054
172.22.2.4 - - [28/Feb/2023:05:55:47 -0500] "GET /BLA/boletinlegal/ HTTP/1.1" 200 57551
34.91.247.101 - - [28/Feb/2023:05:57:27 -0500] "GET /inventario-de-emisiones-2020-transporte-publico-sitp-redujo-emisiones-de-pm-2-5-en-un-37.html HTTP/1.1" 200 925
201.245.192.253 - - [28/Feb/2023:05:58:27 -0500] "POST /kwsrmcab/Wsrmcab  HTTP/1.1" 200 40824
216.245.221.92 - - [28/Feb/2023:05:59:11 -0500] "HEAD / HTTP/1.1" 200 -
66.249.70.13 - - [28/Feb/2023:06:00:31 -0500] "-" 408 -
152.202.94.186 - - [28/Feb/2023:06:01:55 -0500] "GET /BLA/resoluciones/RESOLUCIONES%202010/4328.pdf HTTP/1.1" 200 657779
172.22.2.4 - - [28/Feb/2023:06:00:46 -0500] "HEAD /BLA/boletinlegal/ HTTP/1.1" 200 -
35.204.234.58 - - [28/Feb/2023:06:02:43 -0500] "GET /inventario-de-emisiones-2020-transporte-publico-sitp-redujo-emisiones-de-pm-2-5-en-un-37.html HTTP/1.1" 200 925
172.22.2.4 - - [28/Feb/2023:06:01:37 -0500] "GET /BLA/boletinlegal/ HTTP/1.1" 200 52316
201.245.192.253 - - [28/Feb/2023:06:03:26 -0500] "POST /kwsrmcab/Wsrmcab  HTTP/1.1" 200 40824
69.63.184.118 - - [28/Feb/2023:06:03:43 -0500] "GET /images/foto%202.jpg HTTP/1.1" 200 63300
216.245.221.92 - - [28/Feb/2023:06:04:11 -0500] "HEAD / HTTP/1.1" 200 -
172.22.2.4 - - [28/Feb/2023:06:06:19 -0500] "GET /BLA/boletinlegal/consulta_normativa.php?tipo=&sector=ruido&ano=&resuelve= HTTP/1.1" 200 2326
152.202.94.186 - - [28/Feb/2023:06:07:33 -0500] "GET /BLA/resoluciones/RESOLUCIONES%202010/6918.pdf HTTP/1.1" 200 1281285
105.160.4.102 - - [28/Feb/2023:06:07:47 -0500] "GET /bla/resoluciones/ HTTP/1.1" 200 12235
105.160.4.102 - - [28/Feb/2023:06:07:48 -0500] "GET /BLA/resoluciones/ HTTP/1.1" 200 13502
105.160.4.102 - - [28/Feb/2023:06:08:06 -0500] "GET /portaldeninos/aulas-ambientales/ HTTP/1.1" 200 14464
105.160.4.102 - - [28/Feb/2023:06:08:06 -0500] "GET /portaldeninos/parque-ecologico-distrital-humedal-santa-maria-del-lago/ HTTP/1.1" 200 14464
105.160.4.102 - - [28/Feb/2023:06:08:08 -0500] "GET /portaldeninos/parque-mirador-de-los-nevados/ HTTP/1.1" 200 14464
105.160.4.102 - - [28/Feb/2023:06:08:08 -0500] "GET /portaldeninos/aulas-ambientales/aula-ambiental-sorotama/ HTTP/1.1" 200 14464
105.160.4.102 - - [28/Feb/2023:06:08:10 -0500] "GET /portaldeninos/relatos-urbanos-de-los-ecosistemas-bogotanos-2/ HTTP/1.1" 200 14463
105.160.4.102 - - [28/Feb/2023:06:08:10 -0500] "GET /portaldeninos/ HTTP/1.1" 200 14393
105.160.4.102 - - [28/Feb/2023:06:08:11 -0500] "GET /portaldeninos/aula-ambiental-artistica-itinerante-auambari/ HTTP/1.1" 200 14464
105.160.4.102 - - [28/Feb/2023:06:08:11 -0500] "GET /portaldeninos/aulas-ambientales-2/parque-ecologico-distrital-de-montana-entrenubes/ HTTP/1.1" 200 14464
105.160.4.102 - - [28/Feb/2023:06:08:13 -0500] "GET /portaldeninos/los-arboles/ HTTP/1.1" 200 14464
105.160.4.102 - - [28/Feb/2023:06:08:13 -0500] "GET /portaldeninos/aulas-ambientales/aula-ambiental-sorotama/ HTTP/1.1" 200 89596
172.22.2.4 - - [28/Feb/2023:06:06:36 -0500] "HEAD /BLA/boletinlegal/ HTTP/1.1" 200 -
105.160.4.102 - - [28/Feb/2023:06:08:16 -0500] "GET /portaldeninos/los-arboles/tips/ HTTP/1.1" 200 14465
105.160.4.102 - - [28/Feb/2023:06:08:15 -0500] "GET /portaldeninos/aulas-ambientales/ HTTP/1.1" 200 88416
105.160.4.102 - - [28/Feb/2023:06:08:18 -0500] "GET /portaldeninos/ HTTP/1.1" 200 110197
105.160.4.102 - - [28/Feb/2023:06:08:17 -0500] "GET /portaldeninos/parque-ecologico-distrital-humedal-santa-maria-del-lago/ HTTP/1.1" 200 90199
105.160.4.102 - - [28/Feb/2023:06:08:21 -0500] "GET /portaldeninos/parque-mirador-de-los-nevados/ HTTP/1.1" 200 89855
105.160.4.102 - - [28/Feb/2023:06:08:21 -0500] "GET /portaldeninos/relatos-urbanos-de-los-ecosistemas-bogotanos-2/ HTTP/1.1" 200 88374
105.160.4.102 - - [28/Feb/2023:06:08:23 -0500] "GET /portaldeninos/aulas-ambientales-2/parque-ecologico-distrital-de-montana-entrenubes/ HTTP/1.1" 200 90406
105.160.4.102 - - [28/Feb/2023:06:08:23 -0500] "GET /portaldeninos/aula-ambiental-artistica-itinerante-auambari/ HTTP/1.1" 200 89306
105.160.4.102 - - [28/Feb/2023:06:08:24 -0500] "GET /portaldeninos/tipos-de-arboles-en-bogota/ HTTP/1.1" 200 14465
105.160.4.102 - - [28/Feb/2023:06:08:25 -0500] "GET /portaldeninos/fauna/ HTTP/1.1" 200 14465
201.245.192.253 - - [28/Feb/2023:06:08:25 -0500] "POST /kwsrmcab/Wsrmcab  HTTP/1.1" 200 40824
105.160.4.102 - - [28/Feb/2023:06:08:26 -0500] "GET /portaldeninos/los-arboles/ HTTP/1.1" 200 87546
105.160.4.102 - - [28/Feb/2023:06:08:27 -0500] "GET /portaldeninos/los-arboles/tips/ HTTP/1.1" 200 87677
105.160.4.102 - - [28/Feb/2023:06:08:29 -0500] "GET /portaldeninos/aire/ HTTP/1.1" 200 14465
105.160.4.102 - - [28/Feb/2023:06:08:30 -0500] "GET /portaldeninos/ruido/ HTTP/1.1" 200 14465
105.160.4.102 - - [28/Feb/2023:06:08:30 -0500] "GET /portaldeninos/glosario/ HTTP/1.1" 200 14464
105.160.4.102 - - [28/Feb/2023:06:08:31 -0500] "GET /portaldeninos/humedal-la-vaca-2/ HTTP/1.1" 200 14463
105.160.4.102 - - [28/Feb/2023:06:08:32 -0500] "GET /portaldeninos/publicidad/ HTTP/1.1" 200 14464
105.160.4.102 - - [28/Feb/2023:06:08:33 -0500] "GET /portaldeninos/humedal-santa-maria-del-lago/ HTTP/1.1" 200 14463
105.160.4.102 - - [28/Feb/2023:06:08:34 -0500] "GET /portaldeninos/humedal-tibanica-2/ HTTP/1.1" 200 14463
105.160.4.102 - - [28/Feb/2023:06:08:34 -0500] "GET /portaldeninos/corresponsal-ambiental/ HTTP/1.1" 200 14463
105.160.4.102 - - [28/Feb/2023:06:08:36 -0500] "GET /portaldeninos/humedal-la-conejera-2/ HTTP/1.1" 200 14463
105.160.4.102 - - [28/Feb/2023:06:08:36 -0500] "GET /portaldeninos/humedal-jaboque-2/ HTTP/1.1" 200 14463
105.160.4.102 - - [28/Feb/2023:06:08:38 -0500] "GET /portaldeninos/humedales-ramsar/ HTTP/1.1" 200 14463
66.249.70.13 - - [28/Feb/2023:06:08:40 -0500] "-" 408 -
105.160.4.102 - - [28/Feb/2023:06:08:37 -0500] "GET /portaldeninos/tipos-de-arboles-en-bogota/ HTTP/1.1" 200 109802
105.160.4.102 - - [28/Feb/2023:06:08:40 -0500] "GET /portaldeninos/humedal-torca-y-guaymaral-2/ HTTP/1.1" 200 14463
105.160.4.102 - - [28/Feb/2023:06:08:39 -0500] "GET /portaldeninos/fauna/ HTTP/1.1" 200 88429
105.160.4.102 - - [28/Feb/2023:06:08:41 -0500] "GET /portaldeninos/humedal-capellania-2/ HTTP/1.1" 200 14464
105.160.4.102 - - [28/Feb/2023:06:08:42 -0500] "GET /portaldeninos/humedal-el-tunjo/ HTTP/1.1" 200 14463
105.160.4.102 - - [28/Feb/2023:06:08:43 -0500] "GET /portaldeninos/contactanos/ HTTP/1.1" 200 14464
105.160.4.102 - - [28/Feb/2023:06:08:42 -0500] "GET /portaldeninos/aire/ HTTP/1.1" 200 88215
105.160.4.102 - - [28/Feb/2023:06:08:45 -0500] "GET /portaldeninos/humedal-cordoba-2/ HTTP/1.1" 200 14464
105.160.4.102 - - [28/Feb/2023:06:08:45 -0500] "GET /portaldeninos/humedal-la-vaca-2/ HTTP/1.1" 200 87837
105.160.4.102 - - [28/Feb/2023:06:08:47 -0500] "GET /portaldeninos/publicidad/ HTTP/1.1" 200 87569
105.160.4.102 - - [28/Feb/2023:06:08:48 -0500] "GET /portaldeninos/ruido/ HTTP/1.1" 200 88494
105.160.4.102 - - [28/Feb/2023:06:08:49 -0500] "GET /portaldeninos/glosario/ HTTP/1.1" 200 97198
105.160.4.102 - - [28/Feb/2023:06:08:50 -0500] "GET /portaldeninos/humedal-santa-maria-del-lago/ HTTP/1.1" 200 88988
105.160.4.102 - - [28/Feb/2023:06:08:51 -0500] "GET /portaldeninos/humedal-tibanica-2/ HTTP/1.1" 200 87771
105.160.4.102 - - [28/Feb/2023:06:08:51 -0500] "GET /portaldeninos/corresponsal-ambiental/ HTTP/1.1" 200 93768
105.160.4.102 - - [28/Feb/2023:06:08:53 -0500] "GET /portaldeninos/gestion-del-riesgo-incendios-forestales HTTP/1.1" 301 -
172.22.2.4 - - [28/Feb/2023:06:08:55 -0500] "GET /BLA/boletinlegal/consulta_normativa.php?tipo=&sector=silvicultura&ano=&resuelve= HTTP/1.1" 200 10126
105.160.4.102 - - [28/Feb/2023:06:08:53 -0500] "GET /portaldeninos/humedal-jaboque-2/ HTTP/1.1" 200 87846
105.160.4.102 - - [28/Feb/2023:06:08:54 -0500] "GET /portaldeninos/humedal-la-conejera-2/ HTTP/1.1" 200 88020
105.160.4.102 - - [28/Feb/2023:06:08:56 -0500] "GET /portaldeninos/agua-y-estructura-ecologica-principal HTTP/1.1" 301 -
105.160.4.102 - - [28/Feb/2023:06:08:56 -0500] "GET /portaldeninos/humedal-capellania-2/ HTTP/1.1" 200 87949
105.160.4.102 - - [28/Feb/2023:06:08:56 -0500] "GET /portaldeninos/humedal-el-tunjo/ HTTP/1.1" 200 87661
105.160.4.102 - - [28/Feb/2023:06:08:58 -0500] "GET /portaldeninos/humedal-torca-y-guaymaral-2/ HTTP/1.1" 200 88086
105.160.4.102 - - [28/Feb/2023:06:08:58 -0500] "GET /portaldeninos/humedales-ramsar/ HTTP/1.1" 200 89255
105.160.4.102 - - [28/Feb/2023:06:09:00 -0500] "GET /portaldeninos/humedal-juan-amarillo-2/ HTTP/1.1" 200 88155
105.160.4.102 - - [28/Feb/2023:06:09:00 -0500] "GET /portaldeninos/contactanos/ HTTP/1.1" 200 88135
105.160.4.102 - - [28/Feb/2023:06:09:02 -0500] "GET /portaldeninos/biodiversidad HTTP/1.1" 301 -
105.160.4.102 - - [28/Feb/2023:06:09:02 -0500] "GET /portaldeninos/humedal-el-burro-2/ HTTP/1.1" 200 87926
105.160.4.102 - - [28/Feb/2023:06:09:02 -0500] "GET /portaldeninos/humedal-cordoba-2/ HTTP/1.1" 200 88041
105.160.4.102 - - [28/Feb/2023:06:09:04 -0500] "GET /portaldeninos/que-es-cambio-climatico HTTP/1.1" 301 -
105.160.4.102 - - [28/Feb/2023:06:09:04 -0500] "GET /portaldeninos/residuos HTTP/1.1" 301 -
105.160.4.102 - - [28/Feb/2023:06:09:04 -0500] "GET /portaldeninos/agua-y-estructura-ecologica-principal HTTP/1.1" 301 -
105.160.4.102 - - [28/Feb/2023:06:09:05 -0500] "GET /portaldeninos/gestion-del-riesgo-incendios-forestales HTTP/1.1" 301 -
105.160.4.102 - - [28/Feb/2023:06:09:05 -0500] "GET /portaldeninos/que-es-cambio-climatico/ HTTP/1.1" 200 14465
105.160.4.102 - - [28/Feb/2023:06:09:05 -0500] "GET /portaldeninos/biodiversidad/ HTTP/1.1" 200 14465
172.22.2.4 - - [28/Feb/2023:06:07:27 -0500] "GET /BLA/boletinlegal/ HTTP/1.1" 200 57551
105.160.4.102 - - [28/Feb/2023:06:09:06 -0500] "GET /portaldeninos/gestion-del-riesgo-incendios-forestales/ HTTP/1.1" 200 86825
105.160.4.102 - - [28/Feb/2023:06:09:06 -0500] "GET /portaldeninos/agua-y-estructura-ecologica-principal/ HTTP/1.1" 200 87488
105.160.4.102 - - [28/Feb/2023:06:09:09 -0500] "GET /portaldeninos/que-es-cambio-climatico HTTP/1.1" 301 -
105.160.4.102 - - [28/Feb/2023:06:09:09 -0500] "GET /portaldeninos/residuos/ HTTP/1.1" 200 14465
105.160.4.102 - - [28/Feb/2023:06:09:10 -0500] "GET /portaldeninos/biodiversidad HTTP/1.1" 301 -
105.160.4.102 - - [28/Feb/2023:06:09:10 -0500] "GET /portaldeninos/residuos HTTP/1.1" 301 -
105.160.4.102 - - [28/Feb/2023:06:09:10 -0500] "GET /portaldeninos/que-es-cambio-climatico/ HTTP/1.1" 200 86727
216.245.221.92 - - [28/Feb/2023:06:09:11 -0500] "HEAD / HTTP/1.1" 200 -
105.160.4.102 - - [28/Feb/2023:06:09:11 -0500] "GET /portaldeninos/biodiversidad/ HTTP/1.1" 200 86633
105.160.4.102 - - [28/Feb/2023:06:09:14 -0500] "GET /portaldeninos/residuos/ HTTP/1.1" 200 87443
201.245.192.253 - - [28/Feb/2023:06:13:25 -0500] "POST /kwsrmcab/Wsrmcab  HTTP/1.1" 200 40824
172.22.2.4 - - [28/Feb/2023:06:12:26 -0500] "HEAD /BLA/boletinlegal/ HTTP/1.1" 200 -
216.245.221.92 - - [28/Feb/2023:06:14:11 -0500] "HEAD / HTTP/1.1" 200 -
172.22.2.4 - - [28/Feb/2023:06:14:20 -0500] "GET /BLA/boletinlegal/Directivas/2018/Directiva%20No.%2027%20del%2028%20de%20diciembre%20de%202018.pdf HTTP/1.1" 200 2831879
69.63.189.4 - - [28/Feb/2023:06:14:47 -0500] "GET /images/ecosistema-dia-internacional-tierra-21-abril.jpg HTTP/1.1" 200 30098
69.63.189.117 - - [28/Feb/2023:06:14:47 -0500] "GET /images/plantacion-jbb-22-abril.jpg HTTP/1.1" 200 52184
69.63.189.118 - - [28/Feb/2023:06:14:48 -0500] "GET /images/Memo1.jpg HTTP/1.1" 200 91151
69.63.189.120 - - [28/Feb/2023:06:14:49 -0500] "GET /images/pieza-calidad-aire-noche-4-febrero.jpg HTTP/1.1" 200 37476
172.22.2.4 - - [28/Feb/2023:06:13:17 -0500] "GET /BLA/boletinlegal/ HTTP/1.1" 200 57551
172.22.2.4 - - [28/Feb/2023:06:14:58 -0500] "GET /BLA/boletinlegal/Directivas/2018/Directiva%20No.%2025%20del%2027%20de%20diciembre%20de%202018.pdf HTTP/1.1" 200 1351319
172.22.2.4 - - [28/Feb/2023:06:14:59 -0500] "GET /BLA/boletinlegal/consulta_normativa.php?tipo=&sector=mineria&ano=&resuelve= HTTP/1.1" 200 4093
66.249.70.13 - - [28/Feb/2023:06:15:36 -0500] "-" 408 -
201.245.192.253 - - [28/Feb/2023:06:17:59 -0500] "POST /kwsrmcab/Wsrmcab HTTP/1.1" 200 40986
201.245.192.253 - - [28/Feb/2023:06:18:01 -0500] "POST /kwsrmcab/Wsrmcab HTTP/1.1" 200 41140
201.245.192.253 - - [28/Feb/2023:06:18:24 -0500] "POST /kwsrmcab/Wsrmcab  HTTP/1.1" 200 40824
216.245.221.92 - - [28/Feb/2023:06:19:11 -0500] "HEAD / HTTP/1.1" 200 -
157.90.254.89 - - [28/Feb/2023:06:19:33 -0500] "GET / HTTP/1.1" 200 4720
157.90.254.89 - - [28/Feb/2023:06:19:36 -0500] "GET / HTTP/1.1" 200 319
172.22.2.4 - - [28/Feb/2023:06:18:16 -0500] "HEAD /BLA/boletinlegal/ HTTP/1.1" 200 -
172.22.2.4 - - [28/Feb/2023:06:19:07 -0500] "GET /BLA/boletinlegal/ HTTP/1.1" 200 52720
172.22.2.4 - - [28/Feb/2023:06:23:06 -0500] "GET /BLA/boletinlegal/robots.txt HTTP/1.1" 404 1038
66.249.70.13 - - [28/Feb/2023:06:23:08 -0500] "-" 408 -
201.245.192.253 - - [28/Feb/2023:06:23:22 -0500] "POST /kwsrmcab/Wsrmcab  HTTP/1.1" 200 40824
207.46.13.211 - - [28/Feb/2023:06:23:52 -0500] "GET /galeria/galeria/fotos/Humedal-Vaca4G.jpg HTTP/1.1" 200 375197
216.245.221.92 - - [28/Feb/2023:06:24:11 -0500] "HEAD / HTTP/1.1" 200 -
172.22.2.1 - - [28/Feb/2023:06:24:31 -0500] "GET /reportes_sipse/sdg/ServletFirma?solicitud=21288 HTTP/1.1" 200 -
172.22.2.4 - - [28/Feb/2023:06:23:09 -0500] "GET /BLA/boletinlegal/ HTTP/1.1" 200 57935
172.22.2.4 - - [28/Feb/2023:06:25:34 -0500] "GET /BLA/boletinlegal/normativa.php HTTP/1.1" 200 8333
172.22.2.4 - - [28/Feb/2023:06:24:06 -0500] "HEAD /BLA/boletinlegal/ HTTP/1.1" 200 -
172.22.2.4 - - [28/Feb/2023:06:24:57 -0500] "GET /BLA/boletinlegal/ HTTP/1.1" 200 53104
201.245.192.253 - - [28/Feb/2023:06:27:59 -0500] "POST /kwsrmcab/Wsrmcab HTTP/1.1" 200 40986
201.245.192.253 - - [28/Feb/2023:06:28:02 -0500] "POST /kwsrmcab/Wsrmcab HTTP/1.1" 200 41140
201.245.192.253 - - [28/Feb/2023:06:28:20 -0500] "POST /kwsrmcab/Wsrmcab  HTTP/1.1" 200 40824
66.249.70.13 - - [28/Feb/2023:06:28:49 -0500] "-" 408 -
216.245.221.92 - - [28/Feb/2023:06:29:11 -0500] "HEAD / HTTP/1.1" 200 -
173.252.107.119 - - [28/Feb/2023:06:31:13 -0500] "GET /images/negocios-verdes-mayo-2022.jpg HTTP/1.1" 200 48000
172.22.2.4 - - [28/Feb/2023:06:29:56 -0500] "HEAD /BLA/boletinlegal/ HTTP/1.1" 200 -
172.22.2.4 - - [28/Feb/2023:06:31:44 -0500] "GET /BLA/boletinlegal/consulta_normativa.php?tipo=&sector=residuos&ano=&resuelve= HTTP/1.1" 200 20100
172.22.2.4 - - [28/Feb/2023:06:30:47 -0500] "GET /BLA/boletinlegal/ HTTP/1.1" 200 55561
172.22.2.4 - - [28/Feb/2023:06:32:32 -0500] "GET /BLA/boletinlegal/actos.php HTTP/1.1" 200 9672
172.22.2.4 - - [28/Feb/2023:06:32:33 -0500] "GET /BLA/boletinlegal/js/lib.js HTTP/1.1" 200 6474
172.22.2.4 - - [28/Feb/2023:06:32:33 -0500] "GET /BLA/boletinlegal/js/popup.js HTTP/1.1" 200 1270
172.22.2.4 - - [28/Feb/2023:06:32:33 -0500] "GET /BLA/boletinlegal/js/jquery1.js HTTP/1.1" 200 29846
172.22.2.4 - - [28/Feb/2023:06:32:33 -0500] "GET /BLA/boletinlegal/style.css HTTP/1.1" 200 9406
172.22.2.4 - - [28/Feb/2023:06:32:33 -0500] "GET /BLA/boletinlegal/niceforms-default.css HTTP/1.1" 200 6694
172.22.2.4 - - [28/Feb/2023:06:32:33 -0500] "GET /BLA/boletinlegal/niceforms.js HTTP/1.1" 200 22876
172.22.2.4 - - [28/Feb/2023:06:32:33 -0500] "GET /BLA/boletinlegal/styles2.css HTTP/1.1" 200 1838
172.22.2.4 - - [28/Feb/2023:06:32:33 -0500] "GET /BLA/boletinlegal/js/ajax_actos.js HTTP/1.1" 200 1322
172.22.2.4 - - [28/Feb/2023:06:32:33 -0500] "GET /BLA/boletinlegal/images/cabezote%20BLEGAL.jpg HTTP/1.1" 200 118164
172.22.2.4 - - [28/Feb/2023:06:32:33 -0500] "GET /BLA/boletinlegal/images/subscribe-icon-big.png HTTP/1.1" 200 47702
172.22.2.4 - - [28/Feb/2023:06:32:33 -0500] "GET /BLA/boletinlegal/images/menu_rght.gif HTTP/1.1" 200 1627
172.22.2.4 - - [28/Feb/2023:06:32:33 -0500] "GET /BLA/boletinlegal/images/tel.png HTTP/1.1" 200 14477
172.22.2.4 - - [28/Feb/2023:06:32:33 -0500] "GET /BLA/boletinlegal/images/body_bg.jpg HTTP/1.1" 200 1601
172.22.2.4 - - [28/Feb/2023:06:32:33 -0500] "GET /BLA/boletinlegal/images/menu_bg.jpg HTTP/1.1" 200 620
172.22.2.4 - - [28/Feb/2023:06:32:33 -0500] "GET /BLA/boletinlegal/images/hover.jpg HTTP/1.1" 200 640
172.22.2.4 - - [28/Feb/2023:06:32:33 -0500] "GET /BLA/boletinlegal/images/icono-email.png HTTP/1.1" 200 5544
172.22.2.4 - - [28/Feb/2023:06:32:33 -0500] "GET /BLA/boletinlegal/images/green-yellow-blue-pink-th.png HTTP/1.1" 200 7394
172.22.2.4 - - [28/Feb/2023:06:32:33 -0500] "GET /BLA/boletinlegal/images/historia.png HTTP/1.1" 200 52775
