172.22.2.4 - - [04/Mar/2023:18:47:27 -0500] "HEAD /BLA/boletinlegal/ HTTP/1.1" 200 -
172.22.2.4 - - [04/Mar/2023:18:48:18 -0500] "GET /BLA/boletinlegal/ HTTP/1.1" 200 55924
201.245.192.253 - - [04/Mar/2023:18:49:59 -0500] "POST /kwsrmcab/Wsrmcab  HTTP/1.1" 200 40529
172.22.2.4 - - [04/Mar/2023:18:50:14 -0500] "GET /BLA/boletinlegal/consulta_actos.php?tipo=resoluciones&no=1885&usuario=&sector=&fecha=2018&resuelve= HTTP/1.1" 200 1407
181.54.168.101 - - [04/Mar/2023:18:50:19 -0500] "GET /BLA/resoluciones/RESOLUCIONES%202018/1885.pdf HTTP/1.1" 200 736967
179.19.47.92 - - [04/Mar/2023:18:50:20 -0500] "GET /inscribete-y-participa-en-las-caminatas-ecologicas-de-marzo.html HTTP/1.1" 200 924
216.245.221.92 - - [04/Mar/2023:18:51:26 -0500] "HEAD / HTTP/1.1" 200 -
66.249.66.6 - - [04/Mar/2023:18:53:13 -0500] "-" 408 -
185.119.81.105 - - [04/Mar/2023:18:54:08 -0500] "GET /portaldeninos/wp-login.php HTTP/1.1" 200 2592
77.88.5.132 - - [04/Mar/2023:18:54:08 -0500] "-" 408 -
185.119.81.105 - - [04/Mar/2023:18:54:08 -0500] "POST /portaldeninos/wp-login.php HTTP/1.1" 200 3670
172.22.2.4 - - [04/Mar/2023:18:53:17 -0500] "HEAD /BLA/boletinlegal/ HTTP/1.1" 200 -
201.245.192.253 - - [04/Mar/2023:18:54:57 -0500] "POST /kwsrmcab/Wsrmcab  HTTP/1.1" 200 40529
172.22.2.4 - - [04/Mar/2023:18:54:08 -0500] "GET /BLA/boletinlegal/ HTTP/1.1" 200 52720
216.245.221.92 - - [04/Mar/2023:18:56:26 -0500] "HEAD / HTTP/1.1" 200 -
190.68.54.52 - - [04/Mar/2023:18:57:11 -0500] "GET /distrito-levanta-alerta-fase-1-por-calidad-del-aire-en-bogota-llamado-a-no-bajar-la-guardia-y-seguir-reduciendo-emisiones.html HTTP/1.1" 200 908
181.237.224.103 - - [04/Mar/2023:18:57:44 -0500] "GET /inscribete-y-participa-en-las-caminatas-ecologicas-de-marzo.html HTTP/1.1" 200 924
45.238.183.253 - - [04/Mar/2023:18:57:46 -0500] "GET /inscribete-y-participa-en-las-caminatas-ecologicas-de-marzo.html HTTP/1.1" 200 924
186.80.52.53 - - [04/Mar/2023:18:58:20 -0500] "GET /inscribete-y-participa-en-las-caminatas-ecologicas-de-marzo.html HTTP/1.1" 200 924
173.252.111.20 - - [04/Mar/2023:18:58:22 -0500] "GET /images/20%20de%20febrero%20panor\xc3\xa1mica%20de%20Bogot\xc3\xa1%20(1)%20(1).jpeg HTTP/1.1" 404 1034
173.252.111.12 - - [04/Mar/2023:18:58:22 -0500] "GET /images/17%20de%20febrero%20mujeres%20que%20reverdecen.jpeg HTTP/1.1" 200 85735
173.252.111.118 - - [04/Mar/2023:18:58:22 -0500] "GET /images/camino-a-los-cerros-1_optimized.jpeg HTTP/1.1" 200 222279
173.252.111.7 - - [04/Mar/2023:18:58:42 -0500] "GET /images/Conversatorio%20aire%201%20(1).jpeg HTTP/1.1" 200 72040
173.252.111.14 - - [04/Mar/2023:18:58:42 -0500] "GET /images/vertimiento-Comprimida%20(1).png HTTP/1.1" 200 22870
173.252.111.23 - - [04/Mar/2023:18:58:42 -0500] "GET /images/Juan%20Rey%20febrero%2013.jpg HTTP/1.1" 200 55934
173.252.111.2 - - [04/Mar/2023:18:58:42 -0500] "GET /images/WhatsApp%20Image%202023-02-15%20at%205.07.25%20PM.jpeg HTTP/1.1" 200 50573
173.252.111.12 - - [04/Mar/2023:18:58:42 -0500] "GET /images/Rmasar%2018%20de%20febrero%20Grupo.jpg HTTP/1.1" 200 68398
173.252.111.111 - - [04/Mar/2023:18:58:42 -0500] "GET /images/8%20de%20febrero%20incendio%20forestal.jpeg HTTP/1.1" 200 56283
173.252.111.11 - - [04/Mar/2023:18:58:42 -0500] "GET /images/Sello%201%20JA-2.jpeg HTTP/1.1" 200 42236
173.252.111.20 - - [04/Mar/2023:18:58:46 -0500] "GET /images/2%20de%20febrero%20liberaci\xc3\xb3n%20Tunjo.jpeg HTTP/1.1" 404 1034
66.249.66.6 - - [04/Mar/2023:18:59:00 -0500] "-" 408 -
201.245.192.253 - - [04/Mar/2023:18:59:56 -0500] "POST /kwsrmcab/Wsrmcab  HTTP/1.1" 200 40529
93.158.161.58 - - [04/Mar/2023:19:00:00 -0500] "-" 408 -
77.88.5.212 - - [04/Mar/2023:19:00:05 -0500] "-" 408 -
93.158.161.41 - - [04/Mar/2023:19:00:11 -0500] "-" 408 -
93.158.161.42 - - [04/Mar/2023:19:00:17 -0500] "-" 408 -
93.158.161.56 - - [04/Mar/2023:19:00:32 -0500] "-" 408 -
77.88.5.6 - - [04/Mar/2023:19:00:47 -0500] "-" 408 -
172.22.2.4 - - [04/Mar/2023:18:59:07 -0500] "HEAD /BLA/boletinlegal/ HTTP/1.1" 200 -
93.158.161.69 - - [04/Mar/2023:19:01:17 -0500] "-" 408 -
216.245.221.92 - - [04/Mar/2023:19:01:26 -0500] "HEAD / HTTP/1.1" 200 -
172.22.2.4 - - [04/Mar/2023:18:59:58 -0500] "GET /BLA/boletinlegal/ HTTP/1.1" 200 57551
77.88.5.217 - - [04/Mar/2023:19:02:17 -0500] "-" 408 -
77.88.5.81 - - [04/Mar/2023:19:03:17 -0500] "-" 408 -
77.88.5.10 - - [04/Mar/2023:19:04:08 -0500] "-" 408 -
201.245.192.253 - - [04/Mar/2023:19:04:56 -0500] "POST /kwsrmcab/Wsrmcab  HTTP/1.1" 200 40529
172.22.2.4 - - [04/Mar/2023:19:05:12 -0500] "GET /BLA/boletinlegal/consulta_actos.php?tipo=resoluciones&no=&usuario=&sector=PEV&fecha=2022&resuelve=obra HTTP/1.1" 200 1700
77.88.5.3 - - [04/Mar/2023:19:05:17 -0500] "-" 408 -
172.22.2.4 - - [04/Mar/2023:19:05:23 -0500] "GET /BLA/boletinlegal/consulta_actos.php?tipo=resoluciones&no=&usuario=&sector=PEV&fecha=2022&resuelve=recurso HTTP/1.1" 200 1223101
172.22.2.4 - - [04/Mar/2023:19:05:25 -0500] "GET /BLA/boletinlegal/actos.php HTTP/1.1" 200 9672
201.221.172.105 - - [04/Mar/2023:19:05:29 -0500] "GET /BLA/resoluciones/RESOLUCIONES%202022/4488.pdf HTTP/1.1" 200 1626201
201.221.172.105 - - [04/Mar/2023:19:05:30 -0500] "GET /BLA/resoluciones/RESOLUCIONES%202022/4488.pdf HTTP/1.1" 200 1626201
201.221.172.105 - - [04/Mar/2023:19:05:30 -0500] "GET /BLA/resoluciones/RESOLUCIONES%202022/4488.pdf HTTP/1.1" 206 1025
172.22.2.4 - - [04/Mar/2023:19:05:36 -0500] "GET /BLA/boletinlegal/consulta_actos.php?tipo=resoluciones&no=1819&usuario=&sector=&fecha=2018&resuelve= HTTP/1.1" 200 1066
66.249.66.45 - - [04/Mar/2023:19:05:41 -0500] "-" 408 -
173.252.107.23 - - [04/Mar/2023:19:05:50 -0500] "GET /images/caminatas-ecol%C3%B3gicas-marzo---1920x1080_optimized.jpg HTTP/1.1" 404 1034
172.22.2.4 - - [04/Mar/2023:19:06:01 -0500] "GET /BLA/boletinlegal/consulta_actos.php?tipo=resoluciones&no=1819&usuario=&sector=&fecha=2017&resuelve= HTTP/1.1" 200 1098
181.54.168.101 - - [04/Mar/2023:19:06:05 -0500] "GET /BLA/resoluciones/RESOLUCIONES%202017/1819.pdf HTTP/1.1" 200 581328
172.22.2.4 - - [04/Mar/2023:19:05:23 -0500] "GET /BLA/boletinlegal/ HTTP/1.1" 200 24523
216.245.221.92 - - [04/Mar/2023:19:06:26 -0500] "HEAD / HTTP/1.1" 200 -
172.22.2.4 - - [04/Mar/2023:19:04:57 -0500] "HEAD /BLA/boletinlegal/ HTTP/1.1" 200 -
173.252.107.22 - - [04/Mar/2023:19:06:39 -0500] "GET /images/8%20de%20febrero%20incendio%20forestal.jpeg HTTP/1.1" 200 56283
186.84.89.128 - - [04/Mar/2023:19:07:16 -0500] "GET /inscribete-y-participa-en-las-caminatas-ecologicas-de-marzo.html HTTP/1.1" 200 924
172.22.2.4 - - [04/Mar/2023:19:05:48 -0500] "GET /BLA/boletinlegal/ HTTP/1.1" 200 56744
77.88.5.219 - - [04/Mar/2023:19:08:17 -0500] "-" 408 -
201.245.192.253 - - [04/Mar/2023:19:09:54 -0500] "POST /kwsrmcab/Wsrmcab  HTTP/1.1" 200 40529
216.245.221.92 - - [04/Mar/2023:19:11:26 -0500] "HEAD / HTTP/1.1" 200 -
181.61.208.139 - - [04/Mar/2023:19:11:55 -0500] "GET /galeria/galeria/jquery.fancybox.js?v=2.1.5 HTTP/1.1" 200 48706
186.155.14.83 - - [04/Mar/2023:19:12:14 -0500] "GET /inscribete-y-participa-en-las-caminatas-ecologicas-de-marzo.html?fbclid=IwAR1Q8i_eVAMbtzHxegMF2j0X083QPF8MzyvYs6lE8UB6UivnXObjH10BmXM HTTP/1.1" 200 924
172.22.2.4 - - [04/Mar/2023:19:10:47 -0500] "HEAD /BLA/boletinlegal/ HTTP/1.1" 200 -
172.22.2.4 - - [04/Mar/2023:19:12:28 -0500] "GET /BLA/boletinlegal/consulta_actos.php?tipo=resoluciones&no=&usuario=&sector=PEV&fecha=2022&resuelve=obra HTTP/1.1" 200 1700
201.221.172.105 - - [04/Mar/2023:19:12:33 -0500] "GET /BLA/resoluciones/RESOLUCIONES%202022/4731.pdf HTTP/1.1" 200 721244
201.221.172.105 - - [04/Mar/2023:19:12:34 -0500] "GET /BLA/resoluciones/RESOLUCIONES%202022/4731.pdf HTTP/1.1" 206 1025
201.221.172.105 - - [04/Mar/2023:19:12:34 -0500] "GET /BLA/resoluciones/RESOLUCIONES%202022/4731.pdf HTTP/1.1" 200 721244
162.55.173.23 - - [04/Mar/2023:19:13:08 -0500] "GET / HTTP/1.1" 200 4720
162.55.173.23 - - [04/Mar/2023:19:13:09 -0500] "GET / HTTP/1.1" 200 319
172.22.2.4 - - [04/Mar/2023:19:11:38 -0500] "GET /BLA/boletinlegal/ HTTP/1.1" 200 59646
93.158.161.38 - - [04/Mar/2023:19:14:08 -0500] "-" 408 -
201.245.192.253 - - [04/Mar/2023:19:14:54 -0500] "POST /kwsrmcab/Wsrmcab  HTTP/1.1" 200 40529
216.245.221.92 - - [04/Mar/2023:19:16:26 -0500] "HEAD / HTTP/1.1" 200 -
94.102.61.10 - - [04/Mar/2023:19:16:27 -0500] "GET /portaldeninos/ HTTP/1.1" 200 110197
186.84.20.209 - - [04/Mar/2023:19:17:12 -0500] "GET /BLA/resoluciones/index.php?dir=AUTOS+2014%2F HTTP/1.1" 200 528331
186.84.20.209 - - [04/Mar/2023:19:17:17 -0500] "GET /BLA/resoluciones/index.php?dir=AUTOS+2011%2F HTTP/1.1" 200 636098
45.154.84.114 - - [04/Mar/2023:19:17:30 -0500] "HEAD /cambiemos-la-vida-de-mas-de-350-refugios.html HTTP/1.1" 200 -
186.84.20.209 - - [04/Mar/2023:19:17:37 -0500] "GET /BLA/resoluciones/AUTOS%202011/0137.pdf HTTP/1.1" 200 393146
137.220.233.94 - - [04/Mar/2023:19:17:37 -0500] "-" 408 -
201.245.192.253 - - [04/Mar/2023:19:17:37 -0500] "POST /kwsrmcab/Wsrmcab HTTP/1.1" 200 40311
201.245.192.253 - - [04/Mar/2023:19:17:39 -0500] "POST /kwsrmcab/Wsrmcab HTTP/1.1" 200 43280
172.22.2.4 - - [04/Mar/2023:19:16:37 -0500] "HEAD /BLA/boletinlegal/ HTTP/1.1" 200 -
172.22.2.4 - - [04/Mar/2023:19:17:28 -0500] "GET /BLA/boletinlegal/ HTTP/1.1" 200 53104
185.119.81.105 - - [04/Mar/2023:19:19:14 -0500] "GET /portaldeninos/wp-login.php HTTP/1.1" 200 2592
185.119.81.105 - - [04/Mar/2023:19:19:15 -0500] "POST /portaldeninos/wp-login.php HTTP/1.1" 200 3605
51.15.164.30 - - [04/Mar/2023:19:19:55 -0500] "HEAD /cambiemos-la-vida-de-mas-de-350-refugios.html HTTP/1.1" 200 -
201.245.192.253 - - [04/Mar/2023:19:19:54 -0500] "POST /kwsrmcab/Wsrmcab  HTTP/1.1" 200 40529
217.182.175.162 - - [04/Mar/2023:19:19:57 -0500] "HEAD /encontre-un-refugio-y-un-consuelo-en-la-naturaleza-ingrid-romero-una-mujer-que-lucha-para-proteger-el-humedal-jaboque.html HTTP/1.1" 200 -
217.182.175.162 - - [04/Mar/2023:19:20:02 -0500] "HEAD /cambiemos-la-vida-de-mas-de-350-refugios.html HTTP/1.1" 200 -
51.15.164.30 - - [04/Mar/2023:19:20:05 -0500] "HEAD /encontre-un-refugio-y-un-consuelo-en-la-naturaleza-ingrid-romero-una-mujer-que-lucha-para-proteger-el-humedal-jaboque.html HTTP/1.1" 200 -
191.95.48.125 - - [04/Mar/2023:19:21:06 -0500] "GET /inscribete-y-participa-en-las-caminatas-ecologicas-de-marzo.html HTTP/1.1" 200 924
216.245.221.92 - - [04/Mar/2023:19:21:26 -0500] "HEAD / HTTP/1.1" 200 -
186.84.89.228 - - [04/Mar/2023:19:23:41 -0500] "GET /inscribete-y-participa-en-las-caminatas-ecologicas-de-marzo.html HTTP/1.1" 200 924
191.156.49.48 - - [04/Mar/2023:19:23:56 -0500] "GET /inscribete-y-participa-en-las-caminatas-ecologicas-de-marzo.html HTTP/1.1" 200 924
172.22.2.4 - - [04/Mar/2023:19:22:27 -0500] "HEAD /BLA/boletinlegal/ HTTP/1.1" 200 -
77.88.5.158 - - [04/Mar/2023:19:24:08 -0500] "-" 408 -
201.245.192.253 - - [04/Mar/2023:19:24:52 -0500] "POST /kwsrmcab/Wsrmcab  HTTP/1.1" 200 40529
172.22.2.4 - - [04/Mar/2023:19:23:18 -0500] "GET /BLA/boletinlegal/ HTTP/1.1" 200 59296
216.245.221.92 - - [04/Mar/2023:19:26:26 -0500] "HEAD / HTTP/1.1" 200 -
52.167.144.67 - - [04/Mar/2023:19:26:46 -0500] "GET /Publicaciones/2022EE87762.pdf HTTP/1.1" 404 227
201.245.192.253 - - [04/Mar/2023:19:27:37 -0500] "POST /kwsrmcab/Wsrmcab HTTP/1.1" 200 40311
201.245.192.253 - - [04/Mar/2023:19:27:40 -0500] "POST /kwsrmcab/Wsrmcab HTTP/1.1" 200 43280
201.245.192.253 - - [04/Mar/2023:19:29:51 -0500] "POST /kwsrmcab/Wsrmcab  HTTP/1.1" 200 40529
172.22.2.4 - - [04/Mar/2023:19:28:17 -0500] "HEAD /BLA/boletinlegal/ HTTP/1.1" 200 -
172.22.2.4 - - [04/Mar/2023:19:29:08 -0500] "GET /BLA/boletinlegal/ HTTP/1.1" 200 59296
216.245.221.92 - - [04/Mar/2023:19:31:26 -0500] "HEAD / HTTP/1.1" 200 -
172.22.2.4 - - [04/Mar/2023:19:32:26 -0500] "GET /BLA/boletinlegal/style.css HTTP/1.1" 200 9406
172.22.2.4 - - [04/Mar/2023:19:32:26 -0500] "GET /BLA/boletinlegal/styles2.css HTTP/1.1" 200 1838
172.22.2.4 - - [04/Mar/2023:19:32:26 -0500] "GET /BLA/boletinlegal/js/jquery.scrollTo-min.js HTTP/1.1" 200 1150
172.22.2.4 - - [04/Mar/2023:19:32:26 -0500] "GET /BLA/boletinlegal/js/jquery.js HTTP/1.1" 200 57254
172.22.2.4 - - [04/Mar/2023:19:32:26 -0500] "GET /BLA/boletinlegal/js/jquery.scrollShow.js HTTP/1.1" 200 4586
172.22.2.4 - - [04/Mar/2023:19:32:26 -0500] "GET /BLA/boletinlegal/images/cabezote%20BLEGAL.jpg HTTP/1.1" 200 118164
172.22.2.4 - - [04/Mar/2023:19:32:26 -0500] "GET /BLA/boletinlegal/images/subscribe-icon-big.png HTTP/1.1" 200 47702
172.22.2.4 - - [04/Mar/2023:19:32:26 -0500] "GET /BLA/boletinlegal/images/historia.png HTTP/1.1" 200 52775
172.22.2.4 - - [04/Mar/2023:19:32:26 -0500] "GET /BLA/boletinlegal/images/arr_l.jpg HTTP/1.1" 200 1979
172.22.2.4 - - [04/Mar/2023:19:32:26 -0500] "GET /BLA/boletinlegal/images/registro-usuarios.png HTTP/1.1" 200 8106
172.22.2.4 - - [04/Mar/2023:19:32:26 -0500] "GET /BLA/boletinlegal/images/launch.jpg HTTP/1.1" 200 14577
172.22.2.4 - - [04/Mar/2023:19:32:26 -0500] "GET /BLA/boletinlegal/images/screen_1.png HTTP/1.1" 200 202547
172.22.2.4 - - [04/Mar/2023:19:32:28 -0500] "GET /BLA/boletinlegal/images/body_bg.jpg HTTP/1.1" 200 1601
172.22.2.4 - - [04/Mar/2023:19:32:28 -0500] "GET /BLA/boletinlegal/images/bg_top.jpg HTTP/1.1" 200 522
172.22.2.4 - - [04/Mar/2023:19:32:28 -0500] "GET /BLA/boletinlegal/images/menu_lft.gif HTTP/1.1" 200 1713
172.22.2.4 - - [04/Mar/2023:19:32:28 -0500] "GET /BLA/boletinlegal/images/menu_bg.jpg HTTP/1.1" 200 620
172.22.2.4 - - [04/Mar/2023:19:32:28 -0500] "GET /BLA/boletinlegal/images/menu_rght.gif HTTP/1.1" 200 1627
172.22.2.4 - - [04/Mar/2023:19:32:28 -0500] "GET /BLA/boletinlegal/images/text.jpg HTTP/1.1" 200 568
172.22.2.4 - - [04/Mar/2023:19:32:28 -0500] "GET /BLA/boletinlegal/images/hover.jpg HTTP/1.1" 200 640
172.22.2.4 - - [04/Mar/2023:19:32:29 -0500] "GET /BLA/boletinlegal/actos.php HTTP/1.1" 200 9672
172.22.2.4 - - [04/Mar/2023:19:32:30 -0500] "GET /BLA/boletinlegal/js/ajax_actos.js HTTP/1.1" 200 1322
172.22.2.4 - - [04/Mar/2023:19:32:30 -0500] "GET /BLA/boletinlegal/niceforms.js HTTP/1.1" 200 22876
172.22.2.4 - - [04/Mar/2023:19:32:30 -0500] "GET /BLA/boletinlegal/niceforms-default.css HTTP/1.1" 200 6694
172.22.2.4 - - [04/Mar/2023:19:32:30 -0500] "GET /BLA/boletinlegal/js/lib.js HTTP/1.1" 200 6474
172.22.2.4 - - [04/Mar/2023:19:32:30 -0500] "GET /BLA/boletinlegal/js/popup.js HTTP/1.1" 200 1270
172.22.2.4 - - [04/Mar/2023:19:32:30 -0500] "GET /BLA/boletinlegal/js/jquery1.js HTTP/1.1" 200 29846
172.22.2.4 - - [04/Mar/2023:19:32:30 -0500] "GET /BLA/boletinlegal/images/green-yellow-blue-pink-th.png HTTP/1.1" 200 7394
172.22.2.4 - - [04/Mar/2023:19:32:30 -0500] "GET /BLA/boletinlegal/images/tel.png HTTP/1.1" 200 14477
172.22.2.4 - - [04/Mar/2023:19:32:30 -0500] "GET /BLA/boletinlegal/images/icono-email.png HTTP/1.1" 200 5544
172.22.2.4 - - [04/Mar/2023:19:32:30 -0500] "GET /BLA/boletinlegal/images/footer_bg_l.jpg HTTP/1.1" 200 776
172.22.2.4 - - [04/Mar/2023:19:32:30 -0500] "GET /BLA/boletinlegal/images/footer_bg.jpg HTTP/1.1" 200 586
172.22.2.4 - - [04/Mar/2023:19:32:30 -0500] "GET /BLA/boletinlegal/img/0.png HTTP/1.1" 200 110
172.22.2.4 - - [04/Mar/2023:19:32:30 -0500] "GET /BLA/boletinlegal/img/select-right.png HTTP/1.1" 200 44019
172.22.2.4 - - [04/Mar/2023:19:32:30 -0500] "GET /BLA/boletinlegal/img/select-left.png HTTP/1.1" 200 263
172.22.2.4 - - [04/Mar/2023:19:32:30 -0500] "GET /BLA/boletinlegal/img/button-left.png HTTP/1.1" 200 57071
172.22.2.4 - - [04/Mar/2023:19:32:30 -0500] "GET /BLA/boletinlegal/img/button.png HTTP/1.1" 200 43241
172.22.2.4 - - [04/Mar/2023:19:32:30 -0500] "GET /BLA/boletinlegal/favicon.ico HTTP/1.1" 404 1326
172.22.2.4 - - [04/Mar/2023:19:32:30 -0500] "GET /BLA/boletinlegal/img/button-right.png HTTP/1.1" 200 57878
172.22.2.4 - - [04/Mar/2023:19:32:34 -0500] "GET /BLA/boletinlegal/images/screen_3.png HTTP/1.1" 200 210620
172.22.2.4 - - [04/Mar/2023:19:32:34 -0500] "GET /BLA/boletinlegal/images/screen_2.png HTTP/1.1" 200 362502
172.22.2.4 - - [04/Mar/2023:19:32:34 -0500] "GET /BLA/boletinlegal/images/arr_r.jpg HTTP/1.1" 200 1998
172.22.2.4 - - [04/Mar/2023:19:32:34 -0500] "GET /BLA/boletinlegal/images/screen_5.png HTTP/1.1" 200 368876
172.22.2.4 - - [04/Mar/2023:19:32:42 -0500] "GET /BLA/boletinlegal/images/pdf.gif HTTP/1.1" 200 567
172.22.2.4 - - [04/Mar/2023:19:32:42 -0500] "GET /BLA/boletinlegal/consulta_actos.php?tipo=autos&no=&usuario=&sector=&fecha=2022&resuelve= HTTP/1.1" 200 1620037
172.22.2.4 - - [04/Mar/2023:19:32:43 -0500] "GET /BLA/boletinlegal/images/background.gif HTTP/1.1" 200 -
173.252.95.5 - - [04/Mar/2023:19:32:51 -0500] "GET /images/llantaton-jornada.jpg HTTP/1.1" 200 356045
161.10.19.254 - - [04/Mar/2023:19:32:57 -0500] "GET /inscribete-y-participa-en-las-caminatas-ecologicas-de-marzo.html HTTP/1.1" 200 924
181.54.228.54 - - [04/Mar/2023:19:33:07 -0500] "GET /BLA/resoluciones/AUTOS%202022/6728.pdf HTTP/1.1" 200 1462142
181.54.228.54 - - [04/Mar/2023:19:33:07 -0500] "GET /favicon.ico HTTP/1.1" 200 7782
172.22.2.4 - - [04/Mar/2023:19:32:26 -0500] "GET /BLA/boletinlegal/ HTTP/1.1" 200 58653
93.158.161.55 - - [04/Mar/2023:19:34:08 -0500] "-" 408 -
172.22.2.4 - - [04/Mar/2023:19:33:02 -0500] "GET /BLA/boletinlegal/ HTTP/1.1" 200 57141
201.245.192.253 - - [04/Mar/2023:19:34:51 -0500] "POST /kwsrmcab/Wsrmcab  HTTP/1.1" 200 40529
191.156.59.64 - - [04/Mar/2023:19:34:57 -0500] "GET /inscribete-y-participa-en-las-caminatas-ecologicas-de-marzo.html?fbclid=IwAR3YlkwdhQGFUc-1OtfQQ77puRZ9UA5MNiHWo92xmtPo50gFuSJl9nqX8-U HTTP/1.1" 200 924
157.55.39.217 - - [04/Mar/2023:19:35:06 -0500] "GET /images/plaguicidas-1_optimized.jpeg HTTP/1.1" 200 50710
181.54.228.54 - - [04/Mar/2023:19:35:34 -0500] "GET /BLA/resoluciones/AUTOS%202022/6584.pdf HTTP/1.1" 200 456004
172.22.2.4 - - [04/Mar/2023:19:34:07 -0500] "HEAD /BLA/boletinlegal/ HTTP/1.1" 200 -
216.245.221.92 - - [04/Mar/2023:19:36:26 -0500] "HEAD / HTTP/1.1" 200 -
172.22.2.4 - - [04/Mar/2023:19:34:58 -0500] "GET /BLA/boletinlegal/ HTTP/1.1" 200 55211
181.53.14.141 - - [04/Mar/2023:19:36:45 -0500] "GET /BLA/resoluciones/AUTOS%202022/7395.pdf HTTP/1.1" 200 1044465
172.22.2.4 - - [04/Mar/2023:19:36:55 -0500] "GET /BLA/boletinlegal/Circulares/2019/.pdf HTTP/1.1" 404 1218
172.22.2.4 - - [04/Mar/2023:19:37:01 -0500] "GET /BLA/boletinlegal/consulta_actos.php?tipo=autos&no=&usuario=&sector=&fecha=2021&resuelve= HTTP/1.1" 200 1190825
51.161.115.227 - - [04/Mar/2023:19:37:20 -0500] "GET /cambiemos-la-vida-de-mas-de-350-refugios.html HTTP/1.1" 200 790
201.245.192.253 - - [04/Mar/2023:19:37:37 -0500] "POST /kwsrmcab/Wsrmcab HTTP/1.1" 200 40311
201.245.192.253 - - [04/Mar/2023:19:37:40 -0500] "POST /kwsrmcab/Wsrmcab HTTP/1.1" 200 43280
172.22.2.4 - - [04/Mar/2023:19:37:47 -0500] "GET /BLA/boletinlegal/jurisprudencia/analisis/Analisis%20Jurisprudencia%20Sent%202000-00005-01.doc HTTP/1.1" 200 52736
186.80.52.40 - - [04/Mar/2023:19:38:46 -0500] "GET /cambiemos-la-vida-de-mas-de-350-refugios.html HTTP/1.1" 200 790
186.31.24.123 - - [04/Mar/2023:19:39:51 -0500] "GET /inscribete-y-participa-en-las-caminatas-ecologicas-de-marzo.html HTTP/1.1" 200 924
201.245.192.253 - - [04/Mar/2023:19:39:50 -0500] "POST /kwsrmcab/Wsrmcab  HTTP/1.1" 200 40529
186.155.49.177 - - [04/Mar/2023:19:40:16 -0500] "GET /kwssiamovil/sm/ldap/au?x=U2FsdGVkX19vstC+L1dFM0uI09pjX9FuQ/ysIVDbRp8kyYkpPAIVPyjz8kn3xp2R&y=U2FsdGVkX1/lu2gMJHR6dtFi/lbJBu1NvR1O4MC+5QuCk0dLAr5dKCujfFnfDsdP HTTP/1.1" 200 30
186.155.49.177 - - [04/Mar/2023:19:40:16 -0500] "GET /kwssiamovil/sm/acme/s?s=U2FsdGVkX1+BNSMveSplNM1YcI6nf9AC+L4UjM10dgyGEshn6sl4M1fi5fZdGutCDG/U0U38OanGezhLjJ4QtUK1BmIdzRTAwh4NzyF3EKw=&u=U2FsdGVkX186hmgTKPwFPX/ze/g8vWQYD+uw61nIN4Ep/m3BejFfWyVlnP+6Or4l&y=U2FsdGVkX1/lu2gMJHR6dtFi/lbJBu1NvR1O4MC+5QuCk0dLAr5dKCujfFnfDsdP HTTP/1.1" 200 97
186.155.49.177 - - [04/Mar/2023:19:40:16 -0500] "GET /kwssiamovil/sm/acme/s?s=U2FsdGVkX19YRpQOKQQxjkyPge3wcsONECQAleMfsGvKLtQuh7ptUEd8q4mtMMqZZGDtjAZvjLLcbbfs/NeCkHtqD7Fj0Bin/mLdh2M1nLrnaHGv68Aani39vpThdV1YxFc8zrbbsPMWsxaDrQz7pDToJmC9pBWYK9I4OP0Dz+Cm2ZrM5zMFoSfEypJ63/OeWjPts76BPCdDuuQvn7KnH907dMO2VycZfBHSbHoY2l2hFL4nEOs/jdvzHNIRCQlWp9K6Pzq4FSu5RAierfmlqfrji5MNWNll0HuPiBsy2m8dJRPoc3qeudYHMdxDZf5gS520K2YIFoUucEc5D1CNJWCP1ZeCfBU+oyAM3cJhPPRlnQSx9hgQdFMjC8xw3njuMjiOh+3bpmTx2cEvghIN6MjXZa7/+e3lIzXCsPyBDPRN14mADAkPzuLnxaCUcjsynt0UUx1YEKIt1aCDBV3vfAwsQnxxWEVxM9DN+g83D3vKSbtRZkIZybqnT7quu2SmgCQhoUD5RNbOziQH3TVIGpux97oD3Lq+dey4RRQc7xXJQKRKIm97GxOlT2IgOXxz5X1DJuaH9HgVNdzl/Ok+hVWqxp9h1g/Iz1J0rjodK/EEk+htTviLLdKjLn3MVRiNfhlugoDAfwuOWL7UUir3SnAAOc90DeiK7E243ggkkZFFTlqWZanqdmSpZnr7W1AfGf9Rqzvpy5SrZHtfDTECmYAGaniZTUUPsfYHZWvogziRmS7qtguqdanElIFC6U+molujslB2j9keuRa3zLM/jjpFdOw8C7+mHHmMmyVoB5wpOw4wpy6rLcNOqT2OgLyz24ueo/mANzWofli80DTIgUh+ve/aCRI2e/gyZuALjcS+bOoac75vVObTE3oZ/fs8fzxA51hRSNF0Bm1ex+xgGPT0zbLZHgAS5WvVCEDF6coD9CFk15atV5Scvcy28IyJDVuzdqeype3EpCYCwk7Rsa3smMoCmuaHz3StRkLkatcdlh57VFNHl1lwSwCJQDDOpbnH4yMZa7dZ/DKIDKfVmDpJw3dOMqfSQPP1NlOIw3z76ZFITI3xn50EY56fAfZ7sJfz1w6GckVAVEGuPPChXUV9ctI2rWitM8WlqCDtqvv2hOOu5yOfJV4Z7mo3NQEMW0Jqd9S9ROUFty0fTuL8/XNQULdB/7utidLj4bzT5NIXrCYUAWJKOag//pS9yz9YWmCw6CDI1YqTkylvJjB0RRaey4TW2OZ9Q9O1sDF3aNPx2zqsyEHmuC3+j+1iIBJfNRv5hYlM7nnWFLp6ubyJtJstp+csXKQ32Ody81HwCHjYv1Fjr1PBONhioue5Q1AyIAEcojYUr0UuwflX15Ekw3htPLCUSpP4nZKn/2djjtv7YaFW4DEjWqc8AHR9LLT3i/muwlPbtVdNYC32osEMniyQ2U0plYnWyDze5qNM2mU=&u=U2FsdGVkX186hmgTKPwFPX/ze/g8vWQYD+uw61nIN4Ep/m3BejFfWyVlnP+6Or4l&y=U2FsdGVkX1/lu2gMJHR6dtFi/lbJBu1NvR1O4MC+5QuCk0dLAr5dKCujfFnfDsdP HTTP/1.1" 200 1430
186.155.49.177 - - [04/Mar/2023:19:40:17 -0500] "GET /kwssiamovil/sm/acme/s?s=U2FsdGVkX1/cVSgIDRTJCwRiJX6T1Al919fiPRnFHWE4haEaovdPRF7MHWEGDLzrttgF7tW+oHiXz96tOYDNVcDEoh5C8o5Rousyci8LCRkWR4RS5+dmqBSsAbAIX8WY9smMXEdntWGd9FHX4qhEVwO1ddg+WlKiHJA83k9so6nkgHl58aEUT9YIZBZV9a4GCVulEHFnCsFGmCOyjm/D9N9nzunz22Gi42/liHC3mzIEpq84wVz4KxPWmjWLziyww6Raat33NACEciBYLRsNwRkL3X49HWYYG5WBnSSu7y98Z9smyGv/KJ6FLdENiYNhvD8nZWbbjWfkQSrLnWAoz4nIgNtwvKZnH7NIvq2RXUw=&u=U2FsdGVkX186hmgTKPwFPX/ze/g8vWQYD+uw61nIN4Ep/m3BejFfWyVlnP+6Or4l&y=U2FsdGVkX1/lu2gMJHR6dtFi/lbJBu1NvR1O4MC+5QuCk0dLAr5dKCujfFnfDsdP HTTP/1.1" 200 196
186.155.49.177 - - [04/Mar/2023:19:40:17 -0500] "GET /kwssiamovil/sm/cjson/pre?f=1&x=U2FsdGVkX19vstC+L1dFM0uI09pjX9FuQ/ysIVDbRp8kyYkpPAIVPyjz8kn3xp2R HTTP/1.1" 200 31032
191.102.196.178 - - [04/Mar/2023:19:40:40 -0500] "GET /inscribete-y-participa-en-las-caminatas-ecologicas-de-marzo.html HTTP/1.1" 200 924
173.252.87.13 - - [04/Mar/2023:19:40:59 -0500] "GET /images/idpyba-4-marzo-1_optimized.jpeg HTTP/1.1" 200 115318
216.245.221.92 - - [04/Mar/2023:19:41:26 -0500] "HEAD / HTTP/1.1" 200 -
186.84.38.0 - - [04/Mar/2023:19:41:31 -0500] "GET /inscribete-y-participa-en-las-caminatas-ecologicas-de-marzo.html HTTP/1.1" 200 924
172.22.2.4 - - [04/Mar/2023:19:39:57 -0500] "HEAD /BLA/boletinlegal/ HTTP/1.1" 200 -
190.60.254.233 - - [04/Mar/2023:19:41:39 -0500] "GET /inscribete-y-participa-en-las-caminatas-ecologicas-de-marzo.html HTTP/1.1" 200 924
172.22.2.4 - - [04/Mar/2023:19:40:48 -0500] "GET /BLA/boletinlegal/ HTTP/1.1" 200 59296
44.227.118.60 - - [04/Mar/2023:19:42:59 -0500] "GET /galeria/galeria/fotos/3humedal-Burro3P.jpg HTTP/1.1" 200 8564
172.22.2.4 - - [04/Mar/2023:19:43:32 -0500] "GET /BLA/boletinlegal/Circulares/2023/CIRCULAR%20No.%2000001%20DEL%2020%20DE%20FEBRERO%20DEL%202023.pdf HTTP/1.1" 200 317520
185.119.81.105 - - [04/Mar/2023:19:44:06 -0500] "GET /portaldeninos/wp-login.php HTTP/1.1" 200 2592
185.119.81.105 - - [04/Mar/2023:19:44:07 -0500] "POST /portaldeninos/wp-login.php HTTP/1.1" 200 3650
77.88.5.133 - - [04/Mar/2023:19:44:08 -0500] "-" 408 -
152.203.228.254 - - [04/Mar/2023:19:44:44 -0500] "GET /sipse/faces/faces/faces/faces/faces/faces/faces/autenticacion.xhtml HTTP/1.1" 200 12167
152.203.228.254 - - [04/Mar/2023:19:44:44 -0500] "GET /sipse/js/disable_browser_buttons.js HTTP/1.1" 304 -
152.203.228.254 - - [04/Mar/2023:19:44:44 -0500] "GET /sipse/faces/javax.faces.resource/theme.css?ln=primefaces-sipse HTTP/1.1" 304 -
152.203.228.254 - - [04/Mar/2023:19:44:44 -0500] "GET /sipse/js/funciones.js HTTP/1.1" 304 -
152.203.228.254 - - [04/Mar/2023:19:44:44 -0500] "GET /sipse/css/custom_css_sg.css HTTP/1.1" 304 -
152.203.228.254 - - [04/Mar/2023:19:44:44 -0500] "GET /sipse/faces/javax.faces.resource/primefaces.css?ln=primefaces&v=4.0 HTTP/1.1" 304 -
152.203.228.254 - - [04/Mar/2023:19:44:44 -0500] "GET /sipse/faces/javax.faces.resource/layout/layout.css?ln=primefaces&v=4.0 HTTP/1.1" 304 -
152.203.228.254 - - [04/Mar/2023:19:44:44 -0500] "GET /sipse/css/custom_css_sg_prime_login.css HTTP/1.1" 304 -
152.203.228.254 - - [04/Mar/2023:19:44:44 -0500] "GET /sipse/faces/javax.faces.resource/primefaces.js?ln=primefaces&v=4.0 HTTP/1.1" 304 -
152.203.228.254 - - [04/Mar/2023:19:44:44 -0500] "GET /sipse/faces/javax.faces.resource/layout/layout.js?ln=primefaces&v=4.0 HTTP/1.1" 304 -
152.203.228.254 - - [04/Mar/2023:19:44:44 -0500] "GET /sipse/faces/javax.faces.resource/jquery/jquery.js?ln=primefaces&v=4.0 HTTP/1.1" 304 -
152.203.228.254 - - [04/Mar/2023:19:44:44 -0500] "GET /sipse/faces/javax.faces.resource/jquery/jquery-plugins.js?ln=primefaces&v=4.0 HTTP/1.1" 304 -
152.203.228.254 - - [04/Mar/2023:19:44:44 -0500] "GET /sipse/css/imagen/logoSDG.png HTTP/1.1" 304 -
152.203.228.254 - - [04/Mar/2023:19:44:44 -0500] "GET /sipse/css/imagen/loginimg.png HTTP/1.1" 304 -
152.203.228.254 - - [04/Mar/2023:19:44:44 -0500] "GET /sipse/faces/javax.faces.resource/images/ui-icons_898989_256x240.png?ln=primefaces-aristo HTTP/1.1" 304 -
152.203.228.254 - - [04/Mar/2023:19:44:45 -0500] "GET /sipse/faces/faces/faces/faces/faces/faces/faces/index.xhtml HTTP/1.1" 200 677
152.203.228.254 - - [04/Mar/2023:19:44:45 -0500] "GET /sipse/faces/javax.faces.resource/theme.css?ln=primefaces-sipse HTTP/1.1" 304 -
152.203.228.254 - - [04/Mar/2023:19:44:45 -0500] "GET /sipse/faces/faces/faces/faces/faces/faces/faces/faces/autenticacion.xhtml HTTP/1.1" 200 12167
152.203.228.254 - - [04/Mar/2023:19:44:45 -0500] "GET /sipse/faces/javax.faces.resource/jquery/jquery.js?ln=primefaces&v=4.0 HTTP/1.1" 304 -
152.203.228.254 - - [04/Mar/2023:19:44:45 -0500] "GET /sipse/faces/javax.faces.resource/layout/layout.css?ln=primefaces&v=4.0 HTTP/1.1" 304 -
152.203.228.254 - - [04/Mar/2023:19:44:45 -0500] "GET /sipse/faces/javax.faces.resource/primefaces.css?ln=primefaces&v=4.0 HTTP/1.1" 304 -
152.203.228.254 - - [04/Mar/2023:19:44:45 -0500] "GET /sipse/faces/javax.faces.resource/theme.css?ln=primefaces-sipse HTTP/1.1" 304 -
152.203.228.254 - - [04/Mar/2023:19:44:45 -0500] "GET /sipse/faces/javax.faces.resource/jquery/jquery-plugins.js?ln=primefaces&v=4.0 HTTP/1.1" 304 -
152.203.228.254 - - [04/Mar/2023:19:44:45 -0500] "GET /sipse/faces/javax.faces.resource/primefaces.js?ln=primefaces&v=4.0 HTTP/1.1" 304 -
152.203.228.254 - - [04/Mar/2023:19:44:45 -0500] "GET /sipse/faces/javax.faces.resource/layout/layout.js?ln=primefaces&v=4.0 HTTP/1.1" 304 -
152.203.228.254 - - [04/Mar/2023:19:44:45 -0500] "GET /sipse/faces/javax.faces.resource/images/ui-icons_898989_256x240.png?ln=primefaces-aristo HTTP/1.1" 304 -
152.203.228.254 - - [04/Mar/2023:19:44:48 -0500] "POST /sipse/faces/autenticacion.xhtml HTTP/1.1" 200 2220
152.203.228.254 - - [04/Mar/2023:19:44:48 -0500] "GET /sipse/faces/javax.faces.resource/messages/messages.png?ln=primefaces&v=4.0 HTTP/1.1" 304 -
152.203.228.254 - - [04/Mar/2023:19:44:50 -0500] "POST /sipse/faces/autenticacion.xhtml HTTP/1.1" 200 16305
152.203.228.254 - - [04/Mar/2023:19:44:50 -0500] "GET /sipse/css/custom_css_sg_prime.css HTTP/1.1" 304 -
152.203.228.254 - - [04/Mar/2023:19:44:50 -0500] "GET /sipse/faces/javax.faces.resource/layout/layout.css?ln=primefaces&v=4.0 HTTP/1.1" 304 -
152.203.228.254 - - [04/Mar/2023:19:44:50 -0500] "GET /sipse/faces/javax.faces.resource/theme.css?ln=primefaces-sipse HTTP/1.1" 304 -
152.203.228.254 - - [04/Mar/2023:19:44:50 -0500] "GET /sipse/faces/javax.faces.resource/primefaces.css?ln=primefaces&v=4.0 HTTP/1.1" 304 -
152.203.228.254 - - [04/Mar/2023:19:44:50 -0500] "GET /sipse/js/jquery.min.js HTTP/1.1" 304 -
152.203.228.254 - - [04/Mar/2023:19:44:50 -0500] "GET /sipse/faces/javax.faces.resource/jquery/jquery.js?ln=primefaces&v=4.0 HTTP/1.1" 304 -
152.203.228.254 - - [04/Mar/2023:19:44:50 -0500] "GET /sipse/faces/javax.faces.resource/jquery/jquery-plugins.js?ln=primefaces&v=4.0 HTTP/1.1" 304 -
152.203.228.254 - - [04/Mar/2023:19:44:50 -0500] "GET /sipse/faces/javax.faces.resource/primefaces.js?ln=primefaces&v=4.0 HTTP/1.1" 304 -
152.203.228.254 - - [04/Mar/2023:19:44:50 -0500] "GET /sipse/faces/javax.faces.resource/layout/layout.js?ln=primefaces&v=4.0 HTTP/1.1" 304 -
152.203.228.254 - - [04/Mar/2023:19:44:50 -0500] "GET /sipse/imagenes/logoAplicacion.jpg HTTP/1.1" 304 -
152.203.228.254 - - [04/Mar/2023:19:44:50 -0500] "GET /sipse/imagenes/cargando.gif HTTP/1.1" 304 -
152.203.228.254 - - [04/Mar/2023:19:44:50 -0500] "GET /sipse/css/imagen/contrasena.png HTTP/1.1" 404 383
152.203.228.254 - - [04/Mar/2023:19:44:52 -0500] "GET /sipse/faces/javax.faces.resource/images/ui-bg_flat_0_2d5972_40x100.png?ln=primefaces-aristo HTTP/1.1" 304 -
152.203.228.254 - - [04/Mar/2023:19:44:52 -0500] "POST /sipse/faces/bienvenido.xhtml HTTP/1.1" 200 2658
201.245.192.253 - - [04/Mar/2023:19:44:50 -0500] "POST /kwsrmcab/Wsrmcab  HTTP/1.1" 200 40529
172.22.2.4 - - [04/Mar/2023:19:44:53 -0500] "GET /BLA/boletinlegal/actos.php HTTP/1.1" 200 9672
172.22.2.4 - - [04/Mar/2023:19:44:53 -0500] "GET /BLA/boletinlegal/favicon.ico HTTP/1.1" 404 1326
152.203.228.254 - - [04/Mar/2023:19:44:52 -0500] "POST /sipse/faces/bienvenido.xhtml HTTP/1.1" 200 66256
152.203.228.254 - - [04/Mar/2023:19:44:54 -0500] "GET /sipse/faces/javax.faces.resource/theme.css?ln=primefaces-sipse HTTP/1.1" 304 -
152.203.228.254 - - [04/Mar/2023:19:44:54 -0500] "GET /sipse/faces/javax.faces.resource/layout/layout.css?ln=primefaces&v=4.0 HTTP/1.1" 304 -
152.203.228.254 - - [04/Mar/2023:19:44:54 -0500] "GET /sipse/faces/javax.faces.resource/primefaces.css?ln=primefaces&v=4.0 HTTP/1.1" 304 -
152.203.228.254 - - [04/Mar/2023:19:44:54 -0500] "GET /sipse/faces/javax.faces.resource/jquery/jquery.js?ln=primefaces&v=4.0 HTTP/1.1" 304 -
152.203.228.254 - - [04/Mar/2023:19:44:54 -0500] "GET /sipse/faces/javax.faces.resource/jquery/jquery-plugins.js?ln=primefaces&v=4.0 HTTP/1.1" 304 -
152.203.228.254 - - [04/Mar/2023:19:44:54 -0500] "GET /sipse/faces/javax.faces.resource/primefaces.js?ln=primefaces&v=4.0 HTTP/1.1" 304 -
152.203.228.254 - - [04/Mar/2023:19:44:54 -0500] "GET /sipse/faces/javax.faces.resource/layout/layout.js?ln=primefaces&v=4.0 HTTP/1.1" 304 -
152.203.228.254 - - [04/Mar/2023:19:44:54 -0500] "POST /sipse/faces/presentacion/financiero/solicitudProceso/listarSolicitudProceso.xhtml HTTP/1.1" 200 1560
172.22.2.4 - - [04/Mar/2023:19:45:00 -0500] "GET /BLA/boletinlegal/consulta_actos.php?tipo=resoluciones&no=&usuario=&sector=&fecha=2022&resuelve= HTTP/1.1" 200 4882842
152.203.228.254 - - [04/Mar/2023:19:45:01 -0500] "POST /sipse/faces/presentacion/financiero/solicitudProceso/listarSolicitudProceso.xhtml HTTP/1.1" 200 34984
172.22.2.4 - - [04/Mar/2023:19:45:05 -0500] "GET /BLA/boletinlegal/consulta_actos.php?tipo=resoluciones&no=&usuario=&sector=&fecha=2022&resuelve= HTTP/1.1" 200 4882842
152.203.228.254 - - [04/Mar/2023:19:45:08 -0500] "POST /sipse/faces/presentacion/financiero/solicitudProceso/listarSolicitudProceso.xhtml HTTP/1.1" 200 140267
152.203.228.254 - - [04/Mar/2023:19:45:08 -0500] "GET /sipse/faces/javax.faces.resource/primefaces.css?ln=primefaces&v=4.0 HTTP/1.1" 304 -
152.203.228.254 - - [04/Mar/2023:19:45:08 -0500] "GET /sipse/faces/javax.faces.resource/theme.css?ln=primefaces-sipse HTTP/1.1" 304 -
152.203.228.254 - - [04/Mar/2023:19:45:08 -0500] "GET /sipse/faces/javax.faces.resource/layout/layout.css?ln=primefaces&v=4.0 HTTP/1.1" 304 -
152.203.228.254 - - [04/Mar/2023:19:45:08 -0500] "GET /sipse/faces/javax.faces.resource/jquery/jquery.js?ln=primefaces&v=4.0 HTTP/1.1" 304 -
152.203.228.254 - - [04/Mar/2023:19:45:08 -0500] "GET /sipse/faces/javax.faces.resource/jquery/jquery-plugins.js?ln=primefaces&v=4.0 HTTP/1.1" 304 -
152.203.228.254 - - [04/Mar/2023:19:45:08 -0500] "GET /sipse/faces/javax.faces.resource/primefaces.js?ln=primefaces&v=4.0 HTTP/1.1" 304 -
152.203.228.254 - - [04/Mar/2023:19:45:08 -0500] "GET /sipse/faces/javax.faces.resource/layout/layout.js?ln=primefaces&v=4.0 HTTP/1.1" 304 -
167.94.146.57 - - [04/Mar/2023:19:45:14 -0500] "GET / HTTP/1.1" 200 319
167.94.146.57 - - [04/Mar/2023:19:45:14 -0500] "GET / HTTP/1.1" 200 319
152.203.228.254 - - [04/Mar/2023:19:45:13 -0500] "POST /sipse/faces/presentacion/financiero/solicitudProceso/consultarSolicitudProceso.xhtml HTTP/1.1" 200 45579
152.203.228.254 - - [04/Mar/2023:19:45:14 -0500] "GET /sipse/faces/javax.faces.resource/layout/layout.css?ln=primefaces&v=4.0 HTTP/1.1" 304 -
152.203.228.254 - - [04/Mar/2023:19:45:14 -0500] "GET /sipse/faces/javax.faces.resource/theme.css?ln=primefaces-sipse HTTP/1.1" 304 -
152.203.228.254 - - [04/Mar/2023:19:45:14 -0500] "GET /sipse/faces/javax.faces.resource/primefaces.css?ln=primefaces&v=4.0 HTTP/1.1" 304 -
152.203.228.254 - - [04/Mar/2023:19:45:14 -0500] "GET /sipse/faces/javax.faces.resource/jquery/jquery.js?ln=primefaces&v=4.0 HTTP/1.1" 304 -
152.203.228.254 - - [04/Mar/2023:19:45:14 -0500] "GET /sipse/faces/javax.faces.resource/primefaces.js?ln=primefaces&v=4.0 HTTP/1.1" 304 -
152.203.228.254 - - [04/Mar/2023:19:45:14 -0500] "GET /sipse/faces/javax.faces.resource/jquery/jquery-plugins.js?ln=primefaces&v=4.0 HTTP/1.1" 304 -
152.203.228.254 - - [04/Mar/2023:19:45:14 -0500] "GET /sipse/faces/javax.faces.resource/layout/layout.js?ln=primefaces&v=4.0 HTTP/1.1" 304 -
167.94.146.57 - - [04/Mar/2023:19:45:14 -0500] "PRI * HTTP/2.0" 400 946
167.94.146.57 - - [04/Mar/2023:19:45:15 -0500] "GET /favicon.ico HTTP/1.1" 200 7782
181.53.13.142 - - [04/Mar/2023:19:45:15 -0500] "GET /kwssiamovil/sm/acme/a?s=U2FsdGVkX19Y8F2gP4smyBBFuuiXl2RheckWmtdgXHJv0gSCl8YtZkM2zOlW7tpkz4/RNXoacathNbNRe/5LKkh5pb2Zx8/EhT4dtnrRWUalJbxRnhfLzUsNM/3LcuCWduihFm/xZvkYReSBc7xMdHK6zZBUNP/eIPJHvjdcM1+ZU6n7Tkt1GxuDjSLGOFemDs0lZx3nTlS7HggsPzIn/ogr62hfmbfvb18JSW2S0OvodDhrcSQdCFYItW2HM4SYxm6MWPrZgTFlRwS8lx7cUqdGU+lck9kiMcuoR36sNRo=&u=U2FsdGVkX1+4nxra+DqmIjl9kpOOqlligdwhH99VTnuAQ7XPetLVx1Hu4W8ejZ3k&y=U2FsdGVkX1/EKgvo0vLbJt8V1QJe/9Lp9nuJ1qa2RC/qTqP5GtAH0CclBZ90NWz+ HTTP/1.1" 200 26
181.53.13.142 - - [04/Mar/2023:19:45:16 -0500] "GET /kwssiamovil/sm/acme/a?s=U2FsdGVkX19GAJKr0bdvpbFZ5bBE2lNATg9p/e5C4cHLU0vWsirMsHFqxvhEq5j3zPfG7lyG5+vGEV3S+0lFMttHvc55NMGM9qZUymOYt8LSZc4EP4LQgqA5/p7zNIZlVianlGkwSAPxBWvLTTb+JBLHGGv3rJkRXakCw+Q8ddpOytk1To3Gl6mdpcwT55xa24cynJCsLwZRoXsvBof+i35vq0oON9bYKDdbe/JvEkYxD3NKtqD43FIWmTXxP2PwCM4hdTAHPHvxcudBMZ4Ml0H/RERBf8s4aIohJZ+8vPBZ+vf8/d9cvb0Tv7ezhfXVLEqPzRU3snvX1koYEIeZ4tdcjqjQZS3zNCfDIlBJCgrhY15E/LdESVw42EwhsvDoCYimjMZfL7WzndbiaS6Ty8gd3yLiUXhQELEEgzh2/T2eB5K9ZbzaXptlPFLpFQjnR+RCax2fekR4RZSmBSAgyeV5GPCB9vhq/MP9Y2kDK/qixu3WvDBiDCYhXZUR0KfS9Hp73yxMaEMQXQD30vy7K4sokgr7nMuDincHSlycgx/RmqsphJAi+yPriHDIQrzWf+gGQDpyJ1IhquZG5NgWGbVRW8Hs1xXdGoQRiA/MJPbfqEHZhG0r1IeL0EqHRYDkJhp+ylbMGhnGhXVyPVZ+gOhgz9g5NHU6mHoIuWQG28ykwBR0RdWWd6M6AJkWMTTL2CKqr6A2NF3UhcrwZtSV51yaodHMuEXGjoHxy8pN198FcHYO/aXErXDfCCPHXBBZd4Q/MjObXygPaE4uWGm4bGDnkJqqFF1/mzJ8y8056CEjdvmqZ78A2UG9YOe96bkeTkV5A6sHFGE5GZqH7H+kMgUtFSWxRoZAHm5c+NqZsSlaVxJwzWmxMpCjhU3DF3A/HnvSjxGU5u4oxxhb26JYmDDzdjHzlMcqry4vgcejGs6CEfO3JtGUlRrLry5xbaoLryP8i7I8u2XLbxasvqk9Q8YIIQsBmnU0IHz0ruGA7RoGQnl2tNX2I2+cSqq0kes7yv3NtTj8naZC94bXNK1YjEXb1AdY+7QTGs08CN1QsxqcYkvbpHnjRJ6Q0x3w7MFs2K615RuE7e3RFl+otpJCvWOt0uZDoFE9QKmJmdnT7gy8Ovwf/p90b/4TTSml96ku6v9v7XXYePBCmq3BwB+WbxrgppwNskRKun24MPjREkDI+oqcLzhlZwG2lahK+yd4TPQ62oLx4mvrzLVK/+6OLM+Vo+Fr3tygN0juwF8k4mHY4jJ3aBvMhPAcffT24TcfJ8bcZGWbRSx0T4MQL8PnO58UbEs37XkEMtsqwFEH+5kiB9+FYVUNA3RQvNbNwT0rdxx04qfa6LBBr7keSjTUgN+3JAtgIXgQmozdeO8y8PdKO6nwxCV4OpWDV5Dd2cJvmnGe/ydJJzAeJCG6iho7Lr1k8qTflYbjiJRg5yeQ8WOPZqwq9Y/dOUv0hTnRWe5ocbUs9FG+0E4RigZbzDhl0MkPswoN4hogML49vJrSZN6lislVnBNeojNL7RQUIaimEQ7KNkA/wVeOvIxTAbNEICYZIbzpZGELFoUvlip4L1E+XJ5buezBhCZnIlmbx9F+dH1epT+UgQuPq1KUkQvr8fUiS1T3c6+RTgHgDqgkFPIT5L501yX58MQHk/mVcbS0fEquYcJDU7fANn6ruwhJiUBkOwOME32Ut2MPp7lX8UboNo80F4f6kCMHoH2k8+Yxv1YG2FihEtMB9GPwqFrxJLBEQ2PzmTKsr1BYYSqRuIWZBvwfIhEg9Pg5WiXAVWj9HUUjnm4TSlxBmGl8pdDLZGyz0/haRGAcvp96RrA0tqpbNKQtREmn+Hv6tmVSZ0QskmbKsIwyxssDWSLL51a/Z+50UcjHmEr1Z8IfXbYZsjiYOXRwod4thtKBBcwl5qG0DGokNGNvM/N7mMsjrvt3Tg==&u=U2FsdGVkX1+4nxra+DqmIjl9kpOOqlligdwhH99VTnuAQ7XPetLVx1Hu4W8ejZ3k&y=U2FsdGVkX1/EKgvo0vLbJt8V1QJe/9Lp9nuJ1qa2RC/qTqP5GtAH0CclBZ90NWz+ HTTP/1.1" 200 26
181.53.13.142 - - [04/Mar/2023:19:45:16 -0500] "GET /kwssiamovil/sm/acme/a?s=U2FsdGVkX1/Pz656GdLMNmNOZ4RPUhdz1LA/MQ+qtanjwkeTB/ccwrZH9ISfOJ4eEOaO859OwaVD1TgIM6HC23PIrfvYyOkHiL5pnMGF/tdX+EJN0Pvk/HGF0f+NrENJIDXKMuud+q4AMMJSoopb7UQu72GOo8y4hQpmepzaUgI=&u=U2FsdGVkX1+4nxra+DqmIjl9kpOOqlligdwhH99VTnuAQ7XPetLVx1Hu4W8ejZ3k&y=U2FsdGVkX1/EKgvo0vLbJt8V1QJe/9Lp9nuJ1qa2RC/qTqP5GtAH0CclBZ90NWz+ HTTP/1.1" 200 26
181.53.13.142 - - [04/Mar/2023:19:45:16 -0500] "GET /kwssiamovil/sm/acme/a?s=U2FsdGVkX19+tYpJrqu9mdLkHALE5E5Zp8aoW+R3sESZXw3qNXk7JVPAyriPvsN9vImKfRSAb+AA0ZQRudw6hZrOYRdXWvRWl5j0B6dVhG7GNC2S3nL46qeMeCKr1PalprpVbaATzvE2wvXfSu78Njg9ea/sqYqHvoe+93Mr69s=&u=U2FsdGVkX1+4nxra+DqmIjl9kpOOqlligdwhH99VTnuAQ7XPetLVx1Hu4W8ejZ3k&y=U2FsdGVkX1/EKgvo0vLbJt8V1QJe/9Lp9nuJ1qa2RC/qTqP5GtAH0CclBZ90NWz+ HTTP/1.1" 200 26
181.53.13.142 - - [04/Mar/2023:19:45:16 -0500] "GET /kwssiamovil/sm/acme/a?s=U2FsdGVkX1+07Tq4DKeqHeUeaLsUj/J3Yc+122UvWsQxL7tX0ZsPqi+gZnxBZ0vy8XhRJ/DSxnkEcQY0oxe18oKbAytlAWBfIdPVryiDAbNjLesZUsnaTmFBBJD74BHBcEvLub1MjFlXaOutIXFf6LiKbvm18y84sEvoHPKuwzY=&u=U2FsdGVkX1+4nxra+DqmIjl9kpOOqlligdwhH99VTnuAQ7XPetLVx1Hu4W8ejZ3k&y=U2FsdGVkX1/EKgvo0vLbJt8V1QJe/9Lp9nuJ1qa2RC/qTqP5GtAH0CclBZ90NWz+ HTTP/1.1" 200 26
181.53.13.142 - - [04/Mar/2023:19:45:17 -0500] "GET /kwssiamovil/sm/acme/a?s=U2FsdGVkX19rr8Hz/JzfpVUwLv6JHxEQCQ6a33vHMx6ds2Pg9owmoSlpOjBYf3y8wxVMJ06dUpKXYt4VTFwbbfN43jzmc1HNwKtPec7OI6WDQ51fq649t01fyNWTfpM2gm7mkfq8nMcfNgTcWOGejh2kltFjcGQPmEHc9zObG7bCmJm+o0DKUhZJ107C2o9iWtv7fzsTNowG0avIq5Q06A==&u=U2FsdGVkX1+4nxra+DqmIjl9kpOOqlligdwhH99VTnuAQ7XPetLVx1Hu4W8ejZ3k&y=U2FsdGVkX1/EKgvo0vLbJt8V1QJe/9Lp9nuJ1qa2RC/qTqP5GtAH0CclBZ90NWz+ HTTP/1.1" 200 26
172.22.2.4 - - [04/Mar/2023:19:44:50 -0500] "GET /BLA/boletinlegal/ HTTP/1.1" 200 24523
152.203.228.254 - - [04/Mar/2023:19:45:27 -0500] "GET /sipse/faces/faces/faces/faces/faces/faces/faces/autenticacion.xhtml HTTP/1.1" 200 12176
152.203.228.254 - - [04/Mar/2023:19:45:27 -0500] "GET /sipse/faces/javax.faces.resource/theme.css?ln=primefaces-sipse HTTP/1.1" 304 -
152.203.228.254 - - [04/Mar/2023:19:45:27 -0500] "GET /sipse/faces/javax.faces.resource/primefaces.css?ln=primefaces&v=4.0 HTTP/1.1" 304 -
152.203.228.254 - - [04/Mar/2023:19:45:27 -0500] "GET /sipse/faces/javax.faces.resource/layout/layout.css?ln=primefaces&v=4.0 HTTP/1.1" 304 -
152.203.228.254 - - [04/Mar/2023:19:45:27 -0500] "GET /sipse/faces/javax.faces.resource/jquery/jquery.js?ln=primefaces&v=4.0 HTTP/1.1" 304 -
152.203.228.254 - - [04/Mar/2023:19:45:27 -0500] "GET /sipse/faces/javax.faces.resource/primefaces.js?ln=primefaces&v=4.0 HTTP/1.1" 304 -
152.203.228.254 - - [04/Mar/2023:19:45:27 -0500] "GET /sipse/faces/javax.faces.resource/jquery/jquery-plugins.js?ln=primefaces&v=4.0 HTTP/1.1" 304 -
152.203.228.254 - - [04/Mar/2023:19:45:27 -0500] "GET /sipse/faces/javax.faces.resource/layout/layout.js?ln=primefaces&v=4.0 HTTP/1.1" 304 -
152.203.228.254 - - [04/Mar/2023:19:45:27 -0500] "GET /sipse/faces/javax.faces.resource/images/ui-icons_898989_256x240.png?ln=primefaces-aristo HTTP/1.1" 304 -
152.203.228.254 - - [04/Mar/2023:19:45:27 -0500] "GET /sipse/faces/faces/faces/faces/faces/faces/faces/index.xhtml HTTP/1.1" 200 677
152.203.228.254 - - [04/Mar/2023:19:45:27 -0500] "GET /sipse/faces/javax.faces.resource/theme.css?ln=primefaces-sipse HTTP/1.1" 304 -
152.203.228.254 - - [04/Mar/2023:19:45:27 -0500] "GET /sipse/faces/faces/faces/faces/faces/faces/faces/faces/autenticacion.xhtml HTTP/1.1" 200 12176
152.203.228.254 - - [04/Mar/2023:19:45:28 -0500] "GET /sipse/faces/javax.faces.resource/primefaces.js?ln=primefaces&v=4.0 HTTP/1.1" 304 -
152.203.228.254 - - [04/Mar/2023:19:45:28 -0500] "GET /sipse/faces/javax.faces.resource/layout/layout.css?ln=primefaces&v=4.0 HTTP/1.1" 304 -
152.203.228.254 - - [04/Mar/2023:19:45:28 -0500] "GET /sipse/faces/javax.faces.resource/theme.css?ln=primefaces-sipse HTTP/1.1" 304 -
152.203.228.254 - - [04/Mar/2023:19:45:28 -0500] "GET /sipse/faces/javax.faces.resource/jquery/jquery.js?ln=primefaces&v=4.0 HTTP/1.1" 304 -
152.203.228.254 - - [04/Mar/2023:19:45:28 -0500] "GET /sipse/faces/javax.faces.resource/primefaces.css?ln=primefaces&v=4.0 HTTP/1.1" 304 -
152.203.228.254 - - [04/Mar/2023:19:45:28 -0500] "GET /sipse/faces/javax.faces.resource/jquery/jquery-plugins.js?ln=primefaces&v=4.0 HTTP/1.1" 304 -
152.203.228.254 - - [04/Mar/2023:19:45:28 -0500] "GET /sipse/faces/javax.faces.resource/layout/layout.js?ln=primefaces&v=4.0 HTTP/1.1" 304 -
152.203.228.254 - - [04/Mar/2023:19:45:28 -0500] "GET /sipse/faces/javax.faces.resource/images/ui-icons_898989_256x240.png?ln=primefaces-aristo HTTP/1.1" 304 -
186.102.20.94 - - [04/Mar/2023:19:45:30 -0500] "GET /BLA/resoluciones/RESOLUCIONES%202022/0042.pdf HTTP/1.1" 200 374982
161.10.31.176 - - [04/Mar/2023:19:45:31 -0500] "GET /appsia/controlador HTTP/1.1" 200 4799
161.10.31.176 - - [04/Mar/2023:19:45:32 -0500] "GET /appsia/css/estilos.css HTTP/1.1" 200 4804
161.10.31.176 - - [04/Mar/2023:19:45:32 -0500] "GET /appsia/scripts/validarIngreso.js HTTP/1.1" 200 851
161.10.31.176 - - [04/Mar/2023:19:45:32 -0500] "GET /appsia/images/cabezoteHojaVida.png HTTP/1.1" 200 32493
161.10.31.176 - - [04/Mar/2023:19:45:32 -0500] "GET /appsia/images/logo_bogota_p.png HTTP/1.1" 200 14951
161.10.31.176 - - [04/Mar/2023:19:45:32 -0500] "GET /favicon.ico HTTP/1.1" 200 7782
181.48.255.198 - - [04/Mar/2023:19:45:32 -0500] "GET /BLA/resoluciones/RESOLUCIONES%202022/0042.pdf HTTP/1.1" 200 374982
161.10.31.176 - - [04/Mar/2023:19:45:44 -0500] "POST /appsia/controlador HTTP/1.1" 200 5437
161.10.31.176 - - [04/Mar/2023:19:45:48 -0500] "POST /appsia/controlador HTTP/1.1" 200 7759
152.203.228.254 - - [04/Mar/2023:19:45:50 -0500] "POST /sipse/faces/autenticacion.xhtml HTTP/1.1" 200 2220
152.203.228.254 - - [04/Mar/2023:19:45:50 -0500] "GET /sipse/faces/javax.faces.resource/messages/messages.png?ln=primefaces&v=4.0 HTTP/1.1" 304 -
152.203.228.254 - - [04/Mar/2023:19:45:51 -0500] "POST /sipse/faces/autenticacion.xhtml HTTP/1.1" 200 16337
152.203.228.254 - - [04/Mar/2023:19:45:51 -0500] "GET /sipse/faces/javax.faces.resource/theme.css?ln=primefaces-sipse HTTP/1.1" 304 -
152.203.228.254 - - [04/Mar/2023:19:45:51 -0500] "GET /sipse/faces/javax.faces.resource/layout/layout.css?ln=primefaces&v=4.0 HTTP/1.1" 304 -
152.203.228.254 - - [04/Mar/2023:19:45:51 -0500] "GET /sipse/faces/javax.faces.resource/primefaces.css?ln=primefaces&v=4.0 HTTP/1.1" 304 -
152.203.228.254 - - [04/Mar/2023:19:45:51 -0500] "GET /sipse/faces/javax.faces.resource/jquery/jquery.js?ln=primefaces&v=4.0 HTTP/1.1" 304 -
152.203.228.254 - - [04/Mar/2023:19:45:51 -0500] "GET /sipse/faces/javax.faces.resource/jquery/jquery-plugins.js?ln=primefaces&v=4.0 HTTP/1.1" 304 -
152.203.228.254 - - [04/Mar/2023:19:45:51 -0500] "GET /sipse/faces/javax.faces.resource/primefaces.js?ln=primefaces&v=4.0 HTTP/1.1" 304 -
152.203.228.254 - - [04/Mar/2023:19:45:51 -0500] "GET /sipse/faces/javax.faces.resource/layout/layout.js?ln=primefaces&v=4.0 HTTP/1.1" 304 -
152.203.228.254 - - [04/Mar/2023:19:45:51 -0500] "GET /sipse/css/imagen/contrasena.png HTTP/1.1" 404 383
152.203.228.254 - - [04/Mar/2023:19:45:53 -0500] "GET /sipse/faces/javax.faces.resource/images/ui-bg_flat_0_2d5972_40x100.png?ln=primefaces-aristo HTTP/1.1" 304 -
152.203.228.254 - - [04/Mar/2023:19:45:53 -0500] "POST /sipse/faces/bienvenido.xhtml HTTP/1.1" 200 2658
152.203.228.254 - - [04/Mar/2023:19:45:53 -0500] "POST /sipse/faces/bienvenido.xhtml HTTP/1.1" 200 66256
152.203.228.254 - - [04/Mar/2023:19:45:55 -0500] "GET /sipse/faces/javax.faces.resource/primefaces.css?ln=primefaces&v=4.0 HTTP/1.1" 304 -
152.203.228.254 - - [04/Mar/2023:19:45:55 -0500] "GET /sipse/faces/javax.faces.resource/layout/layout.css?ln=primefaces&v=4.0 HTTP/1.1" 304 -
152.203.228.254 - - [04/Mar/2023:19:45:55 -0500] "GET /sipse/faces/javax.faces.resource/theme.css?ln=primefaces-sipse HTTP/1.1" 304 -
152.203.228.254 - - [04/Mar/2023:19:45:55 -0500] "GET /sipse/faces/javax.faces.resource/jquery/jquery.js?ln=primefaces&v=4.0 HTTP/1.1" 304 -
152.203.228.254 - - [04/Mar/2023:19:45:55 -0500] "GET /sipse/faces/javax.faces.resource/jquery/jquery-plugins.js?ln=primefaces&v=4.0 HTTP/1.1" 304 -
152.203.228.254 - - [04/Mar/2023:19:45:55 -0500] "GET /sipse/faces/javax.faces.resource/primefaces.js?ln=primefaces&v=4.0 HTTP/1.1" 304 -
152.203.228.254 - - [04/Mar/2023:19:45:55 -0500] "GET /sipse/faces/javax.faces.resource/layout/layout.js?ln=primefaces&v=4.0 HTTP/1.1" 304 -
172.22.2.4 - - [04/Mar/2023:19:45:56 -0500] "GET /BLA/boletinlegal/styles2.css HTTP/1.1" 200 1838
172.22.2.4 - - [04/Mar/2023:19:45:56 -0500] "GET /BLA/boletinlegal/style.css HTTP/1.1" 200 9406
172.22.2.4 - - [04/Mar/2023:19:45:56 -0500] "GET /BLA/boletinlegal/js/jquery.scrollShow.js HTTP/1.1" 200 4586
172.22.2.4 - - [04/Mar/2023:19:45:56 -0500] "GET /BLA/boletinlegal/js/jquery.scrollTo-min.js HTTP/1.1" 200 1150
172.22.2.4 - - [04/Mar/2023:19:45:56 -0500] "GET /BLA/boletinlegal/js/jquery.js HTTP/1.1" 200 57254
172.22.2.4 - - [04/Mar/2023:19:45:56 -0500] "GET /BLA/boletinlegal/images/menu_rght.gif HTTP/1.1" 200 1627
172.22.2.4 - - [04/Mar/2023:19:45:56 -0500] "GET /BLA/boletinlegal/images/registro-usuarios.png HTTP/1.1" 200 8106
172.22.2.4 - - [04/Mar/2023:19:45:56 -0500] "GET /BLA/boletinlegal/images/hover.jpg HTTP/1.1" 200 640
172.22.2.4 - - [04/Mar/2023:19:45:56 -0500] "GET /BLA/boletinlegal/images/screen_1.png HTTP/1.1" 200 202547
172.22.2.4 - - [04/Mar/2023:19:45:56 -0500] "GET /BLA/boletinlegal/images/subscribe-icon-big.png HTTP/1.1" 200 47702
172.22.2.4 - - [04/Mar/2023:19:45:56 -0500] "GET /BLA/boletinlegal/images/launch.jpg HTTP/1.1" 200 14577
152.203.228.254 - - [04/Mar/2023:19:45:55 -0500] "POST /sipse/faces/presentacion/financiero/solicitudProceso/listarSolicitudProceso.xhtml HTTP/1.1" 200 1560
172.22.2.4 - - [04/Mar/2023:19:45:56 -0500] "GET /BLA/boletinlegal/images/body_bg.jpg HTTP/1.1" 200 1601
172.22.2.4 - - [04/Mar/2023:19:45:56 -0500] "GET /BLA/boletinlegal/images/menu_lft.gif HTTP/1.1" 200 1713
172.22.2.4 - - [04/Mar/2023:19:45:56 -0500] "GET /BLA/boletinlegal/images/menu_bg.jpg HTTP/1.1" 200 620
172.22.2.4 - - [04/Mar/2023:19:45:56 -0500] "GET /BLA/boletinlegal/images/arr_l.jpg HTTP/1.1" 200 1979
172.22.2.4 - - [04/Mar/2023:19:45:56 -0500] "GET /BLA/boletinlegal/images/bg_top.jpg HTTP/1.1" 200 522
172.22.2.4 - - [04/Mar/2023:19:45:56 -0500] "GET /BLA/boletinlegal/images/historia.png HTTP/1.1" 200 52775
172.22.2.4 - - [04/Mar/2023:19:45:56 -0500] "GET /BLA/boletinlegal/images/cabezote%20BLEGAL.jpg HTTP/1.1" 200 118164
161.10.31.176 - - [04/Mar/2023:19:45:56 -0500] "POST /appsia/controlador HTTP/1.1" 200 6624
172.22.2.4 - - [04/Mar/2023:19:45:57 -0500] "GET /BLA/boletinlegal/images/text.jpg HTTP/1.1" 200 568
172.22.2.4 - - [04/Mar/2023:19:45:58 -0500] "GET /BLA/boletinlegal/actos.php HTTP/1.1" 200 9672
172.22.2.4 - - [04/Mar/2023:19:45:58 -0500] "GET /BLA/boletinlegal/js/ajax_actos.js HTTP/1.1" 200 1322
172.22.2.4 - - [04/Mar/2023:19:45:59 -0500] "GET /BLA/boletinlegal/niceforms.js HTTP/1.1" 200 22876
172.22.2.4 - - [04/Mar/2023:19:45:59 -0500] "GET /BLA/boletinlegal/js/popup.js HTTP/1.1" 200 1270
172.22.2.4 - - [04/Mar/2023:19:45:59 -0500] "GET /BLA/boletinlegal/js/lib.js HTTP/1.1" 200 6474
172.22.2.4 - - [04/Mar/2023:19:45:59 -0500] "GET /BLA/boletinlegal/js/jquery1.js HTTP/1.1" 200 29846
172.22.2.4 - - [04/Mar/2023:19:45:59 -0500] "GET /BLA/boletinlegal/images/green-yellow-blue-pink-th.png HTTP/1.1" 200 7394
172.22.2.4 - - [04/Mar/2023:19:46:00 -0500] "GET /BLA/boletinlegal/niceforms-default.css HTTP/1.1" 200 6694
172.22.2.4 - - [04/Mar/2023:19:46:00 -0500] "GET /BLA/boletinlegal/images/tel.png HTTP/1.1" 200 14477
172.22.2.4 - - [04/Mar/2023:19:46:00 -0500] "GET /BLA/boletinlegal/images/footer_bg.jpg HTTP/1.1" 200 586
172.22.2.4 - - [04/Mar/2023:19:46:00 -0500] "GET /BLA/boletinlegal/images/icono-email.png HTTP/1.1" 200 5544
172.22.2.4 - - [04/Mar/2023:19:46:00 -0500] "GET /BLA/boletinlegal/images/footer_bg_l.jpg HTTP/1.1" 200 776
172.22.2.4 - - [04/Mar/2023:19:46:04 -0500] "GET /BLA/boletinlegal/img/button-right.png HTTP/1.1" 200 57878
172.22.2.4 - - [04/Mar/2023:19:46:04 -0500] "GET /BLA/boletinlegal/img/button-left.png HTTP/1.1" 200 57071
172.22.2.4 - - [04/Mar/2023:19:46:04 -0500] "GET /BLA/boletinlegal/img/0.png HTTP/1.1" 200 110
172.22.2.4 - - [04/Mar/2023:19:46:04 -0500] "GET /BLA/boletinlegal/img/select-left.png HTTP/1.1" 200 263
172.22.2.4 - - [04/Mar/2023:19:46:04 -0500] "GET /BLA/boletinlegal/img/button.png HTTP/1.1" 200 43241
172.22.2.4 - - [04/Mar/2023:19:46:04 -0500] "GET /BLA/boletinlegal/favicon.ico HTTP/1.1" 404 1326
172.22.2.4 - - [04/Mar/2023:19:46:04 -0500] "GET /BLA/boletinlegal/img/select-right.png HTTP/1.1" 200 44019
161.10.31.176 - - [04/Mar/2023:19:46:09 -0500] "POST /appsia/controlador HTTP/1.1" 200 12441
172.22.2.4 - - [04/Mar/2023:19:46:15 -0500] "GET /BLA/boletinlegal/consulta_actos.php?tipo=resoluciones&no=&usuario=&sector=&fecha=2022&resuelve= HTTP/1.1" 200 4882842
190.109.49.4 - - [04/Mar/2023:19:46:18 -0500] "GET /portaldeninos/ HTTP/1.1" 200 110197
190.109.49.4 - - [04/Mar/2023:19:46:19 -0500] "GET /portaldeninos/wp-content/uploads/useanyfont/uaf.css?ver=1589905315 HTTP/1.1" 200 408
190.109.49.4 - - [04/Mar/2023:19:46:19 -0500] "GET /portaldeninos/wp-content/themes/betheme/style.css?ver=20.9.6 HTTP/1.1" 200 287
190.109.49.4 - - [04/Mar/2023:19:46:19 -0500] "GET /portaldeninos/wp-content/plugins/gallery-videos/CSS/Total-Soft-Gallery-Video-Widget.css?ver=4.9.8 HTTP/1.1" 200 51554
190.109.49.4 - - [04/Mar/2023:19:46:19 -0500] "GET /portaldeninos/wp-content/themes/betheme/assets/ui/jquery.ui.all.css?ver=20.9.6 HTTP/1.1" 200 18765
190.109.49.4 - - [04/Mar/2023:19:46:19 -0500] "GET /portaldeninos/wp-content/themes/betheme/assets/jplayer/css/jplayer.blue.monday.css?ver=20.9.6 HTTP/1.1" 200 9834
