181.56.89.136 - - [05/Mar/2023:02:01:46 -0500] "POST /sipse/faces/presentacion/financiero/estudioPrevio/personalSolicitado/expedirExperienciaIdoneidad.xhtml HTTP/1.1" 200 2202
181.56.89.136 - - [05/Mar/2023:02:01:46 -0500] "GET /sipse/faces/javax.faces.resource/messages/messages.png?ln=primefaces&v=4.0 HTTP/1.1" 304 -
181.56.89.136 - - [05/Mar/2023:02:01:49 -0500] "POST /sipse/faces/presentacion/financiero/estudioPrevio/personalSolicitado/expedirExperienciaIdoneidad.xhtml HTTP/1.1" 200 2202
172.22.2.4 - - [05/Mar/2023:02:02:01 -0500] "GET /BLA/boletinlegal/actos.php HTTP/1.1" 200 9672
181.56.89.136 - - [05/Mar/2023:02:02:24 -0500] "POST /sipse/faces/presentacion/financiero/estudioPrevio/personalSolicitado/expedirExperienciaIdoneidad.xhtml HTTP/1.1" 200 3758
181.56.89.136 - - [05/Mar/2023:02:02:26 -0500] "POST /sipse/faces/presentacion/financiero/estudioPrevio/personalSolicitado/expedirExperienciaIdoneidad.xhtml HTTP/1.1" 200 67429
181.56.89.136 - - [05/Mar/2023:02:02:27 -0500] "GET /sipse/faces/javax.faces.resource/theme.css?ln=primefaces-sipse HTTP/1.1" 304 -
181.56.89.136 - - [05/Mar/2023:02:02:27 -0500] "GET /sipse/faces/javax.faces.resource/primefaces.css?ln=primefaces&v=4.0 HTTP/1.1" 304 -
181.56.89.136 - - [05/Mar/2023:02:02:27 -0500] "GET /sipse/faces/javax.faces.resource/layout/layout.css?ln=primefaces&v=4.0 HTTP/1.1" 304 -
181.56.89.136 - - [05/Mar/2023:02:02:27 -0500] "GET /sipse/faces/javax.faces.resource/jquery/jquery.js?ln=primefaces&v=4.0 HTTP/1.1" 304 -
181.56.89.136 - - [05/Mar/2023:02:02:27 -0500] "GET /sipse/faces/javax.faces.resource/jquery/jquery-plugins.js?ln=primefaces&v=4.0 HTTP/1.1" 304 -
181.56.89.136 - - [05/Mar/2023:02:02:27 -0500] "GET /sipse/faces/javax.faces.resource/primefaces.js?ln=primefaces&v=4.0 HTTP/1.1" 304 -
181.56.89.136 - - [05/Mar/2023:02:02:27 -0500] "GET /sipse/faces/javax.faces.resource/layout/layout.js?ln=primefaces&v=4.0 HTTP/1.1" 304 -
181.56.89.136 - - [05/Mar/2023:02:02:28 -0500] "POST /sipse/faces/presentacion/financiero/solicitudProceso/listarSolicitudProceso.xhtml HTTP/1.1" 200 1560
181.56.89.136 - - [05/Mar/2023:02:02:59 -0500] "GET /sipse/faces/index.xhtml HTTP/1.1" 200 677
181.56.89.136 - - [05/Mar/2023:02:03:00 -0500] "GET /sipse/faces/javax.faces.resource/theme.css?ln=primefaces-sipse HTTP/1.1" 304 -
181.56.89.136 - - [05/Mar/2023:02:03:00 -0500] "GET /sipse/faces/faces/autenticacion.xhtml HTTP/1.1" 200 12176
181.56.89.136 - - [05/Mar/2023:02:03:00 -0500] "GET /sipse/faces/javax.faces.resource/theme.css?ln=primefaces-sipse HTTP/1.1" 304 -
181.56.89.136 - - [05/Mar/2023:02:03:00 -0500] "GET /sipse/faces/javax.faces.resource/primefaces.css?ln=primefaces&v=4.0 HTTP/1.1" 304 -
181.56.89.136 - - [05/Mar/2023:02:03:00 -0500] "GET /sipse/faces/javax.faces.resource/jquery/jquery.js?ln=primefaces&v=4.0 HTTP/1.1" 304 -
181.56.89.136 - - [05/Mar/2023:02:03:00 -0500] "GET /sipse/faces/javax.faces.resource/layout/layout.css?ln=primefaces&v=4.0 HTTP/1.1" 304 -
181.56.89.136 - - [05/Mar/2023:02:03:00 -0500] "GET /sipse/faces/javax.faces.resource/primefaces.js?ln=primefaces&v=4.0 HTTP/1.1" 304 -
181.56.89.136 - - [05/Mar/2023:02:03:00 -0500] "GET /sipse/faces/javax.faces.resource/jquery/jquery-plugins.js?ln=primefaces&v=4.0 HTTP/1.1" 304 -
181.56.89.136 - - [05/Mar/2023:02:03:00 -0500] "GET /sipse/faces/javax.faces.resource/layout/layout.js?ln=primefaces&v=4.0 HTTP/1.1" 304 -
181.56.89.136 - - [05/Mar/2023:02:03:01 -0500] "GET /sipse/faces/javax.faces.resource/images/ui-icons_898989_256x240.png?ln=primefaces-aristo HTTP/1.1" 304 -
181.56.89.136 - - [05/Mar/2023:02:03:03 -0500] "POST /sipse/faces/autenticacion.xhtml HTTP/1.1" 200 2220
181.56.89.136 - - [05/Mar/2023:02:03:03 -0500] "GET /sipse/faces/javax.faces.resource/messages/messages.png?ln=primefaces&v=4.0 HTTP/1.1" 304 -
181.56.89.136 - - [05/Mar/2023:02:03:04 -0500] "POST /sipse/faces/autenticacion.xhtml HTTP/1.1" 200 16337
181.56.89.136 - - [05/Mar/2023:02:03:04 -0500] "GET /sipse/faces/javax.faces.resource/theme.css?ln=primefaces-sipse HTTP/1.1" 304 -
181.56.89.136 - - [05/Mar/2023:02:03:04 -0500] "GET /sipse/faces/javax.faces.resource/layout/layout.css?ln=primefaces&v=4.0 HTTP/1.1" 304 -
181.56.89.136 - - [05/Mar/2023:02:03:04 -0500] "GET /sipse/faces/javax.faces.resource/primefaces.css?ln=primefaces&v=4.0 HTTP/1.1" 304 -
181.56.89.136 - - [05/Mar/2023:02:03:04 -0500] "GET /sipse/faces/javax.faces.resource/jquery/jquery.js?ln=primefaces&v=4.0 HTTP/1.1" 304 -
181.56.89.136 - - [05/Mar/2023:02:03:04 -0500] "GET /sipse/faces/javax.faces.resource/jquery/jquery-plugins.js?ln=primefaces&v=4.0 HTTP/1.1" 304 -
181.56.89.136 - - [05/Mar/2023:02:03:04 -0500] "GET /sipse/faces/javax.faces.resource/primefaces.js?ln=primefaces&v=4.0 HTTP/1.1" 304 -
181.56.89.136 - - [05/Mar/2023:02:03:04 -0500] "GET /sipse/faces/javax.faces.resource/layout/layout.js?ln=primefaces&v=4.0 HTTP/1.1" 304 -
181.56.89.136 - - [05/Mar/2023:02:03:04 -0500] "GET /sipse/css/imagen/contrasena.png HTTP/1.1" 404 383
181.56.89.136 - - [05/Mar/2023:02:03:15 -0500] "GET /sipse/faces/javax.faces.resource/images/ui-bg_flat_0_2d5972_40x100.png?ln=primefaces-aristo HTTP/1.1" 304 -
181.56.89.136 - - [05/Mar/2023:02:03:15 -0500] "POST /sipse/faces/bienvenido.xhtml HTTP/1.1" 200 2658
181.56.89.136 - - [05/Mar/2023:02:03:16 -0500] "POST /sipse/faces/bienvenido.xhtml HTTP/1.1" 200 66256
181.56.89.136 - - [05/Mar/2023:02:03:18 -0500] "GET /sipse/faces/javax.faces.resource/theme.css?ln=primefaces-sipse HTTP/1.1" 304 -
181.56.89.136 - - [05/Mar/2023:02:03:18 -0500] "GET /sipse/faces/javax.faces.resource/primefaces.css?ln=primefaces&v=4.0 HTTP/1.1" 304 -
181.56.89.136 - - [05/Mar/2023:02:03:18 -0500] "GET /sipse/faces/javax.faces.resource/layout/layout.css?ln=primefaces&v=4.0 HTTP/1.1" 304 -
181.56.89.136 - - [05/Mar/2023:02:03:18 -0500] "GET /sipse/faces/javax.faces.resource/jquery/jquery.js?ln=primefaces&v=4.0 HTTP/1.1" 304 -
181.56.89.136 - - [05/Mar/2023:02:03:18 -0500] "GET /sipse/faces/javax.faces.resource/jquery/jquery-plugins.js?ln=primefaces&v=4.0 HTTP/1.1" 304 -
181.56.89.136 - - [05/Mar/2023:02:03:18 -0500] "GET /sipse/faces/javax.faces.resource/primefaces.js?ln=primefaces&v=4.0 HTTP/1.1" 304 -
181.56.89.136 - - [05/Mar/2023:02:03:18 -0500] "GET /sipse/faces/javax.faces.resource/layout/layout.js?ln=primefaces&v=4.0 HTTP/1.1" 304 -
181.56.89.136 - - [05/Mar/2023:02:03:18 -0500] "POST /sipse/faces/presentacion/financiero/solicitudProceso/listarSolicitudProceso.xhtml HTTP/1.1" 200 1560
181.56.89.136 - - [05/Mar/2023:02:03:20 -0500] "POST /sipse/faces/presentacion/financiero/solicitudProceso/listarSolicitudProceso.xhtml HTTP/1.1" 200 17066
201.245.192.253 - - [05/Mar/2023:02:03:21 -0500] "POST /kwsrmcab/Wsrmcab  HTTP/1.1" 200 40529
181.56.89.136 - - [05/Mar/2023:02:03:24 -0500] "POST /sipse/faces/presentacion/financiero/solicitudProceso/listarSolicitudProceso.xhtml HTTP/1.1" 200 136203
181.56.89.136 - - [05/Mar/2023:02:03:25 -0500] "GET /sipse/faces/javax.faces.resource/primefaces.css?ln=primefaces&v=4.0 HTTP/1.1" 304 -
181.56.89.136 - - [05/Mar/2023:02:03:25 -0500] "GET /sipse/faces/javax.faces.resource/theme.css?ln=primefaces-sipse HTTP/1.1" 304 -
181.56.89.136 - - [05/Mar/2023:02:03:25 -0500] "GET /sipse/faces/javax.faces.resource/layout/layout.css?ln=primefaces&v=4.0 HTTP/1.1" 304 -
181.56.89.136 - - [05/Mar/2023:02:03:25 -0500] "GET /sipse/faces/javax.faces.resource/jquery/jquery.js?ln=primefaces&v=4.0 HTTP/1.1" 304 -
181.56.89.136 - - [05/Mar/2023:02:03:25 -0500] "GET /sipse/faces/javax.faces.resource/jquery/jquery-plugins.js?ln=primefaces&v=4.0 HTTP/1.1" 304 -
181.56.89.136 - - [05/Mar/2023:02:03:25 -0500] "GET /sipse/faces/javax.faces.resource/primefaces.js?ln=primefaces&v=4.0 HTTP/1.1" 304 -
181.56.89.136 - - [05/Mar/2023:02:03:25 -0500] "GET /sipse/faces/javax.faces.resource/layout/layout.js?ln=primefaces&v=4.0 HTTP/1.1" 304 -
181.56.89.136 - - [05/Mar/2023:02:03:35 -0500] "POST /sipse/faces/presentacion/financiero/solicitudProceso/consultarSolicitudProceso.xhtml HTTP/1.1" 200 39539
181.56.89.136 - - [05/Mar/2023:02:03:36 -0500] "GET /sipse/faces/javax.faces.resource/layout/layout.css?ln=primefaces&v=4.0 HTTP/1.1" 304 -
181.56.89.136 - - [05/Mar/2023:02:03:36 -0500] "GET /sipse/faces/javax.faces.resource/primefaces.css?ln=primefaces&v=4.0 HTTP/1.1" 304 -
181.56.89.136 - - [05/Mar/2023:02:03:36 -0500] "GET /sipse/faces/javax.faces.resource/theme.css?ln=primefaces-sipse HTTP/1.1" 304 -
181.56.89.136 - - [05/Mar/2023:02:03:36 -0500] "GET /sipse/faces/javax.faces.resource/jquery/jquery.js?ln=primefaces&v=4.0 HTTP/1.1" 304 -
181.56.89.136 - - [05/Mar/2023:02:03:36 -0500] "GET /sipse/faces/javax.faces.resource/jquery/jquery-plugins.js?ln=primefaces&v=4.0 HTTP/1.1" 304 -
181.56.89.136 - - [05/Mar/2023:02:03:36 -0500] "GET /sipse/faces/javax.faces.resource/primefaces.js?ln=primefaces&v=4.0 HTTP/1.1" 304 -
181.56.89.136 - - [05/Mar/2023:02:03:37 -0500] "GET /sipse/faces/javax.faces.resource/layout/layout.js?ln=primefaces&v=4.0 HTTP/1.1" 304 -
181.56.89.136 - - [05/Mar/2023:02:03:57 -0500] "POST /sipse/faces/presentacion/financiero/estudioPrevio/personalSolicitado/expedirExperienciaIdoneidad.xhtml HTTP/1.1" 200 5677
181.56.89.136 - - [05/Mar/2023:02:03:57 -0500] "POST /sipse/faces/presentacion/financiero/estudioPrevio/personalSolicitado/expedirExperienciaIdoneidad.xhtml HTTP/1.1" 200 32187
181.56.89.136 - - [05/Mar/2023:02:03:57 -0500] "GET /sipse/faces/javax.faces.resource/primefaces.css?ln=primefaces&v=4.0 HTTP/1.1" 304 -
181.56.89.136 - - [05/Mar/2023:02:03:57 -0500] "GET /sipse/faces/javax.faces.resource/theme.css?ln=primefaces-sipse HTTP/1.1" 304 -
181.56.89.136 - - [05/Mar/2023:02:03:57 -0500] "GET /sipse/faces/javax.faces.resource/jquery/jquery.js?ln=primefaces&v=4.0 HTTP/1.1" 304 -
181.56.89.136 - - [05/Mar/2023:02:03:57 -0500] "GET /sipse/faces/javax.faces.resource/layout/layout.css?ln=primefaces&v=4.0 HTTP/1.1" 304 -
181.56.89.136 - - [05/Mar/2023:02:03:57 -0500] "GET /sipse/faces/javax.faces.resource/jquery/jquery-plugins.js?ln=primefaces&v=4.0 HTTP/1.1" 304 -
181.56.89.136 - - [05/Mar/2023:02:03:57 -0500] "GET /sipse/faces/javax.faces.resource/primefaces.js?ln=primefaces&v=4.0 HTTP/1.1" 304 -
181.56.89.136 - - [05/Mar/2023:02:03:57 -0500] "GET /sipse/faces/javax.faces.resource/layout/layout.js?ln=primefaces&v=4.0 HTTP/1.1" 304 -
181.56.89.136 - - [05/Mar/2023:02:03:59 -0500] "POST /sipse/faces/presentacion/contratacion/procesoContractual/registrarInvitacionContratista.xhtml HTTP/1.1" 200 9693
181.56.89.136 - - [05/Mar/2023:02:04:08 -0500] "POST /sipse/faces/presentacion/contratacion/procesoContractual/registrarInvitacionContratista.xhtml HTTP/1.1" 200 9265
181.56.89.136 - - [05/Mar/2023:02:04:09 -0500] "GET /sipse/faces/javax.faces.resource/images/ui-icons_898989_256x240.png?ln=primefaces-aristo HTTP/1.1" 304 -
181.56.89.136 - - [05/Mar/2023:02:04:12 -0500] "POST /sipse/faces/presentacion/contratacion/procesoContractual/registrarInvitacionContratista.xhtml HTTP/1.1" 200 40390
181.56.89.136 - - [05/Mar/2023:02:04:12 -0500] "GET /sipse/faces/javax.faces.resource/theme.css?ln=primefaces-sipse HTTP/1.1" 304 -
181.56.89.136 - - [05/Mar/2023:02:04:12 -0500] "GET /sipse/faces/javax.faces.resource/layout/layout.css?ln=primefaces&v=4.0 HTTP/1.1" 304 -
181.56.89.136 - - [05/Mar/2023:02:04:12 -0500] "GET /sipse/faces/javax.faces.resource/primefaces.css?ln=primefaces&v=4.0 HTTP/1.1" 304 -
181.56.89.136 - - [05/Mar/2023:02:04:12 -0500] "GET /sipse/faces/javax.faces.resource/jquery/jquery.js?ln=primefaces&v=4.0 HTTP/1.1" 304 -
181.56.89.136 - - [05/Mar/2023:02:04:12 -0500] "GET /sipse/faces/javax.faces.resource/jquery/jquery-plugins.js?ln=primefaces&v=4.0 HTTP/1.1" 304 -
181.56.89.136 - - [05/Mar/2023:02:04:12 -0500] "GET /sipse/faces/javax.faces.resource/primefaces.js?ln=primefaces&v=4.0 HTTP/1.1" 304 -
181.56.89.136 - - [05/Mar/2023:02:04:12 -0500] "GET /sipse/faces/javax.faces.resource/layout/layout.js?ln=primefaces&v=4.0 HTTP/1.1" 304 -
181.56.89.136 - - [05/Mar/2023:02:04:15 -0500] "POST /sipse/faces/presentacion/financiero/estudioPrevio/personalSolicitado/expedirExperienciaIdoneidad.xhtml HTTP/1.1" 200 42437
181.56.89.136 - - [05/Mar/2023:02:04:15 -0500] "GET /sipse/faces/javax.faces.resource/theme.css?ln=primefaces-sipse HTTP/1.1" 304 -
181.56.89.136 - - [05/Mar/2023:02:04:15 -0500] "GET /sipse/faces/javax.faces.resource/primefaces.css?ln=primefaces&v=4.0 HTTP/1.1" 304 -
181.56.89.136 - - [05/Mar/2023:02:04:15 -0500] "GET /sipse/faces/javax.faces.resource/layout/layout.css?ln=primefaces&v=4.0 HTTP/1.1" 304 -
181.56.89.136 - - [05/Mar/2023:02:04:15 -0500] "GET /sipse/faces/javax.faces.resource/jquery/jquery-plugins.js?ln=primefaces&v=4.0 HTTP/1.1" 304 -
181.56.89.136 - - [05/Mar/2023:02:04:15 -0500] "GET /sipse/faces/javax.faces.resource/jquery/jquery.js?ln=primefaces&v=4.0 HTTP/1.1" 304 -
181.56.89.136 - - [05/Mar/2023:02:04:15 -0500] "GET /sipse/faces/javax.faces.resource/layout/layout.js?ln=primefaces&v=4.0 HTTP/1.1" 304 -
181.56.89.136 - - [05/Mar/2023:02:04:15 -0500] "GET /sipse/faces/javax.faces.resource/primefaces.js?ln=primefaces&v=4.0 HTTP/1.1" 304 -
181.56.89.136 - - [05/Mar/2023:02:04:30 -0500] "POST /sipse/faces/presentacion/contratacion/contrato/adicionarSupervisor.xhtml HTTP/1.1" 200 16833
181.56.89.136 - - [05/Mar/2023:02:04:36 -0500] "POST /sipse/faces/presentacion/contratacion/contrato/adicionarSupervisor.xhtml HTTP/1.1" 200 44498
181.56.89.136 - - [05/Mar/2023:02:04:36 -0500] "GET /sipse/faces/javax.faces.resource/layout/layout.css?ln=primefaces&v=4.0 HTTP/1.1" 304 -
181.56.89.136 - - [05/Mar/2023:02:04:36 -0500] "GET /sipse/faces/javax.faces.resource/theme.css?ln=primefaces-sipse HTTP/1.1" 304 -
181.56.89.136 - - [05/Mar/2023:02:04:36 -0500] "GET /sipse/faces/javax.faces.resource/jquery/jquery.js?ln=primefaces&v=4.0 HTTP/1.1" 304 -
181.56.89.136 - - [05/Mar/2023:02:04:36 -0500] "GET /sipse/faces/javax.faces.resource/primefaces.css?ln=primefaces&v=4.0 HTTP/1.1" 304 -
181.56.89.136 - - [05/Mar/2023:02:04:36 -0500] "GET /sipse/faces/javax.faces.resource/jquery/jquery-plugins.js?ln=primefaces&v=4.0 HTTP/1.1" 304 -
181.56.89.136 - - [05/Mar/2023:02:04:36 -0500] "GET /sipse/faces/javax.faces.resource/primefaces.js?ln=primefaces&v=4.0 HTTP/1.1" 304 -
181.56.89.136 - - [05/Mar/2023:02:04:36 -0500] "GET /sipse/faces/javax.faces.resource/layout/layout.js?ln=primefaces&v=4.0 HTTP/1.1" 304 -
181.56.89.136 - - [05/Mar/2023:02:04:38 -0500] "POST /sipse/faces/presentacion/financiero/estudioPrevio/personalSolicitado/expedirExperienciaIdoneidad.xhtml HTTP/1.1" 200 22758
181.56.89.136 - - [05/Mar/2023:02:04:38 -0500] "GET /sipse/faces/javax.faces.resource/primefaces.css?ln=primefaces&v=4.0 HTTP/1.1" 304 -
181.56.89.136 - - [05/Mar/2023:02:04:38 -0500] "GET /sipse/faces/javax.faces.resource/theme.css?ln=primefaces-sipse HTTP/1.1" 304 -
181.56.89.136 - - [05/Mar/2023:02:04:38 -0500] "GET /sipse/faces/javax.faces.resource/layout/layout.css?ln=primefaces&v=4.0 HTTP/1.1" 304 -
181.56.89.136 - - [05/Mar/2023:02:04:38 -0500] "GET /sipse/faces/javax.faces.resource/jquery/jquery.js?ln=primefaces&v=4.0 HTTP/1.1" 304 -
181.56.89.136 - - [05/Mar/2023:02:04:38 -0500] "GET /sipse/faces/javax.faces.resource/jquery/jquery-plugins.js?ln=primefaces&v=4.0 HTTP/1.1" 304 -
181.56.89.136 - - [05/Mar/2023:02:04:38 -0500] "GET /sipse/faces/javax.faces.resource/primefaces.js?ln=primefaces&v=4.0 HTTP/1.1" 304 -
181.56.89.136 - - [05/Mar/2023:02:04:38 -0500] "GET /sipse/faces/javax.faces.resource/layout/layout.js?ln=primefaces&v=4.0 HTTP/1.1" 304 -
172.22.2.4 - - [05/Mar/2023:02:03:10 -0500] "HEAD /BLA/boletinlegal/ HTTP/1.1" 200 -
173.252.111.120 - - [05/Mar/2023:02:04:55 -0500] "GET /images/caminatas-ecol\xc3\xb3gicas-marzo---1920x1080_optimized.jpg HTTP/1.1" 404 1034
181.56.89.136 - - [05/Mar/2023:02:05:31 -0500] "POST /sipse/faces/presentacion/financiero/estudioPrevio/personalSolicitado/asociarExperienciaContratista.xhtml HTTP/1.1" 200 46829
181.56.89.136 - - [05/Mar/2023:02:05:32 -0500] "GET /sipse/faces/javax.faces.resource/jquery/jquery.js?ln=primefaces&v=4.0 HTTP/1.1" 304 -
181.56.89.136 - - [05/Mar/2023:02:05:32 -0500] "GET /sipse/faces/javax.faces.resource/theme.css?ln=primefaces-sipse HTTP/1.1" 304 -
181.56.89.136 - - [05/Mar/2023:02:05:32 -0500] "GET /sipse/faces/javax.faces.resource/primefaces.css?ln=primefaces&v=4.0 HTTP/1.1" 304 -
181.56.89.136 - - [05/Mar/2023:02:05:32 -0500] "GET /sipse/faces/javax.faces.resource/layout/layout.css?ln=primefaces&v=4.0 HTTP/1.1" 304 -
181.56.89.136 - - [05/Mar/2023:02:05:32 -0500] "GET /sipse/faces/javax.faces.resource/jquery/jquery-plugins.js?ln=primefaces&v=4.0 HTTP/1.1" 304 -
181.56.89.136 - - [05/Mar/2023:02:05:32 -0500] "GET /sipse/faces/javax.faces.resource/primefaces.js?ln=primefaces&v=4.0 HTTP/1.1" 304 -
181.56.89.136 - - [05/Mar/2023:02:05:32 -0500] "GET /sipse/faces/javax.faces.resource/layout/layout.js?ln=primefaces&v=4.0 HTTP/1.1" 304 -
181.56.89.136 - - [05/Mar/2023:02:05:39 -0500] "POST /sipse/faces/presentacion/financiero/estudioPrevio/personalSolicitado/expedirExperienciaIdoneidad.xhtml HTTP/1.1" 200 22758
181.56.89.136 - - [05/Mar/2023:02:05:39 -0500] "GET /sipse/faces/javax.faces.resource/primefaces.css?ln=primefaces&v=4.0 HTTP/1.1" 304 -
181.56.89.136 - - [05/Mar/2023:02:05:39 -0500] "GET /sipse/faces/javax.faces.resource/theme.css?ln=primefaces-sipse HTTP/1.1" 304 -
181.56.89.136 - - [05/Mar/2023:02:05:39 -0500] "GET /sipse/faces/javax.faces.resource/layout/layout.css?ln=primefaces&v=4.0 HTTP/1.1" 304 -
181.56.89.136 - - [05/Mar/2023:02:05:39 -0500] "GET /sipse/faces/javax.faces.resource/jquery/jquery.js?ln=primefaces&v=4.0 HTTP/1.1" 304 -
181.56.89.136 - - [05/Mar/2023:02:05:39 -0500] "GET /sipse/faces/javax.faces.resource/jquery/jquery-plugins.js?ln=primefaces&v=4.0 HTTP/1.1" 304 -
181.56.89.136 - - [05/Mar/2023:02:05:40 -0500] "GET /sipse/faces/javax.faces.resource/primefaces.js?ln=primefaces&v=4.0 HTTP/1.1" 304 -
181.56.89.136 - - [05/Mar/2023:02:05:40 -0500] "GET /sipse/faces/javax.faces.resource/layout/layout.js?ln=primefaces&v=4.0 HTTP/1.1" 304 -
172.22.2.4 - - [05/Mar/2023:02:04:01 -0500] "GET /BLA/boletinlegal/ HTTP/1.1" 200 57935
216.245.221.92 - - [05/Mar/2023:02:05:45 -0500] "HEAD / HTTP/1.1" 200 -
181.56.89.136 - - [05/Mar/2023:02:05:57 -0500] "GET /sipse/faces/javax.faces.resource/jquery/jquery.js?ln=primefaces&v=4.0 HTTP/1.1" 304 -
181.56.89.136 - - [05/Mar/2023:02:05:57 -0500] "GET /sipse/faces/javax.faces.resource/jquery/jquery-plugins.js?ln=primefaces&v=4.0 HTTP/1.1" 304 -
181.56.89.136 - - [05/Mar/2023:02:05:57 -0500] "GET /sipse/faces/javax.faces.resource/layout/layout.css?ln=primefaces&v=4.0 HTTP/1.1" 304 -
181.56.89.136 - - [05/Mar/2023:02:05:57 -0500] "GET /sipse/faces/javax.faces.resource/theme.css?ln=primefaces-sipse HTTP/1.1" 304 -
181.56.89.136 - - [05/Mar/2023:02:05:57 -0500] "GET /sipse/faces/javax.faces.resource/primefaces.css?ln=primefaces&v=4.0 HTTP/1.1" 304 -
181.56.89.136 - - [05/Mar/2023:02:05:57 -0500] "POST /sipse/faces/presentacion/financiero/estudioPrevio/personalSolicitado/asociarExperienciaContratista.xhtml HTTP/1.1" 200 49325
181.56.89.136 - - [05/Mar/2023:02:05:57 -0500] "GET /sipse/faces/javax.faces.resource/layout/layout.js?ln=primefaces&v=4.0 HTTP/1.1" 304 -
181.56.89.136 - - [05/Mar/2023:02:05:57 -0500] "GET /sipse/faces/javax.faces.resource/primefaces.js?ln=primefaces&v=4.0 HTTP/1.1" 304 -
181.56.89.136 - - [05/Mar/2023:02:06:03 -0500] "POST /sipse/faces/presentacion/financiero/estudioPrevio/personalSolicitado/expedirExperienciaIdoneidad.xhtml HTTP/1.1" 200 22758
181.56.89.136 - - [05/Mar/2023:02:06:03 -0500] "GET /sipse/faces/javax.faces.resource/layout/layout.css?ln=primefaces&v=4.0 HTTP/1.1" 304 -
181.56.89.136 - - [05/Mar/2023:02:06:03 -0500] "GET /sipse/faces/javax.faces.resource/theme.css?ln=primefaces-sipse HTTP/1.1" 304 -
181.56.89.136 - - [05/Mar/2023:02:06:03 -0500] "GET /sipse/faces/javax.faces.resource/primefaces.css?ln=primefaces&v=4.0 HTTP/1.1" 304 -
181.56.89.136 - - [05/Mar/2023:02:06:03 -0500] "GET /sipse/faces/javax.faces.resource/jquery/jquery.js?ln=primefaces&v=4.0 HTTP/1.1" 304 -
181.56.89.136 - - [05/Mar/2023:02:06:03 -0500] "GET /sipse/faces/javax.faces.resource/jquery/jquery-plugins.js?ln=primefaces&v=4.0 HTTP/1.1" 304 -
181.56.89.136 - - [05/Mar/2023:02:06:04 -0500] "GET /sipse/faces/javax.faces.resource/primefaces.js?ln=primefaces&v=4.0 HTTP/1.1" 304 -
181.56.89.136 - - [05/Mar/2023:02:06:04 -0500] "GET /sipse/faces/javax.faces.resource/layout/layout.js?ln=primefaces&v=4.0 HTTP/1.1" 304 -
64.124.8.30 - - [05/Mar/2023:02:06:04 -0500] "GET /catalogoisis/imagenes/br1c3.gif HTTP/1.1" 304 -
181.56.89.136 - - [05/Mar/2023:02:06:19 -0500] "POST /sipse/faces/presentacion/financiero/estudioPrevio/personalSolicitado/asociarExperienciaContratista.xhtml HTTP/1.1" 200 51697
181.56.89.136 - - [05/Mar/2023:02:06:20 -0500] "GET /sipse/faces/javax.faces.resource/theme.css?ln=primefaces-sipse HTTP/1.1" 304 -
181.56.89.136 - - [05/Mar/2023:02:06:20 -0500] "GET /sipse/faces/javax.faces.resource/layout/layout.css?ln=primefaces&v=4.0 HTTP/1.1" 304 -
181.56.89.136 - - [05/Mar/2023:02:06:20 -0500] "GET /sipse/faces/javax.faces.resource/primefaces.css?ln=primefaces&v=4.0 HTTP/1.1" 304 -
181.56.89.136 - - [05/Mar/2023:02:06:20 -0500] "GET /sipse/faces/javax.faces.resource/jquery/jquery-plugins.js?ln=primefaces&v=4.0 HTTP/1.1" 304 -
181.56.89.136 - - [05/Mar/2023:02:06:20 -0500] "GET /sipse/faces/javax.faces.resource/primefaces.js?ln=primefaces&v=4.0 HTTP/1.1" 304 -
181.56.89.136 - - [05/Mar/2023:02:06:20 -0500] "GET /sipse/faces/javax.faces.resource/jquery/jquery.js?ln=primefaces&v=4.0 HTTP/1.1" 304 -
181.56.89.136 - - [05/Mar/2023:02:06:20 -0500] "GET /sipse/faces/javax.faces.resource/layout/layout.js?ln=primefaces&v=4.0 HTTP/1.1" 304 -
181.56.89.136 - - [05/Mar/2023:02:06:25 -0500] "POST /sipse/faces/presentacion/financiero/estudioPrevio/personalSolicitado/expedirExperienciaIdoneidad.xhtml HTTP/1.1" 200 22758
181.56.89.136 - - [05/Mar/2023:02:06:25 -0500] "GET /sipse/faces/javax.faces.resource/primefaces.css?ln=primefaces&v=4.0 HTTP/1.1" 304 -
181.56.89.136 - - [05/Mar/2023:02:06:25 -0500] "GET /sipse/faces/javax.faces.resource/theme.css?ln=primefaces-sipse HTTP/1.1" 304 -
181.56.89.136 - - [05/Mar/2023:02:06:25 -0500] "GET /sipse/faces/javax.faces.resource/layout/layout.css?ln=primefaces&v=4.0 HTTP/1.1" 304 -
181.56.89.136 - - [05/Mar/2023:02:06:26 -0500] "GET /sipse/faces/javax.faces.resource/jquery/jquery.js?ln=primefaces&v=4.0 HTTP/1.1" 304 -
181.56.89.136 - - [05/Mar/2023:02:06:26 -0500] "GET /sipse/faces/javax.faces.resource/jquery/jquery-plugins.js?ln=primefaces&v=4.0 HTTP/1.1" 304 -
181.56.89.136 - - [05/Mar/2023:02:06:26 -0500] "GET /sipse/faces/javax.faces.resource/primefaces.js?ln=primefaces&v=4.0 HTTP/1.1" 304 -
181.56.89.136 - - [05/Mar/2023:02:06:26 -0500] "GET /sipse/faces/javax.faces.resource/layout/layout.js?ln=primefaces&v=4.0 HTTP/1.1" 304 -
181.56.89.136 - - [05/Mar/2023:02:06:42 -0500] "GET /sipse/faces/javax.faces.resource/theme.css?ln=primefaces-sipse HTTP/1.1" 304 -
181.56.89.136 - - [05/Mar/2023:02:06:42 -0500] "GET /sipse/faces/javax.faces.resource/jquery/jquery-plugins.js?ln=primefaces&v=4.0 HTTP/1.1" 304 -
181.56.89.136 - - [05/Mar/2023:02:06:42 -0500] "GET /sipse/faces/javax.faces.resource/primefaces.css?ln=primefaces&v=4.0 HTTP/1.1" 304 -
181.56.89.136 - - [05/Mar/2023:02:06:42 -0500] "GET /sipse/faces/javax.faces.resource/jquery/jquery.js?ln=primefaces&v=4.0 HTTP/1.1" 304 -
181.56.89.136 - - [05/Mar/2023:02:06:42 -0500] "GET /sipse/faces/javax.faces.resource/layout/layout.css?ln=primefaces&v=4.0 HTTP/1.1" 304 -
181.56.89.136 - - [05/Mar/2023:02:06:42 -0500] "POST /sipse/faces/presentacion/financiero/estudioPrevio/personalSolicitado/asociarExperienciaContratista.xhtml HTTP/1.1" 200 53882
181.56.89.136 - - [05/Mar/2023:02:06:42 -0500] "GET /sipse/faces/javax.faces.resource/primefaces.js?ln=primefaces&v=4.0 HTTP/1.1" 304 -
181.56.89.136 - - [05/Mar/2023:02:06:42 -0500] "GET /sipse/faces/javax.faces.resource/layout/layout.js?ln=primefaces&v=4.0 HTTP/1.1" 304 -
181.56.89.136 - - [05/Mar/2023:02:06:55 -0500] "POST /sipse/faces/presentacion/financiero/estudioPrevio/personalSolicitado/expedirExperienciaIdoneidad.xhtml HTTP/1.1" 200 141244
181.56.89.136 - - [05/Mar/2023:02:06:56 -0500] "GET /sipse/faces/javax.faces.resource/theme.css?ln=primefaces-sipse HTTP/1.1" 304 -
181.56.89.136 - - [05/Mar/2023:02:06:56 -0500] "GET /sipse/faces/javax.faces.resource/primefaces.css?ln=primefaces&v=4.0 HTTP/1.1" 304 -
181.56.89.136 - - [05/Mar/2023:02:06:56 -0500] "GET /sipse/faces/javax.faces.resource/layout/layout.css?ln=primefaces&v=4.0 HTTP/1.1" 304 -
181.56.89.136 - - [05/Mar/2023:02:06:56 -0500] "GET /sipse/faces/javax.faces.resource/jquery/jquery.js?ln=primefaces&v=4.0 HTTP/1.1" 304 -
181.56.89.136 - - [05/Mar/2023:02:06:56 -0500] "GET /sipse/faces/javax.faces.resource/jquery/jquery-plugins.js?ln=primefaces&v=4.0 HTTP/1.1" 304 -
181.56.89.136 - - [05/Mar/2023:02:06:56 -0500] "GET /sipse/faces/javax.faces.resource/primefaces.js?ln=primefaces&v=4.0 HTTP/1.1" 304 -
181.56.89.136 - - [05/Mar/2023:02:06:56 -0500] "GET /sipse/faces/javax.faces.resource/layout/layout.js?ln=primefaces&v=4.0 HTTP/1.1" 304 -
181.56.89.136 - - [05/Mar/2023:02:07:01 -0500] "POST /sipse/faces/presentacion/financiero/solicitudProceso/consultarSolicitudProceso.xhtml HTTP/1.1" 200 5594
201.245.192.253 - - [05/Mar/2023:02:08:20 -0500] "POST /kwsrmcab/Wsrmcab  HTTP/1.1" 200 40529
173.252.107.16 - - [05/Mar/2023:02:08:35 -0500] "GET /images/calidad-aire-2-marzo-1_optimized.jpeg HTTP/1.1" 200 51562
40.77.167.251 - - [05/Mar/2023:02:09:46 -0500] "GET /portaldeninos/parque-ecologico-distrital-humedal-santa-maria-del-lago/ HTTP/1.1" 200 90199
152.61.128.50 - - [05/Mar/2023:02:09:47 -0500] "GET /arcgis/services/Calidad_del_Agua_WQI/MapServer/WMSServer?request=GetCapabilities&service=WMS HTTP/1.1" 503 1020
152.61.128.50 - - [05/Mar/2023:02:09:48 -0500] "GET /arcgis/services/Calidad_del_Agua_WQI/MapServer/WMSServer?SERVICE=WMS&REQUEST=GetCapabilities HTTP/1.1" 503 1020
152.61.128.50 - - [05/Mar/2023:02:09:48 -0500] "GET /arcgis/services/Calidad_del_Agua_WQI/MapServer/WMSServer?WMTVER=1.0.0&REQUEST=capabilities HTTP/1.1" 503 1020
172.22.2.4 - - [05/Mar/2023:02:09:00 -0500] "HEAD /BLA/boletinlegal/ HTTP/1.1" 200 -
216.245.221.92 - - [05/Mar/2023:02:10:45 -0500] "HEAD / HTTP/1.1" 200 -
173.252.79.19 - - [05/Mar/2023:02:10:57 -0500] "GET /images/24%20de%20febrero%20Sendero%20guadalupe%202.jpeg HTTP/1.1" 200 70964
172.22.2.4 - - [05/Mar/2023:02:09:51 -0500] "GET /BLA/boletinlegal/ HTTP/1.1" 200 59296
201.245.192.253 - - [05/Mar/2023:02:13:19 -0500] "POST /kwsrmcab/Wsrmcab  HTTP/1.1" 200 40529
172.22.2.4 - - [05/Mar/2023:02:13:46 -0500] "GET /BLA/boletinlegal/ HTTP/1.1" 200 36811
216.245.221.92 - - [05/Mar/2023:02:15:45 -0500] "HEAD / HTTP/1.1" 200 -
172.22.2.4 - - [05/Mar/2023:02:14:50 -0500] "HEAD /BLA/boletinlegal/ HTTP/1.1" 200 -
172.22.2.4 - - [05/Mar/2023:02:15:41 -0500] "GET /BLA/boletinlegal/ HTTP/1.1" 200 59296
201.245.192.253 - - [05/Mar/2023:02:17:36 -0500] "POST /kwsrmcab/Wsrmcab HTTP/1.1" 200 40647
201.245.192.253 - - [05/Mar/2023:02:17:38 -0500] "POST /kwsrmcab/Wsrmcab HTTP/1.1" 200 42858
201.245.192.253 - - [05/Mar/2023:02:18:18 -0500] "POST /kwsrmcab/Wsrmcab  HTTP/1.1" 200 40529
186.80.52.13 - - [05/Mar/2023:02:19:42 -0500] "GET /inscribete-y-participa-en-las-caminatas-ecologicas-de-marzo.html HTTP/1.1" 200 924
216.245.221.92 - - [05/Mar/2023:02:20:45 -0500] "HEAD / HTTP/1.1" 200 -
64.124.8.37 - - [05/Mar/2023:02:22:07 -0500] "GET /BLA/boletinlegal/jurisprudencia/analisis/analisis%20sentencia%20C-1007-2011-1.doc HTTP/1.1" 200 35328
172.22.2.4 - - [05/Mar/2023:02:20:40 -0500] "HEAD /BLA/boletinlegal/ HTTP/1.1" 200 -
172.22.2.4 - - [05/Mar/2023:02:21:31 -0500] "GET /BLA/boletinlegal/ HTTP/1.1" 200 57551
201.245.192.253 - - [05/Mar/2023:02:23:17 -0500] "POST /kwsrmcab/Wsrmcab  HTTP/1.1" 200 40529
216.245.221.92 - - [05/Mar/2023:02:25:45 -0500] "HEAD / HTTP/1.1" 200 -
173.252.83.12 - - [05/Mar/2023:02:27:25 -0500] "GET /images/caminatas-ecol\xc3\xb3gicas-marzo---1920x1080_optimized.jpg HTTP/1.1" 404 1034
201.245.192.253 - - [05/Mar/2023:02:27:35 -0500] "POST /kwsrmcab/Wsrmcab HTTP/1.1" 200 40647
201.245.192.253 - - [05/Mar/2023:02:27:38 -0500] "POST /kwsrmcab/Wsrmcab HTTP/1.1" 200 42858
172.22.2.4 - - [05/Mar/2023:02:26:30 -0500] "HEAD /BLA/boletinlegal/ HTTP/1.1" 200 -
201.245.192.253 - - [05/Mar/2023:02:28:17 -0500] "POST /kwsrmcab/Wsrmcab  HTTP/1.1" 200 40529
69.171.251.6 - - [05/Mar/2023:02:28:59 -0500] "GET /images/caminatas-ecol\xc3\xb3gicas-marzo---1920x1080_optimized.jpg HTTP/1.1" 404 1034
172.22.2.4 - - [05/Mar/2023:02:27:21 -0500] "GET /BLA/boletinlegal/ HTTP/1.1" 200 54414
216.245.221.92 - - [05/Mar/2023:02:30:45 -0500] "HEAD / HTTP/1.1" 200 -
185.119.81.104 - - [05/Mar/2023:02:32:04 -0500] "GET /portaldeninos/wp-login.php HTTP/1.1" 200 2592
185.119.81.104 - - [05/Mar/2023:02:32:05 -0500] "POST /portaldeninos/wp-login.php HTTP/1.1" 200 3605
185.246.220.98 - - [05/Mar/2023:02:32:27 -0500] "GET / HTTP/1.1" 200 319
201.245.192.253 - - [05/Mar/2023:02:33:16 -0500] "POST /kwsrmcab/Wsrmcab  HTTP/1.1" 200 40529
172.22.2.4 - - [05/Mar/2023:02:32:20 -0500] "HEAD /BLA/boletinlegal/ HTTP/1.1" 200 -
172.22.2.4 - - [05/Mar/2023:02:33:11 -0500] "GET /BLA/boletinlegal/ HTTP/1.1" 200 53104
216.245.221.92 - - [05/Mar/2023:02:35:45 -0500] "HEAD / HTTP/1.1" 200 -
201.245.192.253 - - [05/Mar/2023:02:37:35 -0500] "POST /kwsrmcab/Wsrmcab HTTP/1.1" 200 40647
201.245.192.253 - - [05/Mar/2023:02:37:38 -0500] "POST /kwsrmcab/Wsrmcab HTTP/1.1" 200 42858
52.167.144.64 - - [05/Mar/2023:02:37:49 -0500] "GET / HTTP/1.1" 200 4720
181.56.89.136 - - [05/Mar/2023:02:38:02 -0500] "POST /sipse/faces/presentacion/financiero/solicitudProceso/consultarSolicitudProceso.xhtml HTTP/1.1" 200 21169
181.56.89.136 - - [05/Mar/2023:02:38:02 -0500] "GET /sipse/faces/javax.faces.resource/theme.css?ln=primefaces-sipse HTTP/1.1" 304 -
181.56.89.136 - - [05/Mar/2023:02:38:02 -0500] "GET /sipse/faces/javax.faces.resource/primefaces.css?ln=primefaces&v=4.0 HTTP/1.1" 304 -
181.56.89.136 - - [05/Mar/2023:02:38:02 -0500] "GET /sipse/faces/javax.faces.resource/layout/layout.css?ln=primefaces&v=4.0 HTTP/1.1" 304 -
181.56.89.136 - - [05/Mar/2023:02:38:02 -0500] "GET /sipse/faces/javax.faces.resource/jquery/jquery.js?ln=primefaces&v=4.0 HTTP/1.1" 304 -
181.56.89.136 - - [05/Mar/2023:02:38:02 -0500] "GET /sipse/faces/javax.faces.resource/fileupload/fileupload.css?ln=primefaces&v=4.0 HTTP/1.1" 304 -
181.56.89.136 - - [05/Mar/2023:02:38:02 -0500] "GET /sipse/faces/javax.faces.resource/jquery/jquery-plugins.js?ln=primefaces&v=4.0 HTTP/1.1" 304 -
181.56.89.136 - - [05/Mar/2023:02:38:02 -0500] "GET /sipse/faces/javax.faces.resource/primefaces.js?ln=primefaces&v=4.0 HTTP/1.1" 304 -
181.56.89.136 - - [05/Mar/2023:02:38:02 -0500] "GET /sipse/faces/javax.faces.resource/layout/layout.js?ln=primefaces&v=4.0 HTTP/1.1" 304 -
181.56.89.136 - - [05/Mar/2023:02:38:02 -0500] "GET /sipse/faces/javax.faces.resource/fileupload/fileupload.js?ln=primefaces&v=4.0 HTTP/1.1" 304 -
181.56.89.136 - - [05/Mar/2023:02:38:02 -0500] "GET /sipse/faces/javax.faces.resource/images/ui-icons_898989_256x240.png?ln=primefaces-aristo HTTP/1.1" 304 -
181.56.89.136 - - [05/Mar/2023:02:38:02 -0500] "GET /sipse/css/imagen/contrasena.png HTTP/1.1" 404 383
181.56.89.136 - - [05/Mar/2023:02:38:16 -0500] "GET /sipse/faces/javax.faces.resource/primefaces.css?ln=primefaces&v=4.0 HTTP/1.1" 304 -
181.56.89.136 - - [05/Mar/2023:02:38:16 -0500] "GET /sipse/faces/javax.faces.resource/theme.css?ln=primefaces-sipse HTTP/1.1" 304 -
181.56.89.136 - - [05/Mar/2023:02:38:16 -0500] "GET /sipse/faces/javax.faces.resource/jquery/jquery-plugins.js?ln=primefaces&v=4.0 HTTP/1.1" 304 -
181.56.89.136 - - [05/Mar/2023:02:38:16 -0500] "GET /sipse/faces/javax.faces.resource/layout/layout.css?ln=primefaces&v=4.0 HTTP/1.1" 304 -
181.56.89.136 - - [05/Mar/2023:02:38:16 -0500] "GET /sipse/faces/javax.faces.resource/jquery/jquery.js?ln=primefaces&v=4.0 HTTP/1.1" 304 -
181.56.89.136 - - [05/Mar/2023:02:38:16 -0500] "GET /sipse/faces/javax.faces.resource/layout/layout.js?ln=primefaces&v=4.0 HTTP/1.1" 304 -
181.56.89.136 - - [05/Mar/2023:02:38:16 -0500] "GET /sipse/faces/javax.faces.resource/primefaces.js?ln=primefaces&v=4.0 HTTP/1.1" 304 -
201.245.192.253 - - [05/Mar/2023:02:38:15 -0500] "POST /kwsrmcab/Wsrmcab  HTTP/1.1" 200 40529
181.56.89.136 - - [05/Mar/2023:02:38:15 -0500] "POST /sipse/faces/presentacion/sistema/anexos/cargarAnexoSolicitudProceso.xhtml HTTP/1.1" 200 189770
181.56.89.136 - - [05/Mar/2023:02:38:17 -0500] "GET /sipse/faces/javax.faces.resource/images/ui-icons_898989_256x240.png?ln=primefaces-aristo HTTP/1.1" 304 -
181.56.89.136 - - [05/Mar/2023:02:38:22 -0500] "GET /sipse/faces/javax.faces.resource/images/ui-bg_flat_0_2d5972_40x100.png?ln=primefaces-aristo HTTP/1.1" 304 -
181.56.89.136 - - [05/Mar/2023:02:38:22 -0500] "POST /sipse/faces/presentacion/financiero/solicitudProceso/consultarSolicitudProceso.xhtml HTTP/1.1" 200 5343
181.56.89.136 - - [05/Mar/2023:02:38:26 -0500] "POST /sipse/faces/presentacion/financiero/solicitudProceso/consultarSolicitudProceso.xhtml HTTP/1.1" 200 5336
181.56.89.136 - - [05/Mar/2023:02:38:28 -0500] "POST /sipse/faces/presentacion/financiero/solicitudProceso/consultarSolicitudProceso.xhtml HTTP/1.1" 200 29388
181.56.89.136 - - [05/Mar/2023:02:38:29 -0500] "GET /sipse/faces/javax.faces.resource/theme.css?ln=primefaces-sipse HTTP/1.1" 304 -
181.56.89.136 - - [05/Mar/2023:02:38:29 -0500] "GET /sipse/faces/javax.faces.resource/layout/layout.css?ln=primefaces&v=4.0 HTTP/1.1" 304 -
181.56.89.136 - - [05/Mar/2023:02:38:29 -0500] "GET /sipse/faces/javax.faces.resource/primefaces.css?ln=primefaces&v=4.0 HTTP/1.1" 304 -
181.56.89.136 - - [05/Mar/2023:02:38:29 -0500] "GET /sipse/faces/javax.faces.resource/jquery/jquery.js?ln=primefaces&v=4.0 HTTP/1.1" 304 -
181.56.89.136 - - [05/Mar/2023:02:38:29 -0500] "GET /sipse/faces/javax.faces.resource/jquery/jquery-plugins.js?ln=primefaces&v=4.0 HTTP/1.1" 304 -
181.56.89.136 - - [05/Mar/2023:02:38:29 -0500] "GET /sipse/faces/javax.faces.resource/primefaces.js?ln=primefaces&v=4.0 HTTP/1.1" 304 -
181.56.89.136 - - [05/Mar/2023:02:38:29 -0500] "GET /sipse/faces/javax.faces.resource/layout/layout.js?ln=primefaces&v=4.0 HTTP/1.1" 304 -
181.56.89.136 - - [05/Mar/2023:02:38:33 -0500] "POST /sipse/faces/presentacion/contratacion/contratista/listarContratista.xhtml HTTP/1.1" 200 7802
181.56.89.136 - - [05/Mar/2023:02:39:00 -0500] "POST /sipse/faces/presentacion/contratacion/contratista/listarContratista.xhtml HTTP/1.1" 200 8732
181.56.89.136 - - [05/Mar/2023:02:39:03 -0500] "POST /sipse/faces/presentacion/contratacion/contratista/listarContratista.xhtml HTTP/1.1" 200 60363
181.56.89.136 - - [05/Mar/2023:02:39:04 -0500] "GET /sipse/faces/javax.faces.resource/theme.css?ln=primefaces-sipse HTTP/1.1" 304 -
181.56.89.136 - - [05/Mar/2023:02:39:04 -0500] "GET /sipse/faces/javax.faces.resource/primefaces.css?ln=primefaces&v=4.0 HTTP/1.1" 304 -
181.56.89.136 - - [05/Mar/2023:02:39:04 -0500] "GET /sipse/faces/javax.faces.resource/layout/layout.css?ln=primefaces&v=4.0 HTTP/1.1" 304 -
181.56.89.136 - - [05/Mar/2023:02:39:04 -0500] "GET /sipse/faces/javax.faces.resource/jquery/jquery.js?ln=primefaces&v=4.0 HTTP/1.1" 304 -
181.56.89.136 - - [05/Mar/2023:02:39:04 -0500] "GET /sipse/faces/javax.faces.resource/jquery/jquery-plugins.js?ln=primefaces&v=4.0 HTTP/1.1" 304 -
181.56.89.136 - - [05/Mar/2023:02:39:05 -0500] "GET /sipse/faces/javax.faces.resource/primefaces.js?ln=primefaces&v=4.0 HTTP/1.1" 304 -
181.56.89.136 - - [05/Mar/2023:02:39:05 -0500] "GET /sipse/faces/javax.faces.resource/layout/layout.js?ln=primefaces&v=4.0 HTTP/1.1" 304 -
181.56.89.136 - - [05/Mar/2023:02:39:05 -0500] "GET /sipse/faces/javax.faces.resource/spacer/dot_clear.gif?ln=primefaces&v=4.0 HTTP/1.1" 200 42
172.22.2.4 - - [05/Mar/2023:02:39:35 -0500] "GET /BLA/boletinlegal/actos.php HTTP/1.1" 200 9672
181.56.89.136 - - [05/Mar/2023:02:39:41 -0500] "POST /sipse/faces/presentacion/contratacion/contratista/consultarContratista.xhtml HTTP/1.1" 200 34076
181.56.89.136 - - [05/Mar/2023:02:39:41 -0500] "GET /sipse/faces/javax.faces.resource/theme.css?ln=primefaces-sipse HTTP/1.1" 304 -
181.56.89.136 - - [05/Mar/2023:02:39:41 -0500] "GET /sipse/faces/javax.faces.resource/layout/layout.css?ln=primefaces&v=4.0 HTTP/1.1" 304 -
181.56.89.136 - - [05/Mar/2023:02:39:41 -0500] "GET /sipse/faces/javax.faces.resource/primefaces.css?ln=primefaces&v=4.0 HTTP/1.1" 304 -
181.56.89.136 - - [05/Mar/2023:02:39:41 -0500] "GET /sipse/faces/javax.faces.resource/jquery/jquery.js?ln=primefaces&v=4.0 HTTP/1.1" 304 -
181.56.89.136 - - [05/Mar/2023:02:39:41 -0500] "GET /sipse/faces/javax.faces.resource/jquery/jquery-plugins.js?ln=primefaces&v=4.0 HTTP/1.1" 304 -
181.56.89.136 - - [05/Mar/2023:02:39:41 -0500] "GET /sipse/faces/javax.faces.resource/primefaces.js?ln=primefaces&v=4.0 HTTP/1.1" 304 -
181.56.89.136 - - [05/Mar/2023:02:39:41 -0500] "GET /sipse/faces/javax.faces.resource/layout/layout.js?ln=primefaces&v=4.0 HTTP/1.1" 304 -
181.56.89.136 - - [05/Mar/2023:02:39:41 -0500] "GET /sipse/faces/javax.faces.resource/messages/messages.png?ln=primefaces&v=4.0 HTTP/1.1" 304 -
172.22.2.4 - - [05/Mar/2023:02:39:44 -0500] "GET /BLA/boletinlegal/actos.php HTTP/1.1" 200 9672
172.22.2.4 - - [05/Mar/2023:02:38:10 -0500] "HEAD /BLA/boletinlegal/ HTTP/1.1" 200 -
172.22.2.4 - - [05/Mar/2023:02:39:01 -0500] "GET /BLA/boletinlegal/ HTTP/1.1" 200 52720
216.245.221.92 - - [05/Mar/2023:02:40:45 -0500] "HEAD / HTTP/1.1" 200 -
172.22.2.4 - - [05/Mar/2023:02:40:55 -0500] "GET /BLA/boletinlegal/vendor/phpunit/phpunit/src/Util/PHP/eval-stdin.php HTTP/1.1" 404 1018
52.167.144.40 - - [05/Mar/2023:02:41:03 -0500] "GET /BLA/resoluciones/RESOLUCIONES%202008/3208.pdf HTTP/1.1" 200 213753
69.63.184.116 - - [05/Mar/2023:02:41:52 -0500] "GET /images/calidad-aire-2-marzo-1_optimized.jpeg HTTP/1.1" 200 51562
201.245.192.253 - - [05/Mar/2023:02:43:14 -0500] "POST /kwsrmcab/Wsrmcab  HTTP/1.1" 200 40529
172.22.2.4 - - [05/Mar/2023:02:43:34 -0500] "GET /BLA/boletinlegal/actos.php HTTP/1.1" 200 9672
172.22.2.4 - - [05/Mar/2023:02:44:00 -0500] "HEAD /BLA/boletinlegal/ HTTP/1.1" 200 -
216.245.221.92 - - [05/Mar/2023:02:45:45 -0500] "HEAD / HTTP/1.1" 200 -
34.91.247.101 - - [05/Mar/2023:02:46:26 -0500] "GET /inventario-de-emisiones-2020-transporte-publico-sitp-redujo-emisiones-de-pm-2-5-en-un-37.html HTTP/1.1" 200 925
172.22.2.4 - - [05/Mar/2023:02:44:51 -0500] "GET /BLA/boletinlegal/ HTTP/1.1" 200 59296
168.119.251.242 - - [05/Mar/2023:02:47:13 -0500] "GET / HTTP/1.1" 200 4720
168.119.251.242 - - [05/Mar/2023:02:47:14 -0500] "GET / HTTP/1.1" 200 319
201.245.192.253 - - [05/Mar/2023:02:48:13 -0500] "POST /kwsrmcab/Wsrmcab  HTTP/1.1" 200 40529
34.90.51.83 - - [05/Mar/2023:02:49:55 -0500] "GET /inventario-de-emisiones-2020-transporte-publico-sitp-redujo-emisiones-de-pm-2-5-en-un-37.html HTTP/1.1" 200 925
216.245.221.92 - - [05/Mar/2023:02:50:45 -0500] "HEAD / HTTP/1.1" 200 -
172.22.2.4 - - [05/Mar/2023:02:49:50 -0500] "HEAD /BLA/boletinlegal/ HTTP/1.1" 200 -
172.22.2.4 - - [05/Mar/2023:02:52:06 -0500] "GET /BLA/boletinlegal/actos.php HTTP/1.1" 200 9672
172.22.2.4 - - [05/Mar/2023:02:50:41 -0500] "GET /BLA/boletinlegal/ HTTP/1.1" 200 57551
201.245.192.253 - - [05/Mar/2023:02:53:12 -0500] "POST /kwsrmcab/Wsrmcab  HTTP/1.1" 200 40529
173.252.79.13 - - [05/Mar/2023:02:54:09 -0500] "GET /images/caminatas-ecol\xc3\xb3gicas-marzo---1920x1080_optimized.jpg HTTP/1.1" 404 1034
172.22.2.4 - - [05/Mar/2023:02:53:49 -0500] "GET /BLA/boletinlegal/index.php?s=/Index/\\think\\app/invokefunction&function=call_user_func_array&vars[0]=md5&vars[1][]=HelloThinkPHP21 HTTP/1.1" 200 36811
216.245.221.92 - - [05/Mar/2023:02:55:45 -0500] "HEAD / HTTP/1.1" 200 -
40.77.167.184 - - [05/Mar/2023:02:56:52 -0500] "-" 408 -
40.77.167.184 - - [05/Mar/2023:02:56:55 -0500] "-" 408 -
172.22.2.4 - - [05/Mar/2023:02:55:40 -0500] "HEAD /BLA/boletinlegal/ HTTP/1.1" 200 -
191.149.29.27 - - [05/Mar/2023:02:57:42 -0500] "GET /inscribete-y-participa-en-las-caminatas-ecologicas-de-marzo.html HTTP/1.1" 200 924
172.22.2.4 - - [05/Mar/2023:02:56:31 -0500] "GET /BLA/boletinlegal/ HTTP/1.1" 200 57551
201.245.192.253 - - [05/Mar/2023:02:58:10 -0500] "POST /kwsrmcab/Wsrmcab  HTTP/1.1" 200 40529
216.245.221.92 - - [05/Mar/2023:03:00:45 -0500] "HEAD / HTTP/1.1" 200 -
52.167.144.67 - - [05/Mar/2023:03:01:18 -0500] "GET /BLA/resoluciones/RESOLUCIONES%202011/0348%20.PDF HTTP/1.1" 200 62074
201.245.192.253 - - [05/Mar/2023:03:03:07 -0500] "POST /kwsrmcab/Wsrmcab  HTTP/1.1" 200 40529
172.22.2.4 - - [05/Mar/2023:03:01:30 -0500] "HEAD /BLA/boletinlegal/ HTTP/1.1" 200 -
172.22.2.4 - - [05/Mar/2023:03:02:20 -0500] "GET /BLA/boletinlegal/ HTTP/1.1" 200 57141
216.245.221.92 - - [05/Mar/2023:03:05:45 -0500] "HEAD / HTTP/1.1" 200 -
201.245.192.253 - - [05/Mar/2023:03:08:05 -0500] "POST /kwsrmcab/Wsrmcab  HTTP/1.1" 200 40529
172.22.2.4 - - [05/Mar/2023:03:07:20 -0500] "HEAD /BLA/boletinlegal/ HTTP/1.1" 200 -
172.22.2.4 - - [05/Mar/2023:03:08:10 -0500] "GET /BLA/boletinlegal/ HTTP/1.1" 200 58653
216.245.221.92 - - [05/Mar/2023:03:10:45 -0500] "HEAD / HTTP/1.1" 200 -
172.22.2.4 - - [05/Mar/2023:03:11:53 -0500] "GET /BLA/boletinlegal/ HTTP/1.1" 200 36811
40.77.167.184 - - [05/Mar/2023:03:12:58 -0500] "-" 408 -
40.77.167.184 - - [05/Mar/2023:03:12:58 -0500] "-" 408 -
40.77.167.184 - - [05/Mar/2023:03:12:58 -0500] "-" 408 -
40.77.167.184 - - [05/Mar/2023:03:12:59 -0500] "-" 408 -
40.77.167.184 - - [05/Mar/2023:03:13:02 -0500] "-" 408 -
40.77.167.184 - - [05/Mar/2023:03:13:03 -0500] "-" 408 -
201.245.192.253 - - [05/Mar/2023:03:13:04 -0500] "POST /kwsrmcab/Wsrmcab  HTTP/1.1" 200 40529
40.77.167.184 - - [05/Mar/2023:03:13:09 -0500] "-" 408 -
172.22.2.4 - - [05/Mar/2023:03:13:10 -0500] "HEAD /BLA/boletinlegal/ HTTP/1.1" 200 -
34.91.247.101 - - [05/Mar/2023:03:14:53 -0500] "GET /inventario-de-emisiones-2020-transporte-publico-sitp-redujo-emisiones-de-pm-2-5-en-un-37.html HTTP/1.1" 200 925
172.22.2.4 - - [05/Mar/2023:03:14:00 -0500] "GET /BLA/boletinlegal/ HTTP/1.1" 200 57551
216.245.221.92 - - [05/Mar/2023:03:15:45 -0500] "HEAD / HTTP/1.1" 200 -
172.22.2.4 - - [05/Mar/2023:03:17:23 -0500] "GET /BLA/boletinlegal/actos.php HTTP/1.1" 200 9672
172.22.2.4 - - [05/Mar/2023:03:17:24 -0500] "GET /BLA/boletinlegal/actos.php HTTP/1.1" 200 9672
201.245.192.253 - - [05/Mar/2023:03:17:36 -0500] "POST /kwsrmcab/Wsrmcab HTTP/1.1" 200 40659
201.245.192.253 - - [05/Mar/2023:03:17:38 -0500] "POST /kwsrmcab/Wsrmcab HTTP/1.1" 200 42862
172.22.2.4 - - [05/Mar/2023:03:17:02 -0500] "GET /BLA/boletinlegal/?XDEBUG_SESSION_START=phpstorm HTTP/1.1" 200 36811
201.245.192.253 - - [05/Mar/2023:03:18:04 -0500] "POST /kwsrmcab/Wsrmcab  HTTP/1.1" 200 40529
172.22.2.4 - - [05/Mar/2023:03:20:30 -0500] "GET /BLA/boletinlegal/actos.php HTTP/1.1" 200 9672
172.22.2.4 - - [05/Mar/2023:03:19:00 -0500] "HEAD /BLA/boletinlegal/ HTTP/1.1" 200 -
216.245.221.92 - - [05/Mar/2023:03:20:45 -0500] "HEAD / HTTP/1.1" 200 -
172.22.2.4 - - [05/Mar/2023:03:19:50 -0500] "GET /BLA/boletinlegal/ HTTP/1.1" 200 59296
34.91.20.238 - - [05/Mar/2023:03:22:00 -0500] "GET /inventario-de-emisiones-2020-transporte-publico-sitp-redujo-emisiones-de-pm-2-5-en-un-37.html HTTP/1.1" 200 925
172.22.2.4 - - [05/Mar/2023:03:22:19 -0500] "GET /BLA/boletinlegal/actos.php HTTP/1.1" 200 9672
198.199.102.221 - - [05/Mar/2023:03:22:52 -0500] "GET /druid/index.html HTTP/1.1" 404 1018
186.29.184.215 - - [05/Mar/2023:03:22:56 -0500] "GET /inscribete-y-participa-en-las-caminatas-ecologicas-de-marzo.html HTTP/1.1" 200 924
201.245.192.253 - - [05/Mar/2023:03:23:02 -0500] "POST /kwsrmcab/Wsrmcab  HTTP/1.1" 200 40529
34.91.35.169 - - [05/Mar/2023:03:23:48 -0500] "GET /inventario-de-emisiones-2020-transporte-publico-sitp-redujo-emisiones-de-pm-2-5-en-un-37.html HTTP/1.1" 200 925
216.245.221.92 - - [05/Mar/2023:03:25:45 -0500] "HEAD / HTTP/1.1" 200 -
34.91.155.222 - - [05/Mar/2023:03:25:54 -0500] "GET /inventario-de-emisiones-2020-transporte-publico-sitp-redujo-emisiones-de-pm-2-5-en-un-37.html HTTP/1.1" 200 925
172.22.2.4 - - [05/Mar/2023:03:24:50 -0500] "HEAD /BLA/boletinlegal/ HTTP/1.1" 200 -
173.252.79.20 - - [05/Mar/2023:03:27:13 -0500] "GET /images/caminatas-ecol\xc3\xb3gicas-marzo---1920x1080_optimized.jpg HTTP/1.1" 404 1034
172.22.2.4 - - [05/Mar/2023:03:25:40 -0500] "GET /BLA/boletinlegal/ HTTP/1.1" 200 54414
201.245.192.253 - - [05/Mar/2023:03:27:35 -0500] "POST /kwsrmcab/Wsrmcab HTTP/1.1" 200 40659
201.245.192.253 - - [05/Mar/2023:03:27:38 -0500] "POST /kwsrmcab/Wsrmcab HTTP/1.1" 200 42862
201.245.192.253 - - [05/Mar/2023:03:28:02 -0500] "POST /kwsrmcab/Wsrmcab  HTTP/1.1" 200 40529
172.22.2.4 - - [05/Mar/2023:03:28:05 -0500] "GET /BLA/boletinlegal/actos.php HTTP/1.1" 200 9672
193.32.162.159 - - [05/Mar/2023:03:29:02 -0500] "GET / HTTP/1.1" 200 319
172.22.2.4 - - [05/Mar/2023:03:29:10 -0500] "GET /BLA/boletinlegal/actos.php HTTP/1.1" 200 9672
216.245.221.92 - - [05/Mar/2023:03:30:45 -0500] "HEAD / HTTP/1.1" 200 -
157.90.254.89 - - [05/Mar/2023:03:31:47 -0500] "GET / HTTP/1.1" 200 4720
157.90.254.89 - - [05/Mar/2023:03:31:50 -0500] "GET / HTTP/1.1" 200 319
172.22.2.4 - - [05/Mar/2023:03:30:40 -0500] "HEAD /BLA/boletinlegal/ HTTP/1.1" 200 -
173.252.83.20 - - [05/Mar/2023:03:32:41 -0500] "GET /images/caminatas-ecol\xc3\xb3gicas-marzo---1920x1080_optimized.jpg HTTP/1.1" 404 1034
201.245.192.253 - - [05/Mar/2023:03:33:01 -0500] "POST /kwsrmcab/Wsrmcab  HTTP/1.1" 200 40529
172.22.2.4 - - [05/Mar/2023:03:31:30 -0500] "GET /BLA/boletinlegal/ HTTP/1.1" 200 52720
172.22.2.4 - - [05/Mar/2023:03:34:54 -0500] "GET /BLA/boletinlegal/actos.php HTTP/1.1" 200 9672
216.245.221.92 - - [05/Mar/2023:03:35:45 -0500] "HEAD / HTTP/1.1" 200 -
201.245.192.253 - - [05/Mar/2023:03:37:36 -0500] "POST /kwsrmcab/Wsrmcab HTTP/1.1" 200 40659
201.245.192.253 - - [05/Mar/2023:03:37:38 -0500] "POST /kwsrmcab/Wsrmcab HTTP/1.1" 200 42862
201.245.192.253 - - [05/Mar/2023:03:38:00 -0500] "POST /kwsrmcab/Wsrmcab  HTTP/1.1" 200 40529
172.22.2.4 - - [05/Mar/2023:03:36:30 -0500] "HEAD /BLA/boletinlegal/ HTTP/1.1" 200 -
172.22.2.4 - - [05/Mar/2023:03:38:29 -0500] "GET /BLA/boletinlegal/robots.txt HTTP/1.1" 404 1140
34.141.171.67 - - [05/Mar/2023:03:38:49 -0500] "GET /inventario-de-emisiones-2020-transporte-publico-sitp-redujo-emisiones-de-pm-2-5-en-un-37.html HTTP/1.1" 200 925
172.22.2.4 - - [05/Mar/2023:03:37:20 -0500] "GET /BLA/boletinlegal/ HTTP/1.1" 200 59296
64.124.8.37 - - [05/Mar/2023:03:39:20 -0500] "-" 408 -
216.245.221.92 - - [05/Mar/2023:03:40:45 -0500] "HEAD / HTTP/1.1" 200 -
66.249.73.136 - - [05/Mar/2023:03:41:21 -0500] "-" 408 -
173.252.107.117 - - [05/Mar/2023:03:41:33 -0500] "GET /zuma-propuesta-de-pot-una-herramienta-clave-para-seguir-mejorando-la-calidad-del-aire-de-bogota.html HTTP/1.1" 206 1029
201.245.192.253 - - [05/Mar/2023:03:42:58 -0500] "POST /kwsrmcab/Wsrmcab  HTTP/1.1" 200 40529
139.59.28.250 - - [05/Mar/2023:03:43:33 -0500] "GET / HTTP/1.1" 200 319
162.55.175.138 - - [05/Mar/2023:03:43:58 -0500] "GET / HTTP/1.1" 200 319
162.55.175.138 - - [05/Mar/2023:03:43:58 -0500] "GET / HTTP/1.1" 200 4720
172.22.2.4 - - [05/Mar/2023:03:42:20 -0500] "HEAD /BLA/boletinlegal/ HTTP/1.1" 200 -
172.22.2.4 - - [05/Mar/2023:03:44:29 -0500] "GET /BLA/boletinlegal/style.css HTTP/1.1" 200 9406
172.22.2.4 - - [05/Mar/2023:03:44:29 -0500] "GET /BLA/boletinlegal/styles2.css HTTP/1.1" 200 1838
172.22.2.4 - - [05/Mar/2023:03:44:29 -0500] "GET /BLA/boletinlegal/js/jquery.js HTTP/1.1" 200 57254
172.22.2.4 - - [05/Mar/2023:03:44:29 -0500] "GET /BLA/boletinlegal/js/jquery.scrollTo-min.js HTTP/1.1" 200 1150
172.22.2.4 - - [05/Mar/2023:03:44:29 -0500] "GET /BLA/boletinlegal/js/jquery.scrollShow.js HTTP/1.1" 200 4586
172.22.2.4 - - [05/Mar/2023:03:44:29 -0500] "GET /BLA/boletinlegal/images/cabezote%20BLEGAL.jpg HTTP/1.1" 200 118164
172.22.2.4 - - [05/Mar/2023:03:44:29 -0500] "GET /BLA/boletinlegal/images/subscribe-icon-big.png HTTP/1.1" 200 47702
172.22.2.4 - - [05/Mar/2023:03:44:29 -0500] "GET /BLA/boletinlegal/images/historia.png HTTP/1.1" 200 52775
172.22.2.4 - - [05/Mar/2023:03:44:29 -0500] "GET /BLA/boletinlegal/images/arr_l.jpg HTTP/1.1" 200 1979
172.22.2.4 - - [05/Mar/2023:03:44:29 -0500] "GET /BLA/boletinlegal/images/registro-usuarios.png HTTP/1.1" 200 8106
172.22.2.4 - - [05/Mar/2023:03:44:30 -0500] "GET /BLA/boletinlegal/images/text.jpg HTTP/1.1" 200 568
172.22.2.4 - - [05/Mar/2023:03:44:30 -0500] "GET /BLA/boletinlegal/images/body_bg.jpg HTTP/1.1" 200 1601
172.22.2.4 - - [05/Mar/2023:03:44:30 -0500] "GET /BLA/boletinlegal/images/menu_rght.gif HTTP/1.1" 200 1627
172.22.2.4 - - [05/Mar/2023:03:44:30 -0500] "GET /BLA/boletinlegal/images/menu_lft.gif HTTP/1.1" 200 1713
172.22.2.4 - - [05/Mar/2023:03:44:30 -0500] "GET /BLA/boletinlegal/images/bg_top.jpg HTTP/1.1" 200 522
172.22.2.4 - - [05/Mar/2023:03:44:30 -0500] "GET /BLA/boletinlegal/images/menu_bg.jpg HTTP/1.1" 200 620
172.22.2.4 - - [05/Mar/2023:03:44:30 -0500] "GET /BLA/boletinlegal/images/hover.jpg HTTP/1.1" 200 640
172.22.2.4 - - [05/Mar/2023:03:44:30 -0500] "GET /BLA/boletinlegal/images/screen_1.png HTTP/1.1" 200 202547
172.22.2.4 - - [05/Mar/2023:03:44:30 -0500] "GET /BLA/boletinlegal/images/launch.jpg HTTP/1.1" 200 14577
34.91.20.238 - - [05/Mar/2023:03:44:39 -0500] "GET /inventario-de-emisiones-2020-transporte-publico-sitp-redujo-emisiones-de-pm-2-5-en-un-37.html HTTP/1.1" 200 925
172.22.2.4 - - [05/Mar/2023:03:44:39 -0500] "GET /BLA/boletinlegal/images/screen_2.png HTTP/1.1" 200 362502
172.22.2.4 - - [05/Mar/2023:03:44:39 -0500] "GET /BLA/boletinlegal/images/screen_3.png HTTP/1.1" 200 210620
172.22.2.4 - - [05/Mar/2023:03:44:39 -0500] "GET /BLA/boletinlegal/images/screen_5.png HTTP/1.1" 200 368876
172.22.2.4 - - [05/Mar/2023:03:44:39 -0500] "GET /BLA/boletinlegal/images/footer_bg.jpg HTTP/1.1" 200 586
172.22.2.4 - - [05/Mar/2023:03:44:39 -0500] "GET /BLA/boletinlegal/images/arr_r.jpg HTTP/1.1" 200 1998
172.22.2.4 - - [05/Mar/2023:03:44:29 -0500] "GET /BLA/boletinlegal/ HTTP/1.1" 200 28619
