52.167.144.40 - - [05/Mar/2023:11:35:41 -0500] "GET /sipse/faces/autenticacion.xhtml HTTP/1.1" 200 12489
216.245.221.92 - - [05/Mar/2023:11:35:44 -0500] "HEAD / HTTP/1.1" 200 -
186.84.21.124 - - [05/Mar/2023:11:36:10 -0500] "GET /sipse/faces/presentacion/financiero/solicitudProceso/consultarSolicitudProceso.xhtml HTTP/1.1" 200 205516
201.245.192.253 - - [05/Mar/2023:11:36:09 -0500] "POST /kwsrmcab/Wsrmcab  HTTP/1.1" 200 40529
186.84.21.124 - - [05/Mar/2023:11:36:14 -0500] "GET /sipse/faces/javax.faces.resource/theme.css?ln=primefaces-sipse HTTP/1.1" 304 -
186.84.21.124 - - [05/Mar/2023:11:36:14 -0500] "GET /sipse/faces/javax.faces.resource/primefaces.css?ln=primefaces&v=4.0 HTTP/1.1" 304 -
186.84.21.124 - - [05/Mar/2023:11:36:14 -0500] "GET /sipse/faces/javax.faces.resource/layout/layout.css?ln=primefaces&v=4.0 HTTP/1.1" 304 -
186.84.21.124 - - [05/Mar/2023:11:36:14 -0500] "GET /sipse/faces/javax.faces.resource/jquery/jquery-plugins.js?ln=primefaces&v=4.0 HTTP/1.1" 304 -
186.84.21.124 - - [05/Mar/2023:11:36:14 -0500] "GET /sipse/faces/javax.faces.resource/jquery/jquery.js?ln=primefaces&v=4.0 HTTP/1.1" 304 -
186.84.21.124 - - [05/Mar/2023:11:36:14 -0500] "GET /sipse/faces/javax.faces.resource/primefaces.js?ln=primefaces&v=4.0 HTTP/1.1" 304 -
186.84.21.124 - - [05/Mar/2023:11:36:14 -0500] "GET /sipse/faces/javax.faces.resource/layout/layout.js?ln=primefaces&v=4.0 HTTP/1.1" 304 -
186.84.21.124 - - [05/Mar/2023:11:36:14 -0500] "GET /sipse/css/imagen/contrasena.png HTTP/1.1" 404 383
186.84.21.124 - - [05/Mar/2023:11:36:14 -0500] "GET /sipse/faces/javax.faces.resource/images/ui-icons_898989_256x240.png?ln=primefaces-aristo HTTP/1.1" 304 -
40.77.167.240 - - [05/Mar/2023:11:36:21 -0500] "GET /BLA/resoluciones/index.php?dir=Notificaciones%2FRESOLUCIONES+2023%2F HTTP/1.1" 200 1892
172.22.2.4 - - [05/Mar/2023:11:34:50 -0500] "HEAD /BLA/boletinlegal/ HTTP/1.1" 200 -
191.95.89.206 - - [05/Mar/2023:11:36:51 -0500] "POST /sipse/faces/presentacion/financiero/solicitudProceso/consultarSolicitudProceso.xhtml HTTP/1.1" 200 407910
191.95.89.206 - - [05/Mar/2023:11:36:54 -0500] "POST /sipse/faces/presentacion/financiero/solicitudProceso/consultarSolicitudProceso.xhtml HTTP/1.1" 200 2323903
172.22.2.4 - - [05/Mar/2023:11:37:16 -0500] "GET /BLA/boletinlegal/owa/auth/x.js HTTP/1.1" 404 1018
172.22.2.4 - - [05/Mar/2023:11:35:40 -0500] "GET /BLA/boletinlegal/ HTTP/1.1" 200 53104
201.245.192.253 - - [05/Mar/2023:11:37:34 -0500] "POST /kwsrmcab/Wsrmcab HTTP/1.1" 200 36860
201.245.192.253 - - [05/Mar/2023:11:37:36 -0500] "POST /kwsrmcab/Wsrmcab HTTP/1.1" 200 43141
172.22.2.4 - - [05/Mar/2023:11:37:39 -0500] "GET /BLA/boletinlegal/actos.php HTTP/1.1" 200 9672
191.95.50.161 - - [05/Mar/2023:11:38:23 -0500] "GET /inscribete-y-participa-en-las-caminatas-ecologicas-de-marzo.html HTTP/1.1" 200 924
186.86.32.114 - - [05/Mar/2023:11:38:35 -0500] "GET /BLA/resoluciones/RESOLUCIONES%202021/1511.pdf HTTP/1.1" 200 475658
185.119.81.97 - - [05/Mar/2023:11:38:42 -0500] "GET /portaldeninos/wp-login.php HTTP/1.1" 200 2592
185.119.81.97 - - [05/Mar/2023:11:38:43 -0500] "POST /portaldeninos/wp-login.php HTTP/1.1" 200 3605
191.95.89.206 - - [05/Mar/2023:11:38:45 -0500] "POST /sipse/faces/presentacion/financiero/solicitudProceso/consultarSolicitudProceso.xhtml HTTP/1.1" 200 1852238
199.16.157.180 - - [05/Mar/2023:11:40:23 -0500] "GET /secretaria-de-ambiente-destaca-aportes-de-empresas-y-ciudadanos-que-ayudaron-a-mitigar-efectos-de-la-alerta-fase-i.html HTTP/1.1" 200 1019
199.16.157.180 - - [05/Mar/2023:11:40:23 -0500] "GET /images/empresas-alertas_optimized.jpeg HTTP/1.1" 200 142365
172.22.2.4 - - [05/Mar/2023:11:40:31 -0500] "GET /BLA/boletinlegal/actos.php HTTP/1.1" 200 9672
173.252.95.16 - - [05/Mar/2023:11:40:34 -0500] "GET /images/WhatsApp%20Image%202023-02-15%20at%205.07.25%20PM.jpeg HTTP/1.1" 200 50573
173.252.95.2 - - [05/Mar/2023:11:40:34 -0500] "GET /images/8%20de%20febrero%20incendio%20forestal.jpeg HTTP/1.1" 200 56283
173.252.95.18 - - [05/Mar/2023:11:40:34 -0500] "GET /images/Conversatorio%20aire%201%20(1).jpeg HTTP/1.1" 200 72040
173.252.95.7 - - [05/Mar/2023:11:40:34 -0500] "GET /images/17%20de%20febrero%20mujeres%20que%20reverdecen.jpeg HTTP/1.1" 200 85735
173.252.95.13 - - [05/Mar/2023:11:40:34 -0500] "GET /images/20%20de%20febrero%20panor\xc3\xa1mica%20de%20Bogot\xc3\xa1%20(1)%20(1).jpeg HTTP/1.1" 404 1034
173.252.95.20 - - [05/Mar/2023:11:40:34 -0500] "GET /images/Sello%201%20JA-2.jpeg HTTP/1.1" 200 42236
173.252.95.9 - - [05/Mar/2023:11:40:34 -0500] "GET /images/vertimiento-Comprimida%20(1).png HTTP/1.1" 200 22870
173.252.95.13 - - [05/Mar/2023:11:40:34 -0500] "GET /images/28%20de%20febrero%20operativo.jpeg HTTP/1.1" 200 62220
173.252.95.18 - - [05/Mar/2023:11:40:34 -0500] "GET /images/Rmasar%2018%20de%20febrero%20Grupo.jpg HTTP/1.1" 200 68398
173.252.95.16 - - [05/Mar/2023:11:40:34 -0500] "GET /images/Secretarias%20Fondo%20carga%206%20de%20febrero.jpeg HTTP/1.1" 200 55460
173.252.127.12 - - [05/Mar/2023:11:40:36 -0500] "GET /inscribete-y-participa-en-las-caminatas-ecologicas-de-marzo.html?fbclid=IwAR3wVwSfqn9z-kL7bOBubdMRsh_GKiZ2Ik0MYFg70WgLfR16hOJVxnBCwMo HTTP/1.1" 200 924
31.13.127.12 - - [05/Mar/2023:11:40:37 -0500] "GET /encontre-un-refugio-y-un-consuelo-en-la-naturaleza-ingrid-romero-una-mujer-que-lucha-para-proteger-el-humedal-jaboque.html?fbclid=IwAR1mfpQGvWqLPkniwimmEelRO4OBx5Q24UnYgJBdha19FdVx1AVByrGO5D4 HTTP/1.1" 200 847
173.252.95.11 - - [05/Mar/2023:11:40:37 -0500] "GET /secretaria-de-ambiente-destaca-aportes-de-empresas-y-ciudadanos-que-ayudaron-a-mitigar-efectos-de-la-alerta-fase-i.html HTTP/1.1" 206 1019
173.252.95.11 - - [05/Mar/2023:11:40:37 -0500] "GET /secretaria-de-ambiente-destaca-aportes-de-empresas-y-ciudadanos-que-ayudaron-a-mitigar-efectos-de-la-alerta-fase-i.html HTTP/1.1" 206 1019
173.252.95.8 - - [05/Mar/2023:11:40:38 -0500] "GET /images/empresas-alertas_optimized.jpeg HTTP/1.1" 200 142365
173.252.95.7 - - [05/Mar/2023:11:40:39 -0500] "GET /images/1%20de%20febrero%20D\xc3\xada%20sin%20carro.jpeg HTTP/1.1" 404 1034
173.252.95.16 - - [05/Mar/2023:11:40:39 -0500] "GET /images/Secretaria%20Urrutia%20evento%20h\xc3\xa1bitat%20Francia%2024%20de%20enero.jpeg HTTP/1.1" 404 1034
173.252.95.15 - - [05/Mar/2023:11:40:39 -0500] "GET /images/Archivo%20pacto%20aire%2023%20enero.jpeg HTTP/1.1" 200 28889
173.252.95.1 - - [05/Mar/2023:11:40:39 -0500] "GET /images/IMG_3028%20(1).jpg HTTP/1.1" 200 435206
173.252.95.11 - - [05/Mar/2023:11:40:39 -0500] "GET /images/1%20de%20febrer%20Operativo%20hornos.jpg HTTP/1.1" 200 69569
173.252.95.16 - - [05/Mar/2023:11:40:39 -0500] "GET /images/Aire%20Reyes%20(1)%20(1).jpeg HTTP/1.1" 200 59709
173.252.95.7 - - [05/Mar/2023:11:40:39 -0500] "GET /images/2%20de%20febrero%20liberaci\xc3\xb3n%20Tunjo.jpeg HTTP/1.1" 404 1034
173.252.95.7 - - [05/Mar/2023:11:40:39 -0500] "GET /images/foto%202.jpg HTTP/1.1" 200 63300
173.252.95.119 - - [05/Mar/2023:11:40:39 -0500] "GET /images/19%20de%20enero%20\xc3\xa1rbol%20bosque%20San%20Carlos.jpg HTTP/1.1" 404 1034
173.252.95.6 - - [05/Mar/2023:11:40:40 -0500] "GET /images/Fauna%20Silvestre%20SDA%2002.jpeg HTTP/1.1" 200 41590
173.252.95.14 - - [05/Mar/2023:11:40:40 -0500] "GET /images/Humedal%20Tunjo%20RAMSAR.jpeg HTTP/1.1" 200 120269
173.252.95.15 - - [05/Mar/2023:11:40:40 -0500] "GET /images/1%20de%20febrero%20Humedal%20El%20Tunjo.jpeg HTTP/1.1" 200 52973
173.252.95.1 - - [05/Mar/2023:11:40:40 -0500] "GET /images/empresas-alertas_optimized.jpeg HTTP/1.1" 200 142365
173.252.87.5 - - [05/Mar/2023:11:40:40 -0500] "GET /images/empresas-alertas_optimized.jpeg HTTP/1.1" 200 142365
216.245.221.92 - - [05/Mar/2023:11:40:44 -0500] "HEAD / HTTP/1.1" 200 -
135.125.217.232 - - [05/Mar/2023:11:40:47 -0500] "GET /secretaria-de-ambiente-destaca-aportes-de-empresas-y-ciudadanos-que-ayudaron-a-mitigar-efectos-de-la-alerta-fase-i.html HTTP/1.1" 200 1019
173.252.95.118 - - [05/Mar/2023:11:40:55 -0500] "GET /images/empresas-alertas_optimized.jpeg HTTP/1.1" 200 142365
173.252.95.8 - - [05/Mar/2023:11:40:56 -0500] "GET /secretaria-de-ambiente-destaca-aportes-de-empresas-y-ciudadanos-que-ayudaron-a-mitigar-efectos-de-la-alerta-fase-i.html HTTP/1.1" 206 1019
173.252.95.24 - - [05/Mar/2023:11:40:59 -0500] "GET /images/empresas-alertas_optimized.jpeg HTTP/1.1" 200 142365
173.252.95.11 - - [05/Mar/2023:11:41:00 -0500] "GET /secretaria-de-ambiente-destaca-aportes-de-empresas-y-ciudadanos-que-ayudaron-a-mitigar-efectos-de-la-alerta-fase-i.html HTTP/1.1" 206 1019
190.60.254.219 - - [05/Mar/2023:11:41:00 -0500] "GET /secretaria-de-ambiente-destaca-aportes-de-empresas-y-ciudadanos-que-ayudaron-a-mitigar-efectos-de-la-alerta-fase-i.html HTTP/1.1" 200 1019
173.252.83.5 - - [05/Mar/2023:11:41:00 -0500] "GET /images/empresas-alertas_optimized.jpeg HTTP/1.1" 200 142365
18.213.87.247 - - [05/Mar/2023:11:41:00 -0500] "HEAD /secretaria-de-ambiente-destaca-aportes-de-empresas-y-ciudadanos-que-ayudaron-a-mitigar-efectos-de-la-alerta-fase-i.html HTTP/1.1" 200 -
173.252.111.7 - - [05/Mar/2023:11:41:05 -0500] "GET /images/empresas-alertas_optimized.jpeg HTTP/1.1" 200 142365
173.252.111.19 - - [05/Mar/2023:11:41:06 -0500] "GET /images/empresas-alertas_optimized.jpeg HTTP/1.1" 200 142365
69.171.249.10 - - [05/Mar/2023:11:41:06 -0500] "GET /images/empresas-alertas_optimized.jpeg HTTP/1.1" 200 142365
201.245.192.253 - - [05/Mar/2023:11:41:08 -0500] "POST /kwsrmcab/Wsrmcab  HTTP/1.1" 200 40529
31.13.127.29 - - [05/Mar/2023:11:41:11 -0500] "GET /images/empresas-alertas_optimized.jpeg HTTP/1.1" 200 142365
69.63.184.116 - - [05/Mar/2023:11:41:13 -0500] "GET /images/empresas-alertas_optimized.jpeg HTTP/1.1" 200 142365
173.252.127.3 - - [05/Mar/2023:11:41:32 -0500] "GET /images/empresas-alertas_optimized.jpeg HTTP/1.1" 200 142365
144.76.22.148 - - [05/Mar/2023:11:41:38 -0500] "GET /secretaria-de-ambiente-destaca-aportes-de-empresas-y-ciudadanos-que-ayudaron-a-mitigar-efectos-de-la-alerta-fase-i.html HTTP/1.1" 200 1019
51.79.78.22 - - [05/Mar/2023:11:41:39 -0500] "GET /secretaria-de-ambiente-destaca-aportes-de-empresas-y-ciudadanos-que-ayudaron-a-mitigar-efectos-de-la-alerta-fase-i.html HTTP/1.1" 200 1019
31.13.103.12 - - [05/Mar/2023:11:41:42 -0500] "GET /images/empresas-alertas_optimized.jpeg HTTP/1.1" 200 142365
69.171.231.2 - - [05/Mar/2023:11:41:51 -0500] "GET /images/empresas-alertas_optimized.jpeg HTTP/1.1" 200 142365
69.63.184.118 - - [05/Mar/2023:11:41:55 -0500] "GET /images/empresas-alertas_optimized.jpeg HTTP/1.1" 200 142365
69.63.184.112 - - [05/Mar/2023:11:41:55 -0500] "GET /images/empresas-alertas_optimized.jpeg HTTP/1.1" 200 142365
173.252.107.12 - - [05/Mar/2023:11:42:07 -0500] "GET /images/empresas-alertas_optimized.jpeg HTTP/1.1" 200 142365
201.244.238.63 - - [05/Mar/2023:11:42:07 -0500] "GET /BLA/resoluciones/index.php?dir=AUTOS+2012%2F HTTP/1.1" 200 275989
190.249.1.167 - - [05/Mar/2023:11:42:09 -0500] "GET /secretaria-de-ambiente-destaca-aportes-de-empresas-y-ciudadanos-que-ayudaron-a-mitigar-efectos-de-la-alerta-fase-i.html HTTP/1.1" 206 1019
190.249.1.167 - - [05/Mar/2023:11:42:09 -0500] "GET /images/empresas-alertas_optimized.jpeg HTTP/1.1" 206 142365
52.86.197.61 - - [05/Mar/2023:11:42:16 -0500] "HEAD /secretaria-de-ambiente-destaca-aportes-de-empresas-y-ciudadanos-que-ayudaron-a-mitigar-efectos-de-la-alerta-fase-i.html HTTP/1.1" 200 -
31.13.127.25 - - [05/Mar/2023:11:42:18 -0500] "GET /images/empresas-alertas_optimized.jpeg HTTP/1.1" 200 142365
172.22.2.4 - - [05/Mar/2023:11:40:40 -0500] "HEAD /BLA/boletinlegal/ HTTP/1.1" 200 -
201.244.238.63 - - [05/Mar/2023:11:42:30 -0500] "GET /BLA/resoluciones/AUTOS%202012/1762.pdf HTTP/1.1" 200 403834
69.63.184.119 - - [05/Mar/2023:11:42:41 -0500] "GET /images/empresas-alertas_optimized.jpeg HTTP/1.1" 200 142365
181.237.248.105 - - [05/Mar/2023:11:42:50 -0500] "GET /secretaria-de-ambiente-destaca-aportes-de-empresas-y-ciudadanos-que-ayudaron-a-mitigar-efectos-de-la-alerta-fase-i.html?fbclid=IwAR2BvwsRTUS-RJ6CFfduo2uwXNMmrVzD5pAL5RWIRz-zj6wCPaYsXmfr0Vs HTTP/1.1" 200 1019
173.252.79.117 - - [05/Mar/2023:11:43:04 -0500] "GET /images/empresas-alertas_optimized.jpeg HTTP/1.1" 200 142365
66.220.149.4 - - [05/Mar/2023:11:43:04 -0500] "GET /images/empresas-alertas_optimized.jpeg HTTP/1.1" 200 142365
172.22.2.4 - - [05/Mar/2023:11:41:30 -0500] "GET /BLA/boletinlegal/ HTTP/1.1" 200 59296
186.102.28.229 - - [05/Mar/2023:11:43:17 -0500] "GET /secretaria-de-ambiente-destaca-aportes-de-empresas-y-ciudadanos-que-ayudaron-a-mitigar-efectos-de-la-alerta-fase-i.html HTTP/1.1" 200 1019
172.22.2.4 - - [05/Mar/2023:11:43:44 -0500] "GET /BLA/boletinlegal/ HTTP/1.1" 200 20427
69.63.184.119 - - [05/Mar/2023:11:44:48 -0500] "GET /images/idpyba-4-marzo-1_optimized.jpeg HTTP/1.1" 200 115318
69.63.184.1 - - [05/Mar/2023:11:45:10 -0500] "GET /images/empresas-alertas_optimized.jpeg HTTP/1.1" 200 142365
216.245.221.92 - - [05/Mar/2023:11:45:44 -0500] "HEAD / HTTP/1.1" 200 -
191.156.182.217 - - [05/Mar/2023:11:45:46 -0500] "GET /secretaria-de-ambiente-destaca-aportes-de-empresas-y-ciudadanos-que-ayudaron-a-mitigar-efectos-de-la-alerta-fase-i.html HTTP/1.1" 200 1019
201.245.192.253 - - [05/Mar/2023:11:46:07 -0500] "POST /kwsrmcab/Wsrmcab  HTTP/1.1" 200 40529
173.252.87.18 - - [05/Mar/2023:11:46:43 -0500] "GET /secretaria-de-ambiente-destaca-aportes-de-empresas-y-ciudadanos-que-ayudaron-a-mitigar-efectos-de-la-alerta-fase-i.html?fbclid=IwAR1XS8ksIllEyMpzu4vQOpciOksTHUdnVNITA5OAZNEmpNlEF22nenOHzWM HTTP/1.1" 200 1019
173.252.79.2 - - [05/Mar/2023:11:47:43 -0500] "GET /images/empresas-alertas_optimized.jpeg HTTP/1.1" 200 142365
186.29.98.140 - - [05/Mar/2023:11:48:03 -0500] "GET /secretaria-de-ambiente-destaca-aportes-de-empresas-y-ciudadanos-que-ayudaron-a-mitigar-efectos-de-la-alerta-fase-i.html HTTP/1.1" 200 1019
172.22.2.4 - - [05/Mar/2023:11:46:30 -0500] "HEAD /BLA/boletinlegal/ HTTP/1.1" 200 -
186.84.89.196 - - [05/Mar/2023:11:48:12 -0500] "GET /secretaria-de-ambiente-destaca-aportes-de-empresas-y-ciudadanos-que-ayudaron-a-mitigar-efectos-de-la-alerta-fase-i.html HTTP/1.1" 200 1019
185.224.128.215 - - [05/Mar/2023:11:48:26 -0500] "GET / HTTP/1.1" 200 319
185.224.128.215 - - [05/Mar/2023:11:48:26 -0500] "POST /HNAP1/ HTTP/1.1" 404 1018
172.22.2.4 - - [05/Mar/2023:11:48:45 -0500] "GET /BLA/boletinlegal/jurisprudencia/analisis/AnalisisT-095-16.docx HTTP/1.1" 200 20284
172.22.2.4 - - [05/Mar/2023:11:47:20 -0500] "GET /BLA/boletinlegal/ HTTP/1.1" 200 54798
69.63.184.1 - - [05/Mar/2023:11:50:02 -0500] "GET /images/empresas-alertas_optimized.jpeg HTTP/1.1" 200 142365
216.245.221.92 - - [05/Mar/2023:11:50:44 -0500] "HEAD / HTTP/1.1" 200 -
186.86.32.114 - - [05/Mar/2023:11:50:48 -0500] "GET /BLA/resoluciones/RESOLUCIONES%202021/1429.pdf HTTP/1.1" 200 458120
64.233.172.31 - - [05/Mar/2023:11:51:08 -0500] "GET /BLA/boletinlegal/js/jquery.scrollShow.js HTTP/1.1" 200 4586
201.245.192.253 - - [05/Mar/2023:11:51:06 -0500] "POST /kwsrmcab/Wsrmcab  HTTP/1.1" 200 40529
64.233.172.1 - - [05/Mar/2023:11:51:08 -0500] "GET /galeria/galeria/jquery.fancybox.css?v=2.1.5 HTTP/1.1" 200 4895
64.233.172.1 - - [05/Mar/2023:11:51:08 -0500] "GET /galeria/galeria/jquery.fancybox.js?v=2.1.5 HTTP/1.1" 200 48706
64.233.172.31 - - [05/Mar/2023:11:51:09 -0500] "GET /galeria/carrusel/Carrusel/jquery.thumbnailScroller.css HTTP/1.1" 200 2066
64.233.172.31 - - [05/Mar/2023:11:51:09 -0500] "GET /galeria/carrusel/Carrusel/jquery-ui-1.8.13.custom.min.js HTTP/1.1" 200 10800
64.233.172.31 - - [05/Mar/2023:11:51:09 -0500] "GET /galeria/carrusel/Carrusel/jquery.thumbnailScroller.js HTTP/1.1" 200 8157
64.233.172.4 - - [05/Mar/2023:11:51:10 -0500] "GET /galeria/nivo-slider/demo/banner.html HTTP/1.1" 200 5446
64.233.172.1 - - [05/Mar/2023:11:51:12 -0500] "GET /galeria/nivo-slider/themes/default/default.css HTTP/1.1" 200 1569
64.233.172.31 - - [05/Mar/2023:11:51:12 -0500] "GET /galeria/nivo-slider/themes/pascal/pascal.css HTTP/1.1" 200 2258
64.233.172.4 - - [05/Mar/2023:11:51:12 -0500] "GET /galeria/nivo-slider/nivo-slider.css HTTP/1.1" 200 1507
64.233.172.1 - - [05/Mar/2023:11:51:12 -0500] "GET /galeria/nivo-slider/themes/orman/orman.css HTTP/1.1" 200 2152
64.233.172.1 - - [05/Mar/2023:11:51:12 -0500] "GET /galeria/nivo-slider/demo/style.css HTTP/1.1" 200 2222
64.233.172.1 - - [05/Mar/2023:11:51:12 -0500] "GET /galeria/nivo-slider/demo/scripts/jquery-1.7.1.min.js HTTP/1.1" 200 93868
64.233.172.4 - - [05/Mar/2023:11:51:12 -0500] "GET /galeria/nivo-slider/demo/images/Bannersedeelectronica.jpg HTTP/1.1" 200 40383
64.233.172.31 - - [05/Mar/2023:11:51:12 -0500] "GET /galeria/nivo-slider/jquery.nivo.slider.pack.js HTTP/1.1" 200 11561
64.233.172.1 - - [05/Mar/2023:11:51:12 -0500] "GET /galeria/nivo-slider/demo/images/bannertortuga_optimized.jpg HTTP/1.1" 200 39066
64.233.172.1 - - [05/Mar/2023:11:51:13 -0500] "GET /galeria/nivo-slider/demo/images/bannertrafico_optimized.jpg HTTP/1.1" 200 42578
64.233.172.4 - - [05/Mar/2023:11:51:13 -0500] "GET /galeria/nivo-slider/demo/images/Bannermujeresquereverdecen.jpg HTTP/1.1" 200 46558
64.233.172.4 - - [05/Mar/2023:11:51:13 -0500] "GET /galeria/nivo-slider/demo/images/bannerrutaesperanza.jpg HTTP/1.1" 200 55560
64.233.172.4 - - [05/Mar/2023:11:51:13 -0500] "GET /galeria/nivo-slider/demo/images/banneraire2021.jpg HTTP/1.1" 200 265101
64.233.172.31 - - [05/Mar/2023:11:51:13 -0500] "GET /galeria/nivo-slider/demo/images/Bannerplasticosseptiembre.jpg HTTP/1.1" 200 45633
64.233.172.4 - - [05/Mar/2023:11:51:13 -0500] "GET /galeria/nivo-slider/demo/images/bannerresiduoshospitalariosagosto.jpg HTTP/1.1" 200 36499
64.233.172.1 - - [05/Mar/2023:11:51:13 -0500] "GET /galeria/nivo-slider/demo/images/banneraccionpopularcrr68.jpg HTTP/1.1" 200 51887
64.233.172.31 - - [05/Mar/2023:11:51:13 -0500] "GET /galeria/nivo-slider/demo/images/banneraccionpopular.jpeg HTTP/1.1" 200 41707
64.233.172.31 - - [05/Mar/2023:11:51:13 -0500] "GET /galeria/nivo-slider/demo/images/bannerclases2021.jpg HTTP/1.1" 200 68230
64.233.172.4 - - [05/Mar/2023:11:51:13 -0500] "GET /galeria/nivo-slider/demo/images/bannercapacitacionesbogota.jpg HTTP/1.1" 200 42416
64.233.172.31 - - [05/Mar/2023:11:51:14 -0500] "GET /galeria/nivo-slider/themes/default/loading.gif HTTP/1.1" 200 1737
64.233.172.1 - - [05/Mar/2023:11:51:14 -0500] "GET /galeria/nivo-slider/demo/images/Bannerenvases.jpg HTTP/1.1" 200 37316
64.233.172.1 - - [05/Mar/2023:11:51:14 -0500] "GET /galeria/nivo-slider/demo/images/4Simple_Slider.png HTTP/1.1" 200 11722
64.233.172.4 - - [05/Mar/2023:11:51:14 -0500] "GET /galeria/nivo-slider/demo/images/Bannervirtualescanales.jpg HTTP/1.1" 200 174544
64.233.172.31 - - [05/Mar/2023:11:51:17 -0500] "GET /galeria/nivo-slider/themes/default/arrows.png HTTP/1.1" 200 824
64.233.172.31 - - [05/Mar/2023:11:51:17 -0500] "GET /galeria/nivo-slider/themes/default/bullets.png HTTP/1.1" 200 1281
162.55.232.163 - - [05/Mar/2023:11:51:34 -0500] "GET /secretaria-de-ambiente-destaca-aportes-de-empresas-y-ciudadanos-que-ayudaron-a-mitigar-efectos-de-la-alerta-fase-i.html HTTP/1.1" 206 1019
162.55.232.163 - - [05/Mar/2023:11:51:34 -0500] "GET /secretaria-de-ambiente-destaca-aportes-de-empresas-y-ciudadanos-que-ayudaron-a-mitigar-efectos-de-la-alerta-fase-i.html HTTP/1.1" 206 1019
186.86.32.114 - - [05/Mar/2023:11:51:58 -0500] "GET /BLA/resoluciones/RESOLUCIONES%202021/1182.pdf HTTP/1.1" 200 346768
186.86.32.114 - - [05/Mar/2023:11:52:14 -0500] "GET /BLA/resoluciones/RESOLUCIONES%202021/0931.pdf HTTP/1.1" 200 489990
173.252.111.6 - - [05/Mar/2023:11:53:12 -0500] "GET /images/caminatas-ecol\xc3\xb3gicas-marzo---1920x1080_optimized.jpg HTTP/1.1" 404 1034
186.102.45.82 - - [05/Mar/2023:11:53:50 -0500] "GET /secretaria-de-ambiente-destaca-aportes-de-empresas-y-ciudadanos-que-ayudaron-a-mitigar-efectos-de-la-alerta-fase-i.html HTTP/1.1" 200 1019
172.22.2.4 - - [05/Mar/2023:11:52:20 -0500] "HEAD /BLA/boletinlegal/ HTTP/1.1" 200 -
191.156.62.255 - - [05/Mar/2023:11:54:20 -0500] "GET /inscribete-y-participa-en-las-caminatas-ecologicas-de-marzo.html HTTP/1.1" 304 -
172.22.2.4 - - [05/Mar/2023:11:53:10 -0500] "GET /BLA/boletinlegal/ HTTP/1.1" 200 56277
216.245.221.92 - - [05/Mar/2023:11:55:44 -0500] "HEAD / HTTP/1.1" 200 -
201.245.192.253 - - [05/Mar/2023:11:56:05 -0500] "POST /kwsrmcab/Wsrmcab  HTTP/1.1" 200 40529
69.63.184.119 - - [05/Mar/2023:11:56:55 -0500] "GET /images/empresas-alertas_optimized.jpeg HTTP/1.1" 200 142365
89.40.126.48 - - [05/Mar/2023:11:57:22 -0500] "GET /secretaria-de-ambiente-destaca-aportes-de-empresas-y-ciudadanos-que-ayudaron-a-mitigar-efectos-de-la-alerta-fase-i.html HTTP/1.1" 200 1019
213.186.1.249 - - [05/Mar/2023:11:57:27 -0500] "GET /secretaria-de-ambiente-destaca-aportes-de-empresas-y-ciudadanos-que-ayudaron-a-mitigar-efectos-de-la-alerta-fase-i.html HTTP/1.1" 200 1019
185.119.81.104 - - [05/Mar/2023:11:57:55 -0500] "GET /portaldeninos/wp-login.php HTTP/1.1" 200 2592
185.119.81.104 - - [05/Mar/2023:11:57:56 -0500] "POST /portaldeninos/wp-login.php HTTP/1.1" 200 3605
186.86.32.114 - - [05/Mar/2023:11:58:25 -0500] "GET /BLA/resoluciones/RESOLUCIONES%202021/0224.pdf HTTP/1.1" 200 504786
186.102.20.3 - - [05/Mar/2023:11:58:26 -0500] "GET /kwssiamovil/sm/acme/a?s=U2FsdGVkX1/OefZTgeHhyQGrgXDt2JKofMtFDxPUg7DG4erzFa8s5wXtFG5tNNsG90Klog4FWnA9QduUYopvxPsvghaKFsFXQDFZYWMNKyt42fr1X71dIvL4/TumkNWUYJzEYiWaLzp0xic587+MzkNRGGFMcU1dxBHzZhc4pJREIPtU3CbOhJpFh61yi8I7ah8tZc1EW9BSZat3DTjLsqpGQSqcdta/TneuoB2tWLCYchXMDyiz5ACl8o08fpr7wva7/mVe9pfgrOlFLnc8PMPSGUdkC3fQdh2/vwv35/U=&u=U2FsdGVkX1/Ur3uLeVF9QEnGqnceXWk1dRB8pfEUa6T8F1+v1Zs+LDR9JgMbrCrI&y=U2FsdGVkX19+VbOB/kH6iO+jUluFul/sajZWmujn/hOxUWu+j7UoXEOPcmM3yYdV HTTP/1.1" 200 26
186.102.20.3 - - [05/Mar/2023:11:58:27 -0500] "GET /kwssiamovil/sm/acme/a?s=U2FsdGVkX1/t3kk6JraPI/P85lbZ8Ca5SYBUgaZ/INrzlrA9C45VBNqWl5OVBtghiaAyFAp7Z6a+vNMFnJzoMIZKbAeEEZ/NV7AuVUrUh0s20cPkEydRVrvycYXGJN/AVoqD0lgpfJ7h3gE9lY8eyUiHsYRt2Req6udGGcXeyLVu6xfC8CgQMKVb5sbgUrp0DqczUHDOQoW+lgD/rYuPR4hkKKhD3gOyC+/sp7lWpb2ucaWRL45P34NmoWvOWTKyKPin+L1VvREIMHhMHjuIWk7q23pvcfvSdWaxbl2C151i/MJCD31ipTW36obt99UfK1DdTC2OYBaWlKCRaeXwBGBYcFv8gRlNaGM1SGU5aFv2Vk1PeMe7eNPZKGyCENsp97aeL6tU4D9pnBRw0OZ57wAH6afOcttl1f1rcHSeJTre1t5HFXgCOkHvKZY/t+LnUf4XvBVrXRoXWFJV6QCHmqMpSGc0jtwNPwBhTLKWQ1kMGRxjbfhVCUNHZZcs/7iGcS87IlRbPvT554Oud7o+zyNkxeVWkz63rxhOvuaVugjH5gW5PsEtofF2xKkGYgopTSmbMnDTR/vxcsYhSxW2fb+rYyfA/VJwraLWNhpNgVxTwJNgTzX6yc0W/Kmg5v+4WPmzXk73ODQzeLUF9QY0I+pFhlmtshwJQf+UsnSirox/dxEFyLC9HB/YgSEnxuVmwGsYICONCs6Hke0DaAZvIXJ2Rt4XTKVmV6HpLngDBfmtwuyscaTtmAnmKYg3QSFUvt0ysGeAJVhbX6ZDTRn+MIdOCyGiYhzkmAnSjIW0d7bBINXdHGI6+J0/WGdBlTzDzpVcpmW4RPiyYGO5ys6xyahvYPOHgeAQ3Fw0RriiJoKCr0n1eCg3gwwYVJNTq3lvzx+S4dSOVr2LTatXGb0EexPMUzKKIW4DH12nL+vCIYHY3jipUtwIYa4qU3RO1CnUNA+j+ikyCDrXt4T9gWBgCIbeKVnS7RViCcYudzwcJX86xOGw5AlL7EBTrmg3O9WqIxi+m8bLQvnsnhsYi8UQ+vpyfMXhw6/0QCXxDOQH+qb1EYDovY4Ig0m0kZdnk6S/jaikOnSxjyHdUUdcBX7jBxknft4GrVXNCpBAeRcMAdzN/rpx9gD0Nr8WtXNPEHv+XVibRqE9P7F06Qm8CW1MeAiFHuSBvzAF2p231q21OpzTOaAFJW8NEqL5eyYxSKpfgERh6cDsvZiiMMZyr41vVw8sZoh331zbBQdpIe11wBU=&u=U2FsdGVkX1/Ur3uLeVF9QEnGqnceXWk1dRB8pfEUa6T8F1+v1Zs+LDR9JgMbrCrI&y=U2FsdGVkX19+VbOB/kH6iO+jUluFul/sajZWmujn/hOxUWu+j7UoXEOPcmM3yYdV HTTP/1.1" 200 26
186.102.20.3 - - [05/Mar/2023:11:58:27 -0500] "GET /kwssiamovil/sm/acme/a?s=U2FsdGVkX18xY1a/Xsqei5Ssz//ryhneAHAPFBqOMHWAUnSlzfobKfTVsZrRvBPD07rnQOIxlbmON0SrSI9iA3lon+1BCREFaW69uAr3q/Pok8W+SAsxx3YoBsUW+DHAGdqpq25RGTwYxIs9CcK7riEHtUVrMXRbop3j2s3ZXRM=&u=U2FsdGVkX1/Ur3uLeVF9QEnGqnceXWk1dRB8pfEUa6T8F1+v1Zs+LDR9JgMbrCrI&y=U2FsdGVkX19+VbOB/kH6iO+jUluFul/sajZWmujn/hOxUWu+j7UoXEOPcmM3yYdV HTTP/1.1" 200 26
186.102.20.3 - - [05/Mar/2023:11:58:28 -0500] "GET /kwssiamovil/sm/acme/a?s=U2FsdGVkX1+4vYyr2vOZpqIE8QrivmFZOSxDqSep6dm+4PpR7bU6qMxsMLDclijR7fXj/bkrJtg63uxDXL5DRCsDUwgs+PLIM1K2EPHJT1illg9hoLfC0oGUbpSJAaI/cQ6+/9XWxg3eclUI+4wb7bB429tt212BlFdlzpyY9Kw=&u=U2FsdGVkX1/Ur3uLeVF9QEnGqnceXWk1dRB8pfEUa6T8F1+v1Zs+LDR9JgMbrCrI&y=U2FsdGVkX19+VbOB/kH6iO+jUluFul/sajZWmujn/hOxUWu+j7UoXEOPcmM3yYdV HTTP/1.1" 200 26
186.102.20.3 - - [05/Mar/2023:11:58:28 -0500] "GET /kwssiamovil/sm/acme/a?s=U2FsdGVkX1/NDUsFpvQVQq2cdZbfyE2Z9AVslF0VLtKjOoNbcSSA250Gl6WATvrj5Nw5wdy+wJkvS8mq2DdMYRR9YenIVLnsJrCcKaxau+25kxjN6cIAkwVo1C+yvVRBzKxfkE5BIqaClnfqi26Dr+o7tjeCulahWOyxKNK4HAo=&u=U2FsdGVkX1/Ur3uLeVF9QEnGqnceXWk1dRB8pfEUa6T8F1+v1Zs+LDR9JgMbrCrI&y=U2FsdGVkX19+VbOB/kH6iO+jUluFul/sajZWmujn/hOxUWu+j7UoXEOPcmM3yYdV HTTP/1.1" 200 26
186.102.20.3 - - [05/Mar/2023:11:58:28 -0500] "GET /kwssiamovil/sm/acme/a?s=U2FsdGVkX1//3/WZBX9NFQdrZ4im8yJqku9Ip2VAcIC5wqIbCjGAwav3A8SMf2qMhK1WTDPvq3OvVAUFFo8eeFjn1UkN8Qes+oTCG4D1S2zHZUQJCJdX4yhF6dhX9q7ZioLCqm4nh2qxLgjUIwiYzwxWmpftqfE08EQDkar4/Y0236HPjOnj5hwSKCbu76ecHQ92qra1gi6xG9l5N6Si9Q==&u=U2FsdGVkX1/Ur3uLeVF9QEnGqnceXWk1dRB8pfEUa6T8F1+v1Zs+LDR9JgMbrCrI&y=U2FsdGVkX19+VbOB/kH6iO+jUluFul/sajZWmujn/hOxUWu+j7UoXEOPcmM3yYdV HTTP/1.1" 200 26
173.252.87.14 - - [05/Mar/2023:11:58:39 -0500] "GET /images/caminatas-ecol\xc3\xb3gicas-marzo---1920x1080_optimized.jpg HTTP/1.1" 404 1034
206.204.2.89 - - [05/Mar/2023:11:59:01 -0500] "GET /secretaria-de-ambiente-destaca-aportes-de-empresas-y-ciudadanos-que-ayudaron-a-mitigar-efectos-de-la-alerta-fase-i.html HTTP/1.1" 200 1019
172.22.2.4 - - [05/Mar/2023:11:58:10 -0500] "HEAD /BLA/boletinlegal/ HTTP/1.1" 200 -
69.63.184.5 - - [05/Mar/2023:11:59:52 -0500] "GET /images/empresas-alertas_optimized.jpeg HTTP/1.1" 200 142365
40.77.167.97 - - [05/Mar/2023:11:59:58 -0500] "GET /BLA/resoluciones/AUTOS%202014/5082.pdf HTTP/1.1" 200 567691
186.102.61.59 - - [05/Mar/2023:12:00:31 -0500] "GET /inscribete-y-participa-en-las-caminatas-ecologicas-de-marzo.html HTTP/1.1" 200 924
110.93.150.71 - - [05/Mar/2023:12:00:39 -0500] "GET /secretaria-de-ambiente-destaca-aportes-de-empresas-y-ciudadanos-que-ayudaron-a-mitigar-efectos-de-la-alerta-fase-i.html HTTP/1.1" 200 1019
172.22.2.4 - - [05/Mar/2023:11:59:00 -0500] "GET /BLA/boletinlegal/ HTTP/1.1" 200 53551
216.245.221.92 - - [05/Mar/2023:12:00:44 -0500] "HEAD / HTTP/1.1" 200 -
172.22.2.4 - - [05/Mar/2023:11:59:04 -0500] "GET /BLA/boletinlegal/ HTTP/1.1" 200 53551
172.22.2.4 - - [05/Mar/2023:12:00:56 -0500] "GET /BLA/boletinlegal/consulta_actos.php?tipo=autos&no=&usuario=&sector=SILVICULTURA&fecha=2023&resuelve= HTTP/1.1" 200 13113
201.245.192.253 - - [05/Mar/2023:12:01:04 -0500] "POST /kwsrmcab/Wsrmcab  HTTP/1.1" 200 40529
172.22.2.4 - - [05/Mar/2023:12:01:24 -0500] "GET /BLA/boletinlegal/consulta_actos.php?tipo=autos&no=&usuario=&sector=SILVICULTURA&fecha=2022&resuelve= HTTP/1.1" 200 225635
186.86.32.114 - - [05/Mar/2023:12:01:40 -0500] "GET /BLA/resoluciones/AUTOS%202022/7691.pdf HTTP/1.1" 200 402425
179.19.2.27 - - [05/Mar/2023:12:02:13 -0500] "GET /secretaria-de-ambiente-destaca-aportes-de-empresas-y-ciudadanos-que-ayudaron-a-mitigar-efectos-de-la-alerta-fase-i.html HTTP/1.1" 200 1019
179.19.57.98 - - [05/Mar/2023:12:02:20 -0500] "GET /inscribete-y-participa-en-las-caminatas-ecologicas-de-marzo.html HTTP/1.1" 200 924
186.80.52.194 - - [05/Mar/2023:12:03:48 -0500] "GET /BLA/resoluciones/dlf/styles.css HTTP/1.1" 200 3049
186.80.52.194 - - [05/Mar/2023:12:03:48 -0500] "GET /BLA/resoluciones/ HTTP/1.1" 200 13502
186.80.52.194 - - [05/Mar/2023:12:03:48 -0500] "GET /BLA/resoluciones/dlf/folder.png HTTP/1.1" 200 410
186.80.52.194 - - [05/Mar/2023:12:03:48 -0500] "GET /BLA/resoluciones/dlf/bg.gif HTTP/1.1" 200 54
186.80.52.194 - - [05/Mar/2023:12:03:49 -0500] "GET /favicon.ico HTTP/1.1" 200 7782
186.102.29.91 - - [05/Mar/2023:12:03:51 -0500] "GET /secretaria-de-ambiente-destaca-aportes-de-empresas-y-ciudadanos-que-ayudaron-a-mitigar-efectos-de-la-alerta-fase-i.html HTTP/1.1" 200 1019
186.86.32.114 - - [05/Mar/2023:12:03:51 -0500] "GET /BLA/resoluciones/AUTOS%202022/7527.pdf HTTP/1.1" 200 385930
186.80.52.194 - - [05/Mar/2023:12:03:54 -0500] "GET /BLA/resoluciones/dlf/dirup.png HTTP/1.1" 200 644
186.80.52.194 - - [05/Mar/2023:12:03:54 -0500] "GET /BLA/resoluciones/dlf/pdf.gif HTTP/1.1" 200 272
186.80.52.194 - - [05/Mar/2023:12:03:54 -0500] "GET /BLA/resoluciones/index.php?dir=RESOLUCIONES+2021%2F HTTP/1.1" 200 438625
186.80.52.194 - - [05/Mar/2023:12:04:16 -0500] "GET /BLA/resoluciones/RESOLUCIONES%202021/5274.pdf HTTP/1.1" 200 358222
186.86.32.114 - - [05/Mar/2023:12:04:23 -0500] "GET /BLA/resoluciones/AUTOS%202022/6888.pdf HTTP/1.1" 200 363171
186.86.32.114 - - [05/Mar/2023:12:04:48 -0500] "GET /BLA/resoluciones/AUTOS%202022/6072.pdf HTTP/1.1" 200 385299
172.22.2.4 - - [05/Mar/2023:12:05:20 -0500] "GET /BLA/boletinlegal/consulta_actos.php?tipo=autos&no=&usuario=&sector=SILVICULTURA&fecha=2021&resuelve= HTTP/1.1" 200 355861
172.22.2.4 - - [05/Mar/2023:12:04:00 -0500] "HEAD /BLA/boletinlegal/ HTTP/1.1" 200 -
181.53.13.142 - - [05/Mar/2023:12:05:41 -0500] "GET /kwssiamovil/sm/acme/a?s=U2FsdGVkX18QQE7TJWKkz5gywJZ+t1cSaiPDbKYKDqCiAAD5u56R/6bM31Ptu+1QNeG4a3RfbERgLdDHTARgrgicqFzO55VuRbAIXFnR8566oW3DRx7xWTjqYTC4DNmsefdKa90Shhob37v2MSRMAoX1uWyFJwg/f4rODhnWs1atxjPTAayRRzQ4rW4Wehh2swWNtIMT6o6qmY9nXjTo4E5j9Z5guWn4DU8dEDZe/0xdIb/nxlo67UTAbaNsA5XSStK7IaVwBchRRar+gSR6x/7JRTxuI/GwYkYFpWX0/oY=&u=U2FsdGVkX1/FUbhyb4PflAZEILXp+pDPaTeGNXjbWS/FWARt7D2XcfFCFfpUQ4Nh&y=U2FsdGVkX1+qBnX6/1p3M9iJNf8d1w29w0NyKQIAKBe0v+/DicTvN/YYP1u6jQNa HTTP/1.1" 200 26
181.53.13.142 - - [05/Mar/2023:12:05:41 -0500] "GET /kwssiamovil/sm/acme/a?s=U2FsdGVkX1/EUcutN8LhOi415FGt3F9gcSL2ygwMOmlD33MxglXKFa1XTZdtzNscj3d+4565OInckFmFKERHM8J+a/ZlCEFyfvzk9TxRDnx9r2prFsKq1rKr6RNca9Mqo3V5r1+6oS4KOGyTNL51qjKkE5rDsRa0SpHWqvwCxU7jHN3w/7u+/rb5ELUiqXtk5nN/pcrGdAfuCOqLzV9CQWLMuPeWeEDI3QyhkAFUfyscakwYGCyuMwWQzDUfUL35FdnuJ8JDc4HBpmaSMGP/sRRPWAL7K2KOnELThEI4Iw5mAXH17GPKQRcaYa8viKdjZcN1T6URXvFK1KqOGPBB52DosGzfvzYPys5PwudjYPyxPeNxufdGYMeBqJmfP2k4TE2i1l7H6VcVMQGpQ+UNjR6XLYT+3c+cBeuzZdD8W09Kc1eBMG1uBIZPMn2d37JX+847rpgFD4x3OGwcBSXWYCYePZCJ3vnG6067ouyQ7mjZrPfmctqT2M0ms8YjtTGEtb7FCHYRixCRLfD51kXF8QGtHHbMwMkbCBEuYrHYlMDLNCYCCKzBhIRDPgweE76Sm+RRFif0o+La3QKY7aauaQKxlHB5/IIzsqVuAzz8+XbeFfsi6mPbeFfKK+KBr0zfTk2IWs0aPAPLtQM4mYDqmeizxBFLjLrcZmHeLfpd2+q4CFqHp+aq51CHWqll6LwaoxOphoycRyjKr5/cT6rhwVzyDHbyHxHLmWV1iTZFZ6lmUNM0Ac9FEipKsg1sgOJl/8Rl+FCeSCYmuTtf4SLphWKg6eTPUS+YFj8Gdelp0Fh9af0eGAAS/BPCNsy+5/UgwA6Y2LqxsmzzkqATOFEw9cgHdjH6Fcx0BcY/BBTe7mAY37OsnFhjF4u+KeQtLCh2sEjbpKOD52MGjFGoTGAcGCQLYOFEN42EnfH4TByvjeDc/Xm7G8B7kVEaCyKwTWuLtFOEYPEFwZrL0nWXHwIaOyvKV7rz+nQQnW19ZLUf0+SsDt/vvuOmoWl8fCDyxIo/hBS64hdJY2iS1qB5OIN+OBeajmoGZLfr6WAhdFn6T5trUXzph5iUgawlnFXfdwaTkAMzrjCy2u6bSs5wevypfSCcgd9kS55BavQFQj1PekDJNfE7G0OiCVbx8i+woaPekOhmfJRjJVuO5363B0n78P6AYOCvaT9/mMeofeJMvOodc6R0flJOhucJJziasA3GjOCYWK2++4iWPGNk7dqbZNOs6/kUvZHu4m8nAfsp6g03h08yP8UzlVMAJkS8h6I49sbxucrJ3ft18Bn05nMJJ+ZkaYfYAHl3RfglfROIjfmek6FhUdmwgEc6EqMiZLS5ZUl7WZMCJQtFwxJAX6H0slW2wtaEzPDmN7JbeFRbHgChGTS9I8IkPL7cDzpmwfitYA6v/p79xObgsDydUtIEGl7Npp+V32g7PvyM2tPC3Hchm16flvoi6cwXXQ/p3N0QEobqo2LDosF50INWVWwBs24IVZGYbxu5WJzi0ZBi3vcO58SNcwmkpNDlGTe8afg9Oze6Ma7DDFiadqbd1NdajV7kcpitEEl9gRW/gvXe7kgzsnzpcyRD0i9jTDRysNuOtOLtvm2Sv9DrvAdqjbbleWjXiygU1wfEopps7ZonZP87/KR/bLuz+6CsQd/NUpOpGP0467E7yDGLIWRtiptDds4uO5P4o71ZNleHVcFaeBFkDecREuonKnvZBry5jAKvsvP7ZquNZ51h5AeI80aHerC3bwjPb9DPj+drLuEg4RkQNRCRC0hQwLlLUir8Jlyx+dJlHBEu3QHMg05aTQIEt+cx4WvRSoP1kv9raYtTBeb5pVRtFz+djakpHNvamlhTnP0i5PVlnvYDz9G1m7TVk5AM8Jw9UK28uUxJQ6Rrea9MORkaA2FJpJC0dQ9/W56XK0RiflFBfPBCQRsPVz7FiDhUi/tdMWQeOuPvE0LbCUFlQO1MkZVkS7XMMLgFhlS6&u=U2FsdGVkX1/FUbhyb4PflAZEILXp+pDPaTeGNXjbWS/FWARt7D2XcfFCFfpUQ4Nh&y=U2FsdGVkX1+qBnX6/1p3M9iJNf8d1w29w0NyKQIAKBe0v+/DicTvN/YYP1u6jQNa HTTP/1.1" 200 26
181.53.13.142 - - [05/Mar/2023:12:05:42 -0500] "GET /kwssiamovil/sm/acme/a?s=U2FsdGVkX1/Ardw5NpF7h/jOo9G1PDqAHiB5foM1BrlXtkWFjHy99CQBvc9z3eLtosBTl8t5IadaNYblWw9EFhPMDm+fKHTlheYsouHrci+EVUOgl+gT8L2Q4fDcvppADXzF8jAonmgqA4HC7eICEWINQ6d3nK2oyIa6TeYTMYo=&u=U2FsdGVkX1/FUbhyb4PflAZEILXp+pDPaTeGNXjbWS/FWARt7D2XcfFCFfpUQ4Nh&y=U2FsdGVkX1+qBnX6/1p3M9iJNf8d1w29w0NyKQIAKBe0v+/DicTvN/YYP1u6jQNa HTTP/1.1" 200 26
181.53.13.142 - - [05/Mar/2023:12:05:42 -0500] "GET /kwssiamovil/sm/acme/a?s=U2FsdGVkX1+Eo3XE6IKM5VMe1f0iIIzJ002Twu4pch8aRdXaiBAkkR99OVoJJnErVkaAjdXdpeGCNo5K91duiN5ehEqsJatlzm21KOkcRGXmU4OtKytA7xO+5ANPVGgniaGtQkH4HJeqhsExGev8YM5jGFZPWO4hEbsTA/65uh4=&u=U2FsdGVkX1/FUbhyb4PflAZEILXp+pDPaTeGNXjbWS/FWARt7D2XcfFCFfpUQ4Nh&y=U2FsdGVkX1+qBnX6/1p3M9iJNf8d1w29w0NyKQIAKBe0v+/DicTvN/YYP1u6jQNa HTTP/1.1" 200 26
181.53.13.142 - - [05/Mar/2023:12:05:42 -0500] "GET /kwssiamovil/sm/acme/a?s=U2FsdGVkX1+tl3LesQc0A/+iqOwJG6a+96ttBBtyHb4VdJaM+E2HwFup7uOwDMUibMyF8DLTa8B1UV17LW9cxm5qW5QWqPmKYSmx+/o2wSAe3lcJZiVsl7XDXsD57zdjVbeEUr9mhg6zMMnIpQPlH0xn2Uekeq1ASOUyc8idw8w=&u=U2FsdGVkX1/FUbhyb4PflAZEILXp+pDPaTeGNXjbWS/FWARt7D2XcfFCFfpUQ4Nh&y=U2FsdGVkX1+qBnX6/1p3M9iJNf8d1w29w0NyKQIAKBe0v+/DicTvN/YYP1u6jQNa HTTP/1.1" 200 26
181.53.13.142 - - [05/Mar/2023:12:05:42 -0500] "GET /kwssiamovil/sm/acme/a?s=U2FsdGVkX1/7I8NOBKZ3avOyECTPf53Gsl6c30ZFQFbEp1I6YqFU2K4Ep1GZMygHHB2+h4Eh3la5dYeVGQy5/cKOwB+XrK8/zP6yOqSPZo0hHNVCCm4Yy1cEQHRHijz6I9kGSBI+i7DQBsBMLXcsD/uJKFISZRmQxVj0lbElcfaeJCGNzWzYw9SuyZQVKCPD3hlBnlYooQNWl79D3UZsCA==&u=U2FsdGVkX1/FUbhyb4PflAZEILXp+pDPaTeGNXjbWS/FWARt7D2XcfFCFfpUQ4Nh&y=U2FsdGVkX1+qBnX6/1p3M9iJNf8d1w29w0NyKQIAKBe0v+/DicTvN/YYP1u6jQNa HTTP/1.1" 200 26
216.245.221.92 - - [05/Mar/2023:12:05:44 -0500] "HEAD / HTTP/1.1" 200 -
191.156.227.213 - - [05/Mar/2023:12:05:46 -0500] "GET /secretaria-de-ambiente-destaca-aportes-de-empresas-y-ciudadanos-que-ayudaron-a-mitigar-efectos-de-la-alerta-fase-i.html HTTP/1.1" 200 1019
201.245.192.253 - - [05/Mar/2023:12:06:03 -0500] "POST /kwsrmcab/Wsrmcab  HTTP/1.1" 200 40529
172.22.2.4 - - [05/Mar/2023:12:04:50 -0500] "GET /BLA/boletinlegal/ HTTP/1.1" 200 59296
191.156.53.136 - - [05/Mar/2023:12:08:47 -0500] "GET /secretaria-de-ambiente-destaca-aportes-de-empresas-y-ciudadanos-que-ayudaron-a-mitigar-efectos-de-la-alerta-fase-i.html HTTP/1.1" 200 1019
35.204.147.253 - - [05/Mar/2023:12:09:29 -0500] "GET /inventario-de-emisiones-2020-transporte-publico-sitp-redujo-emisiones-de-pm-2-5-en-un-37.html HTTP/1.1" 200 925
35.204.147.253 - - [05/Mar/2023:12:10:23 -0500] "GET /inventario-de-emisiones-2020-transporte-publico-sitp-redujo-emisiones-de-pm-2-5-en-un-37.html HTTP/1.1" 200 925
216.245.221.92 - - [05/Mar/2023:12:10:44 -0500] "HEAD / HTTP/1.1" 200 -
201.245.192.253 - - [05/Mar/2023:12:11:02 -0500] "POST /kwsrmcab/Wsrmcab  HTTP/1.1" 200 40529
172.22.2.4 - - [05/Mar/2023:12:09:50 -0500] "HEAD /BLA/boletinlegal/ HTTP/1.1" 200 -
172.22.2.4 - - [05/Mar/2023:12:10:40 -0500] "GET /BLA/boletinlegal/ HTTP/1.1" 200 57551
172.22.2.4 - - [05/Mar/2023:12:12:29 -0500] "GET /BLA/boletinlegal/actos.php HTTP/1.1" 200 9672
186.28.35.154 - - [05/Mar/2023:12:12:45 -0500] "GET /secretaria-de-ambiente-destaca-aportes-de-empresas-y-ciudadanos-que-ayudaron-a-mitigar-efectos-de-la-alerta-fase-i.html HTTP/1.1" 200 1019
69.63.184.111 - - [05/Mar/2023:12:13:34 -0500] "GET /images/empresas-alertas_optimized.jpeg HTTP/1.1" 200 142365
45.238.182.51 - - [05/Mar/2023:12:13:42 -0500] "GET /secretaria-de-ambiente-destaca-aportes-de-empresas-y-ciudadanos-que-ayudaron-a-mitigar-efectos-de-la-alerta-fase-i.html HTTP/1.1" 200 1019
34.91.35.169 - - [05/Mar/2023:12:14:58 -0500] "GET /inventario-de-emisiones-2020-transporte-publico-sitp-redujo-emisiones-de-pm-2-5-en-un-37.html HTTP/1.1" 200 925
186.29.182.199 - - [05/Mar/2023:12:15:24 -0500] "POST /sipse/faces/presentacion/financiero/solicitudProceso/listarSolicitudProceso.xhtml HTTP/1.1" 200 44682
186.29.182.199 - - [05/Mar/2023:12:15:25 -0500] "POST /sipse/faces/presentacion/financiero/solicitudProceso/listarSolicitudProceso.xhtml HTTP/1.1" 200 44666
186.29.182.199 - - [05/Mar/2023:12:15:29 -0500] "POST /sipse/faces/presentacion/financiero/solicitudProceso/listarSolicitudProceso.xhtml HTTP/1.1" 200 29259
186.29.182.199 - - [05/Mar/2023:12:15:29 -0500] "POST /sipse/faces/presentacion/financiero/solicitudProceso/listarSolicitudProceso.xhtml HTTP/1.1" 200 29247
35.204.11.149 - - [05/Mar/2023:12:15:31 -0500] "GET /inventario-de-emisiones-2020-transporte-publico-sitp-redujo-emisiones-de-pm-2-5-en-un-37.html HTTP/1.1" 200 925
186.29.182.199 - - [05/Mar/2023:12:15:32 -0500] "POST /sipse/faces/presentacion/financiero/solicitudProceso/listarSolicitudProceso.xhtml HTTP/1.1" 200 17124
186.29.182.199 - - [05/Mar/2023:12:15:36 -0500] "POST /sipse/faces/presentacion/financiero/solicitudProceso/listarSolicitudProceso.xhtml HTTP/1.1" 200 131589
186.29.182.199 - - [05/Mar/2023:12:15:37 -0500] "GET /sipse/faces/javax.faces.resource/jquery/jquery.js?ln=primefaces&v=4.0 HTTP/1.1" 304 -
186.29.182.199 - - [05/Mar/2023:12:15:37 -0500] "GET /sipse/faces/javax.faces.resource/jquery/jquery-plugins.js?ln=primefaces&v=4.0 HTTP/1.1" 304 -
186.29.182.199 - - [05/Mar/2023:12:15:38 -0500] "GET /sipse/faces/javax.faces.resource/primefaces.js?ln=primefaces&v=4.0 HTTP/1.1" 304 -
186.29.182.199 - - [05/Mar/2023:12:15:38 -0500] "GET /sipse/faces/javax.faces.resource/layout/layout.js?ln=primefaces&v=4.0 HTTP/1.1" 304 -
216.245.221.92 - - [05/Mar/2023:12:15:44 -0500] "HEAD / HTTP/1.1" 200 -
201.245.192.253 - - [05/Mar/2023:12:16:03 -0500] "POST /kwsrmcab/Wsrmcab  HTTP/1.1" 200 40529
173.252.83.15 - - [05/Mar/2023:12:16:12 -0500] "GET /images/Puntos%20calientes%2024%20de%20febrero.jpeg HTTP/1.1" 200 42626
69.171.231.1 - - [05/Mar/2023:12:16:30 -0500] "GET /cambiemos-la-vida-de-mas-de-350-refugios.html HTTP/1.1" 206 790
172.22.2.4 - - [05/Mar/2023:12:15:40 -0500] "HEAD /BLA/boletinlegal/ HTTP/1.1" 200 -
201.245.192.253 - - [05/Mar/2023:12:17:33 -0500] "POST /kwsrmcab/Wsrmcab HTTP/1.1" 200 42357
69.63.184.120 - - [05/Mar/2023:12:17:36 -0500] "GET /images/empresas-alertas_optimized.jpeg HTTP/1.1" 200 142365
201.245.192.253 - - [05/Mar/2023:12:17:36 -0500] "POST /kwsrmcab/Wsrmcab HTTP/1.1" 200 41097
34.90.164.26 - - [05/Mar/2023:12:17:59 -0500] "GET /inventario-de-emisiones-2020-transporte-publico-sitp-redujo-emisiones-de-pm-2-5-en-un-37.html HTTP/1.1" 200 925
172.22.2.4 - - [05/Mar/2023:12:16:30 -0500] "GET /BLA/boletinlegal/ HTTP/1.1" 200 59646
181.61.206.220 - - [05/Mar/2023:12:19:36 -0500] "GET /inscribete-y-participa-en-las-caminatas-ecologicas-de-marzo.html HTTP/1.1" 200 924
216.245.221.92 - - [05/Mar/2023:12:20:44 -0500] "HEAD / HTTP/1.1" 200 -
201.245.192.253 - - [05/Mar/2023:12:21:02 -0500] "POST /kwsrmcab/Wsrmcab  HTTP/1.1" 200 40529
201.244.238.63 - - [05/Mar/2023:12:21:12 -0500] "GET /BLA/resoluciones/index.php?dir=AUTOS+2017%2F HTTP/1.1" 200 463422
201.244.238.63 - - [05/Mar/2023:12:21:13 -0500] "GET /BLA/resoluciones/index.php?dir=AUTOS+2017%2F HTTP/1.1" 200 463422
172.22.2.4 - - [05/Mar/2023:12:21:30 -0500] "HEAD /BLA/boletinlegal/ HTTP/1.1" 200 -
69.63.184.120 - - [05/Mar/2023:12:23:48 -0500] "GET /images/empresas-alertas_optimized.jpeg HTTP/1.1" 200 142365
172.22.2.4 - - [05/Mar/2023:12:22:20 -0500] "GET /BLA/boletinlegal/ HTTP/1.1" 200 59646
108.174.5.113 - - [05/Mar/2023:12:25:06 -0500] "GET /que-orgullo-bogota-obtiene-reconocimiento-por-sus-planes-y-acciones-para-enfrentar-el-cambio-climatico.html HTTP/1.1" 206 773
108.174.5.112 - - [05/Mar/2023:12:25:06 -0500] "GET /distrito-entrego-certificado-de-reconocimiento-a-mas-de-600-mujeres-que-reverdecen-tras-seis-meses-de-formacion-teorica-y-practica.html HTTP/1.1" 206 1113
201.244.238.63 - - [05/Mar/2023:12:25:21 -0500] "GET /BLA/resoluciones/index.php?dir=AUTOS+2015%2F HTTP/1.1" 200 12235
201.244.238.63 - - [05/Mar/2023:12:25:21 -0500] "GET /BLA/resoluciones/index.php?dir=AUTOS+2015%2F HTTP/1.1" 200 579767
216.245.221.92 - - [05/Mar/2023:12:25:44 -0500] "HEAD / HTTP/1.1" 200 -
173.252.79.10 - - [05/Mar/2023:12:26:00 -0500] "GET /images/caminatas-ecol\xc3\xb3gicas-marzo---1920x1080_optimized.jpg HTTP/1.1" 404 1034
201.245.192.253 - - [05/Mar/2023:12:26:01 -0500] "POST /kwsrmcab/Wsrmcab  HTTP/1.1" 200 40529
190.60.254.213 - - [05/Mar/2023:12:26:24 -0500] "GET /inscribete-y-participa-en-las-caminatas-ecologicas-de-marzo.html HTTP/1.1" 200 924
173.252.79.7 - - [05/Mar/2023:12:27:07 -0500] "GET /images/Puntos%20calientes%2024%20de%20febrero.jpeg HTTP/1.1" 200 42626
173.252.111.119 - - [05/Mar/2023:12:27:11 -0500] "GET /images/caminatas-ecol\xc3\xb3gicas-marzo---1920x1080_optimized.jpg HTTP/1.1" 404 1034
201.245.192.253 - - [05/Mar/2023:12:27:33 -0500] "POST /kwsrmcab/Wsrmcab HTTP/1.1" 200 42357
201.245.192.253 - - [05/Mar/2023:12:27:36 -0500] "POST /kwsrmcab/Wsrmcab HTTP/1.1" 200 41097
186.29.182.199 - - [05/Mar/2023:12:28:31 -0500] "POST /sipse/faces/presentacion/financiero/solicitudProceso/consultarSolicitudProceso.xhtml HTTP/1.1" 200 22342
186.29.182.199 - - [05/Mar/2023:12:28:32 -0500] "GET /sipse/faces/javax.faces.resource/layout/layout.css?ln=primefaces&v=4.0 HTTP/1.1" 200 542
186.29.182.199 - - [05/Mar/2023:12:28:32 -0500] "GET /sipse/faces/javax.faces.resource/fileupload/fileupload.css?ln=primefaces&v=4.0 HTTP/1.1" 200 1330
186.29.182.199 - - [05/Mar/2023:12:28:32 -0500] "GET /sipse/faces/javax.faces.resource/theme.css?ln=primefaces-sipse HTTP/1.1" 200 50058
186.29.182.199 - - [05/Mar/2023:12:28:32 -0500] "GET /sipse/faces/javax.faces.resource/primefaces.css?ln=primefaces&v=4.0 HTTP/1.1" 200 53295
186.29.182.199 - - [05/Mar/2023:12:28:33 -0500] "GET /sipse/faces/javax.faces.resource/jquery/jquery.js?ln=primefaces&v=4.0 HTTP/1.1" 304 -
186.29.182.199 - - [05/Mar/2023:12:28:33 -0500] "GET /sipse/faces/javax.faces.resource/jquery/jquery-plugins.js?ln=primefaces&v=4.0 HTTP/1.1" 304 -
186.29.182.199 - - [05/Mar/2023:12:28:33 -0500] "GET /sipse/faces/javax.faces.resource/primefaces.js?ln=primefaces&v=4.0 HTTP/1.1" 304 -
186.29.182.199 - - [05/Mar/2023:12:28:33 -0500] "GET /sipse/faces/javax.faces.resource/layout/layout.js?ln=primefaces&v=4.0 HTTP/1.1" 304 -
186.29.182.199 - - [05/Mar/2023:12:28:33 -0500] "GET /sipse/faces/javax.faces.resource/fileupload/fileupload.js?ln=primefaces&v=4.0 HTTP/1.1" 304 -
186.29.182.199 - - [05/Mar/2023:12:28:34 -0500] "GET /sipse/faces/javax.faces.resource/images/ui-icons_898989_256x240.png?ln=primefaces-aristo HTTP/1.1" 200 5355
186.29.182.199 - - [05/Mar/2023:12:28:35 -0500] "GET /favicon.ico HTTP/1.1" 200 7782
173.252.111.22 - - [05/Mar/2023:12:28:35 -0500] "GET /images/caminatas-ecol\xc3\xb3gicas-marzo---1920x1080_optimized.jpg HTTP/1.1" 404 1034
186.29.182.199 - - [05/Mar/2023:12:28:57 -0500] "GET /sipse/faces/javax.faces.resource/layout/layout.css?ln=primefaces&v=4.0 HTTP/1.1" 200 542
186.29.182.199 - - [05/Mar/2023:12:28:57 -0500] "GET /sipse/faces/javax.faces.resource/jquery/jquery.js?ln=primefaces&v=4.0 HTTP/1.1" 304 -
186.29.182.199 - - [05/Mar/2023:12:28:57 -0500] "GET /sipse/faces/javax.faces.resource/jquery/jquery-plugins.js?ln=primefaces&v=4.0 HTTP/1.1" 304 -
186.29.182.199 - - [05/Mar/2023:12:28:57 -0500] "GET /sipse/faces/javax.faces.resource/primefaces.js?ln=primefaces&v=4.0 HTTP/1.1" 304 -
186.29.182.199 - - [05/Mar/2023:12:28:57 -0500] "GET /sipse/faces/javax.faces.resource/layout/layout.js?ln=primefaces&v=4.0 HTTP/1.1" 304 -
186.29.182.199 - - [05/Mar/2023:12:28:57 -0500] "GET /sipse/faces/javax.faces.resource/primefaces.css?ln=primefaces&v=4.0 HTTP/1.1" 200 53295
186.29.182.199 - - [05/Mar/2023:12:28:57 -0500] "GET /sipse/faces/javax.faces.resource/theme.css?ln=primefaces-sipse HTTP/1.1" 200 50058
186.29.182.199 - - [05/Mar/2023:12:28:56 -0500] "POST /sipse/faces/presentacion/sistema/anexos/cargarAnexoSolicitudProceso.xhtml HTTP/1.1" 200 180120
186.29.182.199 - - [05/Mar/2023:12:28:57 -0500] "GET /sipse/faces/javax.faces.resource/images/ui-icons_898989_256x240.png?ln=primefaces-aristo HTTP/1.1" 200 5355
186.29.182.199 - - [05/Mar/2023:12:28:57 -0500] "GET /favicon.ico HTTP/1.1" 200 7782
172.22.2.4 - - [05/Mar/2023:12:27:20 -0500] "HEAD /BLA/boletinlegal/ HTTP/1.1" 200 -
186.29.182.199 - - [05/Mar/2023:12:29:01 -0500] "POST /sipse/faces/presentacion/financiero/solicitudProceso/consultarSolicitudProceso.xhtml HTTP/1.1" 200 22342
186.29.182.199 - - [05/Mar/2023:12:29:02 -0500] "GET /sipse/faces/javax.faces.resource/layout/layout.css?ln=primefaces&v=4.0 HTTP/1.1" 200 542
186.29.182.199 - - [05/Mar/2023:12:29:02 -0500] "GET /sipse/faces/javax.faces.resource/jquery/jquery.js?ln=primefaces&v=4.0 HTTP/1.1" 304 -
186.29.182.199 - - [05/Mar/2023:12:29:02 -0500] "GET /sipse/faces/javax.faces.resource/jquery/jquery-plugins.js?ln=primefaces&v=4.0 HTTP/1.1" 304 -
186.29.182.199 - - [05/Mar/2023:12:29:02 -0500] "GET /sipse/faces/javax.faces.resource/primefaces.js?ln=primefaces&v=4.0 HTTP/1.1" 304 -
186.29.182.199 - - [05/Mar/2023:12:29:02 -0500] "GET /sipse/faces/javax.faces.resource/layout/layout.js?ln=primefaces&v=4.0 HTTP/1.1" 304 -
186.29.182.199 - - [05/Mar/2023:12:29:02 -0500] "GET /sipse/faces/javax.faces.resource/fileupload/fileupload.css?ln=primefaces&v=4.0 HTTP/1.1" 200 1330
186.29.182.199 - - [05/Mar/2023:12:29:02 -0500] "GET /sipse/faces/javax.faces.resource/fileupload/fileupload.js?ln=primefaces&v=4.0 HTTP/1.1" 304 -
186.29.182.199 - - [05/Mar/2023:12:29:02 -0500] "GET /sipse/faces/javax.faces.resource/theme.css?ln=primefaces-sipse HTTP/1.1" 200 50058
186.29.182.199 - - [05/Mar/2023:12:29:02 -0500] "GET /sipse/faces/javax.faces.resource/primefaces.css?ln=primefaces&v=4.0 HTTP/1.1" 200 53295
186.29.182.199 - - [05/Mar/2023:12:29:02 -0500] "GET /sipse/faces/javax.faces.resource/images/ui-icons_898989_256x240.png?ln=primefaces-aristo HTTP/1.1" 304 -
186.29.182.199 - - [05/Mar/2023:12:29:15 -0500] "POST /sipse/faces/presentacion/sistema/anexos/cargarAnexoSolicitudProceso.xhtml HTTP/1.1" 200 181939
186.29.182.199 - - [05/Mar/2023:12:29:15 -0500] "GET /sipse/faces/javax.faces.resource/layout/layout.css?ln=primefaces&v=4.0 HTTP/1.1" 200 542
186.29.182.199 - - [05/Mar/2023:12:29:15 -0500] "GET /sipse/faces/javax.faces.resource/jquery/jquery.js?ln=primefaces&v=4.0 HTTP/1.1" 304 -
186.29.182.199 - - [05/Mar/2023:12:29:15 -0500] "GET /sipse/faces/javax.faces.resource/jquery/jquery-plugins.js?ln=primefaces&v=4.0 HTTP/1.1" 304 -
186.29.182.199 - - [05/Mar/2023:12:29:15 -0500] "GET /sipse/faces/javax.faces.resource/primefaces.js?ln=primefaces&v=4.0 HTTP/1.1" 304 -
186.29.182.199 - - [05/Mar/2023:12:29:15 -0500] "GET /sipse/faces/javax.faces.resource/layout/layout.js?ln=primefaces&v=4.0 HTTP/1.1" 304 -
186.29.182.199 - - [05/Mar/2023:12:29:15 -0500] "GET /sipse/faces/javax.faces.resource/primefaces.css?ln=primefaces&v=4.0 HTTP/1.1" 200 53295
186.29.182.199 - - [05/Mar/2023:12:29:15 -0500] "GET /sipse/faces/javax.faces.resource/theme.css?ln=primefaces-sipse HTTP/1.1" 200 50058
186.29.182.199 - - [05/Mar/2023:12:29:15 -0500] "GET /sipse/faces/javax.faces.resource/images/ui-icons_898989_256x240.png?ln=primefaces-aristo HTTP/1.1" 200 5355
186.29.182.199 - - [05/Mar/2023:12:29:16 -0500] "GET /favicon.ico HTTP/1.1" 200 7782
186.29.182.199 - - [05/Mar/2023:12:29:19 -0500] "POST /sipse/faces/presentacion/financiero/solicitudProceso/consultarSolicitudProceso.xhtml HTTP/1.1" 200 22342
186.29.182.199 - - [05/Mar/2023:12:29:20 -0500] "GET /sipse/faces/javax.faces.resource/layout/layout.css?ln=primefaces&v=4.0 HTTP/1.1" 200 542
186.29.182.199 - - [05/Mar/2023:12:29:20 -0500] "GET /sipse/faces/javax.faces.resource/jquery/jquery.js?ln=primefaces&v=4.0 HTTP/1.1" 304 -
186.29.182.199 - - [05/Mar/2023:12:29:20 -0500] "GET /sipse/faces/javax.faces.resource/jquery/jquery-plugins.js?ln=primefaces&v=4.0 HTTP/1.1" 304 -
186.29.182.199 - - [05/Mar/2023:12:29:20 -0500] "GET /sipse/faces/javax.faces.resource/fileupload/fileupload.js?ln=primefaces&v=4.0 HTTP/1.1" 304 -
186.29.182.199 - - [05/Mar/2023:12:29:20 -0500] "GET /sipse/faces/javax.faces.resource/primefaces.js?ln=primefaces&v=4.0 HTTP/1.1" 304 -
186.29.182.199 - - [05/Mar/2023:12:29:20 -0500] "GET /sipse/faces/javax.faces.resource/layout/layout.js?ln=primefaces&v=4.0 HTTP/1.1" 304 -
186.29.182.199 - - [05/Mar/2023:12:29:20 -0500] "GET /sipse/faces/javax.faces.resource/fileupload/fileupload.css?ln=primefaces&v=4.0 HTTP/1.1" 200 1330
186.29.182.199 - - [05/Mar/2023:12:29:20 -0500] "GET /sipse/faces/javax.faces.resource/primefaces.css?ln=primefaces&v=4.0 HTTP/1.1" 200 53295
186.29.182.199 - - [05/Mar/2023:12:29:20 -0500] "GET /sipse/faces/javax.faces.resource/theme.css?ln=primefaces-sipse HTTP/1.1" 200 50058
186.29.182.199 - - [05/Mar/2023:12:29:20 -0500] "GET /sipse/faces/javax.faces.resource/images/ui-icons_898989_256x240.png?ln=primefaces-aristo HTTP/1.1" 304 -
186.29.182.199 - - [05/Mar/2023:12:29:32 -0500] "GET /sipse/faces/javax.faces.resource/layout/layout.css?ln=primefaces&v=4.0 HTTP/1.1" 200 542
186.29.182.199 - - [05/Mar/2023:12:29:32 -0500] "GET /sipse/faces/javax.faces.resource/jquery/jquery.js?ln=primefaces&v=4.0 HTTP/1.1" 304 -
186.29.182.199 - - [05/Mar/2023:12:29:32 -0500] "GET /sipse/faces/javax.faces.resource/jquery/jquery-plugins.js?ln=primefaces&v=4.0 HTTP/1.1" 304 -
186.29.182.199 - - [05/Mar/2023:12:29:25 -0500] "POST /sipse/faces/presentacion/sistema/anexos/cargarAnexoSolicitudProceso.xhtml HTTP/1.1" 200 183767
186.29.182.199 - - [05/Mar/2023:12:29:33 -0500] "GET /sipse/faces/javax.faces.resource/primefaces.js?ln=primefaces&v=4.0 HTTP/1.1" 304 -
186.29.182.199 - - [05/Mar/2023:12:29:33 -0500] "GET /sipse/faces/javax.faces.resource/layout/layout.js?ln=primefaces&v=4.0 HTTP/1.1" 304 -
186.29.182.199 - - [05/Mar/2023:12:29:32 -0500] "GET /sipse/faces/javax.faces.resource/primefaces.css?ln=primefaces&v=4.0 HTTP/1.1" 200 53295
186.29.182.199 - - [05/Mar/2023:12:29:32 -0500] "GET /sipse/faces/javax.faces.resource/theme.css?ln=primefaces-sipse HTTP/1.1" 200 50058
186.29.182.199 - - [05/Mar/2023:12:29:33 -0500] "GET /sipse/faces/javax.faces.resource/images/ui-icons_898989_256x240.png?ln=primefaces-aristo HTTP/1.1" 200 5355
186.29.182.199 - - [05/Mar/2023:12:29:33 -0500] "GET /favicon.ico HTTP/1.1" 200 7782
69.63.184.116 - - [05/Mar/2023:12:29:36 -0500] "GET /images/empresas-alertas_optimized.jpeg HTTP/1.1" 200 142365
186.29.182.199 - - [05/Mar/2023:12:29:39 -0500] "POST /sipse/faces/presentacion/financiero/solicitudProceso/consultarSolicitudProceso.xhtml HTTP/1.1" 200 22342
186.29.182.199 - - [05/Mar/2023:12:29:39 -0500] "GET /sipse/faces/javax.faces.resource/layout/layout.css?ln=primefaces&v=4.0 HTTP/1.1" 200 542
186.29.182.199 - - [05/Mar/2023:12:29:39 -0500] "GET /sipse/faces/javax.faces.resource/jquery/jquery.js?ln=primefaces&v=4.0 HTTP/1.1" 304 -
186.29.182.199 - - [05/Mar/2023:12:29:39 -0500] "GET /sipse/faces/javax.faces.resource/jquery/jquery-plugins.js?ln=primefaces&v=4.0 HTTP/1.1" 304 -
