201.221.172.68 - - [05/Mar/2023:10:58:18 -0500] "GET /sipse/faces/javax.faces.resource/images/ui-icons_898989_256x240.png?ln=primefaces-aristo HTTP/1.1" 304 -
201.221.172.68 - - [05/Mar/2023:10:58:18 -0500] "POST /sipse/faces/presentacion/sistema/anexos/cargarAnexoSolicitudProceso.xhtml HTTP/1.1" 200 189043
201.221.172.68 - - [05/Mar/2023:10:58:21 -0500] "POST /sipse/faces/presentacion/financiero/solicitudProceso/consultarSolicitudProceso.xhtml HTTP/1.1" 200 21162
201.221.172.68 - - [05/Mar/2023:10:58:21 -0500] "GET /sipse/faces/javax.faces.resource/theme.css?ln=primefaces-sipse HTTP/1.1" 304 -
201.221.172.68 - - [05/Mar/2023:10:58:21 -0500] "GET /sipse/faces/javax.faces.resource/primefaces.js?ln=primefaces&v=4.0 HTTP/1.1" 304 -
201.221.172.68 - - [05/Mar/2023:10:58:21 -0500] "GET /sipse/faces/javax.faces.resource/primefaces.css?ln=primefaces&v=4.0 HTTP/1.1" 304 -
201.221.172.68 - - [05/Mar/2023:10:58:21 -0500] "GET /sipse/faces/javax.faces.resource/layout/layout.css?ln=primefaces&v=4.0 HTTP/1.1" 304 -
201.221.172.68 - - [05/Mar/2023:10:58:21 -0500] "GET /sipse/faces/javax.faces.resource/jquery/jquery.js?ln=primefaces&v=4.0 HTTP/1.1" 304 -
201.221.172.68 - - [05/Mar/2023:10:58:21 -0500] "GET /sipse/faces/javax.faces.resource/jquery/jquery-plugins.js?ln=primefaces&v=4.0 HTTP/1.1" 304 -
201.221.172.68 - - [05/Mar/2023:10:58:21 -0500] "GET /sipse/faces/javax.faces.resource/fileupload/fileupload.css?ln=primefaces&v=4.0 HTTP/1.1" 304 -
201.221.172.68 - - [05/Mar/2023:10:58:21 -0500] "GET /sipse/faces/javax.faces.resource/layout/layout.js?ln=primefaces&v=4.0 HTTP/1.1" 304 -
201.221.172.68 - - [05/Mar/2023:10:58:21 -0500] "GET /sipse/faces/javax.faces.resource/fileupload/fileupload.js?ln=primefaces&v=4.0 HTTP/1.1" 304 -
201.221.172.68 - - [05/Mar/2023:10:58:21 -0500] "GET /sipse/faces/javax.faces.resource/images/ui-icons_898989_256x240.png?ln=primefaces-aristo HTTP/1.1" 304 -
186.86.32.114 - - [05/Mar/2023:10:58:26 -0500] "GET /BLA/resoluciones/RESOLUCIONES%202022/4659.pdf HTTP/1.1" 200 451404
186.154.33.15 - - [05/Mar/2023:10:58:32 -0500] "POST /sipse/faces/presentacion/financiero/solicitudAnulacion/solicitudAnulacion.xhtml HTTP/1.1" 200 41392
201.221.172.68 - - [05/Mar/2023:10:58:32 -0500] "GET /sipse/faces/javax.faces.resource/theme.css?ln=primefaces-sipse HTTP/1.1" 304 -
201.221.172.68 - - [05/Mar/2023:10:58:32 -0500] "GET /sipse/faces/javax.faces.resource/layout/layout.css?ln=primefaces&v=4.0 HTTP/1.1" 304 -
201.221.172.68 - - [05/Mar/2023:10:58:32 -0500] "GET /sipse/faces/javax.faces.resource/jquery/jquery.js?ln=primefaces&v=4.0 HTTP/1.1" 304 -
201.221.172.68 - - [05/Mar/2023:10:58:32 -0500] "GET /sipse/faces/javax.faces.resource/primefaces.css?ln=primefaces&v=4.0 HTTP/1.1" 304 -
201.221.172.68 - - [05/Mar/2023:10:58:32 -0500] "GET /sipse/faces/javax.faces.resource/jquery/jquery-plugins.js?ln=primefaces&v=4.0 HTTP/1.1" 304 -
186.154.33.15 - - [05/Mar/2023:10:58:32 -0500] "GET /sipse/faces/javax.faces.resource/theme.css?ln=primefaces-sipse HTTP/1.1" 304 -
201.221.172.68 - - [05/Mar/2023:10:58:32 -0500] "GET /sipse/faces/javax.faces.resource/primefaces.js?ln=primefaces&v=4.0 HTTP/1.1" 304 -
201.221.172.68 - - [05/Mar/2023:10:58:32 -0500] "GET /sipse/faces/javax.faces.resource/layout/layout.js?ln=primefaces&v=4.0 HTTP/1.1" 304 -
186.154.33.15 - - [05/Mar/2023:10:58:32 -0500] "GET /sipse/faces/javax.faces.resource/fileupload/fileupload.css?ln=primefaces&v=4.0 HTTP/1.1" 304 -
186.154.33.15 - - [05/Mar/2023:10:58:32 -0500] "GET /sipse/faces/javax.faces.resource/primefaces.css?ln=primefaces&v=4.0 HTTP/1.1" 304 -
186.154.33.15 - - [05/Mar/2023:10:58:32 -0500] "GET /sipse/faces/javax.faces.resource/layout/layout.css?ln=primefaces&v=4.0 HTTP/1.1" 304 -
186.154.33.15 - - [05/Mar/2023:10:58:32 -0500] "GET /sipse/faces/javax.faces.resource/jquery/jquery.js?ln=primefaces&v=4.0 HTTP/1.1" 304 -
186.154.33.15 - - [05/Mar/2023:10:58:32 -0500] "GET /sipse/faces/javax.faces.resource/jquery/jquery-plugins.js?ln=primefaces&v=4.0 HTTP/1.1" 304 -
201.221.172.68 - - [05/Mar/2023:10:58:32 -0500] "GET /sipse/faces/javax.faces.resource/images/ui-icons_898989_256x240.png?ln=primefaces-aristo HTTP/1.1" 304 -
186.154.33.15 - - [05/Mar/2023:10:58:32 -0500] "GET /sipse/faces/javax.faces.resource/primefaces.js?ln=primefaces&v=4.0 HTTP/1.1" 304 -
186.154.33.15 - - [05/Mar/2023:10:58:32 -0500] "GET /sipse/faces/javax.faces.resource/layout/layout.js?ln=primefaces&v=4.0 HTTP/1.1" 304 -
201.221.172.68 - - [05/Mar/2023:10:58:31 -0500] "POST /sipse/faces/presentacion/sistema/anexos/cargarAnexoSolicitudProceso.xhtml HTTP/1.1" 200 190886
186.154.33.15 - - [05/Mar/2023:10:58:32 -0500] "GET /sipse/faces/javax.faces.resource/fileupload/fileupload.js?ln=primefaces&v=4.0 HTTP/1.1" 304 -
186.154.33.15 - - [05/Mar/2023:10:58:36 -0500] "POST /sipse/faces/presentacion/financiero/solicitudAnulacion/registrarSolicitudAnulacion.xhtml HTTP/1.1" 200 19447
186.154.33.15 - - [05/Mar/2023:10:58:40 -0500] "POST /sipse/faces/presentacion/financiero/solicitudAnulacion/registrarSolicitudAnulacion.xhtml HTTP/1.1" 200 19449
201.221.172.68 - - [05/Mar/2023:10:58:55 -0500] "POST /sipse/faces/presentacion/financiero/solicitudProceso/consultarSolicitudProceso.xhtml HTTP/1.1" 200 21162
201.221.172.68 - - [05/Mar/2023:10:58:55 -0500] "GET /sipse/faces/javax.faces.resource/theme.css?ln=primefaces-sipse HTTP/1.1" 304 -
201.221.172.68 - - [05/Mar/2023:10:58:55 -0500] "GET /sipse/faces/javax.faces.resource/jquery/jquery.js?ln=primefaces&v=4.0 HTTP/1.1" 304 -
201.221.172.68 - - [05/Mar/2023:10:58:55 -0500] "GET /sipse/faces/javax.faces.resource/jquery/jquery-plugins.js?ln=primefaces&v=4.0 HTTP/1.1" 304 -
201.221.172.68 - - [05/Mar/2023:10:58:55 -0500] "GET /sipse/faces/javax.faces.resource/primefaces.js?ln=primefaces&v=4.0 HTTP/1.1" 304 -
201.221.172.68 - - [05/Mar/2023:10:58:55 -0500] "GET /sipse/faces/javax.faces.resource/fileupload/fileupload.js?ln=primefaces&v=4.0 HTTP/1.1" 304 -
201.221.172.68 - - [05/Mar/2023:10:58:55 -0500] "GET /sipse/faces/javax.faces.resource/primefaces.css?ln=primefaces&v=4.0 HTTP/1.1" 304 -
201.221.172.68 - - [05/Mar/2023:10:58:55 -0500] "GET /sipse/faces/javax.faces.resource/fileupload/fileupload.css?ln=primefaces&v=4.0 HTTP/1.1" 304 -
201.221.172.68 - - [05/Mar/2023:10:58:55 -0500] "GET /sipse/faces/javax.faces.resource/layout/layout.css?ln=primefaces&v=4.0 HTTP/1.1" 304 -
201.221.172.68 - - [05/Mar/2023:10:58:55 -0500] "GET /sipse/faces/javax.faces.resource/layout/layout.js?ln=primefaces&v=4.0 HTTP/1.1" 304 -
201.221.172.68 - - [05/Mar/2023:10:58:55 -0500] "GET /sipse/faces/javax.faces.resource/images/ui-icons_898989_256x240.png?ln=primefaces-aristo HTTP/1.1" 304 -
201.221.172.68 - - [05/Mar/2023:10:59:01 -0500] "GET /sipse/faces/javax.faces.resource/theme.css?ln=primefaces-sipse HTTP/1.1" 304 -
201.221.172.68 - - [05/Mar/2023:10:59:01 -0500] "GET /sipse/faces/javax.faces.resource/primefaces.css?ln=primefaces&v=4.0 HTTP/1.1" 304 -
201.221.172.68 - - [05/Mar/2023:10:59:01 -0500] "GET /sipse/faces/javax.faces.resource/layout/layout.css?ln=primefaces&v=4.0 HTTP/1.1" 304 -
201.221.172.68 - - [05/Mar/2023:10:59:01 -0500] "GET /sipse/faces/javax.faces.resource/jquery/jquery-plugins.js?ln=primefaces&v=4.0 HTTP/1.1" 304 -
201.221.172.68 - - [05/Mar/2023:10:59:01 -0500] "GET /sipse/faces/javax.faces.resource/jquery/jquery.js?ln=primefaces&v=4.0 HTTP/1.1" 304 -
201.221.172.68 - - [05/Mar/2023:10:59:01 -0500] "GET /sipse/faces/javax.faces.resource/primefaces.js?ln=primefaces&v=4.0 HTTP/1.1" 304 -
201.221.172.68 - - [05/Mar/2023:10:59:01 -0500] "GET /sipse/faces/javax.faces.resource/layout/layout.js?ln=primefaces&v=4.0 HTTP/1.1" 304 -
201.221.172.68 - - [05/Mar/2023:10:59:01 -0500] "GET /sipse/faces/javax.faces.resource/images/ui-icons_898989_256x240.png?ln=primefaces-aristo HTTP/1.1" 304 -
201.221.172.68 - - [05/Mar/2023:10:59:00 -0500] "POST /sipse/faces/presentacion/sistema/anexos/cargarAnexoSolicitudProceso.xhtml HTTP/1.1" 200 192690
186.154.33.15 - - [05/Mar/2023:10:59:11 -0500] "POST /sipse/faces/presentacion/financiero/solicitudAnulacion/registrarSolicitudAnulacion.xhtml HTTP/1.1" 200 3845
186.154.33.15 - - [05/Mar/2023:10:59:11 -0500] "POST /sipse/faces/presentacion/financiero/solicitudAnulacion/registrarSolicitudAnulacion.xhtml HTTP/1.1" 200 49004
186.154.33.15 - - [05/Mar/2023:10:59:11 -0500] "GET /sipse/faces/javax.faces.resource/theme.css?ln=primefaces-sipse HTTP/1.1" 304 -
186.154.33.15 - - [05/Mar/2023:10:59:11 -0500] "GET /sipse/faces/javax.faces.resource/primefaces.css?ln=primefaces&v=4.0 HTTP/1.1" 304 -
186.154.33.15 - - [05/Mar/2023:10:59:11 -0500] "GET /sipse/faces/javax.faces.resource/layout/layout.css?ln=primefaces&v=4.0 HTTP/1.1" 304 -
186.154.33.15 - - [05/Mar/2023:10:59:11 -0500] "GET /sipse/faces/javax.faces.resource/jquery/jquery.js?ln=primefaces&v=4.0 HTTP/1.1" 304 -
186.154.33.15 - - [05/Mar/2023:10:59:11 -0500] "GET /sipse/faces/javax.faces.resource/jquery/jquery-plugins.js?ln=primefaces&v=4.0 HTTP/1.1" 304 -
186.154.33.15 - - [05/Mar/2023:10:59:11 -0500] "GET /sipse/faces/javax.faces.resource/primefaces.js?ln=primefaces&v=4.0 HTTP/1.1" 304 -
186.154.33.15 - - [05/Mar/2023:10:59:11 -0500] "GET /sipse/faces/javax.faces.resource/layout/layout.js?ln=primefaces&v=4.0 HTTP/1.1" 304 -
201.221.172.68 - - [05/Mar/2023:10:59:16 -0500] "GET /sipse/faces/javax.faces.resource/images/ui-bg_flat_0_2d5972_40x100.png?ln=primefaces-aristo HTTP/1.1" 304 -
201.221.172.68 - - [05/Mar/2023:10:59:16 -0500] "POST /sipse/faces/presentacion/financiero/solicitudProceso/consultarSolicitudProceso.xhtml HTTP/1.1" 200 6857
201.221.172.68 - - [05/Mar/2023:10:59:16 -0500] "GET /sipse/faces/javax.faces.resource/messages/messages.png?ln=primefaces&v=4.0 HTTP/1.1" 304 -
186.154.33.15 - - [05/Mar/2023:10:59:37 -0500] "POST /sipse/faces/presentacion/financiero/solicitudProceso/consultar.xhtml HTTP/1.1" 200 12910
186.84.88.255 - - [05/Mar/2023:10:59:39 -0500] "GET /BLA/boletinlegal/js/jquery.scrollShow.js HTTP/1.1" 200 4586
186.84.88.255 - - [05/Mar/2023:10:59:39 -0500] "GET /galeria/galeria/jquery.fancybox.js?v=2.1.5 HTTP/1.1" 200 48706
186.84.88.255 - - [05/Mar/2023:10:59:39 -0500] "GET /galeria/galeria/jquery.fancybox.css?v=2.1.5 HTTP/1.1" 200 4895
186.154.33.15 - - [05/Mar/2023:11:00:12 -0500] "POST /sipse/faces/presentacion/financiero/solicitudProceso/consultar.xhtml HTTP/1.1" 200 12923
186.154.33.15 - - [05/Mar/2023:11:00:12 -0500] "POST /sipse/faces/presentacion/financiero/solicitudProceso/consultar.xhtml HTTP/1.1" 200 5065
186.154.33.15 - - [05/Mar/2023:11:00:12 -0500] "POST /sipse/faces/presentacion/financiero/solicitudProceso/consultar.xhtml HTTP/1.1" 200 5065
186.154.33.15 - - [05/Mar/2023:11:00:19 -0500] "POST /sipse/faces/presentacion/financiero/solicitudProceso/consultar.xhtml HTTP/1.1" 200 50745
186.154.33.15 - - [05/Mar/2023:11:00:19 -0500] "GET /sipse/faces/javax.faces.resource/theme.css?ln=primefaces-sipse HTTP/1.1" 304 -
186.154.33.15 - - [05/Mar/2023:11:00:19 -0500] "GET /sipse/faces/javax.faces.resource/primefaces.css?ln=primefaces&v=4.0 HTTP/1.1" 304 -
186.154.33.15 - - [05/Mar/2023:11:00:19 -0500] "GET /sipse/faces/javax.faces.resource/layout/layout.css?ln=primefaces&v=4.0 HTTP/1.1" 304 -
186.154.33.15 - - [05/Mar/2023:11:00:19 -0500] "GET /sipse/faces/javax.faces.resource/fileupload/fileupload.css?ln=primefaces&v=4.0 HTTP/1.1" 304 -
186.154.33.15 - - [05/Mar/2023:11:00:19 -0500] "GET /sipse/faces/javax.faces.resource/jquery/jquery.js?ln=primefaces&v=4.0 HTTP/1.1" 304 -
186.154.33.15 - - [05/Mar/2023:11:00:19 -0500] "GET /sipse/faces/javax.faces.resource/jquery/jquery-plugins.js?ln=primefaces&v=4.0 HTTP/1.1" 304 -
186.154.33.15 - - [05/Mar/2023:11:00:19 -0500] "GET /sipse/faces/javax.faces.resource/primefaces.js?ln=primefaces&v=4.0 HTTP/1.1" 304 -
186.154.33.15 - - [05/Mar/2023:11:00:19 -0500] "GET /sipse/faces/javax.faces.resource/layout/layout.js?ln=primefaces&v=4.0 HTTP/1.1" 304 -
186.154.33.15 - - [05/Mar/2023:11:00:19 -0500] "GET /sipse/faces/javax.faces.resource/fileupload/fileupload.js?ln=primefaces&v=4.0 HTTP/1.1" 304 -
216.245.221.92 - - [05/Mar/2023:11:00:44 -0500] "HEAD / HTTP/1.1" 200 -
186.86.32.114 - - [05/Mar/2023:11:01:03 -0500] "GET /BLA/resoluciones/RESOLUCIONES%202022/4278.pdf HTTP/1.1" 200 547390
201.245.192.253 - - [05/Mar/2023:11:01:18 -0500] "POST /kwsrmcab/Wsrmcab  HTTP/1.1" 200 40529
172.22.2.4 - - [05/Mar/2023:10:59:50 -0500] "HEAD /BLA/boletinlegal/ HTTP/1.1" 200 -
179.19.57.180 - - [05/Mar/2023:11:01:33 -0500] "GET /inscribete-y-participa-en-las-caminatas-ecologicas-de-marzo.html HTTP/1.1" 200 924
186.154.33.15 - - [05/Mar/2023:11:01:35 -0500] "POST /sipse/faces/presentacion/financiero/solicitudAnulacion/registrarSolicitudAnulacion.xhtml HTTP/1.1" 200 10222
201.221.172.68 - - [05/Mar/2023:11:01:38 -0500] "POST /sipse/faces/presentacion/financiero/solicitudProceso/consultarSolicitudProceso.xhtml HTTP/1.1" 200 21162
201.221.172.68 - - [05/Mar/2023:11:01:38 -0500] "GET /sipse/faces/javax.faces.resource/theme.css?ln=primefaces-sipse HTTP/1.1" 304 -
201.221.172.68 - - [05/Mar/2023:11:01:38 -0500] "GET /sipse/faces/javax.faces.resource/fileupload/fileupload.css?ln=primefaces&v=4.0 HTTP/1.1" 304 -
201.221.172.68 - - [05/Mar/2023:11:01:38 -0500] "GET /sipse/faces/javax.faces.resource/primefaces.css?ln=primefaces&v=4.0 HTTP/1.1" 304 -
201.221.172.68 - - [05/Mar/2023:11:01:38 -0500] "GET /sipse/faces/javax.faces.resource/jquery/jquery-plugins.js?ln=primefaces&v=4.0 HTTP/1.1" 304 -
201.221.172.68 - - [05/Mar/2023:11:01:38 -0500] "GET /sipse/faces/javax.faces.resource/jquery/jquery.js?ln=primefaces&v=4.0 HTTP/1.1" 304 -
201.221.172.68 - - [05/Mar/2023:11:01:38 -0500] "GET /sipse/faces/javax.faces.resource/primefaces.js?ln=primefaces&v=4.0 HTTP/1.1" 304 -
201.221.172.68 - - [05/Mar/2023:11:01:38 -0500] "GET /sipse/faces/javax.faces.resource/fileupload/fileupload.js?ln=primefaces&v=4.0 HTTP/1.1" 304 -
201.221.172.68 - - [05/Mar/2023:11:01:38 -0500] "GET /sipse/faces/javax.faces.resource/layout/layout.css?ln=primefaces&v=4.0 HTTP/1.1" 304 -
201.221.172.68 - - [05/Mar/2023:11:01:38 -0500] "GET /sipse/faces/javax.faces.resource/layout/layout.js?ln=primefaces&v=4.0 HTTP/1.1" 304 -
201.221.172.68 - - [05/Mar/2023:11:01:38 -0500] "GET /sipse/faces/javax.faces.resource/images/ui-icons_898989_256x240.png?ln=primefaces-aristo HTTP/1.1" 304 -
186.154.33.15 - - [05/Mar/2023:11:01:45 -0500] "POST /sipse/faces/presentacion/financiero/solicitudAnulacion/registrarSolicitudAnulacion.xhtml HTTP/1.1" 200 34535
186.154.33.15 - - [05/Mar/2023:11:01:47 -0500] "GET /sipse/faces/javax.faces.resource/theme.css?ln=primefaces-sipse HTTP/1.1" 304 -
186.154.33.15 - - [05/Mar/2023:11:01:47 -0500] "GET /sipse/faces/javax.faces.resource/primefaces.css?ln=primefaces&v=4.0 HTTP/1.1" 304 -
186.154.33.15 - - [05/Mar/2023:11:01:47 -0500] "GET /sipse/faces/javax.faces.resource/layout/layout.css?ln=primefaces&v=4.0 HTTP/1.1" 304 -
186.154.33.15 - - [05/Mar/2023:11:01:47 -0500] "GET /sipse/faces/javax.faces.resource/jquery/jquery.js?ln=primefaces&v=4.0 HTTP/1.1" 304 -
186.154.33.15 - - [05/Mar/2023:11:01:47 -0500] "GET /sipse/faces/javax.faces.resource/jquery/jquery-plugins.js?ln=primefaces&v=4.0 HTTP/1.1" 304 -
186.154.33.15 - - [05/Mar/2023:11:01:47 -0500] "GET /sipse/faces/javax.faces.resource/primefaces.js?ln=primefaces&v=4.0 HTTP/1.1" 304 -
186.154.33.15 - - [05/Mar/2023:11:01:47 -0500] "GET /sipse/faces/javax.faces.resource/layout/layout.js?ln=primefaces&v=4.0 HTTP/1.1" 304 -
186.154.33.15 - - [05/Mar/2023:11:01:47 -0500] "POST /sipse/faces/presentacion/financiero/solicitudAnulacion/solicitudAnulacion.xhtml HTTP/1.1" 200 51571
201.221.172.68 - - [05/Mar/2023:11:01:49 -0500] "GET /sipse/faces/javax.faces.resource/theme.css?ln=primefaces-sipse HTTP/1.1" 304 -
201.221.172.68 - - [05/Mar/2023:11:01:49 -0500] "GET /sipse/faces/javax.faces.resource/jquery/jquery-plugins.js?ln=primefaces&v=4.0 HTTP/1.1" 304 -
201.221.172.68 - - [05/Mar/2023:11:01:49 -0500] "GET /sipse/faces/javax.faces.resource/layout/layout.css?ln=primefaces&v=4.0 HTTP/1.1" 304 -
201.221.172.68 - - [05/Mar/2023:11:01:49 -0500] "GET /sipse/faces/javax.faces.resource/jquery/jquery.js?ln=primefaces&v=4.0 HTTP/1.1" 304 -
201.221.172.68 - - [05/Mar/2023:11:01:49 -0500] "GET /sipse/faces/javax.faces.resource/primefaces.css?ln=primefaces&v=4.0 HTTP/1.1" 304 -
201.221.172.68 - - [05/Mar/2023:11:01:49 -0500] "GET /sipse/faces/javax.faces.resource/primefaces.js?ln=primefaces&v=4.0 HTTP/1.1" 304 -
201.221.172.68 - - [05/Mar/2023:11:01:49 -0500] "GET /sipse/faces/javax.faces.resource/layout/layout.js?ln=primefaces&v=4.0 HTTP/1.1" 304 -
201.221.172.68 - - [05/Mar/2023:11:01:48 -0500] "POST /sipse/faces/presentacion/sistema/anexos/cargarAnexoSolicitudProceso.xhtml HTTP/1.1" 200 194587
201.221.172.68 - - [05/Mar/2023:11:01:49 -0500] "GET /sipse/faces/javax.faces.resource/images/ui-icons_898989_256x240.png?ln=primefaces-aristo HTTP/1.1" 304 -
201.221.172.68 - - [05/Mar/2023:11:02:10 -0500] "GET /sipse/faces/javax.faces.resource/images/ui-bg_flat_0_2d5972_40x100.png?ln=primefaces-aristo HTTP/1.1" 304 -
201.221.172.68 - - [05/Mar/2023:11:02:10 -0500] "POST /sipse/faces/presentacion/financiero/solicitudProceso/consultarSolicitudProceso.xhtml HTTP/1.1" 200 37155
201.221.172.68 - - [05/Mar/2023:11:02:11 -0500] "GET /sipse/faces/javax.faces.resource/jquery/jquery.js?ln=primefaces&v=4.0 HTTP/1.1" 304 -
201.221.172.68 - - [05/Mar/2023:11:02:12 -0500] "GET /sipse/faces/javax.faces.resource/jquery/jquery-plugins.js?ln=primefaces&v=4.0 HTTP/1.1" 304 -
201.221.172.68 - - [05/Mar/2023:11:02:12 -0500] "GET /sipse/faces/javax.faces.resource/primefaces.js?ln=primefaces&v=4.0 HTTP/1.1" 304 -
201.221.172.68 - - [05/Mar/2023:11:02:12 -0500] "GET /sipse/faces/javax.faces.resource/layout/layout.js?ln=primefaces&v=4.0 HTTP/1.1" 304 -
201.221.172.68 - - [05/Mar/2023:11:02:12 -0500] "GET /sipse/faces/javax.faces.resource/messages/messages.png?ln=primefaces&v=4.0 HTTP/1.1" 304 -
201.221.172.68 - - [05/Mar/2023:11:02:12 -0500] "POST /sipse/faces/presentacion/financiero/solicitudProceso/listarSolicitudProceso.xhtml HTTP/1.1" 200 1396
172.22.2.4 - - [05/Mar/2023:11:00:40 -0500] "GET /BLA/boletinlegal/ HTTP/1.1" 200 57551
186.154.33.15 - - [05/Mar/2023:11:02:30 -0500] "POST /sipse/faces/presentacion/financiero/solicitudAnulacion/solicitudAnulacion.xhtml HTTP/1.1" 200 41392
186.154.33.15 - - [05/Mar/2023:11:02:30 -0500] "GET /sipse/faces/javax.faces.resource/theme.css?ln=primefaces-sipse HTTP/1.1" 304 -
186.154.33.15 - - [05/Mar/2023:11:02:30 -0500] "GET /sipse/faces/javax.faces.resource/primefaces.css?ln=primefaces&v=4.0 HTTP/1.1" 304 -
186.154.33.15 - - [05/Mar/2023:11:02:30 -0500] "GET /sipse/faces/javax.faces.resource/fileupload/fileupload.css?ln=primefaces&v=4.0 HTTP/1.1" 304 -
186.154.33.15 - - [05/Mar/2023:11:02:30 -0500] "GET /sipse/faces/javax.faces.resource/layout/layout.css?ln=primefaces&v=4.0 HTTP/1.1" 304 -
186.154.33.15 - - [05/Mar/2023:11:02:30 -0500] "GET /sipse/faces/javax.faces.resource/jquery/jquery.js?ln=primefaces&v=4.0 HTTP/1.1" 304 -
186.154.33.15 - - [05/Mar/2023:11:02:30 -0500] "GET /sipse/faces/javax.faces.resource/jquery/jquery-plugins.js?ln=primefaces&v=4.0 HTTP/1.1" 304 -
186.154.33.15 - - [05/Mar/2023:11:02:30 -0500] "GET /sipse/faces/javax.faces.resource/primefaces.js?ln=primefaces&v=4.0 HTTP/1.1" 304 -
186.154.33.15 - - [05/Mar/2023:11:02:30 -0500] "GET /sipse/faces/javax.faces.resource/layout/layout.js?ln=primefaces&v=4.0 HTTP/1.1" 304 -
186.154.33.15 - - [05/Mar/2023:11:02:30 -0500] "GET /sipse/faces/javax.faces.resource/fileupload/fileupload.js?ln=primefaces&v=4.0 HTTP/1.1" 304 -
186.154.33.15 - - [05/Mar/2023:11:02:33 -0500] "POST /sipse/faces/presentacion/financiero/solicitudAnulacion/registrarSolicitudAnulacion.xhtml HTTP/1.1" 200 19439
186.154.33.15 - - [05/Mar/2023:11:02:39 -0500] "POST /sipse/faces/presentacion/financiero/solicitudAnulacion/registrarSolicitudAnulacion.xhtml HTTP/1.1" 200 19453
201.221.172.68 - - [05/Mar/2023:11:02:42 -0500] "POST /sipse/faces/presentacion/financiero/solicitudProceso/listarSolicitudProceso.xhtml HTTP/1.1" 200 29984
201.221.172.68 - - [05/Mar/2023:11:02:44 -0500] "POST /sipse/faces/presentacion/financiero/solicitudProceso/listarSolicitudProceso.xhtml HTTP/1.1" 200 29984
201.221.172.68 - - [05/Mar/2023:11:02:47 -0500] "POST /sipse/faces/presentacion/financiero/solicitudProceso/listarSolicitudProceso.xhtml HTTP/1.1" 200 1396
201.221.172.68 - - [05/Mar/2023:11:02:47 -0500] "POST /sipse/faces/presentacion/financiero/solicitudProceso/listarSolicitudProceso.xhtml HTTP/1.1" 200 1392
186.154.33.15 - - [05/Mar/2023:11:02:49 -0500] "POST /sipse/faces/presentacion/financiero/solicitudAnulacion/registrarSolicitudAnulacion.xhtml HTTP/1.1" 200 3853
186.154.33.15 - - [05/Mar/2023:11:02:49 -0500] "POST /sipse/faces/presentacion/financiero/solicitudAnulacion/registrarSolicitudAnulacion.xhtml HTTP/1.1" 200 49048
186.154.33.15 - - [05/Mar/2023:11:02:49 -0500] "GET /sipse/faces/javax.faces.resource/theme.css?ln=primefaces-sipse HTTP/1.1" 304 -
186.154.33.15 - - [05/Mar/2023:11:02:49 -0500] "GET /sipse/faces/javax.faces.resource/primefaces.css?ln=primefaces&v=4.0 HTTP/1.1" 304 -
186.154.33.15 - - [05/Mar/2023:11:02:49 -0500] "GET /sipse/faces/javax.faces.resource/jquery/jquery.js?ln=primefaces&v=4.0 HTTP/1.1" 304 -
186.154.33.15 - - [05/Mar/2023:11:02:49 -0500] "GET /sipse/faces/javax.faces.resource/layout/layout.css?ln=primefaces&v=4.0 HTTP/1.1" 304 -
186.154.33.15 - - [05/Mar/2023:11:02:49 -0500] "GET /sipse/faces/javax.faces.resource/jquery/jquery-plugins.js?ln=primefaces&v=4.0 HTTP/1.1" 304 -
186.154.33.15 - - [05/Mar/2023:11:02:49 -0500] "GET /sipse/faces/javax.faces.resource/primefaces.js?ln=primefaces&v=4.0 HTTP/1.1" 304 -
186.154.33.15 - - [05/Mar/2023:11:02:49 -0500] "GET /sipse/faces/javax.faces.resource/layout/layout.js?ln=primefaces&v=4.0 HTTP/1.1" 304 -
186.154.33.15 - - [05/Mar/2023:11:02:55 -0500] "POST /sipse/faces/presentacion/financiero/solicitudProceso/consultar.xhtml HTTP/1.1" 200 2246
186.154.33.15 - - [05/Mar/2023:11:02:56 -0500] "POST /sipse/faces/presentacion/financiero/solicitudProceso/consultar.xhtml HTTP/1.1" 200 2270
186.84.21.124 - - [05/Mar/2023:11:03:05 -0500] "GET /sipse/faces/javax.faces.resource/theme.css?ln=primefaces-sipse HTTP/1.1" 304 -
186.154.33.15 - - [05/Mar/2023:11:02:58 -0500] "POST /sipse/faces/presentacion/financiero/solicitudProceso/consultar.xhtml HTTP/1.1" 200 17326
186.154.33.15 - - [05/Mar/2023:11:03:09 -0500] "POST /sipse/faces/presentacion/financiero/solicitudProceso/consultar.xhtml HTTP/1.1" 200 3370
186.84.21.124 - - [05/Mar/2023:11:03:10 -0500] "GET /sipse/faces/faces/autenticacion.xhtml HTTP/1.1" 200 12167
186.154.33.15 - - [05/Mar/2023:11:03:13 -0500] "POST /sipse/faces/presentacion/financiero/solicitudProceso/consultar.xhtml HTTP/1.1" 200 18378
186.154.33.15 - - [05/Mar/2023:11:03:37 -0500] "POST /sipse/faces/presentacion/financiero/solicitudProceso/consultar.xhtml HTTP/1.1" 200 11146
201.221.172.68 - - [05/Mar/2023:11:03:38 -0500] "POST /sipse/faces/presentacion/financiero/solicitudProceso/listarSolicitudProceso.xhtml HTTP/1.1" 200 31002
201.221.172.68 - - [05/Mar/2023:11:03:38 -0500] "POST /sipse/faces/presentacion/financiero/solicitudProceso/listarSolicitudProceso.xhtml HTTP/1.1" 200 43203
186.154.33.15 - - [05/Mar/2023:11:03:38 -0500] "POST /sipse/faces/presentacion/financiero/solicitudProceso/consultar.xhtml HTTP/1.1" 200 11162
186.154.33.15 - - [05/Mar/2023:11:03:43 -0500] "POST /sipse/faces/presentacion/financiero/solicitudProceso/consultar.xhtml HTTP/1.1" 200 25401
186.154.33.15 - - [05/Mar/2023:11:03:48 -0500] "POST /sipse/faces/presentacion/financiero/solicitudProceso/consultar.xhtml HTTP/1.1" 200 11146
186.154.33.15 - - [05/Mar/2023:11:03:49 -0500] "POST /sipse/faces/presentacion/financiero/solicitudProceso/consultar.xhtml HTTP/1.1" 200 11146
186.154.33.15 - - [05/Mar/2023:11:03:52 -0500] "POST /sipse/faces/presentacion/financiero/solicitudProceso/consultar.xhtml HTTP/1.1" 200 184
186.154.33.15 - - [05/Mar/2023:11:03:52 -0500] "POST /sipse/faces/presentacion/financiero/solicitudProceso/consultar.xhtml HTTP/1.1" 200 184
186.154.33.15 - - [05/Mar/2023:11:03:52 -0500] "POST /sipse/faces/presentacion/financiero/solicitudProceso/consultar.xhtml HTTP/1.1" 200 184
186.154.33.15 - - [05/Mar/2023:11:03:52 -0500] "POST /sipse/faces/presentacion/financiero/solicitudProceso/consultar.xhtml HTTP/1.1" 200 184
186.154.33.15 - - [05/Mar/2023:11:03:52 -0500] "GET /sipse/faces/presentacion/financiero/solicitudAnulacion/solicitudAnulacion.xhtml HTTP/1.1" 200 20277
186.154.33.15 - - [05/Mar/2023:11:03:52 -0500] "POST /sipse/faces/presentacion/financiero/solicitudProceso/consultar.xhtml HTTP/1.1" 200 184
186.154.33.15 - - [05/Mar/2023:11:03:52 -0500] "POST /sipse/faces/presentacion/financiero/solicitudProceso/consultar.xhtml HTTP/1.1" 200 184
186.154.33.15 - - [05/Mar/2023:11:03:52 -0500] "GET /sipse/faces/presentacion/financiero/solicitudAnulacion/solicitudAnulacion.xhtml HTTP/1.1" 200 17805
186.154.33.15 - - [05/Mar/2023:11:03:52 -0500] "POST /sipse/faces/presentacion/financiero/solicitudProceso/consultar.xhtml HTTP/1.1" 200 184
186.154.33.15 - - [05/Mar/2023:11:03:52 -0500] "POST /sipse/faces/presentacion/financiero/solicitudProceso/consultar.xhtml HTTP/1.1" 200 184
186.154.33.15 - - [05/Mar/2023:11:03:52 -0500] "GET /sipse/faces/presentacion/financiero/solicitudAnulacion/solicitudAnulacion.xhtml HTTP/1.1" 200 17805
186.154.33.15 - - [05/Mar/2023:11:03:52 -0500] "POST /sipse/faces/presentacion/financiero/solicitudProceso/consultar.xhtml HTTP/1.1" 200 184
186.154.33.15 - - [05/Mar/2023:11:03:52 -0500] "POST /sipse/faces/presentacion/financiero/solicitudProceso/consultar.xhtml HTTP/1.1" 200 184
186.154.33.15 - - [05/Mar/2023:11:03:52 -0500] "GET /sipse/faces/presentacion/financiero/solicitudAnulacion/solicitudAnulacion.xhtml HTTP/1.1" 200 15757
186.154.33.15 - - [05/Mar/2023:11:03:52 -0500] "POST /sipse/faces/presentacion/financiero/solicitudProceso/consultar.xhtml HTTP/1.1" 200 184
186.154.33.15 - - [05/Mar/2023:11:03:52 -0500] "GET /sipse/faces/presentacion/financiero/solicitudAnulacion/solicitudAnulacion.xhtml HTTP/1.1" 200 12285
186.154.33.15 - - [05/Mar/2023:11:03:52 -0500] "GET /sipse/faces/presentacion/financiero/solicitudAnulacion/solicitudAnulacion.xhtml HTTP/1.1" 200 16113
186.154.33.15 - - [05/Mar/2023:11:03:52 -0500] "GET /sipse/faces/presentacion/financiero/solicitudAnulacion/solicitudAnulacion.xhtml HTTP/1.1" 200 17805
186.154.33.15 - - [05/Mar/2023:11:03:52 -0500] "GET /sipse/faces/presentacion/financiero/solicitudAnulacion/solicitudAnulacion.xhtml HTTP/1.1" 200 16113
186.154.33.15 - - [05/Mar/2023:11:03:52 -0500] "GET /sipse/faces/presentacion/financiero/solicitudAnulacion/solicitudAnulacion.xhtml HTTP/1.1" 200 17805
186.154.33.15 - - [05/Mar/2023:11:03:52 -0500] "GET /sipse/faces/presentacion/financiero/solicitudAnulacion/solicitudAnulacion.xhtml HTTP/1.1" 200 12285
186.154.33.15 - - [05/Mar/2023:11:03:52 -0500] "GET /sipse/faces/presentacion/financiero/solicitudAnulacion/solicitudAnulacion.xhtml HTTP/1.1" 200 78734
186.154.33.15 - - [05/Mar/2023:11:03:53 -0500] "GET /sipse/faces/javax.faces.resource/theme.css?ln=primefaces-sipse HTTP/1.1" 304 -
186.154.33.15 - - [05/Mar/2023:11:03:53 -0500] "GET /sipse/faces/javax.faces.resource/layout/layout.css?ln=primefaces&v=4.0 HTTP/1.1" 304 -
186.154.33.15 - - [05/Mar/2023:11:03:53 -0500] "GET /sipse/faces/javax.faces.resource/primefaces.js?ln=primefaces&v=4.0 HTTP/1.1" 304 -
186.154.33.15 - - [05/Mar/2023:11:03:53 -0500] "GET /sipse/faces/javax.faces.resource/primefaces.css?ln=primefaces&v=4.0 HTTP/1.1" 304 -
186.154.33.15 - - [05/Mar/2023:11:03:53 -0500] "GET /sipse/faces/javax.faces.resource/jquery/jquery-plugins.js?ln=primefaces&v=4.0 HTTP/1.1" 304 -
186.154.33.15 - - [05/Mar/2023:11:03:53 -0500] "GET /sipse/faces/javax.faces.resource/jquery/jquery.js?ln=primefaces&v=4.0 HTTP/1.1" 304 -
186.154.33.15 - - [05/Mar/2023:11:03:53 -0500] "GET /sipse/faces/javax.faces.resource/layout/layout.js?ln=primefaces&v=4.0 HTTP/1.1" 304 -
186.154.33.15 - - [05/Mar/2023:11:03:53 -0500] "POST /sipse/faces/presentacion/financiero/solicitudAnulacion/solicitudAnulacion.xhtml HTTP/1.1" 200 51567
186.154.33.15 - - [05/Mar/2023:11:03:55 -0500] "POST /sipse/faces/presentacion/financiero/solicitudAnulacion/solicitudAnulacion.xhtml HTTP/1.1" 200 41392
186.154.33.15 - - [05/Mar/2023:11:03:55 -0500] "GET /sipse/faces/javax.faces.resource/primefaces.css?ln=primefaces&v=4.0 HTTP/1.1" 304 -
186.154.33.15 - - [05/Mar/2023:11:03:55 -0500] "GET /sipse/faces/javax.faces.resource/theme.css?ln=primefaces-sipse HTTP/1.1" 304 -
186.154.33.15 - - [05/Mar/2023:11:03:55 -0500] "GET /sipse/faces/javax.faces.resource/layout/layout.css?ln=primefaces&v=4.0 HTTP/1.1" 304 -
186.154.33.15 - - [05/Mar/2023:11:03:55 -0500] "GET /sipse/faces/javax.faces.resource/fileupload/fileupload.css?ln=primefaces&v=4.0 HTTP/1.1" 304 -
186.154.33.15 - - [05/Mar/2023:11:03:55 -0500] "GET /sipse/faces/javax.faces.resource/jquery/jquery.js?ln=primefaces&v=4.0 HTTP/1.1" 304 -
186.154.33.15 - - [05/Mar/2023:11:03:55 -0500] "GET /sipse/faces/javax.faces.resource/jquery/jquery-plugins.js?ln=primefaces&v=4.0 HTTP/1.1" 304 -
186.154.33.15 - - [05/Mar/2023:11:03:55 -0500] "GET /sipse/faces/javax.faces.resource/primefaces.js?ln=primefaces&v=4.0 HTTP/1.1" 304 -
186.154.33.15 - - [05/Mar/2023:11:03:55 -0500] "GET /sipse/faces/javax.faces.resource/layout/layout.js?ln=primefaces&v=4.0 HTTP/1.1" 304 -
186.154.33.15 - - [05/Mar/2023:11:03:55 -0500] "GET /sipse/faces/javax.faces.resource/fileupload/fileupload.js?ln=primefaces&v=4.0 HTTP/1.1" 304 -
186.154.33.15 - - [05/Mar/2023:11:03:57 -0500] "POST /sipse/faces/presentacion/financiero/solicitudAnulacion/registrarSolicitudAnulacion.xhtml HTTP/1.1" 200 19443
186.154.33.15 - - [05/Mar/2023:11:04:00 -0500] "POST /sipse/faces/presentacion/financiero/solicitudAnulacion/registrarSolicitudAnulacion.xhtml HTTP/1.1" 200 19453
186.154.33.15 - - [05/Mar/2023:11:04:03 -0500] "POST /sipse/faces/presentacion/financiero/solicitudAnulacion/registrarSolicitudAnulacion.xhtml HTTP/1.1" 200 3832
186.154.33.15 - - [05/Mar/2023:11:04:12 -0500] "POST /sipse/faces/presentacion/financiero/solicitudAnulacion/registrarSolicitudAnulacion.xhtml HTTP/1.1" 200 3855
186.154.33.15 - - [05/Mar/2023:11:04:12 -0500] "POST /sipse/faces/presentacion/financiero/solicitudAnulacion/registrarSolicitudAnulacion.xhtml HTTP/1.1" 200 46075
186.154.33.15 - - [05/Mar/2023:11:04:12 -0500] "GET /sipse/faces/javax.faces.resource/theme.css?ln=primefaces-sipse HTTP/1.1" 304 -
186.154.33.15 - - [05/Mar/2023:11:04:12 -0500] "GET /sipse/faces/javax.faces.resource/jquery/jquery.js?ln=primefaces&v=4.0 HTTP/1.1" 304 -
186.154.33.15 - - [05/Mar/2023:11:04:12 -0500] "GET /sipse/faces/javax.faces.resource/layout/layout.css?ln=primefaces&v=4.0 HTTP/1.1" 304 -
186.154.33.15 - - [05/Mar/2023:11:04:12 -0500] "GET /sipse/faces/javax.faces.resource/primefaces.css?ln=primefaces&v=4.0 HTTP/1.1" 304 -
186.154.33.15 - - [05/Mar/2023:11:04:12 -0500] "GET /sipse/faces/javax.faces.resource/jquery/jquery-plugins.js?ln=primefaces&v=4.0 HTTP/1.1" 304 -
186.154.33.15 - - [05/Mar/2023:11:04:12 -0500] "GET /sipse/faces/javax.faces.resource/primefaces.js?ln=primefaces&v=4.0 HTTP/1.1" 304 -
186.154.33.15 - - [05/Mar/2023:11:04:12 -0500] "GET /sipse/faces/javax.faces.resource/layout/layout.js?ln=primefaces&v=4.0 HTTP/1.1" 304 -
186.154.33.15 - - [05/Mar/2023:11:04:21 -0500] "POST /sipse/faces/presentacion/financiero/solicitudProceso/consultar.xhtml HTTP/1.1" 200 10009
172.22.2.4 - - [05/Mar/2023:11:04:23 -0500] "GET /BLA/boletinlegal/jurisprudencia/analisis/analisis%20sentencia%20C-596-10.doc HTTP/1.1" 304 -
181.56.235.113 - - [05/Mar/2023:11:04:23 -0500] "GET /BLA/resoluciones/AUTOS%202014/2457.pdf HTTP/1.1" 200 708085
186.154.33.15 - - [05/Mar/2023:11:04:26 -0500] "POST /sipse/faces/presentacion/financiero/solicitudProceso/consultar.xhtml HTTP/1.1" 200 10017
186.154.33.15 - - [05/Mar/2023:11:04:29 -0500] "POST /sipse/faces/presentacion/financiero/solicitudProceso/consultar.xhtml HTTP/1.1" 200 5051
186.154.33.15 - - [05/Mar/2023:11:04:33 -0500] "POST /sipse/faces/presentacion/financiero/solicitudProceso/consultar.xhtml HTTP/1.1" 200 50911
186.154.33.15 - - [05/Mar/2023:11:04:34 -0500] "GET /sipse/faces/javax.faces.resource/theme.css?ln=primefaces-sipse HTTP/1.1" 304 -
186.154.33.15 - - [05/Mar/2023:11:04:34 -0500] "GET /sipse/faces/javax.faces.resource/layout/layout.css?ln=primefaces&v=4.0 HTTP/1.1" 304 -
186.154.33.15 - - [05/Mar/2023:11:04:34 -0500] "GET /sipse/faces/javax.faces.resource/primefaces.css?ln=primefaces&v=4.0 HTTP/1.1" 304 -
186.154.33.15 - - [05/Mar/2023:11:04:34 -0500] "GET /sipse/faces/javax.faces.resource/fileupload/fileupload.css?ln=primefaces&v=4.0 HTTP/1.1" 304 -
186.154.33.15 - - [05/Mar/2023:11:04:34 -0500] "GET /sipse/faces/javax.faces.resource/jquery/jquery.js?ln=primefaces&v=4.0 HTTP/1.1" 304 -
186.154.33.15 - - [05/Mar/2023:11:04:34 -0500] "GET /sipse/faces/javax.faces.resource/jquery/jquery-plugins.js?ln=primefaces&v=4.0 HTTP/1.1" 304 -
186.154.33.15 - - [05/Mar/2023:11:04:34 -0500] "GET /sipse/faces/javax.faces.resource/primefaces.js?ln=primefaces&v=4.0 HTTP/1.1" 304 -
186.154.33.15 - - [05/Mar/2023:11:04:34 -0500] "GET /sipse/faces/javax.faces.resource/layout/layout.js?ln=primefaces&v=4.0 HTTP/1.1" 304 -
186.154.33.15 - - [05/Mar/2023:11:04:34 -0500] "GET /sipse/faces/javax.faces.resource/fileupload/fileupload.js?ln=primefaces&v=4.0 HTTP/1.1" 304 -
172.22.2.4 - - [05/Mar/2023:11:04:50 -0500] "GET /BLA/boletinlegal/styles2.css HTTP/1.1" 200 1838
172.22.2.4 - - [05/Mar/2023:11:04:50 -0500] "GET /BLA/boletinlegal/style.css HTTP/1.1" 200 9406
172.22.2.4 - - [05/Mar/2023:11:04:50 -0500] "GET /BLA/boletinlegal/js/jquery.js HTTP/1.1" 200 57254
172.22.2.4 - - [05/Mar/2023:11:04:51 -0500] "GET /BLA/boletinlegal/js/jquery.scrollTo-min.js HTTP/1.1" 200 1150
172.22.2.4 - - [05/Mar/2023:11:04:51 -0500] "GET /BLA/boletinlegal/js/jquery.scrollShow.js HTTP/1.1" 200 4586
172.22.2.4 - - [05/Mar/2023:11:04:52 -0500] "GET /BLA/boletinlegal/images/cabezote%20BLEGAL.jpg HTTP/1.1" 200 118164
172.22.2.4 - - [05/Mar/2023:11:04:53 -0500] "GET /BLA/boletinlegal/images/registro-usuarios.png HTTP/1.1" 200 8106
172.22.2.4 - - [05/Mar/2023:11:04:53 -0500] "GET /BLA/boletinlegal/images/arr_l.jpg HTTP/1.1" 200 1979
172.22.2.4 - - [05/Mar/2023:11:04:53 -0500] "GET /BLA/boletinlegal/images/subscribe-icon-big.png HTTP/1.1" 200 47702
172.22.2.4 - - [05/Mar/2023:11:04:53 -0500] "GET /BLA/boletinlegal/images/historia.png HTTP/1.1" 200 52775
172.22.2.4 - - [05/Mar/2023:11:04:49 -0500] "GET /BLA/boletinlegal/ HTTP/1.1" 200 24523
216.245.221.92 - - [05/Mar/2023:11:05:44 -0500] "HEAD / HTTP/1.1" 200 -
186.102.45.233 - - [05/Mar/2023:11:06:14 -0500] "GET /BLA/resoluciones/ HTTP/1.1" 200 13502
201.245.192.253 - - [05/Mar/2023:11:06:17 -0500] "POST /kwsrmcab/Wsrmcab  HTTP/1.1" 200 40529
186.102.45.233 - - [05/Mar/2023:11:07:17 -0500] "GET /BLA/resoluciones/AUTOS%202014/0083.pdf HTTP/1.1" 200 742529
186.102.45.233 - - [05/Mar/2023:11:06:45 -0500] "GET /BLA/resoluciones/index.php?dir=AUTOS+2014%2F HTTP/1.1" 200 667595
172.22.2.4 - - [05/Mar/2023:11:05:40 -0500] "HEAD /BLA/boletinlegal/ HTTP/1.1" 200 -
186.102.45.233 - - [05/Mar/2023:11:07:20 -0500] "GET /BLA/resoluciones/index.php?dir=AUTOS+2014%2F HTTP/1.1" 200 886776
186.102.45.233 - - [05/Mar/2023:11:08:02 -0500] "GET /BLA/resoluciones/AUTOS%202014/6793.pdf HTTP/1.1" 200 524534
172.22.2.4 - - [05/Mar/2023:11:06:30 -0500] "GET /BLA/boletinlegal/ HTTP/1.1" 200 57141
200.118.80.51 - - [05/Mar/2023:11:08:39 -0500] "GET /inscribete-y-participa-en-las-caminatas-ecologicas-de-marzo.html HTTP/1.1" 200 924
186.86.32.114 - - [05/Mar/2023:11:09:48 -0500] "GET /BLA/resoluciones/RESOLUCIONES%202022/2873.pdf HTTP/1.1" 200 397687
216.245.221.92 - - [05/Mar/2023:11:10:44 -0500] "HEAD / HTTP/1.1" 200 -
201.245.192.253 - - [05/Mar/2023:11:11:15 -0500] "POST /kwsrmcab/Wsrmcab  HTTP/1.1" 200 40529
52.167.144.65 - - [05/Mar/2023:11:11:26 -0500] "GET /portaldeninos/ HTTP/1.1" 200 110197
186.86.32.114 - - [05/Mar/2023:11:11:46 -0500] "GET /BLA/resoluciones/RESOLUCIONES%202022/0654.pdf HTTP/1.1" 200 959178
52.167.144.65 - - [05/Mar/2023:11:11:46 -0500] "GET /portaldeninos/ HTTP/1.1" 200 110197
172.22.2.4 - - [05/Mar/2023:11:11:30 -0500] "HEAD /BLA/boletinlegal/ HTTP/1.1" 200 -
173.252.111.21 - - [05/Mar/2023:11:13:26 -0500] "GET /images/caminatas-ecol\xc3\xb3gicas-marzo---1920x1080_optimized.jpg HTTP/1.1" 404 1034
172.22.2.4 - - [05/Mar/2023:11:12:20 -0500] "GET /BLA/boletinlegal/ HTTP/1.1" 200 55924
186.86.32.114 - - [05/Mar/2023:11:15:43 -0500] "GET /BLA/resoluciones/RESOLUCIONES%202022/0324.pdf HTTP/1.1" 200 537061
216.245.221.92 - - [05/Mar/2023:11:15:44 -0500] "HEAD / HTTP/1.1" 200 -
173.252.79.5 - - [05/Mar/2023:11:15:48 -0500] "GET /images/caminatas-ecol\xc3\xb3gicas-marzo---1920x1080_optimized.jpg HTTP/1.1" 404 1034
201.245.192.253 - - [05/Mar/2023:11:16:13 -0500] "POST /kwsrmcab/Wsrmcab  HTTP/1.1" 200 40529
31.13.103.19 - - [05/Mar/2023:11:17:24 -0500] "GET /images/idpyba-4-marzo-1_optimized.jpeg HTTP/1.1" 200 115318
201.245.192.253 - - [05/Mar/2023:11:17:34 -0500] "POST /kwsrmcab/Wsrmcab HTTP/1.1" 200 36860
201.245.192.253 - - [05/Mar/2023:11:17:36 -0500] "POST /kwsrmcab/Wsrmcab HTTP/1.1" 200 43141
40.77.167.240 - - [05/Mar/2023:11:17:41 -0500] "GET /BLA/resoluciones/AUTOS%202018/3532.pdf HTTP/1.1" 304 -
172.22.2.4 - - [05/Mar/2023:11:17:20 -0500] "HEAD /BLA/boletinlegal/ HTTP/1.1" 200 -
191.74.108.227 - - [05/Mar/2023:11:19:03 -0500] "GET /inscribete-y-participa-en-las-caminatas-ecologicas-de-marzo.html HTTP/1.1" 200 924
172.22.2.4 - - [05/Mar/2023:11:19:14 -0500] "GET /BLA/boletinlegal/consulta_actos.php?tipo=resoluciones&no=&usuario=&sector=SILVICULTURA&fecha=2021&resuelve= HTTP/1.1" 200 314661
172.22.2.4 - - [05/Mar/2023:11:19:18 -0500] "GET /BLA/boletinlegal/consulta_actos.php?tipo=resoluciones&no=&usuario=&sector=SILVICULTURA&fecha=2021&resuelve= HTTP/1.1" 200 314661
172.22.2.4 - - [05/Mar/2023:11:19:20 -0500] "GET /BLA/boletinlegal/actos.php HTTP/1.1" 200 9672
172.22.2.4 - - [05/Mar/2023:11:19:30 -0500] "GET /BLA/boletinlegal/consulta_actos.php?tipo=resoluciones&no=&usuario=&sector=SILVICULTURA&fecha=2023&resuelve= HTTP/1.1" 200 12845
172.22.2.4 - - [05/Mar/2023:11:18:10 -0500] "GET /BLA/boletinlegal/ HTTP/1.1" 200 57551
172.22.2.4 - - [05/Mar/2023:11:19:53 -0500] "GET /BLA/boletinlegal/consulta_actos.php?tipo=resoluciones&no=&usuario=&sector=SILVICULTURA&fecha=2021&resuelve= HTTP/1.1" 200 314661
186.86.32.114 - - [05/Mar/2023:11:20:39 -0500] "GET /BLA/resoluciones/RESOLUCIONES%202021/4734.pdf HTTP/1.1" 200 440143
172.22.2.4 - - [05/Mar/2023:11:20:40 -0500] "GET /BLA/boletinlegal/Circulares/2012/Circular%20No.%2015%20del%2022%20de%20octubre%20de%202012.pdf HTTP/1.1" 200 486506
216.245.221.92 - - [05/Mar/2023:11:20:44 -0500] "HEAD / HTTP/1.1" 200 -
201.245.192.253 - - [05/Mar/2023:11:21:12 -0500] "POST /kwsrmcab/Wsrmcab  HTTP/1.1" 200 40529
52.167.144.67 - - [05/Mar/2023:11:23:13 -0500] "GET /BLA/resoluciones/AUTOS%202014/6793.pdf HTTP/1.1" 200 524534
186.86.32.114 - - [05/Mar/2023:11:23:21 -0500] "GET /BLA/resoluciones/RESOLUCIONES%202021/4733.pdf HTTP/1.1" 200 422795
172.22.2.4 - - [05/Mar/2023:11:21:48 -0500] "GET /BLA/boletinlegal/ HTTP/1.1" 200 60084
172.22.2.4 - - [05/Mar/2023:11:23:29 -0500] "GET /BLA/boletinlegal/favicon.ico HTTP/1.1" 404 1308
172.22.2.4 - - [05/Mar/2023:11:24:42 -0500] "GET /BLA/boletinlegal/actos.php HTTP/1.1" 200 9672
172.22.2.4 - - [05/Mar/2023:11:23:10 -0500] "HEAD /BLA/boletinlegal/ HTTP/1.1" 200 -
172.22.2.4 - - [05/Mar/2023:11:24:00 -0500] "GET /BLA/boletinlegal/ HTTP/1.1" 200 57141
216.245.221.92 - - [05/Mar/2023:11:25:44 -0500] "HEAD / HTTP/1.1" 200 -
186.86.32.114 - - [05/Mar/2023:11:26:02 -0500] "GET /BLA/resoluciones/RESOLUCIONES%202021/4505.pdf HTTP/1.1" 200 344314
201.245.192.253 - - [05/Mar/2023:11:26:11 -0500] "POST /kwsrmcab/Wsrmcab  HTTP/1.1" 200 40529
186.86.32.114 - - [05/Mar/2023:11:26:18 -0500] "GET /BLA/resoluciones/RESOLUCIONES%202021/4470.pdf HTTP/1.1" 200 429039
35.234.160.247 - - [05/Mar/2023:11:26:34 -0500] "GET /inventario-de-emisiones-2020-transporte-publico-sitp-redujo-emisiones-de-pm-2-5-en-un-37.html HTTP/1.1" 200 925
34.91.35.169 - - [05/Mar/2023:11:26:45 -0500] "GET /inventario-de-emisiones-2020-transporte-publico-sitp-redujo-emisiones-de-pm-2-5-en-un-37.html HTTP/1.1" 200 925
69.63.184.119 - - [05/Mar/2023:11:27:27 -0500] "GET /images/idpyba-4-marzo-1_optimized.jpeg HTTP/1.1" 200 115318
201.244.238.63 - - [05/Mar/2023:11:27:30 -0500] "GET /BLA/resoluciones/index.php?dir=AUTOS+2015%2F HTTP/1.1" 200 579767
34.141.199.200 - - [05/Mar/2023:11:27:32 -0500] "GET /inventario-de-emisiones-2020-transporte-publico-sitp-redujo-emisiones-de-pm-2-5-en-un-37.html HTTP/1.1" 200 925
201.245.192.253 - - [05/Mar/2023:11:27:33 -0500] "POST /kwsrmcab/Wsrmcab HTTP/1.1" 200 36860
201.245.192.253 - - [05/Mar/2023:11:27:36 -0500] "POST /kwsrmcab/Wsrmcab HTTP/1.1" 200 43141
186.86.32.114 - - [05/Mar/2023:11:28:28 -0500] "GET /BLA/resoluciones/RESOLUCIONES%202021/4469.pdf HTTP/1.1" 200 458150
172.22.2.4 - - [05/Mar/2023:11:29:06 -0500] "GET /BLA/boletinlegal/actos.php HTTP/1.1" 200 9672
186.86.32.114 - - [05/Mar/2023:11:30:08 -0500] "GET /BLA/resoluciones/RESOLUCIONES%202021/4336.pdf HTTP/1.1" 200 480254
191.95.62.169 - - [05/Mar/2023:11:30:30 -0500] "GET /inscribete-y-participa-en-las-caminatas-ecologicas-de-marzo.html HTTP/1.1" 200 924
35.204.11.149 - - [05/Mar/2023:11:30:33 -0500] "GET /inventario-de-emisiones-2020-transporte-publico-sitp-redujo-emisiones-de-pm-2-5-en-un-37.html HTTP/1.1" 200 925
66.220.149.8 - - [05/Mar/2023:11:30:38 -0500] "GET /images/20%20de%20febrero%20panor\xc3\xa1mica%20de%20Bogot\xc3\xa1%20(1)%20(1).jpeg HTTP/1.1" 404 1034
172.22.2.4 - - [05/Mar/2023:11:29:00 -0500] "HEAD /BLA/boletinlegal/ HTTP/1.1" 200 -
216.245.221.92 - - [05/Mar/2023:11:30:44 -0500] "HEAD / HTTP/1.1" 200 -
173.252.111.2 - - [05/Mar/2023:11:30:44 -0500] "GET /images/caminatas-ecol\xc3\xb3gicas-marzo---1920x1080_optimized.jpg HTTP/1.1" 404 1034
201.245.192.253 - - [05/Mar/2023:11:31:10 -0500] "POST /kwsrmcab/Wsrmcab  HTTP/1.1" 200 40529
186.86.32.114 - - [05/Mar/2023:11:31:25 -0500] "GET /BLA/resoluciones/RESOLUCIONES%202021/4188.pdf HTTP/1.1" 200 499693
172.22.2.4 - - [05/Mar/2023:11:29:50 -0500] "GET /BLA/boletinlegal/ HTTP/1.1" 200 59296
186.82.93.119 - - [05/Mar/2023:11:31:39 -0500] "GET /secretaria-de-ambiente-advierte-sobre-falso-mensaje-para-inscripciones-al-programa-mujeres-que-reverdecen.html HTTP/1.1" 200 1039
172.22.2.4 - - [05/Mar/2023:11:33:03 -0500] "GET /BLA/boletinlegal/ecp/Current/exporttool/microsoft.exchange.ediscovery.exporttool.application HTTP/1.1" 404 1018
186.84.21.124 - - [05/Mar/2023:11:33:15 -0500] "POST /sipse/faces/autenticacion.xhtml HTTP/1.1" 200 2217
186.84.21.124 - - [05/Mar/2023:11:33:16 -0500] "GET /sipse/faces/javax.faces.resource/messages/messages.png?ln=primefaces&v=4.0 HTTP/1.1" 304 -
186.84.21.124 - - [05/Mar/2023:11:33:32 -0500] "POST /sipse/faces/autenticacion.xhtml HTTP/1.1" 200 2217
172.22.2.4 - - [05/Mar/2023:11:33:33 -0500] "GET /BLA/boletinlegal/owa/auth/logon.aspx HTTP/1.1" 404 1018
186.84.21.124 - - [05/Mar/2023:11:33:50 -0500] "POST /sipse/faces/autenticacion.xhtml HTTP/1.1" 200 16287
186.84.21.124 - - [05/Mar/2023:11:33:50 -0500] "GET /sipse/css/custom_css_sg_prime.css HTTP/1.1" 304 -
186.84.21.124 - - [05/Mar/2023:11:33:50 -0500] "GET /sipse/faces/javax.faces.resource/theme.css?ln=primefaces-sipse HTTP/1.1" 304 -
186.84.21.124 - - [05/Mar/2023:11:33:50 -0500] "GET /sipse/faces/javax.faces.resource/primefaces.css?ln=primefaces&v=4.0 HTTP/1.1" 304 -
186.84.21.124 - - [05/Mar/2023:11:33:50 -0500] "GET /sipse/faces/javax.faces.resource/layout/layout.css?ln=primefaces&v=4.0 HTTP/1.1" 304 -
186.84.21.124 - - [05/Mar/2023:11:33:50 -0500] "GET /sipse/js/jquery.min.js HTTP/1.1" 304 -
186.84.21.124 - - [05/Mar/2023:11:33:50 -0500] "GET /sipse/faces/javax.faces.resource/jquery/jquery.js?ln=primefaces&v=4.0 HTTP/1.1" 304 -
186.84.21.124 - - [05/Mar/2023:11:33:50 -0500] "GET /sipse/faces/javax.faces.resource/jquery/jquery-plugins.js?ln=primefaces&v=4.0 HTTP/1.1" 304 -
186.84.21.124 - - [05/Mar/2023:11:33:51 -0500] "GET /sipse/faces/javax.faces.resource/primefaces.js?ln=primefaces&v=4.0 HTTP/1.1" 304 -
186.84.21.124 - - [05/Mar/2023:11:33:51 -0500] "GET /sipse/faces/javax.faces.resource/layout/layout.js?ln=primefaces&v=4.0 HTTP/1.1" 304 -
186.84.21.124 - - [05/Mar/2023:11:33:51 -0500] "GET /sipse/imagenes/cargando.gif HTTP/1.1" 304 -
186.84.21.124 - - [05/Mar/2023:11:33:51 -0500] "GET /sipse/imagenes/logoAplicacion.jpg HTTP/1.1" 304 -
186.84.21.124 - - [05/Mar/2023:11:33:51 -0500] "GET /sipse/css/imagen/contrasena.png HTTP/1.1" 404 383
186.84.21.124 - - [05/Mar/2023:11:33:53 -0500] "GET /sipse/faces/javax.faces.resource/images/ui-bg_flat_0_2d5972_40x100.png?ln=primefaces-aristo HTTP/1.1" 304 -
186.84.21.124 - - [05/Mar/2023:11:33:53 -0500] "POST /sipse/faces/bienvenido.xhtml HTTP/1.1" 200 2658
186.84.21.124 - - [05/Mar/2023:11:33:54 -0500] "POST /sipse/faces/bienvenido.xhtml HTTP/1.1" 200 65290
186.84.21.124 - - [05/Mar/2023:11:33:55 -0500] "GET /sipse/faces/javax.faces.resource/primefaces.css?ln=primefaces&v=4.0 HTTP/1.1" 304 -
186.84.21.124 - - [05/Mar/2023:11:33:55 -0500] "GET /sipse/faces/javax.faces.resource/theme.css?ln=primefaces-sipse HTTP/1.1" 304 -
186.84.21.124 - - [05/Mar/2023:11:33:55 -0500] "GET /sipse/faces/javax.faces.resource/layout/layout.css?ln=primefaces&v=4.0 HTTP/1.1" 304 -
186.84.21.124 - - [05/Mar/2023:11:33:55 -0500] "GET /sipse/faces/javax.faces.resource/jquery/jquery.js?ln=primefaces&v=4.0 HTTP/1.1" 304 -
186.84.21.124 - - [05/Mar/2023:11:33:55 -0500] "GET /sipse/faces/javax.faces.resource/jquery/jquery-plugins.js?ln=primefaces&v=4.0 HTTP/1.1" 304 -
186.84.21.124 - - [05/Mar/2023:11:33:55 -0500] "GET /sipse/faces/javax.faces.resource/primefaces.js?ln=primefaces&v=4.0 HTTP/1.1" 304 -
186.84.21.124 - - [05/Mar/2023:11:33:55 -0500] "GET /sipse/faces/javax.faces.resource/layout/layout.js?ln=primefaces&v=4.0 HTTP/1.1" 304 -
186.81.100.17 - - [05/Mar/2023:11:33:57 -0500] "GET /galeria/galeria/jquery.fancybox.css?v=2.1.5 HTTP/1.1" 200 4895
186.84.21.124 - - [05/Mar/2023:11:33:58 -0500] "POST /sipse/faces/presentacion/financiero/solicitudProceso/listarSolicitudProceso.xhtml HTTP/1.1" 200 1560
186.84.21.124 - - [05/Mar/2023:11:33:59 -0500] "POST /sipse/faces/presentacion/financiero/solicitudProceso/listarSolicitudProceso.xhtml HTTP/1.1" 200 2849
186.84.21.124 - - [05/Mar/2023:11:34:01 -0500] "POST /sipse/faces/presentacion/financiero/solicitudProceso/listarSolicitudProceso.xhtml HTTP/1.1" 200 40770
186.84.21.124 - - [05/Mar/2023:11:34:01 -0500] "GET /sipse/faces/javax.faces.resource/primefaces.css?ln=primefaces&v=4.0 HTTP/1.1" 304 -
186.84.21.124 - - [05/Mar/2023:11:34:01 -0500] "GET /sipse/faces/javax.faces.resource/theme.css?ln=primefaces-sipse HTTP/1.1" 304 -
186.84.21.124 - - [05/Mar/2023:11:34:01 -0500] "GET /sipse/faces/javax.faces.resource/layout/layout.css?ln=primefaces&v=4.0 HTTP/1.1" 304 -
186.84.21.124 - - [05/Mar/2023:11:34:01 -0500] "GET /sipse/faces/javax.faces.resource/jquery/jquery.js?ln=primefaces&v=4.0 HTTP/1.1" 304 -
186.84.21.124 - - [05/Mar/2023:11:34:01 -0500] "GET /sipse/faces/javax.faces.resource/jquery/jquery-plugins.js?ln=primefaces&v=4.0 HTTP/1.1" 304 -
186.84.21.124 - - [05/Mar/2023:11:34:01 -0500] "GET /sipse/faces/javax.faces.resource/primefaces.js?ln=primefaces&v=4.0 HTTP/1.1" 304 -
186.84.21.124 - - [05/Mar/2023:11:34:01 -0500] "GET /sipse/faces/javax.faces.resource/layout/layout.js?ln=primefaces&v=4.0 HTTP/1.1" 304 -
186.84.21.124 - - [05/Mar/2023:11:34:01 -0500] "POST /sipse/faces/presentacion/financiero/solicitudProceso/consultar.xhtml HTTP/1.1" 200 34137
186.86.32.114 - - [05/Mar/2023:11:34:06 -0500] "GET /BLA/resoluciones/RESOLUCIONES%202021/2034.pdf HTTP/1.1" 200 379109
186.84.21.124 - - [05/Mar/2023:11:35:07 -0500] "POST /sipse/faces/presentacion/financiero/solicitudProceso/consultar.xhtml HTTP/1.1" 200 12913
186.86.32.114 - - [05/Mar/2023:11:35:08 -0500] "GET /BLA/resoluciones/RESOLUCIONES%202021/1947.pdf HTTP/1.1" 200 473413
186.84.21.124 - - [05/Mar/2023:11:35:13 -0500] "POST /sipse/faces/presentacion/financiero/solicitudProceso/consultar.xhtml HTTP/1.1" 200 159818
186.84.21.124 - - [05/Mar/2023:11:35:14 -0500] "GET /sipse/faces/javax.faces.resource/theme.css?ln=primefaces-sipse HTTP/1.1" 304 -
186.84.21.124 - - [05/Mar/2023:11:35:14 -0500] "GET /sipse/faces/javax.faces.resource/primefaces.css?ln=primefaces&v=4.0 HTTP/1.1" 304 -
186.84.21.124 - - [05/Mar/2023:11:35:14 -0500] "GET /sipse/faces/javax.faces.resource/layout/layout.css?ln=primefaces&v=4.0 HTTP/1.1" 304 -
186.84.21.124 - - [05/Mar/2023:11:35:14 -0500] "GET /sipse/faces/javax.faces.resource/jquery/jquery.js?ln=primefaces&v=4.0 HTTP/1.1" 304 -
186.84.21.124 - - [05/Mar/2023:11:35:14 -0500] "GET /sipse/faces/javax.faces.resource/jquery/jquery-plugins.js?ln=primefaces&v=4.0 HTTP/1.1" 304 -
186.84.21.124 - - [05/Mar/2023:11:35:14 -0500] "GET /sipse/faces/javax.faces.resource/primefaces.js?ln=primefaces&v=4.0 HTTP/1.1" 304 -
186.84.21.124 - - [05/Mar/2023:11:35:14 -0500] "GET /sipse/faces/javax.faces.resource/layout/layout.js?ln=primefaces&v=4.0 HTTP/1.1" 304 -
199.16.157.182 - - [05/Mar/2023:11:35:25 -0500] "GET /secretaria-de-ambiente-destaca-aportes-de-empresas-y-ciudadanos-que-ayudaron-a-mitigar-efectos-de-la-alerta-fase-i.html HTTP/1.1" 200 1019
199.16.157.183 - - [05/Mar/2023:11:35:26 -0500] "GET /images/empresas-alertas_optimized.jpeg HTTP/1.1" 200 142365
34.141.199.200 - - [05/Mar/2023:11:35:28 -0500] "GET /inventario-de-emisiones-2020-transporte-publico-sitp-redujo-emisiones-de-pm-2-5-en-un-37.html HTTP/1.1" 200 925
172.22.2.4 - - [05/Mar/2023:11:35:37 -0500] "GET /BLA/boletinlegal/robots.txt HTTP/1.1" 404 1038
172.22.2.4 - - [05/Mar/2023:11:35:37 -0500] "GET /BLA/boletinlegal/Circulares/2019/Circular%20No.%200005%20del%2020%20de%20Marzo%20de%202019.pdf HTTP/1.1" 200 159877
