181.54.228.54 - - [05/Mar/2023:09:06:24 -0500] "GET /BLA/resoluciones/RESOLUCIONES%202022/3439.pdf HTTP/1.1" 200 399775
181.54.228.54 - - [05/Mar/2023:09:06:45 -0500] "GET /BLA/resoluciones/RESOLUCIONES%202022/3435.pdf HTTP/1.1" 200 393912
191.95.48.86 - - [05/Mar/2023:09:06:46 -0500] "GET /BLA/boletinlegal/js/jquery.scrollShow.js HTTP/1.1" 200 4586
191.95.48.86 - - [05/Mar/2023:09:06:46 -0500] "GET /galeria/galeria/jquery.fancybox.css?v=2.1.5 HTTP/1.1" 200 4895
191.95.48.86 - - [05/Mar/2023:09:06:46 -0500] "GET /galeria/galeria/jquery.fancybox.js?v=2.1.5 HTTP/1.1" 200 48706
201.245.192.253 - - [05/Mar/2023:09:06:45 -0500] "POST /kwsrmcab/Wsrmcab  HTTP/1.1" 200 40529
173.252.111.22 - - [05/Mar/2023:09:07:05 -0500] "GET /images/caminatas-ecol\xc3\xb3gicas-marzo---1920x1080_optimized.jpg HTTP/1.1" 404 1034
52.167.144.64 - - [05/Mar/2023:09:07:45 -0500] "GET /images/moda-circular-secretaria-19-mayo.jpg HTTP/1.1" 200 35092
185.119.81.104 - - [05/Mar/2023:09:08:35 -0500] "GET /portaldeninos/wp-login.php HTTP/1.1" 200 2592
185.119.81.104 - - [05/Mar/2023:09:08:36 -0500] "POST /portaldeninos/wp-login.php HTTP/1.1" 200 3605
181.54.228.54 - - [05/Mar/2023:09:09:37 -0500] "GET /BLA/resoluciones/RESOLUCIONES%202022/3391.pdf HTTP/1.1" 200 580931
173.252.107.4 - - [05/Mar/2023:09:09:51 -0500] "GET /images/caminatas-ecol%C3%B3gicas-marzo---1920x1080_optimized.jpg HTTP/1.1" 404 1034
31.13.127.119 - - [05/Mar/2023:09:10:04 -0500] "GET /images/caminatas-ecol\xc3\xb3gicas-marzo---1920x1080_optimized.jpg HTTP/1.1" 404 1034
181.54.228.54 - - [05/Mar/2023:09:10:24 -0500] "GET /BLA/resoluciones/RESOLUCIONES%202022/3389.pdf HTTP/1.1" 200 609831
172.22.2.4 - - [05/Mar/2023:09:09:00 -0500] "HEAD /BLA/boletinlegal/ HTTP/1.1" 200 -
216.245.221.92 - - [05/Mar/2023:09:10:44 -0500] "HEAD / HTTP/1.1" 200 -
172.22.2.4 - - [05/Mar/2023:09:09:51 -0500] "GET /BLA/boletinlegal/ HTTP/1.1" 200 59296
181.54.228.54 - - [05/Mar/2023:09:11:33 -0500] "GET /BLA/resoluciones/RESOLUCIONES%202022/3387.pdf HTTP/1.1" 200 649484
201.245.192.253 - - [05/Mar/2023:09:11:44 -0500] "POST /kwsrmcab/Wsrmcab  HTTP/1.1" 200 40529
181.54.228.54 - - [05/Mar/2023:09:12:07 -0500] "GET /BLA/resoluciones/RESOLUCIONES%202022/3375.pdf HTTP/1.1" 200 482384
168.119.253.69 - - [05/Mar/2023:09:12:36 -0500] "GET / HTTP/1.1" 200 319
168.119.253.69 - - [05/Mar/2023:09:12:36 -0500] "GET / HTTP/1.1" 200 4720
181.54.228.54 - - [05/Mar/2023:09:13:25 -0500] "GET /BLA/resoluciones/ HTTP/1.1" 200 13502
181.54.228.54 - - [05/Mar/2023:09:13:26 -0500] "GET /BLA/resoluciones/dlf/styles.css HTTP/1.1" 200 3049
181.54.228.54 - - [05/Mar/2023:09:13:26 -0500] "GET /BLA/resoluciones/dlf/folder.png HTTP/1.1" 200 410
181.54.228.54 - - [05/Mar/2023:09:13:26 -0500] "GET /BLA/resoluciones/dlf/bg.gif HTTP/1.1" 200 54
181.54.228.54 - - [05/Mar/2023:09:13:29 -0500] "GET /BLA/resoluciones/dlf/pdf.gif HTTP/1.1" 200 272
181.54.228.54 - - [05/Mar/2023:09:13:29 -0500] "GET /BLA/resoluciones/dlf/dirup.png HTTP/1.1" 200 644
181.54.228.54 - - [05/Mar/2023:09:13:28 -0500] "GET /BLA/resoluciones/index.php?dir=AUTOS+2022%2F HTTP/1.1" 200 437685
216.245.221.92 - - [05/Mar/2023:09:15:44 -0500] "HEAD / HTTP/1.1" 200 -
173.252.87.20 - - [05/Mar/2023:09:15:54 -0500] "GET /images/caminatas-ecol\xc3\xb3gicas-marzo---1920x1080_optimized.jpg HTTP/1.1" 404 1034
172.22.2.4 - - [05/Mar/2023:09:14:50 -0500] "HEAD /BLA/boletinlegal/ HTTP/1.1" 200 -
201.245.192.253 - - [05/Mar/2023:09:16:43 -0500] "POST /kwsrmcab/Wsrmcab  HTTP/1.1" 200 40529
104.200.151.63 - - [05/Mar/2023:09:17:13 -0500] "GET /wp-login.php HTTP/1.1" 404 1018
172.22.2.4 - - [05/Mar/2023:09:15:41 -0500] "GET /BLA/boletinlegal/ HTTP/1.1" 200 59296
201.245.192.253 - - [05/Mar/2023:09:17:34 -0500] "POST /kwsrmcab/Wsrmcab HTTP/1.1" 200 40585
201.245.192.253 - - [05/Mar/2023:09:17:36 -0500] "POST /kwsrmcab/Wsrmcab HTTP/1.1" 200 42427
173.252.83.15 - - [05/Mar/2023:09:17:49 -0500] "GET /images/20%20de%20febrero%20panor\xc3\xa1mica%20de%20Bogot\xc3\xa1%20(1)%20(1).jpeg HTTP/1.1" 404 1034
216.245.221.92 - - [05/Mar/2023:09:20:44 -0500] "HEAD / HTTP/1.1" 200 -
34.78.6.216 - - [05/Mar/2023:09:21:28 -0500] "GET / HTTP/1.1" 200 319
201.245.192.253 - - [05/Mar/2023:09:21:42 -0500] "POST /kwsrmcab/Wsrmcab  HTTP/1.1" 200 40529
172.22.2.4 - - [05/Mar/2023:09:20:40 -0500] "HEAD /BLA/boletinlegal/ HTTP/1.1" 200 -
173.252.83.19 - - [05/Mar/2023:09:22:27 -0500] "GET /images/8%20de%20febrero%20incendio%20forestal.jpeg HTTP/1.1" 200 56283
173.252.87.119 - - [05/Mar/2023:09:22:38 -0500] "GET /images/Secretarias%20Fondo%20carga%206%20de%20febrero.jpeg HTTP/1.1" 200 55460
173.252.79.20 - - [05/Mar/2023:09:22:38 -0500] "GET /images/vertimiento-Comprimida%20(1).png HTTP/1.1" 200 22870
186.155.73.238 - - [05/Mar/2023:09:22:39 -0500] "GET /inscribete-y-participa-en-las-caminatas-ecologicas-de-marzo.html HTTP/1.1" 200 924
173.252.127.5 - - [05/Mar/2023:09:22:55 -0500] "GET /images/2%20de%20febrero%20liberaci\xc3\xb3n%20Tunjo.jpeg HTTP/1.1" 404 1034
173.252.79.14 - - [05/Mar/2023:09:23:00 -0500] "GET /images/1%20de%20febrero%20D\xc3\xada%20sin%20carro.jpeg HTTP/1.1" 404 1034
173.252.127.8 - - [05/Mar/2023:09:23:08 -0500] "GET /images/1%20de%20febrero%20Humedal%20El%20Tunjo.jpeg HTTP/1.1" 200 52973
172.22.2.4 - - [05/Mar/2023:09:21:31 -0500] "GET /BLA/boletinlegal/ HTTP/1.1" 200 59296
191.156.63.162 - - [05/Mar/2023:09:23:31 -0500] "GET /inscribete-y-participa-en-las-caminatas-ecologicas-de-marzo.html HTTP/1.1" 200 924
173.252.111.21 - - [05/Mar/2023:09:23:38 -0500] "GET /images/caminatas-ecol\xc3\xb3gicas-marzo---1920x1080_optimized.jpg HTTP/1.1" 404 1034
35.204.11.149 - - [05/Mar/2023:09:23:38 -0500] "GET /inventario-de-emisiones-2020-transporte-publico-sitp-redujo-emisiones-de-pm-2-5-en-un-37.html HTTP/1.1" 200 925
181.56.235.113 - - [05/Mar/2023:09:23:55 -0500] "GET /BLA/resoluciones/index.php?dir= HTTP/1.1" 200 13502
69.63.184.119 - - [05/Mar/2023:09:25:40 -0500] "GET /images/foto%202.jpg HTTP/1.1" 200 63300
216.245.221.92 - - [05/Mar/2023:09:25:44 -0500] "HEAD / HTTP/1.1" 200 -
173.252.107.7 - - [05/Mar/2023:09:26:03 -0500] "GET /concentracion-de-material-particulado-disminuye-y-secretaria-de-ambiente-levanta-alerta-fase-i-por-calidad-del-aire.html HTTP/1.1" 206 927
201.245.192.253 - - [05/Mar/2023:09:26:41 -0500] "POST /kwsrmcab/Wsrmcab  HTTP/1.1" 200 40529
172.22.2.4 - - [05/Mar/2023:09:26:46 -0500] "GET /BLA/boletinlegal/actos.php HTTP/1.1" 200 9672
172.22.2.4 - - [05/Mar/2023:09:26:47 -0500] "GET /BLA/boletinlegal/favicon.ico HTTP/1.1" 404 1326
186.29.206.10 - - [05/Mar/2023:09:26:49 -0500] "GET /BLA/resoluciones/ HTTP/1.1" 200 13502
186.29.206.10 - - [05/Mar/2023:09:26:59 -0500] "GET /BLA/resoluciones/index.php?dir=AUTOS+2022%2F HTTP/1.1" 200 437685
186.29.206.10 - - [05/Mar/2023:09:27:12 -0500] "GET /BLA/resoluciones/AUTOS%202022/1034.pdf HTTP/1.1" 200 359305
172.22.2.4 - - [05/Mar/2023:09:26:42 -0500] "GET /BLA/boletinlegal/ HTTP/1.1" 200 24523
201.245.192.253 - - [05/Mar/2023:09:27:34 -0500] "POST /kwsrmcab/Wsrmcab HTTP/1.1" 200 40585
201.245.192.253 - - [05/Mar/2023:09:27:37 -0500] "POST /kwsrmcab/Wsrmcab HTTP/1.1" 200 42427
172.22.2.4 - - [05/Mar/2023:09:28:07 -0500] "GET /BLA/boletinlegal/actos.php HTTP/1.1" 200 9672
172.22.2.4 - - [05/Mar/2023:09:26:30 -0500] "HEAD /BLA/boletinlegal/ HTTP/1.1" 200 -
172.22.2.4 - - [05/Mar/2023:09:27:21 -0500] "GET /BLA/boletinlegal/ HTTP/1.1" 200 57551
172.22.2.4 - - [05/Mar/2023:09:29:04 -0500] "GET /BLA/boletinlegal/actos.php HTTP/1.1" 200 9672
66.249.66.6 - - [05/Mar/2023:09:29:54 -0500] "-" 408 -
173.252.111.2 - - [05/Mar/2023:09:30:21 -0500] "GET /images/caminatas-ecol\xc3\xb3gicas-marzo---1920x1080_optimized.jpg HTTP/1.1" 404 1034
181.53.13.142 - - [05/Mar/2023:09:30:31 -0500] "GET /kwssiamovil/sm/acme/a?s=U2FsdGVkX1/Mjzb1pz+8dSEmvPYBEB5OnjTDbycq+8WXawfVw3MKKCNyCB8lWavU1787FjrsT/qHgS+fjonQFsy7N+a8M886vD0rW1EozevKdcyk+PuFASrMLccpDmCRrwM0RZBYSDaoCqis8TlUUHHk6KjAQMgfm6fTedwr9Ebv58D7mX9m1p+nPwfU1NK46V7GPVKxs7HEJLum+cxPR09W8kpzXhFLiMgdT3wHaiggZM2/kX11T29hvEODrAYsXFuRntRqC8cG0UKtjmnZeTzh7CPgYT+LSCr+z288y+8=&u=U2FsdGVkX1/FUbhyb4PflAZEILXp+pDPaTeGNXjbWS/FWARt7D2XcfFCFfpUQ4Nh&y=U2FsdGVkX1+qBnX6/1p3M9iJNf8d1w29w0NyKQIAKBe0v+/DicTvN/YYP1u6jQNa HTTP/1.1" 200 26
181.53.13.142 - - [05/Mar/2023:09:30:32 -0500] "GET /kwssiamovil/sm/acme/a?s=U2FsdGVkX1+xNsb6yP0RX6N7W7OqKN1VhDhjtU4fJ25Sf8fQwsD0wPSDLoMU8PyneU7C3AfixVNSuy+p4T06olPZAMnmEOzC5KOfmpzLZDisiyDhGX+05JzflMfqkHVMka9lQN5iIqnanOjEo/SPo6FJbdyLpht67ELRGD5uiCYC1KZ7u5ta6L0+r/xhBqWffh8yCE45HTrCJ9g3Mg6bDHbhIm0CSEQ92MXL8rQkBD7DBGMb/h2P0obg1uSL6WjfjSnguh1TOAw8DluPo9Ea0jjwj6OCqoZ+A7SqICYuTvRdGfMlWGc8uYlz54QpC5NpPqbxuO/g4+HVtmj1wc0zntQkaYOP4h9RQy64obgYApLTK5xbIHA+w9WQLZqoG986FseE84sGGPFY6ziALfcFGZ5vf5KATMcgQ4+hJ9kyUyQElcp4d+5zAzyI8YB4+6f0fcasOqZfGOGu2Nz1Mp0N04GIiD+TE+eJRaru5HKUG5FVfcQW3pTT+xZ8fqwC1CbUEzsr4mzelgkmJXh3nyY2Y3GtJ0VeiqsvZgiQg09TMHQtNzGt7oMLyQDzW865v8iYz98DYNXMT9dn5g/xVVQKQkaF5V3D0txothKiZfCzmQGmBmkLen7QTQ4MuM/0NC0ejfS2MafWmV1Egaq0qBd/S/1YTFrH9OS57X9c67I6EYskj1CRveWjDG+T4+GJTuCrA0ie8obXG3Ys0QnrWPntOozwpYKeSX8zf/RpXVmSgeQv4XnrXV414cDzBHn4uEs8SFEViJWKZA5TspmOeBR+ao5ht2Yzw5bAsPugy5WO4lfUuoVaNK/oCIpoK4JavjsGF/WOhnSQ8+SLGV6o90MyOew6O0n1qSZpCu6bp0AsLeF1uYmgvEJ1XVZAx++w73LsGW7BtLfsp209KoHg2fxNXTFc5h0Kt2p9xT6O3Ud0Ia7qEk/KxmpFh4vWqZV0E8nbAEDra6N/bw+rR0tJJxboXzo9QcOG4o3n/YtOD3P+As/whfoCqnNaSP8DCBwYifd05ryQhjCNpAt3TdEo8UShkCjLuT4N0UFP6ZcR32T4VdDqnbzAf3J65YGkx5jeKoNJ+NtHa4Z7hC1zbW48deUeFkpwjjK49KRIX7djw3Z+Wl21q2wyxS8VbPwSoBPg5wBRWZBLb9F4jdEn9fUDP1VZFZwHRF+V3JNb/otjY0fUqlJNcVTHi8Cz9tRtN54I/zjJ1fBtEA5j/osheorOAzBC/5rO8zwQZyrsCjyFfZynfnt9LrBEi0D5MhS/ytKGDaDZCoafNnDA38YCJ0VP3czUDFGCk3EG3N28bDOg30jcFm/iAMOLmft1EuTSr+QThqbrj95COQxonH3qYjz0xVWvR/B1D2oJ+0F/JAfsRmZ6/1ZLHA8OVDjSy53BCxgq++ENiMoHOpJetz4p2eaJEULdXVJPOhsxv7qaHZ2MaHESVvSIlWnP2yvaU1wIT66CrZZGPNqpYk0b1Qg8SMZMlgcWSZp5kxkTbUIGveqGC0Hw18X3tdxDgft51dqh2WXP9zE/6JtrvI4hayY9D8YyYKgU7xtAOYT7t42iunoHwvD8+mIRJaXeFHnQD1Y7h1mTKy9P2KDTKNpjC8Hai1SstPtT/ao425YbvEoVDrBwPkOz1b+zugMOCnOQ+XMOQHLNf9rjuLgQLEkXUnhmY13InwDYRLLjEPmxKnDlzcHSxkEyPK0BS6VyJ9Je9CyfYD67lASYH9nfolCvD4d2TDnDLUvcrXxFbLDp3inqrehUbD9BRTHiMsJN8sGBwEQJxZagVyxLKfYn32rqTIVXTk4kbjtLNbbzOL5euyzcTbcGSLi0RaanB1SF5LBDfqqUvSjq+NZucXWG0TqZrnAfo/rG/SJbEg==&u=U2FsdGVkX1/FUbhyb4PflAZEILXp+pDPaTeGNXjbWS/FWARt7D2XcfFCFfpUQ4Nh&y=U2FsdGVkX1+qBnX6/1p3M9iJNf8d1w29w0NyKQIAKBe0v+/DicTvN/YYP1u6jQNa HTTP/1.1" 200 26
181.53.13.142 - - [05/Mar/2023:09:30:32 -0500] "GET /kwssiamovil/sm/acme/a?s=U2FsdGVkX1+LUSy3mTkyqcsJoUp9Jj2MF/YaqGv8rBdFLD9xbkfxSMF4aT/qYDxX5dSBvcAu1egvIhXQcHDHmaOi9WJBhGwgtOXC7Iczv1mmWOx/V3HAnBidcDYCpjdqKY1ajkeo+gSLU44KvGqCu5bYpujvxGlwGrUH6TaLH2g=&u=U2FsdGVkX1/FUbhyb4PflAZEILXp+pDPaTeGNXjbWS/FWARt7D2XcfFCFfpUQ4Nh&y=U2FsdGVkX1+qBnX6/1p3M9iJNf8d1w29w0NyKQIAKBe0v+/DicTvN/YYP1u6jQNa HTTP/1.1" 200 26
181.53.13.142 - - [05/Mar/2023:09:30:33 -0500] "GET /kwssiamovil/sm/acme/a?s=U2FsdGVkX1+Uc805cUlvrTdPnbMLzBhU0wBJi+dCmcQgiAZotCxpLmYxdQtwwo86FbJThkU3pACLTq4OErZEyonYurAPv+//R5Hq3uUZqesvtYz52b3CcPDvWUPoXCuUi9WUa5rAE4KoYv0FyZ/4Xk0qBQMjYCE6YRj4vLdRJgY=&u=U2FsdGVkX1/FUbhyb4PflAZEILXp+pDPaTeGNXjbWS/FWARt7D2XcfFCFfpUQ4Nh&y=U2FsdGVkX1+qBnX6/1p3M9iJNf8d1w29w0NyKQIAKBe0v+/DicTvN/YYP1u6jQNa HTTP/1.1" 200 26
181.53.13.142 - - [05/Mar/2023:09:30:33 -0500] "GET /kwssiamovil/sm/acme/a?s=U2FsdGVkX18Y93KLK7H/5dXjq21qHqxqIU4GKH3IUZR5BoJ2Lhia5pJpXVWKzio2cuA3L4C90o8KvYmBfMFj2p05K4swQx4bCJBTgeptuIq1RIO483mUOri72CvzktybebnwPy2dcjjL4ep8XIBDMMfdIXoF7tRvJwt9CZqyFpc=&u=U2FsdGVkX1/FUbhyb4PflAZEILXp+pDPaTeGNXjbWS/FWARt7D2XcfFCFfpUQ4Nh&y=U2FsdGVkX1+qBnX6/1p3M9iJNf8d1w29w0NyKQIAKBe0v+/DicTvN/YYP1u6jQNa HTTP/1.1" 200 26
181.53.13.142 - - [05/Mar/2023:09:30:33 -0500] "GET /kwssiamovil/sm/acme/a?s=U2FsdGVkX18jyo0CE6Zqm098F1GvVAcX3uEf/ee96YFS73pnkGDK1xaiJRLwVjdS28ttiZ6TKDih95fyCsPlHusawp5NaDCxZ2d0kcv9YbK+o/msYeW1kGSBbqLlGiFk/gkzvd7jal3fY/EW5Wd69eJ+hWPc+YboCEvyl8AQzSnAcOhKVwDXv+rloEVEJPRpi35WVKSC/gdt4L6ptyMEoQ==&u=U2FsdGVkX1/FUbhyb4PflAZEILXp+pDPaTeGNXjbWS/FWARt7D2XcfFCFfpUQ4Nh&y=U2FsdGVkX1+qBnX6/1p3M9iJNf8d1w29w0NyKQIAKBe0v+/DicTvN/YYP1u6jQNa HTTP/1.1" 200 26
216.245.221.92 - - [05/Mar/2023:09:30:44 -0500] "HEAD / HTTP/1.1" 200 -
173.252.87.16 - - [05/Mar/2023:09:31:19 -0500] "GET /images/caminatas-ecol\xc3\xb3gicas-marzo---1920x1080_optimized.jpg HTTP/1.1" 404 1034
45.33.80.243 - - [05/Mar/2023:09:31:26 -0500] "\x16\x03\x01" 400 226
181.51.197.185 - - [05/Mar/2023:09:31:28 -0500] "GET /inscribete-y-participa-en-las-caminatas-ecologicas-de-marzo.html?fbclid=IwAR0Gz9Ypn5B87jLjcLigQgxThbq6KO6h22oW-40hIlrx4cNQQAYGRpS1Sx4 HTTP/1.1" 200 924
201.245.192.253 - - [05/Mar/2023:09:31:39 -0500] "POST /kwsrmcab/Wsrmcab  HTTP/1.1" 200 40529
172.22.2.4 - - [05/Mar/2023:09:33:40 -0500] "GET /BLA/boletinlegal/actos.php HTTP/1.1" 200 9672
172.22.2.4 - - [05/Mar/2023:09:32:20 -0500] "HEAD /BLA/boletinlegal/ HTTP/1.1" 200 -
172.22.2.4 - - [05/Mar/2023:09:33:11 -0500] "GET /BLA/boletinlegal/ HTTP/1.1" 200 59296
181.136.135.64 - - [05/Mar/2023:09:35:20 -0500] "GET /inscribete-y-participa-en-las-caminatas-ecologicas-de-marzo.html HTTP/1.1" 200 924
173.252.95.6 - - [05/Mar/2023:09:35:26 -0500] "GET /que-orgullo-bogota-obtiene-reconocimiento-por-sus-planes-y-acciones-para-enfrentar-el-cambio-climatico.html HTTP/1.1" 206 773
216.245.221.92 - - [05/Mar/2023:09:35:44 -0500] "HEAD / HTTP/1.1" 200 -
201.245.192.253 - - [05/Mar/2023:09:36:39 -0500] "POST /kwsrmcab/Wsrmcab  HTTP/1.1" 200 40529
162.243.147.31 - - [05/Mar/2023:09:36:55 -0500] "MGLNDD_190.27.245.106_80" 501 953
181.61.205.62 - - [05/Mar/2023:09:36:59 -0500] "GET /inscribete-y-participa-en-las-caminatas-ecologicas-de-marzo.html HTTP/1.1" 200 924
201.184.60.18 - - [05/Mar/2023:09:37:32 -0500] "GET /agendate-para-participar-en-las-caminatas-ecologicas-de-febrero.html HTTP/1.1" 200 830
201.245.192.253 - - [05/Mar/2023:09:37:34 -0500] "POST /kwsrmcab/Wsrmcab HTTP/1.1" 200 40585
201.245.192.253 - - [05/Mar/2023:09:37:36 -0500] "POST /kwsrmcab/Wsrmcab HTTP/1.1" 200 42427
172.22.2.4 - - [05/Mar/2023:09:38:11 -0500] "GET /BLA/boletinlegal/actos.php HTTP/1.1" 200 9672
172.22.2.4 - - [05/Mar/2023:09:38:11 -0500] "GET /BLA/boletinlegal/favicon.ico HTTP/1.1" 404 1326
172.22.2.4 - - [05/Mar/2023:09:38:26 -0500] "GET /BLA/boletinlegal/consulta_actos.php?tipo=resoluciones&no=1787&usuario=&sector=&fecha=2017&resuelve= HTTP/1.1" 200 1098
190.26.164.89 - - [05/Mar/2023:09:38:29 -0500] "GET /BLA/resoluciones/RESOLUCIONES%202017/1787.pdf HTTP/1.1" 200 568555
172.22.2.4 - - [05/Mar/2023:09:38:04 -0500] "GET /BLA/boletinlegal/ HTTP/1.1" 200 24523
186.83.224.121 - - [05/Mar/2023:09:39:33 -0500] "GET /inscribete-y-participa-en-las-caminatas-ecologicas-de-marzo.html HTTP/1.1" 200 924
172.22.2.4 - - [05/Mar/2023:09:38:10 -0500] "HEAD /BLA/boletinlegal/ HTTP/1.1" 200 -
172.22.2.4 - - [05/Mar/2023:09:39:01 -0500] "GET /BLA/boletinlegal/ HTTP/1.1" 200 59646
216.245.221.92 - - [05/Mar/2023:09:40:44 -0500] "HEAD / HTTP/1.1" 200 -
192.190.42.228 - - [05/Mar/2023:09:40:50 -0500] "GET / HTTP/1.1" 200 319
192.190.42.228 - - [05/Mar/2023:09:40:50 -0500] "GET /manager/html HTTP/1.1" 404 1018
190.60.254.219 - - [05/Mar/2023:09:40:53 -0500] "GET /inscribete-y-participa-en-las-caminatas-ecologicas-de-marzo.html HTTP/1.1" 200 924
191.156.133.176 - - [05/Mar/2023:09:41:15 -0500] "GET /BLA/boletinlegal/js/jquery.scrollShow.js HTTP/1.1" 200 4586
191.156.133.176 - - [05/Mar/2023:09:41:15 -0500] "GET /galeria/galeria/jquery.fancybox.js?v=2.1.5 HTTP/1.1" 200 48706
191.156.133.176 - - [05/Mar/2023:09:41:15 -0500] "GET /galeria/galeria/jquery.fancybox.css?v=2.1.5 HTTP/1.1" 200 4895
185.119.81.97 - - [05/Mar/2023:09:41:16 -0500] "GET /portaldeninos/wp-login.php HTTP/1.1" 200 2592
185.119.81.97 - - [05/Mar/2023:09:41:17 -0500] "POST /portaldeninos/wp-login.php HTTP/1.1" 200 3650
201.245.192.253 - - [05/Mar/2023:09:41:38 -0500] "POST /kwsrmcab/Wsrmcab  HTTP/1.1" 200 40529
172.22.2.4 - - [05/Mar/2023:09:44:00 -0500] "HEAD /BLA/boletinlegal/ HTTP/1.1" 200 -
216.245.221.92 - - [05/Mar/2023:09:45:44 -0500] "HEAD / HTTP/1.1" 200 -
172.22.2.4 - - [05/Mar/2023:09:44:51 -0500] "GET /BLA/boletinlegal/ HTTP/1.1" 200 57935
201.245.192.253 - - [05/Mar/2023:09:46:36 -0500] "POST /kwsrmcab/Wsrmcab  HTTP/1.1" 200 40529
173.252.95.10 - - [05/Mar/2023:09:48:01 -0500] "GET /bogota-tendra-la-primera-planta-de-termovalorizacion-de-colombia-la-cual-convertira-los-residuos-en-energia-para-la-ciudad.html HTTP/1.1" 206 883
181.136.135.64 - - [05/Mar/2023:09:48:59 -0500] "GET /inscribete-y-participa-en-las-caminatas-ecologicas-de-marzo.html HTTP/1.1" 200 924
172.22.2.4 - - [05/Mar/2023:09:49:51 -0500] "GET /BLA/boletinlegal/actos.php HTTP/1.1" 200 9672
216.245.221.92 - - [05/Mar/2023:09:50:44 -0500] "HEAD / HTTP/1.1" 200 -
172.22.2.4 - - [05/Mar/2023:09:49:50 -0500] "HEAD /BLA/boletinlegal/ HTTP/1.1" 200 -
201.245.192.253 - - [05/Mar/2023:09:51:35 -0500] "POST /kwsrmcab/Wsrmcab  HTTP/1.1" 200 40529
172.22.2.4 - - [05/Mar/2023:09:50:41 -0500] "GET /BLA/boletinlegal/ HTTP/1.1" 200 57551
173.252.111.23 - - [05/Mar/2023:09:53:12 -0500] "GET /images/caminatas-ecol\xc3\xb3gicas-marzo---1920x1080_optimized.jpg HTTP/1.1" 404 1034
186.80.52.220 - - [05/Mar/2023:09:53:47 -0500] "GET /BLA/boletinlegal/js/jquery.scrollShow.js HTTP/1.1" 200 4586
186.80.52.220 - - [05/Mar/2023:09:53:47 -0500] "GET /galeria/galeria/jquery.fancybox.css?v=2.1.5 HTTP/1.1" 200 4895
186.80.52.220 - - [05/Mar/2023:09:53:47 -0500] "GET /galeria/galeria/jquery.fancybox.js?v=2.1.5 HTTP/1.1" 200 48706
216.245.221.92 - - [05/Mar/2023:09:55:44 -0500] "HEAD / HTTP/1.1" 200 -
201.245.192.253 - - [05/Mar/2023:09:56:34 -0500] "POST /kwsrmcab/Wsrmcab  HTTP/1.1" 200 40529
172.22.2.4 - - [05/Mar/2023:09:55:40 -0500] "HEAD /BLA/boletinlegal/ HTTP/1.1" 200 -
172.22.2.4 - - [05/Mar/2023:09:56:30 -0500] "GET /BLA/boletinlegal/ HTTP/1.1" 200 56744
173.252.83.17 - - [05/Mar/2023:09:58:58 -0500] "GET /images/caminatas-ecol\xc3\xb3gicas-marzo---1920x1080_optimized.jpg HTTP/1.1" 404 1034
173.252.111.13 - - [05/Mar/2023:10:00:18 -0500] "GET /images/caminatas-ecol\xc3\xb3gicas-marzo---1920x1080_optimized.jpg HTTP/1.1" 404 1034
216.245.221.92 - - [05/Mar/2023:10:00:44 -0500] "HEAD / HTTP/1.1" 200 -
201.245.192.253 - - [05/Mar/2023:10:01:32 -0500] "POST /kwsrmcab/Wsrmcab  HTTP/1.1" 200 40529
173.252.95.23 - - [05/Mar/2023:10:02:39 -0500] "GET /images/caminatas-ecol%C3%B3gicas-marzo---1920x1080_optimized.jpg HTTP/1.1" 404 1034
173.252.95.12 - - [05/Mar/2023:10:02:51 -0500] "GET /images/caminatas-ecol\xc3\xb3gicas-marzo---1920x1080_optimized.jpg HTTP/1.1" 404 1034
191.95.56.85 - - [05/Mar/2023:10:03:03 -0500] "GET /inscribete-y-participa-en-las-caminatas-ecologicas-de-marzo.html?fbclid=IwAR32sD5SFIinUK7aL9zrpSzJ6DcWbIkvvFvW5glfRPv8bF5X570wfjJ3Dec HTTP/1.1" 200 924
172.22.2.4 - - [05/Mar/2023:10:01:30 -0500] "HEAD /BLA/boletinlegal/ HTTP/1.1" 200 -
173.252.87.6 - - [05/Mar/2023:10:03:17 -0500] "GET /images/caminatas-ecol\xc3\xb3gicas-marzo---1920x1080_optimized.jpg HTTP/1.1" 404 1034
181.56.235.113 - - [05/Mar/2023:10:03:21 -0500] "GET /BLA/resoluciones/index.php?dir=AUTOS+2014%2F HTTP/1.1" 200 886776
181.56.235.113 - - [05/Mar/2023:10:03:36 -0500] "GET /BLA/resoluciones/AUTOS%202014/2435.pdf HTTP/1.1" 200 342635
172.22.2.4 - - [05/Mar/2023:10:02:20 -0500] "GET /BLA/boletinlegal/ HTTP/1.1" 200 53551
173.252.95.120 - - [05/Mar/2023:10:05:16 -0500] "GET /images/caminatas-ecol\xc3\xb3gicas-marzo---1920x1080_optimized.jpg HTTP/1.1" 404 1034
69.63.184.116 - - [05/Mar/2023:10:05:37 -0500] "GET /dora-villalobos-la-protectora-del-humedal-la-vaca.html HTTP/1.1" 206 893
216.245.221.92 - - [05/Mar/2023:10:05:44 -0500] "HEAD / HTTP/1.1" 200 -
201.245.192.253 - - [05/Mar/2023:10:06:32 -0500] "POST /kwsrmcab/Wsrmcab  HTTP/1.1" 200 40529
69.171.231.118 - - [05/Mar/2023:10:07:47 -0500] "GET /images/caminatas-ecol\xc3\xb3gicas-marzo---1920x1080_optimized.jpg HTTP/1.1" 404 1034
172.22.2.4 - - [05/Mar/2023:10:07:20 -0500] "HEAD /BLA/boletinlegal/ HTTP/1.1" 200 -
172.22.2.4 - - [05/Mar/2023:10:08:41 -0500] "GET /BLA/boletinlegal/ HTTP/1.1" 200 20427
172.22.2.4 - - [05/Mar/2023:10:08:10 -0500] "GET /BLA/boletinlegal/ HTTP/1.1" 200 56277
216.245.221.92 - - [05/Mar/2023:10:10:44 -0500] "HEAD / HTTP/1.1" 200 -
185.119.81.104 - - [05/Mar/2023:10:10:50 -0500] "GET /portaldeninos/wp-login.php HTTP/1.1" 200 2592
185.119.81.104 - - [05/Mar/2023:10:10:51 -0500] "POST /portaldeninos/wp-login.php HTTP/1.1" 200 3605
191.156.190.151 - - [05/Mar/2023:10:11:17 -0500] "GET /agendate-para-participar-en-las-caminatas-ecologicas-de-febrero.html HTTP/1.1" 200 830
191.95.50.180 - - [05/Mar/2023:10:11:26 -0500] "GET /sipse/faces/faces/autenticacion.xhtml HTTP/1.1" 200 12167
191.95.50.180 - - [05/Mar/2023:10:11:26 -0500] "GET /sipse/faces/javax.faces.resource/theme.css?ln=primefaces-sipse HTTP/1.1" 304 -
191.95.50.180 - - [05/Mar/2023:10:11:26 -0500] "GET /sipse/js/disable_browser_buttons.js HTTP/1.1" 304 -
191.95.50.180 - - [05/Mar/2023:10:11:26 -0500] "GET /sipse/css/custom_css_sg_prime_login.css HTTP/1.1" 304 -
191.95.50.180 - - [05/Mar/2023:10:11:26 -0500] "GET /sipse/css/custom_css_sg.css HTTP/1.1" 304 -
191.95.50.180 - - [05/Mar/2023:10:11:26 -0500] "GET /sipse/faces/javax.faces.resource/primefaces.css?ln=primefaces&v=4.0 HTTP/1.1" 304 -
191.95.50.180 - - [05/Mar/2023:10:11:26 -0500] "GET /sipse/faces/javax.faces.resource/layout/layout.css?ln=primefaces&v=4.0 HTTP/1.1" 304 -
191.95.50.180 - - [05/Mar/2023:10:11:26 -0500] "GET /sipse/js/funciones.js HTTP/1.1" 304 -
191.95.50.180 - - [05/Mar/2023:10:11:26 -0500] "GET /sipse/faces/javax.faces.resource/jquery/jquery.js?ln=primefaces&v=4.0 HTTP/1.1" 304 -
191.95.50.180 - - [05/Mar/2023:10:11:26 -0500] "GET /sipse/faces/javax.faces.resource/jquery/jquery-plugins.js?ln=primefaces&v=4.0 HTTP/1.1" 304 -
191.95.50.180 - - [05/Mar/2023:10:11:26 -0500] "GET /sipse/faces/javax.faces.resource/layout/layout.js?ln=primefaces&v=4.0 HTTP/1.1" 304 -
191.95.50.180 - - [05/Mar/2023:10:11:26 -0500] "GET /sipse/faces/javax.faces.resource/primefaces.js?ln=primefaces&v=4.0 HTTP/1.1" 200 276924
191.95.50.180 - - [05/Mar/2023:10:11:27 -0500] "GET /sipse/css/imagen/logoSDG.png HTTP/1.1" 304 -
191.95.50.180 - - [05/Mar/2023:10:11:27 -0500] "GET /sipse/css/imagen/loginimg.png HTTP/1.1" 304 -
191.95.50.180 - - [05/Mar/2023:10:11:27 -0500] "GET /sipse/faces/javax.faces.resource/images/ui-icons_898989_256x240.png?ln=primefaces-aristo HTTP/1.1" 304 -
191.95.50.180 - - [05/Mar/2023:10:11:27 -0500] "GET /sipse/faces/faces/index.xhtml HTTP/1.1" 200 677
191.95.50.180 - - [05/Mar/2023:10:11:27 -0500] "GET /sipse/faces/javax.faces.resource/theme.css?ln=primefaces-sipse HTTP/1.1" 304 -
191.95.50.180 - - [05/Mar/2023:10:11:27 -0500] "GET /sipse/faces/faces/faces/autenticacion.xhtml HTTP/1.1" 200 12167
191.95.50.180 - - [05/Mar/2023:10:11:27 -0500] "GET /sipse/faces/javax.faces.resource/primefaces.css?ln=primefaces&v=4.0 HTTP/1.1" 304 -
191.95.50.180 - - [05/Mar/2023:10:11:27 -0500] "GET /sipse/faces/javax.faces.resource/theme.css?ln=primefaces-sipse HTTP/1.1" 304 -
191.95.50.180 - - [05/Mar/2023:10:11:27 -0500] "GET /sipse/faces/javax.faces.resource/layout/layout.css?ln=primefaces&v=4.0 HTTP/1.1" 304 -
191.95.50.180 - - [05/Mar/2023:10:11:27 -0500] "GET /sipse/faces/javax.faces.resource/jquery/jquery.js?ln=primefaces&v=4.0 HTTP/1.1" 304 -
191.95.50.180 - - [05/Mar/2023:10:11:27 -0500] "GET /sipse/faces/javax.faces.resource/jquery/jquery-plugins.js?ln=primefaces&v=4.0 HTTP/1.1" 304 -
191.95.50.180 - - [05/Mar/2023:10:11:28 -0500] "GET /sipse/faces/javax.faces.resource/layout/layout.js?ln=primefaces&v=4.0 HTTP/1.1" 304 -
191.95.50.180 - - [05/Mar/2023:10:11:28 -0500] "GET /sipse/faces/javax.faces.resource/primefaces.js?ln=primefaces&v=4.0 HTTP/1.1" 304 -
191.95.50.180 - - [05/Mar/2023:10:11:30 -0500] "POST /sipse/faces/autenticacion.xhtml HTTP/1.1" 200 2217
191.95.50.180 - - [05/Mar/2023:10:11:30 -0500] "GET /sipse/faces/javax.faces.resource/messages/messages.png?ln=primefaces&v=4.0 HTTP/1.1" 304 -
201.245.192.253 - - [05/Mar/2023:10:11:31 -0500] "POST /kwsrmcab/Wsrmcab  HTTP/1.1" 200 40529
191.95.50.180 - - [05/Mar/2023:10:12:03 -0500] "GET /sipse/faces/javax.faces.resource/images/ui-icons_898989_256x240.png?ln=primefaces-aristo HTTP/1.1" 304 -
191.95.50.180 - - [05/Mar/2023:10:12:03 -0500] "POST /sipse/faces/autenticacion.xhtml HTTP/1.1" 200 16293
191.95.50.180 - - [05/Mar/2023:10:12:03 -0500] "GET /sipse/faces/javax.faces.resource/theme.css?ln=primefaces-sipse HTTP/1.1" 304 -
191.95.50.180 - - [05/Mar/2023:10:12:03 -0500] "GET /sipse/css/custom_css_sg_prime.css HTTP/1.1" 304 -
191.95.50.180 - - [05/Mar/2023:10:12:03 -0500] "GET /sipse/js/jquery.min.js HTTP/1.1" 304 -
191.95.50.180 - - [05/Mar/2023:10:12:03 -0500] "GET /sipse/faces/javax.faces.resource/layout/layout.css?ln=primefaces&v=4.0 HTTP/1.1" 304 -
191.95.50.180 - - [05/Mar/2023:10:12:03 -0500] "GET /sipse/faces/javax.faces.resource/primefaces.css?ln=primefaces&v=4.0 HTTP/1.1" 304 -
191.95.50.180 - - [05/Mar/2023:10:12:03 -0500] "GET /sipse/faces/javax.faces.resource/jquery/jquery.js?ln=primefaces&v=4.0 HTTP/1.1" 304 -
191.95.50.180 - - [05/Mar/2023:10:12:03 -0500] "GET /sipse/faces/javax.faces.resource/jquery/jquery-plugins.js?ln=primefaces&v=4.0 HTTP/1.1" 304 -
191.95.50.180 - - [05/Mar/2023:10:12:04 -0500] "GET /sipse/faces/javax.faces.resource/primefaces.js?ln=primefaces&v=4.0 HTTP/1.1" 304 -
191.95.50.180 - - [05/Mar/2023:10:12:04 -0500] "GET /sipse/faces/javax.faces.resource/layout/layout.js?ln=primefaces&v=4.0 HTTP/1.1" 304 -
191.95.50.180 - - [05/Mar/2023:10:12:04 -0500] "GET /sipse/imagenes/cargando.gif HTTP/1.1" 304 -
191.95.50.180 - - [05/Mar/2023:10:12:04 -0500] "GET /sipse/css/imagen/contrasena.png HTTP/1.1" 404 383
191.95.50.180 - - [05/Mar/2023:10:12:04 -0500] "GET /sipse/imagenes/logoAplicacion.jpg HTTP/1.1" 304 -
191.95.50.180 - - [05/Mar/2023:10:12:13 -0500] "GET /sipse/faces/javax.faces.resource/images/ui-bg_flat_0_2d5972_40x100.png?ln=primefaces-aristo HTTP/1.1" 304 -
191.95.50.180 - - [05/Mar/2023:10:12:13 -0500] "POST /sipse/faces/bienvenido.xhtml HTTP/1.1" 200 2658
191.95.50.180 - - [05/Mar/2023:10:12:14 -0500] "POST /sipse/faces/bienvenido.xhtml HTTP/1.1" 200 63678
191.95.50.180 - - [05/Mar/2023:10:12:14 -0500] "GET /sipse/faces/javax.faces.resource/primefaces.css?ln=primefaces&v=4.0 HTTP/1.1" 304 -
191.95.50.180 - - [05/Mar/2023:10:12:14 -0500] "GET /sipse/faces/javax.faces.resource/theme.css?ln=primefaces-sipse HTTP/1.1" 304 -
191.95.50.180 - - [05/Mar/2023:10:12:14 -0500] "GET /sipse/faces/javax.faces.resource/layout/layout.css?ln=primefaces&v=4.0 HTTP/1.1" 304 -
191.95.50.180 - - [05/Mar/2023:10:12:14 -0500] "GET /sipse/faces/javax.faces.resource/jquery/jquery.js?ln=primefaces&v=4.0 HTTP/1.1" 304 -
191.95.50.180 - - [05/Mar/2023:10:12:14 -0500] "GET /sipse/faces/javax.faces.resource/jquery/jquery-plugins.js?ln=primefaces&v=4.0 HTTP/1.1" 304 -
191.95.50.180 - - [05/Mar/2023:10:12:14 -0500] "GET /sipse/faces/javax.faces.resource/primefaces.js?ln=primefaces&v=4.0 HTTP/1.1" 304 -
191.95.50.180 - - [05/Mar/2023:10:12:14 -0500] "GET /sipse/faces/javax.faces.resource/layout/layout.js?ln=primefaces&v=4.0 HTTP/1.1" 304 -
191.95.50.180 - - [05/Mar/2023:10:12:15 -0500] "POST /sipse/faces/presentacion/financiero/solicitudProceso/listarSolicitudProceso.xhtml HTTP/1.1" 200 1560
52.167.144.67 - - [05/Mar/2023:10:12:36 -0500] "GET /BLA/resoluciones/AUTOS%202021/1530.pdf HTTP/1.1" 200 750602
186.154.33.15 - - [05/Mar/2023:10:12:46 -0500] "GET /sipse/faces/index.xhtml HTTP/1.1" 200 677
186.154.33.15 - - [05/Mar/2023:10:12:46 -0500] "GET /sipse/faces/javax.faces.resource/theme.css?ln=primefaces-sipse HTTP/1.1" 304 -
186.154.33.15 - - [05/Mar/2023:10:12:47 -0500] "GET /sipse/faces/faces/autenticacion.xhtml HTTP/1.1" 200 12167
186.154.33.15 - - [05/Mar/2023:10:12:47 -0500] "GET /sipse/js/disable_browser_buttons.js HTTP/1.1" 200 3230
186.154.33.15 - - [05/Mar/2023:10:12:47 -0500] "GET /sipse/css/custom_css_sg_prime_login.css HTTP/1.1" 200 443
186.154.33.15 - - [05/Mar/2023:10:12:47 -0500] "GET /sipse/faces/javax.faces.resource/theme.css?ln=primefaces-sipse HTTP/1.1" 304 -
186.154.33.15 - - [05/Mar/2023:10:12:47 -0500] "GET /sipse/faces/javax.faces.resource/primefaces.css?ln=primefaces&v=4.0 HTTP/1.1" 304 -
186.154.33.15 - - [05/Mar/2023:10:12:47 -0500] "GET /sipse/css/custom_css_sg.css HTTP/1.1" 200 9694
186.154.33.15 - - [05/Mar/2023:10:12:47 -0500] "GET /sipse/faces/javax.faces.resource/jquery/jquery.js?ln=primefaces&v=4.0 HTTP/1.1" 304 -
186.154.33.15 - - [05/Mar/2023:10:12:47 -0500] "GET /sipse/faces/javax.faces.resource/layout/layout.css?ln=primefaces&v=4.0 HTTP/1.1" 304 -
186.154.33.15 - - [05/Mar/2023:10:12:47 -0500] "GET /sipse/faces/javax.faces.resource/jquery/jquery-plugins.js?ln=primefaces&v=4.0 HTTP/1.1" 304 -
186.154.33.15 - - [05/Mar/2023:10:12:47 -0500] "GET /sipse/faces/javax.faces.resource/layout/layout.js?ln=primefaces&v=4.0 HTTP/1.1" 304 -
186.154.33.15 - - [05/Mar/2023:10:12:47 -0500] "GET /sipse/faces/javax.faces.resource/primefaces.js?ln=primefaces&v=4.0 HTTP/1.1" 304 -
186.154.33.15 - - [05/Mar/2023:10:12:47 -0500] "GET /sipse/js/funciones.js HTTP/1.1" 200 12592
186.154.33.15 - - [05/Mar/2023:10:12:47 -0500] "GET /sipse/faces/javax.faces.resource/images/ui-icons_898989_256x240.png?ln=primefaces-aristo HTTP/1.1" 304 -
186.154.33.15 - - [05/Mar/2023:10:12:47 -0500] "GET /sipse/css/imagen/logoSDG.png HTTP/1.1" 200 53064
186.154.33.15 - - [05/Mar/2023:10:12:47 -0500] "GET /sipse/css/imagen/loginimg.png HTTP/1.1" 200 71635
186.154.33.15 - - [05/Mar/2023:10:12:53 -0500] "POST /sipse/faces/autenticacion.xhtml HTTP/1.1" 200 2217
186.154.33.15 - - [05/Mar/2023:10:12:53 -0500] "GET /sipse/faces/javax.faces.resource/messages/messages.png?ln=primefaces&v=4.0 HTTP/1.1" 304 -
186.154.33.15 - - [05/Mar/2023:10:12:54 -0500] "POST /sipse/faces/autenticacion.xhtml HTTP/1.1" 200 16287
186.154.33.15 - - [05/Mar/2023:10:12:55 -0500] "GET /sipse/css/custom_css_sg_prime.css HTTP/1.1" 200 5201
186.154.33.15 - - [05/Mar/2023:10:12:55 -0500] "GET /sipse/faces/javax.faces.resource/theme.css?ln=primefaces-sipse HTTP/1.1" 304 -
186.154.33.15 - - [05/Mar/2023:10:12:55 -0500] "GET /sipse/faces/javax.faces.resource/layout/layout.css?ln=primefaces&v=4.0 HTTP/1.1" 304 -
186.154.33.15 - - [05/Mar/2023:10:12:55 -0500] "GET /sipse/faces/javax.faces.resource/primefaces.css?ln=primefaces&v=4.0 HTTP/1.1" 304 -
186.154.33.15 - - [05/Mar/2023:10:12:55 -0500] "GET /sipse/js/jquery.min.js HTTP/1.1" 200 85582
186.154.33.15 - - [05/Mar/2023:10:12:55 -0500] "GET /sipse/faces/javax.faces.resource/jquery/jquery.js?ln=primefaces&v=4.0 HTTP/1.1" 304 -
186.154.33.15 - - [05/Mar/2023:10:12:55 -0500] "GET /sipse/faces/javax.faces.resource/jquery/jquery-plugins.js?ln=primefaces&v=4.0 HTTP/1.1" 304 -
186.154.33.15 - - [05/Mar/2023:10:12:55 -0500] "GET /sipse/faces/javax.faces.resource/primefaces.js?ln=primefaces&v=4.0 HTTP/1.1" 304 -
186.154.33.15 - - [05/Mar/2023:10:12:55 -0500] "GET /sipse/faces/javax.faces.resource/layout/layout.js?ln=primefaces&v=4.0 HTTP/1.1" 304 -
186.154.33.15 - - [05/Mar/2023:10:12:55 -0500] "GET /sipse/css/imagen/contrasena.png HTTP/1.1" 404 383
186.154.33.15 - - [05/Mar/2023:10:12:55 -0500] "GET /sipse/imagenes/cargando.gif HTTP/1.1" 200 36959
186.154.33.15 - - [05/Mar/2023:10:12:55 -0500] "GET /sipse/imagenes/logoAplicacion.jpg HTTP/1.1" 200 155084
186.154.33.15 - - [05/Mar/2023:10:12:57 -0500] "GET /sipse/faces/javax.faces.resource/images/ui-bg_flat_0_2d5972_40x100.png?ln=primefaces-aristo HTTP/1.1" 304 -
186.154.33.15 - - [05/Mar/2023:10:12:57 -0500] "POST /sipse/faces/bienvenido.xhtml HTTP/1.1" 200 2658
186.154.33.15 - - [05/Mar/2023:10:13:02 -0500] "POST /sipse/faces/bienvenido.xhtml HTTP/1.1" 200 184
186.154.33.15 - - [05/Mar/2023:10:13:02 -0500] "GET /sipse/faces/presentacion/financiero/solicitudAnulacion/solicitudAnulacion.xhtml HTTP/1.1" 200 68816
186.154.33.15 - - [05/Mar/2023:10:13:03 -0500] "GET /sipse/faces/javax.faces.resource/layout/layout.css?ln=primefaces&v=4.0 HTTP/1.1" 304 -
186.154.33.15 - - [05/Mar/2023:10:13:03 -0500] "GET /sipse/faces/javax.faces.resource/theme.css?ln=primefaces-sipse HTTP/1.1" 304 -
186.154.33.15 - - [05/Mar/2023:10:13:03 -0500] "GET /sipse/faces/javax.faces.resource/primefaces.css?ln=primefaces&v=4.0 HTTP/1.1" 304 -
186.154.33.15 - - [05/Mar/2023:10:13:03 -0500] "GET /sipse/faces/javax.faces.resource/jquery/jquery.js?ln=primefaces&v=4.0 HTTP/1.1" 304 -
186.154.33.15 - - [05/Mar/2023:10:13:03 -0500] "GET /sipse/faces/javax.faces.resource/layout/layout.js?ln=primefaces&v=4.0 HTTP/1.1" 304 -
186.154.33.15 - - [05/Mar/2023:10:13:03 -0500] "GET /sipse/faces/javax.faces.resource/jquery/jquery-plugins.js?ln=primefaces&v=4.0 HTTP/1.1" 304 -
186.154.33.15 - - [05/Mar/2023:10:13:03 -0500] "GET /sipse/faces/javax.faces.resource/primefaces.js?ln=primefaces&v=4.0 HTTP/1.1" 304 -
186.154.33.15 - - [05/Mar/2023:10:13:03 -0500] "POST /sipse/faces/presentacion/financiero/solicitudAnulacion/solicitudAnulacion.xhtml HTTP/1.1" 200 46966
186.154.33.15 - - [05/Mar/2023:10:13:10 -0500] "POST /sipse/faces/presentacion/financiero/solicitudAnulacion/solicitudAnulacion.xhtml HTTP/1.1" 200 38650
52.167.144.40 - - [05/Mar/2023:10:13:24 -0500] "GET /sipse/faces/autenticacion.xhtml HTTP/1.1" 200 12489
173.252.83.117 - - [05/Mar/2023:10:13:39 -0500] "GET /images/Puntos%20calientes%2024%20de%20febrero.jpeg HTTP/1.1" 200 42626
172.22.2.4 - - [05/Mar/2023:10:13:10 -0500] "HEAD /BLA/boletinlegal/ HTTP/1.1" 200 -
186.154.33.15 - - [05/Mar/2023:10:15:10 -0500] "POST /sipse/faces/presentacion/financiero/solicitudAnulacion/solicitudAnulacion.xhtml HTTP/1.1" 200 2114
186.154.33.15 - - [05/Mar/2023:10:15:15 -0500] "POST /sipse/faces/presentacion/financiero/solicitudAnulacion/solicitudAnulacion.xhtml HTTP/1.1" 200 38650
186.154.33.15 - - [05/Mar/2023:10:15:16 -0500] "POST /sipse/faces/presentacion/financiero/solicitudAnulacion/solicitudAnulacion.xhtml HTTP/1.1" 200 2110
186.154.33.15 - - [05/Mar/2023:10:15:19 -0500] "POST /sipse/faces/presentacion/financiero/solicitudAnulacion/solicitudAnulacion.xhtml HTTP/1.1" 200 38650
173.252.87.21 - - [05/Mar/2023:10:15:33 -0500] "GET /images/caminatas-ecol\xc3\xb3gicas-marzo---1920x1080_optimized.jpg HTTP/1.1" 404 1034
172.22.2.4 - - [05/Mar/2023:10:14:00 -0500] "GET /BLA/boletinlegal/ HTTP/1.1" 200 58653
216.245.221.92 - - [05/Mar/2023:10:15:44 -0500] "HEAD / HTTP/1.1" 200 -
186.84.91.19 - - [05/Mar/2023:10:16:28 -0500] "GET /catalogoisis/ HTTP/1.1" 200 8575
186.84.91.19 - - [05/Mar/2023:10:16:29 -0500] "GET /catalogoisis/Css/Busqueda.css HTTP/1.1" 200 1995
186.84.91.19 - - [05/Mar/2023:10:16:29 -0500] "GET /catalogoisis/Js/AceptarLimpiar.js HTTP/1.1" 200 331
186.84.91.19 - - [05/Mar/2023:10:16:29 -0500] "GET /catalogoisis/Js/Cookies.js HTTP/1.1" 200 1369
186.84.91.19 - - [05/Mar/2023:10:16:29 -0500] "GET /catalogoisis/Js/CriterioCombinada.js HTTP/1.1" 200 1843
186.84.91.19 - - [05/Mar/2023:10:16:29 -0500] "GET /catalogoisis/Js/Remote.js HTTP/1.1" 200 436
186.84.91.19 - - [05/Mar/2023:10:16:29 -0500] "GET /catalogoisis/Js/Go.js HTTP/1.1" 200 364
186.84.91.19 - - [05/Mar/2023:10:16:29 -0500] "GET /catalogoisis/Js/Numero.js HTTP/1.1" 200 398
186.84.91.19 - - [05/Mar/2023:10:16:29 -0500] "GET /catalogoisis/Js/Enter.js HTTP/1.1" 200 1208
186.84.91.19 - - [05/Mar/2023:10:16:29 -0500] "GET /catalogoisis/Js/LimpiarCombinada.js HTTP/1.1" 200 207
186.84.91.19 - - [05/Mar/2023:10:16:29 -0500] "GET /catalogoisis/imagenes/limpiar1.gif HTTP/1.1" 200 606
186.84.91.19 - - [05/Mar/2023:10:16:29 -0500] "GET /catalogoisis/imagenes/br1c1.gif HTTP/1.1" 200 172
186.84.91.19 - - [05/Mar/2023:10:16:29 -0500] "GET /catalogoisis/imagenes/aceptar1.gif HTTP/1.1" 200 604
186.84.91.19 - - [05/Mar/2023:10:16:29 -0500] "GET /catalogoisis/imagenes/Header.gif HTTP/1.1" 200 30313
186.84.91.19 - - [05/Mar/2023:10:16:29 -0500] "GET /catalogoisis/imagenes/Turnbo1.gif HTTP/1.1" 200 227
186.84.91.19 - - [05/Mar/2023:10:16:29 -0500] "GET /catalogoisis/imagenes/br1c3.gif HTTP/1.1" 200 302
186.84.91.19 - - [05/Mar/2023:10:16:29 -0500] "GET /catalogoisis/imagenes/br3c1.gif HTTP/1.1" 200 177
186.84.91.19 - - [05/Mar/2023:10:16:29 -0500] "GET /catalogoisis/imagenes/br3c2.gif HTTP/1.1" 200 285
186.84.91.19 - - [05/Mar/2023:10:16:29 -0500] "GET /catalogoisis/imagenes/br3c3.gif HTTP/1.1" 200 186
186.84.91.19 - - [05/Mar/2023:10:16:29 -0500] "GET /catalogoisis/imagenes/br2c1.gif HTTP/1.1" 200 297
186.84.91.19 - - [05/Mar/2023:10:16:29 -0500] "GET /catalogoisis/imagenes/br2c2.gif HTTP/1.1" 200 302
186.84.91.19 - - [05/Mar/2023:10:16:29 -0500] "GET /catalogoisis/imagenes/br1c2.gif HTTP/1.1" 200 297
186.84.91.19 - - [05/Mar/2023:10:16:29 -0500] "GET /catalogoisis/imagenes/br2c3.gif HTTP/1.1" 200 416
186.84.91.19 - - [05/Mar/2023:10:16:29 -0500] "GET /favicon.ico HTTP/1.1" 200 7782
201.245.192.253 - - [05/Mar/2023:10:16:30 -0500] "POST /kwsrmcab/Wsrmcab  HTTP/1.1" 200 40529
186.154.33.15 - - [05/Mar/2023:10:16:34 -0500] "POST /sipse/faces/presentacion/financiero/solicitudAnulacion/solicitudAnulacion.xhtml HTTP/1.1" 200 38650
186.154.33.15 - - [05/Mar/2023:10:16:35 -0500] "POST /sipse/faces/presentacion/financiero/solicitudAnulacion/solicitudAnulacion.xhtml HTTP/1.1" 200 2110
186.154.33.15 - - [05/Mar/2023:10:16:42 -0500] "POST /sipse/faces/presentacion/financiero/solicitudAnulacion/solicitudAnulacion.xhtml HTTP/1.1" 200 65290
186.154.33.15 - - [05/Mar/2023:10:16:43 -0500] "GET /sipse/faces/javax.faces.resource/theme.css?ln=primefaces-sipse HTTP/1.1" 304 -
186.154.33.15 - - [05/Mar/2023:10:16:43 -0500] "GET /sipse/faces/javax.faces.resource/primefaces.css?ln=primefaces&v=4.0 HTTP/1.1" 304 -
186.154.33.15 - - [05/Mar/2023:10:16:43 -0500] "GET /sipse/faces/javax.faces.resource/layout/layout.css?ln=primefaces&v=4.0 HTTP/1.1" 304 -
186.154.33.15 - - [05/Mar/2023:10:16:43 -0500] "GET /sipse/faces/javax.faces.resource/jquery/jquery.js?ln=primefaces&v=4.0 HTTP/1.1" 304 -
186.154.33.15 - - [05/Mar/2023:10:16:43 -0500] "GET /sipse/faces/javax.faces.resource/jquery/jquery-plugins.js?ln=primefaces&v=4.0 HTTP/1.1" 304 -
186.154.33.15 - - [05/Mar/2023:10:16:43 -0500] "GET /sipse/faces/javax.faces.resource/primefaces.js?ln=primefaces&v=4.0 HTTP/1.1" 304 -
186.154.33.15 - - [05/Mar/2023:10:16:43 -0500] "GET /sipse/faces/javax.faces.resource/layout/layout.js?ln=primefaces&v=4.0 HTTP/1.1" 304 -
186.154.33.15 - - [05/Mar/2023:10:16:43 -0500] "POST /sipse/faces/presentacion/financiero/solicitudProceso/listarSolicitudProceso.xhtml HTTP/1.1" 200 1560
186.154.33.15 - - [05/Mar/2023:10:16:45 -0500] "POST /sipse/faces/presentacion/financiero/solicitudProceso/listarSolicitudProceso.xhtml HTTP/1.1" 200 7733
186.84.91.19 - - [05/Mar/2023:10:16:49 -0500] "GET /catalogoisis/imagenes/aceptar2.gif HTTP/1.1" 200 586
186.84.91.19 - - [05/Mar/2023:10:16:50 -0500] "GET /catalogoisis/imagenes/aceptar2.gif HTTP/1.1" 200 586
186.84.91.19 - - [05/Mar/2023:10:16:55 -0500] "GET /catalogoisis/imagenes/aceptar2.gif HTTP/1.1" 200 586
186.84.91.19 - - [05/Mar/2023:10:16:57 -0500] "POST /catalogoisis/comb.php HTTP/1.1" 200 4437
186.84.91.19 - - [05/Mar/2023:10:16:57 -0500] "GET /catalogoisis/Css/Pft.css HTTP/1.1" 200 3933
186.84.91.19 - - [05/Mar/2023:10:16:57 -0500] "GET /catalogoisis/Js/Marcados.js HTTP/1.1" 200 1327
186.84.91.19 - - [05/Mar/2023:10:16:57 -0500] "GET /catalogoisis/imagenes/back.gif HTTP/1.1" 200 666
186.84.91.19 - - [05/Mar/2023:10:16:57 -0500] "GET /catalogoisis/imagenes/fonest4.gif HTTP/1.1" 404 1402
186.84.91.19 - - [05/Mar/2023:10:16:57 -0500] "GET /catalogoisis/imagenes/up.gif HTTP/1.1" 200 669
186.84.91.19 - - [05/Mar/2023:10:16:57 -0500] "GET /catalogoisis/imagenes/print.gif HTTP/1.1" 200 916
186.84.91.19 - - [05/Mar/2023:10:16:57 -0500] "GET /catalogoisis/imagenes/correo.gif HTTP/1.1" 200 525
186.84.91.19 - - [05/Mar/2023:10:16:57 -0500] "GET /catalogoisis/imagenes/home.gif HTTP/1.1" 200 923
186.84.91.19 - - [05/Mar/2023:10:16:57 -0500] "GET /catalogoisis/imagenes/selecc.gif HTTP/1.1" 200 784
186.154.33.15 - - [05/Mar/2023:10:16:58 -0500] "POST /sipse/faces/presentacion/financiero/solicitudProceso/listarSolicitudProceso.xhtml HTTP/1.1" 200 120191
186.154.33.15 - - [05/Mar/2023:10:16:58 -0500] "GET /sipse/faces/javax.faces.resource/theme.css?ln=primefaces-sipse HTTP/1.1" 304 -
186.154.33.15 - - [05/Mar/2023:10:16:58 -0500] "GET /sipse/faces/javax.faces.resource/layout/layout.css?ln=primefaces&v=4.0 HTTP/1.1" 304 -
186.154.33.15 - - [05/Mar/2023:10:16:58 -0500] "GET /sipse/faces/javax.faces.resource/primefaces.css?ln=primefaces&v=4.0 HTTP/1.1" 304 -
186.154.33.15 - - [05/Mar/2023:10:16:58 -0500] "GET /sipse/faces/javax.faces.resource/jquery/jquery.js?ln=primefaces&v=4.0 HTTP/1.1" 304 -
186.154.33.15 - - [05/Mar/2023:10:16:58 -0500] "GET /sipse/faces/javax.faces.resource/jquery/jquery-plugins.js?ln=primefaces&v=4.0 HTTP/1.1" 304 -
186.154.33.15 - - [05/Mar/2023:10:16:58 -0500] "GET /sipse/faces/javax.faces.resource/primefaces.js?ln=primefaces&v=4.0 HTTP/1.1" 304 -
186.154.33.15 - - [05/Mar/2023:10:16:58 -0500] "GET /sipse/faces/javax.faces.resource/layout/layout.js?ln=primefaces&v=4.0 HTTP/1.1" 304 -
186.84.91.19 - - [05/Mar/2023:10:17:01 -0500] "GET /catalogoisis/imagenes/limpiar2.gif HTTP/1.1" 200 589
186.84.91.19 - - [05/Mar/2023:10:17:04 -0500] "POST /catalogoisis/comb.php HTTP/1.1" 200 9610
186.84.91.19 - - [05/Mar/2023:10:17:04 -0500] "GET /catalogoisis/imagenes/ar1c1.gif HTTP/1.1" 200 251
186.84.91.19 - - [05/Mar/2023:10:17:04 -0500] "GET /catalogoisis/imagenes/ar1c3.gif HTTP/1.1" 200 296
186.84.91.19 - - [05/Mar/2023:10:17:04 -0500] "GET /catalogoisis/imagenes/estado.gif HTTP/1.1" 200 580
186.84.91.19 - - [05/Mar/2023:10:17:04 -0500] "GET /catalogoisis/imagenes/ar1c2.gif HTTP/1.1" 200 276
186.84.91.19 - - [05/Mar/2023:10:17:04 -0500] "GET /catalogoisis/imagenes/ar2c1.gif HTTP/1.1" 200 366
186.84.91.19 - - [05/Mar/2023:10:17:04 -0500] "GET /catalogoisis/imagenes/ar3c3.gif HTTP/1.1" 200 314
186.84.91.19 - - [05/Mar/2023:10:17:04 -0500] "GET /catalogoisis/imagenes/ar3c1.gif HTTP/1.1" 200 277
186.84.91.19 - - [05/Mar/2023:10:17:04 -0500] "GET /catalogoisis/imagenes/ar2c2.gif HTTP/1.1" 200 305
186.84.91.19 - - [05/Mar/2023:10:17:04 -0500] "GET /catalogoisis/imagenes/ar3c2.gif HTTP/1.1" 200 383
186.84.91.19 - - [05/Mar/2023:10:17:04 -0500] "GET /catalogoisis/imagenes/ar2c3.gif HTTP/1.1" 200 469
186.84.91.19 - - [05/Mar/2023:10:17:23 -0500] "POST /catalogoisis/comb.php HTTP/1.1" 200 33484
186.84.91.19 - - [05/Mar/2023:10:17:23 -0500] "GET /catalogoisis/imagenes/next.gif HTTP/1.1" 200 82
172.22.2.4 - - [05/Mar/2023:10:17:32 -0500] "GET /BLA/boletinlegal/style.css HTTP/1.1" 200 9406
172.22.2.4 - - [05/Mar/2023:10:17:32 -0500] "GET /BLA/boletinlegal/styles2.css HTTP/1.1" 200 1838
172.22.2.4 - - [05/Mar/2023:10:17:32 -0500] "GET /BLA/boletinlegal/js/jquery.js HTTP/1.1" 200 57254
172.22.2.4 - - [05/Mar/2023:10:17:32 -0500] "GET /BLA/boletinlegal/js/jquery.scrollTo-min.js HTTP/1.1" 200 1150
172.22.2.4 - - [05/Mar/2023:10:17:32 -0500] "GET /BLA/boletinlegal/js/jquery.scrollShow.js HTTP/1.1" 200 4586
172.22.2.4 - - [05/Mar/2023:10:17:33 -0500] "GET /BLA/boletinlegal/images/cabezote%20BLEGAL.jpg HTTP/1.1" 200 118164
172.22.2.4 - - [05/Mar/2023:10:17:34 -0500] "GET /BLA/boletinlegal/images/historia.png HTTP/1.1" 200 52775
172.22.2.4 - - [05/Mar/2023:10:17:34 -0500] "GET /BLA/boletinlegal/images/registro-usuarios.png HTTP/1.1" 200 8106
172.22.2.4 - - [05/Mar/2023:10:17:34 -0500] "GET /BLA/boletinlegal/images/subscribe-icon-big.png HTTP/1.1" 200 47702
172.22.2.4 - - [05/Mar/2023:10:17:34 -0500] "GET /BLA/boletinlegal/images/arr_l.jpg HTTP/1.1" 200 1979
172.22.2.4 - - [05/Mar/2023:10:17:34 -0500] "GET /BLA/boletinlegal/images/screen_1.png HTTP/1.1" 200 202547
172.22.2.4 - - [05/Mar/2023:10:17:35 -0500] "GET /BLA/boletinlegal/images/launch.jpg HTTP/1.1" 200 14577
172.22.2.4 - - [05/Mar/2023:10:17:35 -0500] "GET /BLA/boletinlegal/images/screen_2.png HTTP/1.1" 200 362502
172.22.2.4 - - [05/Mar/2023:10:17:35 -0500] "GET /BLA/boletinlegal/images/screen_3.png HTTP/1.1" 200 210620
172.22.2.4 - - [05/Mar/2023:10:17:35 -0500] "GET /BLA/boletinlegal/images/screen_5.png HTTP/1.1" 200 368876
172.22.2.4 - - [05/Mar/2023:10:17:35 -0500] "GET /BLA/boletinlegal/images/arr_r.jpg HTTP/1.1" 200 1998
201.245.192.253 - - [05/Mar/2023:10:17:34 -0500] "POST /kwsrmcab/Wsrmcab HTTP/1.1" 200 40183
201.245.192.253 - - [05/Mar/2023:10:17:37 -0500] "POST /kwsrmcab/Wsrmcab HTTP/1.1" 200 42540
172.22.2.4 - - [05/Mar/2023:10:17:39 -0500] "GET /BLA/boletinlegal/images/pdf.gif HTTP/1.1" 200 567
172.22.2.4 - - [05/Mar/2023:10:17:51 -0500] "GET /BLA/boletinlegal/images/body_bg.jpg HTTP/1.1" 200 1601
172.22.2.4 - - [05/Mar/2023:10:17:51 -0500] "GET /BLA/boletinlegal/images/menu_lft.gif HTTP/1.1" 200 1713
172.22.2.4 - - [05/Mar/2023:10:17:51 -0500] "GET /BLA/boletinlegal/images/menu_rght.gif HTTP/1.1" 200 1627
172.22.2.4 - - [05/Mar/2023:10:17:51 -0500] "GET /BLA/boletinlegal/images/bg_top.jpg HTTP/1.1" 200 522
172.22.2.4 - - [05/Mar/2023:10:17:51 -0500] "GET /BLA/boletinlegal/images/menu_bg.jpg HTTP/1.1" 200 620
172.22.2.4 - - [05/Mar/2023:10:17:51 -0500] "GET /BLA/boletinlegal/images/hover.jpg HTTP/1.1" 200 640
172.22.2.4 - - [05/Mar/2023:10:17:51 -0500] "GET /BLA/boletinlegal/images/text.jpg HTTP/1.1" 200 568
172.22.2.4 - - [05/Mar/2023:10:17:51 -0500] "GET /BLA/boletinlegal/images/footer_bg.jpg HTTP/1.1" 200 586
186.84.91.19 - - [05/Mar/2023:10:17:52 -0500] "GET /catalogoisis/ref.php?mfn=000097&sobre=Estado%20de%20prestamo HTTP/1.1" 200 5127
172.22.2.4 - - [05/Mar/2023:10:17:52 -0500] "GET /BLA/boletinlegal/actos.php HTTP/1.1" 200 9672
172.22.2.4 - - [05/Mar/2023:10:17:52 -0500] "GET /BLA/boletinlegal/js/ajax_actos.js HTTP/1.1" 200 1322
186.84.91.19 - - [05/Mar/2023:10:17:52 -0500] "GET /catalogoisis/imagenes/fonest4.gif HTTP/1.1" 404 1402
172.22.2.4 - - [05/Mar/2023:10:17:52 -0500] "GET /BLA/boletinlegal/niceforms-default.css HTTP/1.1" 200 6694
172.22.2.4 - - [05/Mar/2023:10:17:52 -0500] "GET /BLA/boletinlegal/niceforms.js HTTP/1.1" 200 22876
172.22.2.4 - - [05/Mar/2023:10:17:52 -0500] "GET /BLA/boletinlegal/js/lib.js HTTP/1.1" 200 6474
172.22.2.4 - - [05/Mar/2023:10:17:52 -0500] "GET /BLA/boletinlegal/js/popup.js HTTP/1.1" 200 1270
172.22.2.4 - - [05/Mar/2023:10:17:52 -0500] "GET /BLA/boletinlegal/js/jquery1.js HTTP/1.1" 200 29846
172.22.2.4 - - [05/Mar/2023:10:17:52 -0500] "GET /BLA/boletinlegal/images/green-yellow-blue-pink-th.png HTTP/1.1" 200 7394
172.22.2.4 - - [05/Mar/2023:10:17:53 -0500] "GET /BLA/boletinlegal/images/tel.png HTTP/1.1" 200 14477
172.22.2.4 - - [05/Mar/2023:10:17:53 -0500] "GET /BLA/boletinlegal/images/icono-email.png HTTP/1.1" 200 5544
172.22.2.4 - - [05/Mar/2023:10:17:53 -0500] "GET /BLA/boletinlegal/images/footer_bg_l.jpg HTTP/1.1" 200 776
172.22.2.4 - - [05/Mar/2023:10:17:53 -0500] "GET /BLA/boletinlegal/img/select-left.png HTTP/1.1" 200 263
172.22.2.4 - - [05/Mar/2023:10:17:53 -0500] "GET /BLA/boletinlegal/img/0.png HTTP/1.1" 200 110
172.22.2.4 - - [05/Mar/2023:10:17:53 -0500] "GET /BLA/boletinlegal/img/button.png HTTP/1.1" 200 43241
172.22.2.4 - - [05/Mar/2023:10:17:53 -0500] "GET /BLA/boletinlegal/img/select-right.png HTTP/1.1" 200 44019
172.22.2.4 - - [05/Mar/2023:10:17:53 -0500] "GET /BLA/boletinlegal/img/button-left.png HTTP/1.1" 200 57071
172.22.2.4 - - [05/Mar/2023:10:17:53 -0500] "GET /BLA/boletinlegal/img/button-right.png HTTP/1.1" 200 57878
172.22.2.4 - - [05/Mar/2023:10:17:53 -0500] "GET /BLA/boletinlegal/favicon.ico HTTP/1.1" 404 1326
181.59.3.255 - - [05/Mar/2023:10:17:55 -0500] "GET /BLA/resoluciones/ HTTP/1.1" 200 13502
181.59.3.255 - - [05/Mar/2023:10:18:00 -0500] "GET /BLA/resoluciones/dlf/styles.css HTTP/1.1" 200 3049
181.59.3.255 - - [05/Mar/2023:10:18:00 -0500] "GET /BLA/resoluciones/dlf/folder.png HTTP/1.1" 200 410
181.59.3.255 - - [05/Mar/2023:10:18:00 -0500] "GET /BLA/resoluciones/dlf/bg.gif HTTP/1.1" 200 54
181.59.3.255 - - [05/Mar/2023:10:18:00 -0500] "GET /favicon.ico HTTP/1.1" 200 7782
181.59.3.255 - - [05/Mar/2023:10:18:05 -0500] "GET /BLA/resoluciones/dlf/dirup.png HTTP/1.1" 200 644
181.59.3.255 - - [05/Mar/2023:10:18:05 -0500] "GET /BLA/resoluciones/dlf/pdf.gif HTTP/1.1" 200 272
181.59.3.255 - - [05/Mar/2023:10:18:05 -0500] "GET /BLA/resoluciones/index.php?dir=AUTOS+2022%2F HTTP/1.1" 200 437685
186.154.33.15 - - [05/Mar/2023:10:18:09 -0500] "POST /sipse/faces/presentacion/financiero/solicitudProceso/consultarSolicitudProceso.xhtml HTTP/1.1" 200 184
186.154.33.15 - - [05/Mar/2023:10:18:09 -0500] "POST /sipse/faces/presentacion/financiero/solicitudProceso/consultarSolicitudProceso.xhtml HTTP/1.1" 200 184
186.154.33.15 - - [05/Mar/2023:10:18:09 -0500] "GET /sipse/faces/presentacion/financiero/solicitudAnulacion/solicitudAnulacion.xhtml HTTP/1.1" 200 31706
186.154.33.15 - - [05/Mar/2023:10:18:09 -0500] "POST /sipse/faces/presentacion/financiero/solicitudProceso/consultarSolicitudProceso.xhtml HTTP/1.1" 200 184
186.154.33.15 - - [05/Mar/2023:10:18:09 -0500] "GET /sipse/faces/presentacion/financiero/solicitudAnulacion/solicitudAnulacion.xhtml HTTP/1.1" 200 31706
186.154.33.15 - - [05/Mar/2023:10:18:10 -0500] "GET /sipse/faces/javax.faces.resource/theme.css?ln=primefaces-sipse HTTP/1.1" 304 -
186.154.33.15 - - [05/Mar/2023:10:18:10 -0500] "GET /sipse/faces/javax.faces.resource/primefaces.css?ln=primefaces&v=4.0 HTTP/1.1" 304 -
186.154.33.15 - - [05/Mar/2023:10:18:10 -0500] "GET /sipse/faces/javax.faces.resource/layout/layout.css?ln=primefaces&v=4.0 HTTP/1.1" 304 -
186.154.33.15 - - [05/Mar/2023:10:18:10 -0500] "GET /sipse/faces/javax.faces.resource/jquery/jquery-plugins.js?ln=primefaces&v=4.0 HTTP/1.1" 304 -
186.154.33.15 - - [05/Mar/2023:10:18:10 -0500] "GET /sipse/faces/javax.faces.resource/jquery/jquery.js?ln=primefaces&v=4.0 HTTP/1.1" 304 -
186.154.33.15 - - [05/Mar/2023:10:18:10 -0500] "GET /sipse/faces/javax.faces.resource/primefaces.js?ln=primefaces&v=4.0 HTTP/1.1" 304 -
186.154.33.15 - - [05/Mar/2023:10:18:10 -0500] "GET /sipse/faces/javax.faces.resource/layout/layout.js?ln=primefaces&v=4.0 HTTP/1.1" 304 -
186.154.33.15 - - [05/Mar/2023:10:18:10 -0500] "POST /sipse/faces/presentacion/financiero/solicitudAnulacion/solicitudAnulacion.xhtml HTTP/1.1" 200 46966
