!C99Shell v. 1.0 pre-release build #13!

Software: Apache. PHP/5.5.15 

uname -a: Windows NT SVR-DMZ 6.1 build 7600 (Windows Server 2008 R2 Enterprise Edition) i586 

SYSTEM 

Safe-mode: OFF (not secure)

E:\nuevo\apache\logs\   drwxrwxrwx
Free 5.02 GB of 239.26 GB (2.1%)
Detected drives: [ a ] [ c ] [ d ] [ e ] [ f ]
Home    Back    Forward    UPDIR    Refresh    Search    Buffer    Encoder    Tools    Proc.    FTP brute    Sec.    SQL    PHP-code    Update    Feedback    Self remove    Logout    


Viewing file:     access.2023.03.06.log (8.72 MB)      -rw-rw-rw-
Select action/file-type:
(+) | (+) | (+) | Code (+) | Session (+) | (+) | SDB (+) | (+) | (+) | (+) | (+) | (+) |
216.245.221.92 - - [06/Mar/2023:00:00:42 -0500] "HEAD / HTTP/1.1" 200 -
173.252.95.5 - - [06/Mar/2023:00:01:38 -0500] "GET /images/caminatas-ecol\xc3\xb3gicas-marzo---1920x1080_optimized.jpg HTTP/1.1" 404 1034
172.22.2.4 - - [06/Mar/2023:00:01:28 -0500] "HEAD /BLA/boletinlegal/ HTTP/1.1" 200 -
190.66.247.53 - - [06/Mar/2023:00:03:13 -0500] "POST /sipse/faces/presentacion/financiero/solicitudProceso/consultarSolicitudProceso.xhtml HTTP/1.1" 200 41074
190.66.247.53 - - [06/Mar/2023:00:03:13 -0500] "GET /sipse/faces/javax.faces.resource/theme.css?ln=primefaces-sipse HTTP/1.1" 304 -
190.66.247.53 - - [06/Mar/2023:00:03:13 -0500] "GET /sipse/faces/javax.faces.resource/primefaces.css?ln=primefaces&v=4.0 HTTP/1.1" 304 -
190.66.247.53 - - [06/Mar/2023:00:03:13 -0500] "GET /sipse/faces/javax.faces.resource/layout/layout.css?ln=primefaces&v=4.0 HTTP/1.1" 304 -
190.66.247.53 - - [06/Mar/2023:00:03:13 -0500] "GET /sipse/faces/javax.faces.resource/jquery/jquery.js?ln=primefaces&v=4.0 HTTP/1.1" 304 -
190.66.247.53 - - [06/Mar/2023:00:03:13 -0500] "GET /sipse/faces/javax.faces.resource/jquery/jquery-plugins.js?ln=primefaces&v=4.0 HTTP/1.1" 304 -
190.66.247.53 - - [06/Mar/2023:00:03:13 -0500] "GET /sipse/faces/javax.faces.resource/primefaces.js?ln=primefaces&v=4.0 HTTP/1.1" 304 -
190.66.247.53 - - [06/Mar/2023:00:03:13 -0500] "GET /sipse/faces/javax.faces.resource/layout/layout.js?ln=primefaces&v=4.0 HTTP/1.1" 304 -
190.66.247.53 - - [06/Mar/2023:00:03:14 -0500] "POST /sipse/faces/presentacion/financiero/solicitudProceso/consultar.xhtml HTTP/1.1" 200 34447
190.66.247.53 - - [06/Mar/2023:00:03:14 -0500] "POST /sipse/faces/presentacion/financiero/solicitudProceso/consultar.xhtml HTTP/1.1" 200 34447
190.66.247.53 - - [06/Mar/2023:00:03:14 -0500] "POST /sipse/faces/presentacion/financiero/solicitudProceso/consultar.xhtml HTTP/1.1" 200 34447
201.245.192.253 - - [06/Mar/2023:00:03:14 -0500] "POST /kwsrmcab/Wsrmcab  HTTP/1.1" 200 40529
190.66.247.53 - - [06/Mar/2023:00:03:18 -0500] "POST /sipse/faces/presentacion/financiero/solicitudProceso/consultar.xhtml HTTP/1.1" 200 12926
190.66.247.53 - - [06/Mar/2023:00:03:21 -0500] "POST /sipse/faces/presentacion/financiero/solicitudProceso/consultar.xhtml HTTP/1.1" 200 140923
190.66.247.53 - - [06/Mar/2023:00:03:21 -0500] "GET /sipse/faces/javax.faces.resource/theme.css?ln=primefaces-sipse HTTP/1.1" 304 -
190.66.247.53 - - [06/Mar/2023:00:03:21 -0500] "GET /sipse/faces/javax.faces.resource/primefaces.css?ln=primefaces&v=4.0 HTTP/1.1" 304 -
190.66.247.53 - - [06/Mar/2023:00:03:21 -0500] "GET /sipse/faces/javax.faces.resource/layout/layout.css?ln=primefaces&v=4.0 HTTP/1.1" 304 -
190.66.247.53 - - [06/Mar/2023:00:03:21 -0500] "GET /sipse/faces/javax.faces.resource/jquery/jquery.js?ln=primefaces&v=4.0 HTTP/1.1" 304 -
190.66.247.53 - - [06/Mar/2023:00:03:21 -0500] "GET /sipse/faces/javax.faces.resource/jquery/jquery-plugins.js?ln=primefaces&v=4.0 HTTP/1.1" 304 -
190.66.247.53 - - [06/Mar/2023:00:03:22 -0500] "GET /sipse/faces/javax.faces.resource/primefaces.js?ln=primefaces&v=4.0 HTTP/1.1" 304 -
190.66.247.53 - - [06/Mar/2023:00:03:22 -0500] "GET /sipse/faces/javax.faces.resource/layout/layout.js?ln=primefaces&v=4.0 HTTP/1.1" 304 -
190.66.247.53 - - [06/Mar/2023:00:03:23 -0500] "GET /sipse/faces/javax.faces.resource/dynamiccontent.properties?ln=primefaces&pfdrid=XjOR5%2F%2FfPAZAuY9TpWQeCiM0BhlXxYRBGKi%2FQcXXfeA%3D&pfdrid_c=false HTTP/1.1" 500 383
172.22.2.4 - - [06/Mar/2023:00:02:18 -0500] "GET /BLA/boletinlegal/ HTTP/1.1" 200 58653
123.183.224.30 - - [06/Mar/2023:00:04:50 -0500] "-" 408 -
52.167.144.40 - - [06/Mar/2023:00:05:19 -0500] "GET /sipse/faces/autenticacion.xhtml HTTP/1.1" 200 12487
216.245.221.92 - - [06/Mar/2023:00:05:42 -0500] "HEAD / HTTP/1.1" 200 -
66.249.66.80 - - [06/Mar/2023:00:05:48 -0500] "-" 408 -
172.22.2.4 - - [06/Mar/2023:00:06:45 -0500] "GET /BLA/boletinlegal/jurisprudencia/analisis/AnalisisT-606-15.docx HTTP/1.1" 200 26698
172.22.2.4 - - [06/Mar/2023:00:06:46 -0500] "GET /BLA/boletinlegal/apple-touch-icon-120x120-precomposed.png HTTP/1.1" 404 1140
172.22.2.4 - - [06/Mar/2023:00:06:46 -0500] "GET /BLA/boletinlegal/apple-touch-icon-120x120.png HTTP/1.1" 404 1140
172.22.2.4 - - [06/Mar/2023:00:06:46 -0500] "GET /BLA/boletinlegal/apple-touch-icon-precomposed.png HTTP/1.1" 404 1140
172.22.2.4 - - [06/Mar/2023:00:06:46 -0500] "GET /BLA/boletinlegal/apple-touch-icon.png HTTP/1.1" 404 1140
172.22.2.4 - - [06/Mar/2023:00:06:46 -0500] "GET /BLA/boletinlegal/favicon.ico HTTP/1.1" 404 1140
172.22.2.4 - - [06/Mar/2023:00:06:46 -0500] "GET /BLA/boletinlegal/apple-touch-icon-120x120-precomposed.png HTTP/1.1" 404 1140
172.22.2.4 - - [06/Mar/2023:00:06:46 -0500] "GET /BLA/boletinlegal/apple-touch-icon-120x120.png HTTP/1.1" 404 1140
172.22.2.4 - - [06/Mar/2023:00:06:46 -0500] "GET /BLA/boletinlegal/apple-touch-icon-precomposed.png HTTP/1.1" 404 1140
172.22.2.4 - - [06/Mar/2023:00:06:46 -0500] "GET /BLA/boletinlegal/apple-touch-icon.png HTTP/1.1" 404 1140
172.22.2.4 - - [06/Mar/2023:00:06:46 -0500] "GET /BLA/boletinlegal/favicon.ico HTTP/1.1" 404 1140
40.77.167.97 - - [06/Mar/2023:00:07:04 -0500] "GET /BLA/resoluciones/AUTOS%202014/5082.pdf HTTP/1.1" 200 567691
201.245.192.253 - - [06/Mar/2023:00:08:14 -0500] "POST /kwsrmcab/Wsrmcab  HTTP/1.1" 200 40529
172.22.2.4 - - [06/Mar/2023:00:07:18 -0500] "HEAD /BLA/boletinlegal/ HTTP/1.1" 200 -
172.22.2.4 - - [06/Mar/2023:00:08:23 -0500] "GET /BLA/boletinlegal/ HTTP/1.1" 200 28619
172.22.2.4 - - [06/Mar/2023:00:08:08 -0500] "GET /BLA/boletinlegal/ HTTP/1.1" 200 55561
207.46.13.211 - - [06/Mar/2023:00:10:37 -0500] "GET /BLA/boletinlegal/jurisprudencia/analisis/analisis%20sentencia%20C%20401%20de%202010.doc HTTP/1.1" 200 34816
216.245.221.92 - - [06/Mar/2023:00:10:42 -0500] "HEAD / HTTP/1.1" 200 -
190.66.247.53 - - [06/Mar/2023:00:11:51 -0500] "POST /sipse/faces/presentacion/financiero/solicitudProceso/consultarSolicitudProceso.xhtml HTTP/1.1" 200 40948
190.66.247.53 - - [06/Mar/2023:00:11:51 -0500] "GET /sipse/faces/javax.faces.resource/theme.css?ln=primefaces-sipse HTTP/1.1" 304 -
190.66.247.53 - - [06/Mar/2023:00:11:51 -0500] "GET /sipse/faces/javax.faces.resource/primefaces.css?ln=primefaces&v=4.0 HTTP/1.1" 304 -
190.66.247.53 - - [06/Mar/2023:00:11:51 -0500] "GET /sipse/faces/javax.faces.resource/layout/layout.css?ln=primefaces&v=4.0 HTTP/1.1" 304 -
190.66.247.53 - - [06/Mar/2023:00:11:51 -0500] "GET /sipse/faces/javax.faces.resource/jquery/jquery.js?ln=primefaces&v=4.0 HTTP/1.1" 304 -
190.66.247.53 - - [06/Mar/2023:00:11:51 -0500] "GET /sipse/faces/javax.faces.resource/jquery/jquery-plugins.js?ln=primefaces&v=4.0 HTTP/1.1" 304 -
190.66.247.53 - - [06/Mar/2023:00:11:52 -0500] "GET /sipse/faces/javax.faces.resource/primefaces.js?ln=primefaces&v=4.0 HTTP/1.1" 304 -
190.66.247.53 - - [06/Mar/2023:00:11:52 -0500] "GET /sipse/faces/javax.faces.resource/layout/layout.js?ln=primefaces&v=4.0 HTTP/1.1" 304 -
190.66.247.53 - - [06/Mar/2023:00:11:52 -0500] "POST /sipse/faces/presentacion/financiero/solicitudProceso/consultar.xhtml HTTP/1.1" 200 34321
190.66.247.53 - - [06/Mar/2023:00:11:52 -0500] "POST /sipse/faces/presentacion/financiero/solicitudProceso/consultar.xhtml HTTP/1.1" 200 34321
190.66.247.53 - - [06/Mar/2023:00:11:53 -0500] "POST /sipse/faces/presentacion/financiero/solicitudProceso/consultar.xhtml HTTP/1.1" 200 34321
190.66.247.53 - - [06/Mar/2023:00:11:53 -0500] "POST /sipse/faces/presentacion/financiero/solicitudProceso/consultar.xhtml HTTP/1.1" 200 34321
190.66.247.53 - - [06/Mar/2023:00:11:53 -0500] "POST /sipse/faces/presentacion/financiero/solicitudProceso/consultar.xhtml HTTP/1.1" 200 34321
190.66.247.53 - - [06/Mar/2023:00:11:56 -0500] "POST /sipse/faces/presentacion/financiero/solicitudProceso/consultar.xhtml HTTP/1.1" 200 12865
190.66.247.53 - - [06/Mar/2023:00:11:59 -0500] "POST /sipse/faces/presentacion/financiero/solicitudProceso/consultar.xhtml HTTP/1.1" 200 141840
190.66.247.53 - - [06/Mar/2023:00:12:00 -0500] "GET /sipse/faces/javax.faces.resource/theme.css?ln=primefaces-sipse HTTP/1.1" 304 -
190.66.247.53 - - [06/Mar/2023:00:12:00 -0500] "GET /sipse/faces/javax.faces.resource/primefaces.css?ln=primefaces&v=4.0 HTTP/1.1" 304 -
190.66.247.53 - - [06/Mar/2023:00:12:00 -0500] "GET /sipse/faces/javax.faces.resource/layout/layout.css?ln=primefaces&v=4.0 HTTP/1.1" 304 -
190.66.247.53 - - [06/Mar/2023:00:12:00 -0500] "GET /sipse/faces/javax.faces.resource/jquery/jquery.js?ln=primefaces&v=4.0 HTTP/1.1" 304 -
190.66.247.53 - - [06/Mar/2023:00:12:00 -0500] "GET /sipse/faces/javax.faces.resource/jquery/jquery-plugins.js?ln=primefaces&v=4.0 HTTP/1.1" 304 -
190.66.247.53 - - [06/Mar/2023:00:12:00 -0500] "GET /sipse/faces/javax.faces.resource/primefaces.js?ln=primefaces&v=4.0 HTTP/1.1" 304 -
190.66.247.53 - - [06/Mar/2023:00:12:00 -0500] "GET /sipse/faces/javax.faces.resource/layout/layout.js?ln=primefaces&v=4.0 HTTP/1.1" 304 -
190.66.247.53 - - [06/Mar/2023:00:12:01 -0500] "GET /sipse/faces/javax.faces.resource/dynamiccontent.properties?ln=primefaces&pfdrid=XjOR5%2F%2FfPAZAuY9TpWQeCiM0BhlXxYRBGKi%2FQcXXfeA%3D&pfdrid_c=false HTTP/1.1" 500 383
123.183.224.29 - - [06/Mar/2023:00:12:07 -0500] "-" 408 -
190.66.247.53 - - [06/Mar/2023:00:12:27 -0500] "POST /sipse/faces/presentacion/financiero/solicitudProceso/consultarSolicitudProceso.xhtml HTTP/1.1" 200 44355
190.66.247.53 - - [06/Mar/2023:00:12:28 -0500] "GET /sipse/faces/javax.faces.resource/theme.css?ln=primefaces-sipse HTTP/1.1" 304 -
190.66.247.53 - - [06/Mar/2023:00:12:28 -0500] "GET /sipse/faces/javax.faces.resource/primefaces.css?ln=primefaces&v=4.0 HTTP/1.1" 304 -
190.66.247.53 - - [06/Mar/2023:00:12:28 -0500] "GET /sipse/faces/javax.faces.resource/layout/layout.css?ln=primefaces&v=4.0 HTTP/1.1" 304 -
190.66.247.53 - - [06/Mar/2023:00:12:28 -0500] "GET /sipse/faces/javax.faces.resource/jquery/jquery.js?ln=primefaces&v=4.0 HTTP/1.1" 304 -
190.66.247.53 - - [06/Mar/2023:00:12:28 -0500] "GET /sipse/faces/javax.faces.resource/jquery/jquery-plugins.js?ln=primefaces&v=4.0 HTTP/1.1" 304 -
190.66.247.53 - - [06/Mar/2023:00:12:28 -0500] "GET /sipse/faces/javax.faces.resource/primefaces.js?ln=primefaces&v=4.0 HTTP/1.1" 304 -
190.66.247.53 - - [06/Mar/2023:00:12:28 -0500] "GET /sipse/faces/javax.faces.resource/layout/layout.js?ln=primefaces&v=4.0 HTTP/1.1" 304 -
201.245.192.253 - - [06/Mar/2023:00:13:13 -0500] "POST /kwsrmcab/Wsrmcab  HTTP/1.1" 200 40529
185.119.81.97 - - [06/Mar/2023:00:14:09 -0500] "GET /portaldeninos/wp-login.php HTTP/1.1" 200 2592
185.119.81.97 - - [06/Mar/2023:00:14:11 -0500] "POST /portaldeninos/wp-login.php HTTP/1.1" 200 3605
64.124.8.45 - - [06/Mar/2023:00:14:27 -0500] "GET /BLA/boletinlegal/jurisprudencia/analisis/ANALISIST-257-96.docx HTTP/1.1" 304 -
172.22.2.4 - - [06/Mar/2023:00:13:08 -0500] "HEAD /BLA/boletinlegal/ HTTP/1.1" 200 -
172.22.2.4 - - [06/Mar/2023:00:13:58 -0500] "GET /BLA/boletinlegal/ HTTP/1.1" 200 53551
216.245.221.92 - - [06/Mar/2023:00:15:42 -0500] "HEAD / HTTP/1.1" 200 -
201.245.192.253 - - [06/Mar/2023:00:17:31 -0500] "POST /kwsrmcab/Wsrmcab HTTP/1.1" 200 41370
201.245.192.253 - - [06/Mar/2023:00:17:35 -0500] "GET /kwsrmcab/Wsrmcab?wsdl HTTP/1.1" 200 6948
201.245.192.253 - - [06/Mar/2023:00:17:35 -0500] "POST /kwsrmcab/Wsrmcab HTTP/1.1" 200 43008
201.245.192.253 - - [06/Mar/2023:00:18:13 -0500] "POST /kwsrmcab/Wsrmcab  HTTP/1.1" 200 40529
40.77.167.251 - - [06/Mar/2023:00:19:17 -0500] "GET /camino-guadalupe-aguanoso-abierto-de-nuevo-al-publico.html HTTP/1.1" 200 879
158.69.23.79 - - [06/Mar/2023:00:19:47 -0500] "GET /wp-content/plugins/task-controller/index.php HTTP/1.1" 404 1035
158.69.23.79 - - [06/Mar/2023:00:19:49 -0500] "GET /wp-content/plugins/task-controller/index.php HTTP/1.1" 404 1032
172.22.2.4 - - [06/Mar/2023:00:18:58 -0500] "HEAD /BLA/boletinlegal/ HTTP/1.1" 200 -
216.245.221.92 - - [06/Mar/2023:00:20:42 -0500] "HEAD / HTTP/1.1" 200 -
172.22.2.4 - - [06/Mar/2023:00:19:48 -0500] "GET /BLA/boletinlegal/ HTTP/1.1" 200 57141
119.8.243.109 - - [06/Mar/2023:00:21:41 -0500] "GET /portaldeninos/wp-content/uploads/2020/06/mapa-humedales-de-bogot%C3%A1-1.jpg HTTP/1.1" 200 1170768
201.245.192.253 - - [06/Mar/2023:00:23:13 -0500] "POST /kwsrmcab/Wsrmcab  HTTP/1.1" 200 40529
69.171.249.11 - - [06/Mar/2023:00:24:48 -0500] "GET /images/empresas-alertas_optimized.jpeg HTTP/1.1" 200 142365
69.171.249.15 - - [06/Mar/2023:00:24:48 -0500] "GET /images/idpyba-4-marzo-1_optimized.jpeg HTTP/1.1" 200 115318
216.245.221.92 - - [06/Mar/2023:00:25:42 -0500] "HEAD / HTTP/1.1" 200 -
157.55.39.217 - - [06/Mar/2023:00:25:58 -0500] "GET / HTTP/1.1" 200 319
172.22.2.4 - - [06/Mar/2023:00:24:48 -0500] "HEAD /BLA/boletinlegal/ HTTP/1.1" 200 -
172.22.2.4 - - [06/Mar/2023:00:25:38 -0500] "GET /BLA/boletinlegal/ HTTP/1.1" 200 58653
201.245.192.253 - - [06/Mar/2023:00:27:31 -0500] "POST /kwsrmcab/Wsrmcab HTTP/1.1" 200 41370
201.245.192.253 - - [06/Mar/2023:00:27:33 -0500] "POST /kwsrmcab/Wsrmcab HTTP/1.1" 200 43008
54.39.107.240 - - [06/Mar/2023:00:28:07 -0500] "GET /auambari-deleito-con-sus-sonidos-ambientales-a-los-asistentes-de-fima-2021.html HTTP/1.1" 200 888
201.245.192.253 - - [06/Mar/2023:00:28:12 -0500] "POST /kwsrmcab/Wsrmcab  HTTP/1.1" 200 40529
69.171.249.14 - - [06/Mar/2023:00:28:19 -0500] "GET /images/17%20de%20febrero%20mujeres%20que%20reverdecen.jpeg HTTP/1.1" 200 85735
66.249.66.33 - - [06/Mar/2023:00:29:52 -0500] "-" 408 -
158.69.23.79 - - [06/Mar/2023:00:30:11 -0500] "GET /wp-content/plugins/task-controller/index.php HTTP/1.1" 404 1035
158.69.23.79 - - [06/Mar/2023:00:30:13 -0500] "GET /wp-content/plugins/task-controller/index.php HTTP/1.1" 404 1032
216.245.221.92 - - [06/Mar/2023:00:30:42 -0500] "HEAD / HTTP/1.1" 200 -
172.22.2.4 - - [06/Mar/2023:00:30:38 -0500] "HEAD /BLA/boletinlegal/ HTTP/1.1" 200 -
172.22.2.4 - - [06/Mar/2023:00:31:28 -0500] "GET /BLA/boletinlegal/ HTTP/1.1" 200 59296
201.245.192.253 - - [06/Mar/2023:00:33:11 -0500] "POST /kwsrmcab/Wsrmcab  HTTP/1.1" 200 40529
52.167.144.67 - - [06/Mar/2023:00:33:25 -0500] "GET /appsia/controlador HTTP/1.1" 200 4799
52.167.144.42 - - [06/Mar/2023:00:33:38 -0500] "GET /appsia/scripts/validarIngreso.js HTTP/1.1" 200 851
40.77.167.97 - - [06/Mar/2023:00:33:46 -0500] "GET /appsia/css/estilos.css HTTP/1.1" 200 4804
216.245.221.92 - - [06/Mar/2023:00:35:42 -0500] "HEAD / HTTP/1.1" 200 -
201.245.192.253 - - [06/Mar/2023:00:37:31 -0500] "POST /kwsrmcab/Wsrmcab HTTP/1.1" 200 41370
201.245.192.253 - - [06/Mar/2023:00:37:34 -0500] "POST /kwsrmcab/Wsrmcab HTTP/1.1" 200 43008
172.22.2.4 - - [06/Mar/2023:00:36:28 -0500] "HEAD /BLA/boletinlegal/ HTTP/1.1" 200 -
201.245.192.253 - - [06/Mar/2023:00:38:10 -0500] "POST /kwsrmcab/Wsrmcab  HTTP/1.1" 200 40529
173.252.107.7 - - [06/Mar/2023:00:38:43 -0500] "GET /images/Puntos%20calientes%2024%20de%20febrero.jpeg HTTP/1.1" 200 42626
172.22.2.4 - - [06/Mar/2023:00:37:18 -0500] "GET /BLA/boletinlegal/ HTTP/1.1" 200 53551
216.245.221.92 - - [06/Mar/2023:00:40:42 -0500] "HEAD / HTTP/1.1" 200 -
64.124.8.27 - - [06/Mar/2023:00:41:08 -0500] "-" 408 -
201.245.192.253 - - [06/Mar/2023:00:43:09 -0500] "POST /kwsrmcab/Wsrmcab  HTTP/1.1" 200 40529
168.119.252.243 - - [06/Mar/2023:00:43:23 -0500] "GET / HTTP/1.1" 200 4720
168.119.252.243 - - [06/Mar/2023:00:43:23 -0500] "GET / HTTP/1.1" 200 319
172.22.2.4 - - [06/Mar/2023:00:42:18 -0500] "HEAD /BLA/boletinlegal/ HTTP/1.1" 200 -
172.22.2.4 - - [06/Mar/2023:00:43:08 -0500] "GET /BLA/boletinlegal/ HTTP/1.1" 200 49744
172.22.2.4 - - [06/Mar/2023:00:43:59 -0500] "GET /BLA/boletinlegal/ HTTP/1.1" 200 42087
216.245.221.92 - - [06/Mar/2023:00:45:42 -0500] "HEAD / HTTP/1.1" 200 -
172.22.2.4 - - [06/Mar/2023:00:44:03 -0500] "GET /BLA/boletinlegal/ HTTP/1.1" 200 43256
31.13.127.26 - - [06/Mar/2023:00:47:31 -0500] "GET /images/empresas-alertas_optimized.jpeg HTTP/1.1" 200 142365
201.245.192.253 - - [06/Mar/2023:00:48:09 -0500] "POST /kwsrmcab/Wsrmcab  HTTP/1.1" 200 40529
172.22.2.4 - - [06/Mar/2023:00:48:08 -0500] "HEAD /BLA/boletinlegal/ HTTP/1.1" 200 -
172.22.2.4 - - [06/Mar/2023:00:48:58 -0500] "GET /BLA/boletinlegal/ HTTP/1.1" 200 58653
216.245.221.92 - - [06/Mar/2023:00:50:42 -0500] "HEAD / HTTP/1.1" 200 -
172.22.2.4 - - [06/Mar/2023:00:51:30 -0500] "GET /BLA/boletinlegal/index.php?s=/Index/\\think\\app/invokefunction&function=call_user_func_array&vars[0]=md5&vars[1][]=HelloThinkPHP21 HTTP/1.1" 200 36811
172.22.2.4 - - [06/Mar/2023:00:53:09 -0500] "GET /BLA/boletinlegal/robots.txt HTTP/1.1" 404 1038
172.22.2.4 - - [06/Mar/2023:00:53:09 -0500] "GET /BLA/boletinlegal/jurisprudencia/analisis/G__Jurisp.%20Junio%202014_JURISPRUDENIA%2005-10-213%20CERROS%20BOGOTA.docx HTTP/1.1" 404 1038
201.245.192.253 - - [06/Mar/2023:00:53:08 -0500] "POST /kwsrmcab/Wsrmcab  HTTP/1.1" 200 40529
123.183.224.29 - - [06/Mar/2023:00:54:05 -0500] "-" 408 -
167.94.138.117 - - [06/Mar/2023:00:54:48 -0500] "GET / HTTP/1.1" 200 319
167.94.138.117 - - [06/Mar/2023:00:54:48 -0500] "GET / HTTP/1.1" 200 319
167.94.138.117 - - [06/Mar/2023:00:54:48 -0500] "PRI * HTTP/2.0" 400 946
167.94.138.117 - - [06/Mar/2023:00:54:48 -0500] "GET /favicon.ico HTTP/1.1" 200 7782
123.183.224.30 - - [06/Mar/2023:00:55:16 -0500] "-" 408 -
172.22.2.4 - - [06/Mar/2023:00:53:58 -0500] "HEAD /BLA/boletinlegal/ HTTP/1.1" 200 -
216.245.221.92 - - [06/Mar/2023:00:55:42 -0500] "HEAD / HTTP/1.1" 200 -
165.22.94.33 - - [06/Mar/2023:00:56:14 -0500] "\x16\x03\x01" 400 226
165.22.94.33 - - [06/Mar/2023:00:56:14 -0500] "\x16\x03\x01" 400 226
165.22.94.33 - - [06/Mar/2023:00:56:15 -0500] "GET / HTTP/1.1" 200 319
165.22.94.33 - - [06/Mar/2023:00:56:15 -0500] "GET /client/get_targets HTTP/1.1" 404 1018
172.22.2.4 - - [06/Mar/2023:00:54:48 -0500] "GET /BLA/boletinlegal/ HTTP/1.1" 200 53551
201.245.192.253 - - [06/Mar/2023:00:58:07 -0500] "POST /kwsrmcab/Wsrmcab  HTTP/1.1" 200 40529
172.22.2.4 - - [06/Mar/2023:00:58:16 -0500] "HEAD /BLA/boletinlegal/ HTTP/1.1" 200 -
216.245.221.92 - - [06/Mar/2023:01:00:42 -0500] "HEAD / HTTP/1.1" 200 -
172.22.2.4 - - [06/Mar/2023:00:59:48 -0500] "HEAD /BLA/boletinlegal/ HTTP/1.1" 200 -
172.22.2.4 - - [06/Mar/2023:01:00:38 -0500] "GET /BLA/boletinlegal/ HTTP/1.1" 200 57551
201.245.192.253 - - [06/Mar/2023:01:03:06 -0500] "POST /kwsrmcab/Wsrmcab  HTTP/1.1" 200 40529
216.245.221.92 - - [06/Mar/2023:01:05:42 -0500] "HEAD / HTTP/1.1" 200 -
181.54.232.194 - - [06/Mar/2023:01:07:14 -0500] "GET /BLA/boletinlegal/js/jquery.scrollShow.js HTTP/1.1" 200 4586
181.54.232.194 - - [06/Mar/2023:01:07:14 -0500] "GET /galeria/galeria/jquery.fancybox.css?v=2.1.5 HTTP/1.1" 200 4895
181.54.232.194 - - [06/Mar/2023:01:07:14 -0500] "GET /galeria/galeria/jquery.fancybox.js?v=2.1.5 HTTP/1.1" 200 48706
172.22.2.4 - - [06/Mar/2023:01:05:38 -0500] "HEAD /BLA/boletinlegal/ HTTP/1.1" 200 -
201.245.192.253 - - [06/Mar/2023:01:08:05 -0500] "POST /kwsrmcab/Wsrmcab  HTTP/1.1" 200 40529
172.22.2.4 - - [06/Mar/2023:01:06:28 -0500] "GET /BLA/boletinlegal/ HTTP/1.1" 200 57551
152.61.192.232 - - [06/Mar/2023:01:08:11 -0500] "GET / HTTP/1.1" 200 319
52.167.144.40 - - [06/Mar/2023:01:09:45 -0500] "GET /BLA/resoluciones/RESOLUCIONES%202021/2903.pdf HTTP/1.1" 304 -
216.245.221.92 - - [06/Mar/2023:01:10:42 -0500] "HEAD / HTTP/1.1" 200 -
31.13.103.20 - - [06/Mar/2023:01:12:50 -0500] "GET /images/mantener-calidad-del-aire_optimized.jpeg HTTP/1.1" 200 67646
172.22.2.4 - - [06/Mar/2023:01:12:53 -0500] "GET /BLA/boletinlegal/Circulares/2015/Circular%20No.%201%20del%2010%20de%20Febrero%20de%202015.pdf HTTP/1.1" 304 -
201.245.192.253 - - [06/Mar/2023:01:13:04 -0500] "POST /kwsrmcab/Wsrmcab  HTTP/1.1" 200 40529
172.22.2.4 - - [06/Mar/2023:01:11:28 -0500] "HEAD /BLA/boletinlegal/ HTTP/1.1" 200 -
172.22.2.4 - - [06/Mar/2023:01:12:18 -0500] "GET /BLA/boletinlegal/ HTTP/1.1" 200 57141
123.183.224.29 - - [06/Mar/2023:01:15:04 -0500] "-" 408 -
199.16.157.182 - - [06/Mar/2023:01:15:23 -0500] "GET /images/Sello%201%20-2-2.jpg HTTP/1.1" 200 81559
216.245.221.92 - - [06/Mar/2023:01:15:42 -0500] "HEAD / HTTP/1.1" 200 -
31.13.127.13 - - [06/Mar/2023:01:17:07 -0500] "GET /secretaria-de-ambiente-destaca-aportes-de-empresas-y-ciudadanos-que-ayudaron-a-mitigar-efectos-de-la-alerta-fase-i.html?fbclid=IwAR20uraifoAqitCL94MudMe400mKN1goseEsIJUI9_x6e0DYHIEpVlVNYOY HTTP/1.1" 200 1019
201.245.192.253 - - [06/Mar/2023:01:17:31 -0500] "POST /kwsrmcab/Wsrmcab HTTP/1.1" 200 41544
201.245.192.253 - - [06/Mar/2023:01:17:33 -0500] "POST /kwsrmcab/Wsrmcab HTTP/1.1" 200 42835
199.16.157.182 - - [06/Mar/2023:01:17:55 -0500] "GET /images/Sello%201%20-2-2.jpg HTTP/1.1" 200 81559
193.32.162.159 - - [06/Mar/2023:01:17:56 -0500] "GET / HTTP/1.1" 200 319
201.245.192.253 - - [06/Mar/2023:01:18:03 -0500] "POST /kwsrmcab/Wsrmcab  HTTP/1.1" 200 40529
172.22.2.4 - - [06/Mar/2023:01:17:18 -0500] "HEAD /BLA/boletinlegal/ HTTP/1.1" 200 -
172.22.2.4 - - [06/Mar/2023:01:18:08 -0500] "GET /BLA/boletinlegal/ HTTP/1.1" 200 57551
173.252.87.120 - - [06/Mar/2023:01:19:51 -0500] "GET /images/caminatas-ecol\xc3\xb3gicas-marzo---1920x1080_optimized.jpg HTTP/1.1" 404 1034
216.245.221.92 - - [06/Mar/2023:01:20:42 -0500] "HEAD / HTTP/1.1" 200 -
152.61.128.50 - - [06/Mar/2023:01:20:58 -0500] "GET / HTTP/1.1" 200 319
201.245.192.253 - - [06/Mar/2023:01:23:00 -0500] "POST /kwsrmcab/Wsrmcab  HTTP/1.1" 200 40529
172.22.2.4 - - [06/Mar/2023:01:23:08 -0500] "HEAD /BLA/boletinlegal/ HTTP/1.1" 200 -
172.22.2.4 - - [06/Mar/2023:01:23:58 -0500] "GET /BLA/boletinlegal/ HTTP/1.1" 200 57551
216.245.221.92 - - [06/Mar/2023:01:25:42 -0500] "HEAD / HTTP/1.1" 200 -
201.245.192.253 - - [06/Mar/2023:01:27:31 -0500] "POST /kwsrmcab/Wsrmcab HTTP/1.1" 200 41544
201.245.192.253 - - [06/Mar/2023:01:27:34 -0500] "POST /kwsrmcab/Wsrmcab HTTP/1.1" 200 42835
201.245.192.253 - - [06/Mar/2023:01:27:59 -0500] "POST /kwsrmcab/Wsrmcab  HTTP/1.1" 200 40529
185.119.81.104 - - [06/Mar/2023:01:29:40 -0500] "GET /portaldeninos/wp-login.php HTTP/1.1" 200 2592
185.119.81.104 - - [06/Mar/2023:01:29:41 -0500] "POST /portaldeninos/wp-login.php HTTP/1.1" 200 3605
185.119.81.97 - - [06/Mar/2023:01:30:28 -0500] "GET /portaldeninos/wp-login.php HTTP/1.1" 200 2592
185.119.81.97 - - [06/Mar/2023:01:30:29 -0500] "POST /portaldeninos/wp-login.php HTTP/1.1" 200 3605
172.22.2.4 - - [06/Mar/2023:01:28:58 -0500] "HEAD /BLA/boletinlegal/ HTTP/1.1" 200 -
216.245.221.92 - - [06/Mar/2023:01:30:42 -0500] "HEAD / HTTP/1.1" 200 -
172.22.2.4 - - [06/Mar/2023:01:31:22 -0500] "GET /BLA/boletinlegal/Circulares/2012/Circular%20No.%208%20del%2021%20de%20Agosto%20de%202012.pdf HTTP/1.1" 200 963197
172.22.2.4 - - [06/Mar/2023:01:29:48 -0500] "GET /BLA/boletinlegal/ HTTP/1.1" 200 52316
172.22.2.4 - - [06/Mar/2023:01:31:38 -0500] "GET /BLA/boletinlegal/?XDEBUG_SESSION_START=phpstorm HTTP/1.1" 200 36811
52.167.144.64 - - [06/Mar/2023:01:32:34 -0500] "GET /portaldeninos/wp-content/uploads/2021/11/tunel-ambiente-6-junio-1024x574.jpg HTTP/1.1" 200 94163
201.245.192.253 - - [06/Mar/2023:01:32:58 -0500] "POST /kwsrmcab/Wsrmcab  HTTP/1.1" 200 40529
185.119.81.97 - - [06/Mar/2023:01:35:37 -0500] "GET /portaldeninos/wp-login.php HTTP/1.1" 200 2592
185.119.81.97 - - [06/Mar/2023:01:35:38 -0500] "POST /portaldeninos/wp-login.php HTTP/1.1" 200 3605
216.245.221.92 - - [06/Mar/2023:01:35:42 -0500] "HEAD / HTTP/1.1" 200 -
172.22.2.4 - - [06/Mar/2023:01:34:48 -0500] "HEAD /BLA/boletinlegal/ HTTP/1.1" 200 -
172.22.2.4 - - [06/Mar/2023:01:35:38 -0500] "GET /BLA/boletinlegal/ HTTP/1.1" 200 52720
201.245.192.253 - - [06/Mar/2023:01:37:31 -0500] "POST /kwsrmcab/Wsrmcab HTTP/1.1" 200 41544
186.80.52.23 - - [06/Mar/2023:01:37:36 -0500] "GET /feria-de-emprendimiento-mujeres-que-reverdecen-expusieron-sus-proyectos.html HTTP/1.1" 200 889
201.245.192.253 - - [06/Mar/2023:01:37:34 -0500] "POST /kwsrmcab/Wsrmcab HTTP/1.1" 200 42835
201.245.192.253 - - [06/Mar/2023:01:37:56 -0500] "POST /kwsrmcab/Wsrmcab  HTTP/1.1" 200 40529
216.245.221.92 - - [06/Mar/2023:01:40:42 -0500] "HEAD / HTTP/1.1" 200 -
172.22.2.4 - - [06/Mar/2023:01:40:38 -0500] "HEAD /BLA/boletinlegal/ HTTP/1.1" 200 -
123.183.224.30 - - [06/Mar/2023:01:42:24 -0500] "-" 408 -
172.22.2.4 - - [06/Mar/2023:01:42:42 -0500] "GET /BLA/boletinlegal/actos.php HTTP/1.1" 200 9672
201.245.192.253 - - [06/Mar/2023:01:42:55 -0500] "POST /kwsrmcab/Wsrmcab  HTTP/1.1" 200 40529
172.22.2.4 - - [06/Mar/2023:01:43:03 -0500] "GET /BLA/boletinlegal/consulta_actos.php?tipo=resoluciones&no=2005&usuario=&sector=SILVICULTURA&fecha=2018&resuelve= HTTP/1.1" 200 1081
172.22.2.4 - - [06/Mar/2023:01:41:28 -0500] "GET /BLA/boletinlegal/ HTTP/1.1" 200 51022
172.22.2.4 - - [06/Mar/2023:01:42:40 -0500] "GET /BLA/boletinlegal/ HTTP/1.1" 200 24523
216.245.221.92 - - [06/Mar/2023:01:45:42 -0500] "HEAD / HTTP/1.1" 200 -
152.61.192.232 - - [06/Mar/2023:01:45:59 -0500] "GET /arcgis/services/Calidad_del_Agua_WQI/MapServer/WMSServer?request=GetCapabilities&service=WMS HTTP/1.1" 503 1020
152.61.192.232 - - [06/Mar/2023:01:46:00 -0500] "GET /arcgis/services/Calidad_del_Agua_WQI/MapServer/WMSServer?SERVICE=WMS&REQUEST=GetCapabilities HTTP/1.1" 503 1020
152.61.192.232 - - [06/Mar/2023:01:46:01 -0500] "GET /arcgis/services/Calidad_del_Agua_WQI/MapServer/WMSServer?WMTVER=1.0.0&REQUEST=capabilities HTTP/1.1" 503 1020
201.245.192.253 - - [06/Mar/2023:01:47:54 -0500] "POST /kwsrmcab/Wsrmcab  HTTP/1.1" 200 40529
172.22.2.4 - - [06/Mar/2023:01:46:28 -0500] "HEAD /BLA/boletinlegal/ HTTP/1.1" 200 -
172.22.2.4 - - [06/Mar/2023:01:47:18 -0500] "GET /BLA/boletinlegal/ HTTP/1.1" 200 53104
172.22.2.4 - - [06/Mar/2023:01:48:17 -0500] "GET /BLA/boletinlegal/ HTTP/1.1" 200 24523
40.77.167.184 - - [06/Mar/2023:01:50:17 -0500] "-" 408 -
216.245.221.92 - - [06/Mar/2023:01:50:42 -0500] "HEAD / HTTP/1.1" 200 -
40.77.167.97 - - [06/Mar/2023:01:52:34 -0500] "GET / HTTP/1.1" 200 319
201.245.192.253 - - [06/Mar/2023:01:52:53 -0500] "POST /kwsrmcab/Wsrmcab  HTTP/1.1" 200 40529
172.22.2.4 - - [06/Mar/2023:01:52:18 -0500] "HEAD /BLA/boletinlegal/ HTTP/1.1" 200 -
64.124.8.45 - - [06/Mar/2023:01:54:17 -0500] "-" 408 -
172.22.2.4 - - [06/Mar/2023:01:53:08 -0500] "GET /BLA/boletinlegal/ HTTP/1.1" 200 57935
216.245.221.92 - - [06/Mar/2023:01:55:42 -0500] "HEAD / HTTP/1.1" 200 -
172.22.2.4 - - [06/Mar/2023:01:55:46 -0500] "GET /BLA/boletinlegal/owa/auth/logon.aspx?url=https%3a%2f%2f1%2fecp%2f HTTP/1.1" 404 1018
201.245.192.253 - - [06/Mar/2023:01:57:52 -0500] "POST /kwsrmcab/Wsrmcab  HTTP/1.1" 200 40529
172.22.2.4 - - [06/Mar/2023:01:59:35 -0500] "GET /BLA/boletinlegal/Directivas/2019/Directiva%20No.%200001%20del%2011%20de%20junio%20de%202019.pdf HTTP/1.1" 304 -
172.22.2.4 - - [06/Mar/2023:01:58:08 -0500] "HEAD /BLA/boletinlegal/ HTTP/1.1" 200 -
181.56.171.197 - - [06/Mar/2023:02:00:22 -0500] "GET /sipse/faces/javax.faces.resource/theme.css?ln=primefaces-sipse HTTP/1.1" 304 -
181.56.171.197 - - [06/Mar/2023:02:00:27 -0500] "GET /sipse/faces/faces/autenticacion.xhtml HTTP/1.1" 200 12165
181.56.171.197 - - [06/Mar/2023:02:00:29 -0500] "GET /sipse/faces/javax.faces.resource/theme.css?ln=primefaces-sipse HTTP/1.1" 304 -
181.56.171.197 - - [06/Mar/2023:02:00:29 -0500] "GET /sipse/faces/javax.faces.resource/jquery/jquery-plugins.js?ln=primefaces&v=4.0 HTTP/1.1" 304 -
181.56.171.197 - - [06/Mar/2023:02:00:29 -0500] "GET /sipse/faces/javax.faces.resource/primefaces.js?ln=primefaces&v=4.0 HTTP/1.1" 304 -
181.56.171.197 - - [06/Mar/2023:02:00:29 -0500] "GET /sipse/faces/javax.faces.resource/layout/layout.js?ln=primefaces&v=4.0 HTTP/1.1" 304 -
181.56.171.197 - - [06/Mar/2023:02:00:29 -0500] "GET /sipse/js/disable_browser_buttons.js HTTP/1.1" 304 -
181.56.171.197 - - [06/Mar/2023:02:00:29 -0500] "GET /sipse/faces/javax.faces.resource/primefaces.css?ln=primefaces&v=4.0 HTTP/1.1" 304 -
181.56.171.197 - - [06/Mar/2023:02:00:29 -0500] "GET /sipse/css/custom_css_sg_prime_login.css HTTP/1.1" 304 -
181.56.171.197 - - [06/Mar/2023:02:00:29 -0500] "GET /sipse/css/custom_css_sg.css HTTP/1.1" 304 -
181.56.171.197 - - [06/Mar/2023:02:00:29 -0500] "GET /sipse/js/funciones.js HTTP/1.1" 304 -
181.56.171.197 - - [06/Mar/2023:02:00:29 -0500] "GET /sipse/faces/javax.faces.resource/layout/layout.css?ln=primefaces&v=4.0 HTTP/1.1" 304 -
181.56.171.197 - - [06/Mar/2023:02:00:29 -0500] "GET /sipse/faces/javax.faces.resource/jquery/jquery.js?ln=primefaces&v=4.0 HTTP/1.1" 304 -
181.56.171.197 - - [06/Mar/2023:02:00:30 -0500] "GET /sipse/css/imagen/logoSDG.png HTTP/1.1" 304 -
181.56.171.197 - - [06/Mar/2023:02:00:30 -0500] "GET /sipse/faces/javax.faces.resource/images/ui-icons_898989_256x240.png?ln=primefaces-aristo HTTP/1.1" 304 -
181.56.171.197 - - [06/Mar/2023:02:00:30 -0500] "GET /sipse/css/imagen/loginimg.png HTTP/1.1" 304 -
172.22.2.4 - - [06/Mar/2023:01:58:58 -0500] "GET /BLA/boletinlegal/ HTTP/1.1" 200 57141
216.245.221.92 - - [06/Mar/2023:02:00:42 -0500] "HEAD / HTTP/1.1" 200 -
181.56.171.197 - - [06/Mar/2023:02:00:48 -0500] "POST /sipse/faces/autenticacion.xhtml HTTP/1.1" 200 2220
181.56.171.197 - - [06/Mar/2023:02:00:48 -0500] "GET /sipse/faces/javax.faces.resource/messages/messages.png?ln=primefaces&v=4.0 HTTP/1.1" 304 -
181.56.171.197 - - [06/Mar/2023:02:00:50 -0500] "POST /sipse/faces/autenticacion.xhtml HTTP/1.1" 200 16289
181.56.171.197 - - [06/Mar/2023:02:00:51 -0500] "GET /sipse/faces/javax.faces.resource/theme.css?ln=primefaces-sipse HTTP/1.1" 304 -
181.56.171.197 - - [06/Mar/2023:02:00:51 -0500] "GET /sipse/faces/javax.faces.resource/primefaces.css?ln=primefaces&v=4.0 HTTP/1.1" 304 -
181.56.171.197 - - [06/Mar/2023:02:00:51 -0500] "GET /sipse/faces/javax.faces.resource/layout/layout.css?ln=primefaces&v=4.0 HTTP/1.1" 304 -
181.56.171.197 - - [06/Mar/2023:02:00:51 -0500] "GET /sipse/css/custom_css_sg_prime.css HTTP/1.1" 304 -
181.56.171.197 - - [06/Mar/2023:02:00:51 -0500] "GET /sipse/js/jquery.min.js HTTP/1.1" 304 -
181.56.171.197 - - [06/Mar/2023:02:00:51 -0500] "GET /sipse/faces/javax.faces.resource/jquery/jquery.js?ln=primefaces&v=4.0 HTTP/1.1" 304 -
181.56.171.197 - - [06/Mar/2023:02:00:51 -0500] "GET /sipse/faces/javax.faces.resource/jquery/jquery-plugins.js?ln=primefaces&v=4.0 HTTP/1.1" 304 -
181.56.171.197 - - [06/Mar/2023:02:00:51 -0500] "GET /sipse/faces/javax.faces.resource/primefaces.js?ln=primefaces&v=4.0 HTTP/1.1" 304 -
181.56.171.197 - - [06/Mar/2023:02:00:51 -0500] "GET /sipse/faces/javax.faces.resource/layout/layout.js?ln=primefaces&v=4.0 HTTP/1.1" 304 -
181.56.171.197 - - [06/Mar/2023:02:00:51 -0500] "GET /sipse/css/imagen/contrasena.png HTTP/1.1" 404 383
181.56.171.197 - - [06/Mar/2023:02:00:51 -0500] "GET /sipse/imagenes/cargando.gif HTTP/1.1" 304 -
181.56.171.197 - - [06/Mar/2023:02:00:51 -0500] "GET /sipse/imagenes/logoAplicacion.jpg HTTP/1.1" 304 -
200.29.113.39 - - [06/Mar/2023:02:00:54 -0500] "GET /sipse/faces/faces/autenticacion.xhtml HTTP/1.1" 200 12487
200.29.113.39 - - [06/Mar/2023:02:00:55 -0500] "GET /sipse/js/disable_browser_buttons.js HTTP/1.1" 200 3230
200.29.113.39 - - [06/Mar/2023:02:00:55 -0500] "GET /sipse/css/custom_css_sg_prime_login.css HTTP/1.1" 200 443
200.29.113.39 - - [06/Mar/2023:02:00:55 -0500] "GET /sipse/css/custom_css_sg.css HTTP/1.1" 200 9694
200.29.113.39 - - [06/Mar/2023:02:00:55 -0500] "GET /sipse/js/funciones.js HTTP/1.1" 200 12592
200.29.113.39 - - [06/Mar/2023:02:00:55 -0500] "GET /sipse/faces/javax.faces.resource/primefaces.css;jsessionid=6jjIdNZZYY4jFSVF+BlGvLXS.undefined?ln=primefaces&v=4.0 HTTP/1.1" 200 53295
200.29.113.39 - - [06/Mar/2023:02:00:55 -0500] "GET /sipse/faces/javax.faces.resource/theme.css?ln=primefaces-sipse HTTP/1.1" 200 50058
181.56.171.197 - - [06/Mar/2023:02:00:56 -0500] "POST /sipse/faces/bienvenido.xhtml HTTP/1.1" 200 2073
181.56.171.197 - - [06/Mar/2023:02:00:56 -0500] "GET /sipse/faces/javax.faces.resource/images/ui-bg_flat_0_2d5972_40x100.png?ln=primefaces-aristo HTTP/1.1" 304 -
200.29.113.39 - - [06/Mar/2023:02:00:56 -0500] "GET /sipse/faces/javax.faces.resource/layout/layout.css;jsessionid=6jjIdNZZYY4jFSVF+BlGvLXS.undefined?ln=primefaces&v=4.0 HTTP/1.1" 200 542
200.29.113.39 - - [06/Mar/2023:02:00:56 -0500] "GET /sipse/faces/javax.faces.resource/jquery/jquery.js;jsessionid=6jjIdNZZYY4jFSVF+BlGvLXS.undefined?ln=primefaces&v=4.0 HTTP/1.1" 200 105384
200.29.113.39 - - [06/Mar/2023:02:00:57 -0500] "GET /sipse/faces/javax.faces.resource/layout/layout.js;jsessionid=6jjIdNZZYY4jFSVF+BlGvLXS.undefined?ln=primefaces&v=4.0 HTTP/1.1" 200 87560
200.29.113.39 - - [06/Mar/2023:02:00:56 -0500] "GET /sipse/faces/javax.faces.resource/jquery/jquery-plugins.js;jsessionid=6jjIdNZZYY4jFSVF+BlGvLXS.undefined?ln=primefaces&v=4.0 HTTP/1.1" 200 220526
200.29.113.39 - - [06/Mar/2023:02:00:56 -0500] "GET /sipse/faces/javax.faces.resource/primefaces.js;jsessionid=6jjIdNZZYY4jFSVF+BlGvLXS.undefined?ln=primefaces&v=4.0 HTTP/1.1" 200 276924
181.56.171.197 - - [06/Mar/2023:02:00:58 -0500] "POST /sipse/faces/bienvenido.xhtml HTTP/1.1" 200 39014
181.56.171.197 - - [06/Mar/2023:02:00:58 -0500] "GET /sipse/faces/javax.faces.resource/theme.css?ln=primefaces-sipse HTTP/1.1" 304 -
181.56.171.197 - - [06/Mar/2023:02:00:58 -0500] "GET /sipse/faces/javax.faces.resource/primefaces.css?ln=primefaces&v=4.0 HTTP/1.1" 304 -
181.56.171.197 - - [06/Mar/2023:02:00:58 -0500] "GET /sipse/faces/javax.faces.resource/layout/layout.css?ln=primefaces&v=4.0 HTTP/1.1" 304 -
181.56.171.197 - - [06/Mar/2023:02:00:58 -0500] "GET /sipse/faces/javax.faces.resource/jquery/jquery.js?ln=primefaces&v=4.0 HTTP/1.1" 304 -
181.56.171.197 - - [06/Mar/2023:02:00:58 -0500] "GET /sipse/faces/javax.faces.resource/jquery/jquery-plugins.js?ln=primefaces&v=4.0 HTTP/1.1" 304 -
181.56.171.197 - - [06/Mar/2023:02:00:58 -0500] "GET /sipse/faces/javax.faces.resource/primefaces.js?ln=primefaces&v=4.0 HTTP/1.1" 304 -
181.56.171.197 - - [06/Mar/2023:02:00:58 -0500] "GET /sipse/faces/javax.faces.resource/layout/layout.js?ln=primefaces&v=4.0 HTTP/1.1" 304 -
200.29.113.39 - - [06/Mar/2023:02:00:58 -0500] "GET /sipse/faces/javax.faces.resource/images/ui-icons_898989_256x240.png?ln=primefaces-aristo HTTP/1.1" 200 5355
200.29.113.39 - - [06/Mar/2023:02:00:58 -0500] "GET /sipse/css/imagen/loginimg.png HTTP/1.1" 200 71635
200.29.113.39 - - [06/Mar/2023:02:00:58 -0500] "GET /sipse/css/imagen/logoSDG.png HTTP/1.1" 200 53064
200.29.113.39 - - [06/Mar/2023:02:01:00 -0500] "GET /sipse/faces/faces/index.xhtml HTTP/1.1" 200 677
200.29.113.39 - - [06/Mar/2023:02:01:01 -0500] "GET /sipse/faces/javax.faces.resource/theme.css?ln=primefaces-sipse HTTP/1.1" 304 -
200.29.113.39 - - [06/Mar/2023:02:01:02 -0500] "GET /sipse/faces/faces/faces/autenticacion.xhtml HTTP/1.1" 200 12165
200.29.113.39 - - [06/Mar/2023:02:01:03 -0500] "GET /sipse/faces/javax.faces.resource/theme.css?ln=primefaces-sipse HTTP/1.1" 304 -
200.29.113.39 - - [06/Mar/2023:02:01:03 -0500] "GET /sipse/faces/javax.faces.resource/layout/layout.css?ln=primefaces&v=4.0 HTTP/1.1" 200 542
200.29.113.39 - - [06/Mar/2023:02:01:03 -0500] "GET /sipse/faces/javax.faces.resource/primefaces.css?ln=primefaces&v=4.0 HTTP/1.1" 200 53295
200.29.113.39 - - [06/Mar/2023:02:01:03 -0500] "GET /sipse/faces/javax.faces.resource/jquery/jquery.js?ln=primefaces&v=4.0 HTTP/1.1" 200 105384
200.29.113.39 - - [06/Mar/2023:02:01:03 -0500] "GET /sipse/faces/javax.faces.resource/jquery/jquery-plugins.js?ln=primefaces&v=4.0 HTTP/1.1" 200 220526
200.29.113.39 - - [06/Mar/2023:02:01:03 -0500] "GET /sipse/faces/javax.faces.resource/primefaces.js?ln=primefaces&v=4.0 HTTP/1.1" 200 276924
200.29.113.39 - - [06/Mar/2023:02:01:05 -0500] "GET /sipse/faces/javax.faces.resource/layout/layout.js?ln=primefaces&v=4.0 HTTP/1.1" 200 87560
200.29.113.39 - - [06/Mar/2023:02:01:06 -0500] "GET /sipse/faces/faces/faces/index.xhtml HTTP/1.1" 200 677
200.29.113.39 - - [06/Mar/2023:02:01:08 -0500] "GET /sipse/faces/javax.faces.resource/theme.css?ln=primefaces-sipse HTTP/1.1" 304 -
200.29.113.39 - - [06/Mar/2023:02:01:09 -0500] "GET /sipse/faces/faces/faces/faces/autenticacion.xhtml HTTP/1.1" 200 12165
200.29.113.39 - - [06/Mar/2023:02:01:10 -0500] "GET /sipse/faces/javax.faces.resource/jquery/jquery-plugins.js?ln=primefaces&v=4.0 HTTP/1.1" 304 -
200.29.113.39 - - [06/Mar/2023:02:01:10 -0500] "GET /sipse/faces/javax.faces.resource/theme.css?ln=primefaces-sipse HTTP/1.1" 304 -
200.29.113.39 - - [06/Mar/2023:02:01:10 -0500] "GET /sipse/faces/javax.faces.resource/primefaces.js?ln=primefaces&v=4.0 HTTP/1.1" 304 -
200.29.113.39 - - [06/Mar/2023:02:01:10 -0500] "GET /sipse/faces/javax.faces.resource/jquery/jquery.js?ln=primefaces&v=4.0 HTTP/1.1" 304 -
200.29.113.39 - - [06/Mar/2023:02:01:10 -0500] "GET /sipse/faces/javax.faces.resource/primefaces.css?ln=primefaces&v=4.0 HTTP/1.1" 304 -
200.29.113.39 - - [06/Mar/2023:02:01:10 -0500] "GET /sipse/faces/javax.faces.resource/layout/layout.css?ln=primefaces&v=4.0 HTTP/1.1" 304 -
200.29.113.39 - - [06/Mar/2023:02:01:11 -0500] "GET /sipse/faces/javax.faces.resource/layout/layout.js?ln=primefaces&v=4.0 HTTP/1.1" 304 -
200.29.113.39 - - [06/Mar/2023:02:01:13 -0500] "GET /sipse/faces/faces/faces/faces/index.xhtml HTTP/1.1" 200 677
200.29.113.39 - - [06/Mar/2023:02:01:14 -0500] "GET /sipse/faces/javax.faces.resource/theme.css?ln=primefaces-sipse HTTP/1.1" 304 -
200.29.113.39 - - [06/Mar/2023:02:01:15 -0500] "GET /sipse/faces/faces/faces/faces/faces/autenticacion.xhtml HTTP/1.1" 200 12165
200.29.113.39 - - [06/Mar/2023:02:01:16 -0500] "GET /sipse/faces/javax.faces.resource/theme.css?ln=primefaces-sipse HTTP/1.1" 304 -
200.29.113.39 - - [06/Mar/2023:02:01:16 -0500] "GET /sipse/faces/javax.faces.resource/primefaces.css?ln=primefaces&v=4.0 HTTP/1.1" 304 -
200.29.113.39 - - [06/Mar/2023:02:01:16 -0500] "GET /sipse/faces/javax.faces.resource/primefaces.js?ln=primefaces&v=4.0 HTTP/1.1" 304 -
200.29.113.39 - - [06/Mar/2023:02:01:16 -0500] "GET /sipse/faces/javax.faces.resource/jquery/jquery-plugins.js?ln=primefaces&v=4.0 HTTP/1.1" 304 -
200.29.113.39 - - [06/Mar/2023:02:01:16 -0500] "GET /sipse/faces/javax.faces.resource/layout/layout.css?ln=primefaces&v=4.0 HTTP/1.1" 304 -
200.29.113.39 - - [06/Mar/2023:02:01:16 -0500] "GET /sipse/faces/javax.faces.resource/jquery/jquery.js?ln=primefaces&v=4.0 HTTP/1.1" 304 -
200.29.113.39 - - [06/Mar/2023:02:01:17 -0500] "GET /sipse/faces/javax.faces.resource/layout/layout.js?ln=primefaces&v=4.0 HTTP/1.1" 304 -
200.29.113.39 - - [06/Mar/2023:02:01:19 -0500] "GET /sipse/faces/faces/faces/faces/faces/index.xhtml HTTP/1.1" 200 677
200.29.113.39 - - [06/Mar/2023:02:01:20 -0500] "GET /sipse/faces/javax.faces.resource/theme.css?ln=primefaces-sipse HTTP/1.1" 304 -
200.29.113.39 - - [06/Mar/2023:02:01:21 -0500] "GET /sipse/faces/faces/faces/faces/faces/faces/autenticacion.xhtml HTTP/1.1" 200 12165
200.29.113.39 - - [06/Mar/2023:02:01:22 -0500] "GET /sipse/faces/javax.faces.resource/jquery/jquery.js?ln=primefaces&v=4.0 HTTP/1.1" 304 -
200.29.113.39 - - [06/Mar/2023:02:01:22 -0500] "GET /sipse/faces/javax.faces.resource/primefaces.css?ln=primefaces&v=4.0 HTTP/1.1" 304 -
200.29.113.39 - - [06/Mar/2023:02:01:22 -0500] "GET /sipse/faces/javax.faces.resource/jquery/jquery-plugins.js?ln=primefaces&v=4.0 HTTP/1.1" 304 -
200.29.113.39 - - [06/Mar/2023:02:01:22 -0500] "GET /sipse/faces/javax.faces.resource/primefaces.js?ln=primefaces&v=4.0 HTTP/1.1" 304 -
200.29.113.39 - - [06/Mar/2023:02:01:22 -0500] "GET /sipse/faces/javax.faces.resource/theme.css?ln=primefaces-sipse HTTP/1.1" 304 -
200.29.113.39 - - [06/Mar/2023:02:01:22 -0500] "GET /sipse/faces/javax.faces.resource/layout/layout.css?ln=primefaces&v=4.0 HTTP/1.1" 304 -
200.29.113.39 - - [06/Mar/2023:02:01:23 -0500] "GET /sipse/faces/javax.faces.resource/layout/layout.js?ln=primefaces&v=4.0 HTTP/1.1" 304 -
200.29.113.39 - - [06/Mar/2023:02:01:25 -0500] "GET /sipse/faces/faces/faces/faces/faces/faces/index.xhtml HTTP/1.1" 200 677
200.29.113.39 - - [06/Mar/2023:02:01:26 -0500] "GET /sipse/faces/javax.faces.resource/theme.css?ln=primefaces-sipse HTTP/1.1" 304 -
200.29.113.39 - - [06/Mar/2023:02:01:27 -0500] "GET /sipse/faces/faces/faces/faces/faces/faces/faces/autenticacion.xhtml HTTP/1.1" 200 12165
200.29.113.39 - - [06/Mar/2023:02:01:28 -0500] "GET /sipse/faces/javax.faces.resource/primefaces.css?ln=primefaces&v=4.0 HTTP/1.1" 304 -
200.29.113.39 - - [06/Mar/2023:02:01:28 -0500] "GET /sipse/faces/javax.faces.resource/primefaces.js?ln=primefaces&v=4.0 HTTP/1.1" 304 -
200.29.113.39 - - [06/Mar/2023:02:01:28 -0500] "GET /sipse/faces/javax.faces.resource/jquery/jquery-plugins.js?ln=primefaces&v=4.0 HTTP/1.1" 304 -
200.29.113.39 - - [06/Mar/2023:02:01:28 -0500] "GET /sipse/faces/javax.faces.resource/jquery/jquery.js?ln=primefaces&v=4.0 HTTP/1.1" 304 -
200.29.113.39 - - [06/Mar/2023:02:01:28 -0500] "GET /sipse/faces/javax.faces.resource/layout/layout.css?ln=primefaces&v=4.0 HTTP/1.1" 304 -
200.29.113.39 - - [06/Mar/2023:02:01:28 -0500] "GET /sipse/faces/javax.faces.resource/theme.css?ln=primefaces-sipse HTTP/1.1" 304 -
200.29.113.39 - - [06/Mar/2023:02:01:29 -0500] "GET /sipse/faces/javax.faces.resource/layout/layout.js?ln=primefaces&v=4.0 HTTP/1.1" 304 -
200.29.113.39 - - [06/Mar/2023:02:01:30 -0500] "GET /sipse/faces/faces/faces/faces/faces/faces/faces/index.xhtml HTTP/1.1" 200 677
200.29.113.39 - - [06/Mar/2023:02:01:31 -0500] "GET /sipse/faces/javax.faces.resource/theme.css?ln=primefaces-sipse HTTP/1.1" 304 -
200.29.113.39 - - [06/Mar/2023:02:01:33 -0500] "GET /sipse/faces/faces/faces/faces/faces/faces/faces/faces/autenticacion.xhtml HTTP/1.1" 200 12165
200.29.113.39 - - [06/Mar/2023:02:01:34 -0500] "GET /sipse/faces/javax.faces.resource/jquery/jquery.js?ln=primefaces&v=4.0 HTTP/1.1" 304 -
200.29.113.39 - - [06/Mar/2023:02:01:34 -0500] "GET /sipse/faces/javax.faces.resource/theme.css?ln=primefaces-sipse HTTP/1.1" 304 -
200.29.113.39 - - [06/Mar/2023:02:01:34 -0500] "GET /sipse/faces/javax.faces.resource/jquery/jquery-plugins.js?ln=primefaces&v=4.0 HTTP/1.1" 304 -
200.29.113.39 - - [06/Mar/2023:02:01:34 -0500] "GET /sipse/faces/javax.faces.resource/primefaces.js?ln=primefaces&v=4.0 HTTP/1.1" 304 -
200.29.113.39 - - [06/Mar/2023:02:01:34 -0500] "GET /sipse/faces/javax.faces.resource/primefaces.css?ln=primefaces&v=4.0 HTTP/1.1" 304 -
200.29.113.39 - - [06/Mar/2023:02:01:34 -0500] "GET /sipse/faces/javax.faces.resource/layout/layout.css?ln=primefaces&v=4.0 HTTP/1.1" 304 -
200.29.113.39 - - [06/Mar/2023:02:01:35 -0500] "GET /sipse/faces/javax.faces.resource/layout/layout.js?ln=primefaces&v=4.0 HTTP/1.1" 304 -
200.29.113.39 - - [06/Mar/2023:02:01:36 -0500] "GET /sipse/faces/faces/faces/faces/faces/faces/faces/faces/index.xhtml HTTP/1.1" 200 677
200.29.113.39 - - [06/Mar/2023:02:01:38 -0500] "GET /sipse/faces/javax.faces.resource/theme.css?ln=primefaces-sipse HTTP/1.1" 304 -
200.29.113.39 - - [06/Mar/2023:02:01:39 -0500] "GET /sipse/faces/faces/faces/faces/faces/faces/faces/faces/faces/autenticacion.xhtml HTTP/1.1" 200 12165
200.29.113.39 - - [06/Mar/2023:02:01:40 -0500] "GET /sipse/faces/javax.faces.resource/primefaces.js?ln=primefaces&v=4.0 HTTP/1.1" 304 -
200.29.113.39 - - [06/Mar/2023:02:01:40 -0500] "GET /sipse/faces/javax.faces.resource/theme.css?ln=primefaces-sipse HTTP/1.1" 304 -
200.29.113.39 - - [06/Mar/2023:02:01:40 -0500] "GET /sipse/faces/javax.faces.resource/layout/layout.css?ln=primefaces&v=4.0 HTTP/1.1" 304 -
200.29.113.39 - - [06/Mar/2023:02:01:40 -0500] "GET /sipse/faces/javax.faces.resource/primefaces.css?ln=primefaces&v=4.0 HTTP/1.1" 304 -
200.29.113.39 - - [06/Mar/2023:02:01:40 -0500] "GET /sipse/faces/javax.faces.resource/jquery/jquery-plugins.js?ln=primefaces&v=4.0 HTTP/1.1" 304 -
200.29.113.39 - - [06/Mar/2023:02:01:40 -0500] "GET /sipse/faces/javax.faces.resource/jquery/jquery.js?ln=primefaces&v=4.0 HTTP/1.1" 304 -
200.29.113.39 - - [06/Mar/2023:02:01:41 -0500] "GET /sipse/faces/javax.faces.resource/layout/layout.js?ln=primefaces&v=4.0 HTTP/1.1" 304 -
200.29.113.39 - - [06/Mar/2023:02:01:42 -0500] "GET /sipse/faces/faces/faces/faces/faces/faces/faces/faces/faces/index.xhtml HTTP/1.1" 200 677
200.29.113.39 - - [06/Mar/2023:02:01:43 -0500] "GET /sipse/faces/javax.faces.resource/theme.css?ln=primefaces-sipse HTTP/1.1" 304 -
200.29.113.39 - - [06/Mar/2023:02:01:44 -0500] "GET /sipse/faces/faces/faces/faces/faces/faces/faces/faces/faces/faces/autenticacion.xhtml HTTP/1.1" 200 12165
200.29.113.39 - - [06/Mar/2023:02:01:46 -0500] "GET /sipse/faces/javax.faces.resource/primefaces.css?ln=primefaces&v=4.0 HTTP/1.1" 304 -
200.29.113.39 - - [06/Mar/2023:02:01:46 -0500] "GET /sipse/faces/javax.faces.resource/jquery/jquery-plugins.js?ln=primefaces&v=4.0 HTTP/1.1" 304 -
200.29.113.39 - - [06/Mar/2023:02:01:46 -0500] "GET /sipse/faces/javax.faces.resource/theme.css?ln=primefaces-sipse HTTP/1.1" 304 -
200.29.113.39 - - [06/Mar/2023:02:01:46 -0500] "GET /sipse/faces/javax.faces.resource/primefaces.js?ln=primefaces&v=4.0 HTTP/1.1" 304 -
200.29.113.39 - - [06/Mar/2023:02:01:46 -0500] "GET /sipse/faces/javax.faces.resource/jquery/jquery.js?ln=primefaces&v=4.0 HTTP/1.1" 304 -
200.29.113.39 - - [06/Mar/2023:02:01:46 -0500] "GET /sipse/faces/javax.faces.resource/layout/layout.css?ln=primefaces&v=4.0 HTTP/1.1" 304 -
200.29.113.39 - - [06/Mar/2023:02:01:47 -0500] "GET /sipse/faces/javax.faces.resource/layout/layout.js?ln=primefaces&v=4.0 HTTP/1.1" 304 -
200.29.113.39 - - [06/Mar/2023:02:01:48 -0500] "GET /sipse/faces/faces/faces/faces/faces/faces/faces/faces/faces/faces/index.xhtml HTTP/1.1" 200 677
200.29.113.39 - - [06/Mar/2023:02:01:49 -0500] "GET /sipse/faces/javax.faces.resource/theme.css?ln=primefaces-sipse HTTP/1.1" 304 -
200.29.113.39 - - [06/Mar/2023:02:01:51 -0500] "GET /sipse/faces/faces/faces/faces/faces/faces/faces/faces/faces/faces/faces/autenticacion.xhtml HTTP/1.1" 200 12165
200.29.113.39 - - [06/Mar/2023:02:01:52 -0500] "GET /sipse/faces/javax.faces.resource/layout/layout.css?ln=primefaces&v=4.0 HTTP/1.1" 304 -
200.29.113.39 - - [06/Mar/2023:02:01:52 -0500] "GET /sipse/faces/javax.faces.resource/primefaces.js?ln=primefaces&v=4.0 HTTP/1.1" 304 -
200.29.113.39 - - [06/Mar/2023:02:01:52 -0500] "GET /sipse/faces/javax.faces.resource/theme.css?ln=primefaces-sipse HTTP/1.1" 304 -
200.29.113.39 - - [06/Mar/2023:02:01:52 -0500] "GET /sipse/faces/javax.faces.resource/jquery/jquery-plugins.js?ln=primefaces&v=4.0 HTTP/1.1" 304 -
200.29.113.39 - - [06/Mar/2023:02:01:52 -0500] "GET /sipse/faces/javax.faces.resource/primefaces.css?ln=primefaces&v=4.0 HTTP/1.1" 304 -
200.29.113.39 - - [06/Mar/2023:02:01:52 -0500] "GET /sipse/faces/javax.faces.resource/jquery/jquery.js?ln=primefaces&v=4.0 HTTP/1.1" 304 -
200.29.113.39 - - [06/Mar/2023:02:01:53 -0500] "GET /sipse/faces/javax.faces.resource/layout/layout.js?ln=primefaces&v=4.0 HTTP/1.1" 304 -
200.29.113.39 - - [06/Mar/2023:02:01:54 -0500] "GET /sipse/faces/faces/faces/faces/faces/faces/faces/faces/faces/faces/faces/index.xhtml HTTP/1.1" 200 677
200.29.113.39 - - [06/Mar/2023:02:01:55 -0500] "GET /sipse/faces/javax.faces.resource/theme.css?ln=primefaces-sipse HTTP/1.1" 304 -
200.29.113.39 - - [06/Mar/2023:02:01:57 -0500] "GET /sipse/faces/faces/faces/faces/faces/faces/faces/faces/faces/faces/faces/faces/autenticacion.xhtml HTTP/1.1" 200 12165
200.29.113.39 - - [06/Mar/2023:02:01:58 -0500] "GET /sipse/faces/javax.faces.resource/primefaces.js?ln=primefaces&v=4.0 HTTP/1.1" 304 -
200.29.113.39 - - [06/Mar/2023:02:01:58 -0500] "GET /sipse/faces/javax.faces.resource/primefaces.css?ln=primefaces&v=4.0 HTTP/1.1" 304 -
200.29.113.39 - - [06/Mar/2023:02:01:58 -0500] "GET /sipse/faces/javax.faces.resource/jquery/jquery.js?ln=primefaces&v=4.0 HTTP/1.1" 304 -
200.29.113.39 - - [06/Mar/2023:02:01:58 -0500] "GET /sipse/faces/javax.faces.resource/layout/layout.css?ln=primefaces&v=4.0 HTTP/1.1" 304 -
200.29.113.39 - - [06/Mar/2023:02:01:58 -0500] "GET /sipse/faces/javax.faces.resource/jquery/jquery-plugins.js?ln=primefaces&v=4.0 HTTP/1.1" 304 -
200.29.113.39 - - [06/Mar/2023:02:01:58 -0500] "GET /sipse/faces/javax.faces.resource/theme.css?ln=primefaces-sipse HTTP/1.1" 304 -
200.29.113.39 - - [06/Mar/2023:02:01:59 -0500] "GET /sipse/faces/javax.faces.resource/layout/layout.js?ln=primefaces&v=4.0 HTTP/1.1" 304 -
200.29.113.39 - - [06/Mar/2023:02:02:00 -0500] "GET /sipse/faces/faces/faces/faces/faces/faces/faces/faces/faces/faces/faces/faces/index.xhtml HTTP/1.1" 200 677
181.56.171.197 - - [06/Mar/2023:02:02:01 -0500] "POST /sipse/faces/presentacion/financiero/solicitudProceso/consultar.xhtml HTTP/1.1" 200 12840
200.29.113.39 - - [06/Mar/2023:02:02:01 -0500] "GET /sipse/faces/javax.faces.resource/theme.css?ln=primefaces-sipse HTTP/1.1" 304 -
200.29.113.39 - - [06/Mar/2023:02:02:03 -0500] "GET /sipse/faces/faces/faces/faces/faces/faces/faces/faces/faces/faces/faces/faces/faces/autenticacion.xhtml HTTP/1.1" 200 12165
200.29.113.39 - - [06/Mar/2023:02:02:04 -0500] "GET /sipse/faces/javax.faces.resource/primefaces.css?ln=primefaces&v=4.0 HTTP/1.1" 304 -
200.29.113.39 - - [06/Mar/2023:02:02:04 -0500] "GET /sipse/faces/javax.faces.resource/jquery/jquery-plugins.js?ln=primefaces&v=4.0 HTTP/1.1" 304 -
200.29.113.39 - - [06/Mar/2023:02:02:04 -0500] "GET /sipse/faces/javax.faces.resource/theme.css?ln=primefaces-sipse HTTP/1.1" 304 -
200.29.113.39 - - [06/Mar/2023:02:02:04 -0500] "GET /sipse/faces/javax.faces.resource/primefaces.js?ln=primefaces&v=4.0 HTTP/1.1" 304 -
200.29.113.39 - - [06/Mar/2023:02:02:04 -0500] "GET /sipse/faces/javax.faces.resource/jquery/jquery.js?ln=primefaces&v=4.0 HTTP/1.1" 304 -
200.29.113.39 - - [06/Mar/2023:02:02:04 -0500] "GET /sipse/faces/javax.faces.resource/layout/layout.css?ln=primefaces&v=4.0 HTTP/1.1" 304 -
200.29.113.39 - - [06/Mar/2023:02:02:05 -0500] "GET /sipse/faces/javax.faces.resource/layout/layout.js?ln=primefaces&v=4.0 HTTP/1.1" 304 -
