200.29.113.39 - - [06/Mar/2023:02:02:06 -0500] "GET /sipse/faces/faces/faces/faces/faces/faces/faces/faces/faces/faces/faces/faces/faces/index.xhtml HTTP/1.1" 200 677
181.56.171.197 - - [06/Mar/2023:02:02:06 -0500] "POST /sipse/faces/presentacion/financiero/solicitudProceso/consultar.xhtml HTTP/1.1" 200 147664
200.29.113.39 - - [06/Mar/2023:02:02:08 -0500] "GET /sipse/faces/javax.faces.resource/theme.css?ln=primefaces-sipse HTTP/1.1" 304 -
181.56.171.197 - - [06/Mar/2023:02:02:08 -0500] "GET /sipse/faces/javax.faces.resource/theme.css?ln=primefaces-sipse HTTP/1.1" 304 -
181.56.171.197 - - [06/Mar/2023:02:02:08 -0500] "GET /sipse/faces/javax.faces.resource/layout/layout.css?ln=primefaces&v=4.0 HTTP/1.1" 304 -
181.56.171.197 - - [06/Mar/2023:02:02:08 -0500] "GET /sipse/faces/javax.faces.resource/primefaces.css?ln=primefaces&v=4.0 HTTP/1.1" 304 -
181.56.171.197 - - [06/Mar/2023:02:02:08 -0500] "GET /sipse/faces/javax.faces.resource/jquery/jquery.js?ln=primefaces&v=4.0 HTTP/1.1" 304 -
181.56.171.197 - - [06/Mar/2023:02:02:08 -0500] "GET /sipse/faces/javax.faces.resource/jquery/jquery-plugins.js?ln=primefaces&v=4.0 HTTP/1.1" 304 -
181.56.171.197 - - [06/Mar/2023:02:02:09 -0500] "GET /sipse/faces/javax.faces.resource/primefaces.js?ln=primefaces&v=4.0 HTTP/1.1" 304 -
181.56.171.197 - - [06/Mar/2023:02:02:09 -0500] "GET /sipse/faces/javax.faces.resource/layout/layout.js?ln=primefaces&v=4.0 HTTP/1.1" 304 -
200.29.113.39 - - [06/Mar/2023:02:02:09 -0500] "GET /sipse/faces/faces/faces/faces/faces/faces/faces/faces/faces/faces/faces/faces/faces/faces/autenticacion.xhtml HTTP/1.1" 200 12165
200.29.113.39 - - [06/Mar/2023:02:02:10 -0500] "GET /sipse/faces/javax.faces.resource/jquery/jquery.js?ln=primefaces&v=4.0 HTTP/1.1" 304 -
200.29.113.39 - - [06/Mar/2023:02:02:10 -0500] "GET /sipse/faces/javax.faces.resource/primefaces.js?ln=primefaces&v=4.0 HTTP/1.1" 304 -
200.29.113.39 - - [06/Mar/2023:02:02:10 -0500] "GET /sipse/faces/javax.faces.resource/theme.css?ln=primefaces-sipse HTTP/1.1" 304 -
200.29.113.39 - - [06/Mar/2023:02:02:10 -0500] "GET /sipse/faces/javax.faces.resource/primefaces.css?ln=primefaces&v=4.0 HTTP/1.1" 304 -
200.29.113.39 - - [06/Mar/2023:02:02:10 -0500] "GET /sipse/faces/javax.faces.resource/layout/layout.css?ln=primefaces&v=4.0 HTTP/1.1" 304 -
200.29.113.39 - - [06/Mar/2023:02:02:10 -0500] "GET /sipse/faces/javax.faces.resource/jquery/jquery-plugins.js?ln=primefaces&v=4.0 HTTP/1.1" 304 -
181.56.171.197 - - [06/Mar/2023:02:02:11 -0500] "GET /sipse/faces/javax.faces.resource/dynamiccontent.properties?ln=primefaces&pfdrid=XjOR5%2F%2FfPAZAuY9TpWQeCiM0BhlXxYRBGKi%2FQcXXfeA%3D&pfdrid_c=false HTTP/1.1" 500 383
200.29.113.39 - - [06/Mar/2023:02:02:11 -0500] "GET /sipse/faces/javax.faces.resource/layout/layout.js?ln=primefaces&v=4.0 HTTP/1.1" 304 -
200.29.113.39 - - [06/Mar/2023:02:02:12 -0500] "GET /sipse/faces/faces/faces/faces/faces/faces/faces/faces/faces/faces/faces/faces/faces/faces/index.xhtml HTTP/1.1" 200 677
200.29.113.39 - - [06/Mar/2023:02:02:14 -0500] "GET /sipse/faces/javax.faces.resource/theme.css?ln=primefaces-sipse HTTP/1.1" 304 -
200.29.113.39 - - [06/Mar/2023:02:02:15 -0500] "GET /sipse/faces/faces/faces/faces/faces/faces/faces/faces/faces/faces/faces/faces/faces/faces/faces/autenticacion.xhtml HTTP/1.1" 200 12165
200.29.113.39 - - [06/Mar/2023:02:02:16 -0500] "GET /sipse/faces/javax.faces.resource/layout/layout.css?ln=primefaces&v=4.0 HTTP/1.1" 304 -
200.29.113.39 - - [06/Mar/2023:02:02:16 -0500] "GET /sipse/faces/javax.faces.resource/theme.css?ln=primefaces-sipse HTTP/1.1" 304 -
200.29.113.39 - - [06/Mar/2023:02:02:16 -0500] "GET /sipse/faces/javax.faces.resource/jquery/jquery.js?ln=primefaces&v=4.0 HTTP/1.1" 304 -
200.29.113.39 - - [06/Mar/2023:02:02:16 -0500] "GET /sipse/faces/javax.faces.resource/primefaces.css?ln=primefaces&v=4.0 HTTP/1.1" 304 -
200.29.113.39 - - [06/Mar/2023:02:02:16 -0500] "GET /sipse/faces/javax.faces.resource/jquery/jquery-plugins.js?ln=primefaces&v=4.0 HTTP/1.1" 304 -
200.29.113.39 - - [06/Mar/2023:02:02:16 -0500] "GET /sipse/faces/javax.faces.resource/primefaces.js?ln=primefaces&v=4.0 HTTP/1.1" 304 -
200.29.113.39 - - [06/Mar/2023:02:02:17 -0500] "GET /sipse/faces/javax.faces.resource/layout/layout.js?ln=primefaces&v=4.0 HTTP/1.1" 304 -
200.29.113.39 - - [06/Mar/2023:02:02:18 -0500] "GET /sipse/faces/faces/faces/faces/faces/faces/faces/faces/faces/faces/faces/faces/faces/faces/faces/index.xhtml HTTP/1.1" 200 677
200.29.113.39 - - [06/Mar/2023:02:02:19 -0500] "GET /sipse/faces/javax.faces.resource/theme.css?ln=primefaces-sipse HTTP/1.1" 304 -
200.29.113.39 - - [06/Mar/2023:02:02:21 -0500] "GET /sipse/faces/faces/faces/faces/faces/faces/faces/faces/faces/faces/faces/faces/faces/faces/faces/faces/autenticacion.xhtml HTTP/1.1" 200 12165
200.29.113.39 - - [06/Mar/2023:02:02:22 -0500] "GET /sipse/faces/javax.faces.resource/primefaces.css?ln=primefaces&v=4.0 HTTP/1.1" 304 -
200.29.113.39 - - [06/Mar/2023:02:02:22 -0500] "GET /sipse/faces/javax.faces.resource/jquery/jquery.js?ln=primefaces&v=4.0 HTTP/1.1" 304 -
200.29.113.39 - - [06/Mar/2023:02:02:22 -0500] "GET /sipse/faces/javax.faces.resource/theme.css?ln=primefaces-sipse HTTP/1.1" 304 -
200.29.113.39 - - [06/Mar/2023:02:02:22 -0500] "GET /sipse/faces/javax.faces.resource/primefaces.js?ln=primefaces&v=4.0 HTTP/1.1" 304 -
200.29.113.39 - - [06/Mar/2023:02:02:22 -0500] "GET /sipse/faces/javax.faces.resource/layout/layout.css?ln=primefaces&v=4.0 HTTP/1.1" 304 -
200.29.113.39 - - [06/Mar/2023:02:02:22 -0500] "GET /sipse/faces/javax.faces.resource/jquery/jquery-plugins.js?ln=primefaces&v=4.0 HTTP/1.1" 304 -
200.29.113.39 - - [06/Mar/2023:02:02:23 -0500] "GET /sipse/faces/javax.faces.resource/layout/layout.js?ln=primefaces&v=4.0 HTTP/1.1" 304 -
162.55.175.24 - - [06/Mar/2023:02:02:24 -0500] "GET / HTTP/1.1" 200 319
200.29.113.39 - - [06/Mar/2023:02:02:24 -0500] "GET /sipse/faces/faces/faces/faces/faces/faces/faces/faces/faces/faces/faces/faces/faces/faces/faces/faces/index.xhtml HTTP/1.1" 200 677
200.29.113.39 - - [06/Mar/2023:02:02:25 -0500] "GET /sipse/faces/javax.faces.resource/theme.css?ln=primefaces-sipse HTTP/1.1" 304 -
200.29.113.39 - - [06/Mar/2023:02:02:26 -0500] "GET /sipse/faces/faces/faces/faces/faces/faces/faces/faces/faces/faces/faces/faces/faces/faces/faces/faces/faces/autenticacion.xhtml HTTP/1.1" 200 12165
162.55.175.24 - - [06/Mar/2023:02:02:27 -0500] "GET / HTTP/1.1" 200 4720
200.29.113.39 - - [06/Mar/2023:02:02:28 -0500] "GET /sipse/faces/javax.faces.resource/theme.css?ln=primefaces-sipse HTTP/1.1" 304 -
200.29.113.39 - - [06/Mar/2023:02:02:28 -0500] "GET /sipse/faces/javax.faces.resource/primefaces.css?ln=primefaces&v=4.0 HTTP/1.1" 304 -
200.29.113.39 - - [06/Mar/2023:02:02:28 -0500] "GET /sipse/faces/javax.faces.resource/jquery/jquery-plugins.js?ln=primefaces&v=4.0 HTTP/1.1" 304 -
200.29.113.39 - - [06/Mar/2023:02:02:28 -0500] "GET /sipse/faces/javax.faces.resource/primefaces.js?ln=primefaces&v=4.0 HTTP/1.1" 304 -
200.29.113.39 - - [06/Mar/2023:02:02:28 -0500] "GET /sipse/faces/javax.faces.resource/jquery/jquery.js?ln=primefaces&v=4.0 HTTP/1.1" 304 -
200.29.113.39 - - [06/Mar/2023:02:02:28 -0500] "GET /sipse/faces/javax.faces.resource/layout/layout.css?ln=primefaces&v=4.0 HTTP/1.1" 304 -
200.29.113.39 - - [06/Mar/2023:02:02:29 -0500] "GET /sipse/faces/javax.faces.resource/layout/layout.js?ln=primefaces&v=4.0 HTTP/1.1" 304 -
200.29.113.39 - - [06/Mar/2023:02:02:30 -0500] "GET /sipse/faces/faces/faces/faces/faces/faces/faces/faces/faces/faces/faces/faces/faces/faces/faces/faces/faces/index.xhtml HTTP/1.1" 200 677
200.29.113.39 - - [06/Mar/2023:02:02:31 -0500] "GET /sipse/faces/javax.faces.resource/theme.css?ln=primefaces-sipse HTTP/1.1" 304 -
200.29.113.39 - - [06/Mar/2023:02:02:33 -0500] "GET /sipse/faces/faces/faces/faces/faces/faces/faces/faces/faces/faces/faces/faces/faces/faces/faces/faces/faces/faces/autenticacion.xhtml HTTP/1.1" 200 12165
200.29.113.39 - - [06/Mar/2023:02:02:34 -0500] "GET /sipse/faces/javax.faces.resource/theme.css?ln=primefaces-sipse HTTP/1.1" 304 -
200.29.113.39 - - [06/Mar/2023:02:02:34 -0500] "GET /sipse/faces/javax.faces.resource/jquery/jquery.js?ln=primefaces&v=4.0 HTTP/1.1" 304 -
200.29.113.39 - - [06/Mar/2023:02:02:34 -0500] "GET /sipse/faces/javax.faces.resource/layout/layout.css?ln=primefaces&v=4.0 HTTP/1.1" 304 -
200.29.113.39 - - [06/Mar/2023:02:02:34 -0500] "GET /sipse/faces/javax.faces.resource/jquery/jquery-plugins.js?ln=primefaces&v=4.0 HTTP/1.1" 304 -
200.29.113.39 - - [06/Mar/2023:02:02:34 -0500] "GET /sipse/faces/javax.faces.resource/primefaces.js?ln=primefaces&v=4.0 HTTP/1.1" 304 -
200.29.113.39 - - [06/Mar/2023:02:02:34 -0500] "GET /sipse/faces/javax.faces.resource/primefaces.css?ln=primefaces&v=4.0 HTTP/1.1" 304 -
200.29.113.39 - - [06/Mar/2023:02:02:35 -0500] "GET /sipse/faces/javax.faces.resource/layout/layout.js?ln=primefaces&v=4.0 HTTP/1.1" 304 -
200.29.113.39 - - [06/Mar/2023:02:02:36 -0500] "GET /sipse/faces/faces/faces/faces/faces/faces/faces/faces/faces/faces/faces/faces/faces/faces/faces/faces/faces/faces/index.xhtml HTTP/1.1" 200 677
200.29.113.39 - - [06/Mar/2023:02:02:37 -0500] "GET /sipse/faces/javax.faces.resource/theme.css?ln=primefaces-sipse HTTP/1.1" 304 -
200.29.113.39 - - [06/Mar/2023:02:02:38 -0500] "GET /sipse/faces/faces/faces/faces/faces/faces/faces/faces/faces/faces/faces/faces/faces/faces/faces/faces/faces/faces/faces/autenticacion.xhtml HTTP/1.1" 200 12165
200.29.113.39 - - [06/Mar/2023:02:02:39 -0500] "GET /sipse/faces/javax.faces.resource/primefaces.css?ln=primefaces&v=4.0 HTTP/1.1" 304 -
200.29.113.39 - - [06/Mar/2023:02:02:39 -0500] "GET /sipse/faces/javax.faces.resource/theme.css?ln=primefaces-sipse HTTP/1.1" 304 -
200.29.113.39 - - [06/Mar/2023:02:02:39 -0500] "GET /sipse/faces/javax.faces.resource/primefaces.js?ln=primefaces&v=4.0 HTTP/1.1" 304 -
200.29.113.39 - - [06/Mar/2023:02:02:40 -0500] "GET /sipse/faces/javax.faces.resource/jquery/jquery.js?ln=primefaces&v=4.0 HTTP/1.1" 304 -
200.29.113.39 - - [06/Mar/2023:02:02:40 -0500] "GET /sipse/faces/javax.faces.resource/jquery/jquery-plugins.js?ln=primefaces&v=4.0 HTTP/1.1" 304 -
200.29.113.39 - - [06/Mar/2023:02:02:40 -0500] "GET /sipse/faces/javax.faces.resource/layout/layout.css?ln=primefaces&v=4.0 HTTP/1.1" 304 -
200.29.113.39 - - [06/Mar/2023:02:02:40 -0500] "GET /sipse/faces/javax.faces.resource/layout/layout.js?ln=primefaces&v=4.0 HTTP/1.1" 304 -
200.29.113.39 - - [06/Mar/2023:02:02:42 -0500] "GET /sipse/faces/faces/faces/faces/faces/faces/faces/faces/faces/faces/faces/faces/faces/faces/faces/faces/faces/faces/faces/index.xhtml HTTP/1.1" 200 677
200.29.113.39 - - [06/Mar/2023:02:02:43 -0500] "GET /sipse/faces/javax.faces.resource/theme.css?ln=primefaces-sipse HTTP/1.1" 304 -
200.29.113.39 - - [06/Mar/2023:02:02:44 -0500] "GET /sipse/faces/faces/faces/faces/faces/faces/faces/faces/faces/faces/faces/faces/faces/faces/faces/faces/faces/faces/faces/faces/autenticacion.xhtml HTTP/1.1" 200 12165
200.29.113.39 - - [06/Mar/2023:02:02:45 -0500] "GET /sipse/faces/javax.faces.resource/primefaces.css?ln=primefaces&v=4.0 HTTP/1.1" 304 -
200.29.113.39 - - [06/Mar/2023:02:02:45 -0500] "GET /sipse/faces/javax.faces.resource/jquery/jquery.js?ln=primefaces&v=4.0 HTTP/1.1" 304 -
200.29.113.39 - - [06/Mar/2023:02:02:45 -0500] "GET /sipse/faces/javax.faces.resource/primefaces.js?ln=primefaces&v=4.0 HTTP/1.1" 304 -
200.29.113.39 - - [06/Mar/2023:02:02:45 -0500] "GET /sipse/faces/javax.faces.resource/jquery/jquery-plugins.js?ln=primefaces&v=4.0 HTTP/1.1" 304 -
200.29.113.39 - - [06/Mar/2023:02:02:45 -0500] "GET /sipse/faces/javax.faces.resource/theme.css?ln=primefaces-sipse HTTP/1.1" 304 -
200.29.113.39 - - [06/Mar/2023:02:02:45 -0500] "GET /sipse/faces/javax.faces.resource/layout/layout.css?ln=primefaces&v=4.0 HTTP/1.1" 304 -
200.29.113.39 - - [06/Mar/2023:02:02:46 -0500] "GET /sipse/faces/javax.faces.resource/layout/layout.js?ln=primefaces&v=4.0 HTTP/1.1" 304 -
200.29.113.39 - - [06/Mar/2023:02:02:47 -0500] "GET /sipse/faces/faces/faces/faces/faces/faces/faces/faces/faces/faces/faces/faces/faces/faces/faces/faces/faces/faces/faces/faces/index.xhtml HTTP/1.1" 200 677
200.29.113.39 - - [06/Mar/2023:02:02:48 -0500] "GET /sipse/faces/javax.faces.resource/theme.css?ln=primefaces-sipse HTTP/1.1" 304 -
200.29.113.39 - - [06/Mar/2023:02:02:49 -0500] "GET /sipse/faces/faces/faces/faces/faces/faces/faces/faces/faces/faces/faces/faces/faces/faces/faces/faces/faces/faces/faces/faces/faces/autenticacion.xhtml HTTP/1.1" 200 12165
200.29.113.39 - - [06/Mar/2023:02:02:51 -0500] "GET /sipse/faces/javax.faces.resource/theme.css?ln=primefaces-sipse HTTP/1.1" 304 -
200.29.113.39 - - [06/Mar/2023:02:02:51 -0500] "GET /sipse/faces/javax.faces.resource/primefaces.js?ln=primefaces&v=4.0 HTTP/1.1" 304 -
201.245.192.253 - - [06/Mar/2023:02:02:51 -0500] "POST /kwsrmcab/Wsrmcab  HTTP/1.1" 200 40529
186.31.159.232 - - [06/Mar/2023:02:05:01 -0500] "GET /BLA/resoluciones/RESOLUCIONES%202018/2005.pdf HTTP/1.1" 200 588665
172.22.2.4 - - [06/Mar/2023:02:03:58 -0500] "HEAD /BLA/boletinlegal/ HTTP/1.1" 200 -
216.245.221.92 - - [06/Mar/2023:02:05:41 -0500] "HEAD / HTTP/1.1" 200 -
172.22.2.4 - - [06/Mar/2023:02:04:48 -0500] "GET /BLA/boletinlegal/ HTTP/1.1" 200 52316
64.124.8.32 - - [06/Mar/2023:02:06:41 -0500] "GET /sipse/faces/autenticacion.xhtml HTTP/1.1" 200 12487
201.245.192.253 - - [06/Mar/2023:02:07:50 -0500] "POST /kwsrmcab/Wsrmcab  HTTP/1.1" 200 40529
64.124.8.32 - - [06/Mar/2023:02:09:42 -0500] "GET /BLA/boletinlegal/conceptos.php HTTP/1.1" 200 7486
117.201.67.97 - - [06/Mar/2023:02:10:24 -0500] "GET / HTTP/1.1" 200 319
216.245.221.92 - - [06/Mar/2023:02:10:41 -0500] "HEAD / HTTP/1.1" 200 -
128.14.136.18 - - [06/Mar/2023:02:11:18 -0500] "GET /portaldeninos/ HTTP/1.1" 200 110197
172.22.2.4 - - [06/Mar/2023:02:09:48 -0500] "HEAD /BLA/boletinlegal/ HTTP/1.1" 200 -
152.61.128.50 - - [06/Mar/2023:02:12:06 -0500] "GET /arcgis/services/Calidad_del_Agua_WQI/MapServer/WMSServer?request=GetCapabilities&service=WMS HTTP/1.1" 503 1020
152.61.128.50 - - [06/Mar/2023:02:12:07 -0500] "GET /arcgis/services/Calidad_del_Agua_WQI/MapServer/WMSServer?SERVICE=WMS&REQUEST=GetCapabilities HTTP/1.1" 503 1020
152.61.128.50 - - [06/Mar/2023:02:12:07 -0500] "GET /arcgis/services/Calidad_del_Agua_WQI/MapServer/WMSServer?WMTVER=1.0.0&REQUEST=capabilities HTTP/1.1" 503 1020
172.22.2.4 - - [06/Mar/2023:02:10:38 -0500] "GET /BLA/boletinlegal/ HTTP/1.1" 200 59646
201.245.192.253 - - [06/Mar/2023:02:12:48 -0500] "POST /kwsrmcab/Wsrmcab  HTTP/1.1" 200 40529
216.245.221.92 - - [06/Mar/2023:02:15:41 -0500] "HEAD / HTTP/1.1" 200 -
172.22.2.4 - - [06/Mar/2023:02:15:38 -0500] "HEAD /BLA/boletinlegal/ HTTP/1.1" 200 -
201.245.192.253 - - [06/Mar/2023:02:17:30 -0500] "POST /kwsrmcab/Wsrmcab HTTP/1.1" 200 41712
201.245.192.253 - - [06/Mar/2023:02:17:33 -0500] "POST /kwsrmcab/Wsrmcab HTTP/1.1" 200 42997
201.245.192.253 - - [06/Mar/2023:02:17:47 -0500] "POST /kwsrmcab/Wsrmcab  HTTP/1.1" 200 40529
172.22.2.4 - - [06/Mar/2023:02:16:28 -0500] "GET /BLA/boletinlegal/ HTTP/1.1" 200 57551
216.245.221.92 - - [06/Mar/2023:02:20:41 -0500] "HEAD / HTTP/1.1" 200 -
185.119.81.97 - - [06/Mar/2023:02:22:17 -0500] "GET /portaldeninos/wp-login.php HTTP/1.1" 200 2592
185.119.81.97 - - [06/Mar/2023:02:22:18 -0500] "POST /portaldeninos/wp-login.php HTTP/1.1" 200 3605
201.245.192.253 - - [06/Mar/2023:02:22:46 -0500] "POST /kwsrmcab/Wsrmcab  HTTP/1.1" 200 40529
172.22.2.4 - - [06/Mar/2023:02:21:28 -0500] "HEAD /BLA/boletinlegal/ HTTP/1.1" 200 -
181.56.171.197 - - [06/Mar/2023:02:23:13 -0500] "POST /sipse/faces/presentacion/financiero/solicitudProceso/consultarSolicitudProceso.xhtml HTTP/1.1" 200 42079
181.56.171.197 - - [06/Mar/2023:02:23:14 -0500] "GET /sipse/faces/javax.faces.resource/layout/layout.css?ln=primefaces&v=4.0 HTTP/1.1" 304 -
181.56.171.197 - - [06/Mar/2023:02:23:14 -0500] "GET /sipse/faces/javax.faces.resource/primefaces.css?ln=primefaces&v=4.0 HTTP/1.1" 304 -
181.56.171.197 - - [06/Mar/2023:02:23:14 -0500] "GET /sipse/faces/javax.faces.resource/theme.css?ln=primefaces-sipse HTTP/1.1" 304 -
181.56.171.197 - - [06/Mar/2023:02:23:15 -0500] "GET /sipse/faces/javax.faces.resource/jquery/jquery.js?ln=primefaces&v=4.0 HTTP/1.1" 304 -
181.56.171.197 - - [06/Mar/2023:02:23:16 -0500] "GET /sipse/faces/javax.faces.resource/jquery/jquery-plugins.js?ln=primefaces&v=4.0 HTTP/1.1" 304 -
181.56.171.197 - - [06/Mar/2023:02:23:16 -0500] "GET /sipse/faces/javax.faces.resource/primefaces.js?ln=primefaces&v=4.0 HTTP/1.1" 304 -
181.56.171.197 - - [06/Mar/2023:02:23:16 -0500] "GET /sipse/faces/javax.faces.resource/layout/layout.js?ln=primefaces&v=4.0 HTTP/1.1" 304 -
181.56.171.197 - - [06/Mar/2023:02:23:17 -0500] "POST /sipse/faces/presentacion/financiero/solicitudProceso/consultar.xhtml HTTP/1.1" 200 35444
181.56.171.197 - - [06/Mar/2023:02:23:17 -0500] "POST /sipse/faces/presentacion/financiero/solicitudProceso/consultar.xhtml HTTP/1.1" 200 35444
181.56.171.197 - - [06/Mar/2023:02:23:22 -0500] "POST /sipse/faces/presentacion/financiero/solicitudProceso/consultar.xhtml HTTP/1.1" 200 23077
181.56.171.197 - - [06/Mar/2023:02:23:25 -0500] "POST /sipse/faces/presentacion/financiero/solicitudProceso/consultar.xhtml HTTP/1.1" 200 12856
181.56.171.197 - - [06/Mar/2023:02:23:28 -0500] "POST /sipse/faces/presentacion/financiero/solicitudProceso/consultar.xhtml HTTP/1.1" 200 143993
181.56.171.197 - - [06/Mar/2023:02:23:29 -0500] "GET /sipse/faces/javax.faces.resource/theme.css?ln=primefaces-sipse HTTP/1.1" 304 -
181.56.171.197 - - [06/Mar/2023:02:23:29 -0500] "GET /sipse/faces/javax.faces.resource/layout/layout.css?ln=primefaces&v=4.0 HTTP/1.1" 304 -
181.56.171.197 - - [06/Mar/2023:02:23:29 -0500] "GET /sipse/faces/javax.faces.resource/primefaces.css?ln=primefaces&v=4.0 HTTP/1.1" 304 -
181.56.171.197 - - [06/Mar/2023:02:23:29 -0500] "GET /sipse/faces/javax.faces.resource/jquery/jquery.js?ln=primefaces&v=4.0 HTTP/1.1" 304 -
181.56.171.197 - - [06/Mar/2023:02:23:29 -0500] "GET /sipse/faces/javax.faces.resource/jquery/jquery-plugins.js?ln=primefaces&v=4.0 HTTP/1.1" 304 -
181.56.171.197 - - [06/Mar/2023:02:23:29 -0500] "GET /sipse/faces/javax.faces.resource/primefaces.js?ln=primefaces&v=4.0 HTTP/1.1" 304 -
181.56.171.197 - - [06/Mar/2023:02:23:29 -0500] "GET /sipse/faces/javax.faces.resource/layout/layout.js?ln=primefaces&v=4.0 HTTP/1.1" 304 -
181.56.171.197 - - [06/Mar/2023:02:23:30 -0500] "GET /sipse/faces/javax.faces.resource/dynamiccontent.properties?ln=primefaces&pfdrid=XjOR5%2F%2FfPAZAuY9TpWQeCiM0BhlXxYRBGKi%2FQcXXfeA%3D&pfdrid_c=false HTTP/1.1" 500 383
181.56.171.197 - - [06/Mar/2023:02:23:40 -0500] "POST /sipse/faces/presentacion/financiero/solicitudProceso/consultarSolicitudProceso.xhtml HTTP/1.1" 200 159803
172.22.2.4 - - [06/Mar/2023:02:22:18 -0500] "GET /BLA/boletinlegal/ HTTP/1.1" 200 59646
69.171.249.21 - - [06/Mar/2023:02:24:41 -0500] "GET /images/20%20de%20febrero%20panor\xc3\xa1mica%20de%20Bogot\xc3\xa1%20(1)%20(1).jpeg HTTP/1.1" 404 1034
69.171.249.12 - - [06/Mar/2023:02:24:41 -0500] "GET /images/17%20de%20febrero%20mujeres%20que%20reverdecen.jpeg HTTP/1.1" 200 85735
69.171.249.2 - - [06/Mar/2023:02:24:55 -0500] "GET /images/28%20de%20febrero%20operativo.jpeg HTTP/1.1" 200 62220
69.171.249.118 - - [06/Mar/2023:02:24:58 -0500] "GET /images/vertimiento-Comprimida%20(1).png HTTP/1.1" 200 22870
69.171.249.15 - - [06/Mar/2023:02:24:59 -0500] "GET /images/Secretarias%20Fondo%20carga%206%20de%20febrero.jpeg HTTP/1.1" 200 55460
69.171.249.23 - - [06/Mar/2023:02:25:07 -0500] "GET /images/Sello%201%20JA-2.jpeg HTTP/1.1" 200 42236
69.171.249.15 - - [06/Mar/2023:02:25:07 -0500] "GET /images/Rmasar%2018%20de%20febrero%20Grupo.jpg HTTP/1.1" 200 68398
69.171.249.11 - - [06/Mar/2023:02:25:07 -0500] "GET /images/Juan%20Rey%20febrero%2013.jpg HTTP/1.1" 200 55934
181.56.171.197 - - [06/Mar/2023:02:25:23 -0500] "POST /sipse/faces/presentacion/financiero/solicitudProceso/consultarSolicitudProceso.xhtml HTTP/1.1" 200 132855
216.245.221.92 - - [06/Mar/2023:02:25:41 -0500] "HEAD / HTTP/1.1" 200 -
123.183.224.30 - - [06/Mar/2023:02:26:33 -0500] "-" 408 -
172.22.2.4 - - [06/Mar/2023:02:26:06 -0500] "GET /BLA/boletinlegal/ HTTP/1.1" 200 36811
201.245.192.253 - - [06/Mar/2023:02:27:31 -0500] "POST /kwsrmcab/Wsrmcab HTTP/1.1" 200 41712
201.245.192.253 - - [06/Mar/2023:02:27:34 -0500] "POST /kwsrmcab/Wsrmcab HTTP/1.1" 200 42997
201.245.192.253 - - [06/Mar/2023:02:27:47 -0500] "POST /kwsrmcab/Wsrmcab  HTTP/1.1" 200 40529
172.22.2.4 - - [06/Mar/2023:02:27:18 -0500] "HEAD /BLA/boletinlegal/ HTTP/1.1" 200 -
172.22.2.4 - - [06/Mar/2023:02:28:08 -0500] "GET /BLA/boletinlegal/ HTTP/1.1" 200 57551
216.245.221.92 - - [06/Mar/2023:02:30:41 -0500] "HEAD / HTTP/1.1" 200 -
201.245.192.253 - - [06/Mar/2023:02:32:46 -0500] "POST /kwsrmcab/Wsrmcab  HTTP/1.1" 200 40529
172.22.2.4 - - [06/Mar/2023:02:33:08 -0500] "HEAD /BLA/boletinlegal/ HTTP/1.1" 200 -
172.22.2.4 - - [06/Mar/2023:02:34:49 -0500] "GET /BLA/boletinlegal/Circulares/2022/CIRCULAR%20No.%2000009%20DEL%2010%20DE%20OCTUBRE%20DEL%202022.pdf HTTP/1.1" 200 292772
52.167.144.65 - - [06/Mar/2023:02:35:10 -0500] "GET /portaldeninos/ HTTP/1.1" 200 110197
172.22.2.4 - - [06/Mar/2023:02:33:58 -0500] "GET /BLA/boletinlegal/ HTTP/1.1" 200 58297
216.245.221.92 - - [06/Mar/2023:02:35:41 -0500] "HEAD / HTTP/1.1" 200 -
173.252.127.21 - - [06/Mar/2023:02:36:39 -0500] "GET /images/caminatas-ecol\xc3\xb3gicas-marzo---1920x1080_optimized.jpg HTTP/1.1" 404 1034
94.102.61.10 - - [06/Mar/2023:02:37:10 -0500] "GET /portaldeninos/ HTTP/1.1" 200 14393
69.171.249.23 - - [06/Mar/2023:02:37:20 -0500] "GET /images/caminatas-ecol\xc3\xb3gicas-marzo---1920x1080_optimized.jpg HTTP/1.1" 404 1034
201.245.192.253 - - [06/Mar/2023:02:37:30 -0500] "POST /kwsrmcab/Wsrmcab HTTP/1.1" 200 41712
201.245.192.253 - - [06/Mar/2023:02:37:33 -0500] "POST /kwsrmcab/Wsrmcab HTTP/1.1" 200 42997
201.245.192.253 - - [06/Mar/2023:02:37:45 -0500] "POST /kwsrmcab/Wsrmcab  HTTP/1.1" 200 40529
172.22.2.4 - - [06/Mar/2023:02:38:44 -0500] "GET /BLA/boletinlegal/ HTTP/1.1" 200 36811
104.131.144.23 - - [06/Mar/2023:02:39:50 -0500] "GET / HTTP/1.1" 200 319
181.56.171.197 - - [06/Mar/2023:02:40:06 -0500] "POST /sipse/faces/presentacion/financiero/solicitudProceso/consultarSolicitudProceso.xhtml HTTP/1.1" 200 42087
181.56.171.197 - - [06/Mar/2023:02:40:07 -0500] "GET /sipse/faces/javax.faces.resource/theme.css?ln=primefaces-sipse HTTP/1.1" 304 -
181.56.171.197 - - [06/Mar/2023:02:40:07 -0500] "GET /sipse/faces/javax.faces.resource/primefaces.css?ln=primefaces&v=4.0 HTTP/1.1" 304 -
181.56.171.197 - - [06/Mar/2023:02:40:07 -0500] "GET /sipse/faces/javax.faces.resource/layout/layout.css?ln=primefaces&v=4.0 HTTP/1.1" 304 -
181.56.171.197 - - [06/Mar/2023:02:40:07 -0500] "GET /sipse/faces/javax.faces.resource/jquery/jquery.js?ln=primefaces&v=4.0 HTTP/1.1" 304 -
181.56.171.197 - - [06/Mar/2023:02:40:07 -0500] "GET /sipse/faces/javax.faces.resource/jquery/jquery-plugins.js?ln=primefaces&v=4.0 HTTP/1.1" 304 -
181.56.171.197 - - [06/Mar/2023:02:40:07 -0500] "GET /sipse/faces/javax.faces.resource/primefaces.js?ln=primefaces&v=4.0 HTTP/1.1" 304 -
181.56.171.197 - - [06/Mar/2023:02:40:07 -0500] "GET /sipse/faces/javax.faces.resource/layout/layout.js?ln=primefaces&v=4.0 HTTP/1.1" 304 -
181.56.171.197 - - [06/Mar/2023:02:40:08 -0500] "POST /sipse/faces/presentacion/financiero/solicitudProceso/consultar.xhtml HTTP/1.1" 200 35452
181.56.171.197 - - [06/Mar/2023:02:40:08 -0500] "POST /sipse/faces/presentacion/financiero/solicitudProceso/consultar.xhtml HTTP/1.1" 200 35452
181.56.171.197 - - [06/Mar/2023:02:40:08 -0500] "POST /sipse/faces/presentacion/financiero/solicitudProceso/consultar.xhtml HTTP/1.1" 200 35452
181.56.171.197 - - [06/Mar/2023:02:40:08 -0500] "POST /sipse/faces/presentacion/financiero/solicitudProceso/consultar.xhtml HTTP/1.1" 200 35452
181.56.171.197 - - [06/Mar/2023:02:40:09 -0500] "POST /sipse/faces/presentacion/financiero/solicitudProceso/consultar.xhtml HTTP/1.1" 200 23077
181.56.171.197 - - [06/Mar/2023:02:40:12 -0500] "POST /sipse/faces/presentacion/financiero/solicitudProceso/consultar.xhtml HTTP/1.1" 200 12842
181.56.171.197 - - [06/Mar/2023:02:40:14 -0500] "POST /sipse/faces/presentacion/financiero/solicitudProceso/consultar.xhtml HTTP/1.1" 200 144057
181.56.171.197 - - [06/Mar/2023:02:40:15 -0500] "GET /sipse/faces/javax.faces.resource/theme.css?ln=primefaces-sipse HTTP/1.1" 304 -
181.56.171.197 - - [06/Mar/2023:02:40:15 -0500] "GET /sipse/faces/javax.faces.resource/primefaces.css?ln=primefaces&v=4.0 HTTP/1.1" 304 -
181.56.171.197 - - [06/Mar/2023:02:40:15 -0500] "GET /sipse/faces/javax.faces.resource/layout/layout.css?ln=primefaces&v=4.0 HTTP/1.1" 304 -
181.56.171.197 - - [06/Mar/2023:02:40:15 -0500] "GET /sipse/faces/javax.faces.resource/jquery/jquery.js?ln=primefaces&v=4.0 HTTP/1.1" 304 -
181.56.171.197 - - [06/Mar/2023:02:40:15 -0500] "GET /sipse/faces/javax.faces.resource/jquery/jquery-plugins.js?ln=primefaces&v=4.0 HTTP/1.1" 304 -
181.56.171.197 - - [06/Mar/2023:02:40:15 -0500] "GET /sipse/faces/javax.faces.resource/primefaces.js?ln=primefaces&v=4.0 HTTP/1.1" 304 -
181.56.171.197 - - [06/Mar/2023:02:40:15 -0500] "GET /sipse/faces/javax.faces.resource/layout/layout.js?ln=primefaces&v=4.0 HTTP/1.1" 304 -
181.56.171.197 - - [06/Mar/2023:02:40:16 -0500] "GET /sipse/faces/javax.faces.resource/dynamiccontent.properties?ln=primefaces&pfdrid=XjOR5%2F%2FfPAZAuY9TpWQeCiM0BhlXxYRBGKi%2FQcXXfeA%3D&pfdrid_c=false HTTP/1.1" 500 383
181.56.171.197 - - [06/Mar/2023:02:40:21 -0500] "POST /sipse/faces/presentacion/financiero/solicitudProceso/consultarSolicitudProceso.xhtml HTTP/1.1" 200 132800
172.22.2.4 - - [06/Mar/2023:02:38:58 -0500] "HEAD /BLA/boletinlegal/ HTTP/1.1" 200 -
216.245.221.92 - - [06/Mar/2023:02:40:41 -0500] "HEAD / HTTP/1.1" 200 -
181.56.171.197 - - [06/Mar/2023:02:41:02 -0500] "POST /sipse/faces/presentacion/financiero/solicitudProceso/consultarSolicitudProceso.xhtml HTTP/1.1" 200 132855
172.22.2.4 - - [06/Mar/2023:02:39:48 -0500] "GET /BLA/boletinlegal/ HTTP/1.1" 200 59646
201.245.192.253 - - [06/Mar/2023:02:42:44 -0500] "POST /kwsrmcab/Wsrmcab  HTTP/1.1" 200 40529
87.236.176.151 - - [06/Mar/2023:02:44:05 -0500] "GET / HTTP/1.1" 200 319
216.245.221.92 - - [06/Mar/2023:02:45:41 -0500] "HEAD / HTTP/1.1" 200 -
185.119.81.104 - - [06/Mar/2023:02:46:02 -0500] "GET /portaldeninos/wp-login.php HTTP/1.1" 200 2592
185.119.81.104 - - [06/Mar/2023:02:46:03 -0500] "POST /portaldeninos/wp-login.php HTTP/1.1" 200 3670
172.22.2.4 - - [06/Mar/2023:02:44:47 -0500] "HEAD /BLA/boletinlegal/ HTTP/1.1" 200 -
172.22.2.4 - - [06/Mar/2023:02:45:38 -0500] "GET /BLA/boletinlegal/ HTTP/1.1" 200 57551
181.53.12.168 - - [06/Mar/2023:02:47:32 -0500] "GET /inscribete-y-participa-en-las-caminatas-ecologicas-de-marzo.html HTTP/1.1" 200 924
201.245.192.253 - - [06/Mar/2023:02:47:43 -0500] "POST /kwsrmcab/Wsrmcab  HTTP/1.1" 200 40529
190.24.24.253 - - [06/Mar/2023:02:48:01 -0500] "GET /inscribete-y-participa-en-las-caminatas-ecologicas-de-marzo.html HTTP/1.1" 200 924
64.124.8.25 - - [06/Mar/2023:02:48:31 -0500] "GET /portaldeninos/2021/06/29/jasbleady-castaneda-una-mujer-que-le-pone-el-alma-a-la-proteccion-de-las-tinguas-azules/ HTTP/1.1" 200 108388
216.245.221.92 - - [06/Mar/2023:02:50:41 -0500] "HEAD / HTTP/1.1" 200 -
172.22.2.4 - - [06/Mar/2023:02:50:37 -0500] "HEAD /BLA/boletinlegal/ HTTP/1.1" 200 -
201.245.192.253 - - [06/Mar/2023:02:52:42 -0500] "POST /kwsrmcab/Wsrmcab  HTTP/1.1" 200 40529
172.22.2.4 - - [06/Mar/2023:02:51:28 -0500] "GET /BLA/boletinlegal/ HTTP/1.1" 200 55211
172.22.2.4 - - [06/Mar/2023:02:53:30 -0500] "GET /BLA/boletinlegal/robots.txt HTTP/1.1" 404 1038
172.22.2.4 - - [06/Mar/2023:02:53:30 -0500] "GET /BLA/boletinlegal/jurisprudencia/analisis/analisis%20C-595-2010.doc HTTP/1.1" 304 -
172.22.2.4 - - [06/Mar/2023:02:54:00 -0500] "GET /BLA/boletinlegal/Circulares/2012/Circular%20No.%205%20del%2027%20de%20Abril%20de%202012.pdf HTTP/1.1" 200 216613
216.245.221.92 - - [06/Mar/2023:02:55:41 -0500] "HEAD / HTTP/1.1" 200 -
52.167.144.40 - - [06/Mar/2023:02:55:55 -0500] "GET /BLA/resoluciones/RESOLUCIONES%202008/3208.pdf HTTP/1.1" 200 213753
201.245.192.253 - - [06/Mar/2023:02:57:41 -0500] "POST /kwsrmcab/Wsrmcab  HTTP/1.1" 200 40529
172.22.2.4 - - [06/Mar/2023:02:56:29 -0500] "HEAD /BLA/boletinlegal/ HTTP/1.1" 200 -
172.22.2.4 - - [06/Mar/2023:02:58:23 -0500] "GET /BLA/boletinlegal/doctrina.php HTTP/1.1" 200 5604
172.22.2.4 - - [06/Mar/2023:02:57:19 -0500] "GET /BLA/boletinlegal/ HTTP/1.1" 200 55211
216.245.221.92 - - [06/Mar/2023:03:00:41 -0500] "HEAD / HTTP/1.1" 200 -
201.245.192.253 - - [06/Mar/2023:03:02:40 -0500] "POST /kwsrmcab/Wsrmcab  HTTP/1.1" 200 40529
172.22.2.4 - - [06/Mar/2023:03:02:18 -0500] "HEAD /BLA/boletinlegal/ HTTP/1.1" 200 -
172.22.2.4 - - [06/Mar/2023:03:03:09 -0500] "GET /BLA/boletinlegal/ HTTP/1.1" 200 54798
216.245.221.92 - - [06/Mar/2023:03:05:41 -0500] "HEAD / HTTP/1.1" 200 -
172.22.2.4 - - [06/Mar/2023:03:05:49 -0500] "GET /BLA/boletinlegal/ HTTP/1.1" 200 36811
185.119.81.104 - - [06/Mar/2023:03:06:52 -0500] "GET /portaldeninos/wp-login.php HTTP/1.1" 200 2592
185.119.81.104 - - [06/Mar/2023:03:06:53 -0500] "POST /portaldeninos/wp-login.php HTTP/1.1" 200 3605
201.245.192.253 - - [06/Mar/2023:03:07:39 -0500] "POST /kwsrmcab/Wsrmcab  HTTP/1.1" 200 40529
172.22.2.4 - - [06/Mar/2023:03:08:08 -0500] "HEAD /BLA/boletinlegal/ HTTP/1.1" 200 -
172.22.2.4 - - [06/Mar/2023:03:08:59 -0500] "GET /BLA/boletinlegal/ HTTP/1.1" 200 52720
216.245.221.92 - - [06/Mar/2023:03:10:41 -0500] "HEAD / HTTP/1.1" 200 -
64.124.8.46 - - [06/Mar/2023:03:10:58 -0500] "GET /BLA/boletinlegal/jurisprudencia/analisis/CUADRO%20ANALISIS%20SENTENCIA%20T-411%20DE%201992.doc HTTP/1.1" 304 -
201.245.192.253 - - [06/Mar/2023:03:12:38 -0500] "POST /kwsrmcab/Wsrmcab  HTTP/1.1" 200 40529
52.167.144.64 - - [06/Mar/2023:03:14:53 -0500] "GET / HTTP/1.1" 200 4720
172.22.2.4 - - [06/Mar/2023:03:13:58 -0500] "HEAD /BLA/boletinlegal/ HTTP/1.1" 200 -
216.245.221.92 - - [06/Mar/2023:03:15:41 -0500] "HEAD / HTTP/1.1" 200 -
181.233.91.51 - - [06/Mar/2023:03:16:17 -0500] "GET /agendate-para-participar-en-las-caminatas-ecologicas-de-febrero.html HTTP/1.1" 200 830
172.22.2.4 - - [06/Mar/2023:03:14:49 -0500] "GET /BLA/boletinlegal/ HTTP/1.1" 200 59296
69.63.184.120 - - [06/Mar/2023:03:16:42 -0500] "GET /secretaria-de-ambiente-y-universidad-de-la-salle-firman-acuerdo-de-conservacion-en-17-hectareas.html HTTP/1.1" 206 990
181.233.91.51 - - [06/Mar/2023:03:16:48 -0500] "GET /portaldeninos/ HTTP/1.1" 200 110197
172.22.2.4 - - [06/Mar/2023:03:16:52 -0500] "GET /BLA/boletinlegal/actos.php HTTP/1.1" 200 9672
181.233.91.51 - - [06/Mar/2023:03:16:53 -0500] "GET /portaldeninos/contactanos/ HTTP/1.1" 200 88135
201.245.192.253 - - [06/Mar/2023:03:17:30 -0500] "POST /kwsrmcab/Wsrmcab HTTP/1.1" 200 41710
201.245.192.253 - - [06/Mar/2023:03:17:33 -0500] "POST /kwsrmcab/Wsrmcab HTTP/1.1" 200 43006
201.245.192.253 - - [06/Mar/2023:03:17:37 -0500] "POST /kwsrmcab/Wsrmcab  HTTP/1.1" 200 40529
216.245.221.92 - - [06/Mar/2023:03:20:41 -0500] "HEAD / HTTP/1.1" 200 -
172.22.2.4 - - [06/Mar/2023:03:19:48 -0500] "HEAD /BLA/boletinlegal/ HTTP/1.1" 200 -
172.22.2.4 - - [06/Mar/2023:03:20:39 -0500] "GET /BLA/boletinlegal/ HTTP/1.1" 200 57551
201.245.192.253 - - [06/Mar/2023:03:22:36 -0500] "POST /kwsrmcab/Wsrmcab  HTTP/1.1" 200 40529
52.167.144.67 - - [06/Mar/2023:03:23:32 -0500] "GET /BLA/resoluciones/RESOLUCIONES%202011/0348%20.PDF HTTP/1.1" 200 62074
123.183.224.30 - - [06/Mar/2023:03:25:07 -0500] "-" 408 -
216.245.221.92 - - [06/Mar/2023:03:25:41 -0500] "HEAD / HTTP/1.1" 200 -
40.77.167.251 - - [06/Mar/2023:03:25:44 -0500] "GET /portaldeninos/wp-content/uploads/2021/05/los-nevados-mirador-1024x572.jpg HTTP/1.1" 200 127983
172.22.2.4 - - [06/Mar/2023:03:25:38 -0500] "HEAD /BLA/boletinlegal/ HTTP/1.1" 200 -
201.245.192.253 - - [06/Mar/2023:03:27:30 -0500] "POST /kwsrmcab/Wsrmcab HTTP/1.1" 200 41710
201.245.192.253 - - [06/Mar/2023:03:27:33 -0500] "POST /kwsrmcab/Wsrmcab HTTP/1.1" 200 43006
201.245.192.253 - - [06/Mar/2023:03:27:35 -0500] "POST /kwsrmcab/Wsrmcab  HTTP/1.1" 200 40529
172.22.2.4 - - [06/Mar/2023:03:26:29 -0500] "GET /BLA/boletinlegal/ HTTP/1.1" 200 57551
172.22.2.4 - - [06/Mar/2023:03:29:22 -0500] "GET /BLA/boletinlegal/actuator/gateway/routes HTTP/1.1" 404 1018
216.245.221.92 - - [06/Mar/2023:03:30:41 -0500] "HEAD / HTTP/1.1" 200 -
201.245.192.253 - - [06/Mar/2023:03:32:34 -0500] "POST /kwsrmcab/Wsrmcab  HTTP/1.1" 200 40529
172.22.2.4 - - [06/Mar/2023:03:31:28 -0500] "HEAD /BLA/boletinlegal/ HTTP/1.1" 200 -
172.22.2.4 - - [06/Mar/2023:03:32:19 -0500] "GET /BLA/boletinlegal/ HTTP/1.1" 200 57551
216.245.221.92 - - [06/Mar/2023:03:35:41 -0500] "HEAD / HTTP/1.1" 200 -
201.245.192.253 - - [06/Mar/2023:03:37:30 -0500] "POST /kwsrmcab/Wsrmcab HTTP/1.1" 200 41710
201.245.192.253 - - [06/Mar/2023:03:37:33 -0500] "POST /kwsrmcab/Wsrmcab  HTTP/1.1" 200 40529
201.245.192.253 - - [06/Mar/2023:03:37:33 -0500] "POST /kwsrmcab/Wsrmcab HTTP/1.1" 200 43006
172.22.2.4 - - [06/Mar/2023:03:37:18 -0500] "HEAD /BLA/boletinlegal/ HTTP/1.1" 200 -
172.22.2.4 - - [06/Mar/2023:03:38:09 -0500] "GET /BLA/boletinlegal/ HTTP/1.1" 200 57141
216.245.221.92 - - [06/Mar/2023:03:40:41 -0500] "HEAD / HTTP/1.1" 200 -
52.167.144.40 - - [06/Mar/2023:03:41:18 -0500] "GET /sipse/faces/autenticacion.xhtml HTTP/1.1" 200 12487
52.167.144.40 - - [06/Mar/2023:03:41:28 -0500] "GET /sipse/css/custom_css_sg.css HTTP/1.1" 200 9694
40.77.167.97 - - [06/Mar/2023:03:41:33 -0500] "GET /sipse/faces/javax.faces.resource/jquery/jquery.js;jsessionid=kyAMbxqaJqt8dBIObG8+ZGnN.undefined?ln=primefaces&v=4.0 HTTP/1.1" 200 105384
40.77.167.240 - - [06/Mar/2023:03:41:38 -0500] "GET /sipse/js/funciones.js HTTP/1.1" 200 12592
52.167.144.42 - - [06/Mar/2023:03:41:38 -0500] "GET /sipse/faces/javax.faces.resource/jquery/jquery-plugins.js;jsessionid=kyAMbxqaJqt8dBIObG8+ZGnN.undefined?ln=primefaces&v=4.0 HTTP/1.1" 200 220526
52.167.144.42 - - [06/Mar/2023:03:41:38 -0500] "GET /sipse/faces/javax.faces.resource/theme.css?ln=primefaces-sipse HTTP/1.1" 200 50058
52.167.144.42 - - [06/Mar/2023:03:41:39 -0500] "GET /sipse/js/disable_browser_buttons.js HTTP/1.1" 200 3230
52.167.144.47 - - [06/Mar/2023:03:41:43 -0500] "GET /sipse/css/custom_css_sg_prime_login.css HTTP/1.1" 200 443
199.16.157.182 - - [06/Mar/2023:03:41:43 -0500] "GET /images/Musgo%20SDA%20(1)%20(1).png HTTP/1.1" 200 302122
52.167.144.64 - - [06/Mar/2023:03:42:05 -0500] "GET /portaldeninos/wp-content/uploads/2021/11/pieza-dia-medioambiente-bogota-5-junio-1200x480.jpg HTTP/1.1" 200 127404
201.245.192.253 - - [06/Mar/2023:03:42:33 -0500] "POST /kwsrmcab/Wsrmcab  HTTP/1.1" 200 40529
172.22.2.4 - - [06/Mar/2023:03:43:08 -0500] "HEAD /BLA/boletinlegal/ HTTP/1.1" 200 -
172.22.2.4 - - [06/Mar/2023:03:43:59 -0500] "GET /BLA/boletinlegal/ HTTP/1.1" 200 59646
66.249.66.81 - - [06/Mar/2023:03:45:40 -0500] "-" 408 -
216.245.221.92 - - [06/Mar/2023:03:45:41 -0500] "HEAD / HTTP/1.1" 200 -
64.124.8.32 - - [06/Mar/2023:03:46:32 -0500] "-" 408 -
201.245.192.253 - - [06/Mar/2023:03:47:31 -0500] "POST /kwsrmcab/Wsrmcab  HTTP/1.1" 200 40529
64.124.8.32 - - [06/Mar/2023:03:49:33 -0500] "-" 408 -
172.22.2.4 - - [06/Mar/2023:03:48:58 -0500] "HEAD /BLA/boletinlegal/ HTTP/1.1" 200 -
216.245.221.92 - - [06/Mar/2023:03:50:41 -0500] "HEAD / HTTP/1.1" 200 -
172.22.2.4 - - [06/Mar/2023:03:49:49 -0500] "GET /BLA/boletinlegal/ HTTP/1.1" 200 57141
92.118.39.82 - - [06/Mar/2023:03:52:02 -0500] "GET / HTTP/1.1" 200 319
92.118.39.82 - - [06/Mar/2023:03:52:03 -0500] "GET /cgi-bin/downloadFlile.cgi HTTP/1.1" 404 1018
201.245.192.253 - - [06/Mar/2023:03:52:31 -0500] "POST /kwsrmcab/Wsrmcab  HTTP/1.1" 200 40529
185.119.81.97 - - [06/Mar/2023:03:52:55 -0500] "GET /portaldeninos/wp-login.php HTTP/1.1" 200 2592
185.119.81.97 - - [06/Mar/2023:03:52:56 -0500] "POST /portaldeninos/wp-login.php HTTP/1.1" 200 3670
186.84.89.131 - - [06/Mar/2023:03:55:28 -0500] "GET /appsia/controlador HTTP/1.1" 200 4799
186.84.89.131 - - [06/Mar/2023:03:55:29 -0500] "GET /appsia/scripts/validarIngreso.js HTTP/1.1" 200 851
186.84.89.131 - - [06/Mar/2023:03:55:29 -0500] "GET /appsia/css/estilos.css HTTP/1.1" 200 4804
186.84.89.131 - - [06/Mar/2023:03:55:29 -0500] "GET /appsia/images/logo_bogota_p.png HTTP/1.1" 200 14951
186.84.89.131 - - [06/Mar/2023:03:55:29 -0500] "GET /appsia/images/cabezoteHojaVida.png HTTP/1.1" 200 32493
186.84.89.131 - - [06/Mar/2023:03:55:29 -0500] "GET /favicon.ico HTTP/1.1" 200 7782
216.245.221.92 - - [06/Mar/2023:03:55:41 -0500] "HEAD / HTTP/1.1" 200 -
172.22.2.4 - - [06/Mar/2023:03:54:48 -0500] "HEAD /BLA/boletinlegal/ HTTP/1.1" 200 -
186.84.89.131 - - [06/Mar/2023:03:56:36 -0500] "POST /appsia/controlador HTTP/1.1" 200 4621
190.240.2.133 - - [06/Mar/2023:03:56:38 -0500] "GET /appsia/controlador HTTP/1.1" 200 4799
190.240.2.133 - - [06/Mar/2023:03:56:38 -0500] "GET /appsia/css/estilos.css HTTP/1.1" 200 4804
190.240.2.133 - - [06/Mar/2023:03:56:38 -0500] "GET /appsia/scripts/validarIngreso.js HTTP/1.1" 200 851
190.240.2.133 - - [06/Mar/2023:03:56:39 -0500] "GET /appsia/images/logo_bogota_p.png HTTP/1.1" 200 14951
190.240.2.133 - - [06/Mar/2023:03:56:39 -0500] "GET /appsia/images/cabezoteHojaVida.png HTTP/1.1" 200 32493
186.84.89.131 - - [06/Mar/2023:03:56:48 -0500] "POST /appsia/controlador HTTP/1.1" 200 9156
186.84.89.131 - - [06/Mar/2023:03:56:48 -0500] "GET /appsia/images/logo_escudo.png HTTP/1.1" 200 36965
172.22.2.4 - - [06/Mar/2023:03:55:39 -0500] "GET /BLA/boletinlegal/ HTTP/1.1" 200 57551
40.77.188.207 - - [06/Mar/2023:03:57:30 -0500] "GET /sipse/faces/javax.faces.resource/layout/layout.css;jsessionid=kyAMbxqaJqt8dBIObG8+ZGnN.undefined?ln=primefaces&v=4.0 HTTP/1.1" 200 542
40.77.190.19 - - [06/Mar/2023:03:57:30 -0500] "GET /sipse/faces/javax.faces.resource/primefaces.css;jsessionid=kyAMbxqaJqt8dBIObG8+ZGnN.undefined?ln=primefaces&v=4.0 HTTP/1.1" 200 53295
40.77.189.121 - - [06/Mar/2023:03:57:30 -0500] "GET /sipse/faces/javax.faces.resource/layout/layout.js;jsessionid=kyAMbxqaJqt8dBIObG8+ZGnN.undefined?ln=primefaces&v=4.0 HTTP/1.1" 200 87560
40.77.190.167 - - [06/Mar/2023:03:57:30 -0500] "GET /sipse/faces/javax.faces.resource/primefaces.js;jsessionid=kyAMbxqaJqt8dBIObG8+ZGnN.undefined?ln=primefaces&v=4.0 HTTP/1.1" 200 276924
40.77.188.59 - - [06/Mar/2023:03:57:31 -0500] "GET /sipse/faces/index.xhtml HTTP/1.1" 200 677
201.245.192.253 - - [06/Mar/2023:03:57:30 -0500] "POST /kwsrmcab/Wsrmcab  HTTP/1.1" 200 40529
186.84.89.131 - - [06/Mar/2023:03:57:37 -0500] "POST /appsia/controlador HTTP/1.1" 200 4621
186.84.89.131 - - [06/Mar/2023:03:57:38 -0500] "POST /appsia/controlador HTTP/1.1" 200 4799
216.245.221.92 - - [06/Mar/2023:04:00:41 -0500] "HEAD / HTTP/1.1" 200 -
66.249.66.79 - - [06/Mar/2023:04:01:18 -0500] "-" 408 -
172.22.2.4 - - [06/Mar/2023:04:00:38 -0500] "HEAD /BLA/boletinlegal/ HTTP/1.1" 200 -
128.14.209.162 - - [06/Mar/2023:04:02:27 -0500] "GET /portaldeninos/ HTTP/1.1" 200 110197
201.245.192.253 - - [06/Mar/2023:04:02:29 -0500] "POST /kwsrmcab/Wsrmcab  HTTP/1.1" 200 40529
172.22.2.4 - - [06/Mar/2023:04:01:29 -0500] "GET /BLA/boletinlegal/ HTTP/1.1" 200 59296
181.233.91.51 - - [06/Mar/2023:04:04:55 -0500] "GET /portaldeninos/aulas-ambientales/ HTTP/1.1" 200 88416
181.233.91.51 - - [06/Mar/2023:04:04:58 -0500] "GET /portaldeninos/parque-ecologico-distrital-humedal-santa-maria-del-lago/ HTTP/1.1" 200 90199
181.233.91.51 - - [06/Mar/2023:04:04:59 -0500] "GET /portaldeninos/aulas-ambientales-2/parque-ecologico-distrital-de-montana-entrenubes/ HTTP/1.1" 200 90406
181.233.91.51 - - [06/Mar/2023:04:05:01 -0500] "GET /portaldeninos/aulas-ambientales/aula-ambiental-sorotama/ HTTP/1.1" 200 89596
181.233.91.51 - - [06/Mar/2023:04:05:02 -0500] "GET /portaldeninos/parque-mirador-de-los-nevados/ HTTP/1.1" 200 89855
181.233.91.51 - - [06/Mar/2023:04:05:02 -0500] "GET /portaldeninos/aula-ambiental-artistica-itinerante-auambari/ HTTP/1.1" 200 89306
181.233.91.51 - - [06/Mar/2023:04:05:04 -0500] "GET /portaldeninos/relatos-urbanos-de-los-ecosistemas-bogotanos-2/ HTTP/1.1" 200 88374
181.233.91.51 - - [06/Mar/2023:04:05:07 -0500] "GET /portaldeninos/los-arboles/ HTTP/1.1" 200 87546
181.233.91.51 - - [06/Mar/2023:04:05:07 -0500] "GET /portaldeninos/los-arboles/tips/ HTTP/1.1" 200 87677
181.233.91.51 - - [06/Mar/2023:04:05:07 -0500] "GET /portaldeninos/tipos-de-arboles-en-bogota/ HTTP/1.1" 200 109802
181.233.91.51 - - [06/Mar/2023:04:05:08 -0500] "GET /portaldeninos/fauna/ HTTP/1.1" 200 88429
181.233.91.51 - - [06/Mar/2023:04:05:09 -0500] "GET /portaldeninos/aire/ HTTP/1.1" 200 88215
181.233.91.51 - - [06/Mar/2023:04:05:12 -0500] "GET /portaldeninos/publicidad/ HTTP/1.1" 200 87569
181.233.91.51 - - [06/Mar/2023:04:05:12 -0500] "GET /portaldeninos/ruido/ HTTP/1.1" 200 88494
181.233.91.51 - - [06/Mar/2023:04:05:13 -0500] "GET /portaldeninos/glosario/ HTTP/1.1" 200 97198
181.233.91.51 - - [06/Mar/2023:04:05:13 -0500] "GET /portaldeninos/corresponsal-ambiental/ HTTP/1.1" 200 93768
181.233.91.51 - - [06/Mar/2023:04:05:16 -0500] "GET /portaldeninos/humedales-ramsar/ HTTP/1.1" 200 89255
181.233.91.51 - - [06/Mar/2023:04:05:17 -0500] "GET /portaldeninos/humedal-tibanica-2/ HTTP/1.1" 200 87771
181.233.91.51 - - [06/Mar/2023:04:05:18 -0500] "GET /portaldeninos/humedal-torca-y-guaymaral-2/ HTTP/1.1" 200 88086
181.233.91.51 - - [06/Mar/2023:04:05:20 -0500] "GET /portaldeninos/humedal-santa-maria-del-lago/ HTTP/1.1" 200 88988
181.233.91.51 - - [06/Mar/2023:04:05:20 -0500] "GET /portaldeninos/humedal-la-vaca-2/ HTTP/1.1" 200 87837
181.233.91.51 - - [06/Mar/2023:04:05:22 -0500] "GET /portaldeninos/humedal-la-conejera-2/ HTTP/1.1" 200 88020
181.233.91.51 - - [06/Mar/2023:04:05:24 -0500] "GET /portaldeninos/humedal-juan-amarillo-2/ HTTP/1.1" 200 88155
181.233.91.51 - - [06/Mar/2023:04:05:25 -0500] "GET /portaldeninos/humedal-jaboque-2/ HTTP/1.1" 200 87846
181.233.91.51 - - [06/Mar/2023:04:05:25 -0500] "GET /portaldeninos/humedal-el-tunjo/ HTTP/1.1" 200 87661
181.233.91.51 - - [06/Mar/2023:04:05:26 -0500] "GET /portaldeninos/humedal-el-burro-2/ HTTP/1.1" 200 87926
181.233.91.51 - - [06/Mar/2023:04:05:28 -0500] "GET /portaldeninos/humedal-capellania-2/ HTTP/1.1" 200 87949
181.233.91.51 - - [06/Mar/2023:04:05:30 -0500] "GET /portaldeninos/humedal-cordoba-2/ HTTP/1.1" 200 88041
181.233.91.51 - - [06/Mar/2023:04:05:31 -0500] "GET /portaldeninos/agua-y-estructura-ecologica-principal HTTP/1.1" 301 -
181.233.91.51 - - [06/Mar/2023:04:05:31 -0500] "GET /portaldeninos/gestion-del-riesgo-incendios-forestales HTTP/1.1" 301 -
181.233.91.51 - - [06/Mar/2023:04:05:31 -0500] "GET /portaldeninos/agua-y-estructura-ecologica-principal/ HTTP/1.1" 200 87488
181.233.91.51 - - [06/Mar/2023:04:05:31 -0500] "GET /portaldeninos/gestion-del-riesgo-incendios-forestales/ HTTP/1.1" 200 86825
181.233.91.51 - - [06/Mar/2023:04:05:32 -0500] "GET /portaldeninos/biodiversidad HTTP/1.1" 301 -
181.233.91.51 - - [06/Mar/2023:04:05:33 -0500] "GET /portaldeninos/biodiversidad/ HTTP/1.1" 200 86633
172.22.2.4 - - [06/Mar/2023:04:05:34 -0500] "GET /BLA/boletinlegal/normativa.php HTTP/1.1" 200 8333
172.22.2.4 - - [06/Mar/2023:04:05:34 -0500] "GET /BLA/boletinlegal/doctrina.php HTTP/1.1" 200 5604
181.233.91.51 - - [06/Mar/2023:04:05:34 -0500] "GET /portaldeninos/que-es-cambio-climatico HTTP/1.1" 301 -
172.22.2.4 - - [06/Mar/2023:04:05:35 -0500] "GET /BLA/boletinlegal/jurisprudencia.php HTTP/1.1" 200 17573
181.233.91.51 - - [06/Mar/2023:04:05:35 -0500] "GET /portaldeninos/que-es-cambio-climatico/ HTTP/1.1" 200 86727
181.233.91.51 - - [06/Mar/2023:04:05:35 -0500] "GET /portaldeninos/residuos HTTP/1.1" 301 -
172.22.2.4 - - [06/Mar/2023:04:05:36 -0500] "GET /BLA/boletinlegal/conceptos.php HTTP/1.1" 200 7486
181.233.91.51 - - [06/Mar/2023:04:05:36 -0500] "GET /portaldeninos/residuos/ HTTP/1.1" 200 87443
172.22.2.4 - - [06/Mar/2023:04:05:39 -0500] "GET /BLA/boletinlegal/sugerencias.php HTTP/1.1" 200 8615
216.245.221.92 - - [06/Mar/2023:04:05:41 -0500] "HEAD / HTTP/1.1" 200 -
172.22.2.4 - - [06/Mar/2023:04:05:17 -0500] "GET /BLA/boletinlegal/ HTTP/1.1" 200 24523
172.22.2.4 - - [06/Mar/2023:04:05:32 -0500] "GET /BLA/boletinlegal/index.php HTTP/1.1" 200 45964
172.22.2.4 - - [06/Mar/2023:04:05:42 -0500] "GET /BLA/boletinlegal/ HTTP/1.1" 200 47614
201.245.192.253 - - [06/Mar/2023:04:07:28 -0500] "POST /kwsrmcab/Wsrmcab  HTTP/1.1" 200 40529
172.22.2.4 - - [06/Mar/2023:04:06:28 -0500] "HEAD /BLA/boletinlegal/ HTTP/1.1" 200 -
172.22.2.4 - - [06/Mar/2023:04:07:19 -0500] "GET /BLA/boletinlegal/ HTTP/1.1" 200 57551
216.245.221.92 - - [06/Mar/2023:04:10:41 -0500] "HEAD / HTTP/1.1" 200 -
185.119.81.104 - - [06/Mar/2023:04:11:14 -0500] "GET /portaldeninos/wp-login.php HTTP/1.1" 200 2592
185.119.81.104 - - [06/Mar/2023:04:11:15 -0500] "POST /portaldeninos/wp-login.php HTTP/1.1" 200 3650
201.245.192.253 - - [06/Mar/2023:04:12:28 -0500] "POST /kwsrmcab/Wsrmcab  HTTP/1.1" 200 40529
172.22.2.4 - - [06/Mar/2023:04:12:18 -0500] "HEAD /BLA/boletinlegal/ HTTP/1.1" 200 -
172.22.2.4 - - [06/Mar/2023:04:13:09 -0500] "GET /BLA/boletinlegal/ HTTP/1.1" 200 59296
216.245.221.92 - - [06/Mar/2023:04:15:41 -0500] "HEAD / HTTP/1.1" 200 -
172.22.2.4 - - [06/Mar/2023:04:16:42 -0500] "GET /BLA/boletinlegal/documentos-importantes.php HTTP/1.1" 200 4829
201.245.192.253 - - [06/Mar/2023:04:17:27 -0500] "POST /kwsrmcab/Wsrmcab  HTTP/1.1" 200 40529
201.245.192.253 - - [06/Mar/2023:04:17:30 -0500] "POST /kwsrmcab/Wsrmcab HTTP/1.1" 200 41386
201.245.192.253 - - [06/Mar/2023:04:17:33 -0500] "POST /kwsrmcab/Wsrmcab HTTP/1.1" 200 43011
66.249.66.79 - - [06/Mar/2023:04:19:01 -0500] "-" 408 -
172.22.2.4 - - [06/Mar/2023:04:18:08 -0500] "HEAD /BLA/boletinlegal/ HTTP/1.1" 200 -
123.183.224.30 - - [06/Mar/2023:04:20:27 -0500] "-" 408 -
172.22.2.4 - - [06/Mar/2023:04:18:59 -0500] "GET /BLA/boletinlegal/ HTTP/1.1" 200 57935
216.245.221.92 - - [06/Mar/2023:04:20:41 -0500] "HEAD / HTTP/1.1" 200 -
201.245.192.253 - - [06/Mar/2023:04:22:27 -0500] "POST /kwsrmcab/Wsrmcab  HTTP/1.1" 200 40529
172.22.2.4 - - [06/Mar/2023:04:23:58 -0500] "HEAD /BLA/boletinlegal/ HTTP/1.1" 200 -
216.245.221.92 - - [06/Mar/2023:04:25:41 -0500] "HEAD / HTTP/1.1" 200 -
172.22.2.4 - - [06/Mar/2023:04:24:49 -0500] "GET /BLA/boletinlegal/ HTTP/1.1" 200 52316
201.245.192.253 - - [06/Mar/2023:04:27:26 -0500] "POST /kwsrmcab/Wsrmcab  HTTP/1.1" 200 40529
201.245.192.253 - - [06/Mar/2023:04:27:30 -0500] "POST /kwsrmcab/Wsrmcab HTTP/1.1" 200 41386
201.245.192.253 - - [06/Mar/2023:04:27:33 -0500] "POST /kwsrmcab/Wsrmcab HTTP/1.1" 200 43011
162.221.192.26 - - [06/Mar/2023:04:28:15 -0500] "GET / HTTP/1.1" 200 319
64.124.8.25 - - [06/Mar/2023:04:28:20 -0500] "-" 408 -
52.167.144.47 - - [06/Mar/2023:04:28:34 -0500] "GET /BLA/resoluciones/RESOLUCIONES%202021/1826.pdf HTTP/1.1" 304 -
216.245.221.92 - - [06/Mar/2023:04:30:41 -0500] "HEAD / HTTP/1.1" 200 -
172.22.2.4 - - [06/Mar/2023:04:29:48 -0500] "HEAD /BLA/boletinlegal/ HTTP/1.1" 200 -
172.22.2.4 - - [06/Mar/2023:04:30:39 -0500] "GET /BLA/boletinlegal/ HTTP/1.1" 200 55211
201.245.192.253 - - [06/Mar/2023:04:32:24 -0500] "POST /kwsrmcab/Wsrmcab  HTTP/1.1" 200 40529
172.22.2.4 - - [06/Mar/2023:04:32:43 -0500] "GET /BLA/boletinlegal/favicon.ico HTTP/1.1" 404 1018
172.22.2.4 - - [06/Mar/2023:04:32:27 -0500] "GET /BLA/boletinlegal/ HTTP/1.1" 200 20427
172.22.2.4 - - [06/Mar/2023:04:32:28 -0500] "GET /BLA/boletinlegal/ HTTP/1.1" 200 28619
216.245.221.92 - - [06/Mar/2023:04:35:41 -0500] "HEAD / HTTP/1.1" 200 -
172.22.2.4 - - [06/Mar/2023:04:35:38 -0500] "HEAD /BLA/boletinlegal/ HTTP/1.1" 200 -
52.167.144.164 - - [06/Mar/2023:04:37:22 -0500] "GET /portaldeninos/wp-content/uploads/2021/11/pieza-dia-medioambiente-bogota-5-junio-1024x576.jpg HTTP/1.1" 200 129401
201.245.192.253 - - [06/Mar/2023:04:37:22 -0500] "POST /kwsrmcab/Wsrmcab  HTTP/1.1" 200 40529
201.245.192.253 - - [06/Mar/2023:04:37:30 -0500] "POST /kwsrmcab/Wsrmcab HTTP/1.1" 200 41386
201.245.192.253 - - [06/Mar/2023:04:37:33 -0500] "POST /kwsrmcab/Wsrmcab HTTP/1.1" 200 43011
172.22.2.4 - - [06/Mar/2023:04:36:29 -0500] "GET /BLA/boletinlegal/ HTTP/1.1" 200 58297
185.119.81.97 - - [06/Mar/2023:04:39:16 -0500] "GET /portaldeninos/wp-login.php HTTP/1.1" 200 2592
185.119.81.97 - - [06/Mar/2023:04:39:17 -0500] "POST /portaldeninos/wp-login.php HTTP/1.1" 200 3605
181.233.91.51 - - [06/Mar/2023:04:39:56 -0500] "GET /portaldeninos/agua-y-estructura-ecologica-principal/ HTTP/1.1" 200 87488
181.233.91.51 - - [06/Mar/2023:04:39:57 -0500] "GET /portaldeninos/gestion-del-riesgo-incendios-forestales/ HTTP/1.1" 200 86825
181.233.91.51 - - [06/Mar/2023:04:39:59 -0500] "GET /portaldeninos/que-es-cambio-climatico/ HTTP/1.1" 200 86727
181.233.91.51 - - [06/Mar/2023:04:40:01 -0500] "GET /portaldeninos/residuos/ HTTP/1.1" 200 87443
172.22.2.4 - - [06/Mar/2023:04:40:02 -0500] "GET /BLA/boletinlegal/norma_menu.php HTTP/1.1" 200 6318
172.22.2.4 - - [06/Mar/2023:04:40:04 -0500] "GET /BLA/boletinlegal/jurisprudencia/analisis/null HTTP/1.1" 404 1038
172.22.2.4 - - [06/Mar/2023:04:40:05 -0500] "GET /BLA/boletinlegal/jurisprudencia/analisis/SENTENCIA%20C-703%20DE%202010.xls HTTP/1.1" 200 38912
181.233.91.51 - - [06/Mar/2023:04:40:04 -0500] "GET /portaldeninos/biodiversidad/ HTTP/1.1" 200 86633
172.22.2.4 - - [06/Mar/2023:04:40:08 -0500] "GET /BLA/boletinlegal/jurisprudencia/analisis/null HTTP/1.1" 404 1038
172.22.2.4 - - [06/Mar/2023:04:40:13 -0500] "GET /BLA/boletinlegal/jurisprudencia/analisis/null HTTP/1.1" 404 1038
172.22.2.4 - - [06/Mar/2023:04:40:17 -0500] "GET /BLA/boletinlegal/jurisprudencia/analisis/null HTTP/1.1" 404 1038
172.22.2.4 - - [06/Mar/2023:04:40:26 -0500] "GET /BLA/boletinlegal/documentos-importantes.php HTTP/1.1" 200 4829
216.245.221.92 - - [06/Mar/2023:04:40:41 -0500] "HEAD / HTTP/1.1" 200 -
64.124.8.54 - - [06/Mar/2023:04:40:50 -0500] "GET /BLA/boletinlegal/jurisprudencia/analisis/analisis%20C-595-2010.doc HTTP/1.1" 304 -
201.245.192.253 - - [06/Mar/2023:04:42:17 -0500] "POST /kwsrmcab/Wsrmcab  HTTP/1.1" 200 40529
172.22.2.4 - - [06/Mar/2023:04:41:28 -0500] "HEAD /BLA/boletinlegal/ HTTP/1.1" 200 -
172.22.2.4 - - [06/Mar/2023:04:42:19 -0500] "GET /BLA/boletinlegal/ HTTP/1.1" 200 57551
