185.119.81.97 - - [06/Mar/2023:04:44:04 -0500] "GET /portaldeninos/wp-login.php HTTP/1.1" 200 2592
185.119.81.97 - - [06/Mar/2023:04:44:05 -0500] "POST /portaldeninos/wp-login.php HTTP/1.1" 200 3650
216.245.221.92 - - [06/Mar/2023:04:45:41 -0500] "HEAD / HTTP/1.1" 200 -
201.245.192.253 - - [06/Mar/2023:04:47:15 -0500] "POST /kwsrmcab/Wsrmcab  HTTP/1.1" 200 40529
172.22.2.4 - - [06/Mar/2023:04:47:18 -0500] "HEAD /BLA/boletinlegal/ HTTP/1.1" 200 -
162.55.162.137 - - [06/Mar/2023:04:49:30 -0500] "GET / HTTP/1.1" 200 319
162.55.162.137 - - [06/Mar/2023:04:49:30 -0500] "GET / HTTP/1.1" 200 4720
186.28.79.147 - - [06/Mar/2023:04:49:41 -0500] "GET /inscribete-y-participa-en-las-caminatas-ecologicas-de-marzo.html HTTP/1.1" 200 924
172.22.2.4 - - [06/Mar/2023:04:49:47 -0500] "GET /BLA/boletinlegal/favicon.ico HTTP/1.1" 404 1038
172.22.2.4 - - [06/Mar/2023:04:48:09 -0500] "GET /BLA/boletinlegal/ HTTP/1.1" 200 52720
172.22.2.4 - - [06/Mar/2023:04:49:17 -0500] "GET /BLA/boletinlegal/ HTTP/1.1" 200 28619
172.22.2.4 - - [06/Mar/2023:04:49:32 -0500] "GET /BLA/boletinlegal/ HTTP/1.1" 200 28619
216.245.221.92 - - [06/Mar/2023:04:50:41 -0500] "HEAD / HTTP/1.1" 200 -
64.124.8.46 - - [06/Mar/2023:04:50:48 -0500] "-" 408 -
201.245.192.253 - - [06/Mar/2023:04:52:13 -0500] "POST /kwsrmcab/Wsrmcab  HTTP/1.1" 200 40529
217.182.175.162 - - [06/Mar/2023:04:53:27 -0500] "HEAD /secretaria-de-ambiente-destaca-aportes-de-empresas-y-ciudadanos-que-ayudaron-a-mitigar-efectos-de-la-alerta-fase-i.html HTTP/1.1" 200 -
40.77.167.251 - - [06/Mar/2023:04:54:02 -0500] "GET /portaldeninos/2021/05/16/ninos-ninas-y-jovenes-podran-participar-con-dibujos-y-pinturas-en-el-concurso-a-vuelo-de-pajaro/ HTTP/1.1" 200 104372
52.167.144.65 - - [06/Mar/2023:04:54:13 -0500] "GET /portaldeninos/wp-content/themes/betheme/assets/jplayer/jplayer.min.js?ver=20.9.6 HTTP/1.1" 200 52702
52.167.144.65 - - [06/Mar/2023:04:54:14 -0500] "GET /portaldeninos/wp-content/themes/betheme/js/plugins.js?ver=20.9.6 HTTP/1.1" 200 197151
52.167.144.65 - - [06/Mar/2023:04:54:14 -0500] "GET /portaldeninos/wp-includes/js/wp-emoji-release.min.js?ver=4.9.8 HTTP/1.1" 200 12026
52.167.144.64 - - [06/Mar/2023:04:54:21 -0500] "GET /portaldeninos/wp-includes/js/jquery/ui/mouse.min.js?ver=1.11.4 HTTP/1.1" 200 3148
52.167.144.64 - - [06/Mar/2023:04:54:21 -0500] "GET /portaldeninos/wp-includes/js/jquery/ui/tabs.min.js?ver=1.11.4 HTTP/1.1" 200 12110
52.167.144.64 - - [06/Mar/2023:04:54:22 -0500] "GET /portaldeninos/wp-includes/js/jquery/ui/widget.min.js?ver=1.11.4 HTTP/1.1" 200 6908
40.77.167.251 - - [06/Mar/2023:04:54:22 -0500] "GET /portaldeninos/wp-content/themes/betheme/assets/animations/animations.min.css?ver=20.9.6 HTTP/1.1" 200 58508
52.167.144.164 - - [06/Mar/2023:04:54:23 -0500] "GET /portaldeninos/wp-content/plugins/gallery-videos/CSS/totalsoft.css?ver=4.9.8 HTTP/1.1" 200 40622
52.167.144.90 - - [06/Mar/2023:04:54:26 -0500] "GET /portaldeninos/wp-content/themes/betheme/assets/animations/animations.min.js?ver=20.9.6 HTTP/1.1" 200 1896
52.167.144.90 - - [06/Mar/2023:04:54:26 -0500] "GET /portaldeninos/wp-content/themes/betheme/css/shortcodes.css?ver=20.9.6 HTTP/1.1" 200 138889
52.167.144.90 - - [06/Mar/2023:04:54:26 -0500] "GET /portaldeninos/wp-content/themes/betheme/style.css?ver=20.9.6 HTTP/1.1" 200 287
52.167.144.90 - - [06/Mar/2023:04:54:26 -0500] "GET /portaldeninos/wp-includes/js/jquery/ui/core.min.js?ver=1.11.4 HTTP/1.1" 200 4000
40.77.167.251 - - [06/Mar/2023:04:54:32 -0500] "GET /portaldeninos/wp-includes/js/jquery/ui/accordion.min.js?ver=1.11.4 HTTP/1.1" 200 8584
40.77.167.251 - - [06/Mar/2023:04:54:32 -0500] "GET /portaldeninos/wp-includes/js/wp-embed.min.js?ver=4.9.8 HTTP/1.1" 200 1398
157.55.39.217 - - [06/Mar/2023:04:54:36 -0500] "GET /portaldeninos/wp-content/plugins/gallery-videos/CSS/Total-Soft-Gallery-Video-Widget.css?ver=4.9.8 HTTP/1.1" 200 51554
157.55.39.217 - - [06/Mar/2023:04:54:37 -0500] "GET /portaldeninos/wp-content/plugins/gallery-videos/JS/modernizr.custom.js?ver=4.9.8 HTTP/1.1" 200 9019
157.55.39.217 - - [06/Mar/2023:04:54:37 -0500] "GET /portaldeninos/wp-content/themes/betheme/assets/jplayer/css/jplayer.blue.monday.css?ver=20.9.6 HTTP/1.1" 200 9834
157.55.39.217 - - [06/Mar/2023:04:54:37 -0500] "GET /portaldeninos/wp-content/themes/betheme/css/base.css?ver=20.9.6 HTTP/1.1" 200 57283
157.55.39.217 - - [06/Mar/2023:04:54:38 -0500] "GET /portaldeninos/wp-content/themes/betheme/css/responsive.css?ver=20.9.6 HTTP/1.1" 200 55740
157.55.39.217 - - [06/Mar/2023:04:54:38 -0500] "GET /portaldeninos/wp-includes/js/comment-reply.min.js?ver=4.9.8 HTTP/1.1" 200 1078
157.55.39.217 - - [06/Mar/2023:04:54:38 -0500] "GET /portaldeninos/wp-includes/js/jquery/jquery-migrate.min.js?ver=1.4.1 HTTP/1.1" 200 10056
52.167.144.164 - - [06/Mar/2023:04:54:44 -0500] "GET /portaldeninos/wp-content/themes/betheme/assets/ui/jquery.ui.all.css?ver=20.9.6 HTTP/1.1" 200 18765
52.167.144.164 - - [06/Mar/2023:04:54:44 -0500] "GET /portaldeninos/wp-content/themes/betheme/css/layout.css?ver=20.9.6 HTTP/1.1" 200 116639
52.167.144.164 - - [06/Mar/2023:04:54:44 -0500] "GET /portaldeninos/wp-content/themes/betheme/js/scripts.js?ver=20.9.6 HTTP/1.1" 200 77162
52.167.144.164 - - [06/Mar/2023:04:54:45 -0500] "GET /portaldeninos/wp-content/uploads/useanyfont/uaf.css?ver=1589905315 HTTP/1.1" 200 408
172.22.2.4 - - [06/Mar/2023:04:53:08 -0500] "HEAD /BLA/boletinlegal/ HTTP/1.1" 200 -
172.22.2.4 - - [06/Mar/2023:04:53:59 -0500] "GET /BLA/boletinlegal/ HTTP/1.1" 200 59296
216.245.221.92 - - [06/Mar/2023:04:55:41 -0500] "HEAD / HTTP/1.1" 200 -
201.245.192.253 - - [06/Mar/2023:04:57:11 -0500] "POST /kwsrmcab/Wsrmcab  HTTP/1.1" 200 40529
172.22.2.4 - - [06/Mar/2023:04:58:58 -0500] "HEAD /BLA/boletinlegal/ HTTP/1.1" 200 -
216.245.221.92 - - [06/Mar/2023:05:00:41 -0500] "HEAD / HTTP/1.1" 200 -
172.22.2.4 - - [06/Mar/2023:04:59:49 -0500] "GET /BLA/boletinlegal/ HTTP/1.1" 200 54798
201.245.192.253 - - [06/Mar/2023:05:02:09 -0500] "POST /kwsrmcab/Wsrmcab  HTTP/1.1" 200 40529
172.22.2.4 - - [06/Mar/2023:05:02:36 -0500] "GET /BLA/boletinlegal/style.css HTTP/1.1" 200 9406
172.22.2.4 - - [06/Mar/2023:05:02:36 -0500] "GET /BLA/boletinlegal/js/jquery.js HTTP/1.1" 200 57254
172.22.2.4 - - [06/Mar/2023:05:02:36 -0500] "GET /BLA/boletinlegal/js/jquery.scrollTo-min.js HTTP/1.1" 200 1150
172.22.2.4 - - [06/Mar/2023:05:02:36 -0500] "GET /BLA/boletinlegal/styles2.css HTTP/1.1" 200 1838
172.22.2.4 - - [06/Mar/2023:05:02:36 -0500] "GET /BLA/boletinlegal/js/jquery.scrollShow.js HTTP/1.1" 200 4586
172.22.2.4 - - [06/Mar/2023:05:02:36 -0500] "GET /BLA/boletinlegal/images/cabezote%20BLEGAL.jpg HTTP/1.1" 200 118164
172.22.2.4 - - [06/Mar/2023:05:02:36 -0500] "GET /BLA/boletinlegal/images/subscribe-icon-big.png HTTP/1.1" 200 47702
172.22.2.4 - - [06/Mar/2023:05:02:36 -0500] "GET /BLA/boletinlegal/images/historia.png HTTP/1.1" 200 52775
172.22.2.4 - - [06/Mar/2023:05:02:36 -0500] "GET /BLA/boletinlegal/images/registro-usuarios.png HTTP/1.1" 200 8106
172.22.2.4 - - [06/Mar/2023:05:02:36 -0500] "GET /BLA/boletinlegal/images/arr_l.jpg HTTP/1.1" 200 1979
172.22.2.4 - - [06/Mar/2023:05:02:36 -0500] "GET /BLA/boletinlegal/images/screen_1.png HTTP/1.1" 200 202547
172.22.2.4 - - [06/Mar/2023:05:02:35 -0500] "GET /BLA/boletinlegal/ HTTP/1.1" 200 24523
216.245.221.92 - - [06/Mar/2023:05:05:41 -0500] "HEAD / HTTP/1.1" 200 -
69.63.184.4 - - [06/Mar/2023:05:05:47 -0500] "GET /images/17%20de%20febrero%20mujeres%20que%20reverdecen.jpeg HTTP/1.1" 200 85735
172.22.2.4 - - [06/Mar/2023:05:04:48 -0500] "HEAD /BLA/boletinlegal/ HTTP/1.1" 200 -
201.245.192.253 - - [06/Mar/2023:05:07:09 -0500] "POST /kwsrmcab/Wsrmcab  HTTP/1.1" 200 40529
172.22.2.4 - - [06/Mar/2023:05:05:39 -0500] "GET /BLA/boletinlegal/ HTTP/1.1" 200 59646
40.77.189.103 - - [06/Mar/2023:05:10:13 -0500] "GET /portaldeninos/wp-content/themes/betheme/fonts/mfn-icons.woff?93978679 HTTP/1.1" 200 80932
216.245.221.92 - - [06/Mar/2023:05:10:41 -0500] "HEAD / HTTP/1.1" 200 -
123.183.224.30 - - [06/Mar/2023:05:10:47 -0500] "-" 408 -
181.55.7.54 - - [06/Mar/2023:05:11:46 -0500] "GET /inscribete-y-participa-en-las-caminatas-ecologicas-de-marzo.html HTTP/1.1" 304 -
201.245.192.253 - - [06/Mar/2023:05:12:09 -0500] "POST /kwsrmcab/Wsrmcab  HTTP/1.1" 200 40529
172.22.2.4 - - [06/Mar/2023:05:10:38 -0500] "HEAD /BLA/boletinlegal/ HTTP/1.1" 200 -
172.22.2.4 - - [06/Mar/2023:05:11:29 -0500] "GET /BLA/boletinlegal/ HTTP/1.1" 200 54798
186.80.52.54 - - [06/Mar/2023:05:14:46 -0500] "GET /distrito-levanta-alerta-fase-1-por-calidad-del-aire-en-bogota-llamado-a-no-bajar-la-guardia-y-seguir-reduciendo-emisiones.html HTTP/1.1" 200 908
216.245.221.92 - - [06/Mar/2023:05:15:41 -0500] "HEAD / HTTP/1.1" 200 -
201.245.192.253 - - [06/Mar/2023:05:17:08 -0500] "POST /kwsrmcab/Wsrmcab  HTTP/1.1" 200 40529
201.245.192.253 - - [06/Mar/2023:05:17:30 -0500] "POST /kwsrmcab/Wsrmcab HTTP/1.1" 200 41714
201.245.192.253 - - [06/Mar/2023:05:17:32 -0500] "POST /kwsrmcab/Wsrmcab HTTP/1.1" 200 43006
172.22.2.4 - - [06/Mar/2023:05:16:28 -0500] "HEAD /BLA/boletinlegal/ HTTP/1.1" 200 -
172.22.2.4 - - [06/Mar/2023:05:17:19 -0500] "GET /BLA/boletinlegal/ HTTP/1.1" 200 57141
185.119.81.104 - - [06/Mar/2023:05:19:10 -0500] "GET /portaldeninos/wp-login.php HTTP/1.1" 200 2592
185.119.81.104 - - [06/Mar/2023:05:19:11 -0500] "POST /portaldeninos/wp-login.php HTTP/1.1" 200 3605
216.245.221.92 - - [06/Mar/2023:05:20:41 -0500] "HEAD / HTTP/1.1" 200 -
201.245.192.253 - - [06/Mar/2023:05:22:05 -0500] "POST /kwsrmcab/Wsrmcab  HTTP/1.1" 200 40529
172.22.2.4 - - [06/Mar/2023:05:22:18 -0500] "HEAD /BLA/boletinlegal/ HTTP/1.1" 200 -
172.22.2.4 - - [06/Mar/2023:05:23:09 -0500] "GET /BLA/boletinlegal/ HTTP/1.1" 200 57551
185.119.81.104 - - [06/Mar/2023:05:25:09 -0500] "GET /portaldeninos/wp-login.php HTTP/1.1" 200 2592
185.119.81.104 - - [06/Mar/2023:05:25:10 -0500] "POST /portaldeninos/wp-login.php HTTP/1.1" 200 3650
216.245.221.92 - - [06/Mar/2023:05:25:41 -0500] "HEAD / HTTP/1.1" 200 -
201.245.192.253 - - [06/Mar/2023:05:27:03 -0500] "POST /kwsrmcab/Wsrmcab  HTTP/1.1" 200 40529
201.245.192.253 - - [06/Mar/2023:05:27:30 -0500] "POST /kwsrmcab/Wsrmcab HTTP/1.1" 200 41714
201.245.192.253 - - [06/Mar/2023:05:27:33 -0500] "POST /kwsrmcab/Wsrmcab HTTP/1.1" 200 43006
172.22.2.4 - - [06/Mar/2023:05:28:08 -0500] "HEAD /BLA/boletinlegal/ HTTP/1.1" 200 -
172.22.2.4 - - [06/Mar/2023:05:28:59 -0500] "GET /BLA/boletinlegal/ HTTP/1.1" 200 57935
216.245.221.92 - - [06/Mar/2023:05:30:41 -0500] "HEAD / HTTP/1.1" 200 -
201.245.192.253 - - [06/Mar/2023:05:32:02 -0500] "POST /kwsrmcab/Wsrmcab  HTTP/1.1" 200 40529
69.171.249.117 - - [06/Mar/2023:05:32:59 -0500] "GET /caminos-de-los-cerros-espacios-naturales-seguros-para-cuidar-la-salud-fisica-y-mental-de-los-ciudadanos.html HTTP/1.1" 206 1139
178.234.161.21 - - [06/Mar/2023:05:33:56 -0500] "GET /portaldeninos/ HTTP/1.1" 200 110197
172.22.2.4 - - [06/Mar/2023:05:33:58 -0500] "HEAD /BLA/boletinlegal/ HTTP/1.1" 200 -
216.245.221.92 - - [06/Mar/2023:05:35:41 -0500] "HEAD / HTTP/1.1" 200 -
172.22.2.4 - - [06/Mar/2023:05:34:49 -0500] "GET /BLA/boletinlegal/ HTTP/1.1" 200 57551
201.245.192.253 - - [06/Mar/2023:05:37:01 -0500] "POST /kwsrmcab/Wsrmcab  HTTP/1.1" 200 40529
173.252.79.16 - - [06/Mar/2023:05:37:06 -0500] "GET /images/caminatas-ecol\xc3\xb3gicas-marzo---1920x1080_optimized.jpg HTTP/1.1" 404 1034
201.245.192.253 - - [06/Mar/2023:05:37:30 -0500] "POST /kwsrmcab/Wsrmcab HTTP/1.1" 200 41714
201.245.192.253 - - [06/Mar/2023:05:37:32 -0500] "POST /kwsrmcab/Wsrmcab HTTP/1.1" 200 43006
216.245.221.92 - - [06/Mar/2023:05:40:41 -0500] "HEAD / HTTP/1.1" 200 -
193.32.162.159 - - [06/Mar/2023:05:41:17 -0500] "GET / HTTP/1.1" 200 319
172.22.2.4 - - [06/Mar/2023:05:39:48 -0500] "HEAD /BLA/boletinlegal/ HTTP/1.1" 200 -
201.245.192.253 - - [06/Mar/2023:05:42:00 -0500] "POST /kwsrmcab/Wsrmcab  HTTP/1.1" 200 40529
172.22.2.4 - - [06/Mar/2023:05:40:39 -0500] "GET /BLA/boletinlegal/ HTTP/1.1" 200 59296
152.203.140.230 - - [06/Mar/2023:05:42:21 -0500] "GET /sipse/css/custom_css_sg_prime_login.css HTTP/1.1" 304 -
152.203.140.230 - - [06/Mar/2023:05:42:21 -0500] "GET /sipse/css/custom_css_sg.css HTTP/1.1" 304 -
152.203.140.230 - - [06/Mar/2023:05:42:21 -0500] "GET /sipse/js/disable_browser_buttons.js HTTP/1.1" 304 -
152.203.140.230 - - [06/Mar/2023:05:42:21 -0500] "GET /sipse/faces/javax.faces.resource/layout/layout.css?ln=primefaces&v=4.0 HTTP/1.1" 304 -
152.203.140.230 - - [06/Mar/2023:05:42:21 -0500] "GET /sipse/faces/javax.faces.resource/primefaces.css?ln=primefaces&v=4.0 HTTP/1.1" 304 -
152.203.140.230 - - [06/Mar/2023:05:42:21 -0500] "GET /sipse/faces/javax.faces.resource/theme.css?ln=primefaces-sipse HTTP/1.1" 304 -
152.203.140.230 - - [06/Mar/2023:05:42:21 -0500] "GET /sipse/js/funciones.js HTTP/1.1" 304 -
152.203.140.230 - - [06/Mar/2023:05:42:21 -0500] "GET /sipse/faces/javax.faces.resource/jquery/jquery.js?ln=primefaces&v=4.0 HTTP/1.1" 304 -
152.203.140.230 - - [06/Mar/2023:05:42:21 -0500] "GET /sipse/faces/javax.faces.resource/jquery/jquery-plugins.js?ln=primefaces&v=4.0 HTTP/1.1" 304 -
152.203.140.230 - - [06/Mar/2023:05:42:21 -0500] "GET /sipse/faces/javax.faces.resource/primefaces.js?ln=primefaces&v=4.0 HTTP/1.1" 304 -
152.203.140.230 - - [06/Mar/2023:05:42:21 -0500] "GET /sipse/faces/javax.faces.resource/layout/layout.js?ln=primefaces&v=4.0 HTTP/1.1" 304 -
152.203.140.230 - - [06/Mar/2023:05:42:21 -0500] "GET /sipse/css/imagen/loginimg.png HTTP/1.1" 304 -
152.203.140.230 - - [06/Mar/2023:05:42:21 -0500] "GET /sipse/css/imagen/logoSDG.png HTTP/1.1" 304 -
152.203.140.230 - - [06/Mar/2023:05:42:21 -0500] "GET /sipse/faces/javax.faces.resource/images/ui-icons_898989_256x240.png?ln=primefaces-aristo HTTP/1.1" 304 -
152.203.140.230 - - [06/Mar/2023:05:42:21 -0500] "GET /sipse/faces/faces/faces/faces/index.xhtml HTTP/1.1" 200 677
152.203.140.230 - - [06/Mar/2023:05:42:21 -0500] "GET /sipse/faces/javax.faces.resource/theme.css?ln=primefaces-sipse HTTP/1.1" 304 -
191.156.54.81 - - [06/Mar/2023:05:42:55 -0500] "GET /inscribete-y-participa-en-las-caminatas-ecologicas-de-marzo.html HTTP/1.1" 200 924
69.63.184.5 - - [06/Mar/2023:05:45:31 -0500] "GET /images/24%20de%20febrero%20Sendero%20guadalupe%202.jpeg HTTP/1.1" 200 70964
216.245.221.92 - - [06/Mar/2023:05:45:41 -0500] "HEAD / HTTP/1.1" 200 -
172.22.2.4 - - [06/Mar/2023:05:45:13 -0500] "GET /BLA/boletinlegal/ HTTP/1.1" 200 28619
201.245.192.253 - - [06/Mar/2023:05:47:00 -0500] "POST /kwsrmcab/Wsrmcab  HTTP/1.1" 200 40529
172.22.2.4 - - [06/Mar/2023:05:45:38 -0500] "HEAD /BLA/boletinlegal/ HTTP/1.1" 200 -
178.234.161.21 - - [06/Mar/2023:05:47:28 -0500] "GET /favicon.ico HTTP/1.1" 200 7782
178.234.161.21 - - [06/Mar/2023:05:47:29 -0500] "GET /image/lgbg.jpg HTTP/1.1" 404 1018
178.234.161.21 - - [06/Mar/2023:05:47:29 -0500] "GET /skin/default_1/images/logo.png HTTP/1.1" 404 1018
178.234.161.21 - - [06/Mar/2023:05:47:30 -0500] "GET / HTTP/1.1" 200 319
178.234.161.21 - - [06/Mar/2023:05:47:30 -0500] "GET /login.rsp HTTP/1.1" 404 1018
172.22.2.4 - - [06/Mar/2023:05:46:29 -0500] "GET /BLA/boletinlegal/ HTTP/1.1" 200 52720
52.167.144.65 - - [06/Mar/2023:05:48:57 -0500] "GET /portaldeninos/wp-content/uploads/2021/11/cronica-mujer-junio-tinguas-azules-29-junio.png HTTP/1.1" 200 162845
216.245.221.92 - - [06/Mar/2023:05:50:41 -0500] "HEAD / HTTP/1.1" 200 -
52.167.144.42 - - [06/Mar/2023:05:51:09 -0500] "GET /BLA/resoluciones/AUTOS%202017/3708.pdf HTTP/1.1" 200 298919
52.167.144.42 - - [06/Mar/2023:05:51:09 -0500] "GET /BLA/resoluciones/RESOLUCIONES%202017/3829.pdf HTTP/1.1" 200 314279
168.119.253.6 - - [06/Mar/2023:05:51:53 -0500] "GET / HTTP/1.1" 200 4720
168.119.253.6 - - [06/Mar/2023:05:51:54 -0500] "GET / HTTP/1.1" 200 319
201.245.192.253 - - [06/Mar/2023:05:51:59 -0500] "POST /kwsrmcab/Wsrmcab  HTTP/1.1" 200 40529
191.95.53.87 - - [06/Mar/2023:05:52:45 -0500] "GET /inscribete-y-participa-en-las-caminatas-ecologicas-de-marzo.html HTTP/1.1" 200 924
172.22.2.4 - - [06/Mar/2023:05:51:28 -0500] "HEAD /BLA/boletinlegal/ HTTP/1.1" 200 -
172.22.2.4 - - [06/Mar/2023:05:52:19 -0500] "GET /BLA/boletinlegal/ HTTP/1.1" 200 53914
173.252.79.16 - - [06/Mar/2023:05:55:35 -0500] "GET /images/caminatas-ecol\xc3\xb3gicas-marzo---1920x1080_optimized.jpg HTTP/1.1" 404 1034
216.245.221.92 - - [06/Mar/2023:05:55:41 -0500] "HEAD / HTTP/1.1" 200 -
201.245.192.253 - - [06/Mar/2023:05:56:57 -0500] "POST /kwsrmcab/Wsrmcab  HTTP/1.1" 200 40529
52.167.144.64 - - [06/Mar/2023:05:57:57 -0500] "GET /portaldeninos/wp-content/uploads/2021/11/ganadores-relatos-ambientales-11-junio-1024x811.jpg HTTP/1.1" 200 134201
172.22.2.4 - - [06/Mar/2023:05:57:18 -0500] "HEAD /BLA/boletinlegal/ HTTP/1.1" 200 -
173.252.95.18 - - [06/Mar/2023:05:59:14 -0500] "GET /images/caminatas-ecol\xc3\xb3gicas-marzo---1920x1080_optimized.jpg HTTP/1.1" 404 1034
172.22.2.4 - - [06/Mar/2023:05:58:09 -0500] "GET /BLA/boletinlegal/ HTTP/1.1" 200 57141
216.245.221.92 - - [06/Mar/2023:06:00:41 -0500] "HEAD / HTTP/1.1" 200 -
201.245.192.253 - - [06/Mar/2023:06:01:57 -0500] "POST /kwsrmcab/Wsrmcab  HTTP/1.1" 200 40529
172.22.2.4 - - [06/Mar/2023:06:03:08 -0500] "HEAD /BLA/boletinlegal/ HTTP/1.1" 200 -
69.171.249.116 - - [06/Mar/2023:06:05:27 -0500] "GET /images/empresas-alertas_optimized.jpeg HTTP/1.1" 200 142365
172.22.2.4 - - [06/Mar/2023:06:03:58 -0500] "GET /BLA/boletinlegal/ HTTP/1.1" 200 57935
216.245.221.92 - - [06/Mar/2023:06:05:41 -0500] "HEAD / HTTP/1.1" 200 -
52.167.144.40 - - [06/Mar/2023:06:06:52 -0500] "GET /BLA/resoluciones/RESOLUCIONES%202008/4143.pdf HTTP/1.1" 200 281328
201.245.192.253 - - [06/Mar/2023:06:06:57 -0500] "POST /kwsrmcab/Wsrmcab  HTTP/1.1" 200 40529
45.63.34.209 - - [06/Mar/2023:06:07:12 -0500] "GET / HTTP/1.1" 200 319
172.22.2.4 - - [06/Mar/2023:06:08:58 -0500] "HEAD /BLA/boletinlegal/ HTTP/1.1" 200 -
216.245.221.92 - - [06/Mar/2023:06:10:41 -0500] "HEAD / HTTP/1.1" 200 -
172.22.2.4 - - [06/Mar/2023:06:09:49 -0500] "GET /BLA/boletinlegal/ HTTP/1.1" 200 58297
172.22.2.4 - - [06/Mar/2023:06:11:35 -0500] "GET /BLA/boletinlegal/images/body_bg.jpg HTTP/1.1" 200 1601
172.22.2.4 - - [06/Mar/2023:06:11:35 -0500] "GET /BLA/boletinlegal/images/menu_lft.gif HTTP/1.1" 200 1713
172.22.2.4 - - [06/Mar/2023:06:11:35 -0500] "GET /BLA/boletinlegal/images/menu_rght.gif HTTP/1.1" 200 1627
172.22.2.4 - - [06/Mar/2023:06:11:35 -0500] "GET /BLA/boletinlegal/images/bg_top.jpg HTTP/1.1" 200 522
172.22.2.4 - - [06/Mar/2023:06:11:35 -0500] "GET /BLA/boletinlegal/images/menu_bg.jpg HTTP/1.1" 200 620
172.22.2.4 - - [06/Mar/2023:06:11:35 -0500] "GET /BLA/boletinlegal/images/hover.jpg HTTP/1.1" 200 640
172.22.2.4 - - [06/Mar/2023:06:11:35 -0500] "GET /BLA/boletinlegal/images/text.jpg HTTP/1.1" 200 568
172.22.2.4 - - [06/Mar/2023:06:11:41 -0500] "GET /BLA/boletinlegal/actos.php HTTP/1.1" 200 9672
172.22.2.4 - - [06/Mar/2023:06:11:41 -0500] "GET /BLA/boletinlegal/js/ajax_actos.js HTTP/1.1" 200 1322
172.22.2.4 - - [06/Mar/2023:06:11:41 -0500] "GET /BLA/boletinlegal/niceforms-default.css HTTP/1.1" 200 6694
172.22.2.4 - - [06/Mar/2023:06:11:41 -0500] "GET /BLA/boletinlegal/niceforms.js HTTP/1.1" 200 22876
172.22.2.4 - - [06/Mar/2023:06:11:41 -0500] "GET /BLA/boletinlegal/js/lib.js HTTP/1.1" 200 6474
172.22.2.4 - - [06/Mar/2023:06:11:41 -0500] "GET /BLA/boletinlegal/js/popup.js HTTP/1.1" 200 1270
172.22.2.4 - - [06/Mar/2023:06:11:41 -0500] "GET /BLA/boletinlegal/js/jquery1.js HTTP/1.1" 200 29846
172.22.2.4 - - [06/Mar/2023:06:11:41 -0500] "GET /BLA/boletinlegal/images/green-yellow-blue-pink-th.png HTTP/1.1" 200 7394
172.22.2.4 - - [06/Mar/2023:06:11:41 -0500] "GET /BLA/boletinlegal/images/tel.png HTTP/1.1" 200 14477
172.22.2.4 - - [06/Mar/2023:06:11:41 -0500] "GET /BLA/boletinlegal/images/icono-email.png HTTP/1.1" 200 5544
172.22.2.4 - - [06/Mar/2023:06:11:41 -0500] "GET /BLA/boletinlegal/images/footer_bg.jpg HTTP/1.1" 200 586
172.22.2.4 - - [06/Mar/2023:06:11:41 -0500] "GET /BLA/boletinlegal/images/footer_bg_l.jpg HTTP/1.1" 200 776
172.22.2.4 - - [06/Mar/2023:06:11:41 -0500] "GET /BLA/boletinlegal/images/screen_2.png HTTP/1.1" 200 362502
172.22.2.4 - - [06/Mar/2023:06:11:41 -0500] "GET /BLA/boletinlegal/images/screen_3.png HTTP/1.1" 200 210620
172.22.2.4 - - [06/Mar/2023:06:11:41 -0500] "GET /BLA/boletinlegal/images/screen_5.png HTTP/1.1" 200 368876
172.22.2.4 - - [06/Mar/2023:06:11:41 -0500] "GET /BLA/boletinlegal/images/arr_r.jpg HTTP/1.1" 200 1998
172.22.2.4 - - [06/Mar/2023:06:11:41 -0500] "GET /BLA/boletinlegal/img/0.png HTTP/1.1" 200 110
172.22.2.4 - - [06/Mar/2023:06:11:41 -0500] "GET /BLA/boletinlegal/img/select-left.png HTTP/1.1" 200 263
172.22.2.4 - - [06/Mar/2023:06:11:41 -0500] "GET /BLA/boletinlegal/favicon.ico HTTP/1.1" 404 1326
172.22.2.4 - - [06/Mar/2023:06:11:41 -0500] "GET /BLA/boletinlegal/img/select-right.png HTTP/1.1" 200 44019
172.22.2.4 - - [06/Mar/2023:06:11:41 -0500] "GET /BLA/boletinlegal/img/button-left.png HTTP/1.1" 200 57071
172.22.2.4 - - [06/Mar/2023:06:11:41 -0500] "GET /BLA/boletinlegal/img/button.png HTTP/1.1" 200 43241
172.22.2.4 - - [06/Mar/2023:06:11:41 -0500] "GET /BLA/boletinlegal/img/button-right.png HTTP/1.1" 200 57878
181.61.204.215 - - [06/Mar/2023:06:11:43 -0500] "GET /BLA/resoluciones/ HTTP/1.1" 200 13502
181.61.204.215 - - [06/Mar/2023:06:11:46 -0500] "GET /BLA/resoluciones/index.php?dir=AUTOS+2015%2F HTTP/1.1" 200 579767
172.22.2.4 - - [06/Mar/2023:06:11:49 -0500] "GET /BLA/boletinlegal/images/pdf.gif HTTP/1.1" 200 567
201.245.192.253 - - [06/Mar/2023:06:11:55 -0500] "POST /kwsrmcab/Wsrmcab  HTTP/1.1" 200 40529
123.183.224.30 - - [06/Mar/2023:06:12:16 -0500] "-" 408 -
52.167.144.164 - - [06/Mar/2023:06:12:40 -0500] "GET /portaldeninos/wp-content/uploads/2021/11/monitoreo-animales-fauna-11-julio-1200x480.jpg HTTP/1.1" 200 93966
172.22.2.4 - - [06/Mar/2023:06:11:34 -0500] "GET /BLA/boletinlegal/ HTTP/1.1" 200 62202
172.22.2.4 - - [06/Mar/2023:06:13:30 -0500] "GET /BLA/boletinlegal/favicon.ico HTTP/1.1" 404 1018
172.22.2.4 - - [06/Mar/2023:06:13:24 -0500] "GET /BLA/boletinlegal/ HTTP/1.1" 200 24523
172.22.2.4 - - [06/Mar/2023:06:15:19 -0500] "GET /BLA/boletinlegal/consulta_actos.php?tipo=resoluciones&no=3553&usuario=&sector=&fecha=2021&resuelve= HTTP/1.1" 200 1108
199.16.157.180 - - [06/Mar/2023:06:15:24 -0500] "GET /images/Sello%201%20-2-2.jpg HTTP/1.1" 200 81559
216.245.221.92 - - [06/Mar/2023:06:15:41 -0500] "HEAD / HTTP/1.1" 200 -
69.63.184.4 - - [06/Mar/2023:06:15:56 -0500] "GET /images/camino-a-los-cerros-1_optimized.jpeg HTTP/1.1" 200 222279
172.22.2.4 - - [06/Mar/2023:06:14:48 -0500] "HEAD /BLA/boletinlegal/ HTTP/1.1" 200 -
201.245.192.253 - - [06/Mar/2023:06:16:53 -0500] "POST /kwsrmcab/Wsrmcab  HTTP/1.1" 200 40529
172.22.2.4 - - [06/Mar/2023:06:15:39 -0500] "GET /BLA/boletinlegal/ HTTP/1.1" 200 58297
201.245.192.253 - - [06/Mar/2023:06:17:29 -0500] "POST /kwsrmcab/Wsrmcab HTTP/1.1" 200 41873
201.245.192.253 - - [06/Mar/2023:06:17:32 -0500] "POST /kwsrmcab/Wsrmcab HTTP/1.1" 200 43014
199.16.157.180 - - [06/Mar/2023:06:17:36 -0500] "GET /images/Musgo%20SDA%20(1)%20(1).png HTTP/1.1" 200 302122
172.22.2.4 - - [06/Mar/2023:06:17:49 -0500] "GET /BLA/boletinlegal/style.css HTTP/1.1" 200 9406
172.22.2.4 - - [06/Mar/2023:06:17:49 -0500] "GET /BLA/boletinlegal/styles2.css HTTP/1.1" 200 1838
172.22.2.4 - - [06/Mar/2023:06:17:49 -0500] "GET /BLA/boletinlegal/js/jquery.scrollTo-min.js HTTP/1.1" 200 1150
172.22.2.4 - - [06/Mar/2023:06:17:49 -0500] "GET /BLA/boletinlegal/js/jquery.js HTTP/1.1" 200 57254
172.22.2.4 - - [06/Mar/2023:06:17:49 -0500] "GET /BLA/boletinlegal/js/jquery.scrollShow.js HTTP/1.1" 200 4586
172.22.2.4 - - [06/Mar/2023:06:17:50 -0500] "GET /BLA/boletinlegal/images/subscribe-icon-big.png HTTP/1.1" 200 47702
172.22.2.4 - - [06/Mar/2023:06:17:50 -0500] "GET /BLA/boletinlegal/images/historia.png HTTP/1.1" 200 52775
172.22.2.4 - - [06/Mar/2023:06:17:50 -0500] "GET /BLA/boletinlegal/images/registro-usuarios.png HTTP/1.1" 200 8106
172.22.2.4 - - [06/Mar/2023:06:17:50 -0500] "GET /BLA/boletinlegal/images/screen_1.png HTTP/1.1" 200 202547
172.22.2.4 - - [06/Mar/2023:06:17:50 -0500] "GET /BLA/boletinlegal/images/arr_l.jpg HTTP/1.1" 200 1979
172.22.2.4 - - [06/Mar/2023:06:17:50 -0500] "GET /BLA/boletinlegal/images/launch.jpg HTTP/1.1" 200 14577
172.22.2.4 - - [06/Mar/2023:06:17:50 -0500] "GET /BLA/boletinlegal/images/body_bg.jpg HTTP/1.1" 200 1601
172.22.2.4 - - [06/Mar/2023:06:17:50 -0500] "GET /BLA/boletinlegal/images/menu_rght.gif HTTP/1.1" 200 1627
172.22.2.4 - - [06/Mar/2023:06:17:50 -0500] "GET /BLA/boletinlegal/images/bg_top.jpg HTTP/1.1" 200 522
172.22.2.4 - - [06/Mar/2023:06:17:50 -0500] "GET /BLA/boletinlegal/images/menu_bg.jpg HTTP/1.1" 200 620
172.22.2.4 - - [06/Mar/2023:06:17:50 -0500] "GET /BLA/boletinlegal/images/text.jpg HTTP/1.1" 200 568
172.22.2.4 - - [06/Mar/2023:06:18:20 -0500] "GET /BLA/boletinlegal/actos.php HTTP/1.1" 200 9672
172.22.2.4 - - [06/Mar/2023:06:18:20 -0500] "GET /BLA/boletinlegal/js/ajax_actos.js HTTP/1.1" 200 1322
172.22.2.4 - - [06/Mar/2023:06:18:20 -0500] "GET /BLA/boletinlegal/niceforms.js HTTP/1.1" 200 22876
172.22.2.4 - - [06/Mar/2023:06:18:20 -0500] "GET /BLA/boletinlegal/js/lib.js HTTP/1.1" 200 6474
172.22.2.4 - - [06/Mar/2023:06:18:20 -0500] "GET /BLA/boletinlegal/js/popup.js HTTP/1.1" 200 1270
172.22.2.4 - - [06/Mar/2023:06:18:20 -0500] "GET /BLA/boletinlegal/niceforms-default.css HTTP/1.1" 200 6694
172.22.2.4 - - [06/Mar/2023:06:18:20 -0500] "GET /BLA/boletinlegal/images/tel.png HTTP/1.1" 200 14477
172.22.2.4 - - [06/Mar/2023:06:18:20 -0500] "GET /BLA/boletinlegal/images/icono-email.png HTTP/1.1" 200 5544
172.22.2.4 - - [06/Mar/2023:06:18:20 -0500] "GET /BLA/boletinlegal/images/footer_bg_l.jpg HTTP/1.1" 200 776
172.22.2.4 - - [06/Mar/2023:06:18:21 -0500] "GET /BLA/boletinlegal/img/0.png HTTP/1.1" 200 110
172.22.2.4 - - [06/Mar/2023:06:18:21 -0500] "GET /BLA/boletinlegal/img/select-left.png HTTP/1.1" 200 263
172.22.2.4 - - [06/Mar/2023:06:18:21 -0500] "GET /BLA/boletinlegal/img/select-right.png HTTP/1.1" 200 44019
172.22.2.4 - - [06/Mar/2023:06:18:21 -0500] "GET /BLA/boletinlegal/img/button-left.png HTTP/1.1" 200 57071
172.22.2.4 - - [06/Mar/2023:06:18:21 -0500] "GET /BLA/boletinlegal/img/button.png HTTP/1.1" 200 43241
172.22.2.4 - - [06/Mar/2023:06:18:21 -0500] "GET /BLA/boletinlegal/img/button-right.png HTTP/1.1" 200 57878
172.22.2.4 - - [06/Mar/2023:06:18:21 -0500] "GET /BLA/boletinlegal/favicon.ico HTTP/1.1" 404 1326
172.22.2.4 - - [06/Mar/2023:06:18:21 -0500] "GET /BLA/boletinlegal/apple-touch-icon-precomposed.png HTTP/1.1" 404 1140
172.22.2.4 - - [06/Mar/2023:06:18:21 -0500] "GET /BLA/boletinlegal/apple-touch-icon.png HTTP/1.1" 404 1140
172.22.2.4 - - [06/Mar/2023:06:17:49 -0500] "GET /BLA/boletinlegal/ HTTP/1.1" 200 24523
172.22.2.4 - - [06/Mar/2023:06:18:26 -0500] "GET /BLA/boletinlegal/conceptos.php HTTP/1.1" 200 7486
172.22.2.4 - - [06/Mar/2023:06:18:26 -0500] "GET /BLA/boletinlegal/js/ajax_conceptos.js HTTP/1.1" 200 1326
172.22.2.4 - - [06/Mar/2023:06:18:32 -0500] "GET /BLA/boletinlegal/consulta_conceptos.php?no=&solicitante=&radicado_entrada=&fecha_concepto=2023&objeto=perra HTTP/1.1" 200 570
172.22.2.4 - - [06/Mar/2023:06:18:39 -0500] "GET /BLA/boletinlegal/consulta_conceptos.php?no=&solicitante=&radicado_entrada=&fecha_concepto=2022&objeto=perra HTTP/1.1" 200 570
172.22.2.4 - - [06/Mar/2023:06:18:43 -0500] "GET /BLA/boletinlegal/consulta_conceptos.php?no=&solicitante=&radicado_entrada=&fecha_concepto=2022&objeto=pmrra HTTP/1.1" 200 570
172.22.2.4 - - [06/Mar/2023:06:18:51 -0500] "GET /BLA/boletinlegal/consulta_conceptos.php?no=&solicitante=&radicado_entrada=&fecha_concepto=2022&objeto=instrumento HTTP/1.1" 200 570
172.22.2.4 - - [06/Mar/2023:06:18:56 -0500] "GET /BLA/boletinlegal/consulta_conceptos.php?no=&solicitante=&radicado_entrada=&fecha_concepto=2023&objeto=instrumento HTTP/1.1" 200 570
172.22.2.4 - - [06/Mar/2023:06:19:00 -0500] "GET /BLA/boletinlegal/consulta_conceptos.php?no=&solicitante=&radicado_entrada=&fecha_concepto=2023&objeto=instrumento%20ambiental HTTP/1.1" 200 570
172.22.2.4 - - [06/Mar/2023:06:19:04 -0500] "GET /BLA/boletinlegal/consulta_conceptos.php?no=&solicitante=&radicado_entrada=&fecha_concepto=2022&objeto=instrumento%20ambiental HTTP/1.1" 200 570
172.22.2.4 - - [06/Mar/2023:06:19:08 -0500] "GET /BLA/boletinlegal/consulta_conceptos.php?no=&solicitante=&radicado_entrada=&fecha_concepto=2021&objeto=instrumento%20ambiental HTTP/1.1" 200 570
172.22.2.4 - - [06/Mar/2023:06:19:09 -0500] "GET /BLA/boletinlegal/consulta_conceptos.php?no=&solicitante=&radicado_entrada=&fecha_concepto=2021&objeto=instrumento%20ambiental HTTP/1.1" 200 570
172.22.2.4 - - [06/Mar/2023:06:19:13 -0500] "GET /BLA/boletinlegal/consulta_conceptos.php?no=&solicitante=&radicado_entrada=&fecha_concepto=2020&objeto=instrumento%20ambiental HTTP/1.1" 200 570
172.22.2.4 - - [06/Mar/2023:06:19:15 -0500] "GET /BLA/boletinlegal/consulta_conceptos.php?no=&solicitante=&radicado_entrada=&fecha_concepto=2020&objeto=instrumento%20ambiental HTTP/1.1" 200 570
172.22.2.4 - - [06/Mar/2023:06:19:19 -0500] "GET /BLA/boletinlegal/consulta_conceptos.php?no=&solicitante=&radicado_entrada=&fecha_concepto=2019&objeto=instrumento%20ambiental HTTP/1.1" 200 570
172.22.2.4 - - [06/Mar/2023:06:19:22 -0500] "GET /BLA/boletinlegal/consulta_conceptos.php?no=&solicitante=&radicado_entrada=&fecha_concepto=2018&objeto=instrumento%20ambiental HTTP/1.1" 200 570
172.22.2.4 - - [06/Mar/2023:06:19:27 -0500] "GET /BLA/boletinlegal/consulta_conceptos.php?no=&solicitante=&radicado_entrada=&fecha_concepto=2017&objeto=instrumento%20ambiental HTTP/1.1" 200 570
172.22.2.4 - - [06/Mar/2023:06:19:30 -0500] "GET /BLA/boletinlegal/consulta_conceptos.php?no=&solicitante=&radicado_entrada=&fecha_concepto=2016&objeto=instrumento%20ambiental HTTP/1.1" 200 570
172.22.2.4 - - [06/Mar/2023:06:19:34 -0500] "GET /BLA/boletinlegal/consulta_conceptos.php?no=&solicitante=&radicado_entrada=&fecha_concepto=2015&objeto=instrumento%20ambiental HTTP/1.1" 200 570
173.252.87.7 - - [06/Mar/2023:06:20:12 -0500] "GET /images/caminatas-ecol\xc3\xb3gicas-marzo---1920x1080_optimized.jpg HTTP/1.1" 404 1034
64.124.8.54 - - [06/Mar/2023:06:20:40 -0500] "-" 408 -
216.245.221.92 - - [06/Mar/2023:06:20:41 -0500] "HEAD / HTTP/1.1" 200 -
40.77.167.251 - - [06/Mar/2023:06:21:30 -0500] "GET /portaldeninos/wp-content/uploads/2020/11/Torca-Guaymaral-B-768x432.jpg HTTP/1.1" 200 84221
186.154.37.21 - - [06/Mar/2023:06:21:32 -0500] "GET /inscribete-y-participa-en-las-caminatas-ecologicas-de-marzo.html HTTP/1.1" 200 924
201.245.192.253 - - [06/Mar/2023:06:21:52 -0500] "POST /kwsrmcab/Wsrmcab  HTTP/1.1" 200 40529
172.22.2.4 - - [06/Mar/2023:06:20:38 -0500] "HEAD /BLA/boletinlegal/ HTTP/1.1" 200 -
172.22.2.4 - - [06/Mar/2023:06:21:29 -0500] "GET /BLA/boletinlegal/ HTTP/1.1" 200 54798
94.23.133.43 - - [06/Mar/2023:06:25:17 -0500] "GET //admin/.git/config HTTP/1.1" 404 1018
94.23.133.43 - - [06/Mar/2023:06:25:17 -0500] "GET //wallet/.git/config HTTP/1.1" 404 1018
94.23.133.43 - - [06/Mar/2023:06:25:18 -0500] "GET //api/.git/config HTTP/1.1" 404 1018
94.23.133.43 - - [06/Mar/2023:06:25:18 -0500] "GET //laravel/.git/config HTTP/1.1" 404 1018
94.23.133.43 - - [06/Mar/2023:06:25:18 -0500] "GET //live/.git/config HTTP/1.1" 404 1018
94.23.133.43 - - [06/Mar/2023:06:25:19 -0500] "GET //staging/.git/config HTTP/1.1" 404 1018
94.23.133.43 - - [06/Mar/2023:06:25:19 -0500] "GET //control/.git/config HTTP/1.1" 404 1018
94.23.133.43 - - [06/Mar/2023:06:25:19 -0500] "GET //dev/.git/config HTTP/1.1" 404 1018
94.23.133.43 - - [06/Mar/2023:06:25:20 -0500] "GET //core/.git/config HTTP/1.1" 404 1018
94.23.133.43 - - [06/Mar/2023:06:25:20 -0500] "GET //trade/.git/config HTTP/1.1" 404 1018
94.23.133.43 - - [06/Mar/2023:06:25:20 -0500] "GET //web/.git/config HTTP/1.1" 404 1018
94.23.133.43 - - [06/Mar/2023:06:25:21 -0500] "GET //demo/.git/config HTTP/1.1" 404 1018
216.245.221.92 - - [06/Mar/2023:06:25:41 -0500] "HEAD / HTTP/1.1" 200 -
185.102.113.69 - - [06/Mar/2023:06:26:01 -0500] "GET /BLA/boletinlegal/admin/index.php HTTP/1.1" 200 2324
201.245.192.253 - - [06/Mar/2023:06:26:50 -0500] "POST /kwsrmcab/Wsrmcab  HTTP/1.1" 200 40529
64.124.8.47 - - [06/Mar/2023:06:27:25 -0500] "GET /portaldeninos/wp-content/uploads/2020/01/Infograf%C3%ADa.gif%22%22 HTTP/1.1" 301 -
201.245.192.253 - - [06/Mar/2023:06:27:30 -0500] "POST /kwsrmcab/Wsrmcab HTTP/1.1" 200 41873
201.245.192.253 - - [06/Mar/2023:06:27:32 -0500] "POST /kwsrmcab/Wsrmcab HTTP/1.1" 200 43014
34.90.46.236 - - [06/Mar/2023:06:27:47 -0500] "GET /inventario-de-emisiones-2020-transporte-publico-sitp-redujo-emisiones-de-pm-2-5-en-un-37.html HTTP/1.1" 200 925
172.22.2.4 - - [06/Mar/2023:06:26:28 -0500] "HEAD /BLA/boletinlegal/ HTTP/1.1" 200 -
172.22.2.4 - - [06/Mar/2023:06:27:18 -0500] "GET /BLA/boletinlegal/ HTTP/1.1" 200 59296
216.245.221.92 - - [06/Mar/2023:06:30:41 -0500] "HEAD / HTTP/1.1" 200 -
201.245.192.253 - - [06/Mar/2023:06:31:50 -0500] "POST /kwsrmcab/Wsrmcab  HTTP/1.1" 200 40529
190.25.238.170 - - [06/Mar/2023:06:32:15 -0500] "GET /distrito-levanta-alerta-fase-1-por-calidad-del-aire-en-bogota-llamado-a-no-bajar-la-guardia-y-seguir-reduciendo-emisiones.html HTTP/1.1" 200 908
64.124.8.46 - - [06/Mar/2023:06:32:33 -0500] "GET /BLA/boletinlegal/jurisprudencia/analisis/CUADRO%20SENTENCIA%20T-299%20DE%202008.doc HTTP/1.1" 200 40960
172.22.2.4 - - [06/Mar/2023:06:32:18 -0500] "HEAD /BLA/boletinlegal/ HTTP/1.1" 200 -
190.84.12.31 - - [06/Mar/2023:06:34:48 -0500] "GET /inscribete-y-participa-en-las-caminatas-ecologicas-de-marzo.html HTTP/1.1" 200 924
172.22.2.4 - - [06/Mar/2023:06:33:08 -0500] "GET /BLA/boletinlegal/ HTTP/1.1" 200 59646
216.245.221.92 - - [06/Mar/2023:06:35:41 -0500] "HEAD / HTTP/1.1" 200 -
173.252.95.120 - - [06/Mar/2023:06:35:47 -0500] "GET /images/idpyba-4-marzo-1_optimized.jpeg HTTP/1.1" 200 115318
201.245.192.253 - - [06/Mar/2023:06:36:48 -0500] "POST /kwsrmcab/Wsrmcab  HTTP/1.1" 200 40529
190.84.12.31 - - [06/Mar/2023:06:37:07 -0500] "GET /inscribete-y-participa-en-las-caminatas-ecologicas-de-marzo.html HTTP/1.1" 200 924
190.84.12.31 - - [06/Mar/2023:06:37:07 -0500] "GET /images/caminatas-ecol%C3%B3gicas-marzo---1920x1080_optimized.jpg HTTP/1.1" 404 1034
201.245.192.253 - - [06/Mar/2023:06:37:30 -0500] "POST /kwsrmcab/Wsrmcab HTTP/1.1" 200 41873
201.245.192.253 - - [06/Mar/2023:06:37:33 -0500] "POST /kwsrmcab/Wsrmcab HTTP/1.1" 200 43014
69.63.189.3 - - [06/Mar/2023:06:37:41 -0500] "GET /cambiemos-la-vida-de-mas-de-350-refugios.html HTTP/1.1" 206 790
186.84.21.124 - - [06/Mar/2023:06:39:13 -0500] "GET /sipse/faces/index.xhtml HTTP/1.1" 200 677
186.84.21.124 - - [06/Mar/2023:06:39:13 -0500] "GET /sipse/faces/javax.faces.resource/theme.css?ln=primefaces-sipse HTTP/1.1" 304 -
186.84.21.124 - - [06/Mar/2023:06:39:13 -0500] "GET /sipse/faces/faces/autenticacion.xhtml HTTP/1.1" 200 12165
186.84.21.124 - - [06/Mar/2023:06:39:13 -0500] "GET /sipse/js/disable_browser_buttons.js HTTP/1.1" 304 -
186.84.21.124 - - [06/Mar/2023:06:39:13 -0500] "GET /sipse/css/custom_css_sg.css HTTP/1.1" 304 -
186.84.21.124 - - [06/Mar/2023:06:39:13 -0500] "GET /sipse/js/funciones.js HTTP/1.1" 304 -
186.84.21.124 - - [06/Mar/2023:06:39:13 -0500] "GET /sipse/css/custom_css_sg_prime_login.css HTTP/1.1" 304 -
186.84.21.124 - - [06/Mar/2023:06:39:13 -0500] "GET /sipse/faces/javax.faces.resource/theme.css?ln=primefaces-sipse HTTP/1.1" 304 -
186.84.21.124 - - [06/Mar/2023:06:39:13 -0500] "GET /sipse/faces/javax.faces.resource/primefaces.css?ln=primefaces&v=4.0 HTTP/1.1" 304 -
186.84.21.124 - - [06/Mar/2023:06:39:13 -0500] "GET /sipse/faces/javax.faces.resource/layout/layout.css?ln=primefaces&v=4.0 HTTP/1.1" 304 -
186.84.21.124 - - [06/Mar/2023:06:39:13 -0500] "GET /sipse/faces/javax.faces.resource/jquery/jquery.js?ln=primefaces&v=4.0 HTTP/1.1" 304 -
186.84.21.124 - - [06/Mar/2023:06:39:13 -0500] "GET /sipse/faces/javax.faces.resource/jquery/jquery-plugins.js?ln=primefaces&v=4.0 HTTP/1.1" 304 -
186.84.21.124 - - [06/Mar/2023:06:39:14 -0500] "GET /sipse/faces/javax.faces.resource/layout/layout.js?ln=primefaces&v=4.0 HTTP/1.1" 304 -
186.84.21.124 - - [06/Mar/2023:06:39:14 -0500] "GET /sipse/faces/javax.faces.resource/primefaces.js?ln=primefaces&v=4.0 HTTP/1.1" 304 -
186.84.21.124 - - [06/Mar/2023:06:39:14 -0500] "GET /sipse/css/imagen/logoSDG.png HTTP/1.1" 304 -
186.84.21.124 - - [06/Mar/2023:06:39:14 -0500] "GET /sipse/css/imagen/loginimg.png HTTP/1.1" 304 -
186.84.21.124 - - [06/Mar/2023:06:39:14 -0500] "GET /sipse/faces/javax.faces.resource/images/ui-icons_898989_256x240.png?ln=primefaces-aristo HTTP/1.1" 304 -
186.84.21.124 - - [06/Mar/2023:06:39:17 -0500] "POST /sipse/faces/autenticacion.xhtml HTTP/1.1" 200 2217
186.84.21.124 - - [06/Mar/2023:06:39:17 -0500] "GET /sipse/faces/javax.faces.resource/messages/messages.png?ln=primefaces&v=4.0 HTTP/1.1" 304 -
186.84.21.124 - - [06/Mar/2023:06:39:18 -0500] "POST /sipse/faces/autenticacion.xhtml HTTP/1.1" 200 16285
186.84.21.124 - - [06/Mar/2023:06:39:18 -0500] "GET /sipse/css/custom_css_sg_prime.css HTTP/1.1" 304 -
186.84.21.124 - - [06/Mar/2023:06:39:18 -0500] "GET /sipse/faces/javax.faces.resource/theme.css?ln=primefaces-sipse HTTP/1.1" 304 -
186.84.21.124 - - [06/Mar/2023:06:39:18 -0500] "GET /sipse/faces/javax.faces.resource/primefaces.css?ln=primefaces&v=4.0 HTTP/1.1" 304 -
186.84.21.124 - - [06/Mar/2023:06:39:18 -0500] "GET /sipse/faces/javax.faces.resource/layout/layout.css?ln=primefaces&v=4.0 HTTP/1.1" 304 -
186.84.21.124 - - [06/Mar/2023:06:39:18 -0500] "GET /sipse/js/jquery.min.js HTTP/1.1" 304 -
186.84.21.124 - - [06/Mar/2023:06:39:18 -0500] "GET /sipse/faces/javax.faces.resource/jquery/jquery.js?ln=primefaces&v=4.0 HTTP/1.1" 304 -
186.84.21.124 - - [06/Mar/2023:06:39:19 -0500] "GET /sipse/faces/javax.faces.resource/jquery/jquery-plugins.js?ln=primefaces&v=4.0 HTTP/1.1" 304 -
186.84.21.124 - - [06/Mar/2023:06:39:19 -0500] "GET /sipse/faces/javax.faces.resource/primefaces.js?ln=primefaces&v=4.0 HTTP/1.1" 304 -
186.84.21.124 - - [06/Mar/2023:06:39:19 -0500] "GET /sipse/faces/javax.faces.resource/layout/layout.js?ln=primefaces&v=4.0 HTTP/1.1" 304 -
186.84.21.124 - - [06/Mar/2023:06:39:19 -0500] "GET /sipse/css/imagen/contrasena.png HTTP/1.1" 404 383
186.84.21.124 - - [06/Mar/2023:06:39:19 -0500] "GET /sipse/imagenes/logoAplicacion.jpg HTTP/1.1" 304 -
186.84.21.124 - - [06/Mar/2023:06:39:19 -0500] "GET /sipse/imagenes/cargando.gif HTTP/1.1" 304 -
186.84.21.124 - - [06/Mar/2023:06:39:21 -0500] "GET /sipse/faces/javax.faces.resource/images/ui-bg_flat_0_2d5972_40x100.png?ln=primefaces-aristo HTTP/1.1" 304 -
186.84.21.124 - - [06/Mar/2023:06:39:21 -0500] "POST /sipse/faces/bienvenido.xhtml HTTP/1.1" 200 2073
186.84.21.124 - - [06/Mar/2023:06:39:22 -0500] "POST /sipse/faces/bienvenido.xhtml HTTP/1.1" 200 39010
186.84.21.124 - - [06/Mar/2023:06:39:22 -0500] "GET /sipse/faces/javax.faces.resource/theme.css?ln=primefaces-sipse HTTP/1.1" 304 -
186.84.21.124 - - [06/Mar/2023:06:39:22 -0500] "GET /sipse/faces/javax.faces.resource/primefaces.css?ln=primefaces&v=4.0 HTTP/1.1" 304 -
186.84.21.124 - - [06/Mar/2023:06:39:22 -0500] "GET /sipse/faces/javax.faces.resource/layout/layout.css?ln=primefaces&v=4.0 HTTP/1.1" 304 -
186.84.21.124 - - [06/Mar/2023:06:39:22 -0500] "GET /sipse/faces/javax.faces.resource/jquery/jquery.js?ln=primefaces&v=4.0 HTTP/1.1" 304 -
186.84.21.124 - - [06/Mar/2023:06:39:22 -0500] "GET /sipse/faces/javax.faces.resource/jquery/jquery-plugins.js?ln=primefaces&v=4.0 HTTP/1.1" 304 -
186.84.21.124 - - [06/Mar/2023:06:39:23 -0500] "GET /sipse/faces/javax.faces.resource/primefaces.js?ln=primefaces&v=4.0 HTTP/1.1" 304 -
186.84.21.124 - - [06/Mar/2023:06:39:23 -0500] "GET /sipse/faces/javax.faces.resource/layout/layout.js?ln=primefaces&v=4.0 HTTP/1.1" 304 -
186.84.21.124 - - [06/Mar/2023:06:39:28 -0500] "POST /sipse/faces/presentacion/financiero/solicitudProceso/consultar.xhtml HTTP/1.1" 200 12846
186.84.21.124 - - [06/Mar/2023:06:39:32 -0500] "POST /sipse/faces/presentacion/financiero/solicitudProceso/consultar.xhtml HTTP/1.1" 200 161583
186.84.21.124 - - [06/Mar/2023:06:39:34 -0500] "GET /sipse/faces/javax.faces.resource/layout/layout.css?ln=primefaces&v=4.0 HTTP/1.1" 304 -
186.84.21.124 - - [06/Mar/2023:06:39:34 -0500] "GET /sipse/faces/javax.faces.resource/theme.css?ln=primefaces-sipse HTTP/1.1" 304 -
186.84.21.124 - - [06/Mar/2023:06:39:34 -0500] "GET /sipse/faces/javax.faces.resource/primefaces.css?ln=primefaces&v=4.0 HTTP/1.1" 304 -
186.84.21.124 - - [06/Mar/2023:06:39:34 -0500] "GET /sipse/faces/javax.faces.resource/jquery/jquery.js?ln=primefaces&v=4.0 HTTP/1.1" 304 -
186.84.21.124 - - [06/Mar/2023:06:39:34 -0500] "GET /sipse/faces/javax.faces.resource/jquery/jquery-plugins.js?ln=primefaces&v=4.0 HTTP/1.1" 304 -
186.84.21.124 - - [06/Mar/2023:06:39:34 -0500] "GET /sipse/faces/javax.faces.resource/primefaces.js?ln=primefaces&v=4.0 HTTP/1.1" 304 -
186.84.21.124 - - [06/Mar/2023:06:39:34 -0500] "GET /sipse/faces/javax.faces.resource/layout/layout.js?ln=primefaces&v=4.0 HTTP/1.1" 304 -
186.84.21.124 - - [06/Mar/2023:06:39:34 -0500] "GET /sipse/faces/javax.faces.resource/dynamiccontent.properties?ln=primefaces&pfdrid=XjOR5%2F%2FfPAZAuY9TpWQeCiM0BhlXxYRBGKi%2FQcXXfeA%3D&pfdrid_c=false HTTP/1.1" 500 383
186.84.21.124 - - [06/Mar/2023:06:39:42 -0500] "POST /sipse/faces/presentacion/financiero/solicitudProceso/consultarSolicitudProceso.xhtml HTTP/1.1" 200 99399
172.22.2.4 - - [06/Mar/2023:06:38:08 -0500] "HEAD /BLA/boletinlegal/ HTTP/1.1" 200 -
157.90.251.233 - - [06/Mar/2023:06:40:31 -0500] "GET / HTTP/1.1" 200 319
157.90.251.233 - - [06/Mar/2023:06:40:32 -0500] "GET / HTTP/1.1" 200 4720
172.22.2.4 - - [06/Mar/2023:06:38:58 -0500] "GET /BLA/boletinlegal/ HTTP/1.1" 200 57141
216.245.221.92 - - [06/Mar/2023:06:40:41 -0500] "HEAD / HTTP/1.1" 200 -
172.22.2.4 - - [06/Mar/2023:06:41:17 -0500] "GET /BLA/boletinlegal/robots.txt HTTP/1.1" 404 1038
172.22.2.4 - - [06/Mar/2023:06:41:17 -0500] "GET /BLA/boletinlegal/doctrina.php HTTP/1.1" 200 5604
201.245.192.253 - - [06/Mar/2023:06:41:47 -0500] "POST /kwsrmcab/Wsrmcab  HTTP/1.1" 200 40529
181.61.204.159 - - [06/Mar/2023:06:42:38 -0500] "GET /inscribete-y-participa-en-las-caminatas-ecologicas-de-marzo.html HTTP/1.1" 200 924
66.249.66.81 - - [06/Mar/2023:06:43:04 -0500] "-" 408 -
172.22.2.4 - - [06/Mar/2023:06:43:58 -0500] "HEAD /BLA/boletinlegal/ HTTP/1.1" 200 -
216.245.221.92 - - [06/Mar/2023:06:45:41 -0500] "HEAD / HTTP/1.1" 200 -
173.252.87.13 - - [06/Mar/2023:06:45:54 -0500] "GET /images/caminatas-ecol\xc3\xb3gicas-marzo---1920x1080_optimized.jpg HTTP/1.1" 404 1034
172.22.2.4 - - [06/Mar/2023:06:44:48 -0500] "GET /BLA/boletinlegal/ HTTP/1.1" 200 52316
201.245.192.253 - - [06/Mar/2023:06:46:46 -0500] "POST /kwsrmcab/Wsrmcab  HTTP/1.1" 200 40529
172.22.2.4 - - [06/Mar/2023:06:49:50 -0500] "GET /BLA/boletinlegal/actos.php HTTP/1.1" 200 9672
172.22.2.4 - - [06/Mar/2023:06:49:50 -0500] "GET /BLA/boletinlegal/js/ajax_actos.js HTTP/1.1" 200 1322
172.22.2.4 - - [06/Mar/2023:06:49:50 -0500] "GET /BLA/boletinlegal/niceforms.js HTTP/1.1" 200 22876
172.22.2.4 - - [06/Mar/2023:06:49:50 -0500] "GET /BLA/boletinlegal/js/popup.js HTTP/1.1" 200 1270
172.22.2.4 - - [06/Mar/2023:06:49:50 -0500] "GET /BLA/boletinlegal/js/lib.js HTTP/1.1" 200 6474
172.22.2.4 - - [06/Mar/2023:06:49:50 -0500] "GET /BLA/boletinlegal/js/jquery1.js HTTP/1.1" 200 29846
172.22.2.4 - - [06/Mar/2023:06:49:50 -0500] "GET /BLA/boletinlegal/images/cabezote%20BLEGAL.jpg HTTP/1.1" 200 118164
172.22.2.4 - - [06/Mar/2023:06:49:50 -0500] "GET /BLA/boletinlegal/images/subscribe-icon-big.png HTTP/1.1" 200 47702
172.22.2.4 - - [06/Mar/2023:06:49:50 -0500] "GET /BLA/boletinlegal/images/historia.png HTTP/1.1" 200 52775
172.22.2.4 - - [06/Mar/2023:06:49:50 -0500] "GET /BLA/boletinlegal/images/registro-usuarios.png HTTP/1.1" 200 8106
172.22.2.4 - - [06/Mar/2023:06:49:50 -0500] "GET /BLA/boletinlegal/images/green-yellow-blue-pink-th.png HTTP/1.1" 200 7394
172.22.2.4 - - [06/Mar/2023:06:49:50 -0500] "GET /BLA/boletinlegal/images/tel.png HTTP/1.1" 200 14477
172.22.2.4 - - [06/Mar/2023:06:49:50 -0500] "GET /BLA/boletinlegal/images/icono-email.png HTTP/1.1" 200 5544
172.22.2.4 - - [06/Mar/2023:06:49:50 -0500] "GET /BLA/boletinlegal/images/body_bg.jpg HTTP/1.1" 200 1601
172.22.2.4 - - [06/Mar/2023:06:49:50 -0500] "GET /BLA/boletinlegal/images/menu_lft.gif HTTP/1.1" 200 1713
172.22.2.4 - - [06/Mar/2023:06:49:50 -0500] "GET /BLA/boletinlegal/images/menu_rght.gif HTTP/1.1" 200 1627
172.22.2.4 - - [06/Mar/2023:06:49:50 -0500] "GET /BLA/boletinlegal/images/bg_top.jpg HTTP/1.1" 200 522
172.22.2.4 - - [06/Mar/2023:06:49:50 -0500] "GET /BLA/boletinlegal/images/hover.jpg HTTP/1.1" 200 640
172.22.2.4 - - [06/Mar/2023:06:49:50 -0500] "GET /BLA/boletinlegal/images/footer_bg_l.jpg HTTP/1.1" 200 776
172.22.2.4 - - [06/Mar/2023:06:49:50 -0500] "GET /BLA/boletinlegal/images/footer_bg.jpg HTTP/1.1" 200 586
172.22.2.4 - - [06/Mar/2023:06:49:50 -0500] "GET /BLA/boletinlegal/images/menu_bg.jpg HTTP/1.1" 200 620
172.22.2.4 - - [06/Mar/2023:06:49:50 -0500] "GET /BLA/boletinlegal/images/text.jpg HTTP/1.1" 200 568
172.22.2.4 - - [06/Mar/2023:06:49:50 -0500] "GET /BLA/boletinlegal/img/select-right.png HTTP/1.1" 200 44019
172.22.2.4 - - [06/Mar/2023:06:49:50 -0500] "GET /BLA/boletinlegal/img/select-left.png HTTP/1.1" 200 263
172.22.2.4 - - [06/Mar/2023:06:49:50 -0500] "GET /BLA/boletinlegal/img/0.png HTTP/1.1" 200 110
172.22.2.4 - - [06/Mar/2023:06:49:50 -0500] "GET /BLA/boletinlegal/img/button-left.png HTTP/1.1" 200 57071
172.22.2.4 - - [06/Mar/2023:06:49:50 -0500] "GET /BLA/boletinlegal/img/button.png HTTP/1.1" 200 43241
172.22.2.4 - - [06/Mar/2023:06:49:50 -0500] "GET /BLA/boletinlegal/img/button-right.png HTTP/1.1" 200 57878
216.245.221.92 - - [06/Mar/2023:06:50:41 -0500] "HEAD / HTTP/1.1" 200 -
172.22.2.4 - - [06/Mar/2023:06:49:48 -0500] "HEAD /BLA/boletinlegal/ HTTP/1.1" 200 -
201.245.192.253 - - [06/Mar/2023:06:51:48 -0500] "POST /kwsrmcab/Wsrmcab  HTTP/1.1" 200 40529
172.22.2.4 - - [06/Mar/2023:06:50:38 -0500] "GET /BLA/boletinlegal/ HTTP/1.1" 200 52720
172.22.2.4 - - [06/Mar/2023:06:52:54 -0500] "GET /BLA/boletinlegal/actos.php HTTP/1.1" 200 9672
172.22.2.4 - - [06/Mar/2023:06:53:13 -0500] "GET /BLA/boletinlegal/consulta_actos.php?tipo=resoluciones&no=&usuario=&sector=PEV&fecha=2021&resuelve=RECHAZA HTTP/1.1" 200 2687
172.22.2.4 - - [06/Mar/2023:06:53:14 -0500] "GET /BLA/boletinlegal/consulta_actos.php?tipo=resoluciones&no=&usuario=&sector=PEV&fecha=2021&resuelve=RECHAZA HTTP/1.1" 200 2687
186.99.247.222 - - [06/Mar/2023:06:53:32 -0500] "GET /BLA/resoluciones/RESOLUCIONES%202021/2022.pdf HTTP/1.1" 200 1103798
186.99.247.222 - - [06/Mar/2023:06:54:50 -0500] "GET /BLA/resoluciones/RESOLUCIONES%202021/2661.pdf HTTP/1.1" 200 350772
172.22.2.4 - - [06/Mar/2023:06:55:16 -0500] "GET /BLA/boletinlegal/consulta_actos.php?tipo=resoluciones&no=&usuario=&sector=PEV&fecha=2022&resuelve=RECHAZA HTTP/1.1" 200 1134
186.99.247.222 - - [06/Mar/2023:06:55:20 -0500] "GET /BLA/resoluciones/RESOLUCIONES%202022/2339.pdf HTTP/1.1" 200 346866
216.245.221.92 - - [06/Mar/2023:06:55:41 -0500] "HEAD / HTTP/1.1" 200 -
172.22.2.4 - - [06/Mar/2023:06:56:06 -0500] "GET /BLA/boletinlegal/consulta_actos.php?tipo=resoluciones&no=&usuario=&sector=PEV&fecha=2020&resuelve=RECHAZA HTTP/1.1" 200 1693
201.245.192.253 - - [06/Mar/2023:06:56:47 -0500] "POST /kwsrmcab/Wsrmcab  HTTP/1.1" 200 40529
186.99.247.222 - - [06/Mar/2023:06:56:55 -0500] "GET /BLA/resoluciones/RESOLUCIONES%202020/2181.pdf HTTP/1.1" 200 364319
31.13.115.5 - - [06/Mar/2023:06:57:05 -0500] "GET /images/camino-a-los-cerros-1_optimized.jpeg HTTP/1.1" 200 222279
172.22.2.4 - - [06/Mar/2023:06:55:31 -0500] "GET /BLA/boletinlegal/ HTTP/1.1" 200 53195
172.22.2.4 - - [06/Mar/2023:06:55:38 -0500] "HEAD /BLA/boletinlegal/ HTTP/1.1" 200 -
172.22.2.4 - - [06/Mar/2023:06:57:42 -0500] "GET /BLA/boletinlegal/consulta_actos.php?tipo=resoluciones&no=&usuario=&sector=PEV&fecha=2022&resuelve=RECHAZA HTTP/1.1" 200 1134
172.22.2.4 - - [06/Mar/2023:06:56:29 -0500] "GET /BLA/boletinlegal/ HTTP/1.1" 200 54798
172.22.2.4 - - [06/Mar/2023:06:58:09 -0500] "GET /BLA/boletinlegal/consulta_actos.php?tipo=resoluciones&no=&usuario=&sector=PEV&fecha=2019&resuelve=RECHAZA HTTP/1.1" 200 626
172.22.2.4 - - [06/Mar/2023:06:58:15 -0500] "GET /BLA/boletinlegal/consulta_actos.php?tipo=resoluciones&no=&usuario=&sector=PEV&fecha=2020&resuelve=RECHAZA HTTP/1.1" 200 1693
172.22.2.4 - - [06/Mar/2023:06:58:26 -0500] "GET /BLA/boletinlegal/consulta_actos.php?tipo=resoluciones&no=&usuario=&sector=PEV&fecha=2021&resuelve=RECHAZA HTTP/1.1" 200 2687
186.99.247.222 - - [06/Mar/2023:06:59:45 -0500] "GET /BLA/resoluciones/RESOLUCIONES%202021/0964.pdf HTTP/1.1" 200 461218
52.167.144.64 - - [06/Mar/2023:07:00:04 -0500] "GET /caminos-de-los-cerros-guadalupe-aguanoso-estara-cerrado-este-5-de-marzo.html HTTP/1.1" 200 885
216.245.221.92 - - [06/Mar/2023:07:00:41 -0500] "HEAD / HTTP/1.1" 200 -
201.245.192.253 - - [06/Mar/2023:07:01:45 -0500] "POST /kwsrmcab/Wsrmcab  HTTP/1.1" 200 40529
66.249.66.81 - - [06/Mar/2023:07:02:04 -0500] "-" 408 -
69.63.184.119 - - [06/Mar/2023:07:02:19 -0500] "GET /images/calidad-aire-2-marzo-1_optimized.jpeg HTTP/1.1" 200 51562
174.128.179.6 - - [06/Mar/2023:07:03:06 -0500] "GET /inscribete-y-participa-en-las-caminatas-ecologicas-de-marzo.html HTTP/1.1" 200 924
172.22.2.4 - - [06/Mar/2023:07:01:28 -0500] "HEAD /BLA/boletinlegal/ HTTP/1.1" 200 -
157.55.39.217 - - [06/Mar/2023:07:03:15 -0500] "GET /portaldeninos/wp-content/uploads/2021/11/Tingua-azul-fauna-junio-11-1024x683.jpg HTTP/1.1" 200 101531
47.254.85.182 - - [06/Mar/2023:07:03:43 -0500] "GET /portaldeninos/ HTTP/1.1" 200 110197
172.22.2.4 - - [06/Mar/2023:07:02:18 -0500] "GET /BLA/boletinlegal/ HTTP/1.1" 200 57551
40.77.167.97 - - [06/Mar/2023:07:04:22 -0500] "GET /BLA/resoluciones/AUTOS%202014/5082.pdf HTTP/1.1" 200 567691
216.245.221.92 - - [06/Mar/2023:07:05:41 -0500] "HEAD / HTTP/1.1" 200 -
186.28.119.158 - - [06/Mar/2023:07:06:02 -0500] "GET /sipse/faces/index.xhtml HTTP/1.1" 200 677
186.28.119.158 - - [06/Mar/2023:07:06:02 -0500] "GET /sipse/faces/javax.faces.resource/theme.css?ln=primefaces-sipse HTTP/1.1" 304 -
