201.245.192.253 - - [07/Mar/2023:09:37:48 -0500] "GET /sipse/faces/javax.faces.resource/jquery/jquery.js?ln=primefaces&v=4.0 HTTP/1.1" 304 -
201.245.192.253 - - [07/Mar/2023:09:37:48 -0500] "GET /sipse/faces/javax.faces.resource/jquery/jquery-plugins.js?ln=primefaces&v=4.0 HTTP/1.1" 304 -
201.245.192.253 - - [07/Mar/2023:09:37:48 -0500] "GET /sipse/faces/javax.faces.resource/primefaces.js?ln=primefaces&v=4.0 HTTP/1.1" 304 -
201.245.192.253 - - [07/Mar/2023:09:37:48 -0500] "GET /sipse/faces/javax.faces.resource/layout/layout.js?ln=primefaces&v=4.0 HTTP/1.1" 304 -
172.22.2.4 - - [07/Mar/2023:09:37:53 -0500] "GET /BLA/boletinlegal/consulta_actos.php?tipo=autos&no=7718&usuario=&sector=&fecha=2022&resuelve= HTTP/1.1" 200 626
201.245.192.253 - - [07/Mar/2023:09:37:53 -0500] "POST /sipse/faces/presentacion/financiero/solicitudProceso/consultarSolicitudProceso.xhtml HTTP/1.1" 200 55027
201.245.192.253 - - [07/Mar/2023:09:37:54 -0500] "GET /sipse/faces/javax.faces.resource/primefaces.css?ln=primefaces&v=4.0 HTTP/1.1" 304 -
201.245.192.253 - - [07/Mar/2023:09:37:54 -0500] "GET /sipse/faces/javax.faces.resource/layout/layout.css?ln=primefaces&v=4.0 HTTP/1.1" 304 -
201.245.192.253 - - [07/Mar/2023:09:37:54 -0500] "GET /sipse/faces/javax.faces.resource/theme.css?ln=primefaces-sipse HTTP/1.1" 304 -
201.245.192.253 - - [07/Mar/2023:09:37:54 -0500] "GET /sipse/faces/javax.faces.resource/jquery/jquery-plugins.js?ln=primefaces&v=4.0 HTTP/1.1" 304 -
201.245.192.253 - - [07/Mar/2023:09:37:54 -0500] "GET /sipse/faces/javax.faces.resource/jquery/jquery.js?ln=primefaces&v=4.0 HTTP/1.1" 304 -
201.245.192.253 - - [07/Mar/2023:09:37:54 -0500] "GET /sipse/faces/javax.faces.resource/layout/layout.js?ln=primefaces&v=4.0 HTTP/1.1" 304 -
201.245.192.253 - - [07/Mar/2023:09:37:54 -0500] "GET /sipse/faces/javax.faces.resource/primefaces.js?ln=primefaces&v=4.0 HTTP/1.1" 304 -
201.245.192.253 - - [07/Mar/2023:09:37:54 -0500] "GET /sipse/faces/javax.faces.resource/images/ui-icons_898989_256x240.png?ln=primefaces-aristo HTTP/1.1" 304 -
172.22.2.4 - - [07/Mar/2023:09:37:55 -0500] "GET /BLA/boletinlegal/consulta_actos.php?tipo=autos&no=7718&usuario=&sector=&fecha=2022&resuelve= HTTP/1.1" 200 626
172.22.2.4 - - [07/Mar/2023:09:37:55 -0500] "GET /BLA/boletinlegal/consulta_actos.php?tipo=autos&no=7718&usuario=&sector=&fecha=2022&resuelve= HTTP/1.1" 200 626
172.22.2.4 - - [07/Mar/2023:09:37:56 -0500] "GET /BLA/boletinlegal/consulta_actos.php?tipo=autos&no=7718&usuario=&sector=&fecha=2022&resuelve= HTTP/1.1" 200 626
201.245.192.253 - - [07/Mar/2023:09:38:00 -0500] "POST /sipse/faces/presentacion/financiero/solicitudProceso/consultarSolicitudProceso.xhtml HTTP/1.1" 200 2813399
201.245.192.253 - - [07/Mar/2023:09:38:03 -0500] "POST /sipse/faces/presentacion/financiero/solicitudProceso/consultarSolicitudProceso.xhtml HTTP/1.1" 200 6467770
201.245.192.253 - - [07/Mar/2023:09:38:07 -0500] "POST /sipse/faces/presentacion/financiero/solicitudProceso/consultarSolicitudProceso.xhtml HTTP/1.1" 200 5007357
201.245.192.253 - - [07/Mar/2023:09:38:10 -0500] "POST /sipse/faces/presentacion/financiero/solicitudProceso/consultarSolicitudProceso.xhtml HTTP/1.1" 200 2455858
201.245.192.253 - - [07/Mar/2023:09:38:14 -0500] "POST /sipse/faces/presentacion/financiero/solicitudProceso/consultarSolicitudProceso.xhtml HTTP/1.1" 200 81405
172.22.2.4 - - [07/Mar/2023:09:38:17 -0500] "GET /BLA/boletinlegal/consulta_actos.php?tipo=autos&no=7672&usuario=&sector=&fecha=2022&resuelve= HTTP/1.1" 200 1072
201.245.192.253 - - [07/Mar/2023:09:38:19 -0500] "POST /sipse/faces/presentacion/financiero/solicitudProceso/consultarSolicitudProceso.xhtml HTTP/1.1" 200 5534
190.249.21.140 - - [07/Mar/2023:09:38:21 -0500] "GET /sipse/faces/index.xhtml HTTP/1.1" 200 677
201.245.192.253 - - [07/Mar/2023:09:38:23 -0500] "POST /sipsepre/faces/presentacion/contratacion/procesoContractual/registrarProcesoContractual.xhtml HTTP/1.1" 200 4400
190.249.21.140 - - [07/Mar/2023:09:38:24 -0500] "GET /sipse/faces/javax.faces.resource/theme.css?ln=primefaces-sipse HTTP/1.1" 200 50058
201.245.192.253 - - [07/Mar/2023:09:38:25 -0500] "POST /sipsepre/faces/presentacion/contratacion/procesoContractual/registrarProcesoContractual.xhtml HTTP/1.1" 200 32489
201.245.192.253 - - [07/Mar/2023:09:38:25 -0500] "GET /sipsepre/faces/javax.faces.resource/jquery/jquery.js?ln=primefaces&v=4.0 HTTP/1.1" 304 -
201.245.192.253 - - [07/Mar/2023:09:38:25 -0500] "GET /sipsepre/faces/javax.faces.resource/jquery/jquery-plugins.js?ln=primefaces&v=4.0 HTTP/1.1" 304 -
201.245.192.253 - - [07/Mar/2023:09:38:25 -0500] "GET /sipsepre/faces/javax.faces.resource/primefaces.js?ln=primefaces&v=4.0 HTTP/1.1" 304 -
201.245.192.253 - - [07/Mar/2023:09:38:25 -0500] "GET /sipsepre/faces/javax.faces.resource/layout/layout.js?ln=primefaces&v=4.0 HTTP/1.1" 304 -
172.22.2.4 - - [07/Mar/2023:09:38:25 -0500] "GET /BLA/boletinlegal/consulta_actos.php?tipo=autos&no=7664&usuario=&sector=&fecha=2022&resuelve= HTTP/1.1" 200 626
201.245.192.253 - - [07/Mar/2023:09:38:25 -0500] "POST /sipsepre/faces/presentacion/contratacion/contratista/listarContratista.xhtml HTTP/1.1" 200 25861
201.245.192.253 - - [07/Mar/2023:09:38:25 -0500] "POST /sipsepre/faces/presentacion/contratacion/contratista/listarContratista.xhtml HTTP/1.1" 200 25861
201.245.192.253 - - [07/Mar/2023:09:38:26 -0500] "POST /sipsepre/faces/presentacion/contratacion/contratista/listarContratista.xhtml HTTP/1.1" 200 25861
172.22.2.4 - - [07/Mar/2023:09:38:27 -0500] "GET /BLA/boletinlegal/consulta_actos.php?tipo=autos&no=7664&usuario=&sector=&fecha=2022&resuelve= HTTP/1.1" 200 626
190.249.21.140 - - [07/Mar/2023:09:38:27 -0500] "GET /sipse/faces/index.xhtml HTTP/1.1" 200 677
190.249.21.140 - - [07/Mar/2023:09:38:27 -0500] "GET /sipse/faces/faces/autenticacion.xhtml HTTP/1.1" 200 12175
190.249.21.140 - - [07/Mar/2023:09:38:28 -0500] "GET /sipse/faces/javax.faces.resource/theme.css?ln=primefaces-sipse HTTP/1.1" 304 -
190.249.21.140 - - [07/Mar/2023:09:38:28 -0500] "GET /sipse/js/disable_browser_buttons.js HTTP/1.1" 200 3230
190.249.21.140 - - [07/Mar/2023:09:38:28 -0500] "GET /sipse/css/custom_css_sg.css HTTP/1.1" 200 9694
190.249.21.140 - - [07/Mar/2023:09:38:28 -0500] "GET /sipse/css/custom_css_sg_prime_login.css HTTP/1.1" 200 443
190.249.21.140 - - [07/Mar/2023:09:38:28 -0500] "GET /sipse/faces/javax.faces.resource/layout/layout.css?ln=primefaces&v=4.0 HTTP/1.1" 200 542
190.249.21.140 - - [07/Mar/2023:09:38:28 -0500] "GET /sipse/js/funciones.js HTTP/1.1" 200 12592
190.249.21.140 - - [07/Mar/2023:09:38:28 -0500] "GET /sipse/faces/javax.faces.resource/theme.css?ln=primefaces-sipse HTTP/1.1" 304 -
190.249.21.140 - - [07/Mar/2023:09:38:28 -0500] "GET /sipse/faces/faces/autenticacion.xhtml HTTP/1.1" 200 12175
190.249.21.140 - - [07/Mar/2023:09:38:28 -0500] "GET /sipse/faces/javax.faces.resource/primefaces.css?ln=primefaces&v=4.0 HTTP/1.1" 200 53295
190.249.21.140 - - [07/Mar/2023:09:38:28 -0500] "GET /sipse/faces/javax.faces.resource/jquery/jquery.js?ln=primefaces&v=4.0 HTTP/1.1" 200 19111
190.249.21.140 - - [07/Mar/2023:09:38:28 -0500] "GET /sipse/faces/javax.faces.resource/primefaces.js?ln=primefaces&v=4.0 HTTP/1.1" 200 16003
190.249.21.140 - - [07/Mar/2023:09:38:28 -0500] "GET /favicon.ico HTTP/1.1" 200 7782
190.249.21.140 - - [07/Mar/2023:09:38:28 -0500] "GET /sipse/faces/javax.faces.resource/layout/layout.js?ln=primefaces&v=4.0 HTTP/1.1" 200 87560
190.249.21.140 - - [07/Mar/2023:09:38:28 -0500] "GET /sipse/faces/javax.faces.resource/theme.css?ln=primefaces-sipse HTTP/1.1" 304 -
190.249.21.140 - - [07/Mar/2023:09:38:28 -0500] "GET /sipse/faces/javax.faces.resource/primefaces.css?ln=primefaces&v=4.0 HTTP/1.1" 200 53295
190.249.21.140 - - [07/Mar/2023:09:38:28 -0500] "GET /sipse/faces/javax.faces.resource/jquery/jquery.js?ln=primefaces&v=4.0 HTTP/1.1" 200 105384
172.22.2.4 - - [07/Mar/2023:09:38:28 -0500] "GET /BLA/boletinlegal/consulta_actos.php?tipo=autos&no=7664&usuario=&sector=&fecha=2022&resuelve= HTTP/1.1" 200 626
190.249.21.140 - - [07/Mar/2023:09:38:28 -0500] "GET /sipse/faces/javax.faces.resource/layout/layout.js?ln=primefaces&v=4.0 HTTP/1.1" 200 87560
190.249.21.140 - - [07/Mar/2023:09:38:28 -0500] "GET /sipse/faces/javax.faces.resource/jquery/jquery-plugins.js?ln=primefaces&v=4.0 HTTP/1.1" 200 220526
190.249.21.140 - - [07/Mar/2023:09:38:28 -0500] "GET /sipse/faces/javax.faces.resource/primefaces.js?ln=primefaces&v=4.0 HTTP/1.1" 200 276924
201.245.192.253 - - [07/Mar/2023:09:38:30 -0500] "POST /sipsepre/faces/presentacion/contratacion/contratista/listarContratista.xhtml HTTP/1.1" 200 7802
201.245.192.253 - - [07/Mar/2023:09:38:32 -0500] "POST /sipse/faces/presentacion/financiero/solicitudProceso/consultarHistorialSolProceso.xhtml HTTP/1.1" 200 206688
66.220.149.22 - - [07/Mar/2023:09:38:33 -0500] "GET /camino-guadalupe-aguanoso-abierto-de-nuevo-al-publico.html?fbclid=IwAR0cKjBaqze9V2VMr0K1CGGp4gU5p9GfUFJVXXI0tEuVMW_TkbjidLK-Q1I HTTP/1.1" 200 879
201.245.192.253 - - [07/Mar/2023:09:38:33 -0500] "GET /sipse/faces/javax.faces.resource/theme.css?ln=primefaces-sipse HTTP/1.1" 304 -
201.245.192.253 - - [07/Mar/2023:09:38:33 -0500] "GET /sipse/faces/javax.faces.resource/primefaces.css?ln=primefaces&v=4.0 HTTP/1.1" 304 -
201.245.192.253 - - [07/Mar/2023:09:38:33 -0500] "GET /sipse/faces/javax.faces.resource/layout/layout.css?ln=primefaces&v=4.0 HTTP/1.1" 304 -
201.245.192.253 - - [07/Mar/2023:09:38:33 -0500] "GET /sipse/faces/javax.faces.resource/jquery/jquery.js?ln=primefaces&v=4.0 HTTP/1.1" 304 -
201.245.192.253 - - [07/Mar/2023:09:38:33 -0500] "GET /sipse/faces/javax.faces.resource/jquery/jquery-plugins.js?ln=primefaces&v=4.0 HTTP/1.1" 304 -
201.245.192.253 - - [07/Mar/2023:09:38:33 -0500] "GET /sipse/faces/javax.faces.resource/primefaces.js?ln=primefaces&v=4.0 HTTP/1.1" 304 -
201.245.192.253 - - [07/Mar/2023:09:38:33 -0500] "GET /sipse/faces/javax.faces.resource/layout/layout.js?ln=primefaces&v=4.0 HTTP/1.1" 304 -
201.245.192.253 - - [07/Mar/2023:09:38:33 -0500] "GET /sipse/faces/javax.faces.resource/images/ui-icons_898989_256x240.png?ln=primefaces-aristo HTTP/1.1" 304 -
190.249.21.140 - - [07/Mar/2023:09:38:33 -0500] "GET /sipse/css/imagen/logoSDG.png HTTP/1.1" 200 53064
190.249.21.140 - - [07/Mar/2023:09:38:33 -0500] "GET /sipse/css/imagen/loginimg.png HTTP/1.1" 200 71635
201.245.192.253 - - [07/Mar/2023:09:38:33 -0500] "POST /sipse/faces/presentacion/financiero/solicitudProceso/consultarSolicitudProceso.xhtml HTTP/1.1" 200 237499
190.249.21.140 - - [07/Mar/2023:09:38:34 -0500] "GET /sipse/faces/javax.faces.resource/images/ui-icons_898989_256x240.png?ln=primefaces-aristo HTTP/1.1" 200 5355
201.245.192.253 - - [07/Mar/2023:09:38:36 -0500] "POST /sipse/faces/presentacion/financiero/solicitudProceso/consultarSolicitudProceso.xhtml HTTP/1.1" 200 104044
181.56.89.136 - - [07/Mar/2023:09:38:37 -0500] "GET /sipse/faces/index.xhtml HTTP/1.1" 200 677
181.56.89.136 - - [07/Mar/2023:09:38:37 -0500] "GET /sipse/faces/javax.faces.resource/theme.css?ln=primefaces-sipse HTTP/1.1" 304 -
181.56.89.136 - - [07/Mar/2023:09:38:37 -0500] "GET /sipse/faces/faces/autenticacion.xhtml HTTP/1.1" 200 12175
201.245.192.253 - - [07/Mar/2023:09:38:37 -0500] "POST /sipse/faces/presentacion/financiero/solicitudProceso/consultarSolicitudProceso.xhtml HTTP/1.1" 200 59485
181.56.89.136 - - [07/Mar/2023:09:38:37 -0500] "GET /sipse/faces/javax.faces.resource/theme.css?ln=primefaces-sipse HTTP/1.1" 304 -
181.56.89.136 - - [07/Mar/2023:09:38:37 -0500] "GET /sipse/faces/javax.faces.resource/primefaces.css?ln=primefaces&v=4.0 HTTP/1.1" 304 -
181.56.89.136 - - [07/Mar/2023:09:38:37 -0500] "GET /sipse/faces/javax.faces.resource/jquery/jquery-plugins.js?ln=primefaces&v=4.0 HTTP/1.1" 304 -
181.56.89.136 - - [07/Mar/2023:09:38:37 -0500] "GET /sipse/faces/javax.faces.resource/layout/layout.css?ln=primefaces&v=4.0 HTTP/1.1" 304 -
181.56.89.136 - - [07/Mar/2023:09:38:37 -0500] "GET /sipse/faces/javax.faces.resource/jquery/jquery.js?ln=primefaces&v=4.0 HTTP/1.1" 304 -
181.56.89.136 - - [07/Mar/2023:09:38:37 -0500] "GET /sipse/faces/javax.faces.resource/primefaces.js?ln=primefaces&v=4.0 HTTP/1.1" 304 -
181.56.89.136 - - [07/Mar/2023:09:38:37 -0500] "GET /sipse/faces/javax.faces.resource/layout/layout.js?ln=primefaces&v=4.0 HTTP/1.1" 304 -
201.245.192.253 - - [07/Mar/2023:09:38:37 -0500] "GET /sipse/faces/javax.faces.resource/theme.css?ln=primefaces-sipse HTTP/1.1" 304 -
201.245.192.253 - - [07/Mar/2023:09:38:37 -0500] "GET /sipse/faces/javax.faces.resource/primefaces.css?ln=primefaces&v=4.0 HTTP/1.1" 304 -
201.245.192.253 - - [07/Mar/2023:09:38:37 -0500] "GET /sipse/faces/javax.faces.resource/layout/layout.css?ln=primefaces&v=4.0 HTTP/1.1" 304 -
201.245.192.253 - - [07/Mar/2023:09:38:37 -0500] "GET /sipse/faces/javax.faces.resource/jquery/jquery.js?ln=primefaces&v=4.0 HTTP/1.1" 304 -
201.245.192.253 - - [07/Mar/2023:09:38:37 -0500] "GET /sipse/faces/javax.faces.resource/jquery/jquery-plugins.js?ln=primefaces&v=4.0 HTTP/1.1" 304 -
201.245.192.253 - - [07/Mar/2023:09:38:37 -0500] "GET /sipse/faces/javax.faces.resource/primefaces.js?ln=primefaces&v=4.0 HTTP/1.1" 304 -
201.245.192.253 - - [07/Mar/2023:09:38:37 -0500] "GET /sipse/faces/javax.faces.resource/layout/layout.js?ln=primefaces&v=4.0 HTTP/1.1" 304 -
181.56.89.136 - - [07/Mar/2023:09:38:37 -0500] "GET /sipse/faces/javax.faces.resource/images/ui-icons_898989_256x240.png?ln=primefaces-aristo HTTP/1.1" 304 -
201.245.192.253 - - [07/Mar/2023:09:38:37 -0500] "GET /sipse/faces/javax.faces.resource/images/ui-icons_898989_256x240.png?ln=primefaces-aristo HTTP/1.1" 304 -
201.245.192.253 - - [07/Mar/2023:09:38:37 -0500] "GET /sipse/faces/javax.faces.resource/images/ui-bg_flat_0_2d5972_40x100.png?ln=primefaces-aristo HTTP/1.1" 304 -
201.245.192.253 - - [07/Mar/2023:09:38:37 -0500] "POST /sipse/faces/presentacion/financiero/solicitudProceso/listarSolicitudProceso.xhtml HTTP/1.1" 200 1544
201.245.192.253 - - [07/Mar/2023:09:38:38 -0500] "POST /sipse/faces/presentacion/financiero/solicitudProceso/listarSolicitudProceso.xhtml HTTP/1.1" 200 1544
186.30.116.46 - - [07/Mar/2023:09:38:39 -0500] "POST /sipse/faces/presentacion/financiero/solicitudProceso/consultarSolicitudProceso.xhtml HTTP/1.1" 200 43895
186.30.116.46 - - [07/Mar/2023:09:38:39 -0500] "GET /sipse/faces/javax.faces.resource/primefaces.css?ln=primefaces&v=4.0 HTTP/1.1" 304 -
186.30.116.46 - - [07/Mar/2023:09:38:39 -0500] "GET /sipse/faces/javax.faces.resource/layout/layout.css?ln=primefaces&v=4.0 HTTP/1.1" 304 -
186.30.116.46 - - [07/Mar/2023:09:38:39 -0500] "GET /sipse/faces/javax.faces.resource/theme.css?ln=primefaces-sipse HTTP/1.1" 304 -
186.30.116.46 - - [07/Mar/2023:09:38:39 -0500] "GET /sipse/faces/javax.faces.resource/jquery/jquery.js?ln=primefaces&v=4.0 HTTP/1.1" 304 -
186.30.116.46 - - [07/Mar/2023:09:38:39 -0500] "GET /sipse/faces/javax.faces.resource/jquery/jquery-plugins.js?ln=primefaces&v=4.0 HTTP/1.1" 304 -
186.30.116.46 - - [07/Mar/2023:09:38:39 -0500] "GET /sipse/faces/javax.faces.resource/primefaces.js?ln=primefaces&v=4.0 HTTP/1.1" 304 -
186.30.116.46 - - [07/Mar/2023:09:38:39 -0500] "GET /sipse/faces/javax.faces.resource/layout/layout.js?ln=primefaces&v=4.0 HTTP/1.1" 304 -
190.249.21.140 - - [07/Mar/2023:09:38:41 -0500] "POST /sipse/faces/autenticacion.xhtml HTTP/1.1" 200 2220
186.30.116.46 - - [07/Mar/2023:09:38:41 -0500] "POST /sipse/faces/presentacion/financiero/solicitudProceso/consultar.xhtml HTTP/1.1" 200 12995
190.249.21.140 - - [07/Mar/2023:09:38:42 -0500] "GET /sipse/faces/javax.faces.resource/messages/messages.png?ln=primefaces&v=4.0 HTTP/1.1" 200 27209
190.249.21.140 - - [07/Mar/2023:09:38:43 -0500] "POST /sipse/faces/autenticacion.xhtml HTTP/1.1" 200 16336
190.249.21.140 - - [07/Mar/2023:09:38:43 -0500] "GET /sipse/css/custom_css_sg_prime.css HTTP/1.1" 200 5201
190.249.21.140 - - [07/Mar/2023:09:38:43 -0500] "GET /sipse/faces/javax.faces.resource/primefaces.css?ln=primefaces&v=4.0 HTTP/1.1" 304 -
190.249.21.140 - - [07/Mar/2023:09:38:43 -0500] "GET /sipse/faces/javax.faces.resource/theme.css?ln=primefaces-sipse HTTP/1.1" 304 -
190.249.21.140 - - [07/Mar/2023:09:38:43 -0500] "GET /sipse/faces/javax.faces.resource/layout/layout.css?ln=primefaces&v=4.0 HTTP/1.1" 304 -
201.245.192.253 - - [07/Mar/2023:09:38:44 -0500] "POST /sipse/faces/presentacion/financiero/solicitudProceso/listarSolicitudProceso.xhtml HTTP/1.1" 200 148897
201.245.192.253 - - [07/Mar/2023:09:38:45 -0500] "GET /sipse/faces/javax.faces.resource/jquery/jquery.js?ln=primefaces&v=4.0 HTTP/1.1" 304 -
201.245.192.253 - - [07/Mar/2023:09:38:45 -0500] "GET /sipse/faces/javax.faces.resource/jquery/jquery-plugins.js?ln=primefaces&v=4.0 HTTP/1.1" 304 -
201.245.192.253 - - [07/Mar/2023:09:38:45 -0500] "GET /sipse/faces/javax.faces.resource/primefaces.js?ln=primefaces&v=4.0 HTTP/1.1" 304 -
201.245.192.253 - - [07/Mar/2023:09:38:45 -0500] "GET /sipse/faces/javax.faces.resource/layout/layout.js?ln=primefaces&v=4.0 HTTP/1.1" 304 -
186.30.116.46 - - [07/Mar/2023:09:38:45 -0500] "POST /sipse/faces/presentacion/financiero/solicitudProceso/consultar.xhtml HTTP/1.1" 200 141232
186.30.116.46 - - [07/Mar/2023:09:38:46 -0500] "GET /sipse/faces/javax.faces.resource/primefaces.css?ln=primefaces&v=4.0 HTTP/1.1" 304 -
186.30.116.46 - - [07/Mar/2023:09:38:46 -0500] "GET /sipse/faces/javax.faces.resource/theme.css?ln=primefaces-sipse HTTP/1.1" 304 -
186.30.116.46 - - [07/Mar/2023:09:38:46 -0500] "GET /sipse/faces/javax.faces.resource/layout/layout.css?ln=primefaces&v=4.0 HTTP/1.1" 304 -
186.30.116.46 - - [07/Mar/2023:09:38:46 -0500] "GET /sipse/faces/javax.faces.resource/jquery/jquery.js?ln=primefaces&v=4.0 HTTP/1.1" 304 -
186.30.116.46 - - [07/Mar/2023:09:38:46 -0500] "GET /sipse/faces/javax.faces.resource/jquery/jquery-plugins.js?ln=primefaces&v=4.0 HTTP/1.1" 304 -
186.30.116.46 - - [07/Mar/2023:09:38:46 -0500] "GET /sipse/faces/javax.faces.resource/primefaces.js?ln=primefaces&v=4.0 HTTP/1.1" 304 -
186.30.116.46 - - [07/Mar/2023:09:38:46 -0500] "GET /sipse/faces/javax.faces.resource/layout/layout.js?ln=primefaces&v=4.0 HTTP/1.1" 304 -
201.245.192.253 - - [07/Mar/2023:09:38:46 -0500] "POST /sipsepre/faces/presentacion/contratacion/contratista/listarContratista.xhtml HTTP/1.1" 200 30627
201.245.192.253 - - [07/Mar/2023:09:38:46 -0500] "GET /sipsepre/faces/javax.faces.resource/jquery/jquery.js?ln=primefaces&v=4.0 HTTP/1.1" 304 -
201.245.192.253 - - [07/Mar/2023:09:38:46 -0500] "GET /sipsepre/faces/javax.faces.resource/jquery/jquery-plugins.js?ln=primefaces&v=4.0 HTTP/1.1" 304 -
201.245.192.253 - - [07/Mar/2023:09:38:46 -0500] "GET /sipsepre/faces/javax.faces.resource/primefaces.js?ln=primefaces&v=4.0 HTTP/1.1" 304 -
201.245.192.253 - - [07/Mar/2023:09:38:46 -0500] "GET /sipsepre/faces/javax.faces.resource/layout/layout.js?ln=primefaces&v=4.0 HTTP/1.1" 304 -
190.249.21.140 - - [07/Mar/2023:09:38:46 -0500] "GET /sipse/js/jquery.min.js HTTP/1.1" 200 85582
201.245.192.253 - - [07/Mar/2023:09:38:46 -0500] "POST /sipsepre/faces/presentacion/sistema/reporte/visorVerContratosXVigencia.xhtml HTTP/1.1" 200 23999
201.245.192.253 - - [07/Mar/2023:09:38:47 -0500] "POST /sipsepre/faces/presentacion/sistema/reporte/visorVerContratosXVigencia.xhtml HTTP/1.1" 200 23999
201.245.192.253 - - [07/Mar/2023:09:38:47 -0500] "POST /sipsepre/faces/presentacion/sistema/reporte/visorVerContratosXVigencia.xhtml HTTP/1.1" 200 23999
201.245.192.253 - - [07/Mar/2023:09:38:47 -0500] "POST /sipsepre/faces/presentacion/sistema/reporte/visorVerContratosXVigencia.xhtml HTTP/1.1" 200 23999
201.245.192.253 - - [07/Mar/2023:09:38:48 -0500] "POST /sipse/faces/presentacion/contratacion/contratista/listarContratista.xhtml HTTP/1.1" 200 8722
201.245.192.253 - - [07/Mar/2023:09:38:48 -0500] "POST /sipsepre/faces/presentacion/sistema/reporte/visorVerContratosXVigencia.xhtml HTTP/1.1" 200 34138
201.245.192.253 - - [07/Mar/2023:09:38:49 -0500] "GET /sipsepre/faces/javax.faces.resource/jquery/jquery.js?ln=primefaces&v=4.0 HTTP/1.1" 304 -
201.245.192.253 - - [07/Mar/2023:09:38:49 -0500] "GET /sipsepre/faces/javax.faces.resource/jquery/jquery-plugins.js?ln=primefaces&v=4.0 HTTP/1.1" 304 -
201.245.192.253 - - [07/Mar/2023:09:38:49 -0500] "GET /sipsepre/faces/javax.faces.resource/primefaces.js?ln=primefaces&v=4.0 HTTP/1.1" 304 -
201.245.192.253 - - [07/Mar/2023:09:38:49 -0500] "GET /sipsepre/faces/javax.faces.resource/layout/layout.js?ln=primefaces&v=4.0 HTTP/1.1" 304 -
190.249.21.140 - - [07/Mar/2023:09:38:28 -0500] "GET /sipse/faces/javax.faces.resource/jquery/jquery-plugins.js?ln=primefaces&v=4.0 HTTP/1.1" 200 90112
190.249.21.140 - - [07/Mar/2023:09:38:49 -0500] "GET /sipse/faces/javax.faces.resource/jquery/jquery.js?ln=primefaces&v=4.0 HTTP/1.1" 304 -
201.245.192.253 - - [07/Mar/2023:09:38:49 -0500] "POST /sipsepre/faces/presentacion/contratacion/contratista/listarContratista.xhtml HTTP/1.1" 200 27510
201.245.192.253 - - [07/Mar/2023:09:38:49 -0500] "POST /sipsepre/faces/presentacion/contratacion/contratista/listarContratista.xhtml HTTP/1.1" 200 27510
190.249.21.140 - - [07/Mar/2023:09:38:50 -0500] "GET /sipse/faces/javax.faces.resource/jquery/jquery-plugins.js?ln=primefaces&v=4.0 HTTP/1.1" 304 -
201.245.192.253 - - [07/Mar/2023:09:38:49 -0500] "POST /sipse/faces/presentacion/financiero/solicitudProceso/consultarSolicitudProceso.xhtml HTTP/1.1" 200 37338
201.245.192.253 - - [07/Mar/2023:09:38:50 -0500] "POST /sipsepre/faces/presentacion/contratacion/contratista/listarContratista.xhtml HTTP/1.1" 200 27510
201.245.192.253 - - [07/Mar/2023:09:38:50 -0500] "GET /sipse/faces/javax.faces.resource/primefaces.css?ln=primefaces&v=4.0 HTTP/1.1" 304 -
201.245.192.253 - - [07/Mar/2023:09:38:50 -0500] "GET /sipse/faces/javax.faces.resource/theme.css?ln=primefaces-sipse HTTP/1.1" 304 -
201.245.192.253 - - [07/Mar/2023:09:38:50 -0500] "GET /sipse/faces/javax.faces.resource/layout/layout.css?ln=primefaces&v=4.0 HTTP/1.1" 304 -
201.245.192.253 - - [07/Mar/2023:09:38:50 -0500] "GET /sipse/faces/javax.faces.resource/jquery/jquery.js?ln=primefaces&v=4.0 HTTP/1.1" 304 -
201.245.192.253 - - [07/Mar/2023:09:38:50 -0500] "GET /sipse/faces/javax.faces.resource/jquery/jquery-plugins.js?ln=primefaces&v=4.0 HTTP/1.1" 304 -
201.245.192.253 - - [07/Mar/2023:09:38:50 -0500] "GET /sipse/faces/javax.faces.resource/primefaces.js?ln=primefaces&v=4.0 HTTP/1.1" 304 -
201.245.192.253 - - [07/Mar/2023:09:38:50 -0500] "GET /sipse/faces/javax.faces.resource/layout/layout.js?ln=primefaces&v=4.0 HTTP/1.1" 304 -
201.245.192.253 - - [07/Mar/2023:09:38:50 -0500] "GET /sipse/faces/javax.faces.resource/images/ui-icons_898989_256x240.png?ln=primefaces-aristo HTTP/1.1" 304 -
201.245.192.253 - - [07/Mar/2023:09:38:50 -0500] "POST /sipsepre/faces/presentacion/contratacion/contratista/listarContratista.xhtml HTTP/1.1" 200 27510
190.249.21.140 - - [07/Mar/2023:09:38:50 -0500] "GET /sipse/faces/javax.faces.resource/primefaces.js?ln=primefaces&v=4.0 HTTP/1.1" 304 -
201.245.192.253 - - [07/Mar/2023:09:38:50 -0500] "POST /sipsepre/faces/presentacion/contratacion/contratista/listarContratista.xhtml HTTP/1.1" 200 27510
190.249.21.140 - - [07/Mar/2023:09:38:50 -0500] "GET /sipse/faces/javax.faces.resource/layout/layout.js?ln=primefaces&v=4.0 HTTP/1.1" 304 -
201.245.192.253 - - [07/Mar/2023:09:38:51 -0500] "POST /sipsepre/faces/presentacion/contratacion/contratista/listarContratista.xhtml HTTP/1.1" 200 5302
190.249.21.140 - - [07/Mar/2023:09:38:52 -0500] "GET /sipse/css/imagen/contrasena.png HTTP/1.1" 404 383
190.249.21.140 - - [07/Mar/2023:09:38:52 -0500] "GET /sipse/imagenes/cargando.gif HTTP/1.1" 200 36959
201.245.192.253 - - [07/Mar/2023:09:38:51 -0500] "POST /sipse/faces/presentacion/contratacion/contratista/listarContratista.xhtml HTTP/1.1" 200 62466
201.245.192.253 - - [07/Mar/2023:09:38:52 -0500] "GET /sipse/faces/javax.faces.resource/theme.css?ln=primefaces-sipse HTTP/1.1" 304 -
201.245.192.253 - - [07/Mar/2023:09:38:52 -0500] "GET /sipse/faces/javax.faces.resource/layout/layout.css?ln=primefaces&v=4.0 HTTP/1.1" 304 -
201.245.192.253 - - [07/Mar/2023:09:38:52 -0500] "GET /sipse/faces/javax.faces.resource/primefaces.css?ln=primefaces&v=4.0 HTTP/1.1" 304 -
201.245.192.253 - - [07/Mar/2023:09:38:52 -0500] "GET /sipse/faces/javax.faces.resource/jquery/jquery.js?ln=primefaces&v=4.0 HTTP/1.1" 304 -
201.245.192.253 - - [07/Mar/2023:09:38:52 -0500] "GET /sipse/faces/javax.faces.resource/jquery/jquery-plugins.js?ln=primefaces&v=4.0 HTTP/1.1" 304 -
201.245.192.253 - - [07/Mar/2023:09:38:52 -0500] "GET /sipse/faces/javax.faces.resource/primefaces.js?ln=primefaces&v=4.0 HTTP/1.1" 304 -
201.245.192.253 - - [07/Mar/2023:09:38:52 -0500] "GET /sipse/faces/javax.faces.resource/layout/layout.js?ln=primefaces&v=4.0 HTTP/1.1" 304 -
190.249.21.140 - - [07/Mar/2023:09:38:52 -0500] "GET /sipse/imagenes/logoAplicacion.jpg HTTP/1.1" 200 155084
172.22.2.4 - - [07/Mar/2023:09:38:53 -0500] "GET /BLA/boletinlegal/consulta_actos.php?tipo=autos&no=7664&usuario=&sector=&fecha=2022&resuelve= HTTP/1.1" 200 626
190.249.21.140 - - [07/Mar/2023:09:38:54 -0500] "GET /sipse/faces/javax.faces.resource/images/ui-bg_flat_0_2d5972_40x100.png?ln=primefaces-aristo HTTP/1.1" 200 183
190.249.21.140 - - [07/Mar/2023:09:38:54 -0500] "POST /sipse/faces/bienvenido.xhtml HTTP/1.1" 200 2658
201.245.192.253 - - [07/Mar/2023:09:38:55 -0500] "POST /sipse/faces/presentacion/financiero/solicitudProceso/consultarSolicitudProceso.xhtml HTTP/1.1" 200 37854
181.56.89.136 - - [07/Mar/2023:09:38:56 -0500] "POST /sipse/faces/autenticacion.xhtml HTTP/1.1" 200 2220
201.245.192.253 - - [07/Mar/2023:09:38:56 -0500] "GET /sipse/faces/javax.faces.resource/theme.css?ln=primefaces-sipse HTTP/1.1" 304 -
201.245.192.253 - - [07/Mar/2023:09:38:56 -0500] "GET /sipse/faces/javax.faces.resource/primefaces.css?ln=primefaces&v=4.0 HTTP/1.1" 304 -
201.245.192.253 - - [07/Mar/2023:09:38:56 -0500] "GET /sipse/faces/javax.faces.resource/layout/layout.css?ln=primefaces&v=4.0 HTTP/1.1" 304 -
181.56.89.136 - - [07/Mar/2023:09:38:56 -0500] "GET /sipse/faces/javax.faces.resource/messages/messages.png?ln=primefaces&v=4.0 HTTP/1.1" 304 -
201.245.192.253 - - [07/Mar/2023:09:38:56 -0500] "GET /sipse/faces/javax.faces.resource/jquery/jquery.js?ln=primefaces&v=4.0 HTTP/1.1" 304 -
201.245.192.253 - - [07/Mar/2023:09:38:56 -0500] "GET /sipse/faces/javax.faces.resource/jquery/jquery-plugins.js?ln=primefaces&v=4.0 HTTP/1.1" 304 -
201.245.192.253 - - [07/Mar/2023:09:38:56 -0500] "GET /sipse/faces/javax.faces.resource/primefaces.js?ln=primefaces&v=4.0 HTTP/1.1" 304 -
201.245.192.253 - - [07/Mar/2023:09:38:56 -0500] "GET /sipse/faces/javax.faces.resource/layout/layout.js?ln=primefaces&v=4.0 HTTP/1.1" 304 -
201.245.192.253 - - [07/Mar/2023:09:38:56 -0500] "POST /sipse/faces/presentacion/financiero/solicitudProceso/listarSolicitudProceso.xhtml HTTP/1.1" 200 31189
190.249.21.140 - - [07/Mar/2023:09:38:55 -0500] "POST /sipse/faces/bienvenido.xhtml HTTP/1.1" 200 65721
201.245.192.253 - - [07/Mar/2023:09:38:57 -0500] "POST /sipse/faces/presentacion/financiero/solicitudProceso/listarSolicitudProceso.xhtml HTTP/1.1" 200 31189
190.249.21.140 - - [07/Mar/2023:09:38:58 -0500] "GET /sipse/faces/javax.faces.resource/theme.css?ln=primefaces-sipse HTTP/1.1" 304 -
190.249.21.140 - - [07/Mar/2023:09:38:58 -0500] "GET /sipse/faces/javax.faces.resource/layout/layout.css?ln=primefaces&v=4.0 HTTP/1.1" 304 -
190.249.21.140 - - [07/Mar/2023:09:38:58 -0500] "GET /sipse/faces/javax.faces.resource/primefaces.css?ln=primefaces&v=4.0 HTTP/1.1" 304 -
201.245.192.253 - - [07/Mar/2023:09:38:57 -0500] "POST /sipse/faces/presentacion/financiero/solicitudProceso/listarSolicitudProceso.xhtml HTTP/1.1" 200 31189
201.245.192.253 - - [07/Mar/2023:09:38:58 -0500] "POST /sipse/faces/presentacion/financiero/solicitudProceso/listarSolicitudProceso.xhtml HTTP/1.1" 200 31189
181.56.89.136 - - [07/Mar/2023:09:38:59 -0500] "POST /sipse/faces/autenticacion.xhtml HTTP/1.1" 200 16336
181.56.89.136 - - [07/Mar/2023:09:38:59 -0500] "GET /sipse/faces/javax.faces.resource/theme.css?ln=primefaces-sipse HTTP/1.1" 304 -
181.56.89.136 - - [07/Mar/2023:09:38:59 -0500] "GET /sipse/faces/javax.faces.resource/primefaces.css?ln=primefaces&v=4.0 HTTP/1.1" 304 -
181.56.89.136 - - [07/Mar/2023:09:38:59 -0500] "GET /sipse/faces/javax.faces.resource/layout/layout.css?ln=primefaces&v=4.0 HTTP/1.1" 304 -
181.56.89.136 - - [07/Mar/2023:09:38:59 -0500] "GET /sipse/faces/javax.faces.resource/jquery/jquery.js?ln=primefaces&v=4.0 HTTP/1.1" 304 -
181.56.89.136 - - [07/Mar/2023:09:38:59 -0500] "GET /sipse/faces/javax.faces.resource/jquery/jquery-plugins.js?ln=primefaces&v=4.0 HTTP/1.1" 304 -
181.56.89.136 - - [07/Mar/2023:09:38:59 -0500] "GET /sipse/faces/javax.faces.resource/primefaces.js?ln=primefaces&v=4.0 HTTP/1.1" 304 -
181.56.89.136 - - [07/Mar/2023:09:38:59 -0500] "GET /sipse/faces/javax.faces.resource/layout/layout.js?ln=primefaces&v=4.0 HTTP/1.1" 304 -
181.56.89.136 - - [07/Mar/2023:09:38:59 -0500] "GET /sipse/css/imagen/contrasena.png HTTP/1.1" 404 383
201.245.192.253 - - [07/Mar/2023:09:38:59 -0500] "POST /sipse/faces/presentacion/financiero/solicitudProceso/listarSolicitudProceso.xhtml HTTP/1.1" 200 31189
201.245.192.253 - - [07/Mar/2023:09:38:59 -0500] "POST /sipse/faces/presentacion/financiero/solicitudProceso/listarSolicitudProceso.xhtml HTTP/1.1" 200 31189
201.245.192.253 - - [07/Mar/2023:09:39:00 -0500] "POST /sipse/faces/presentacion/financiero/solicitudProceso/listarSolicitudProceso.xhtml HTTP/1.1" 200 31189
181.56.89.136 - - [07/Mar/2023:09:39:01 -0500] "GET /sipse/faces/javax.faces.resource/images/ui-bg_flat_0_2d5972_40x100.png?ln=primefaces-aristo HTTP/1.1" 304 -
181.56.89.136 - - [07/Mar/2023:09:39:01 -0500] "POST /sipse/faces/bienvenido.xhtml HTTP/1.1" 200 9786
201.245.192.253 - - [07/Mar/2023:09:39:00 -0500] "POST /sipse/faces/presentacion/financiero/solicitudProceso/listarSolicitudProceso.xhtml HTTP/1.1" 200 31189
201.245.192.253 - - [07/Mar/2023:09:39:01 -0500] "POST /sipse/faces/presentacion/financiero/solicitudProceso/listarSolicitudProceso.xhtml HTTP/1.1" 200 1396
201.245.192.253 - - [07/Mar/2023:09:39:02 -0500] "POST /sipse/faces/presentacion/financiero/solicitudProceso/listarSolicitudProceso.xhtml HTTP/1.1" 200 1392
181.56.89.136 - - [07/Mar/2023:09:39:02 -0500] "POST /sipse/faces/bienvenido.xhtml HTTP/1.1" 200 2658
201.245.192.253 - - [07/Mar/2023:09:39:02 -0500] "POST /sipse/faces/presentacion/financiero/solicitudProceso/listarSolicitudProceso.xhtml HTTP/1.1" 200 1400
201.245.192.253 - - [07/Mar/2023:09:39:03 -0500] "POST /sipse/faces/presentacion/financiero/solicitudProceso/listarSolicitudProceso.xhtml HTTP/1.1" 200 1392
201.245.192.253 - - [07/Mar/2023:09:39:04 -0500] "POST /sipse/faces/presentacion/financiero/solicitudProceso/listarSolicitudProceso.xhtml HTTP/1.1" 200 1400
181.56.89.136 - - [07/Mar/2023:09:39:03 -0500] "POST /sipse/faces/bienvenido.xhtml HTTP/1.1" 200 65721
181.56.89.136 - - [07/Mar/2023:09:39:05 -0500] "GET /sipse/faces/javax.faces.resource/theme.css?ln=primefaces-sipse HTTP/1.1" 304 -
181.56.89.136 - - [07/Mar/2023:09:39:05 -0500] "GET /sipse/faces/javax.faces.resource/primefaces.css?ln=primefaces&v=4.0 HTTP/1.1" 304 -
181.56.89.136 - - [07/Mar/2023:09:39:05 -0500] "GET /sipse/faces/javax.faces.resource/layout/layout.css?ln=primefaces&v=4.0 HTTP/1.1" 304 -
181.56.89.136 - - [07/Mar/2023:09:39:05 -0500] "GET /sipse/faces/javax.faces.resource/jquery/jquery.js?ln=primefaces&v=4.0 HTTP/1.1" 304 -
181.56.89.136 - - [07/Mar/2023:09:39:05 -0500] "GET /sipse/faces/javax.faces.resource/jquery/jquery-plugins.js?ln=primefaces&v=4.0 HTTP/1.1" 304 -
181.56.89.136 - - [07/Mar/2023:09:39:05 -0500] "GET /sipse/faces/javax.faces.resource/primefaces.js?ln=primefaces&v=4.0 HTTP/1.1" 304 -
181.56.89.136 - - [07/Mar/2023:09:39:05 -0500] "GET /sipse/faces/javax.faces.resource/layout/layout.js?ln=primefaces&v=4.0 HTTP/1.1" 304 -
201.245.192.253 - - [07/Mar/2023:09:39:05 -0500] "POST /sipse/faces/presentacion/financiero/solicitudProceso/listarSolicitudProceso.xhtml HTTP/1.1" 200 1392
181.56.89.136 - - [07/Mar/2023:09:39:05 -0500] "POST /sipse/faces/presentacion/financiero/solicitudProceso/listarSolicitudProceso.xhtml HTTP/1.1" 200 1560
201.245.192.253 - - [07/Mar/2023:09:39:05 -0500] "POST /sipse/faces/presentacion/financiero/solicitudProceso/listarSolicitudProceso.xhtml HTTP/1.1" 200 1400
190.249.21.140 - - [07/Mar/2023:09:39:06 -0500] "GET /sipse/faces/javax.faces.resource/jquery/jquery.js?ln=primefaces&v=4.0 HTTP/1.1" 304 -
190.249.21.140 - - [07/Mar/2023:09:39:07 -0500] "GET /sipse/faces/javax.faces.resource/jquery/jquery-plugins.js?ln=primefaces&v=4.0 HTTP/1.1" 304 -
201.245.192.253 - - [07/Mar/2023:09:39:06 -0500] "POST /sipse/faces/presentacion/financiero/solicitudProceso/listarSolicitudProceso.xhtml HTTP/1.1" 200 1392
201.245.192.253 - - [07/Mar/2023:09:39:07 -0500] "POST /sipse/faces/presentacion/financiero/solicitudProceso/listarSolicitudProceso.xhtml HTTP/1.1" 200 1400
190.249.21.140 - - [07/Mar/2023:09:39:08 -0500] "GET /sipse/faces/javax.faces.resource/primefaces.js?ln=primefaces&v=4.0 HTTP/1.1" 304 -
190.249.21.140 - - [07/Mar/2023:09:39:08 -0500] "GET /sipse/faces/javax.faces.resource/layout/layout.js?ln=primefaces&v=4.0 HTTP/1.1" 304 -
201.245.192.253 - - [07/Mar/2023:09:39:08 -0500] "POST /sipse/faces/presentacion/financiero/solicitudProceso/consultarSolicitudProceso.xhtml HTTP/1.1" 200 5510
181.56.89.136 - - [07/Mar/2023:09:39:08 -0500] "POST /sipse/faces/presentacion/financiero/solicitudProceso/listarSolicitudProceso.xhtml HTTP/1.1" 200 17011
201.245.192.253 - - [07/Mar/2023:09:39:09 -0500] "POST /sipse/faces/presentacion/financiero/solicitudProceso/listarSolicitudProceso.xhtml HTTP/1.1" 200 161858
201.245.192.253 - - [07/Mar/2023:09:39:10 -0500] "GET /sipse/faces/javax.faces.resource/theme.css?ln=primefaces-sipse HTTP/1.1" 304 -
201.245.192.253 - - [07/Mar/2023:09:39:10 -0500] "GET /sipse/faces/javax.faces.resource/primefaces.css?ln=primefaces&v=4.0 HTTP/1.1" 304 -
201.245.192.253 - - [07/Mar/2023:09:39:10 -0500] "GET /sipse/faces/javax.faces.resource/layout/layout.css?ln=primefaces&v=4.0 HTTP/1.1" 304 -
201.245.192.253 - - [07/Mar/2023:09:39:10 -0500] "GET /sipse/faces/javax.faces.resource/jquery/jquery.js?ln=primefaces&v=4.0 HTTP/1.1" 304 -
201.245.192.253 - - [07/Mar/2023:09:39:10 -0500] "GET /sipse/faces/javax.faces.resource/jquery/jquery-plugins.js?ln=primefaces&v=4.0 HTTP/1.1" 304 -
201.245.192.253 - - [07/Mar/2023:09:39:10 -0500] "GET /sipse/faces/javax.faces.resource/primefaces.js?ln=primefaces&v=4.0 HTTP/1.1" 304 -
201.245.192.253 - - [07/Mar/2023:09:39:10 -0500] "GET /sipse/faces/javax.faces.resource/layout/layout.js?ln=primefaces&v=4.0 HTTP/1.1" 304 -
190.249.21.140 - - [07/Mar/2023:09:39:09 -0500] "POST /sipse/faces/presentacion/financiero/solicitudProceso/listarSolicitudProceso.xhtml HTTP/1.1" 200 1560
172.22.2.4 - - [07/Mar/2023:09:39:11 -0500] "GET /BLA/boletinlegal/consulta_actos.php?tipo=autos&no=7673&usuario=&sector=&fecha=2022&resuelve= HTTP/1.1" 200 626
190.249.21.140 - - [07/Mar/2023:09:39:13 -0500] "POST /sipse/faces/presentacion/financiero/solicitudProceso/listarSolicitudProceso.xhtml HTTP/1.1" 200 17050
201.245.192.253 - - [07/Mar/2023:09:39:15 -0500] "GET /sipse/faces/javax.faces.resource/theme.css?ln=primefaces-sipse HTTP/1.1" 304 -
201.245.192.253 - - [07/Mar/2023:09:39:15 -0500] "GET /sipse/faces/javax.faces.resource/primefaces.css?ln=primefaces&v=4.0 HTTP/1.1" 304 -
186.155.52.164 - - [07/Mar/2023:09:39:14 -0500] "POST /sipse/faces/presentacion/financiero/solicitudProceso/listarSolicitudProceso.xhtml HTTP/1.1" 200 57723
201.245.192.253 - - [07/Mar/2023:09:39:15 -0500] "GET /sipse/faces/javax.faces.resource/layout/layout.css?ln=primefaces&v=4.0 HTTP/1.1" 304 -
201.245.192.253 - - [07/Mar/2023:09:39:15 -0500] "GET /sipse/faces/javax.faces.resource/jquery/jquery.js?ln=primefaces&v=4.0 HTTP/1.1" 304 -
201.245.192.253 - - [07/Mar/2023:09:39:15 -0500] "GET /sipse/faces/javax.faces.resource/jquery/jquery-plugins.js?ln=primefaces&v=4.0 HTTP/1.1" 304 -
201.245.192.253 - - [07/Mar/2023:09:39:14 -0500] "POST /sipse/faces/presentacion/financiero/solicitudProceso/consultarHistorialSolProceso.xhtml HTTP/1.1" 200 194595
201.245.192.253 - - [07/Mar/2023:09:39:15 -0500] "GET /sipse/faces/javax.faces.resource/primefaces.js?ln=primefaces&v=4.0 HTTP/1.1" 304 -
201.245.192.253 - - [07/Mar/2023:09:39:15 -0500] "GET /sipse/faces/javax.faces.resource/layout/layout.js?ln=primefaces&v=4.0 HTTP/1.1" 304 -
201.245.192.253 - - [07/Mar/2023:09:39:15 -0500] "GET /sipse/faces/javax.faces.resource/images/ui-icons_898989_256x240.png?ln=primefaces-aristo HTTP/1.1" 304 -
186.155.52.164 - - [07/Mar/2023:09:39:15 -0500] "POST /sipse/faces/presentacion/financiero/solicitudProceso/listarSolicitudProceso.xhtml HTTP/1.1" 200 57723
186.155.52.164 - - [07/Mar/2023:09:39:15 -0500] "POST /sipse/faces/presentacion/financiero/solicitudProceso/listarSolicitudProceso.xhtml HTTP/1.1" 200 1560
186.155.52.164 - - [07/Mar/2023:09:39:15 -0500] "POST /sipse/faces/presentacion/financiero/solicitudProceso/listarSolicitudProceso.xhtml HTTP/1.1" 200 1552
201.245.192.253 - - [07/Mar/2023:09:39:18 -0500] "POST /sipse/faces/presentacion/financiero/solicitudProceso/consultarSolicitudProceso.xhtml HTTP/1.1" 200 59485
201.245.192.253 - - [07/Mar/2023:09:39:19 -0500] "GET /sipse/faces/javax.faces.resource/theme.css?ln=primefaces-sipse HTTP/1.1" 304 -
201.245.192.253 - - [07/Mar/2023:09:39:19 -0500] "GET /sipse/faces/javax.faces.resource/primefaces.css?ln=primefaces&v=4.0 HTTP/1.1" 304 -
201.245.192.253 - - [07/Mar/2023:09:39:19 -0500] "GET /sipse/faces/javax.faces.resource/layout/layout.css?ln=primefaces&v=4.0 HTTP/1.1" 304 -
201.245.192.253 - - [07/Mar/2023:09:39:19 -0500] "GET /sipse/faces/javax.faces.resource/jquery/jquery.js?ln=primefaces&v=4.0 HTTP/1.1" 304 -
201.245.192.253 - - [07/Mar/2023:09:39:19 -0500] "GET /sipse/faces/javax.faces.resource/jquery/jquery-plugins.js?ln=primefaces&v=4.0 HTTP/1.1" 304 -
201.245.192.253 - - [07/Mar/2023:09:39:19 -0500] "GET /sipse/faces/javax.faces.resource/primefaces.js?ln=primefaces&v=4.0 HTTP/1.1" 304 -
201.245.192.253 - - [07/Mar/2023:09:39:19 -0500] "GET /sipse/faces/javax.faces.resource/layout/layout.js?ln=primefaces&v=4.0 HTTP/1.1" 304 -
186.155.52.164 - - [07/Mar/2023:09:39:19 -0500] "POST /sipse/faces/presentacion/financiero/solicitudProceso/listarSolicitudProceso.xhtml HTTP/1.1" 200 911
201.245.192.253 - - [07/Mar/2023:09:39:19 -0500] "GET /sipse/faces/javax.faces.resource/images/ui-icons_898989_256x240.png?ln=primefaces-aristo HTTP/1.1" 304 -
201.245.192.253 - - [07/Mar/2023:09:39:19 -0500] "GET /sipse/faces/javax.faces.resource/images/ui-bg_flat_0_2d5972_40x100.png?ln=primefaces-aristo HTTP/1.1" 304 -
201.245.192.253 - - [07/Mar/2023:09:39:19 -0500] "POST /sipse/faces/presentacion/financiero/solicitudProceso/listarSolicitudProceso.xhtml HTTP/1.1" 200 1544
201.245.192.253 - - [07/Mar/2023:09:39:19 -0500] "POST /sipse/faces/presentacion/financiero/solicitudProceso/listarSolicitudProceso.xhtml HTTP/1.1" 200 1544
201.245.192.253 - - [07/Mar/2023:09:39:23 -0500] "POST /sipse/faces/presentacion/financiero/solicitudProceso/listarSolicitudProceso.xhtml HTTP/1.1" 200 25518
172.22.2.4 - - [07/Mar/2023:09:39:27 -0500] "GET /BLA/boletinlegal/consulta_actos.php?tipo=autos&no=7620&usuario=&sector=&fecha=2022&resuelve= HTTP/1.1" 200 626
216.245.221.92 - - [07/Mar/2023:09:39:28 -0500] "HEAD / HTTP/1.1" 200 -
186.155.52.164 - - [07/Mar/2023:09:39:29 -0500] "GET /sipse/faces/faces/autenticacion.xhtml HTTP/1.1" 200 12166
172.22.2.4 - - [07/Mar/2023:09:39:29 -0500] "GET /BLA/boletinlegal/consulta_actos.php?tipo=autos&no=7620&usuario=&sector=&fecha=2022&resuelve= HTTP/1.1" 200 626
172.22.2.4 - - [07/Mar/2023:09:39:29 -0500] "GET /BLA/boletinlegal/consulta_actos.php?tipo=autos&no=7620&usuario=&sector=&fecha=2022&resuelve= HTTP/1.1" 200 626
186.155.52.164 - - [07/Mar/2023:09:39:29 -0500] "GET /sipse/faces/javax.faces.resource/theme.css?ln=primefaces-sipse HTTP/1.1" 304 -
186.155.52.164 - - [07/Mar/2023:09:39:29 -0500] "GET /sipse/faces/javax.faces.resource/primefaces.css?ln=primefaces&v=4.0 HTTP/1.1" 304 -
186.155.52.164 - - [07/Mar/2023:09:39:29 -0500] "GET /sipse/faces/javax.faces.resource/layout/layout.css?ln=primefaces&v=4.0 HTTP/1.1" 304 -
186.155.52.164 - - [07/Mar/2023:09:39:29 -0500] "GET /sipse/faces/javax.faces.resource/primefaces.js?ln=primefaces&v=4.0 HTTP/1.1" 304 -
186.155.52.164 - - [07/Mar/2023:09:39:29 -0500] "GET /sipse/faces/javax.faces.resource/layout/layout.js?ln=primefaces&v=4.0 HTTP/1.1" 304 -
186.155.52.164 - - [07/Mar/2023:09:39:29 -0500] "GET /sipse/faces/javax.faces.resource/jquery/jquery.js?ln=primefaces&v=4.0 HTTP/1.1" 304 -
186.155.52.164 - - [07/Mar/2023:09:39:29 -0500] "GET /sipse/faces/javax.faces.resource/jquery/jquery-plugins.js?ln=primefaces&v=4.0 HTTP/1.1" 304 -
186.155.52.164 - - [07/Mar/2023:09:39:29 -0500] "GET /sipse/faces/javax.faces.resource/images/ui-icons_898989_256x240.png?ln=primefaces-aristo HTTP/1.1" 304 -
186.155.52.164 - - [07/Mar/2023:09:39:29 -0500] "GET /sipse/faces/faces/index.xhtml HTTP/1.1" 200 677
186.155.52.164 - - [07/Mar/2023:09:39:29 -0500] "GET /sipse/faces/javax.faces.resource/theme.css?ln=primefaces-sipse HTTP/1.1" 304 -
186.155.52.164 - - [07/Mar/2023:09:39:29 -0500] "GET /sipse/faces/faces/faces/autenticacion.xhtml HTTP/1.1" 200 12166
186.155.52.164 - - [07/Mar/2023:09:39:30 -0500] "GET /sipse/faces/javax.faces.resource/theme.css?ln=primefaces-sipse HTTP/1.1" 304 -
186.155.52.164 - - [07/Mar/2023:09:39:30 -0500] "GET /sipse/faces/javax.faces.resource/primefaces.css?ln=primefaces&v=4.0 HTTP/1.1" 304 -
186.155.52.164 - - [07/Mar/2023:09:39:30 -0500] "GET /sipse/faces/javax.faces.resource/jquery/jquery.js?ln=primefaces&v=4.0 HTTP/1.1" 304 -
186.155.52.164 - - [07/Mar/2023:09:39:30 -0500] "GET /sipse/faces/javax.faces.resource/jquery/jquery-plugins.js?ln=primefaces&v=4.0 HTTP/1.1" 304 -
186.155.52.164 - - [07/Mar/2023:09:39:30 -0500] "GET /sipse/faces/javax.faces.resource/layout/layout.css?ln=primefaces&v=4.0 HTTP/1.1" 304 -
186.155.52.164 - - [07/Mar/2023:09:39:30 -0500] "GET /sipse/faces/javax.faces.resource/primefaces.js?ln=primefaces&v=4.0 HTTP/1.1" 304 -
186.155.52.164 - - [07/Mar/2023:09:39:30 -0500] "GET /sipse/faces/javax.faces.resource/layout/layout.js?ln=primefaces&v=4.0 HTTP/1.1" 304 -
181.56.89.136 - - [07/Mar/2023:09:39:29 -0500] "POST /sipse/faces/presentacion/financiero/solicitudProceso/listarSolicitudProceso.xhtml HTTP/1.1" 200 16992
172.22.2.4 - - [07/Mar/2023:09:39:30 -0500] "GET /BLA/boletinlegal/consulta_actos.php?tipo=autos&no=7620&usuario=&sector=&fecha=2022&resuelve= HTTP/1.1" 200 626
172.22.2.4 - - [07/Mar/2023:09:39:30 -0500] "GET /BLA/boletinlegal/consulta_actos.php?tipo=autos&no=7620&usuario=&sector=&fecha=2022&resuelve= HTTP/1.1" 200 626
186.155.52.164 - - [07/Mar/2023:09:39:33 -0500] "POST /sipse/faces/autenticacion.xhtml HTTP/1.1" 200 2217
186.155.52.164 - - [07/Mar/2023:09:39:33 -0500] "GET /sipse/faces/javax.faces.resource/messages/messages.png?ln=primefaces&v=4.0 HTTP/1.1" 304 -
181.56.89.136 - - [07/Mar/2023:09:39:34 -0500] "POST /sipse/faces/presentacion/financiero/solicitudProceso/listarSolicitudProceso.xhtml HTTP/1.1" 200 152181
181.56.89.136 - - [07/Mar/2023:09:39:35 -0500] "GET /sipse/faces/javax.faces.resource/theme.css?ln=primefaces-sipse HTTP/1.1" 304 -
181.56.89.136 - - [07/Mar/2023:09:39:35 -0500] "GET /sipse/faces/javax.faces.resource/primefaces.css?ln=primefaces&v=4.0 HTTP/1.1" 304 -
181.56.89.136 - - [07/Mar/2023:09:39:35 -0500] "GET /sipse/faces/javax.faces.resource/layout/layout.css?ln=primefaces&v=4.0 HTTP/1.1" 304 -
181.56.89.136 - - [07/Mar/2023:09:39:35 -0500] "GET /sipse/faces/javax.faces.resource/jquery/jquery.js?ln=primefaces&v=4.0 HTTP/1.1" 304 -
181.56.89.136 - - [07/Mar/2023:09:39:35 -0500] "GET /sipse/faces/javax.faces.resource/jquery/jquery-plugins.js?ln=primefaces&v=4.0 HTTP/1.1" 304 -
181.56.89.136 - - [07/Mar/2023:09:39:35 -0500] "GET /sipse/faces/javax.faces.resource/primefaces.js?ln=primefaces&v=4.0 HTTP/1.1" 304 -
181.56.89.136 - - [07/Mar/2023:09:39:36 -0500] "GET /sipse/faces/javax.faces.resource/layout/layout.js?ln=primefaces&v=4.0 HTTP/1.1" 304 -
186.155.52.164 - - [07/Mar/2023:09:39:36 -0500] "GET /sipse/faces/javax.faces.resource/images/ui-icons_898989_256x240.png?ln=primefaces-aristo HTTP/1.1" 304 -
186.155.52.164 - - [07/Mar/2023:09:39:36 -0500] "POST /sipse/faces/autenticacion.xhtml HTTP/1.1" 200 16292
186.155.52.164 - - [07/Mar/2023:09:39:36 -0500] "GET /sipse/faces/javax.faces.resource/theme.css?ln=primefaces-sipse HTTP/1.1" 304 -
186.155.52.164 - - [07/Mar/2023:09:39:36 -0500] "GET /sipse/faces/javax.faces.resource/primefaces.css?ln=primefaces&v=4.0 HTTP/1.1" 304 -
186.155.52.164 - - [07/Mar/2023:09:39:36 -0500] "GET /sipse/faces/javax.faces.resource/layout/layout.css?ln=primefaces&v=4.0 HTTP/1.1" 304 -
186.155.52.164 - - [07/Mar/2023:09:39:36 -0500] "GET /sipse/faces/javax.faces.resource/jquery/jquery.js?ln=primefaces&v=4.0 HTTP/1.1" 304 -
186.155.52.164 - - [07/Mar/2023:09:39:36 -0500] "GET /sipse/faces/javax.faces.resource/jquery/jquery-plugins.js?ln=primefaces&v=4.0 HTTP/1.1" 304 -
186.155.52.164 - - [07/Mar/2023:09:39:36 -0500] "GET /sipse/faces/javax.faces.resource/primefaces.js?ln=primefaces&v=4.0 HTTP/1.1" 304 -
186.155.52.164 - - [07/Mar/2023:09:39:36 -0500] "GET /sipse/faces/javax.faces.resource/layout/layout.js?ln=primefaces&v=4.0 HTTP/1.1" 304 -
186.155.52.164 - - [07/Mar/2023:09:39:36 -0500] "GET /sipse/css/imagen/contrasena.png HTTP/1.1" 404 383
186.155.52.164 - - [07/Mar/2023:09:39:38 -0500] "GET /sipse/faces/javax.faces.resource/images/ui-bg_flat_0_2d5972_40x100.png?ln=primefaces-aristo HTTP/1.1" 304 -
186.155.52.164 - - [07/Mar/2023:09:39:38 -0500] "POST /sipse/faces/bienvenido.xhtml HTTP/1.1" 200 2658
186.155.52.164 - - [07/Mar/2023:09:39:39 -0500] "POST /sipse/faces/bienvenido.xhtml HTTP/1.1" 200 64484
186.155.52.164 - - [07/Mar/2023:09:39:39 -0500] "GET /sipse/faces/javax.faces.resource/theme.css?ln=primefaces-sipse HTTP/1.1" 304 -
186.155.52.164 - - [07/Mar/2023:09:39:39 -0500] "GET /sipse/faces/javax.faces.resource/primefaces.css?ln=primefaces&v=4.0 HTTP/1.1" 304 -
186.155.52.164 - - [07/Mar/2023:09:39:39 -0500] "GET /sipse/faces/javax.faces.resource/layout/layout.css?ln=primefaces&v=4.0 HTTP/1.1" 304 -
186.155.52.164 - - [07/Mar/2023:09:39:39 -0500] "GET /sipse/faces/javax.faces.resource/jquery/jquery.js?ln=primefaces&v=4.0 HTTP/1.1" 304 -
186.155.52.164 - - [07/Mar/2023:09:39:39 -0500] "GET /sipse/faces/javax.faces.resource/jquery/jquery-plugins.js?ln=primefaces&v=4.0 HTTP/1.1" 304 -
186.155.52.164 - - [07/Mar/2023:09:39:39 -0500] "GET /sipse/faces/javax.faces.resource/primefaces.js?ln=primefaces&v=4.0 HTTP/1.1" 304 -
186.155.52.164 - - [07/Mar/2023:09:39:39 -0500] "GET /sipse/faces/javax.faces.resource/layout/layout.js?ln=primefaces&v=4.0 HTTP/1.1" 304 -
186.155.52.164 - - [07/Mar/2023:09:39:39 -0500] "POST /sipse/faces/presentacion/financiero/solicitudProceso/listarSolicitudProceso.xhtml HTTP/1.1" 200 1560
201.245.192.253 - - [07/Mar/2023:09:39:39 -0500] "POST /sipse/faces/presentacion/financiero/solicitudProceso/consultarSolicitudProceso.xhtml HTTP/1.1" 200 142754
186.155.251.67 - - [07/Mar/2023:09:39:40 -0500] "GET /galeria/galeria/jquery.fancybox.css?v=2.1.5 HTTP/1.1" 200 4895
186.155.251.67 - - [07/Mar/2023:09:39:40 -0500] "GET /galeria/galeria/jquery.fancybox.js?v=2.1.5 HTTP/1.1" 200 48706
186.155.251.67 - - [07/Mar/2023:09:39:40 -0500] "GET /BLA/boletinlegal/js/jquery.scrollShow.js HTTP/1.1" 200 4586
201.245.192.253 - - [07/Mar/2023:09:39:43 -0500] "POST /sipse/faces/presentacion/financiero/solicitudProceso/consultarSolicitudProceso.xhtml HTTP/1.1" 200 5243303
201.245.192.253 - - [07/Mar/2023:09:39:49 -0500] "POST /sipse/faces/presentacion/financiero/solicitudProceso/consultarSolicitudProceso.xhtml HTTP/1.1" 200 5510
186.155.251.67 - - [07/Mar/2023:09:39:54 -0500] "GET /siipev/Diseno%20de%20Elementos%20de%20Mobiliario%20Urbano/Parte1.html? HTTP/1.1" 200 3594
186.155.251.67 - - [07/Mar/2023:09:39:55 -0500] "GET /siipev/Diseno%20de%20Elementos%20de%20Mobiliario%20Urbano/Diseno%20pertenecientes%20al%20mobiliario%20urbano%20M10-M160/Infografia/Parte1/M-10.png HTTP/1.1" 200 11175
186.155.251.67 - - [07/Mar/2023:09:39:55 -0500] "GET /siipev/Diseno%20de%20Elementos%20de%20Mobiliario%20Urbano/Diseno%20pertenecientes%20al%20mobiliario%20urbano%20M10-M160/Infografia/Parte1/M-160.png HTTP/1.1" 200 7332
172.22.2.4 - - [07/Mar/2023:09:39:58 -0500] "GET /BLA/boletinlegal/consulta_actos.php?tipo=autos&no=7717&usuario=&sector=&fecha=2022&resuelve= HTTP/1.1" 200 626
172.22.2.4 - - [07/Mar/2023:09:40:00 -0500] "GET /BLA/boletinlegal/consulta_actos.php?tipo=autos&no=7717&usuario=&sector=&fecha=2022&resuelve= HTTP/1.1" 200 626
186.28.76.144 - - [07/Mar/2023:09:40:21 -0500] "GET /inicia-la-convocatoria-2023-para-el-panel-distrital-de-cambio-climatico.html HTTP/1.1" 200 887
186.30.116.46 - - [07/Mar/2023:09:40:28 -0500] "POST /sipse/faces/presentacion/financiero/solicitudProceso/consultarSolicitudProceso.xhtml HTTP/1.1" 200 41637
186.30.116.46 - - [07/Mar/2023:09:40:29 -0500] "GET /sipse/faces/javax.faces.resource/primefaces.css?ln=primefaces&v=4.0 HTTP/1.1" 304 -
186.30.116.46 - - [07/Mar/2023:09:40:29 -0500] "GET /sipse/faces/javax.faces.resource/theme.css?ln=primefaces-sipse HTTP/1.1" 304 -
186.30.116.46 - - [07/Mar/2023:09:40:29 -0500] "GET /sipse/faces/javax.faces.resource/layout/layout.css?ln=primefaces&v=4.0 HTTP/1.1" 304 -
186.30.116.46 - - [07/Mar/2023:09:40:29 -0500] "GET /sipse/faces/javax.faces.resource/jquery/jquery-plugins.js?ln=primefaces&v=4.0 HTTP/1.1" 304 -
186.30.116.46 - - [07/Mar/2023:09:40:29 -0500] "GET /sipse/faces/javax.faces.resource/jquery/jquery.js?ln=primefaces&v=4.0 HTTP/1.1" 304 -
186.30.116.46 - - [07/Mar/2023:09:40:29 -0500] "GET /sipse/faces/javax.faces.resource/primefaces.js?ln=primefaces&v=4.0 HTTP/1.1" 304 -
186.30.116.46 - - [07/Mar/2023:09:40:29 -0500] "GET /sipse/faces/javax.faces.resource/layout/layout.js?ln=primefaces&v=4.0 HTTP/1.1" 304 -
