!C99Shell v. 1.0 pre-release build #13!

Software: Apache. PHP/5.5.15 

uname -a: Windows NT SVR-DMZ 6.1 build 7600 (Windows Server 2008 R2 Enterprise Edition) i586 

SYSTEM 

Safe-mode: OFF (not secure)

E:\nuevo\apache\logs\   drwxrwxrwx
Free 5.02 GB of 239.26 GB (2.1%)
Detected drives: [ a ] [ c ] [ d ] [ e ] [ f ]
Home    Back    Forward    UPDIR    Refresh    Search    Buffer    Encoder    Tools    Proc.    FTP brute    Sec.    SQL    PHP-code    Update    Feedback    Self remove    Logout    


Viewing file:     access.2023.03.07.log (7.97 MB)      -rw-rw-rw-
Select action/file-type:
(+) | (+) | (+) | Code (+) | Session (+) | (+) | SDB (+) | (+) | (+) | (+) | (+) | (+) |
66.249.66.6 - - [07/Mar/2023:00:01:08 -0500] "-" 408 -
201.245.192.253 - - [07/Mar/2023:00:02:43 -0500] "POST /kwsrmcab/Wsrmcab  HTTP/1.1" 200 39753
172.22.2.4 - - [07/Mar/2023:00:02:17 -0500] "HEAD /BLA/boletinlegal/ HTTP/1.1" 200 -
216.245.221.92 - - [07/Mar/2023:00:04:29 -0500] "HEAD / HTTP/1.1" 200 -
172.22.2.4 - - [07/Mar/2023:00:03:08 -0500] "GET /BLA/boletinlegal/ HTTP/1.1" 200 58297
172.22.2.4 - - [07/Mar/2023:00:04:48 -0500] "GET /BLA/boletinlegal/Circulares/2011/Circular%20No.%206%20del%2029%20de%20Julio%20de%202011.pdf HTTP/1.1" 200 262144
172.22.2.4 - - [07/Mar/2023:00:05:09 -0500] "GET /BLA/boletinlegal/Circulares/2012/Circular%20No.%2015%20del%2022%20de%20octubre%20de%202012.pdf HTTP/1.1" 200 486506
172.22.2.4 - - [07/Mar/2023:00:05:13 -0500] "GET /BLA/boletinlegal/Circulares/2012/Circular%20No.%2015%20del%2022%20de%20octubre%20de%202012.pdf HTTP/1.1" 200 486506
172.22.2.4 - - [07/Mar/2023:00:05:21 -0500] "GET /BLA/boletinlegal/Circulares/2012/Circular%20No.%2015%20del%2022%20de%20octubre%20de%202012.pdf HTTP/1.1" 200 486506
172.22.2.4 - - [07/Mar/2023:00:05:24 -0500] "GET /BLA/boletinlegal/Circulares/2012/Circular%20No.%2015%20del%2022%20de%20octubre%20de%202012.pdf HTTP/1.1" 200 486506
172.22.2.4 - - [07/Mar/2023:00:05:36 -0500] "GET /BLA/boletinlegal/Circulares/2013/Circular%20No.%204%20del%2005%20de%20junio%20de%202013.pdf HTTP/1.1" 200 130461
172.22.2.4 - - [07/Mar/2023:00:05:40 -0500] "GET /BLA/boletinlegal/Circulares/2013/Circular%20No.%204%20del%2005%20de%20junio%20de%202013.pdf HTTP/1.1" 200 130461
172.22.2.4 - - [07/Mar/2023:00:05:51 -0500] "GET /BLA/boletinlegal/Circulares/2013/Circular%20No.%204%20del%2005%20de%20junio%20de%202013.pdf HTTP/1.1" 200 130461
172.22.2.4 - - [07/Mar/2023:00:05:54 -0500] "GET /BLA/boletinlegal/Directivas/2011/Directiva%20No.%2011%20del%2027%20de%20Diciembre%20de%202011.pdf HTTP/1.1" 200 303527
217.138.11.50 - - [07/Mar/2023:00:05:57 -0500] "GET / HTTP/1.1" 200 319
172.22.2.4 - - [07/Mar/2023:00:05:58 -0500] "GET /BLA/boletinlegal/Directivas/2011/Directiva%20No.%2011%20del%2027%20de%20Diciembre%20de%202011.pdf HTTP/1.1" 200 303527
172.22.2.4 - - [07/Mar/2023:00:06:01 -0500] "GET /BLA/boletinlegal/Circulares/2013/Circular%20No.%204%20del%2005%20de%20junio%20de%202013.pdf HTTP/1.1" 200 130461
172.22.2.4 - - [07/Mar/2023:00:06:05 -0500] "GET /BLA/boletinlegal/Directivas/2011/Directiva%20No.%2011%20del%2027%20de%20Diciembre%20de%202011.pdf HTTP/1.1" 200 303527
172.22.2.4 - - [07/Mar/2023:00:06:08 -0500] "GET /BLA/boletinlegal/Directivas/2011/Directiva%20No.%2011%20del%2027%20de%20Diciembre%20de%202011.pdf HTTP/1.1" 200 303527
172.22.2.4 - - [07/Mar/2023:00:06:12 -0500] "GET /BLA/boletinlegal/Circulares/2017/Circular%20No.%202%20del%201%20de%20Septiembre%20de%202017.pdf HTTP/1.1" 200 152575
172.22.2.4 - - [07/Mar/2023:00:06:15 -0500] "GET /BLA/boletinlegal/Circulares/2017/Circular%20No.%202%20del%201%20de%20Septiembre%20de%202017.pdf HTTP/1.1" 200 152575
172.22.2.4 - - [07/Mar/2023:00:06:19 -0500] "GET /BLA/boletinlegal/Circulares/2017/Circular%20No.%202%20del%201%20de%20Septiembre%20de%202017.pdf HTTP/1.1" 200 152575
172.22.2.4 - - [07/Mar/2023:00:06:22 -0500] "GET /BLA/boletinlegal/Circulares/2017/Circular%20No.%202%20del%201%20de%20Septiembre%20de%202017.pdf HTTP/1.1" 200 152575
66.249.72.80 - - [07/Mar/2023:00:07:10 -0500] "-" 408 -
77.88.5.11 - - [07/Mar/2023:00:07:14 -0500] "-" 408 -
66.249.66.79 - - [07/Mar/2023:00:07:37 -0500] "-" 408 -
201.245.192.253 - - [07/Mar/2023:00:07:42 -0500] "POST /kwsrmcab/Wsrmcab  HTTP/1.1" 200 39753
216.245.221.92 - - [07/Mar/2023:00:09:29 -0500] "HEAD / HTTP/1.1" 200 -
172.22.2.4 - - [07/Mar/2023:00:08:07 -0500] "HEAD /BLA/boletinlegal/ HTTP/1.1" 200 -
172.22.2.4 - - [07/Mar/2023:00:08:58 -0500] "GET /BLA/boletinlegal/ HTTP/1.1" 200 52316
172.22.2.4 - - [07/Mar/2023:00:10:49 -0500] "GET /BLA/boletinlegal/Circulares/2013/Circular%20No.%202%20del%2022%20de%20enero%20de%202013.pdf HTTP/1.1" 200 85466
172.22.2.4 - - [07/Mar/2023:00:12:41 -0500] "GET /BLA/boletinlegal/robots.txt HTTP/1.1" 404 1038
201.245.192.253 - - [07/Mar/2023:00:12:42 -0500] "POST /kwsrmcab/Wsrmcab  HTTP/1.1" 200 39753
66.249.66.79 - - [07/Mar/2023:00:13:39 -0500] "-" 408 -
172.22.2.4 - - [07/Mar/2023:00:13:56 -0500] "GET /BLA/boletinlegal/styles2.css HTTP/1.1" 200 1838
172.22.2.4 - - [07/Mar/2023:00:13:57 -0500] "GET /BLA/boletinlegal/style.css HTTP/1.1" 200 9406
172.22.2.4 - - [07/Mar/2023:00:13:57 -0500] "GET /BLA/boletinlegal/niceforms-default.css HTTP/1.1" 200 6694
172.22.2.4 - - [07/Mar/2023:00:12:43 -0500] "GET /BLA/boletinlegal/ HTTP/1.1" 200 59646
216.245.221.92 - - [07/Mar/2023:00:14:29 -0500] "HEAD / HTTP/1.1" 200 -
172.22.2.4 - - [07/Mar/2023:00:15:04 -0500] "GET /BLA/boletinlegal/Circulares/2020/Circular%2000010%20del%2027%20de%20julio%20de%202020.pdf HTTP/1.1" 200 422655
172.22.2.4 - - [07/Mar/2023:00:13:57 -0500] "HEAD /BLA/boletinlegal/ HTTP/1.1" 200 -
172.22.2.4 - - [07/Mar/2023:00:14:48 -0500] "GET /BLA/boletinlegal/ HTTP/1.1" 200 59296
172.22.2.4 - - [07/Mar/2023:00:16:49 -0500] "GET /BLA/boletinlegal/Circulares/2013/Circular%20No.%206%20del%2019%20de%20julio%20de%202013.pdf HTTP/1.1" 200 4210437
172.22.2.4 - - [07/Mar/2023:00:16:53 -0500] "GET /BLA/boletinlegal/favicon.ico HTTP/1.1" 404 1326
201.245.192.253 - - [07/Mar/2023:00:17:26 -0500] "POST /kwsrmcab/Wsrmcab HTTP/1.1" 200 42229
201.245.192.253 - - [07/Mar/2023:00:17:29 -0500] "POST /kwsrmcab/Wsrmcab HTTP/1.1" 200 213
201.245.192.253 - - [07/Mar/2023:00:17:43 -0500] "POST /kwsrmcab/Wsrmcab  HTTP/1.1" 200 39753
173.252.111.116 - - [07/Mar/2023:00:17:59 -0500] "GET /images/mercados-campesinos-5-mayo.jpg HTTP/1.1" 200 95848
185.119.81.97 - - [07/Mar/2023:00:18:20 -0500] "GET /portaldeninos/wp-login.php HTTP/1.1" 200 2592
185.119.81.97 - - [07/Mar/2023:00:18:21 -0500] "POST /portaldeninos/wp-login.php HTTP/1.1" 200 3605
77.88.5.221 - - [07/Mar/2023:00:19:04 -0500] "-" 408 -
216.245.221.92 - - [07/Mar/2023:00:19:29 -0500] "HEAD / HTTP/1.1" 200 -
66.249.66.79 - - [07/Mar/2023:00:19:34 -0500] "-" 408 -
172.22.2.4 - - [07/Mar/2023:00:19:47 -0500] "HEAD /BLA/boletinlegal/ HTTP/1.1" 200 -
172.22.2.4 - - [07/Mar/2023:00:20:38 -0500] "GET /BLA/boletinlegal/ HTTP/1.1" 200 52720
186.99.247.222 - - [07/Mar/2023:00:22:29 -0500] "GET /appsia/controlador HTTP/1.1" 200 4799
186.99.247.222 - - [07/Mar/2023:00:22:29 -0500] "GET /appsia/css/estilos.css HTTP/1.1" 200 4804
186.99.247.222 - - [07/Mar/2023:00:22:29 -0500] "GET /appsia/scripts/validarIngreso.js HTTP/1.1" 200 851
186.99.247.222 - - [07/Mar/2023:00:22:29 -0500] "GET /appsia/images/logo_bogota_p.png HTTP/1.1" 200 14951
186.99.247.222 - - [07/Mar/2023:00:22:29 -0500] "GET /appsia/images/cabezoteHojaVida.png HTTP/1.1" 200 32493
201.245.192.253 - - [07/Mar/2023:00:22:42 -0500] "POST /kwsrmcab/Wsrmcab  HTTP/1.1" 200 39753
186.99.247.222 - - [07/Mar/2023:00:22:58 -0500] "POST /appsia/controlador HTTP/1.1" 200 5437
186.99.247.222 - - [07/Mar/2023:00:23:11 -0500] "POST /appsia/controlador HTTP/1.1" 200 7726
186.99.247.222 - - [07/Mar/2023:00:23:11 -0500] "GET /appsia/images/logo_escudo.png HTTP/1.1" 200 36965
172.22.2.4 - - [07/Mar/2023:00:23:45 -0500] "GET /BLA/boletinlegal/Circulares/2012/Circular%20No.%201%20del%2017%20de%20Enero%20de%202012.pdf HTTP/1.1" 200 1118749
186.99.247.222 - - [07/Mar/2023:00:23:55 -0500] "POST /appsia/controlador HTTP/1.1" 200 5437
217.182.175.162 - - [07/Mar/2023:00:24:11 -0500] "HEAD /calidad-del-aire-que-es-el-plan-de-intervencion-de-la-zona-suroccidental-pizso.html HTTP/1.1" 200 -
172.22.2.4 - - [07/Mar/2023:00:24:15 -0500] "GET /BLA/boletinlegal/actos.php HTTP/1.1" 200 9672
216.245.221.92 - - [07/Mar/2023:00:24:29 -0500] "HEAD / HTTP/1.1" 200 -
205.210.31.52 - - [07/Mar/2023:00:25:38 -0500] "GET / HTTP/1.1" 200 319
172.22.2.4 - - [07/Mar/2023:00:25:37 -0500] "HEAD /BLA/boletinlegal/ HTTP/1.1" 200 -
201.245.192.253 - - [07/Mar/2023:00:27:27 -0500] "GET /kwsrmcab/Wsrmcab?wsdl HTTP/1.1" 200 6948
201.245.192.253 - - [07/Mar/2023:00:27:27 -0500] "POST /kwsrmcab/Wsrmcab HTTP/1.1" 200 42229
181.237.252.180 - - [07/Mar/2023:00:27:29 -0500] "GET /mesa/contrasena.pdf HTTP/1.1" 200 443199
181.237.252.180 - - [07/Mar/2023:00:27:30 -0500] "GET /mesa/contrasena.pdf HTTP/1.1" 206 1
181.237.252.180 - - [07/Mar/2023:00:27:30 -0500] "GET /mesa/contrasena.pdf HTTP/1.1" 206 1391
201.245.192.253 - - [07/Mar/2023:00:27:29 -0500] "POST /kwsrmcab/Wsrmcab HTTP/1.1" 200 213
201.245.192.253 - - [07/Mar/2023:00:27:39 -0500] "POST /kwsrmcab/Wsrmcab  HTTP/1.1" 200 39753
172.22.2.4 - - [07/Mar/2023:00:27:45 -0500] "GET /BLA/boletinlegal/Circulares/2011/Circular%20No.%205%20del%2012%20de%20Agosto%20de%202011.pdf HTTP/1.1" 200 431796
172.22.2.4 - - [07/Mar/2023:00:26:28 -0500] "GET /BLA/boletinlegal/ HTTP/1.1" 200 57551
66.249.66.45 - - [07/Mar/2023:00:28:18 -0500] "-" 408 -
186.84.21.114 - - [07/Mar/2023:00:28:23 -0500] "GET /sipse/faces/index.xhtml HTTP/1.1" 200 677
186.84.21.114 - - [07/Mar/2023:00:28:23 -0500] "GET /sipse/faces/javax.faces.resource/theme.css?ln=primefaces-sipse HTTP/1.1" 304 -
186.84.21.114 - - [07/Mar/2023:00:28:24 -0500] "GET /sipse/faces/faces/autenticacion.xhtml HTTP/1.1" 200 12175
186.84.21.114 - - [07/Mar/2023:00:28:24 -0500] "GET /sipse/faces/javax.faces.resource/theme.css?ln=primefaces-sipse HTTP/1.1" 304 -
186.84.21.114 - - [07/Mar/2023:00:28:24 -0500] "GET /sipse/faces/javax.faces.resource/primefaces.css?ln=primefaces&v=4.0 HTTP/1.1" 304 -
186.84.21.114 - - [07/Mar/2023:00:28:24 -0500] "GET /sipse/faces/javax.faces.resource/layout/layout.css?ln=primefaces&v=4.0 HTTP/1.1" 304 -
186.84.21.114 - - [07/Mar/2023:00:28:24 -0500] "GET /sipse/faces/javax.faces.resource/jquery/jquery.js?ln=primefaces&v=4.0 HTTP/1.1" 304 -
186.84.21.114 - - [07/Mar/2023:00:28:24 -0500] "GET /sipse/faces/javax.faces.resource/jquery/jquery-plugins.js?ln=primefaces&v=4.0 HTTP/1.1" 304 -
186.84.21.114 - - [07/Mar/2023:00:28:24 -0500] "GET /sipse/faces/javax.faces.resource/primefaces.js?ln=primefaces&v=4.0 HTTP/1.1" 304 -
186.84.21.114 - - [07/Mar/2023:00:28:24 -0500] "GET /sipse/faces/javax.faces.resource/layout/layout.js?ln=primefaces&v=4.0 HTTP/1.1" 304 -
186.84.21.114 - - [07/Mar/2023:00:28:24 -0500] "GET /sipse/faces/javax.faces.resource/images/ui-icons_898989_256x240.png?ln=primefaces-aristo HTTP/1.1" 304 -
186.84.21.114 - - [07/Mar/2023:00:28:27 -0500] "POST /sipse/faces/autenticacion.xhtml HTTP/1.1" 200 2220
186.84.21.114 - - [07/Mar/2023:00:28:28 -0500] "GET /sipse/faces/javax.faces.resource/messages/messages.png?ln=primefaces&v=4.0 HTTP/1.1" 304 -
186.84.21.114 - - [07/Mar/2023:00:28:29 -0500] "POST /sipse/faces/autenticacion.xhtml HTTP/1.1" 200 16325
186.84.21.114 - - [07/Mar/2023:00:28:29 -0500] "GET /sipse/faces/javax.faces.resource/theme.css?ln=primefaces-sipse HTTP/1.1" 304 -
186.84.21.114 - - [07/Mar/2023:00:28:29 -0500] "GET /sipse/faces/javax.faces.resource/layout/layout.css?ln=primefaces&v=4.0 HTTP/1.1" 304 -
186.84.21.114 - - [07/Mar/2023:00:28:29 -0500] "GET /sipse/faces/javax.faces.resource/primefaces.css?ln=primefaces&v=4.0 HTTP/1.1" 304 -
186.84.21.114 - - [07/Mar/2023:00:28:29 -0500] "GET /sipse/faces/javax.faces.resource/jquery/jquery.js?ln=primefaces&v=4.0 HTTP/1.1" 304 -
186.84.21.114 - - [07/Mar/2023:00:28:29 -0500] "GET /sipse/faces/javax.faces.resource/jquery/jquery-plugins.js?ln=primefaces&v=4.0 HTTP/1.1" 304 -
186.84.21.114 - - [07/Mar/2023:00:28:29 -0500] "GET /sipse/faces/javax.faces.resource/primefaces.js?ln=primefaces&v=4.0 HTTP/1.1" 304 -
186.84.21.114 - - [07/Mar/2023:00:28:29 -0500] "GET /sipse/faces/javax.faces.resource/layout/layout.js?ln=primefaces&v=4.0 HTTP/1.1" 304 -
186.84.21.114 - - [07/Mar/2023:00:28:29 -0500] "GET /sipse/css/imagen/contrasena.png HTTP/1.1" 404 383
186.84.21.114 - - [07/Mar/2023:00:28:31 -0500] "GET /sipse/faces/javax.faces.resource/images/ui-bg_flat_0_2d5972_40x100.png?ln=primefaces-aristo HTTP/1.1" 304 -
186.84.21.114 - - [07/Mar/2023:00:28:31 -0500] "POST /sipse/faces/bienvenido.xhtml HTTP/1.1" 200 2658
186.84.21.114 - - [07/Mar/2023:00:28:32 -0500] "POST /sipse/faces/bienvenido.xhtml HTTP/1.1" 200 64648
186.84.21.114 - - [07/Mar/2023:00:28:33 -0500] "GET /sipse/faces/javax.faces.resource/layout/layout.css?ln=primefaces&v=4.0 HTTP/1.1" 304 -
186.84.21.114 - - [07/Mar/2023:00:28:33 -0500] "GET /sipse/faces/javax.faces.resource/theme.css?ln=primefaces-sipse HTTP/1.1" 304 -
186.84.21.114 - - [07/Mar/2023:00:28:33 -0500] "GET /sipse/faces/javax.faces.resource/primefaces.css?ln=primefaces&v=4.0 HTTP/1.1" 304 -
186.84.21.114 - - [07/Mar/2023:00:28:33 -0500] "GET /sipse/faces/javax.faces.resource/jquery/jquery.js?ln=primefaces&v=4.0 HTTP/1.1" 304 -
186.84.21.114 - - [07/Mar/2023:00:28:33 -0500] "GET /sipse/faces/javax.faces.resource/jquery/jquery-plugins.js?ln=primefaces&v=4.0 HTTP/1.1" 304 -
186.84.21.114 - - [07/Mar/2023:00:28:33 -0500] "GET /sipse/faces/javax.faces.resource/primefaces.js?ln=primefaces&v=4.0 HTTP/1.1" 304 -
186.84.21.114 - - [07/Mar/2023:00:28:33 -0500] "GET /sipse/faces/javax.faces.resource/layout/layout.js?ln=primefaces&v=4.0 HTTP/1.1" 304 -
186.84.21.114 - - [07/Mar/2023:00:28:33 -0500] "POST /sipse/faces/presentacion/financiero/solicitudProceso/listarSolicitudProceso.xhtml HTTP/1.1" 200 1560
186.84.21.114 - - [07/Mar/2023:00:28:36 -0500] "POST /sipse/faces/presentacion/financiero/solicitudProceso/listarSolicitudProceso.xhtml HTTP/1.1" 200 34027
186.84.21.114 - - [07/Mar/2023:00:28:37 -0500] "POST /sipse/faces/presentacion/financiero/solicitudProceso/listarSolicitudProceso.xhtml HTTP/1.1" 200 7431
186.84.21.114 - - [07/Mar/2023:00:28:41 -0500] "POST /sipse/faces/presentacion/financiero/solicitudProceso/listarSolicitudProceso.xhtml HTTP/1.1" 200 157239
186.84.21.114 - - [07/Mar/2023:00:28:42 -0500] "GET /sipse/faces/javax.faces.resource/theme.css?ln=primefaces-sipse HTTP/1.1" 304 -
186.84.21.114 - - [07/Mar/2023:00:28:42 -0500] "GET /sipse/faces/javax.faces.resource/layout/layout.css?ln=primefaces&v=4.0 HTTP/1.1" 304 -
186.84.21.114 - - [07/Mar/2023:00:28:42 -0500] "GET /sipse/faces/javax.faces.resource/primefaces.css?ln=primefaces&v=4.0 HTTP/1.1" 304 -
186.84.21.114 - - [07/Mar/2023:00:28:43 -0500] "GET /sipse/faces/javax.faces.resource/jquery/jquery.js?ln=primefaces&v=4.0 HTTP/1.1" 304 -
186.84.21.114 - - [07/Mar/2023:00:28:43 -0500] "GET /sipse/faces/javax.faces.resource/jquery/jquery-plugins.js?ln=primefaces&v=4.0 HTTP/1.1" 304 -
186.84.21.114 - - [07/Mar/2023:00:28:43 -0500] "GET /sipse/faces/javax.faces.resource/primefaces.js?ln=primefaces&v=4.0 HTTP/1.1" 304 -
186.84.21.114 - - [07/Mar/2023:00:28:43 -0500] "GET /sipse/faces/javax.faces.resource/layout/layout.js?ln=primefaces&v=4.0 HTTP/1.1" 304 -
93.158.161.49 - - [07/Mar/2023:00:29:04 -0500] "-" 408 -
172.22.2.4 - - [07/Mar/2023:00:29:24 -0500] "GET /BLA/boletinlegal/.env HTTP/1.1" 404 1018
216.245.221.92 - - [07/Mar/2023:00:29:29 -0500] "HEAD / HTTP/1.1" 200 -
172.22.2.4 - - [07/Mar/2023:00:30:02 -0500] "GET /BLA/boletinlegal/Circulares/2012/Circular%20No.%2011%20del%2027%20de%20Agosto%20de%202012.pdf HTTP/1.1" 304 -
172.22.2.4 - - [07/Mar/2023:00:30:04 -0500] "GET /BLA/boletinlegal/actos.php HTTP/1.1" 200 9672
201.221.172.145 - - [07/Mar/2023:00:30:04 -0500] "GET /galeria/galeria/jquery.fancybox.css?v=2.1.5 HTTP/1.1" 200 4895
201.221.172.145 - - [07/Mar/2023:00:30:04 -0500] "GET /galeria/galeria/jquery.fancybox.js?v=2.1.5 HTTP/1.1" 200 48706
201.221.172.145 - - [07/Mar/2023:00:30:04 -0500] "GET /BLA/boletinlegal/js/jquery.scrollShow.js HTTP/1.1" 200 4586
157.90.251.233 - - [07/Mar/2023:00:31:31 -0500] "GET / HTTP/1.1" 200 319
157.90.251.233 - - [07/Mar/2023:00:31:32 -0500] "GET / HTTP/1.1" 200 4720
172.22.2.4 - - [07/Mar/2023:00:31:49 -0500] "GET /BLA/boletinlegal/actos.php HTTP/1.1" 200 9672
172.22.2.4 - - [07/Mar/2023:00:31:51 -0500] "GET /BLA/boletinlegal/actos.php HTTP/1.1" 200 9672
52.167.144.67 - - [07/Mar/2023:00:31:56 -0500] "GET /appsia/controlador HTTP/1.1" 200 4799
172.22.2.4 - - [07/Mar/2023:00:32:34 -0500] "GET /BLA/boletinlegal/actos.php HTTP/1.1" 200 9672
201.245.192.253 - - [07/Mar/2023:00:32:39 -0500] "POST /kwsrmcab/Wsrmcab  HTTP/1.1" 200 14501
172.22.2.4 - - [07/Mar/2023:00:31:27 -0500] "HEAD /BLA/boletinlegal/ HTTP/1.1" 200 -
172.22.2.4 - - [07/Mar/2023:00:33:15 -0500] "GET /BLA/boletinlegal/actos.php HTTP/1.1" 200 9672
172.22.2.4 - - [07/Mar/2023:00:33:46 -0500] "GET /BLA/boletinlegal/Circulares/2012/Circular%20No.%2010%20del%2026%20de%20Enero%20de%202012.pdf HTTP/1.1" 404 1038
201.245.192.253 - - [07/Mar/2023:00:33:47 -0500] "POST /kwsrmcab/Wsrmcab  HTTP/1.1" 200 39753
172.22.2.4 - - [07/Mar/2023:00:33:52 -0500] "GET /BLA/boletinlegal/Circulares/2020/CIRCULAR%20No.%2000014%20del%2001%20de%20septiembre%20del%202020.pdf HTTP/1.1" 200 320826
172.22.2.4 - - [07/Mar/2023:00:32:18 -0500] "GET /BLA/boletinlegal/ HTTP/1.1" 200 52316
216.245.221.92 - - [07/Mar/2023:00:34:29 -0500] "HEAD / HTTP/1.1" 200 -
201.245.192.253 - - [07/Mar/2023:00:34:49 -0500] "POST /kwsrmcab/Wsrmcab  HTTP/1.1" 200 39753
185.119.81.97 - - [07/Mar/2023:00:35:02 -0500] "GET /portaldeninos/wp-login.php HTTP/1.1" 200 2592
185.119.81.97 - - [07/Mar/2023:00:35:02 -0500] "POST /portaldeninos/wp-login.php HTTP/1.1" 200 3605
172.22.2.4 - - [07/Mar/2023:00:35:30 -0500] "GET /BLA/boletinlegal/actos.php HTTP/1.1" 200 9672
172.22.2.4 - - [07/Mar/2023:00:35:31 -0500] "GET /BLA/boletinlegal/jurisprudencia/analisis/AnalisisT-606-15.docx HTTP/1.1" 200 26698
172.22.2.4 - - [07/Mar/2023:00:35:31 -0500] "GET /BLA/boletinlegal/apple-touch-icon-120x120-precomposed.png HTTP/1.1" 404 1140
172.22.2.4 - - [07/Mar/2023:00:35:31 -0500] "GET /BLA/boletinlegal/apple-touch-icon-120x120.png HTTP/1.1" 404 1140
172.22.2.4 - - [07/Mar/2023:00:35:31 -0500] "GET /BLA/boletinlegal/apple-touch-icon-precomposed.png HTTP/1.1" 404 1140
172.22.2.4 - - [07/Mar/2023:00:35:31 -0500] "GET /BLA/boletinlegal/apple-touch-icon.png HTTP/1.1" 404 1140
172.22.2.4 - - [07/Mar/2023:00:35:31 -0500] "GET /BLA/boletinlegal/favicon.ico HTTP/1.1" 404 1140
172.22.2.4 - - [07/Mar/2023:00:35:31 -0500] "GET /BLA/boletinlegal/apple-touch-icon-120x120-precomposed.png HTTP/1.1" 404 1140
172.22.2.4 - - [07/Mar/2023:00:35:31 -0500] "GET /BLA/boletinlegal/apple-touch-icon-120x120.png HTTP/1.1" 404 1140
172.22.2.4 - - [07/Mar/2023:00:35:31 -0500] "GET /BLA/boletinlegal/apple-touch-icon-precomposed.png HTTP/1.1" 404 1140
172.22.2.4 - - [07/Mar/2023:00:35:32 -0500] "GET /BLA/boletinlegal/apple-touch-icon.png HTTP/1.1" 404 1140
172.22.2.4 - - [07/Mar/2023:00:35:32 -0500] "GET /BLA/boletinlegal/favicon.ico HTTP/1.1" 404 1140
66.249.66.79 - - [07/Mar/2023:00:36:28 -0500] "-" 408 -
201.245.192.253 - - [07/Mar/2023:00:37:26 -0500] "POST /kwsrmcab/Wsrmcab HTTP/1.1" 200 42229
201.245.192.253 - - [07/Mar/2023:00:37:29 -0500] "POST /kwsrmcab/Wsrmcab HTTP/1.1" 200 213
52.167.144.178 - - [07/Mar/2023:00:38:01 -0500] "GET /inscribete-y-participa-en-las-caminatas-ecologicas-de-marzo.html HTTP/1.1" 200 924
172.22.2.4 - - [07/Mar/2023:00:37:17 -0500] "HEAD /BLA/boletinlegal/ HTTP/1.1" 200 -
93.158.161.34 - - [07/Mar/2023:00:39:04 -0500] "-" 408 -
216.245.221.92 - - [07/Mar/2023:00:39:29 -0500] "HEAD / HTTP/1.1" 200 -
172.22.2.4 - - [07/Mar/2023:00:39:47 -0500] "GET /BLA/boletinlegal/Circulares/2017/Circular%20No.%2007%20del%2028%20de%20Abril%20de%202017.pdf HTTP/1.1" 200 309906
172.22.2.4 - - [07/Mar/2023:00:38:08 -0500] "GET /BLA/boletinlegal/ HTTP/1.1" 200 55561
201.245.192.253 - - [07/Mar/2023:00:39:47 -0500] "POST /kwsrmcab/Wsrmcab  HTTP/1.1" 200 39753
173.252.83.23 - - [07/Mar/2023:00:41:15 -0500] "GET /images/IMG_3028%20(1).jpg HTTP/1.1" 200 435206
66.249.66.79 - - [07/Mar/2023:00:42:06 -0500] "-" 408 -
186.84.20.239 - - [07/Mar/2023:00:44:22 -0500] "GET /inscribete-y-participa-en-las-caminatas-ecologicas-de-marzo.html HTTP/1.1" 200 924
216.245.221.92 - - [07/Mar/2023:00:44:29 -0500] "HEAD / HTTP/1.1" 200 -
201.245.192.253 - - [07/Mar/2023:00:44:44 -0500] "POST /kwsrmcab/Wsrmcab  HTTP/1.1" 200 39753
172.22.2.4 - - [07/Mar/2023:00:43:07 -0500] "HEAD /BLA/boletinlegal/ HTTP/1.1" 200 -
52.167.144.67 - - [07/Mar/2023:00:45:18 -0500] "GET /BLA/resoluciones/RESOLUCIONES%202010/4632.pdf HTTP/1.1" 200 381703
172.22.2.4 - - [07/Mar/2023:00:43:58 -0500] "GET /BLA/boletinlegal/ HTTP/1.1" 200 54798
40.77.167.98 - - [07/Mar/2023:00:47:18 -0500] "GET /BLA/resoluciones/AUTOS%202022/6809.pdf HTTP/1.1" 200 394971
66.249.66.79 - - [07/Mar/2023:00:48:02 -0500] "-" 408 -
172.22.2.4 - - [07/Mar/2023:00:48:34 -0500] "GET /BLA/boletinlegal/jurisprudencia/analisis/Analisis%20Jurisprudencia%20Sent%202000-00005-01.doc HTTP/1.1" 304 -
216.245.221.92 - - [07/Mar/2023:00:49:29 -0500] "HEAD / HTTP/1.1" 200 -
201.245.192.253 - - [07/Mar/2023:00:49:42 -0500] "POST /kwsrmcab/Wsrmcab  HTTP/1.1" 200 39753
172.22.2.4 - - [07/Mar/2023:00:49:52 -0500] "GET /BLA/boletinlegal/robots.txt HTTP/1.1" 404 1038
172.22.2.4 - - [07/Mar/2023:00:49:54 -0500] "GET /BLA/boletinlegal/ads.txt HTTP/1.1" 404 1038
172.22.2.4 - - [07/Mar/2023:00:50:00 -0500] "GET /BLA/boletinlegal/Directivas/2013/Directiva%20No.%201%20del%2004%20de%20Abril%20de%202013.pdf HTTP/1.1" 200 472003
172.22.2.4 - - [07/Mar/2023:00:48:51 -0500] "GET /BLA/boletinlegal/ HTTP/1.1" 200 45003
172.22.2.4 - - [07/Mar/2023:00:48:57 -0500] "HEAD /BLA/boletinlegal/ HTTP/1.1" 200 -
64.124.8.31 - - [07/Mar/2023:00:50:28 -0500] "GET /BLA/boletinlegal/ HTTP/1.1" 200 16331
172.22.2.4 - - [07/Mar/2023:00:49:55 -0500] "GET /BLA/boletinlegal/index.php HTTP/1.1" 200 36811
172.22.2.4 - - [07/Mar/2023:00:49:48 -0500] "GET /BLA/boletinlegal/ HTTP/1.1" 200 44055
66.249.72.77 - - [07/Mar/2023:00:51:55 -0500] "-" 408 -
93.158.161.68 - - [07/Mar/2023:00:52:24 -0500] "-" 408 -
66.249.66.79 - - [07/Mar/2023:00:53:58 -0500] "-" 408 -
216.245.221.92 - - [07/Mar/2023:00:54:29 -0500] "HEAD / HTTP/1.1" 200 -
66.249.72.80 - - [07/Mar/2023:00:54:32 -0500] "-" 408 -
201.245.192.253 - - [07/Mar/2023:00:54:40 -0500] "POST /kwsrmcab/Wsrmcab  HTTP/1.1" 200 39753
172.22.2.4 - - [07/Mar/2023:00:54:47 -0500] "HEAD /BLA/boletinlegal/ HTTP/1.1" 200 -
172.22.2.4 - - [07/Mar/2023:00:57:01 -0500] "GET /BLA/boletinlegal/robots.txt HTTP/1.1" 404 1038
172.22.2.4 - - [07/Mar/2023:00:55:38 -0500] "GET /BLA/boletinlegal/ HTTP/1.1" 200 54414
52.167.144.67 - - [07/Mar/2023:00:57:20 -0500] "GET /bla/resoluciones/autos%202014/6793.pdf HTTP/1.1" 200 524534
66.249.72.73 - - [07/Mar/2023:00:57:59 -0500] "-" 408 -
216.245.221.92 - - [07/Mar/2023:00:59:29 -0500] "HEAD / HTTP/1.1" 200 -
185.180.143.138 - - [07/Mar/2023:00:59:36 -0500] "GET / HTTP/1.1" 200 319
66.249.66.79 - - [07/Mar/2023:00:59:37 -0500] "-" 408 -
52.167.144.67 - - [07/Mar/2023:00:59:40 -0500] "GET /sipse/faces/index.xhtml HTTP/1.1" 200 677
201.245.192.253 - - [07/Mar/2023:00:59:38 -0500] "POST /kwsrmcab/Wsrmcab  HTTP/1.1" 200 39753
172.22.2.4 - - [07/Mar/2023:01:00:37 -0500] "HEAD /BLA/boletinlegal/ HTTP/1.1" 200 -
172.22.2.4 - - [07/Mar/2023:01:03:01 -0500] "GET /BLA/boletinlegal/Directivas/2011/Directiva%20No.%205%20del%2029%20de%20Agosto%20de%202011.pdf HTTP/1.1" 200 444404
172.22.2.4 - - [07/Mar/2023:01:01:28 -0500] "GET /BLA/boletinlegal/ HTTP/1.1" 200 59296
35.204.11.149 - - [07/Mar/2023:01:03:17 -0500] "GET /inventario-de-emisiones-2020-transporte-publico-sitp-redujo-emisiones-de-pm-2-5-en-un-37.html HTTP/1.1" 200 925
93.158.161.41 - - [07/Mar/2023:01:03:56 -0500] "-" 408 -
35.204.147.253 - - [07/Mar/2023:01:04:21 -0500] "GET /inventario-de-emisiones-2020-transporte-publico-sitp-redujo-emisiones-de-pm-2-5-en-un-37.html HTTP/1.1" 200 925
216.245.221.92 - - [07/Mar/2023:01:04:29 -0500] "HEAD / HTTP/1.1" 200 -
201.245.192.253 - - [07/Mar/2023:01:04:36 -0500] "POST /kwsrmcab/Wsrmcab  HTTP/1.1" 200 39753
5.78.46.83 - - [07/Mar/2023:01:05:36 -0500] "GET /lideres-de-bogota-circular-se-reunieron-para-seguir-construyendo-una-ciudad-mas-sostenible.html HTTP/1.1" 200 928
66.249.66.79 - - [07/Mar/2023:01:06:09 -0500] "-" 408 -
52.167.144.40 - - [07/Mar/2023:01:07:24 -0500] "GET /BLA/resoluciones/RESOLUCIONES%202021/2903.pdf HTTP/1.1" 304 -
152.61.192.232 - - [07/Mar/2023:01:07:52 -0500] "GET / HTTP/1.1" 200 319
172.22.2.4 - - [07/Mar/2023:01:08:01 -0500] "GET /BLA/boletinlegal/Directivas/2017/Directiva%20No.%2001%20del%2017%20de%20Enero%20de%202017.pdf HTTP/1.1" 200 2804310
172.22.2.4 - - [07/Mar/2023:01:06:27 -0500] "HEAD /BLA/boletinlegal/ HTTP/1.1" 200 -
157.55.39.217 - - [07/Mar/2023:01:08:48 -0500] "GET / HTTP/1.1" 200 319
45.128.232.112 - - [07/Mar/2023:01:08:50 -0500] "CONNECT google.com:443 HTTP/1.1" 405 938
172.22.2.4 - - [07/Mar/2023:01:08:52 -0500] "GET /BLA/boletinlegal/actos.php HTTP/1.1" 200 9672
172.22.2.4 - - [07/Mar/2023:01:07:18 -0500] "GET /BLA/boletinlegal/ HTTP/1.1" 200 57551
172.22.2.4 - - [07/Mar/2023:01:09:16 -0500] "GET /BLA/boletinlegal/actos.php HTTP/1.1" 200 9672
216.245.221.92 - - [07/Mar/2023:01:09:29 -0500] "HEAD / HTTP/1.1" 200 -
201.245.192.253 - - [07/Mar/2023:01:09:35 -0500] "POST /kwsrmcab/Wsrmcab  HTTP/1.1" 200 39753
17.246.23.180 - - [07/Mar/2023:01:09:48 -0500] "-" 408 -
172.22.2.4 - - [07/Mar/2023:01:08:39 -0500] "GET /BLA/boletinlegal/ HTTP/1.1" 200 60084
172.22.2.4 - - [07/Mar/2023:01:12:17 -0500] "HEAD /BLA/boletinlegal/ HTTP/1.1" 200 -
172.22.2.4 - - [07/Mar/2023:01:14:09 -0500] "GET /BLA/boletinlegal/Circulares/2019/Circular%2000018%20del%2020%20de%20noviembre%20de%202019.pdf HTTP/1.1" 200 158030
216.245.221.92 - - [07/Mar/2023:01:14:29 -0500] "HEAD / HTTP/1.1" 200 -
201.245.192.253 - - [07/Mar/2023:01:14:33 -0500] "POST /kwsrmcab/Wsrmcab  HTTP/1.1" 200 39753
172.22.2.4 - - [07/Mar/2023:01:13:08 -0500] "GET /BLA/boletinlegal/ HTTP/1.1" 200 57551
93.158.161.42 - - [07/Mar/2023:01:15:51 -0500] "-" 408 -
35.204.207.154 - - [07/Mar/2023:01:15:54 -0500] "GET /inventario-de-emisiones-2020-transporte-publico-sitp-redujo-emisiones-de-pm-2-5-en-un-37.html HTTP/1.1" 200 925
66.249.72.76 - - [07/Mar/2023:01:16:59 -0500] "-" 408 -
34.141.168.74 - - [07/Mar/2023:01:17:16 -0500] "GET /inventario-de-emisiones-2020-transporte-publico-sitp-redujo-emisiones-de-pm-2-5-en-un-37.html HTTP/1.1" 200 925
35.204.207.154 - - [07/Mar/2023:01:17:25 -0500] "GET /inventario-de-emisiones-2020-transporte-publico-sitp-redujo-emisiones-de-pm-2-5-en-un-37.html HTTP/1.1" 200 925
201.245.192.253 - - [07/Mar/2023:01:17:26 -0500] "POST /kwsrmcab/Wsrmcab HTTP/1.1" 200 42211
201.245.192.253 - - [07/Mar/2023:01:17:30 -0500] "POST /kwsrmcab/Wsrmcab HTTP/1.1" 200 213
216.245.221.92 - - [07/Mar/2023:01:19:29 -0500] "HEAD / HTTP/1.1" 200 -
201.245.192.253 - - [07/Mar/2023:01:19:32 -0500] "POST /kwsrmcab/Wsrmcab  HTTP/1.1" 200 39753
152.61.128.50 - - [07/Mar/2023:01:19:43 -0500] "GET / HTTP/1.1" 200 319
172.22.2.4 - - [07/Mar/2023:01:18:07 -0500] "HEAD /BLA/boletinlegal/ HTTP/1.1" 200 -
172.22.2.4 - - [07/Mar/2023:01:20:10 -0500] "GET /BLA/boletinlegal/Directivas/2016/Directiva%20No.%2003%20del%2026%20de%20Julio%20de%202016.pdf HTTP/1.1" 200 370200
172.22.2.4 - - [07/Mar/2023:01:18:58 -0500] "GET /BLA/boletinlegal/ HTTP/1.1" 200 59296
172.22.2.4 - - [07/Mar/2023:01:22:57 -0500] "GET /BLA/boletinlegal/Directivas/2017/Directiva%20No.%2005%20del%2013%20de%20Junio%20de%202017.pdf HTTP/1.1" 304 -
216.245.221.92 - - [07/Mar/2023:01:24:29 -0500] "HEAD / HTTP/1.1" 200 -
201.245.192.253 - - [07/Mar/2023:01:24:32 -0500] "POST /kwsrmcab/Wsrmcab  HTTP/1.1" 200 39753
172.22.2.4 - - [07/Mar/2023:01:25:10 -0500] "GET /BLA/boletinlegal/Directivas/2017/Directiva%20No.%2005%20del%2013%20de%20Junio%20de%202017.pdf HTTP/1.1" 200 853105
172.22.2.4 - - [07/Mar/2023:01:23:57 -0500] "HEAD /BLA/boletinlegal/ HTTP/1.1" 200 -
172.22.2.4 - - [07/Mar/2023:01:24:48 -0500] "GET /BLA/boletinlegal/ HTTP/1.1" 200 53551
93.158.161.56 - - [07/Mar/2023:01:26:32 -0500] "-" 408 -
201.245.192.253 - - [07/Mar/2023:01:27:26 -0500] "POST /kwsrmcab/Wsrmcab HTTP/1.1" 200 42211
201.245.192.253 - - [07/Mar/2023:01:27:29 -0500] "POST /kwsrmcab/Wsrmcab HTTP/1.1" 200 213
162.55.175.144 - - [07/Mar/2023:01:27:53 -0500] "GET / HTTP/1.1" 200 4720
162.55.175.144 - - [07/Mar/2023:01:27:56 -0500] "GET / HTTP/1.1" 200 319
162.55.170.174 - - [07/Mar/2023:01:28:05 -0500] "GET / HTTP/1.1" 200 319
162.55.170.174 - - [07/Mar/2023:01:28:05 -0500] "GET / HTTP/1.1" 200 4720
192.241.195.46 - - [07/Mar/2023:01:29:22 -0500] "GET /portal/redlion HTTP/1.1" 404 1018
192.241.206.10 - - [07/Mar/2023:01:29:23 -0500] "GET /actuator/health HTTP/1.1" 404 1018
216.245.221.92 - - [07/Mar/2023:01:29:29 -0500] "HEAD / HTTP/1.1" 200 -
201.245.192.253 - - [07/Mar/2023:01:29:32 -0500] "POST /kwsrmcab/Wsrmcab  HTTP/1.1" 200 39753
66.249.66.81 - - [07/Mar/2023:01:31:09 -0500] "-" 408 -
172.22.2.4 - - [07/Mar/2023:01:31:11 -0500] "GET /BLA/boletinlegal/Directivas/2016/Directiva%20No.%2002%20del%2019%20de%20Abril%20de%202016.pdf HTTP/1.1" 200 11898321
172.22.2.4 - - [07/Mar/2023:01:29:47 -0500] "HEAD /BLA/boletinlegal/ HTTP/1.1" 200 -
172.22.2.4 - - [07/Mar/2023:01:30:38 -0500] "GET /BLA/boletinlegal/ HTTP/1.1" 200 57551
45.170.210.140 - - [07/Mar/2023:01:34:21 -0500] "-" 408 -
216.245.221.92 - - [07/Mar/2023:01:34:29 -0500] "HEAD / HTTP/1.1" 200 -
201.245.192.253 - - [07/Mar/2023:01:34:31 -0500] "POST /kwsrmcab/Wsrmcab  HTTP/1.1" 200 39753
172.22.2.4 - - [07/Mar/2023:01:35:37 -0500] "HEAD /BLA/boletinlegal/ HTTP/1.1" 200 -
201.245.192.253 - - [07/Mar/2023:01:37:26 -0500] "POST /kwsrmcab/Wsrmcab HTTP/1.1" 200 42211
201.245.192.253 - - [07/Mar/2023:01:37:29 -0500] "POST /kwsrmcab/Wsrmcab HTTP/1.1" 200 213
172.22.2.4 - - [07/Mar/2023:01:36:28 -0500] "GET /BLA/boletinlegal/ HTTP/1.1" 200 57935
31.13.127.34 - - [07/Mar/2023:01:38:40 -0500] "GET /images/calidad-del-aire-suroccidental_optimized.jpeg HTTP/1.1" 200 175446
216.245.221.92 - - [07/Mar/2023:01:39:29 -0500] "HEAD / HTTP/1.1" 200 -
201.245.192.253 - - [07/Mar/2023:01:39:31 -0500] "POST /kwsrmcab/Wsrmcab  HTTP/1.1" 200 39753
77.88.5.6 - - [07/Mar/2023:01:40:04 -0500] "-" 408 -
172.22.2.4 - - [07/Mar/2023:01:40:13 -0500] "GET /BLA/boletinlegal/Directivas/2015/Directiva%20No.%2001%20del%2014%20de%20Enero%20de%202015.pdf HTTP/1.1" 200 1416322
64.124.8.47 - - [07/Mar/2023:01:40:47 -0500] "GET /portaldeninos/contactanos/ HTTP/1.1" 200 88135
172.22.2.4 - - [07/Mar/2023:01:41:27 -0500] "HEAD /BLA/boletinlegal/ HTTP/1.1" 200 -
172.22.2.4 - - [07/Mar/2023:01:43:13 -0500] "GET /BLA/boletinlegal/Circulares/2019/Circular%20No.%200003%20del%2031%20de%20Enero%20de%202019.pdf HTTP/1.1" 304 -
172.22.2.4 - - [07/Mar/2023:01:42:18 -0500] "GET /BLA/boletinlegal/ HTTP/1.1" 200 57551
34.141.199.200 - - [07/Mar/2023:01:44:17 -0500] "GET /inventario-de-emisiones-2020-transporte-publico-sitp-redujo-emisiones-de-pm-2-5-en-un-37.html HTTP/1.1" 200 925
216.245.221.92 - - [07/Mar/2023:01:44:29 -0500] "HEAD / HTTP/1.1" 200 -
201.245.192.253 - - [07/Mar/2023:01:44:30 -0500] "POST /kwsrmcab/Wsrmcab  HTTP/1.1" 200 39753
35.204.147.253 - - [07/Mar/2023:01:45:35 -0500] "GET /inventario-de-emisiones-2020-transporte-publico-sitp-redujo-emisiones-de-pm-2-5-en-un-37.html HTTP/1.1" 200 925
34.141.168.74 - - [07/Mar/2023:01:47:24 -0500] "GET /inventario-de-emisiones-2020-transporte-publico-sitp-redujo-emisiones-de-pm-2-5-en-un-37.html HTTP/1.1" 200 925
66.249.66.79 - - [07/Mar/2023:01:47:30 -0500] "-" 408 -
172.22.2.4 - - [07/Mar/2023:01:48:13 -0500] "GET /BLA/boletinlegal/Circulares/2013/Circular%20No.%208%20del%201%20de%20Noviembre%20de%202013.pdf HTTP/1.1" 200 385156
172.22.2.4 - - [07/Mar/2023:01:47:48 -0500] "GET /BLA/boletinlegal/ HTTP/1.1" 200 20427
31.13.103.15 - - [07/Mar/2023:01:48:28 -0500] "GET /images/calidad-del-aire-suroccidental_optimized.jpeg HTTP/1.1" 200 175446
172.22.2.4 - - [07/Mar/2023:01:48:38 -0500] "GET /BLA/boletinlegal/actos.php HTTP/1.1" 200 9672
172.22.2.4 - - [07/Mar/2023:01:47:17 -0500] "HEAD /BLA/boletinlegal/ HTTP/1.1" 200 -
66.249.72.80 - - [07/Mar/2023:01:49:16 -0500] "-" 408 -
216.245.221.92 - - [07/Mar/2023:01:49:29 -0500] "HEAD / HTTP/1.1" 200 -
201.245.192.253 - - [07/Mar/2023:01:49:29 -0500] "POST /kwsrmcab/Wsrmcab  HTTP/1.1" 200 39753
172.22.2.4 - - [07/Mar/2023:01:48:08 -0500] "GET /BLA/boletinlegal/ HTTP/1.1" 200 56744
172.22.2.4 - - [07/Mar/2023:01:50:21 -0500] "GET /BLA/boletinlegal/actos.php HTTP/1.1" 200 9672
172.22.2.4 - - [07/Mar/2023:01:52:41 -0500] "GET /BLA/boletinlegal/actos.php HTTP/1.1" 200 9672
172.22.2.4 - - [07/Mar/2023:01:53:16 -0500] "GET /BLA/boletinlegal/actos.php HTTP/1.1" 200 9672
172.22.2.4 - - [07/Mar/2023:01:54:14 -0500] "GET /BLA/boletinlegal/Directivas/2017/Directiva%20No.%2003%20del%2024%20de%20Febrero%20de%202017.pdf HTTP/1.1" 200 6911517
216.245.221.92 - - [07/Mar/2023:01:54:29 -0500] "HEAD / HTTP/1.1" 200 -
201.245.192.253 - - [07/Mar/2023:01:54:28 -0500] "POST /kwsrmcab/Wsrmcab  HTTP/1.1" 200 39753
93.158.161.69 - - [07/Mar/2023:01:54:36 -0500] "-" 408 -
152.61.192.232 - - [07/Mar/2023:01:54:37 -0500] "GET /arcgis/services/Calidad_del_Agua_WQI/MapServer/WMSServer?request=GetCapabilities&service=WMS HTTP/1.1" 503 1020
152.61.192.232 - - [07/Mar/2023:01:54:38 -0500] "GET /arcgis/services/Calidad_del_Agua_WQI/MapServer/WMSServer?SERVICE=WMS&REQUEST=GetCapabilities HTTP/1.1" 503 1020
152.61.192.232 - - [07/Mar/2023:01:54:38 -0500] "GET /arcgis/services/Calidad_del_Agua_WQI/MapServer/WMSServer?WMTVER=1.0.0&REQUEST=capabilities HTTP/1.1" 503 1020
66.249.66.79 - - [07/Mar/2023:01:54:45 -0500] "-" 408 -
172.22.2.4 - - [07/Mar/2023:01:53:07 -0500] "HEAD /BLA/boletinlegal/ HTTP/1.1" 200 -
172.22.2.4 - - [07/Mar/2023:01:54:11 -0500] "GET /BLA/boletinlegal/ HTTP/1.1" 200 24523
172.22.2.4 - - [07/Mar/2023:01:53:58 -0500] "GET /BLA/boletinlegal/ HTTP/1.1" 200 54414
35.204.140.210 - - [07/Mar/2023:01:56:02 -0500] "GET /inventario-de-emisiones-2020-transporte-publico-sitp-redujo-emisiones-de-pm-2-5-en-un-37.html HTTP/1.1" 200 925
172.22.2.4 - - [07/Mar/2023:01:56:48 -0500] "GET /BLA/boletinlegal/Circulares/2012/Circular%20No.%208%20del%2021%20de%20Agosto%20de%202012.pdf HTTP/1.1" 304 -
172.22.2.4 - - [07/Mar/2023:01:56:49 -0500] "GET /BLA/boletinlegal/owa/auth/logon.aspx?url=https%3a%2f%2f1%2fecp%2f HTTP/1.1" 404 1018
172.22.2.4 - - [07/Mar/2023:01:57:11 -0500] "GET /BLA/boletinlegal/actos.php HTTP/1.1" 200 9672
35.204.140.210 - - [07/Mar/2023:01:59:01 -0500] "GET /inventario-de-emisiones-2020-transporte-publico-sitp-redujo-emisiones-de-pm-2-5-en-un-37.html HTTP/1.1" 200 925
201.245.192.253 - - [07/Mar/2023:01:59:26 -0500] "POST /kwsrmcab/Wsrmcab  HTTP/1.1" 200 39753
216.245.221.92 - - [07/Mar/2023:01:59:29 -0500] "HEAD / HTTP/1.1" 200 -
170.64.166.85 - - [07/Mar/2023:02:00:04 -0500] "GET /portaldeninos/ HTTP/1.1" 200 110197
172.22.2.4 - - [07/Mar/2023:01:58:57 -0500] "HEAD /BLA/boletinlegal/ HTTP/1.1" 200 -
66.249.66.79 - - [07/Mar/2023:02:01:09 -0500] "-" 408 -
172.22.2.4 - - [07/Mar/2023:01:59:48 -0500] "GET /BLA/boletinlegal/ HTTP/1.1" 200 57141
66.249.72.72 - - [07/Mar/2023:02:02:12 -0500] "-" 408 -
52.167.144.40 - - [07/Mar/2023:02:03:51 -0500] "GET /sipse/faces/autenticacion.xhtml HTTP/1.1" 200 12488
17.241.75.208 - - [07/Mar/2023:02:04:20 -0500] "-" 408 -
201.245.192.253 - - [07/Mar/2023:02:04:25 -0500] "POST /kwsrmcab/Wsrmcab  HTTP/1.1" 200 39753
216.245.221.92 - - [07/Mar/2023:02:04:29 -0500] "HEAD / HTTP/1.1" 200 -
172.22.2.4 - - [07/Mar/2023:02:04:54 -0500] "GET /BLA/boletinlegal/Circulares/2014/Circular%20No.%203%20del%2014%20de%20Noviembre%20de%202014.pdf HTTP/1.1" 200 104132
17.246.23.34 - - [07/Mar/2023:02:05:01 -0500] "-" 408 -
172.22.2.4 - - [07/Mar/2023:02:05:55 -0500] "GET /BLA/boletinlegal/Circulares/2011/Circular%20No.%207%20del%2023%20de%20Diciembre%20de%202011.pdf HTTP/1.1" 200 1107785
172.22.2.4 - - [07/Mar/2023:02:04:47 -0500] "HEAD /BLA/boletinlegal/ HTTP/1.1" 200 -
172.22.2.4 - - [07/Mar/2023:02:05:38 -0500] "GET /BLA/boletinlegal/ HTTP/1.1" 200 57935
93.158.161.35 - - [07/Mar/2023:02:08:49 -0500] "-" 408 -
77.88.5.158 - - [07/Mar/2023:02:08:55 -0500] "-" 408 -
93.158.161.55 - - [07/Mar/2023:02:09:01 -0500] "-" 408 -
77.88.5.226 - - [07/Mar/2023:02:09:07 -0500] "-" 408 -
77.88.5.133 - - [07/Mar/2023:02:09:21 -0500] "-" 408 -
201.245.192.253 - - [07/Mar/2023:02:09:24 -0500] "POST /kwsrmcab/Wsrmcab  HTTP/1.1" 200 39753
66.249.66.79 - - [07/Mar/2023:02:09:28 -0500] "-" 408 -
216.245.221.92 - - [07/Mar/2023:02:09:29 -0500] "HEAD / HTTP/1.1" 200 -
77.88.5.129 - - [07/Mar/2023:02:09:36 -0500] "-" 408 -
77.88.5.88 - - [07/Mar/2023:02:10:07 -0500] "-" 408 -
172.22.2.4 - - [07/Mar/2023:02:10:17 -0500] "GET /BLA/boletinlegal/.env HTTP/1.1" 404 1018
172.22.2.4 - - [07/Mar/2023:02:10:17 -0500] "POST /BLA/boletinlegal/ HTTP/1.1" 200 24523
93.158.161.50 - - [07/Mar/2023:02:11:07 -0500] "-" 408 -
172.22.2.4 - - [07/Mar/2023:02:11:55 -0500] "GET /BLA/boletinlegal/Circulares/2011/Circular%20No.%209%20del%2003%20de%20Noviembre%20de%202011.pdf HTTP/1.1" 200 54568
77.88.5.134 - - [07/Mar/2023:02:12:07 -0500] "-" 408 -
172.22.2.4 - - [07/Mar/2023:02:10:37 -0500] "HEAD /BLA/boletinlegal/ HTTP/1.1" 200 -
172.22.2.4 - - [07/Mar/2023:02:11:28 -0500] "GET /BLA/boletinlegal/ HTTP/1.1" 200 59296
152.61.128.50 - - [07/Mar/2023:02:14:11 -0500] "GET /arcgis/services/Calidad_del_Agua_WQI/MapServer/WMSServer?request=GetCapabilities&service=WMS HTTP/1.1" 503 1020
152.61.128.50 - - [07/Mar/2023:02:14:12 -0500] "GET /arcgis/services/Calidad_del_Agua_WQI/MapServer/WMSServer?SERVICE=WMS&REQUEST=GetCapabilities HTTP/1.1" 503 1020
152.61.128.50 - - [07/Mar/2023:02:14:12 -0500] "GET /arcgis/services/Calidad_del_Agua_WQI/MapServer/WMSServer?WMTVER=1.0.0&REQUEST=capabilities HTTP/1.1" 503 1020
201.245.192.253 - - [07/Mar/2023:02:14:23 -0500] "POST /kwsrmcab/Wsrmcab  HTTP/1.1" 200 39753
216.245.221.92 - - [07/Mar/2023:02:14:29 -0500] "HEAD / HTTP/1.1" 200 -
201.245.192.253 - - [07/Mar/2023:02:17:26 -0500] "POST /kwsrmcab/Wsrmcab HTTP/1.1" 200 42352
201.245.192.253 - - [07/Mar/2023:02:17:28 -0500] "POST /kwsrmcab/Wsrmcab HTTP/1.1" 200 213
93.158.161.29 - - [07/Mar/2023:02:17:55 -0500] "-" 408 -
172.22.2.4 - - [07/Mar/2023:02:17:55 -0500] "GET /BLA/boletinlegal/Circulares/2011/Circular%20No.%206%20del%2023%20de%20Septiembre%20de%202011.pdf HTTP/1.1" 200 252800
172.22.2.4 - - [07/Mar/2023:02:16:27 -0500] "HEAD /BLA/boletinlegal/ HTTP/1.1" 200 -
40.77.167.97 - - [07/Mar/2023:02:18:18 -0500] "GET /bla/resoluciones/resoluciones%202012/0906.pdf HTTP/1.1" 200 328589
172.22.2.4 - - [07/Mar/2023:02:17:18 -0500] "GET /BLA/boletinlegal/ HTTP/1.1" 200 59646
201.245.192.253 - - [07/Mar/2023:02:19:23 -0500] "POST /kwsrmcab/Wsrmcab  HTTP/1.1" 200 39753
216.245.221.92 - - [07/Mar/2023:02:19:29 -0500] "HEAD / HTTP/1.1" 200 -
66.249.72.80 - - [07/Mar/2023:02:20:31 -0500] "-" 408 -
172.22.2.4 - - [07/Mar/2023:02:20:49 -0500] "GET /BLA/boletinlegal/Directivas/2011/Directiva%20No.%209%20del%2023%20de%20Septiembre%20de%202011.pdf HTTP/1.1" 200 326687
17.246.19.6 - - [07/Mar/2023:02:20:55 -0500] "-" 408 -
186.154.38.112 - - [07/Mar/2023:02:22:56 -0500] "GET /inscribete-y-participa-en-las-caminatas-ecologicas-de-marzo.html HTTP/1.1" 200 924
172.22.2.4 - - [07/Mar/2023:02:22:56 -0500] "GET /BLA/boletinlegal/Directivas/2014/Directiva%20No.%205%20del%2026%20de%20Diciembre%20de%202014.pdf HTTP/1.1" 200 3424865
77.88.5.135 - - [07/Mar/2023:02:23:02 -0500] "-" 408 -
66.249.66.79 - - [07/Mar/2023:02:23:09 -0500] "-" 408 -
172.22.2.4 - - [07/Mar/2023:02:22:17 -0500] "HEAD /BLA/boletinlegal/ HTTP/1.1" 200 -
201.245.192.253 - - [07/Mar/2023:02:24:22 -0500] "POST /kwsrmcab/Wsrmcab  HTTP/1.1" 200 39753
216.245.221.92 - - [07/Mar/2023:02:24:29 -0500] "HEAD / HTTP/1.1" 200 -
172.22.2.4 - - [07/Mar/2023:02:23:08 -0500] "GET /BLA/boletinlegal/ HTTP/1.1" 200 57551
35.204.207.154 - - [07/Mar/2023:02:27:21 -0500] "GET /inventario-de-emisiones-2020-transporte-publico-sitp-redujo-emisiones-de-pm-2-5-en-un-37.html HTTP/1.1" 200 925
201.245.192.253 - - [07/Mar/2023:02:27:26 -0500] "POST /kwsrmcab/Wsrmcab HTTP/1.1" 200 42352
201.245.192.253 - - [07/Mar/2023:02:27:29 -0500] "POST /kwsrmcab/Wsrmcab HTTP/1.1" 200 213
77.88.5.11 - - [07/Mar/2023:02:28:03 -0500] "-" 408 -
40.77.167.97 - - [07/Mar/2023:02:28:49 -0500] "GET / HTTP/1.1" 200 319
172.22.2.4 - - [07/Mar/2023:02:28:59 -0500] "GET /BLA/boletinlegal/Circulares/2011/Circular%20No.%207%20del%2015%20de%20Septiembre%20de%202011.pdf HTTP/1.1" 200 314873
201.245.192.253 - - [07/Mar/2023:02:29:20 -0500] "POST /kwsrmcab/Wsrmcab  HTTP/1.1" 200 39753
216.245.221.92 - - [07/Mar/2023:02:29:29 -0500] "HEAD / HTTP/1.1" 200 -
172.22.2.4 - - [07/Mar/2023:02:28:07 -0500] "HEAD /BLA/boletinlegal/ HTTP/1.1" 200 -
35.204.11.149 - - [07/Mar/2023:02:30:11 -0500] "GET /inventario-de-emisiones-2020-transporte-publico-sitp-redujo-emisiones-de-pm-2-5-en-un-37.html HTTP/1.1" 200 925
64.124.8.31 - - [07/Mar/2023:02:30:19 -0500] "-" 408 -
172.22.2.4 - - [07/Mar/2023:02:28:58 -0500] "GET /BLA/boletinlegal/ HTTP/1.1" 200 57935
66.249.66.79 - - [07/Mar/2023:02:31:09 -0500] "-" 408 -
34.141.168.74 - - [07/Mar/2023:02:33:15 -0500] "GET /inventario-de-emisiones-2020-transporte-publico-sitp-redujo-emisiones-de-pm-2-5-en-un-37.html HTTP/1.1" 200 925
201.245.192.253 - - [07/Mar/2023:02:34:19 -0500] "POST /kwsrmcab/Wsrmcab  HTTP/1.1" 200 39753
216.245.221.92 - - [07/Mar/2023:02:34:29 -0500] "HEAD / HTTP/1.1" 200 -
172.22.2.4 - - [07/Mar/2023:02:35:00 -0500] "GET /BLA/boletinlegal/Circulares/2011/Circular%20No.%208%20del%2020%20de%20Septiembre%20de%202011.pdf HTTP/1.1" 200 285158
172.22.2.4 - - [07/Mar/2023:02:33:57 -0500] "HEAD /BLA/boletinlegal/ HTTP/1.1" 200 -
172.22.2.4 - - [07/Mar/2023:02:34:47 -0500] "GET /BLA/boletinlegal/ HTTP/1.1" 200 52316
52.167.144.178 - - [07/Mar/2023:02:37:21 -0500] "GET /secretaria-de-ambiente-impone-sancion-por-puntos-de-obra-sin-permiso-en-el-humedal-tibabuyes.html HTTP/1.1" 200 990
201.245.192.253 - - [07/Mar/2023:02:37:26 -0500] "POST /kwsrmcab/Wsrmcab HTTP/1.1" 200 42352
201.245.192.253 - - [07/Mar/2023:02:37:28 -0500] "POST /kwsrmcab/Wsrmcab HTTP/1.1" 200 213
172.22.2.4 - - [07/Mar/2023:02:38:46 -0500] "GET /BLA/boletinlegal/actos.php HTTP/1.1" 200 9672
77.88.5.221 - - [07/Mar/2023:02:39:01 -0500] "-" 408 -
201.245.192.253 - - [07/Mar/2023:02:39:18 -0500] "POST /kwsrmcab/Wsrmcab  HTTP/1.1" 200 39753
216.245.221.92 - - [07/Mar/2023:02:39:29 -0500] "HEAD / HTTP/1.1" 200 -
192.241.202.24 - - [07/Mar/2023:02:40:01 -0500] "GET / HTTP/1.1" 200 319
172.22.2.4 - - [07/Mar/2023:02:40:14 -0500] "GET /BLA/boletinlegal/actos.php HTTP/1.1" 200 9672
172.22.2.4 - - [07/Mar/2023:02:41:01 -0500] "GET /BLA/boletinlegal/Directivas/2018/Directiva%20No.%2024%20del%2027%20de%20diciembre%20de%202018.pdf HTTP/1.1" 200 575948
172.22.2.4 - - [07/Mar/2023:02:39:47 -0500] "HEAD /BLA/boletinlegal/ HTTP/1.1" 200 -
172.22.2.4 - - [07/Mar/2023:02:40:38 -0500] "GET /BLA/boletinlegal/ HTTP/1.1" 200 53914
201.245.192.253 - - [07/Mar/2023:02:44:16 -0500] "POST /kwsrmcab/Wsrmcab  HTTP/1.1" 200 39753
216.245.221.92 - - [07/Mar/2023:02:44:29 -0500] "HEAD / HTTP/1.1" 200 -
66.249.66.79 - - [07/Mar/2023:02:45:39 -0500] "-" 408 -
172.22.2.4 - - [07/Mar/2023:02:46:01 -0500] "GET /BLA/boletinlegal/Directivas/2022/DIRECTIVA%20No.%2000001%20DEL%2015%20DE%20JUNIO%20DEL%202022.pdf HTTP/1.1" 200 290944
172.22.2.4 - - [07/Mar/2023:02:45:37 -0500] "HEAD /BLA/boletinlegal/ HTTP/1.1" 200 -
172.22.2.4 - - [07/Mar/2023:02:46:27 -0500] "GET /BLA/boletinlegal/ HTTP/1.1" 200 55924
201.245.192.253 - - [07/Mar/2023:02:49:15 -0500] "POST /kwsrmcab/Wsrmcab  HTTP/1.1" 200 39753
216.245.221.92 - - [07/Mar/2023:02:49:29 -0500] "HEAD / HTTP/1.1" 200 -
200.118.60.159 - - [07/Mar/2023:02:50:05 -0500] "GET /distrito-levanta-alerta-fase-1-por-calidad-del-aire-en-bogota-llamado-a-no-bajar-la-guardia-y-seguir-reduciendo-emisiones.html HTTP/1.1" 200 908
138.204.142.235 - - [07/Mar/2023:02:50:07 -0500] "GET / HTTP/1.1" 200 319
93.158.161.49 - - [07/Mar/2023:02:50:54 -0500] "-" 408 -
172.22.2.4 - - [07/Mar/2023:02:52:01 -0500] "POST /BLA/boletinlegal/vendor/phpunit/phpunit/src/Util/PHP/eval-stdin.php HTTP/1.1" 404 1018
172.22.2.4 - - [07/Mar/2023:02:51:27 -0500] "HEAD /BLA/boletinlegal/ HTTP/1.1" 200 -
172.22.2.4 - - [07/Mar/2023:02:52:17 -0500] "GET /BLA/boletinlegal/ HTTP/1.1" 200 58297
200.118.60.159 - - [07/Mar/2023:02:54:02 -0500] "GET /inscribete-y-participa-en-las-caminatas-ecologicas-de-marzo.html HTTP/1.1" 200 924
201.245.192.253 - - [07/Mar/2023:02:54:15 -0500] "POST /kwsrmcab/Wsrmcab  HTTP/1.1" 200 39753
216.245.221.92 - - [07/Mar/2023:02:54:29 -0500] "HEAD / HTTP/1.1" 200 -
172.22.2.4 - - [07/Mar/2023:02:55:04 -0500] "GET /BLA/boletinlegal/Circulares/2018/Circular%20No.%200015%20del%207%20de%20Diciembre%20de%202018.pdf HTTP/1.1" 200 165305
52.167.144.67 - - [07/Mar/2023:02:56:30 -0500] "GET /BLA/resoluciones/RESOLUCIONES%202011/0348%20.PDF HTTP/1.1" 200 62074
172.22.2.4 - - [07/Mar/2023:02:58:05 -0500] "GET /BLA/boletinlegal/Circulares/2018/Circular%20No.%2011%20del%2024%20de%20Septiembre%20de%202018.pdf HTTP/1.1" 200 169541
190.130.77.247 - - [07/Mar/2023:02:58:08 -0500] "GET /inscribete-y-participa-en-las-caminatas-ecologicas-de-marzo.html HTTP/1.1" 304 -
172.22.2.4 - - [07/Mar/2023:02:57:17 -0500] "HEAD /BLA/boletinlegal/ HTTP/1.1" 200 -
201.245.192.253 - - [07/Mar/2023:02:59:13 -0500] "POST /kwsrmcab/Wsrmcab  HTTP/1.1" 200 39753
216.245.221.92 - - [07/Mar/2023:02:59:29 -0500] "HEAD / HTTP/1.1" 200 -
172.22.2.4 - - [07/Mar/2023:02:58:07 -0500] "GET /BLA/boletinlegal/ HTTP/1.1" 200 54414
66.249.66.79 - - [07/Mar/2023:02:59:49 -0500] "-" 408 -
172.22.2.4 - - [07/Mar/2023:03:03:05 -0500] "GET /BLA/boletinlegal/Circulares/2021/CIRCULAR%20No.%2000006%20DEL%2005%20DE%20AGOSTO%20DEL%202021.pdf HTTP/1.1" 200 249615
201.245.192.253 - - [07/Mar/2023:03:04:13 -0500] "POST /kwsrmcab/Wsrmcab  HTTP/1.1" 200 39753
216.245.221.92 - - [07/Mar/2023:03:04:29 -0500] "HEAD / HTTP/1.1" 200 -
52.167.144.40 - - [07/Mar/2023:03:04:36 -0500] "GET /BLA/resoluciones/RESOLUCIONES%202008/3208.pdf HTTP/1.1" 200 213753
64.124.8.58 - - [07/Mar/2023:03:04:36 -0500] "GET /BLA/boletinlegal/jurisprudencia/analisis/G__Jurisp.%20Junio%202014_ANALISIS%20JURISPRUDENCIA%20C-634-12%20DECOMISO.docx HTTP/1.1" 304 -
172.22.2.4 - - [07/Mar/2023:03:03:07 -0500] "HEAD /BLA/boletinlegal/ HTTP/1.1" 200 -
172.22.2.4 - - [07/Mar/2023:03:03:57 -0500] "GET /BLA/boletinlegal/ HTTP/1.1" 200 59296
34.141.199.200 - - [07/Mar/2023:03:06:40 -0500] "GET /inventario-de-emisiones-2020-transporte-publico-sitp-redujo-emisiones-de-pm-2-5-en-un-37.html HTTP/1.1" 200 925
69.63.184.117 - - [07/Mar/2023:03:07:13 -0500] "GET /camino-guadalupe-aguanoso-abierto-de-nuevo-al-publico.html HTTP/1.1" 206 879
93.158.161.34 - - [07/Mar/2023:03:07:16 -0500] "-" 408 -
35.204.147.253 - - [07/Mar/2023:03:07:26 -0500] "GET /inventario-de-emisiones-2020-transporte-publico-sitp-redujo-emisiones-de-pm-2-5-en-un-37.html HTTP/1.1" 200 925
69.63.184.5 - - [07/Mar/2023:03:07:31 -0500] "GET /incendios-forestales-en-la-orinoquia-colombo-venezolana-y-en-los-llanos-orientales-afectan-la-calidad-del-aire-de-bogota.html HTTP/1.1" 206 967
52.167.144.64 - - [07/Mar/2023:03:07:54 -0500] "GET /portaldeninos/aulas-ambientales/aula-ambiental-sorotama/ HTTP/1.1" 200 89596
69.63.184.118 - - [07/Mar/2023:03:08:08 -0500] "GET /calidad-del-aire-en-bogota-afectada-de-nuevo-por-incendios-forestales-se-decreta-alerta-fase-1.html HTTP/1.1" 206 1057
66.249.66.79 - - [07/Mar/2023:03:08:09 -0500] "-" 408 -
34.141.199.200 - - [07/Mar/2023:03:08:16 -0500] "GET /inventario-de-emisiones-2020-transporte-publico-sitp-redujo-emisiones-de-pm-2-5-en-un-37.html HTTP/1.1" 200 925
172.22.2.4 - - [07/Mar/2023:03:09:05 -0500] "GET /BLA/boletinlegal/Directivas/2018/Directiva%20No.%2023%20del%2026%20de%20diciembre%20de%202018.pdf HTTP/1.1" 200 481134
201.245.192.253 - - [07/Mar/2023:03:09:10 -0500] "POST /kwsrmcab/Wsrmcab  HTTP/1.1" 200 39753
172.22.2.4 - - [07/Mar/2023:03:09:16 -0500] "GET /BLA/boletinlegal/actos.php HTTP/1.1" 200 9672
172.22.2.4 - - [07/Mar/2023:03:09:26 -0500] "GET /BLA/boletinlegal/actos.php HTTP/1.1" 200 9672
216.245.221.92 - - [07/Mar/2023:03:09:29 -0500] "HEAD / HTTP/1.1" 200 -
34.90.164.26 - - [07/Mar/2023:03:10:22 -0500] "GET /inventario-de-emisiones-2020-transporte-publico-sitp-redujo-emisiones-de-pm-2-5-en-un-37.html HTTP/1.1" 200 925
172.22.2.4 - - [07/Mar/2023:03:08:57 -0500] "HEAD /BLA/boletinlegal/ HTTP/1.1" 200 -
172.22.2.4 - - [07/Mar/2023:03:11:17 -0500] "GET /BLA/boletinlegal/actos.php HTTP/1.1" 200 9672
172.22.2.4 - - [07/Mar/2023:03:09:47 -0500] "GET /BLA/boletinlegal/ HTTP/1.1" 200 57551
34.141.199.200 - - [07/Mar/2023:03:11:28 -0500] "GET /inventario-de-emisiones-2020-transporte-publico-sitp-redujo-emisiones-de-pm-2-5-en-un-37.html HTTP/1.1" 200 925
35.204.207.154 - - [07/Mar/2023:03:12:57 -0500] "GET /inventario-de-emisiones-2020-transporte-publico-sitp-redujo-emisiones-de-pm-2-5-en-un-37.html HTTP/1.1" 200 925
52.167.144.67 - - [07/Mar/2023:03:13:33 -0500] "GET /sipse/faces/faces/autenticacion.xhtml HTTP/1.1" 200 12488
66.249.66.79 - - [07/Mar/2023:03:14:02 -0500] "-" 408 -
201.245.192.253 - - [07/Mar/2023:03:14:10 -0500] "POST /kwsrmcab/Wsrmcab  HTTP/1.1" 200 39753
181.235.5.108 - - [07/Mar/2023:03:14:16 -0500] "GET /galeria/galeria/jquery.fancybox.css?v=2.1.5 HTTP/1.1" 200 4895
181.235.5.108 - - [07/Mar/2023:03:14:18 -0500] "GET /BLA/boletinlegal/js/jquery.scrollShow.js HTTP/1.1" 200 4586
181.235.5.108 - - [07/Mar/2023:03:14:18 -0500] "GET /galeria/galeria/jquery.fancybox.js?v=2.1.5 HTTP/1.1" 200 48706
216.245.221.92 - - [07/Mar/2023:03:14:29 -0500] "HEAD / HTTP/1.1" 200 -
172.22.2.4 - - [07/Mar/2023:03:15:07 -0500] "GET /BLA/boletinlegal/actos.php HTTP/1.1" 200 9672
