201.245.192.253 - - [07/Mar/2023:10:01:31 -0500] "GET /sipse/faces/javax.faces.resource/theme.css?ln=primefaces-sipse HTTP/1.1" 304 -
201.245.192.253 - - [07/Mar/2023:10:01:31 -0500] "GET /sipse/faces/javax.faces.resource/primefaces.css?ln=primefaces&v=4.0 HTTP/1.1" 304 -
201.245.192.253 - - [07/Mar/2023:10:01:31 -0500] "GET /sipse/faces/javax.faces.resource/layout/layout.css?ln=primefaces&v=4.0 HTTP/1.1" 304 -
201.245.192.253 - - [07/Mar/2023:10:01:31 -0500] "GET /sipse/faces/javax.faces.resource/jquery/jquery.js?ln=primefaces&v=4.0 HTTP/1.1" 304 -
201.245.192.253 - - [07/Mar/2023:10:01:31 -0500] "GET /sipse/faces/javax.faces.resource/jquery/jquery-plugins.js?ln=primefaces&v=4.0 HTTP/1.1" 304 -
201.245.192.253 - - [07/Mar/2023:10:01:31 -0500] "GET /sipse/faces/javax.faces.resource/primefaces.js?ln=primefaces&v=4.0 HTTP/1.1" 304 -
201.245.192.253 - - [07/Mar/2023:10:01:31 -0500] "GET /sipse/faces/javax.faces.resource/layout/layout.js?ln=primefaces&v=4.0 HTTP/1.1" 304 -
201.245.192.253 - - [07/Mar/2023:10:01:30 -0500] "POST /sipse/faces/presentacion/financiero/solicitudProceso/consultarHistorialSolProceso.xhtml HTTP/1.1" 200 180244
172.22.2.4 - - [07/Mar/2023:10:01:32 -0500] "GET /BLA/boletinlegal/actos.php HTTP/1.1" 200 9672
201.245.192.253 - - [07/Mar/2023:10:01:35 -0500] "POST /sipse/faces/presentacion/financiero/solicitudProceso/consultarSolicitudProceso.xhtml HTTP/1.1" 200 37168
201.245.192.253 - - [07/Mar/2023:10:01:36 -0500] "GET /sipse/faces/javax.faces.resource/primefaces.css?ln=primefaces&v=4.0 HTTP/1.1" 304 -
201.245.192.253 - - [07/Mar/2023:10:01:36 -0500] "GET /sipse/faces/javax.faces.resource/theme.css?ln=primefaces-sipse HTTP/1.1" 304 -
201.245.192.253 - - [07/Mar/2023:10:01:36 -0500] "GET /sipse/faces/javax.faces.resource/layout/layout.css?ln=primefaces&v=4.0 HTTP/1.1" 304 -
201.245.192.253 - - [07/Mar/2023:10:01:36 -0500] "GET /sipse/faces/javax.faces.resource/jquery/jquery.js?ln=primefaces&v=4.0 HTTP/1.1" 304 -
201.245.192.253 - - [07/Mar/2023:10:01:36 -0500] "GET /sipse/faces/javax.faces.resource/jquery/jquery-plugins.js?ln=primefaces&v=4.0 HTTP/1.1" 304 -
201.245.192.253 - - [07/Mar/2023:10:01:36 -0500] "GET /sipse/faces/javax.faces.resource/primefaces.js?ln=primefaces&v=4.0 HTTP/1.1" 304 -
201.245.192.253 - - [07/Mar/2023:10:01:36 -0500] "GET /sipse/faces/javax.faces.resource/layout/layout.js?ln=primefaces&v=4.0 HTTP/1.1" 304 -
201.245.192.253 - - [07/Mar/2023:10:01:37 -0500] "POST /sipse/faces/presentacion/financiero/solicitudProceso/listarSolicitudProceso.xhtml HTTP/1.1" 200 1396
172.22.2.4 - - [07/Mar/2023:09:59:57 -0500] "GET /BLA/boletinlegal/ HTTP/1.1" 200 54414
172.22.2.4 - - [07/Mar/2023:10:01:39 -0500] "GET /BLA/boletinlegal/consulta_actos.php?tipo=autos&no=7655&usuario=&sector=&fecha=2022&resuelve= HTTP/1.1" 200 626
201.245.192.253 - - [07/Mar/2023:10:01:40 -0500] "GET /sipse/faces/javax.faces.resource/theme.css?ln=primefaces-sipse HTTP/1.1" 304 -
201.245.192.253 - - [07/Mar/2023:10:01:40 -0500] "GET /sipse/faces/javax.faces.resource/primefaces.css?ln=primefaces&v=4.0 HTTP/1.1" 304 -
201.245.192.253 - - [07/Mar/2023:10:01:40 -0500] "GET /sipse/faces/javax.faces.resource/layout/layout.css?ln=primefaces&v=4.0 HTTP/1.1" 304 -
201.245.192.253 - - [07/Mar/2023:10:01:40 -0500] "GET /sipse/faces/javax.faces.resource/jquery/jquery.js?ln=primefaces&v=4.0 HTTP/1.1" 304 -
201.245.192.253 - - [07/Mar/2023:10:01:40 -0500] "GET /sipse/faces/javax.faces.resource/jquery/jquery-plugins.js?ln=primefaces&v=4.0 HTTP/1.1" 304 -
201.245.192.253 - - [07/Mar/2023:10:01:40 -0500] "GET /sipse/faces/javax.faces.resource/primefaces.js?ln=primefaces&v=4.0 HTTP/1.1" 304 -
201.245.192.253 - - [07/Mar/2023:10:01:40 -0500] "GET /sipse/faces/javax.faces.resource/layout/layout.js?ln=primefaces&v=4.0 HTTP/1.1" 304 -
201.245.192.253 - - [07/Mar/2023:10:01:36 -0500] "POST /sipse/faces/presentacion/sistema/anexos/cargarAnexoSolicitudProceso.xhtml HTTP/1.1" 200 160139
201.245.192.253 - - [07/Mar/2023:10:01:45 -0500] "GET /sipse/faces/javax.faces.resource/theme.css?ln=primefaces-sipse HTTP/1.1" 304 -
201.245.192.253 - - [07/Mar/2023:10:01:45 -0500] "GET /sipse/faces/javax.faces.resource/primefaces.css?ln=primefaces&v=4.0 HTTP/1.1" 304 -
201.245.192.253 - - [07/Mar/2023:10:01:45 -0500] "GET /sipse/faces/javax.faces.resource/jquery/jquery.js?ln=primefaces&v=4.0 HTTP/1.1" 304 -
201.245.192.253 - - [07/Mar/2023:10:01:45 -0500] "GET /sipse/faces/javax.faces.resource/layout/layout.css?ln=primefaces&v=4.0 HTTP/1.1" 304 -
201.245.192.253 - - [07/Mar/2023:10:01:45 -0500] "GET /sipse/faces/javax.faces.resource/jquery/jquery-plugins.js?ln=primefaces&v=4.0 HTTP/1.1" 304 -
201.245.192.253 - - [07/Mar/2023:10:01:45 -0500] "GET /sipse/faces/javax.faces.resource/fileupload/fileupload.css?ln=primefaces&v=4.0 HTTP/1.1" 304 -
201.245.192.253 - - [07/Mar/2023:10:01:45 -0500] "GET /sipse/faces/javax.faces.resource/primefaces.js?ln=primefaces&v=4.0 HTTP/1.1" 304 -
201.245.192.253 - - [07/Mar/2023:10:01:45 -0500] "GET /sipse/faces/javax.faces.resource/layout/layout.js?ln=primefaces&v=4.0 HTTP/1.1" 304 -
201.245.192.253 - - [07/Mar/2023:10:01:45 -0500] "GET /sipse/faces/javax.faces.resource/fileupload/fileupload.js?ln=primefaces&v=4.0 HTTP/1.1" 304 -
201.245.192.253 - - [07/Mar/2023:10:01:45 -0500] "POST /sipse/faces/presentacion/financiero/solicitudProceso/consultarSolicitudProceso.xhtml HTTP/1.1" 200 21168
186.102.88.223 - - [07/Mar/2023:10:01:51 -0500] "GET /kwssiamovil/sm/ldap/au?x=U2FsdGVkX1/sarUpz4I4ZbzuQp6aTq+eLnQpSY+fGLEykeMF/Es94D2uAGJe9o0T&y=U2FsdGVkX1/NPjXfLSHMhRv4A6pKbiM1XwR8bhB5QzfQxpnBhIjOJtBUlQEuLqjs HTTP/1.1" 200 30
186.102.88.223 - - [07/Mar/2023:10:01:51 -0500] "GET /kwssiamovil/sm/acme/s?s=U2FsdGVkX1+TFYQLCy8beQW37rkUa1qexL2I67sGEI+1WrW/3oo9Usqg2Z/SrwrIHVVA8/wNPIDVfZfq/hHgPcEOwlnQoelMVjh5+C+dFpU=&u=U2FsdGVkX19HgFJySWryt6BzTA/U7xwsV8ZDqY4sRTo=&y=U2FsdGVkX1/NPjXfLSHMhRv4A6pKbiM1XwR8bhB5QzfQxpnBhIjOJtBUlQEuLqjs HTTP/1.1" 200 98
186.102.88.223 - - [07/Mar/2023:10:01:52 -0500] "GET /kwssiamovil/sm/acme/s?s=U2FsdGVkX1+vCeTddpfYqsNjHT+IJC902VGFeioddHEAJ5LsCQaMAW4+ZVFDagE77Jrsf4FzqW5nA2TCag6NIyNrBwgu7SRVpO2gytQMYuFUfffA0bwW+LMvDS0iJgVy1vAbP72+wyvTE77/tsCGKP88bGskJPX3WRBfwNMZ9fyZTTFsvO+kk2xRhyjPys4GuLZ2YegJe93iZwKKJ6oxR++p2HtyDqerBtxl8/GT5rfK5ftjcF5Iqs7c7T2IobZ64KSWsz2+KOODoISj7KQ9rr2PDgbp76j5UwCqZ2zfRCctctffAm8mkuBOecdwjhHGDyexsFW00/5u/RjS2i13VaOafQSd4l/YWRVVAkCAtb/tYZcxSiYNLCx9Ib0RZPqDUV0LNEqBjLS/4nWqvT14dDEtYgF7v66RtQepnfRs/h1ri8avDbc4YEZvuB7yaFCejTBWt4qUxot4tcpQqIT1ak9UG8lKxTN0+kqmWyTQ7X8tmP+k8jlTg8p43XAPVd6XhZFGOOSE0iPdBDIsWkOuaQlCkE8Q6Im/GfSNskYXdhGFCVGKCzFSyzofO55aNO4Lw0t2Mak8OIgGTWkBaH7Cw5iUkuDCLgD6T8pZpAEa2s/fzH8+g75PG1dk7cCCPKYSlMLxyifXBxIrDIBYN6Td26Y+xrDhGwII9UdbbG4AtZn7w+ajHsVxM2mbYdu4shKHstyds8e4H43c1AEQ3QcuQei0tNBe+ka26IejAA96U4STX5S3d0qps8VrIQaTGKw0Xu51/PPdgje9NbSwWUPhf16ignDllJPTSJ3LB1K4BD4EluJXQoNQT3L+I/lysCuX9Xc4TXdTY3NvSrhBFTfPfqBBqKjrJMpa0RN5vccS0IEVH/zPFz0aCD5wnG6bT4CZyCaMVh2gK/xsoQu/2wCBONfhfbDJFWcT8Tj4oJXECWEYR+a3GgeI+k16qCsNECfdTqBWBvber8BzI8j1crDcEvobfOCqaNPE+G3InuIscl3/gw16dUOvHNPqT7E74XXcPlTDJfom9C73KBJ7dds6UHTgv9pIPew5FiTLAc4uSHovJEAIc8vdZt0Ov8rHNGRb0lgzRmtNuJV75+8EbO+ohtaDOcj9eZlfCZnRHRFVbLV+m7gOTFKYuE3NAL/kq1OuBxJ1qBTxofcdWnYZvg6c4yVT5e376NqIG+Nw0rDqPIKOc3U+Xn+55bZIfvX9tPGYlrHy5HMeUFwedHnKIv+MxdcYtpXBaoSNDXL7p9Orr3U/oynmCXkqTj8kDvk+N4XP95SXhLo2pAEY4WCUiAmP660tkNOroYbEJ/xqJwyebRVNUpgl8rUYt+mJRf4+mflzIlquVchlw0l2px9CVLhB5rPruVzr/8lDxKVp5s5Tj8siwAUBEapXlf5d0BP/xOTef9oCekz9jlLk8aIoOkPFgVaQqekZdlLKykjxUDKag6JlB69JZ0IBs3ALrtw4NHwM5fPEgy8hqDyB4abZEl94amSL0H73HXUxB+kJeIFiqCOBsTnSWTbm8DkmDIKfMI7PFfEPmpOuvGcccmtF2gePDFZe4bOt7mRB/Yq86vWW2Bw7nDLThMZjNpqdlmiKRvLoXu3Pzw4+sIYJquLsQV20fnXSjbSyT4tajxoMFad78HxU0FFYy6sVST43Yq4ZsJ6BmDg0OsiOjO013htjzBlIVBhvZVJethQphrK9Rinbt5HXy4+eOSQg1gwLmnonAL6NstWitknIdBXmN0tccTMBoXyQbtn0zl3xilDT+DlxVFE=&u=U2FsdGVkX19HgFJySWryt6BzTA/U7xwsV8ZDqY4sRTo=&y=U2FsdGVkX1/NPjXfLSHMhRv4A6pKbiM1XwR8bhB5QzfQxpnBhIjOJtBUlQEuLqjs HTTP/1.1" 200 98
186.102.88.223 - - [07/Mar/2023:10:01:52 -0500] "GET /kwssiamovil/sm/acme/s?s=U2FsdGVkX1/JCc6HHIBxyeaj3H+ku2j60mA/0oalWtwFbtIbPzoI162Ad3SHd9AkliOJ7k6/2ZH24tXUGvqAxu8kadR+MUKR5PO9FuL3csqlgUFuEvru2GqMrJNA9cZks7QCbQ4o0ghvSukX7jBTqMHcnv855kR6LS1XT+NqD6PV+Cr6GlVqJB0WlFkFVhT8pxK38ZhEZEanzQZPDDsSe66gYKH1TteqjjmqUZUSA0umKIvu4Gj0yurpIiF1RUva1uO8rIi6fHMvgdRUDjh2ecerfTVEDhTGb6Gngy3yUtE06vXxO2vzJNzqRyag2svCqsAfedFasNNA0n2PDB324eMDs4cFjmlyw1VpMUxyuJkXS2oYVsAXiLuTO01yEUt+jDUbWhiAEvkhyzGmrumtwl5Nbwf0IsIVcLdq4h8Dr2X6I2cDYwPUcIzs9HL1GQGNumBC3yDH0GYIkIG4Lgq0uG8rOnK6lw2nOKYBgyy9xFb7IcKJmhYe+UYVggc43X8Hj9K0i0s6MbkfNV45Ui6bQ4LqsGWDEYEMYjBmWNHMjKnKbp3p44cXTxE5FFFkWF7sIFU3/iLFJ/Ml98wfn+JtbHP/RFBOfbwcy7x4s3LVesUflcXusshbEOOo+a5I72Ir/u97yeuFltAUcqsID295maHKVQZ8eMrIxFTk6Xz8M+XX+JzK7B/Hgh9AK/MNEU1PSmWNt2WFcBLC/V0VV5Pgv+LBHtNvudc+HW+SOqgRh/oKm0i+3SDWNy3LVgorLagw&u=U2FsdGVkX19HgFJySWryt6BzTA/U7xwsV8ZDqY4sRTo=&y=U2FsdGVkX1/NPjXfLSHMhRv4A6pKbiM1XwR8bhB5QzfQxpnBhIjOJtBUlQEuLqjs HTTP/1.1" 200 98
190.156.16.109 - - [07/Mar/2023:10:01:52 -0500] "GET /agendate-para-participar-en-las-caminatas-ecologicas-de-febrero.html HTTP/1.1" 200 830
172.22.2.4 - - [07/Mar/2023:10:01:27 -0500] "GET /BLA/boletinlegal/ HTTP/1.1" 200 24523
201.245.192.253 - - [07/Mar/2023:10:02:13 -0500] "POST /sipse/faces/presentacion/financiero/solicitudProceso/consultarSolicitudProceso.xhtml HTTP/1.1" 200 35505
201.245.192.253 - - [07/Mar/2023:10:02:15 -0500] "GET /sipse/faces/javax.faces.resource/theme.css?ln=primefaces-sipse HTTP/1.1" 304 -
201.245.192.253 - - [07/Mar/2023:10:02:15 -0500] "GET /sipse/faces/javax.faces.resource/primefaces.css?ln=primefaces&v=4.0 HTTP/1.1" 304 -
201.245.192.253 - - [07/Mar/2023:10:02:15 -0500] "GET /sipse/faces/javax.faces.resource/layout/layout.css?ln=primefaces&v=4.0 HTTP/1.1" 304 -
201.245.192.253 - - [07/Mar/2023:10:02:15 -0500] "GET /sipse/faces/javax.faces.resource/jquery/jquery.js?ln=primefaces&v=4.0 HTTP/1.1" 304 -
201.245.192.253 - - [07/Mar/2023:10:02:15 -0500] "GET /sipse/faces/javax.faces.resource/jquery/jquery-plugins.js?ln=primefaces&v=4.0 HTTP/1.1" 304 -
201.245.192.253 - - [07/Mar/2023:10:02:15 -0500] "GET /sipse/faces/javax.faces.resource/primefaces.js?ln=primefaces&v=4.0 HTTP/1.1" 304 -
201.245.192.253 - - [07/Mar/2023:10:02:15 -0500] "GET /sipse/faces/javax.faces.resource/layout/layout.js?ln=primefaces&v=4.0 HTTP/1.1" 304 -
201.245.192.253 - - [07/Mar/2023:10:02:15 -0500] "POST /sipse/faces/presentacion/financiero/solicitudProceso/listarSolicitudProceso.xhtml HTTP/1.1" 200 1396
201.245.192.253 - - [07/Mar/2023:10:02:28 -0500] "POST /sipse/faces/presentacion/financiero/solicitudProceso/listarSolicitudProceso.xhtml HTTP/1.1" 200 147033
201.245.192.253 - - [07/Mar/2023:10:02:29 -0500] "GET /sipse/faces/javax.faces.resource/primefaces.css?ln=primefaces&v=4.0 HTTP/1.1" 304 -
201.245.192.253 - - [07/Mar/2023:10:02:29 -0500] "GET /sipse/faces/javax.faces.resource/layout/layout.css?ln=primefaces&v=4.0 HTTP/1.1" 304 -
201.245.192.253 - - [07/Mar/2023:10:02:29 -0500] "GET /sipse/faces/javax.faces.resource/theme.css?ln=primefaces-sipse HTTP/1.1" 304 -
201.245.192.253 - - [07/Mar/2023:10:02:30 -0500] "GET /sipse/faces/javax.faces.resource/jquery/jquery.js?ln=primefaces&v=4.0 HTTP/1.1" 304 -
201.245.192.253 - - [07/Mar/2023:10:02:30 -0500] "GET /sipse/faces/javax.faces.resource/jquery/jquery-plugins.js?ln=primefaces&v=4.0 HTTP/1.1" 304 -
201.245.192.253 - - [07/Mar/2023:10:02:30 -0500] "GET /sipse/faces/javax.faces.resource/primefaces.js?ln=primefaces&v=4.0 HTTP/1.1" 304 -
201.245.192.253 - - [07/Mar/2023:10:02:30 -0500] "GET /sipse/faces/javax.faces.resource/layout/layout.js?ln=primefaces&v=4.0 HTTP/1.1" 304 -
201.245.192.253 - - [07/Mar/2023:10:02:11 -0500] "POST /sipse/faces/presentacion/sistema/anexos/cargarAnexoSolicitudProceso.xhtml HTTP/1.1" 200 161939
201.245.192.253 - - [07/Mar/2023:10:02:34 -0500] "GET /sipse/faces/javax.faces.resource/theme.css?ln=primefaces-sipse HTTP/1.1" 304 -
201.245.192.253 - - [07/Mar/2023:10:02:34 -0500] "GET /sipse/faces/javax.faces.resource/primefaces.css?ln=primefaces&v=4.0 HTTP/1.1" 304 -
201.245.192.253 - - [07/Mar/2023:10:02:34 -0500] "GET /sipse/faces/javax.faces.resource/layout/layout.css?ln=primefaces&v=4.0 HTTP/1.1" 304 -
201.245.192.253 - - [07/Mar/2023:10:02:34 -0500] "GET /sipse/faces/javax.faces.resource/jquery/jquery.js?ln=primefaces&v=4.0 HTTP/1.1" 304 -
201.245.192.253 - - [07/Mar/2023:10:02:34 -0500] "GET /sipse/faces/javax.faces.resource/jquery/jquery-plugins.js?ln=primefaces&v=4.0 HTTP/1.1" 304 -
201.245.192.253 - - [07/Mar/2023:10:02:34 -0500] "GET /sipse/faces/javax.faces.resource/layout/layout.js?ln=primefaces&v=4.0 HTTP/1.1" 304 -
201.245.192.253 - - [07/Mar/2023:10:02:34 -0500] "GET /sipse/faces/javax.faces.resource/primefaces.js?ln=primefaces&v=4.0 HTTP/1.1" 304 -
201.245.192.253 - - [07/Mar/2023:10:02:45 -0500] "GET /sipse/faces/javax.faces.resource/jquery/jquery.js?ln=primefaces&v=4.0 HTTP/1.1" 304 -
201.245.192.253 - - [07/Mar/2023:10:02:45 -0500] "GET /sipse/faces/javax.faces.resource/theme.css?ln=primefaces-sipse HTTP/1.1" 304 -
201.245.192.253 - - [07/Mar/2023:10:02:45 -0500] "GET /sipse/faces/javax.faces.resource/layout/layout.css?ln=primefaces&v=4.0 HTTP/1.1" 304 -
201.245.192.253 - - [07/Mar/2023:10:02:45 -0500] "GET /sipse/faces/javax.faces.resource/jquery/jquery-plugins.js?ln=primefaces&v=4.0 HTTP/1.1" 304 -
201.245.192.253 - - [07/Mar/2023:10:02:45 -0500] "GET /sipse/faces/javax.faces.resource/primefaces.css?ln=primefaces&v=4.0 HTTP/1.1" 304 -
201.245.192.253 - - [07/Mar/2023:10:02:45 -0500] "GET /sipse/faces/javax.faces.resource/fileupload/fileupload.css?ln=primefaces&v=4.0 HTTP/1.1" 304 -
201.245.192.253 - - [07/Mar/2023:10:02:45 -0500] "GET /sipse/faces/javax.faces.resource/fileupload/fileupload.js?ln=primefaces&v=4.0 HTTP/1.1" 304 -
201.245.192.253 - - [07/Mar/2023:10:02:45 -0500] "GET /sipse/faces/javax.faces.resource/primefaces.js?ln=primefaces&v=4.0 HTTP/1.1" 304 -
201.245.192.253 - - [07/Mar/2023:10:02:45 -0500] "GET /sipse/faces/javax.faces.resource/layout/layout.js?ln=primefaces&v=4.0 HTTP/1.1" 304 -
201.245.192.253 - - [07/Mar/2023:10:02:44 -0500] "POST /sipse/faces/presentacion/financiero/solicitudProceso/consultarSolicitudProceso.xhtml HTTP/1.1" 200 21168
201.245.192.253 - - [07/Mar/2023:10:02:42 -0500] "POST /kwsrmcab/Wsrmcab  HTTP/1.1" 200 39753
201.245.192.253 - - [07/Mar/2023:10:02:45 -0500] "POST /sipse/faces/presentacion/financiero/solicitudProceso/consultarSolicitudProceso.xhtml HTTP/1.1" 200 93557
201.245.192.253 - - [07/Mar/2023:10:02:43 -0500] "POST /sipse/faces/presentacion/financiero/solicitudProceso/consultarSolicitudProceso.xhtml HTTP/1.1" 200 9736212
186.30.116.46 - - [07/Mar/2023:10:02:47 -0500] "POST /sipse/faces/presentacion/financiero/solicitudProceso/consultar.xhtml HTTP/1.1" 200 13067
181.50.142.205 - - [07/Mar/2023:10:02:50 -0500] "GET /sipse/faces/javax.faces.resource/images/ui-icons_898989_256x240.png?ln=primefaces-aristo HTTP/1.1" 304 -
201.245.192.253 - - [07/Mar/2023:10:02:50 -0500] "POST /sipse/faces/presentacion/financiero/solicitudProceso/consultarSolicitudProceso.xhtml HTTP/1.1" 200 5510
181.50.142.205 - - [07/Mar/2023:10:02:50 -0500] "GET /sipse/faces/javax.faces.resource/images/ui-icons_898989_256x240.png?ln=primefaces-aristo HTTP/1.1" 304 -
181.50.142.205 - - [07/Mar/2023:10:02:50 -0500] "POST /sipse/faces/presentacion/financiero/solicitudProceso/listarSolicitudProceso.xhtml HTTP/1.1" 200 133544
181.50.142.205 - - [07/Mar/2023:10:02:52 -0500] "GET /sipse/faces/javax.faces.resource/theme.css?ln=primefaces-sipse HTTP/1.1" 304 -
181.50.142.205 - - [07/Mar/2023:10:02:52 -0500] "GET /sipse/faces/javax.faces.resource/layout/layout.css?ln=primefaces&v=4.0 HTTP/1.1" 304 -
181.50.142.205 - - [07/Mar/2023:10:02:52 -0500] "GET /sipse/faces/javax.faces.resource/jquery/jquery.js?ln=primefaces&v=4.0 HTTP/1.1" 304 -
181.50.142.205 - - [07/Mar/2023:10:02:52 -0500] "GET /sipse/faces/javax.faces.resource/primefaces.css?ln=primefaces&v=4.0 HTTP/1.1" 304 -
181.50.142.205 - - [07/Mar/2023:10:02:52 -0500] "GET /sipse/faces/javax.faces.resource/jquery/jquery-plugins.js?ln=primefaces&v=4.0 HTTP/1.1" 304 -
181.50.142.205 - - [07/Mar/2023:10:02:52 -0500] "GET /sipse/faces/javax.faces.resource/primefaces.js?ln=primefaces&v=4.0 HTTP/1.1" 304 -
181.50.142.205 - - [07/Mar/2023:10:02:52 -0500] "GET /sipse/faces/javax.faces.resource/layout/layout.js?ln=primefaces&v=4.0 HTTP/1.1" 304 -
186.155.52.164 - - [07/Mar/2023:10:02:51 -0500] "POST /sipse/faces/presentacion/financiero/solicitudProceso/listarSolicitudProceso.xhtml HTTP/1.1" 200 57647
181.50.142.205 - - [07/Mar/2023:10:02:52 -0500] "GET /sipse/faces/javax.faces.resource/images/ui-icons_898989_256x240.png?ln=primefaces-aristo HTTP/1.1" 304 -
186.155.52.164 - - [07/Mar/2023:10:02:52 -0500] "POST /sipse/faces/presentacion/financiero/solicitudProceso/listarSolicitudProceso.xhtml HTTP/1.1" 200 57647
186.155.52.164 - - [07/Mar/2023:10:02:52 -0500] "POST /sipse/faces/presentacion/financiero/solicitudProceso/listarSolicitudProceso.xhtml HTTP/1.1" 200 1560
186.155.52.164 - - [07/Mar/2023:10:02:52 -0500] "POST /sipse/faces/presentacion/financiero/solicitudProceso/listarSolicitudProceso.xhtml HTTP/1.1" 200 1552
186.30.116.46 - - [07/Mar/2023:10:02:54 -0500] "POST /sipse/faces/presentacion/financiero/solicitudProceso/consultar.xhtml HTTP/1.1" 200 12932
186.30.116.46 - - [07/Mar/2023:10:03:01 -0500] "POST /sipse/faces/presentacion/financiero/solicitudProceso/consultar.xhtml HTTP/1.1" 200 12897
181.50.142.205 - - [07/Mar/2023:10:03:05 -0500] "GET /sipse/faces/javax.faces.resource/images/ui-icons_898989_256x240.png?ln=primefaces-aristo HTTP/1.1" 304 -
186.30.116.46 - - [07/Mar/2023:10:03:07 -0500] "POST /sipse/faces/presentacion/financiero/solicitudProceso/consultar.xhtml HTTP/1.1" 200 12864
201.245.192.253 - - [07/Mar/2023:10:01:07 -0500] "POST /sipsepre/faces/presentacion/contratacion/contratista/listarContratista.xhtml HTTP/1.1" 200 54391
201.245.192.253 - - [07/Mar/2023:10:03:18 -0500] "GET /sipsepre/faces/javax.faces.resource/jquery/jquery.js?ln=primefaces&v=4.0 HTTP/1.1" 304 -
201.245.192.253 - - [07/Mar/2023:10:03:18 -0500] "GET /sipsepre/faces/javax.faces.resource/jquery/jquery-plugins.js?ln=primefaces&v=4.0 HTTP/1.1" 304 -
186.30.116.46 - - [07/Mar/2023:10:03:18 -0500] "POST /sipse/faces/presentacion/financiero/solicitudProceso/consultar.xhtml HTTP/1.1" 200 12887
201.245.192.253 - - [07/Mar/2023:10:03:18 -0500] "GET /sipsepre/faces/javax.faces.resource/primefaces.js?ln=primefaces&v=4.0 HTTP/1.1" 304 -
201.245.192.253 - - [07/Mar/2023:10:03:18 -0500] "GET /sipsepre/faces/javax.faces.resource/layout/layout.js?ln=primefaces&v=4.0 HTTP/1.1" 304 -
201.245.192.253 - - [07/Mar/2023:10:03:18 -0500] "POST /sipsepre/faces/presentacion/financiero/solicitudProceso/listarSolicitudProceso.xhtml HTTP/1.1" 200 47747
201.245.192.253 - - [07/Mar/2023:10:03:19 -0500] "POST /sipsepre/faces/presentacion/financiero/solicitudProceso/listarSolicitudProceso.xhtml HTTP/1.1" 200 1456
201.245.192.253 - - [07/Mar/2023:10:03:19 -0500] "POST /sipsepre/faces/presentacion/financiero/solicitudProceso/listarSolicitudProceso.xhtml HTTP/1.1" 200 1460
152.203.59.99 - - [07/Mar/2023:10:03:19 -0500] "POST /sipse/faces/presentacion/financiero/solicitudProceso/listarSolicitudProceso.xhtml HTTP/1.1" 200 69754
152.203.59.99 - - [07/Mar/2023:10:03:20 -0500] "POST /sipse/faces/presentacion/financiero/solicitudProceso/listarSolicitudProceso.xhtml HTTP/1.1" 200 69746
152.203.59.99 - - [07/Mar/2023:10:03:21 -0500] "POST /sipse/faces/presentacion/financiero/solicitudProceso/listarSolicitudProceso.xhtml HTTP/1.1" 200 58149
172.22.2.4 - - [07/Mar/2023:10:03:23 -0500] "GET /BLA/boletinlegal/consulta_actos.php?tipo=autos&no=7815&usuario=&sector=&fecha=2022&resuelve= HTTP/1.1" 200 1162
152.203.59.99 - - [07/Mar/2023:10:03:23 -0500] "POST /sipse/faces/presentacion/financiero/solicitudProceso/listarSolicitudProceso.xhtml HTTP/1.1" 200 13996
186.30.116.46 - - [07/Mar/2023:10:03:24 -0500] "POST /sipse/faces/presentacion/financiero/solicitudProceso/consultar.xhtml HTTP/1.1" 200 12809
152.203.59.99 - - [07/Mar/2023:10:03:26 -0500] "POST /sipse/faces/presentacion/financiero/solicitudProceso/listarSolicitudProceso.xhtml HTTP/1.1" 200 136861
152.203.59.99 - - [07/Mar/2023:10:03:27 -0500] "GET /sipse/faces/javax.faces.resource/theme.css?ln=primefaces-sipse HTTP/1.1" 304 -
152.203.59.99 - - [07/Mar/2023:10:03:27 -0500] "GET /sipse/faces/javax.faces.resource/layout/layout.css?ln=primefaces&v=4.0 HTTP/1.1" 304 -
152.203.59.99 - - [07/Mar/2023:10:03:27 -0500] "GET /sipse/faces/javax.faces.resource/primefaces.css?ln=primefaces&v=4.0 HTTP/1.1" 304 -
152.203.59.99 - - [07/Mar/2023:10:03:27 -0500] "GET /sipse/faces/javax.faces.resource/jquery/jquery.js?ln=primefaces&v=4.0 HTTP/1.1" 304 -
152.203.59.99 - - [07/Mar/2023:10:03:27 -0500] "GET /sipse/faces/javax.faces.resource/jquery/jquery-plugins.js?ln=primefaces&v=4.0 HTTP/1.1" 304 -
152.203.59.99 - - [07/Mar/2023:10:03:27 -0500] "GET /sipse/faces/javax.faces.resource/primefaces.js?ln=primefaces&v=4.0 HTTP/1.1" 304 -
152.203.59.99 - - [07/Mar/2023:10:03:27 -0500] "GET /sipse/faces/javax.faces.resource/layout/layout.js?ln=primefaces&v=4.0 HTTP/1.1" 304 -
201.245.192.253 - - [07/Mar/2023:10:03:28 -0500] "GET /sipse/faces/javax.faces.resource/theme.css?ln=primefaces-sipse HTTP/1.1" 304 -
201.245.192.253 - - [07/Mar/2023:10:03:28 -0500] "GET /sipse/faces/javax.faces.resource/primefaces.css?ln=primefaces&v=4.0 HTTP/1.1" 304 -
201.245.192.253 - - [07/Mar/2023:10:03:28 -0500] "GET /sipse/faces/javax.faces.resource/layout/layout.css?ln=primefaces&v=4.0 HTTP/1.1" 304 -
201.245.192.253 - - [07/Mar/2023:10:03:28 -0500] "GET /sipse/faces/javax.faces.resource/jquery/jquery.js?ln=primefaces&v=4.0 HTTP/1.1" 304 -
201.245.192.253 - - [07/Mar/2023:10:03:28 -0500] "GET /sipse/faces/javax.faces.resource/jquery/jquery-plugins.js?ln=primefaces&v=4.0 HTTP/1.1" 304 -
201.245.192.253 - - [07/Mar/2023:10:03:28 -0500] "GET /sipse/faces/javax.faces.resource/primefaces.js?ln=primefaces&v=4.0 HTTP/1.1" 304 -
201.245.192.253 - - [07/Mar/2023:10:03:28 -0500] "GET /sipse/faces/javax.faces.resource/layout/layout.js?ln=primefaces&v=4.0 HTTP/1.1" 304 -
201.245.192.253 - - [07/Mar/2023:10:02:54 -0500] "POST /sipse/faces/presentacion/sistema/anexos/cargarAnexoSolicitudProceso.xhtml HTTP/1.1" 200 163754
186.30.116.46 - - [07/Mar/2023:10:03:30 -0500] "POST /sipse/faces/presentacion/financiero/solicitudProceso/consultar.xhtml HTTP/1.1" 200 12867
152.203.59.99 - - [07/Mar/2023:10:03:30 -0500] "POST /sipse/faces/presentacion/financiero/solicitudProceso/consultarSolicitudProceso.xhtml HTTP/1.1" 200 5882
201.245.192.253 - - [07/Mar/2023:10:03:30 -0500] "POST /sipsepre/faces/presentacion/financiero/solicitudProceso/listarSolicitudProceso.xhtml HTTP/1.1" 200 81008
181.50.142.205 - - [07/Mar/2023:10:03:30 -0500] "POST /sipse/faces/presentacion/financiero/solicitudProceso/consultarSolicitudProceso.xhtml HTTP/1.1" 200 21164
181.50.142.205 - - [07/Mar/2023:10:03:31 -0500] "GET /sipse/faces/javax.faces.resource/primefaces.css?ln=primefaces&v=4.0 HTTP/1.1" 304 -
181.50.142.205 - - [07/Mar/2023:10:03:31 -0500] "GET /sipse/js/jquery.min.js HTTP/1.1" 304 -
181.50.142.205 - - [07/Mar/2023:10:03:31 -0500] "GET /sipse/faces/javax.faces.resource/jquery/jquery.js?ln=primefaces&v=4.0 HTTP/1.1" 304 -
181.50.142.205 - - [07/Mar/2023:10:03:31 -0500] "GET /sipse/faces/javax.faces.resource/theme.css?ln=primefaces-sipse HTTP/1.1" 304 -
181.50.142.205 - - [07/Mar/2023:10:03:31 -0500] "GET /sipse/faces/javax.faces.resource/layout/layout.js?ln=primefaces&v=4.0 HTTP/1.1" 304 -
181.50.142.205 - - [07/Mar/2023:10:03:31 -0500] "GET /sipse/faces/javax.faces.resource/layout/layout.css?ln=primefaces&v=4.0 HTTP/1.1" 304 -
181.50.142.205 - - [07/Mar/2023:10:03:31 -0500] "GET /sipse/faces/javax.faces.resource/fileupload/fileupload.css?ln=primefaces&v=4.0 HTTP/1.1" 304 -
181.50.142.205 - - [07/Mar/2023:10:03:31 -0500] "GET /sipse/faces/javax.faces.resource/primefaces.js?ln=primefaces&v=4.0 HTTP/1.1" 304 -
181.50.142.205 - - [07/Mar/2023:10:03:31 -0500] "GET /sipse/faces/javax.faces.resource/jquery/jquery-plugins.js?ln=primefaces&v=4.0 HTTP/1.1" 304 -
181.50.142.205 - - [07/Mar/2023:10:03:31 -0500] "GET /sipse/faces/javax.faces.resource/fileupload/fileupload.js?ln=primefaces&v=4.0 HTTP/1.1" 304 -
181.50.142.205 - - [07/Mar/2023:10:03:31 -0500] "GET /sipse/faces/javax.faces.resource/images/ui-icons_898989_256x240.png?ln=primefaces-aristo HTTP/1.1" 304 -
201.245.192.253 - - [07/Mar/2023:10:03:31 -0500] "GET /sipsepre/faces/javax.faces.resource/jquery/jquery.js?ln=primefaces&v=4.0 HTTP/1.1" 304 -
201.245.192.253 - - [07/Mar/2023:10:03:31 -0500] "GET /sipsepre/faces/javax.faces.resource/jquery/jquery-plugins.js?ln=primefaces&v=4.0 HTTP/1.1" 304 -
201.245.192.253 - - [07/Mar/2023:10:03:31 -0500] "GET /sipsepre/faces/javax.faces.resource/primefaces.js?ln=primefaces&v=4.0 HTTP/1.1" 304 -
201.245.192.253 - - [07/Mar/2023:10:03:31 -0500] "GET /sipsepre/faces/javax.faces.resource/layout/layout.js?ln=primefaces&v=4.0 HTTP/1.1" 304 -
152.203.59.99 - - [07/Mar/2023:10:03:31 -0500] "POST /sipse/faces/presentacion/financiero/solicitudProceso/consultarSolicitudProceso.xhtml HTTP/1.1" 200 65735
152.203.59.99 - - [07/Mar/2023:10:03:32 -0500] "GET /sipse/faces/javax.faces.resource/theme.css?ln=primefaces-sipse HTTP/1.1" 304 -
152.203.59.99 - - [07/Mar/2023:10:03:32 -0500] "GET /sipse/faces/javax.faces.resource/primefaces.css?ln=primefaces&v=4.0 HTTP/1.1" 304 -
152.203.59.99 - - [07/Mar/2023:10:03:32 -0500] "GET /sipse/faces/javax.faces.resource/layout/layout.css?ln=primefaces&v=4.0 HTTP/1.1" 304 -
152.203.59.99 - - [07/Mar/2023:10:03:32 -0500] "GET /sipse/faces/javax.faces.resource/jquery/jquery.js?ln=primefaces&v=4.0 HTTP/1.1" 304 -
152.203.59.99 - - [07/Mar/2023:10:03:32 -0500] "GET /sipse/faces/javax.faces.resource/jquery/jquery-plugins.js?ln=primefaces&v=4.0 HTTP/1.1" 304 -
152.203.59.99 - - [07/Mar/2023:10:03:32 -0500] "GET /sipse/faces/javax.faces.resource/primefaces.js?ln=primefaces&v=4.0 HTTP/1.1" 304 -
152.203.59.99 - - [07/Mar/2023:10:03:32 -0500] "GET /sipse/faces/javax.faces.resource/layout/layout.js?ln=primefaces&v=4.0 HTTP/1.1" 304 -
152.203.59.99 - - [07/Mar/2023:10:03:32 -0500] "POST /sipse/faces/presentacion/financiero/solicitudProceso/listarSolicitudProceso.xhtml HTTP/1.1" 200 59059
152.203.59.99 - - [07/Mar/2023:10:03:33 -0500] "POST /sipse/faces/presentacion/financiero/solicitudProceso/listarSolicitudProceso.xhtml HTTP/1.1" 200 59059
186.155.251.67 - - [07/Mar/2023:10:03:34 -0500] "GET /siipev/Diseno%20de%20Elementos%20de%20Mobiliario%20Urbano/Parte2.html? HTTP/1.1" 200 21566
152.203.59.99 - - [07/Mar/2023:10:03:33 -0500] "POST /sipse/faces/presentacion/financiero/solicitudProceso/listarSolicitudProceso.xhtml HTTP/1.1" 200 1560
201.245.192.253 - - [07/Mar/2023:10:03:34 -0500] "GET /sipse/faces/faces/faces/autenticacion.xhtml HTTP/1.1" 200 12488
201.245.192.253 - - [07/Mar/2023:10:03:34 -0500] "GET /sipse/js/disable_browser_buttons.js HTTP/1.1" 304 -
201.245.192.253 - - [07/Mar/2023:10:03:34 -0500] "GET /sipse/js/funciones.js HTTP/1.1" 304 -
201.245.192.253 - - [07/Mar/2023:10:03:34 -0500] "GET /sipse/css/custom_css_sg.css HTTP/1.1" 200 9694
201.245.192.253 - - [07/Mar/2023:10:03:34 -0500] "GET /sipse/css/custom_css_sg_prime_login.css HTTP/1.1" 200 443
186.155.251.67 - - [07/Mar/2023:10:03:34 -0500] "GET /siipev/Diseno%20de%20Elementos%20de%20Mobiliario%20Urbano/Otros%20Elementos/Infografia/Parte2/M-31.PNG HTTP/1.1" 200 7548
186.155.251.67 - - [07/Mar/2023:10:03:34 -0500] "GET /siipev/Diseno%20de%20Elementos%20de%20Mobiliario%20Urbano/Otros%20Elementos/Infografia/Parte2/M-50.png HTTP/1.1" 200 16160
201.245.192.253 - - [07/Mar/2023:10:03:34 -0500] "GET /sipse/faces/javax.faces.resource/layout/layout.css;jsessionid=3t0bUbB1Jo1da0swJlYYP04A.undefined?ln=primefaces&v=4.0 HTTP/1.1" 200 542
186.155.251.67 - - [07/Mar/2023:10:03:34 -0500] "GET /siipev/Diseno%20de%20Elementos%20de%20Mobiliario%20Urbano/Otros%20Elementos/Infografia/Parte2/M-20.PNG HTTP/1.1" 200 7870
186.155.251.67 - - [07/Mar/2023:10:03:34 -0500] "GET /siipev/Diseno%20de%20Elementos%20de%20Mobiliario%20Urbano/Otros%20Elementos/Infografia/Parte2/M-40.PNG HTTP/1.1" 200 7816
201.245.192.253 - - [07/Mar/2023:10:03:34 -0500] "GET /sipse/faces/javax.faces.resource/theme.css?ln=primefaces-sipse HTTP/1.1" 200 50058
186.155.251.67 - - [07/Mar/2023:10:03:34 -0500] "GET /siipev/Diseno%20de%20Elementos%20de%20Mobiliario%20Urbano/Otros%20Elementos/Infografia/Parte2/M-41.PNG HTTP/1.1" 200 4709
186.155.251.67 - - [07/Mar/2023:10:03:34 -0500] "GET /siipev/Diseno%20de%20Elementos%20de%20Mobiliario%20Urbano/Otros%20Elementos/Infografia/Parte2/M-30.PNG HTTP/1.1" 200 15205
186.155.251.67 - - [07/Mar/2023:10:03:34 -0500] "GET /siipev/Diseno%20de%20Elementos%20de%20Mobiliario%20Urbano/Otros%20Elementos/Infografia/Parte2/M-60.png HTTP/1.1" 200 30439
186.155.251.67 - - [07/Mar/2023:10:03:34 -0500] "GET /siipev/Diseno%20de%20Elementos%20de%20Mobiliario%20Urbano/Otros%20Elementos/Infografia/Parte2/M-61.png HTTP/1.1" 200 7270
186.155.251.67 - - [07/Mar/2023:10:03:34 -0500] "GET /siipev/Diseno%20de%20Elementos%20de%20Mobiliario%20Urbano/Otros%20Elementos/Infografia/Parte2/M-91.png HTTP/1.1" 200 13700
186.155.251.67 - - [07/Mar/2023:10:03:34 -0500] "GET /siipev/Diseno%20de%20Elementos%20de%20Mobiliario%20Urbano/Otros%20Elementos/Infografia/Parte2/M-21.PNG HTTP/1.1" 200 5682
186.155.251.67 - - [07/Mar/2023:10:03:34 -0500] "GET /siipev/Diseno%20de%20Elementos%20de%20Mobiliario%20Urbano/Otros%20Elementos/Infografia/Parte2/M-80.png HTTP/1.1" 200 11511
186.155.251.67 - - [07/Mar/2023:10:03:34 -0500] "GET /siipev/Diseno%20de%20Elementos%20de%20Mobiliario%20Urbano/Otros%20Elementos/Infografia/Parte2/M-63.png HTTP/1.1" 200 8412
186.155.251.67 - - [07/Mar/2023:10:03:34 -0500] "GET /siipev/Diseno%20de%20Elementos%20de%20Mobiliario%20Urbano/Otros%20Elementos/Infografia/Parte2/M-71.png HTTP/1.1" 200 29698
186.155.251.67 - - [07/Mar/2023:10:03:34 -0500] "GET /siipev/Diseno%20de%20Elementos%20de%20Mobiliario%20Urbano/Otros%20Elementos/Infografia/Parte2/M-82.png HTTP/1.1" 200 11389
186.155.251.67 - - [07/Mar/2023:10:03:34 -0500] "GET /siipev/Diseno%20de%20Elementos%20de%20Mobiliario%20Urbano/Otros%20Elementos/Infografia/Parte2/M-72.png HTTP/1.1" 200 25370
186.155.251.67 - - [07/Mar/2023:10:03:34 -0500] "GET /siipev/Diseno%20de%20Elementos%20de%20Mobiliario%20Urbano/Otros%20Elementos/Infografia/Parte2/M-90.png HTTP/1.1" 200 24296
186.155.251.67 - - [07/Mar/2023:10:03:34 -0500] "GET /siipev/Diseno%20de%20Elementos%20de%20Mobiliario%20Urbano/Otros%20Elementos/Infografia/Parte2/M-62.png HTTP/1.1" 200 7881
186.155.251.67 - - [07/Mar/2023:10:03:34 -0500] "GET /siipev/Diseno%20de%20Elementos%20de%20Mobiliario%20Urbano/Otros%20Elementos/Infografia/Parte2/M-81.png HTTP/1.1" 200 6737
186.155.251.67 - - [07/Mar/2023:10:03:34 -0500] "GET /siipev/Diseno%20de%20Elementos%20de%20Mobiliario%20Urbano/Otros%20Elementos/Infografia/Parte2/M-70.png HTTP/1.1" 200 18527
186.155.251.67 - - [07/Mar/2023:10:03:34 -0500] "GET /siipev/Diseno%20de%20Elementos%20de%20Mobiliario%20Urbano/Otros%20Elementos/Infografia/Parte2/M-110.png HTTP/1.1" 200 2156
186.155.251.67 - - [07/Mar/2023:10:03:34 -0500] "GET /siipev/Diseno%20de%20Elementos%20de%20Mobiliario%20Urbano/Otros%20Elementos/Infografia/Parte2/M-120.png HTTP/1.1" 200 14640
186.155.251.67 - - [07/Mar/2023:10:03:34 -0500] "GET /siipev/Diseno%20de%20Elementos%20de%20Mobiliario%20Urbano/Otros%20Elementos/Infografia/Parte2/M-140.png HTTP/1.1" 200 27774
186.155.251.67 - - [07/Mar/2023:10:03:34 -0500] "GET /siipev/Diseno%20de%20Elementos%20de%20Mobiliario%20Urbano/Otros%20Elementos/Infografia/Parte2/M-130.png HTTP/1.1" 200 4007
186.155.251.67 - - [07/Mar/2023:10:03:34 -0500] "GET /siipev/Diseno%20de%20Elementos%20de%20Mobiliario%20Urbano/Otros%20Elementos/Infografia/Parte2/M-121.png HTTP/1.1" 200 31225
186.155.251.67 - - [07/Mar/2023:10:03:34 -0500] "GET /siipev/Diseno%20de%20Elementos%20de%20Mobiliario%20Urbano/Otros%20Elementos/Infografia/Parte2/M-142.png HTTP/1.1" 200 28872
186.155.251.67 - - [07/Mar/2023:10:03:34 -0500] "GET /siipev/Diseno%20de%20Elementos%20de%20Mobiliario%20Urbano/Otros%20Elementos/Infografia/Parte2/M-100.png HTTP/1.1" 200 17003
201.245.192.253 - - [07/Mar/2023:10:03:32 -0500] "POST /sipse/faces/presentacion/financiero/solicitudProceso/consultarSolicitudProceso.xhtml HTTP/1.1" 200 34934
201.245.192.253 - - [07/Mar/2023:10:03:34 -0500] "GET /sipse/faces/javax.faces.resource/jquery/jquery.js?ln=primefaces&v=4.0 HTTP/1.1" 304 -
201.245.192.253 - - [07/Mar/2023:10:03:34 -0500] "GET /sipse/faces/javax.faces.resource/jquery/jquery-plugins.js?ln=primefaces&v=4.0 HTTP/1.1" 304 -
201.245.192.253 - - [07/Mar/2023:10:03:34 -0500] "GET /sipse/faces/javax.faces.resource/primefaces.js?ln=primefaces&v=4.0 HTTP/1.1" 304 -
201.245.192.253 - - [07/Mar/2023:10:03:34 -0500] "GET /sipse/faces/javax.faces.resource/layout/layout.js?ln=primefaces&v=4.0 HTTP/1.1" 304 -
186.155.251.67 - - [07/Mar/2023:10:03:34 -0500] "GET /siipev/Diseno%20de%20Elementos%20de%20Mobiliario%20Urbano/Otros%20Elementos/Infografia/Parte2/M-131.png HTTP/1.1" 200 17197
186.155.251.67 - - [07/Mar/2023:10:03:34 -0500] "GET /siipev/Diseno%20de%20Elementos%20de%20Mobiliario%20Urbano/Otros%20Elementos/Infografia/Parte2/M-141.png HTTP/1.1" 200 22886
201.245.192.253 - - [07/Mar/2023:10:03:34 -0500] "GET /sipse/faces/javax.faces.resource/primefaces.css;jsessionid=3t0bUbB1Jo1da0swJlYYP04A.undefined?ln=primefaces&v=4.0 HTTP/1.1" 200 53295
201.245.192.253 - - [07/Mar/2023:10:03:34 -0500] "GET /sipse/faces/javax.faces.resource/jquery/jquery.js;jsessionid=3t0bUbB1Jo1da0swJlYYP04A.undefined?ln=primefaces&v=4.0 HTTP/1.1" 200 105384
152.203.59.99 - - [07/Mar/2023:10:03:34 -0500] "POST /sipse/faces/presentacion/financiero/solicitudProceso/listarSolicitudProceso.xhtml HTTP/1.1" 200 1552
201.245.192.253 - - [07/Mar/2023:10:03:35 -0500] "POST /sipse/faces/presentacion/financiero/solicitudProceso/listarSolicitudProceso.xhtml HTTP/1.1" 200 1396
201.245.192.253 - - [07/Mar/2023:10:03:34 -0500] "GET /sipse/faces/javax.faces.resource/layout/layout.js;jsessionid=3t0bUbB1Jo1da0swJlYYP04A.undefined?ln=primefaces&v=4.0 HTTP/1.1" 200 87560
186.155.251.67 - - [07/Mar/2023:10:03:35 -0500] "GET /siipev/Diseno%20de%20Elementos%20de%20Mobiliario%20Urbano/Otros%20Elementos/Infografia/Parte2/M-143.png HTTP/1.1" 200 24704
186.155.251.67 - - [07/Mar/2023:10:03:35 -0500] "GET /siipev/Diseno%20de%20Elementos%20de%20Mobiliario%20Urbano/Otros%20Elementos/Infografia/Parte2/M-101.png HTTP/1.1" 200 21839
201.245.192.253 - - [07/Mar/2023:10:03:34 -0500] "GET /sipse/faces/javax.faces.resource/primefaces.js;jsessionid=3t0bUbB1Jo1da0swJlYYP04A.undefined?ln=primefaces&v=4.0 HTTP/1.1" 200 276924
186.155.251.67 - - [07/Mar/2023:10:03:35 -0500] "GET /siipev/Diseno%20de%20Elementos%20de%20Mobiliario%20Urbano/Otros%20Elementos/Infografia/Parte2/M-148.png HTTP/1.1" 200 16745
186.155.251.67 - - [07/Mar/2023:10:03:35 -0500] "GET /siipev/Diseno%20de%20Elementos%20de%20Mobiliario%20Urbano/Otros%20Elementos/Infografia/Parte2/M-145.png HTTP/1.1" 200 24761
186.155.251.67 - - [07/Mar/2023:10:03:35 -0500] "GET /siipev/Diseno%20de%20Elementos%20de%20Mobiliario%20Urbano/Otros%20Elementos/Infografia/Parte2/M-150.png HTTP/1.1" 200 6334
186.155.251.67 - - [07/Mar/2023:10:03:35 -0500] "GET /siipev/Diseno%20de%20Elementos%20de%20Mobiliario%20Urbano/Otros%20Elementos/Infografia/Parte2/M-146.png HTTP/1.1" 200 29315
186.155.251.67 - - [07/Mar/2023:10:03:35 -0500] "GET /siipev/Diseno%20de%20Elementos%20de%20Mobiliario%20Urbano/Otros%20Elementos/Infografia/Parte2/M-147.png HTTP/1.1" 200 18687
186.155.251.67 - - [07/Mar/2023:10:03:35 -0500] "GET /siipev/Diseno%20de%20Elementos%20de%20Mobiliario%20Urbano/Otros%20Elementos/Infografia/Parte2/M-144.png HTTP/1.1" 200 22328
201.245.192.253 - - [07/Mar/2023:10:03:31 -0500] "POST /sipsepre/faces/presentacion/financiero/solicitudProceso/consultar.xhtml HTTP/1.1" 200 74390
152.203.59.99 - - [07/Mar/2023:10:03:35 -0500] "POST /sipse/faces/presentacion/financiero/solicitudProceso/listarSolicitudProceso.xhtml HTTP/1.1" 200 1564
201.245.192.253 - - [07/Mar/2023:10:03:34 -0500] "GET /sipse/faces/javax.faces.resource/jquery/jquery-plugins.js;jsessionid=3t0bUbB1Jo1da0swJlYYP04A.undefined?ln=primefaces&v=4.0 HTTP/1.1" 200 220526
201.245.192.253 - - [07/Mar/2023:10:03:35 -0500] "POST /sipsepre/faces/presentacion/financiero/solicitudProceso/consultar.xhtml HTTP/1.1" 200 74390
201.245.192.253 - - [07/Mar/2023:10:03:36 -0500] "POST /sipsepre/faces/presentacion/financiero/solicitudProceso/consultar.xhtml HTTP/1.1" 200 31916
186.30.116.46 - - [07/Mar/2023:10:03:37 -0500] "POST /sipse/faces/presentacion/financiero/solicitudProceso/consultar.xhtml HTTP/1.1" 200 12958
201.245.192.253 - - [07/Mar/2023:10:03:37 -0500] "GET /sipse/faces/javax.faces.resource/images/ui-icons_898989_256x240.png?ln=primefaces-aristo HTTP/1.1" 200 5355
201.245.192.253 - - [07/Mar/2023:10:03:37 -0500] "GET /favicon.ico HTTP/1.1" 200 7782
201.245.192.253 - - [07/Mar/2023:10:03:37 -0500] "GET /sipse/css/imagen/logoSDG.png HTTP/1.1" 200 53064
181.50.142.205 - - [07/Mar/2023:10:03:38 -0500] "GET /sipse/faces/javax.faces.resource/jquery/jquery.js?ln=primefaces&v=4.0 HTTP/1.1" 304 -
181.50.142.205 - - [07/Mar/2023:10:03:38 -0500] "GET /sipse/faces/javax.faces.resource/theme.css?ln=primefaces-sipse HTTP/1.1" 304 -
181.50.142.205 - - [07/Mar/2023:10:03:38 -0500] "GET /sipse/faces/javax.faces.resource/primefaces.css?ln=primefaces&v=4.0 HTTP/1.1" 304 -
181.50.142.205 - - [07/Mar/2023:10:03:38 -0500] "GET /sipse/faces/javax.faces.resource/layout/layout.css?ln=primefaces&v=4.0 HTTP/1.1" 304 -
181.50.142.205 - - [07/Mar/2023:10:03:38 -0500] "GET /sipse/faces/javax.faces.resource/jquery/jquery-plugins.js?ln=primefaces&v=4.0 HTTP/1.1" 304 -
181.50.142.205 - - [07/Mar/2023:10:03:38 -0500] "GET /sipse/faces/javax.faces.resource/primefaces.js?ln=primefaces&v=4.0 HTTP/1.1" 304 -
181.50.142.205 - - [07/Mar/2023:10:03:38 -0500] "GET /sipse/faces/javax.faces.resource/layout/layout.js?ln=primefaces&v=4.0 HTTP/1.1" 304 -
181.50.142.205 - - [07/Mar/2023:10:03:38 -0500] "GET /sipse/faces/javax.faces.resource/images/ui-icons_898989_256x240.png?ln=primefaces-aristo HTTP/1.1" 304 -
181.50.142.205 - - [07/Mar/2023:10:03:37 -0500] "POST /sipse/faces/presentacion/sistema/anexos/cargarAnexoSolicitudProceso.xhtml HTTP/1.1" 200 182082
152.203.59.99 - - [07/Mar/2023:10:03:38 -0500] "POST /sipse/faces/presentacion/financiero/solicitudProceso/listarSolicitudProceso.xhtml HTTP/1.1" 200 20030
201.245.192.253 - - [07/Mar/2023:10:03:37 -0500] "GET /sipse/css/imagen/loginimg.png HTTP/1.1" 200 71635
201.245.192.253 - - [07/Mar/2023:10:03:38 -0500] "GET /sipse/faces/faces/faces/index.xhtml HTTP/1.1" 200 677
201.245.192.253 - - [07/Mar/2023:10:03:39 -0500] "GET /sipse/faces/javax.faces.resource/theme.css?ln=primefaces-sipse HTTP/1.1" 304 -
201.245.192.253 - - [07/Mar/2023:10:03:38 -0500] "POST /sipse/faces/presentacion/financiero/solicitudProceso/consultarSolicitudProceso.xhtml HTTP/1.1" 200 21168
201.245.192.253 - - [07/Mar/2023:10:03:39 -0500] "GET /sipse/faces/javax.faces.resource/theme.css?ln=primefaces-sipse HTTP/1.1" 304 -
201.245.192.253 - - [07/Mar/2023:10:03:39 -0500] "GET /sipse/faces/javax.faces.resource/primefaces.css?ln=primefaces&v=4.0 HTTP/1.1" 304 -
201.245.192.253 - - [07/Mar/2023:10:03:39 -0500] "GET /sipse/faces/javax.faces.resource/layout/layout.css?ln=primefaces&v=4.0 HTTP/1.1" 304 -
201.245.192.253 - - [07/Mar/2023:10:03:39 -0500] "GET /sipse/faces/javax.faces.resource/jquery/jquery-plugins.js?ln=primefaces&v=4.0 HTTP/1.1" 304 -
201.245.192.253 - - [07/Mar/2023:10:03:39 -0500] "GET /sipse/faces/javax.faces.resource/jquery/jquery.js?ln=primefaces&v=4.0 HTTP/1.1" 304 -
201.245.192.253 - - [07/Mar/2023:10:03:39 -0500] "GET /sipse/faces/javax.faces.resource/primefaces.js?ln=primefaces&v=4.0 HTTP/1.1" 304 -
201.245.192.253 - - [07/Mar/2023:10:03:39 -0500] "GET /sipse/faces/javax.faces.resource/layout/layout.js?ln=primefaces&v=4.0 HTTP/1.1" 304 -
201.245.192.253 - - [07/Mar/2023:10:03:39 -0500] "GET /sipse/faces/javax.faces.resource/fileupload/fileupload.css?ln=primefaces&v=4.0 HTTP/1.1" 304 -
201.245.192.253 - - [07/Mar/2023:10:03:39 -0500] "GET /sipse/faces/javax.faces.resource/fileupload/fileupload.js?ln=primefaces&v=4.0 HTTP/1.1" 304 -
201.245.192.253 - - [07/Mar/2023:10:03:39 -0500] "GET /sipse/faces/faces/faces/faces/autenticacion.xhtml HTTP/1.1" 200 12166
201.245.192.253 - - [07/Mar/2023:10:03:39 -0500] "GET /sipse/faces/javax.faces.resource/theme.css?ln=primefaces-sipse HTTP/1.1" 304 -
201.245.192.253 - - [07/Mar/2023:10:03:39 -0500] "GET /sipse/faces/javax.faces.resource/layout/layout.css?ln=primefaces&v=4.0 HTTP/1.1" 200 542
201.245.192.253 - - [07/Mar/2023:10:03:39 -0500] "GET /sipse/faces/javax.faces.resource/jquery/jquery.js?ln=primefaces&v=4.0 HTTP/1.1" 304 -
201.245.192.253 - - [07/Mar/2023:10:03:39 -0500] "GET /sipse/faces/javax.faces.resource/jquery/jquery-plugins.js?ln=primefaces&v=4.0 HTTP/1.1" 304 -
201.245.192.253 - - [07/Mar/2023:10:03:39 -0500] "GET /sipse/faces/javax.faces.resource/layout/layout.js?ln=primefaces&v=4.0 HTTP/1.1" 304 -
201.245.192.253 - - [07/Mar/2023:10:03:39 -0500] "GET /sipse/faces/javax.faces.resource/primefaces.js?ln=primefaces&v=4.0 HTTP/1.1" 304 -
201.245.192.253 - - [07/Mar/2023:10:03:39 -0500] "GET /sipse/faces/javax.faces.resource/primefaces.css?ln=primefaces&v=4.0 HTTP/1.1" 200 53295
201.245.192.253 - - [07/Mar/2023:10:03:40 -0500] "GET /sipse/faces/javax.faces.resource/images/ui-icons_898989_256x240.png?ln=primefaces-aristo HTTP/1.1" 304 -
152.203.59.99 - - [07/Mar/2023:10:03:40 -0500] "POST /sipse/faces/presentacion/financiero/solicitudProceso/listarSolicitudProceso.xhtml HTTP/1.1" 200 44009
186.30.116.46 - - [07/Mar/2023:10:03:43 -0500] "POST /sipse/faces/presentacion/financiero/solicitudProceso/consultar.xhtml HTTP/1.1" 200 12897
201.245.192.253 - - [07/Mar/2023:10:03:44 -0500] "POST /sipsepre/faces/presentacion/financiero/solicitudProceso/consultar.xhtml HTTP/1.1" 200 8891
172.22.2.4 - - [07/Mar/2023:10:03:48 -0500] "GET /BLA/boletinlegal/consulta_actos.php?tipo=resoluciones&no=0508&usuario=&sector=&fecha=2021&resuelve= HTTP/1.1" 200 1305
186.30.116.46 - - [07/Mar/2023:10:03:49 -0500] "POST /sipse/faces/presentacion/financiero/solicitudProceso/consultar.xhtml HTTP/1.1" 200 12820
191.156.229.153 - - [07/Mar/2023:10:03:50 -0500] "GET /BLA/resoluciones/RESOLUCIONES%202021/0508.pdf HTTP/1.1" 200 535517
201.245.192.253 - - [07/Mar/2023:10:03:49 -0500] "POST /sipsepre/faces/presentacion/financiero/solicitudProceso/consultar.xhtml HTTP/1.1" 200 156966
201.245.192.253 - - [07/Mar/2023:10:03:51 -0500] "GET /sipsepre/faces/javax.faces.resource/jquery/jquery.js?ln=primefaces&v=4.0 HTTP/1.1" 304 -
201.245.192.253 - - [07/Mar/2023:10:03:51 -0500] "GET /sipsepre/faces/javax.faces.resource/jquery/jquery-plugins.js?ln=primefaces&v=4.0 HTTP/1.1" 304 -
201.245.192.253 - - [07/Mar/2023:10:03:51 -0500] "GET /sipsepre/faces/javax.faces.resource/primefaces.js?ln=primefaces&v=4.0 HTTP/1.1" 304 -
201.245.192.253 - - [07/Mar/2023:10:03:51 -0500] "GET /sipsepre/faces/javax.faces.resource/layout/layout.js?ln=primefaces&v=4.0 HTTP/1.1" 304 -
34.141.157.211 - - [07/Mar/2023:10:03:52 -0500] "GET /inventario-de-emisiones-2020-transporte-publico-sitp-redujo-emisiones-de-pm-2-5-en-un-37.html HTTP/1.1" 200 925
186.155.251.67 - - [07/Mar/2023:10:03:55 -0500] "GET /siipev/Diseno%20de%20Elementos%20de%20Mobiliario%20Urbano/Diseno%20pertenecientes%20al%20mobiliario%20urbano%20M10-M160/PARTE%20A/Dise%C3%B1o%20de%20Elementos%20M-72.pdf HTTP/1.1" 200 1896773
186.30.116.46 - - [07/Mar/2023:10:03:55 -0500] "POST /sipse/faces/presentacion/financiero/solicitudProceso/consultar.xhtml HTTP/1.1" 200 12871
186.30.116.46 - - [07/Mar/2023:10:04:02 -0500] "POST /sipse/faces/presentacion/financiero/solicitudProceso/consultar.xhtml HTTP/1.1" 200 12866
152.203.59.99 - - [07/Mar/2023:10:04:04 -0500] "POST /sipse/faces/presentacion/financiero/solicitudProceso/listarSolicitudProceso.xhtml HTTP/1.1" 200 17140
201.245.192.253 - - [07/Mar/2023:10:04:05 -0500] "GET /sipse/faces/javax.faces.resource/theme.css?ln=primefaces-sipse HTTP/1.1" 304 -
201.245.192.253 - - [07/Mar/2023:10:04:05 -0500] "GET /sipse/faces/javax.faces.resource/primefaces.css?ln=primefaces&v=4.0 HTTP/1.1" 304 -
201.245.192.253 - - [07/Mar/2023:10:04:05 -0500] "GET /sipse/faces/javax.faces.resource/layout/layout.css?ln=primefaces&v=4.0 HTTP/1.1" 304 -
201.245.192.253 - - [07/Mar/2023:10:04:05 -0500] "GET /sipse/faces/javax.faces.resource/jquery/jquery.js?ln=primefaces&v=4.0 HTTP/1.1" 304 -
201.245.192.253 - - [07/Mar/2023:10:04:05 -0500] "GET /sipse/faces/javax.faces.resource/jquery/jquery-plugins.js?ln=primefaces&v=4.0 HTTP/1.1" 304 -
201.245.192.253 - - [07/Mar/2023:10:04:05 -0500] "GET /sipse/faces/javax.faces.resource/primefaces.js?ln=primefaces&v=4.0 HTTP/1.1" 304 -
201.245.192.253 - - [07/Mar/2023:10:04:05 -0500] "GET /sipse/faces/javax.faces.resource/layout/layout.js?ln=primefaces&v=4.0 HTTP/1.1" 304 -
201.245.192.253 - - [07/Mar/2023:10:03:58 -0500] "POST /sipse/faces/presentacion/sistema/anexos/cargarAnexoSolicitudProceso.xhtml HTTP/1.1" 200 165546
186.30.116.46 - - [07/Mar/2023:10:04:09 -0500] "POST /sipse/faces/presentacion/financiero/solicitudProceso/consultar.xhtml HTTP/1.1" 200 12813
172.22.2.4 - - [07/Mar/2023:10:04:12 -0500] "GET /BLA/boletinlegal/actos.php HTTP/1.1" 200 9672
201.245.192.253 - - [07/Mar/2023:10:04:12 -0500] "GET /sipse/faces/javax.faces.resource/theme.css?ln=primefaces-sipse HTTP/1.1" 304 -
201.245.192.253 - - [07/Mar/2023:10:04:12 -0500] "GET /sipse/faces/javax.faces.resource/primefaces.css?ln=primefaces&v=4.0 HTTP/1.1" 304 -
201.245.192.253 - - [07/Mar/2023:10:04:12 -0500] "GET /sipse/faces/javax.faces.resource/layout/layout.css?ln=primefaces&v=4.0 HTTP/1.1" 304 -
201.245.192.253 - - [07/Mar/2023:10:04:12 -0500] "GET /sipse/faces/javax.faces.resource/jquery/jquery.js?ln=primefaces&v=4.0 HTTP/1.1" 304 -
201.245.192.253 - - [07/Mar/2023:10:04:11 -0500] "POST /sipse/faces/presentacion/financiero/solicitudProceso/consultarSolicitudProceso.xhtml HTTP/1.1" 200 21168
201.245.192.253 - - [07/Mar/2023:10:04:13 -0500] "GET /sipse/faces/javax.faces.resource/jquery/jquery-plugins.js?ln=primefaces&v=4.0 HTTP/1.1" 304 -
201.245.192.253 - - [07/Mar/2023:10:04:13 -0500] "GET /sipse/faces/javax.faces.resource/primefaces.js?ln=primefaces&v=4.0 HTTP/1.1" 304 -
201.245.192.253 - - [07/Mar/2023:10:04:13 -0500] "GET /sipse/faces/javax.faces.resource/layout/layout.js?ln=primefaces&v=4.0 HTTP/1.1" 304 -
201.245.192.253 - - [07/Mar/2023:10:04:13 -0500] "GET /sipse/faces/javax.faces.resource/fileupload/fileupload.css?ln=primefaces&v=4.0 HTTP/1.1" 304 -
201.245.192.253 - - [07/Mar/2023:10:04:13 -0500] "GET /sipse/faces/javax.faces.resource/fileupload/fileupload.js?ln=primefaces&v=4.0 HTTP/1.1" 304 -
152.203.59.99 - - [07/Mar/2023:10:04:13 -0500] "POST /sipse/faces/presentacion/financiero/solicitudProceso/listarSolicitudProceso.xhtml HTTP/1.1" 200 44005
186.30.116.46 - - [07/Mar/2023:10:04:15 -0500] "POST /sipse/faces/presentacion/financiero/solicitudProceso/consultar.xhtml HTTP/1.1" 200 12806
186.30.116.46 - - [07/Mar/2023:10:04:21 -0500] "POST /sipse/faces/presentacion/financiero/solicitudProceso/consultar.xhtml HTTP/1.1" 200 12813
216.245.221.92 - - [07/Mar/2023:10:04:28 -0500] "HEAD / HTTP/1.1" 200 -
186.30.116.46 - - [07/Mar/2023:10:04:28 -0500] "POST /sipse/faces/presentacion/financiero/solicitudProceso/consultar.xhtml HTTP/1.1" 200 12808
201.245.192.253 - - [07/Mar/2023:10:04:32 -0500] "GET /sipse/faces/javax.faces.resource/theme.css?ln=primefaces-sipse HTTP/1.1" 304 -
201.245.192.253 - - [07/Mar/2023:10:04:32 -0500] "GET /sipse/faces/javax.faces.resource/primefaces.css?ln=primefaces&v=4.0 HTTP/1.1" 304 -
201.245.192.253 - - [07/Mar/2023:10:04:32 -0500] "GET /sipse/faces/javax.faces.resource/jquery/jquery.js?ln=primefaces&v=4.0 HTTP/1.1" 304 -
201.245.192.253 - - [07/Mar/2023:10:04:32 -0500] "GET /sipse/faces/javax.faces.resource/layout/layout.css?ln=primefaces&v=4.0 HTTP/1.1" 304 -
201.245.192.253 - - [07/Mar/2023:10:04:32 -0500] "GET /sipse/faces/javax.faces.resource/jquery/jquery-plugins.js?ln=primefaces&v=4.0 HTTP/1.1" 304 -
201.245.192.253 - - [07/Mar/2023:10:04:32 -0500] "GET /sipse/faces/javax.faces.resource/primefaces.js?ln=primefaces&v=4.0 HTTP/1.1" 304 -
201.245.192.253 - - [07/Mar/2023:10:04:32 -0500] "GET /sipse/faces/javax.faces.resource/layout/layout.js?ln=primefaces&v=4.0 HTTP/1.1" 304 -
201.245.192.253 - - [07/Mar/2023:10:04:25 -0500] "POST /sipse/faces/presentacion/sistema/anexos/cargarAnexoSolicitudProceso.xhtml HTTP/1.1" 200 167336
181.50.142.205 - - [07/Mar/2023:10:04:34 -0500] "POST /sipse/faces/presentacion/financiero/solicitudProceso/consultarSolicitudProceso.xhtml HTTP/1.1" 200 21164
181.50.142.205 - - [07/Mar/2023:10:04:34 -0500] "GET /sipse/faces/javax.faces.resource/layout/layout.css?ln=primefaces&v=4.0 HTTP/1.1" 304 -
181.50.142.205 - - [07/Mar/2023:10:04:34 -0500] "GET /sipse/faces/javax.faces.resource/jquery/jquery-plugins.js?ln=primefaces&v=4.0 HTTP/1.1" 304 -
181.50.142.205 - - [07/Mar/2023:10:04:34 -0500] "GET /sipse/faces/javax.faces.resource/theme.css?ln=primefaces-sipse HTTP/1.1" 304 -
181.50.142.205 - - [07/Mar/2023:10:04:34 -0500] "GET /sipse/faces/javax.faces.resource/primefaces.css?ln=primefaces&v=4.0 HTTP/1.1" 304 -
181.50.142.205 - - [07/Mar/2023:10:04:34 -0500] "GET /sipse/faces/javax.faces.resource/fileupload/fileupload.css?ln=primefaces&v=4.0 HTTP/1.1" 304 -
181.50.142.205 - - [07/Mar/2023:10:04:34 -0500] "GET /sipse/faces/javax.faces.resource/jquery/jquery.js?ln=primefaces&v=4.0 HTTP/1.1" 304 -
181.50.142.205 - - [07/Mar/2023:10:04:34 -0500] "GET /sipse/faces/javax.faces.resource/layout/layout.js?ln=primefaces&v=4.0 HTTP/1.1" 304 -
181.50.142.205 - - [07/Mar/2023:10:04:34 -0500] "GET /sipse/faces/javax.faces.resource/primefaces.js?ln=primefaces&v=4.0 HTTP/1.1" 304 -
