181.53.13.85 - - [07/Mar/2023:06:08:20 -0500] "GET /sipse/css/imagen/logoSDG.png HTTP/1.1" 304 -
181.53.13.85 - - [07/Mar/2023:06:08:21 -0500] "GET /sipse/css/imagen/loginimg.png HTTP/1.1" 304 -
181.53.13.85 - - [07/Mar/2023:06:08:21 -0500] "GET /sipse/faces/javax.faces.resource/images/ui-icons_898989_256x240.png?ln=primefaces-aristo HTTP/1.1" 304 -
181.53.13.85 - - [07/Mar/2023:06:08:28 -0500] "POST /sipse/faces/autenticacion.xhtml HTTP/1.1" 200 2220
181.53.13.85 - - [07/Mar/2023:06:08:28 -0500] "GET /sipse/faces/javax.faces.resource/messages/messages.png?ln=primefaces&v=4.0 HTTP/1.1" 304 -
181.53.13.85 - - [07/Mar/2023:06:08:30 -0500] "POST /sipse/faces/autenticacion.xhtml HTTP/1.1" 200 16304
181.53.13.85 - - [07/Mar/2023:06:08:30 -0500] "GET /sipse/css/custom_css_sg_prime.css HTTP/1.1" 304 -
181.53.13.85 - - [07/Mar/2023:06:08:30 -0500] "GET /sipse/js/jquery.min.js HTTP/1.1" 304 -
181.53.13.85 - - [07/Mar/2023:06:08:30 -0500] "GET /sipse/faces/javax.faces.resource/theme.css?ln=primefaces-sipse HTTP/1.1" 304 -
181.53.13.85 - - [07/Mar/2023:06:08:30 -0500] "GET /sipse/faces/javax.faces.resource/layout/layout.css?ln=primefaces&v=4.0 HTTP/1.1" 304 -
181.53.13.85 - - [07/Mar/2023:06:08:30 -0500] "GET /sipse/faces/javax.faces.resource/primefaces.css?ln=primefaces&v=4.0 HTTP/1.1" 304 -
201.245.192.253 - - [07/Mar/2023:06:08:28 -0500] "POST /kwsrmcab/Wsrmcab  HTTP/1.1" 200 39753
181.53.13.85 - - [07/Mar/2023:06:08:30 -0500] "GET /sipse/faces/javax.faces.resource/jquery/jquery.js?ln=primefaces&v=4.0 HTTP/1.1" 304 -
181.53.13.85 - - [07/Mar/2023:06:08:30 -0500] "GET /sipse/faces/javax.faces.resource/jquery/jquery-plugins.js?ln=primefaces&v=4.0 HTTP/1.1" 304 -
181.53.13.85 - - [07/Mar/2023:06:08:31 -0500] "GET /sipse/faces/javax.faces.resource/primefaces.js?ln=primefaces&v=4.0 HTTP/1.1" 304 -
181.53.13.85 - - [07/Mar/2023:06:08:31 -0500] "GET /sipse/faces/javax.faces.resource/layout/layout.js?ln=primefaces&v=4.0 HTTP/1.1" 304 -
181.53.13.85 - - [07/Mar/2023:06:08:31 -0500] "GET /sipse/css/imagen/contrasena.png HTTP/1.1" 404 383
181.53.13.85 - - [07/Mar/2023:06:08:31 -0500] "GET /sipse/imagenes/cargando.gif HTTP/1.1" 304 -
181.53.13.85 - - [07/Mar/2023:06:08:31 -0500] "GET /sipse/imagenes/logoAplicacion.jpg HTTP/1.1" 304 -
181.53.13.85 - - [07/Mar/2023:06:08:33 -0500] "POST /sipse/faces/bienvenido.xhtml HTTP/1.1" 200 2658
181.53.13.85 - - [07/Mar/2023:06:08:33 -0500] "GET /sipse/faces/javax.faces.resource/images/ui-bg_flat_0_2d5972_40x100.png?ln=primefaces-aristo HTTP/1.1" 304 -
181.53.13.85 - - [07/Mar/2023:06:08:34 -0500] "POST /sipse/faces/bienvenido.xhtml HTTP/1.1" 200 65763
181.53.13.85 - - [07/Mar/2023:06:08:36 -0500] "GET /sipse/faces/javax.faces.resource/theme.css?ln=primefaces-sipse HTTP/1.1" 304 -
181.53.13.85 - - [07/Mar/2023:06:08:36 -0500] "GET /sipse/faces/javax.faces.resource/primefaces.css?ln=primefaces&v=4.0 HTTP/1.1" 304 -
181.53.13.85 - - [07/Mar/2023:06:08:36 -0500] "GET /sipse/faces/javax.faces.resource/layout/layout.css?ln=primefaces&v=4.0 HTTP/1.1" 304 -
181.53.13.85 - - [07/Mar/2023:06:08:36 -0500] "GET /sipse/faces/javax.faces.resource/jquery/jquery.js?ln=primefaces&v=4.0 HTTP/1.1" 304 -
181.53.13.85 - - [07/Mar/2023:06:08:36 -0500] "GET /sipse/faces/javax.faces.resource/jquery/jquery-plugins.js?ln=primefaces&v=4.0 HTTP/1.1" 304 -
181.53.13.85 - - [07/Mar/2023:06:08:36 -0500] "GET /sipse/faces/javax.faces.resource/primefaces.js?ln=primefaces&v=4.0 HTTP/1.1" 304 -
181.53.13.85 - - [07/Mar/2023:06:08:36 -0500] "GET /sipse/faces/javax.faces.resource/layout/layout.js?ln=primefaces&v=4.0 HTTP/1.1" 304 -
181.53.13.85 - - [07/Mar/2023:06:08:36 -0500] "POST /sipse/faces/presentacion/financiero/solicitudProceso/listarSolicitudProceso.xhtml HTTP/1.1" 200 1560
216.245.221.92 - - [07/Mar/2023:06:09:28 -0500] "HEAD / HTTP/1.1" 200 -
66.249.66.79 - - [07/Mar/2023:06:10:18 -0500] "-" 408 -
52.167.144.40 - - [07/Mar/2023:06:10:33 -0500] "GET /BLA/resoluciones/RESOLUCIONES%202008/4143.pdf HTTP/1.1" 200 281328
172.22.2.4 - - [07/Mar/2023:06:09:47 -0500] "HEAD /BLA/boletinlegal/ HTTP/1.1" 200 -
181.53.13.85 - - [07/Mar/2023:06:12:04 -0500] "POST /sipse/faces/presentacion/financiero/solicitudProceso/listarSolicitudProceso.xhtml HTTP/1.1" 200 16968
181.53.13.85 - - [07/Mar/2023:06:12:09 -0500] "POST /sipse/faces/presentacion/financiero/solicitudProceso/listarSolicitudProceso.xhtml HTTP/1.1" 200 105572
181.53.13.85 - - [07/Mar/2023:06:12:10 -0500] "GET /sipse/faces/javax.faces.resource/theme.css?ln=primefaces-sipse HTTP/1.1" 304 -
181.53.13.85 - - [07/Mar/2023:06:12:10 -0500] "GET /sipse/faces/javax.faces.resource/primefaces.css?ln=primefaces&v=4.0 HTTP/1.1" 304 -
181.53.13.85 - - [07/Mar/2023:06:12:10 -0500] "GET /sipse/faces/javax.faces.resource/layout/layout.css?ln=primefaces&v=4.0 HTTP/1.1" 304 -
181.53.13.85 - - [07/Mar/2023:06:12:10 -0500] "GET /sipse/faces/javax.faces.resource/jquery/jquery.js?ln=primefaces&v=4.0 HTTP/1.1" 304 -
181.53.13.85 - - [07/Mar/2023:06:12:10 -0500] "GET /sipse/faces/javax.faces.resource/jquery/jquery-plugins.js?ln=primefaces&v=4.0 HTTP/1.1" 304 -
181.53.13.85 - - [07/Mar/2023:06:12:11 -0500] "GET /sipse/faces/javax.faces.resource/primefaces.js?ln=primefaces&v=4.0 HTTP/1.1" 304 -
181.53.13.85 - - [07/Mar/2023:06:12:12 -0500] "GET /sipse/faces/javax.faces.resource/layout/layout.js?ln=primefaces&v=4.0 HTTP/1.1" 304 -
181.53.13.85 - - [07/Mar/2023:06:12:13 -0500] "GET /sipse/faces/javax.faces.resource/dynamiccontent.properties?ln=primefaces&pfdrid=XjOR5%2F%2FfPAZAuY9TpWQeCiM0BhlXxYRBGKi%2FQcXXfeA%3D&pfdrid_c=false HTTP/1.1" 500 383
172.22.2.4 - - [07/Mar/2023:06:10:38 -0500] "GET /BLA/boletinlegal/ HTTP/1.1" 200 57141
201.245.192.253 - - [07/Mar/2023:06:13:26 -0500] "POST /kwsrmcab/Wsrmcab  HTTP/1.1" 200 39753
216.245.221.92 - - [07/Mar/2023:06:14:28 -0500] "HEAD / HTTP/1.1" 200 -
172.22.2.4 - - [07/Mar/2023:06:14:46 -0500] "GET /BLA/boletinlegal/jurisprudencia/analisis/analisis%20sentencia%20C-1007-2011-1.doc HTTP/1.1" 200 35328
168.119.252.253 - - [07/Mar/2023:06:16:49 -0500] "GET / HTTP/1.1" 200 319
168.119.252.253 - - [07/Mar/2023:06:16:52 -0500] "GET / HTTP/1.1" 200 4720
172.22.2.4 - - [07/Mar/2023:06:15:37 -0500] "HEAD /BLA/boletinlegal/ HTTP/1.1" 200 -
201.245.192.253 - - [07/Mar/2023:06:17:25 -0500] "POST /kwsrmcab/Wsrmcab HTTP/1.1" 200 42060
201.245.192.253 - - [07/Mar/2023:06:17:27 -0500] "POST /kwsrmcab/Wsrmcab HTTP/1.1" 200 213
66.249.66.79 - - [07/Mar/2023:06:17:41 -0500] "-" 408 -
172.22.2.4 - - [07/Mar/2023:06:16:28 -0500] "GET /BLA/boletinlegal/ HTTP/1.1" 200 52316
201.245.192.253 - - [07/Mar/2023:06:18:24 -0500] "POST /kwsrmcab/Wsrmcab  HTTP/1.1" 200 39753
181.60.235.233 - - [07/Mar/2023:06:18:48 -0500] "GET / HTTP/1.1" 200 4720
216.245.221.92 - - [07/Mar/2023:06:19:28 -0500] "HEAD / HTTP/1.1" 200 -
93.158.161.49 - - [07/Mar/2023:06:19:36 -0500] "-" 408 -
172.22.2.4 - - [07/Mar/2023:06:20:08 -0500] "GET /BLA/boletinlegal/Circulares/2019/Circular%20No.%200005%20del%2020%20de%20Marzo%20de%202019.pdf HTTP/1.1" 200 159877
172.22.2.4 - - [07/Mar/2023:06:21:27 -0500] "HEAD /BLA/boletinlegal/ HTTP/1.1" 200 -
201.245.192.253 - - [07/Mar/2023:06:23:24 -0500] "POST /kwsrmcab/Wsrmcab  HTTP/1.1" 200 39753
66.249.66.79 - - [07/Mar/2023:06:23:45 -0500] "-" 408 -
172.22.2.4 - - [07/Mar/2023:06:22:18 -0500] "GET /BLA/boletinlegal/ HTTP/1.1" 200 54798
216.245.221.92 - - [07/Mar/2023:06:24:28 -0500] "HEAD / HTTP/1.1" 200 -
79.110.73.131 - - [07/Mar/2023:06:26:43 -0500] "GET /forest/ HTTP/1.1" 200 12041
201.245.192.253 - - [07/Mar/2023:06:27:25 -0500] "POST /kwsrmcab/Wsrmcab HTTP/1.1" 200 42060
201.245.192.253 - - [07/Mar/2023:06:27:28 -0500] "POST /kwsrmcab/Wsrmcab HTTP/1.1" 200 213
52.167.144.64 - - [07/Mar/2023:06:27:50 -0500] "GET /portaldeninos/wp-content/uploads/2021/11/plantacion-ni%C3%B1os-humedal-la-conejera-ni%C3%B1os-20-junio-768x758.jpg HTTP/1.1" 200 144604
186.155.52.164 - - [07/Mar/2023:06:28:01 -0500] "POST /sipse/faces/presentacion/financiero/solicitudProceso/listarSolicitudProceso.xhtml HTTP/1.1" 302 -
186.155.52.164 - - [07/Mar/2023:06:28:01 -0500] "GET /sipse/faces/autenticacion.xhtml HTTP/1.1" 200 1091
186.155.52.164 - - [07/Mar/2023:06:28:18 -0500] "GET /sipse/faces/presentacion/financiero/solicitudProceso/consultarSolicitudProceso.xhtml HTTP/1.1" 302 -
186.155.52.164 - - [07/Mar/2023:06:28:18 -0500] "GET /sipse/faces/autenticacion.xhtml HTTP/1.1" 200 12166
186.155.52.164 - - [07/Mar/2023:06:28:19 -0500] "GET /sipse/js/disable_browser_buttons.js HTTP/1.1" 304 -
186.155.52.164 - - [07/Mar/2023:06:28:19 -0500] "GET /sipse/js/funciones.js HTTP/1.1" 304 -
186.155.52.164 - - [07/Mar/2023:06:28:19 -0500] "GET /sipse/faces/javax.faces.resource/theme.css?ln=primefaces-sipse HTTP/1.1" 304 -
186.155.52.164 - - [07/Mar/2023:06:28:19 -0500] "GET /sipse/css/custom_css_sg.css HTTP/1.1" 304 -
186.155.52.164 - - [07/Mar/2023:06:28:19 -0500] "GET /sipse/css/custom_css_sg_prime_login.css HTTP/1.1" 304 -
186.155.52.164 - - [07/Mar/2023:06:28:19 -0500] "GET /sipse/faces/javax.faces.resource/primefaces.css?ln=primefaces&v=4.0 HTTP/1.1" 304 -
186.155.52.164 - - [07/Mar/2023:06:28:19 -0500] "GET /sipse/faces/javax.faces.resource/layout/layout.css?ln=primefaces&v=4.0 HTTP/1.1" 304 -
186.155.52.164 - - [07/Mar/2023:06:28:19 -0500] "GET /sipse/faces/javax.faces.resource/jquery/jquery.js?ln=primefaces&v=4.0 HTTP/1.1" 304 -
186.155.52.164 - - [07/Mar/2023:06:28:19 -0500] "GET /sipse/faces/javax.faces.resource/jquery/jquery-plugins.js?ln=primefaces&v=4.0 HTTP/1.1" 304 -
186.155.52.164 - - [07/Mar/2023:06:28:19 -0500] "GET /sipse/faces/javax.faces.resource/primefaces.js?ln=primefaces&v=4.0 HTTP/1.1" 304 -
186.155.52.164 - - [07/Mar/2023:06:28:19 -0500] "GET /sipse/faces/javax.faces.resource/layout/layout.js?ln=primefaces&v=4.0 HTTP/1.1" 304 -
186.155.52.164 - - [07/Mar/2023:06:28:19 -0500] "GET /sipse/css/imagen/logoSDG.png HTTP/1.1" 304 -
186.155.52.164 - - [07/Mar/2023:06:28:19 -0500] "GET /sipse/faces/javax.faces.resource/images/ui-icons_898989_256x240.png?ln=primefaces-aristo HTTP/1.1" 304 -
186.155.52.164 - - [07/Mar/2023:06:28:19 -0500] "GET /sipse/css/imagen/loginimg.png HTTP/1.1" 200 71635
186.155.52.164 - - [07/Mar/2023:06:28:19 -0500] "GET /sipse/faces/index.xhtml HTTP/1.1" 200 677
186.155.52.164 - - [07/Mar/2023:06:28:19 -0500] "GET /sipse/faces/javax.faces.resource/theme.css?ln=primefaces-sipse HTTP/1.1" 304 -
186.155.52.164 - - [07/Mar/2023:06:28:19 -0500] "GET /sipse/faces/faces/autenticacion.xhtml HTTP/1.1" 200 12166
186.155.52.164 - - [07/Mar/2023:06:28:19 -0500] "GET /sipse/faces/javax.faces.resource/theme.css?ln=primefaces-sipse HTTP/1.1" 304 -
186.155.52.164 - - [07/Mar/2023:06:28:19 -0500] "GET /sipse/faces/javax.faces.resource/primefaces.css?ln=primefaces&v=4.0 HTTP/1.1" 304 -
186.155.52.164 - - [07/Mar/2023:06:28:19 -0500] "GET /sipse/faces/javax.faces.resource/layout/layout.css?ln=primefaces&v=4.0 HTTP/1.1" 304 -
186.155.52.164 - - [07/Mar/2023:06:28:19 -0500] "GET /sipse/faces/javax.faces.resource/jquery/jquery-plugins.js?ln=primefaces&v=4.0 HTTP/1.1" 304 -
186.155.52.164 - - [07/Mar/2023:06:28:19 -0500] "GET /sipse/faces/javax.faces.resource/primefaces.js?ln=primefaces&v=4.0 HTTP/1.1" 304 -
186.155.52.164 - - [07/Mar/2023:06:28:19 -0500] "GET /sipse/faces/javax.faces.resource/jquery/jquery.js?ln=primefaces&v=4.0 HTTP/1.1" 304 -
186.155.52.164 - - [07/Mar/2023:06:28:19 -0500] "GET /sipse/faces/javax.faces.resource/layout/layout.js?ln=primefaces&v=4.0 HTTP/1.1" 304 -
186.155.52.164 - - [07/Mar/2023:06:28:22 -0500] "POST /sipse/faces/autenticacion.xhtml HTTP/1.1" 200 2217
186.155.52.164 - - [07/Mar/2023:06:28:22 -0500] "GET /sipse/faces/javax.faces.resource/messages/messages.png?ln=primefaces&v=4.0 HTTP/1.1" 304 -
201.245.192.253 - - [07/Mar/2023:06:28:23 -0500] "POST /kwsrmcab/Wsrmcab  HTTP/1.1" 200 39753
173.252.87.19 - - [07/Mar/2023:06:28:27 -0500] "GET /images/Puntos%20calientes%2024%20de%20febrero.jpeg HTTP/1.1" 200 42626
186.155.52.164 - - [07/Mar/2023:06:28:29 -0500] "GET /sipse/faces/javax.faces.resource/images/ui-icons_898989_256x240.png?ln=primefaces-aristo HTTP/1.1" 304 -
186.155.52.164 - - [07/Mar/2023:06:28:29 -0500] "POST /sipse/faces/autenticacion.xhtml HTTP/1.1" 200 16292
186.155.52.164 - - [07/Mar/2023:06:28:29 -0500] "GET /sipse/faces/javax.faces.resource/theme.css?ln=primefaces-sipse HTTP/1.1" 304 -
186.155.52.164 - - [07/Mar/2023:06:28:29 -0500] "GET /sipse/css/custom_css_sg_prime.css HTTP/1.1" 304 -
186.155.52.164 - - [07/Mar/2023:06:28:29 -0500] "GET /sipse/faces/javax.faces.resource/layout/layout.css?ln=primefaces&v=4.0 HTTP/1.1" 304 -
186.155.52.164 - - [07/Mar/2023:06:28:29 -0500] "GET /sipse/faces/javax.faces.resource/primefaces.css?ln=primefaces&v=4.0 HTTP/1.1" 304 -
186.155.52.164 - - [07/Mar/2023:06:28:29 -0500] "GET /sipse/js/jquery.min.js HTTP/1.1" 304 -
186.155.52.164 - - [07/Mar/2023:06:28:29 -0500] "GET /sipse/faces/javax.faces.resource/jquery/jquery.js?ln=primefaces&v=4.0 HTTP/1.1" 304 -
186.155.52.164 - - [07/Mar/2023:06:28:29 -0500] "GET /sipse/faces/javax.faces.resource/jquery/jquery-plugins.js?ln=primefaces&v=4.0 HTTP/1.1" 304 -
186.155.52.164 - - [07/Mar/2023:06:28:29 -0500] "GET /sipse/faces/javax.faces.resource/primefaces.js?ln=primefaces&v=4.0 HTTP/1.1" 304 -
186.155.52.164 - - [07/Mar/2023:06:28:29 -0500] "GET /sipse/faces/javax.faces.resource/layout/layout.js?ln=primefaces&v=4.0 HTTP/1.1" 304 -
186.155.52.164 - - [07/Mar/2023:06:28:29 -0500] "GET /sipse/imagenes/cargando.gif HTTP/1.1" 304 -
186.155.52.164 - - [07/Mar/2023:06:28:29 -0500] "GET /sipse/css/imagen/contrasena.png HTTP/1.1" 404 383
186.155.52.164 - - [07/Mar/2023:06:28:29 -0500] "GET /sipse/imagenes/logoAplicacion.jpg HTTP/1.1" 200 155084
186.155.52.164 - - [07/Mar/2023:06:28:31 -0500] "GET /sipse/faces/javax.faces.resource/images/ui-bg_flat_0_2d5972_40x100.png?ln=primefaces-aristo HTTP/1.1" 304 -
186.155.52.164 - - [07/Mar/2023:06:28:31 -0500] "POST /sipse/faces/bienvenido.xhtml HTTP/1.1" 200 2658
186.155.52.164 - - [07/Mar/2023:06:28:32 -0500] "POST /sipse/faces/bienvenido.xhtml HTTP/1.1" 200 64371
186.155.52.164 - - [07/Mar/2023:06:28:33 -0500] "GET /sipse/faces/javax.faces.resource/theme.css?ln=primefaces-sipse HTTP/1.1" 304 -
186.155.52.164 - - [07/Mar/2023:06:28:33 -0500] "GET /sipse/faces/javax.faces.resource/primefaces.css?ln=primefaces&v=4.0 HTTP/1.1" 304 -
186.155.52.164 - - [07/Mar/2023:06:28:33 -0500] "GET /sipse/faces/javax.faces.resource/layout/layout.css?ln=primefaces&v=4.0 HTTP/1.1" 304 -
186.155.52.164 - - [07/Mar/2023:06:28:33 -0500] "GET /sipse/faces/javax.faces.resource/jquery/jquery.js?ln=primefaces&v=4.0 HTTP/1.1" 304 -
186.155.52.164 - - [07/Mar/2023:06:28:33 -0500] "GET /sipse/faces/javax.faces.resource/jquery/jquery-plugins.js?ln=primefaces&v=4.0 HTTP/1.1" 304 -
186.155.52.164 - - [07/Mar/2023:06:28:33 -0500] "GET /sipse/faces/javax.faces.resource/primefaces.js?ln=primefaces&v=4.0 HTTP/1.1" 304 -
186.155.52.164 - - [07/Mar/2023:06:28:33 -0500] "GET /sipse/faces/javax.faces.resource/layout/layout.js?ln=primefaces&v=4.0 HTTP/1.1" 304 -
186.155.52.164 - - [07/Mar/2023:06:28:33 -0500] "POST /sipse/faces/presentacion/financiero/solicitudProceso/listarSolicitudProceso.xhtml HTTP/1.1" 200 1560
172.22.2.4 - - [07/Mar/2023:06:27:17 -0500] "HEAD /BLA/boletinlegal/ HTTP/1.1" 200 -
52.167.144.67 - - [07/Mar/2023:06:29:18 -0500] "GET /bla/resoluciones/autos%202010/1952.pdf HTTP/1.1" 200 384004
216.245.221.92 - - [07/Mar/2023:06:29:28 -0500] "HEAD / HTTP/1.1" 200 -
172.22.2.4 - - [07/Mar/2023:06:28:08 -0500] "GET /BLA/boletinlegal/ HTTP/1.1" 200 53551
66.249.66.79 - - [07/Mar/2023:06:30:27 -0500] "-" 408 -
173.252.79.11 - - [07/Mar/2023:06:30:29 -0500] "GET /images/pieza-grafica-semana-ambiental-30.jpg HTTP/1.1" 200 38850
186.80.62.233 - - [07/Mar/2023:06:30:59 -0500] "GET /inscribete-y-participa-en-las-caminatas-ecologicas-de-marzo.html?fbclid=IwAR28giaTKpVPqrEcs3PoxsY48kSJ4YwJUFUzuWe5pUnOkca1HaLs2DEQhcg HTTP/1.1" 200 924
173.252.107.7 - - [07/Mar/2023:06:31:01 -0500] "GET /en-semana-santa-jardin-botanico-una-opcion-vital-para-reconectarse-y-vivir-la-naturaleza.html HTTP/1.1" 206 1012
69.171.231.4 - - [07/Mar/2023:06:31:05 -0500] "GET /images/JBB1.jpeg HTTP/1.1" 200 90628
173.252.107.117 - - [07/Mar/2023:06:33:23 -0500] "GET /distrito-entrego-certificado-de-reconocimiento-a-mas-de-600-mujeres-que-reverdecen-tras-seis-meses-de-formacion-teorica-y-practica.html HTTP/1.1" 206 1113
173.252.107.21 - - [07/Mar/2023:06:33:24 -0500] "GET /si-te-gusta-la-pintura-el-dibujo-o-la-fotografia-el-concurso-a-vuelo-de-pajaro-es-para-ti.html HTTP/1.1" 206 861
201.245.192.253 - - [07/Mar/2023:06:33:23 -0500] "POST /kwsrmcab/Wsrmcab  HTTP/1.1" 200 39753
216.245.221.92 - - [07/Mar/2023:06:34:28 -0500] "HEAD / HTTP/1.1" 200 -
181.59.2.25 - - [07/Mar/2023:06:34:47 -0500] "GET /inscribete-y-participa-en-las-caminatas-ecologicas-de-marzo.html HTTP/1.1" 200 924
172.22.2.4 - - [07/Mar/2023:06:33:07 -0500] "HEAD /BLA/boletinlegal/ HTTP/1.1" 200 -
172.22.2.4 - - [07/Mar/2023:06:35:08 -0500] "GET /BLA/boletinlegal/actos.php HTTP/1.1" 200 9672
172.22.2.4 - - [07/Mar/2023:06:33:58 -0500] "GET /BLA/boletinlegal/ HTTP/1.1" 200 59646
66.249.72.72 - - [07/Mar/2023:06:36:51 -0500] "-" 408 -
201.245.192.253 - - [07/Mar/2023:06:37:25 -0500] "POST /kwsrmcab/Wsrmcab HTTP/1.1" 200 42060
201.245.192.253 - - [07/Mar/2023:06:37:27 -0500] "POST /kwsrmcab/Wsrmcab HTTP/1.1" 200 213
93.183.144.192 - - [07/Mar/2023:06:37:39 -0500] "GET / HTTP/1.1" 200 319
201.245.192.253 - - [07/Mar/2023:06:38:24 -0500] "POST /kwsrmcab/Wsrmcab  HTTP/1.1" 200 39753
93.158.161.34 - - [07/Mar/2023:06:38:34 -0500] "-" 408 -
216.245.221.92 - - [07/Mar/2023:06:39:28 -0500] "HEAD / HTTP/1.1" 200 -
172.22.2.4 - - [07/Mar/2023:06:40:25 -0500] "GET /BLA/boletinlegal/_ignition/execute-solution HTTP/1.1" 404 1018
172.22.2.4 - - [07/Mar/2023:06:38:57 -0500] "HEAD /BLA/boletinlegal/ HTTP/1.1" 200 -
186.30.167.139 - - [07/Mar/2023:06:41:21 -0500] "GET /galeria/mapa/3MapaBogot%C3%A1.jpg HTTP/1.1" 200 688183
186.30.167.139 - - [07/Mar/2023:06:41:22 -0500] "GET /favicon.ico HTTP/1.1" 200 7782
172.22.2.4 - - [07/Mar/2023:06:39:48 -0500] "GET /BLA/boletinlegal/ HTTP/1.1" 200 52316
201.245.192.253 - - [07/Mar/2023:06:43:23 -0500] "POST /kwsrmcab/Wsrmcab  HTTP/1.1" 200 39753
216.245.221.92 - - [07/Mar/2023:06:44:28 -0500] "HEAD / HTTP/1.1" 200 -
40.77.167.98 - - [07/Mar/2023:06:45:02 -0500] "GET /BLA/resoluciones/AUTOS%202011/1861.pdf HTTP/1.1" 200 107278
172.22.2.4 - - [07/Mar/2023:06:44:47 -0500] "HEAD /BLA/boletinlegal/ HTTP/1.1" 200 -
186.84.88.81 - - [07/Mar/2023:06:47:05 -0500] "GET /BLA/boletinlegal/js/jquery.scrollShow.js HTTP/1.1" 200 4586
186.84.88.81 - - [07/Mar/2023:06:47:05 -0500] "GET /galeria/galeria/jquery.fancybox.js?v=2.1.5 HTTP/1.1" 200 48706
186.84.88.81 - - [07/Mar/2023:06:47:05 -0500] "GET /galeria/galeria/jquery.fancybox.css?v=2.1.5 HTTP/1.1" 200 4895
186.84.88.81 - - [07/Mar/2023:06:47:05 -0500] "GET /galeria/carrusel/Carrusel/jquery.thumbnailScroller.css HTTP/1.1" 200 2066
186.84.88.81 - - [07/Mar/2023:06:47:05 -0500] "GET /galeria/carrusel/Carrusel/jquery-ui-1.8.13.custom.min.js HTTP/1.1" 200 10800
186.84.88.81 - - [07/Mar/2023:06:47:05 -0500] "GET /galeria/carrusel/Carrusel/jquery.thumbnailScroller.js HTTP/1.1" 200 8157
172.22.2.4 - - [07/Mar/2023:06:45:38 -0500] "GET /BLA/boletinlegal/ HTTP/1.1" 200 59296
201.245.192.253 - - [07/Mar/2023:06:48:23 -0500] "POST /kwsrmcab/Wsrmcab  HTTP/1.1" 200 39753
172.22.2.4 - - [07/Mar/2023:06:48:32 -0500] "GET /BLA/boletinlegal/Circulares/2012/Circular%20No.%2012%20del%2028%20de%20Agosto%20de%202012.pdf HTTP/1.1" 304 -
216.245.221.92 - - [07/Mar/2023:06:49:28 -0500] "HEAD / HTTP/1.1" 200 -
172.22.2.4 - - [07/Mar/2023:06:50:37 -0500] "HEAD /BLA/boletinlegal/ HTTP/1.1" 200 -
66.249.66.80 - - [07/Mar/2023:06:52:19 -0500] "-" 408 -
179.19.69.213 - - [07/Mar/2023:06:52:34 -0500] "GET /secretaria-de-ambiente-destaca-aportes-de-empresas-y-ciudadanos-que-ayudaron-a-mitigar-efectos-de-la-alerta-fase-i.html HTTP/1.1" 200 1019
172.22.2.4 - - [07/Mar/2023:06:51:28 -0500] "GET /BLA/boletinlegal/ HTTP/1.1" 200 57551
185.119.81.97 - - [07/Mar/2023:06:53:15 -0500] "GET /portaldeninos/wp-login.php HTTP/1.1" 200 2592
185.119.81.97 - - [07/Mar/2023:06:53:16 -0500] "POST /portaldeninos/wp-login.php HTTP/1.1" 200 3605
201.245.192.253 - - [07/Mar/2023:06:53:23 -0500] "POST /kwsrmcab/Wsrmcab  HTTP/1.1" 200 39753
216.245.221.92 - - [07/Mar/2023:06:54:28 -0500] "HEAD / HTTP/1.1" 200 -
185.119.81.97 - - [07/Mar/2023:06:57:20 -0500] "GET /portaldeninos/wp-login.php HTTP/1.1" 200 2592
185.119.81.97 - - [07/Mar/2023:06:57:21 -0500] "POST /portaldeninos/wp-login.php HTTP/1.1" 200 3650
172.22.2.4 - - [07/Mar/2023:06:56:27 -0500] "HEAD /BLA/boletinlegal/ HTTP/1.1" 200 -
201.245.192.253 - - [07/Mar/2023:06:58:22 -0500] "POST /kwsrmcab/Wsrmcab  HTTP/1.1" 200 39753
173.252.107.14 - - [07/Mar/2023:06:58:26 -0500] "GET /secretaria-de-ambiente-abre-inscripciones-para-recorridos-gratuitos-en-aulas-ambientales-de-bogota.html HTTP/1.1" 206 916
172.22.2.4 - - [07/Mar/2023:06:57:18 -0500] "GET /BLA/boletinlegal/ HTTP/1.1" 200 57935
216.245.221.92 - - [07/Mar/2023:06:59:28 -0500] "HEAD / HTTP/1.1" 200 -
66.249.66.80 - - [07/Mar/2023:07:01:10 -0500] "-" 408 -
201.245.192.253 - - [07/Mar/2023:07:02:35 -0500] "GET /galeria/galeria/jquery.fancybox.css?v=2.1.5 HTTP/1.1" 200 4895
201.245.192.253 - - [07/Mar/2023:07:02:35 -0500] "GET /galeria/galeria/jquery.fancybox.js?v=2.1.5 HTTP/1.1" 200 48706
201.245.192.253 - - [07/Mar/2023:07:02:35 -0500] "GET /BLA/boletinlegal/js/jquery.scrollShow.js HTTP/1.1" 200 4586
45.238.181.235 - - [07/Mar/2023:07:02:59 -0500] "GET /mesa/contrasena.pdf HTTP/1.1" 200 443199
201.245.192.253 - - [07/Mar/2023:07:03:05 -0500] "GET /galeria/carrusel/Carrusel/jquery.thumbnailScroller.css HTTP/1.1" 200 2066
201.245.192.253 - - [07/Mar/2023:07:03:05 -0500] "GET /galeria/carrusel/Carrusel/jquery-ui-1.8.13.custom.min.js HTTP/1.1" 200 10800
201.245.192.253 - - [07/Mar/2023:07:03:05 -0500] "GET /galeria/carrusel/Carrusel/jquery.thumbnailScroller.js HTTP/1.1" 200 8157
201.245.192.253 - - [07/Mar/2023:07:03:06 -0500] "GET /galeria/nivo-slider/demo/banner.html HTTP/1.1" 200 5446
201.245.192.253 - - [07/Mar/2023:07:03:06 -0500] "GET /galeria/nivo-slider/themes/default/default.css HTTP/1.1" 200 1569
201.245.192.253 - - [07/Mar/2023:07:03:06 -0500] "GET /galeria/nivo-slider/themes/pascal/pascal.css HTTP/1.1" 200 2258
201.245.192.253 - - [07/Mar/2023:07:03:06 -0500] "GET /galeria/nivo-slider/themes/orman/orman.css HTTP/1.1" 200 2152
201.245.192.253 - - [07/Mar/2023:07:03:06 -0500] "GET /galeria/nivo-slider/nivo-slider.css HTTP/1.1" 200 1507
201.245.192.253 - - [07/Mar/2023:07:03:06 -0500] "GET /galeria/nivo-slider/demo/style.css HTTP/1.1" 200 2222
201.245.192.253 - - [07/Mar/2023:07:03:06 -0500] "GET /galeria/nivo-slider/demo/scripts/jquery-1.7.1.min.js HTTP/1.1" 200 93868
201.245.192.253 - - [07/Mar/2023:07:03:06 -0500] "GET /galeria/nivo-slider/jquery.nivo.slider.pack.js HTTP/1.1" 200 11561
201.245.192.253 - - [07/Mar/2023:07:03:06 -0500] "GET /galeria/nivo-slider/demo/images/bannertortuga_optimized.jpg HTTP/1.1" 200 39066
201.245.192.253 - - [07/Mar/2023:07:03:06 -0500] "GET /galeria/nivo-slider/demo/images/Bannermujeresquereverdecen.jpg HTTP/1.1" 200 46558
201.245.192.253 - - [07/Mar/2023:07:03:06 -0500] "GET /galeria/nivo-slider/demo/images/bannertrafico_optimized.jpg HTTP/1.1" 200 42578
201.245.192.253 - - [07/Mar/2023:07:03:06 -0500] "GET /galeria/nivo-slider/demo/images/Bannersedeelectronica.jpg HTTP/1.1" 200 40383
201.245.192.253 - - [07/Mar/2023:07:03:06 -0500] "GET /galeria/nivo-slider/demo/images/bannerrutaesperanza.jpg HTTP/1.1" 200 55560
201.245.192.253 - - [07/Mar/2023:07:03:06 -0500] "GET /galeria/nivo-slider/demo/images/banneraire2021.jpg HTTP/1.1" 200 265101
201.245.192.253 - - [07/Mar/2023:07:03:06 -0500] "GET /galeria/nivo-slider/demo/images/Bannerplasticosseptiembre.jpg HTTP/1.1" 200 45633
201.245.192.253 - - [07/Mar/2023:07:03:06 -0500] "GET /galeria/nivo-slider/demo/images/bannerresiduoshospitalariosagosto.jpg HTTP/1.1" 200 36499
201.245.192.253 - - [07/Mar/2023:07:03:06 -0500] "GET /galeria/nivo-slider/demo/images/banneraccionpopularcrr68.jpg HTTP/1.1" 200 51887
201.245.192.253 - - [07/Mar/2023:07:03:06 -0500] "GET /galeria/nivo-slider/demo/images/banneraccionpopular.jpeg HTTP/1.1" 200 41707
201.245.192.253 - - [07/Mar/2023:07:03:06 -0500] "GET /galeria/nivo-slider/demo/images/bannerclases2021.jpg HTTP/1.1" 200 68230
201.245.192.253 - - [07/Mar/2023:07:03:06 -0500] "GET /galeria/nivo-slider/themes/default/loading.gif HTTP/1.1" 200 1737
201.245.192.253 - - [07/Mar/2023:07:03:06 -0500] "GET /galeria/nivo-slider/demo/images/4Simple_Slider.png HTTP/1.1" 200 11722
201.245.192.253 - - [07/Mar/2023:07:03:06 -0500] "GET /galeria/nivo-slider/demo/images/bannercapacitacionesbogota.jpg HTTP/1.1" 200 42416
201.245.192.253 - - [07/Mar/2023:07:03:06 -0500] "GET /galeria/nivo-slider/demo/images/Bannerenvases.jpg HTTP/1.1" 200 37316
201.245.192.253 - - [07/Mar/2023:07:03:06 -0500] "GET /galeria/nivo-slider/demo/images/Bannervirtualescanales.jpg HTTP/1.1" 200 174544
201.245.192.253 - - [07/Mar/2023:07:03:06 -0500] "GET /galeria/nivo-slider/themes/default/arrows.png HTTP/1.1" 200 824
201.245.192.253 - - [07/Mar/2023:07:03:06 -0500] "GET /galeria/nivo-slider/themes/default/bullets.png HTTP/1.1" 200 1281
45.238.181.235 - - [07/Mar/2023:07:03:07 -0500] "GET /mesa/contrasena.pdf HTTP/1.1" 200 443199
45.238.181.235 - - [07/Mar/2023:07:03:08 -0500] "GET /favicon.ico HTTP/1.1" 200 7782
201.245.192.253 - - [07/Mar/2023:07:03:22 -0500] "POST /kwsrmcab/Wsrmcab  HTTP/1.1" 200 39753
172.22.2.4 - - [07/Mar/2023:07:02:17 -0500] "HEAD /BLA/boletinlegal/ HTTP/1.1" 200 -
52.167.144.67 - - [07/Mar/2023:07:04:03 -0500] "GET /BLA/resoluciones/AUTOS%202022/5022.pdf HTTP/1.1" 200 369300
216.245.221.92 - - [07/Mar/2023:07:04:28 -0500] "HEAD / HTTP/1.1" 200 -
172.22.2.4 - - [07/Mar/2023:07:03:08 -0500] "GET /BLA/boletinlegal/ HTTP/1.1" 200 52316
186.102.76.70 - - [07/Mar/2023:07:05:30 -0500] "GET /kwssiamovil/sm/ldap/au?x=U2FsdGVkX18ZUezhopWAkb7LcFgOiKj4vIEjT4po4JDIsSoPiyOHSv454w/Kwc2/&y=U2FsdGVkX181yV88Tx/K2wg4ylL4zvM1MeBESghAxEemCVEYzYohKxY5rjHLXHoq HTTP/1.1" 200 30
186.102.76.70 - - [07/Mar/2023:07:05:30 -0500] "GET /kwssiamovil/sm/acme/s?s=U2FsdGVkX1+AQXWMJGLYc9Z+CvB+5+7mB36D5xhDJjXz0yjrGGq8pEm+F5c+iNebK0kj63CSlc3kbMUPcN1EagryCv41ZoZqXA8t9Tlk+jM=&u=U2FsdGVkX19HsR9avZ6J4yJdMDOrn+vP3QoIZ8hyDpZRL49Fdl32dVwnWnSU4aqe&y=U2FsdGVkX181yV88Tx/K2wg4ylL4zvM1MeBESghAxEemCVEYzYohKxY5rjHLXHoq HTTP/1.1" 200 97
186.102.76.70 - - [07/Mar/2023:07:05:30 -0500] "GET /kwssiamovil/sm/acme/s?s=U2FsdGVkX1+AMm8ZklNCblB5iqpfnia/BrQPV1qZSoRW2BeGE7s6bfvJUGiIbgUFaXKoGIY2XviD1YZhJbZU7tn84oZiX0lr1Ef7iVXmENu9PnWxs+Dou/X2n7QJ3RilkjK3frlvNqGfFUd+yNMr9W5hXa9k1tLVktr/SXPYzFa40tK6H7+gVUJaPl++D6kw6qj6cvNiN9GFfSXSir0uSz5liSs6qEL84MUuuKbtD7pfIoD7xvfd+rZU77I4pJqpGFEmmZuLZLPAU7Rcr5d5XPtiOjuZ9rwrjjKkgDDmCZ1H9vNdrttu/h/yybBCitDV1KKwt0XzS4iTNabv6zkdnaDGOs/zmeteIt3qtXN59XEcmGneKe36JxZL6sphi2Rc95uvqDKGq1ZkGCRxTbakIBd1BWHRAEh1z182gnKCr5WUpN7kAmNn2GzketS89NhP7RDHJ89yqAfo+P58WTuErXpiR6kbtFwwFTn9OWnG3mxJcc5XNn4y1+69ZLx1xff1qBlyZXX6GFzfmYWSF6hI/troRuF+kIcekAPKkJKhHtBxOZwmiMh5lBs8YdsbfK6t6m0wJ3Knlc+7oaospuL2kykRq/xZazKzXct9abINEsmr86LWvJEfOhs8BkxgaPMLh3w9j1c9hPdAH6TLGFK78rp/QItgIlk6dZ8qPrBpseFbn3jTCTDT4QmB2RZfjmCDdW7Ttl0KafliY1m+j75HHuscWHPllIO37CJ2cOACMuXATwqKck5AABN5eJcKj/BG0tnS2cpRghJCpUJ+Xl8pavVvSKMVWl3ZHnujmD0bwgNFdTn/VLLUz/uHMgKRcJabvKmfXbkAep8Dx2Bed4UrI4ZTR5brfcRM6j4InVqbEd3bcE9Ga9oywseTfThLIQuGZgxQVz6fNbLxqHRnWhtRrX3cZV8WJMErnsM4XZWAoXCDB9sR2hmkcSh24q1Pd+3JRX+FtgNZX0Fyht3rBcSQ1sDuFx5+BLq8xiUacxy74/ZkERryDJ2tL+Ib+nXu+KEJx0QeNqAZ1jlAR83VenoJHCxoIMppywc6pf2nLFaUXl0sMZFaxXjTHwBpJbolUbWaweh3c0Kptqt1Lw8qwQ45tnLl/gjyVsd7W5eyePX+xIxfWHChdkNSCKlRlEG0gFJpKV2upxn9/US98SF11i9yOTL1AIMg8fM+atjpdg9gk9uFd55LAxutjXLzY+p1W3DzIMtFeo7GpD1C0KUtzMXYqsE+WPKyGW0ZmSBSw+UKdTz+RNVX627xT3Fe17vMM0/EruW+NnoLFPOzmMBpcK+DzGVNsWx0jJLgxKAAmWlGv96+HieWFfEBgLbvHn4IztB5hHIsuGG5QnPse6tLhj51uSePpPCXEpPrQxvZkCap1orLKIyaM/FUP3gOq3zr0SCfaQNlQqz1RoyIIWPvDn7jAmDs0g6uuO/FqnIJVDmdhmE=&u=U2FsdGVkX19HsR9avZ6J4yJdMDOrn+vP3QoIZ8hyDpZRL49Fdl32dVwnWnSU4aqe&y=U2FsdGVkX181yV88Tx/K2wg4ylL4zvM1MeBESghAxEemCVEYzYohKxY5rjHLXHoq HTTP/1.1" 200 375
186.102.76.70 - - [07/Mar/2023:07:05:30 -0500] "GET /kwssiamovil/sm/acme/s?s=U2FsdGVkX18AV0kQ8NkHOYRXwbnBVTsMytUFXxbyykTL2DffIWTutQ1oitZ8IaYQmNCPeoMd7y9HRWggWTrSQ8IOC65L76qXzqR4A4EFEzEM0OL8P9uI/qOErQOc8sKMKaCjf4xC95kik64faBUdQUQu+MWNsMLp8anbfTz73Pt3YJkNBPsGk4m72OtQ1QoyYVSqAVUpN/akGZ514ARydfZMZFocXoB13bSaGuqLby+5ZIrbXqTPAKZtjACTr55hnnAPiQ2VHe5AoDOrgjkePrQADsiLoHh3I+zlAJ4RvJyHQqPuYPR/nU6RLMbEqHFnUYlVYCguahKqT92+vEt2YBKPEmiwdyROapvVQgyKW5U=&u=U2FsdGVkX19HsR9avZ6J4yJdMDOrn+vP3QoIZ8hyDpZRL49Fdl32dVwnWnSU4aqe&y=U2FsdGVkX181yV88Tx/K2wg4ylL4zvM1MeBESghAxEemCVEYzYohKxY5rjHLXHoq HTTP/1.1" 200 196
186.102.76.70 - - [07/Mar/2023:07:05:31 -0500] "GET /kwssiamovil/sm/cjson/pre?f=1&x=U2FsdGVkX18ZUezhopWAkb7LcFgOiKj4vIEjT4po4JDIsSoPiyOHSv454w/Kwc2/ HTTP/1.1" 200 31032
201.245.192.253 - - [07/Mar/2023:07:08:20 -0500] "POST /kwsrmcab/Wsrmcab  HTTP/1.1" 200 39753
66.249.66.79 - - [07/Mar/2023:07:08:26 -0500] "-" 408 -
216.245.221.92 - - [07/Mar/2023:07:09:28 -0500] "HEAD / HTTP/1.1" 200 -
172.22.2.4 - - [07/Mar/2023:07:08:07 -0500] "HEAD /BLA/boletinlegal/ HTTP/1.1" 200 -
181.53.12.252 - - [07/Mar/2023:07:10:11 -0500] "-" 408 -
201.245.192.253 - - [07/Mar/2023:07:10:13 -0500] "GET /sipse/faces/index.xhtml HTTP/1.1" 200 677
201.245.192.253 - - [07/Mar/2023:07:10:13 -0500] "GET /sipse/faces/javax.faces.resource/theme.css?ln=primefaces-sipse HTTP/1.1" 304 -
201.245.192.253 - - [07/Mar/2023:07:10:13 -0500] "GET /sipse/faces/faces/autenticacion.xhtml HTTP/1.1" 200 12166
201.245.192.253 - - [07/Mar/2023:07:10:13 -0500] "GET /sipse/js/disable_browser_buttons.js HTTP/1.1" 304 -
201.245.192.253 - - [07/Mar/2023:07:10:13 -0500] "GET /sipse/css/custom_css_sg.css HTTP/1.1" 304 -
201.245.192.253 - - [07/Mar/2023:07:10:13 -0500] "GET /sipse/js/funciones.js HTTP/1.1" 304 -
201.245.192.253 - - [07/Mar/2023:07:10:13 -0500] "GET /sipse/faces/javax.faces.resource/primefaces.css?ln=primefaces&v=4.0 HTTP/1.1" 304 -
201.245.192.253 - - [07/Mar/2023:07:10:13 -0500] "GET /sipse/css/custom_css_sg_prime_login.css HTTP/1.1" 304 -
201.245.192.253 - - [07/Mar/2023:07:10:13 -0500] "GET /sipse/faces/javax.faces.resource/theme.css?ln=primefaces-sipse HTTP/1.1" 304 -
201.245.192.253 - - [07/Mar/2023:07:10:13 -0500] "GET /sipse/faces/javax.faces.resource/layout/layout.css?ln=primefaces&v=4.0 HTTP/1.1" 304 -
201.245.192.253 - - [07/Mar/2023:07:10:13 -0500] "GET /sipse/faces/javax.faces.resource/jquery/jquery.js?ln=primefaces&v=4.0 HTTP/1.1" 304 -
201.245.192.253 - - [07/Mar/2023:07:10:13 -0500] "GET /sipse/faces/javax.faces.resource/jquery/jquery-plugins.js?ln=primefaces&v=4.0 HTTP/1.1" 304 -
201.245.192.253 - - [07/Mar/2023:07:10:13 -0500] "GET /sipse/faces/javax.faces.resource/primefaces.js?ln=primefaces&v=4.0 HTTP/1.1" 304 -
201.245.192.253 - - [07/Mar/2023:07:10:13 -0500] "GET /sipse/faces/javax.faces.resource/layout/layout.js?ln=primefaces&v=4.0 HTTP/1.1" 304 -
201.245.192.253 - - [07/Mar/2023:07:10:13 -0500] "GET /sipse/css/imagen/logoSDG.png HTTP/1.1" 304 -
201.245.192.253 - - [07/Mar/2023:07:10:13 -0500] "GET /sipse/css/imagen/loginimg.png HTTP/1.1" 304 -
201.245.192.253 - - [07/Mar/2023:07:10:13 -0500] "GET /sipse/faces/javax.faces.resource/images/ui-icons_898989_256x240.png?ln=primefaces-aristo HTTP/1.1" 304 -
201.245.192.253 - - [07/Mar/2023:07:10:18 -0500] "POST /sipse/faces/autenticacion.xhtml HTTP/1.1" 200 15510
201.245.192.253 - - [07/Mar/2023:07:10:18 -0500] "GET /sipse/css/custom_css_sg_prime.css HTTP/1.1" 304 -
201.245.192.253 - - [07/Mar/2023:07:10:18 -0500] "GET /sipse/faces/javax.faces.resource/theme.css?ln=primefaces-sipse HTTP/1.1" 304 -
201.245.192.253 - - [07/Mar/2023:07:10:18 -0500] "GET /sipse/faces/javax.faces.resource/primefaces.css?ln=primefaces&v=4.0 HTTP/1.1" 304 -
201.245.192.253 - - [07/Mar/2023:07:10:18 -0500] "GET /sipse/faces/javax.faces.resource/layout/layout.css?ln=primefaces&v=4.0 HTTP/1.1" 304 -
201.245.192.253 - - [07/Mar/2023:07:10:18 -0500] "GET /sipse/js/jquery.min.js HTTP/1.1" 304 -
201.245.192.253 - - [07/Mar/2023:07:10:18 -0500] "GET /sipse/faces/javax.faces.resource/jquery/jquery.js?ln=primefaces&v=4.0 HTTP/1.1" 304 -
201.245.192.253 - - [07/Mar/2023:07:10:18 -0500] "GET /sipse/faces/javax.faces.resource/jquery/jquery-plugins.js?ln=primefaces&v=4.0 HTTP/1.1" 304 -
201.245.192.253 - - [07/Mar/2023:07:10:18 -0500] "GET /sipse/faces/javax.faces.resource/primefaces.js?ln=primefaces&v=4.0 HTTP/1.1" 304 -
201.245.192.253 - - [07/Mar/2023:07:10:18 -0500] "GET /sipse/faces/javax.faces.resource/layout/layout.js?ln=primefaces&v=4.0 HTTP/1.1" 304 -
201.245.192.253 - - [07/Mar/2023:07:10:18 -0500] "GET /sipse/imagenes/cargando.gif HTTP/1.1" 304 -
201.245.192.253 - - [07/Mar/2023:07:10:18 -0500] "GET /sipse/imagenes/logoAplicacion.jpg HTTP/1.1" 304 -
201.245.192.253 - - [07/Mar/2023:07:10:18 -0500] "GET /sipse/css/imagen/contrasena.png HTTP/1.1" 404 383
201.245.192.253 - - [07/Mar/2023:07:10:18 -0500] "GET /sipse/faces/javax.faces.resource/messages/messages.png?ln=primefaces&v=4.0 HTTP/1.1" 304 -
201.245.192.253 - - [07/Mar/2023:07:10:20 -0500] "GET /sipse/faces/javax.faces.resource/images/ui-bg_flat_0_2d5972_40x100.png?ln=primefaces-aristo HTTP/1.1" 304 -
201.245.192.253 - - [07/Mar/2023:07:10:20 -0500] "POST /sipse/faces/bienvenido.xhtml HTTP/1.1" 200 3843
201.245.192.253 - - [07/Mar/2023:07:10:21 -0500] "POST /sipse/faces/bienvenido.xhtml HTTP/1.1" 200 42285
201.245.192.253 - - [07/Mar/2023:07:10:21 -0500] "GET /sipse/faces/javax.faces.resource/primefaces.css?ln=primefaces&v=4.0 HTTP/1.1" 304 -
201.245.192.253 - - [07/Mar/2023:07:10:21 -0500] "GET /sipse/faces/javax.faces.resource/layout/layout.css?ln=primefaces&v=4.0 HTTP/1.1" 304 -
201.245.192.253 - - [07/Mar/2023:07:10:21 -0500] "GET /sipse/faces/javax.faces.resource/theme.css?ln=primefaces-sipse HTTP/1.1" 304 -
201.245.192.253 - - [07/Mar/2023:07:10:21 -0500] "GET /sipse/faces/javax.faces.resource/jquery/jquery.js?ln=primefaces&v=4.0 HTTP/1.1" 304 -
201.245.192.253 - - [07/Mar/2023:07:10:21 -0500] "GET /sipse/faces/javax.faces.resource/jquery/jquery-plugins.js?ln=primefaces&v=4.0 HTTP/1.1" 304 -
201.245.192.253 - - [07/Mar/2023:07:10:21 -0500] "GET /sipse/faces/javax.faces.resource/primefaces.js?ln=primefaces&v=4.0 HTTP/1.1" 304 -
201.245.192.253 - - [07/Mar/2023:07:10:21 -0500] "GET /sipse/faces/javax.faces.resource/layout/layout.js?ln=primefaces&v=4.0 HTTP/1.1" 304 -
201.245.192.253 - - [07/Mar/2023:07:10:21 -0500] "POST /sipse/faces/presentacion/financiero/solicitudProceso/listarSolicitudProceso.xhtml HTTP/1.1" 200 1436
201.245.192.253 - - [07/Mar/2023:07:10:26 -0500] "POST /sipse/faces/presentacion/financiero/solicitudProceso/listarSolicitudProceso.xhtml HTTP/1.1" 200 10672
201.245.192.253 - - [07/Mar/2023:07:10:37 -0500] "POST /sipse/faces/presentacion/financiero/solicitudProceso/listarSolicitudProceso.xhtml HTTP/1.1" 200 10676
172.22.2.4 - - [07/Mar/2023:07:08:58 -0500] "GET /BLA/boletinlegal/ HTTP/1.1" 200 48649
201.245.192.253 - - [07/Mar/2023:07:10:39 -0500] "POST /sipse/faces/presentacion/financiero/solicitudProceso/listarSolicitudProceso.xhtml HTTP/1.1" 200 184
201.245.192.253 - - [07/Mar/2023:07:10:39 -0500] "POST /sipse/faces/presentacion/financiero/solicitudProceso/listarSolicitudProceso.xhtml HTTP/1.1" 200 184
201.245.192.253 - - [07/Mar/2023:07:10:39 -0500] "GET /sipse/faces/presentacion/financiero/solicitudAnulacion/solicitudAnulacion.xhtml HTTP/1.1" 200 15757
201.245.192.253 - - [07/Mar/2023:07:10:40 -0500] "GET /sipse/faces/presentacion/financiero/solicitudAnulacion/solicitudAnulacion.xhtml HTTP/1.1" 200 31670
201.245.192.253 - - [07/Mar/2023:07:10:40 -0500] "GET /sipse/faces/javax.faces.resource/theme.css?ln=primefaces-sipse HTTP/1.1" 304 -
201.245.192.253 - - [07/Mar/2023:07:10:40 -0500] "GET /sipse/faces/javax.faces.resource/jquery/jquery.js?ln=primefaces&v=4.0 HTTP/1.1" 304 -
201.245.192.253 - - [07/Mar/2023:07:10:40 -0500] "GET /sipse/faces/javax.faces.resource/jquery/jquery-plugins.js?ln=primefaces&v=4.0 HTTP/1.1" 304 -
201.245.192.253 - - [07/Mar/2023:07:10:40 -0500] "GET /sipse/faces/javax.faces.resource/primefaces.js?ln=primefaces&v=4.0 HTTP/1.1" 304 -
201.245.192.253 - - [07/Mar/2023:07:10:40 -0500] "GET /sipse/faces/javax.faces.resource/primefaces.css?ln=primefaces&v=4.0 HTTP/1.1" 304 -
201.245.192.253 - - [07/Mar/2023:07:10:40 -0500] "GET /sipse/faces/javax.faces.resource/layout/layout.css?ln=primefaces&v=4.0 HTTP/1.1" 304 -
201.245.192.253 - - [07/Mar/2023:07:10:40 -0500] "GET /sipse/faces/javax.faces.resource/layout/layout.js?ln=primefaces&v=4.0 HTTP/1.1" 304 -
201.245.192.253 - - [07/Mar/2023:07:10:40 -0500] "POST /sipse/faces/presentacion/financiero/solicitudAnulacion/solicitudAnulacion.xhtml HTTP/1.1" 200 10464
201.245.192.253 - - [07/Mar/2023:07:10:41 -0500] "POST /sipse/faces/presentacion/financiero/solicitudAnulacion/solicitudAnulacion.xhtml HTTP/1.1" 200 27903
201.245.192.253 - - [07/Mar/2023:07:10:41 -0500] "GET /sipse/faces/javax.faces.resource/primefaces.css?ln=primefaces&v=4.0 HTTP/1.1" 304 -
201.245.192.253 - - [07/Mar/2023:07:10:41 -0500] "GET /sipse/faces/javax.faces.resource/theme.css?ln=primefaces-sipse HTTP/1.1" 304 -
201.245.192.253 - - [07/Mar/2023:07:10:41 -0500] "GET /sipse/faces/javax.faces.resource/layout/layout.css?ln=primefaces&v=4.0 HTTP/1.1" 304 -
201.245.192.253 - - [07/Mar/2023:07:10:41 -0500] "GET /sipse/faces/javax.faces.resource/jquery/jquery.js?ln=primefaces&v=4.0 HTTP/1.1" 304 -
201.245.192.253 - - [07/Mar/2023:07:10:41 -0500] "GET /sipse/faces/javax.faces.resource/jquery/jquery-plugins.js?ln=primefaces&v=4.0 HTTP/1.1" 304 -
172.22.2.4 - - [07/Mar/2023:07:09:36 -0500] "GET /BLA/boletinlegal/ HTTP/1.1" 200 28619
201.245.192.253 - - [07/Mar/2023:07:10:41 -0500] "GET /sipse/faces/javax.faces.resource/primefaces.js?ln=primefaces&v=4.0 HTTP/1.1" 304 -
201.245.192.253 - - [07/Mar/2023:07:10:41 -0500] "GET /sipse/faces/javax.faces.resource/layout/layout.js?ln=primefaces&v=4.0 HTTP/1.1" 304 -
201.245.192.253 - - [07/Mar/2023:07:10:42 -0500] "POST /sipse/faces/presentacion/financiero/solicitudProceso/solicitudProcesoOtrosPagos.xhtml HTTP/1.1" 200 42285
201.245.192.253 - - [07/Mar/2023:07:10:42 -0500] "GET /sipse/faces/javax.faces.resource/theme.css?ln=primefaces-sipse HTTP/1.1" 304 -
201.245.192.253 - - [07/Mar/2023:07:10:42 -0500] "GET /sipse/faces/javax.faces.resource/layout/layout.css?ln=primefaces&v=4.0 HTTP/1.1" 304 -
201.245.192.253 - - [07/Mar/2023:07:10:42 -0500] "GET /sipse/faces/javax.faces.resource/primefaces.css?ln=primefaces&v=4.0 HTTP/1.1" 304 -
201.245.192.253 - - [07/Mar/2023:07:10:42 -0500] "GET /sipse/faces/javax.faces.resource/jquery/jquery.js?ln=primefaces&v=4.0 HTTP/1.1" 304 -
201.245.192.253 - - [07/Mar/2023:07:10:42 -0500] "GET /sipse/faces/javax.faces.resource/jquery/jquery-plugins.js?ln=primefaces&v=4.0 HTTP/1.1" 304 -
201.245.192.253 - - [07/Mar/2023:07:10:42 -0500] "GET /sipse/faces/javax.faces.resource/primefaces.js?ln=primefaces&v=4.0 HTTP/1.1" 304 -
201.245.192.253 - - [07/Mar/2023:07:10:42 -0500] "GET /sipse/faces/javax.faces.resource/layout/layout.js?ln=primefaces&v=4.0 HTTP/1.1" 304 -
201.245.192.253 - - [07/Mar/2023:07:10:42 -0500] "POST /sipse/faces/presentacion/financiero/solicitudProceso/listarSolicitudProceso.xhtml HTTP/1.1" 200 35625
201.245.192.253 - - [07/Mar/2023:07:10:43 -0500] "POST /sipse/faces/presentacion/financiero/solicitudProceso/listarSolicitudProceso.xhtml HTTP/1.1" 200 1436
201.245.192.253 - - [07/Mar/2023:07:10:43 -0500] "POST /sipse/faces/presentacion/financiero/solicitudProceso/listarSolicitudProceso.xhtml HTTP/1.1" 200 1436
69.63.184.1 - - [07/Mar/2023:07:11:34 -0500] "GET /images/caminatas-ecol\xc3\xb3gicas-marzo---1920x1080_optimized.jpg HTTP/1.1" 404 1034
201.245.192.253 - - [07/Mar/2023:07:11:49 -0500] "GET /sipse/faces/javax.faces.resource/images/ui-icons_898989_256x240.png?ln=primefaces-aristo HTTP/1.1" 304 -
201.245.192.253 - - [07/Mar/2023:07:11:50 -0500] "POST /sipse/faces/presentacion/financiero/solicitudProceso/listarSolicitudProceso.xhtml HTTP/1.1" 200 911
201.245.192.253 - - [07/Mar/2023:07:11:52 -0500] "GET /sipse/faces/presentacion/financiero/solicitudAnulacion/faces/autenticacion HTTP/1.1" 302 -
201.245.192.253 - - [07/Mar/2023:07:11:52 -0500] "GET /sipse/faces/autenticacion.xhtml HTTP/1.1" 200 12166
201.245.192.253 - - [07/Mar/2023:07:11:52 -0500] "GET /sipse/faces/javax.faces.resource/theme.css?ln=primefaces-sipse HTTP/1.1" 304 -
201.245.192.253 - - [07/Mar/2023:07:11:52 -0500] "GET /sipse/faces/javax.faces.resource/primefaces.css?ln=primefaces&v=4.0 HTTP/1.1" 304 -
201.245.192.253 - - [07/Mar/2023:07:11:52 -0500] "GET /sipse/faces/javax.faces.resource/jquery/jquery.js?ln=primefaces&v=4.0 HTTP/1.1" 304 -
201.245.192.253 - - [07/Mar/2023:07:11:52 -0500] "GET /sipse/faces/javax.faces.resource/primefaces.js?ln=primefaces&v=4.0 HTTP/1.1" 304 -
201.245.192.253 - - [07/Mar/2023:07:11:52 -0500] "GET /sipse/faces/javax.faces.resource/layout/layout.css?ln=primefaces&v=4.0 HTTP/1.1" 304 -
201.245.192.253 - - [07/Mar/2023:07:11:52 -0500] "GET /sipse/faces/javax.faces.resource/jquery/jquery-plugins.js?ln=primefaces&v=4.0 HTTP/1.1" 304 -
201.245.192.253 - - [07/Mar/2023:07:11:52 -0500] "GET /sipse/faces/javax.faces.resource/layout/layout.js?ln=primefaces&v=4.0 HTTP/1.1" 304 -
201.245.192.253 - - [07/Mar/2023:07:11:56 -0500] "POST /sipse/faces/autenticacion.xhtml HTTP/1.1" 200 15507
201.245.192.253 - - [07/Mar/2023:07:11:56 -0500] "GET /sipse/faces/javax.faces.resource/theme.css?ln=primefaces-sipse HTTP/1.1" 304 -
201.245.192.253 - - [07/Mar/2023:07:11:56 -0500] "GET /sipse/faces/javax.faces.resource/primefaces.css?ln=primefaces&v=4.0 HTTP/1.1" 304 -
201.245.192.253 - - [07/Mar/2023:07:11:56 -0500] "GET /sipse/faces/javax.faces.resource/layout/layout.css?ln=primefaces&v=4.0 HTTP/1.1" 304 -
201.245.192.253 - - [07/Mar/2023:07:11:56 -0500] "GET /sipse/faces/javax.faces.resource/jquery/jquery.js?ln=primefaces&v=4.0 HTTP/1.1" 304 -
201.245.192.253 - - [07/Mar/2023:07:11:56 -0500] "GET /sipse/faces/javax.faces.resource/jquery/jquery-plugins.js?ln=primefaces&v=4.0 HTTP/1.1" 304 -
201.245.192.253 - - [07/Mar/2023:07:11:56 -0500] "GET /sipse/faces/javax.faces.resource/primefaces.js?ln=primefaces&v=4.0 HTTP/1.1" 304 -
201.245.192.253 - - [07/Mar/2023:07:11:56 -0500] "GET /sipse/faces/javax.faces.resource/layout/layout.js?ln=primefaces&v=4.0 HTTP/1.1" 304 -
201.245.192.253 - - [07/Mar/2023:07:12:00 -0500] "POST /sipse/faces/bienvenido.xhtml HTTP/1.1" 200 3843
201.245.192.253 - - [07/Mar/2023:07:12:01 -0500] "POST /sipse/faces/bienvenido.xhtml HTTP/1.1" 200 45162
201.245.192.253 - - [07/Mar/2023:07:12:02 -0500] "GET /sipse/faces/javax.faces.resource/primefaces.css?ln=primefaces&v=4.0 HTTP/1.1" 304 -
201.245.192.253 - - [07/Mar/2023:07:12:02 -0500] "GET /sipse/faces/javax.faces.resource/theme.css?ln=primefaces-sipse HTTP/1.1" 304 -
201.245.192.253 - - [07/Mar/2023:07:12:02 -0500] "GET /sipse/faces/javax.faces.resource/layout/layout.css?ln=primefaces&v=4.0 HTTP/1.1" 304 -
201.245.192.253 - - [07/Mar/2023:07:12:02 -0500] "GET /sipse/faces/javax.faces.resource/jquery/jquery.js?ln=primefaces&v=4.0 HTTP/1.1" 304 -
201.245.192.253 - - [07/Mar/2023:07:12:02 -0500] "GET /sipse/faces/javax.faces.resource/jquery/jquery-plugins.js?ln=primefaces&v=4.0 HTTP/1.1" 304 -
201.245.192.253 - - [07/Mar/2023:07:12:02 -0500] "GET /sipse/faces/javax.faces.resource/primefaces.js?ln=primefaces&v=4.0 HTTP/1.1" 304 -
201.245.192.253 - - [07/Mar/2023:07:12:02 -0500] "GET /sipse/faces/javax.faces.resource/layout/layout.js?ln=primefaces&v=4.0 HTTP/1.1" 304 -
201.245.192.253 - - [07/Mar/2023:07:12:02 -0500] "POST /sipse/faces/presentacion/financiero/solicitudProceso/listarSolicitudProceso.xhtml HTTP/1.1" 200 1468
201.245.192.253 - - [07/Mar/2023:07:12:05 -0500] "POST /sipse/faces/presentacion/financiero/solicitudProceso/listarSolicitudProceso.xhtml HTTP/1.1" 200 911
201.245.192.253 - - [07/Mar/2023:07:13:19 -0500] "POST /kwsrmcab/Wsrmcab  HTTP/1.1" 200 39753
66.249.66.79 - - [07/Mar/2023:07:14:14 -0500] "-" 408 -
216.245.221.92 - - [07/Mar/2023:07:14:28 -0500] "HEAD / HTTP/1.1" 200 -
172.22.2.4 - - [07/Mar/2023:07:13:57 -0500] "HEAD /BLA/boletinlegal/ HTTP/1.1" 200 -
172.22.2.4 - - [07/Mar/2023:07:14:48 -0500] "GET /BLA/boletinlegal/ HTTP/1.1" 200 54798
190.69.237.6 - - [07/Mar/2023:07:17:02 -0500] "GET /inscribete-y-participa-en-las-caminatas-ecologicas-de-marzo.html HTTP/1.1" 200 924
201.245.192.253 - - [07/Mar/2023:07:17:25 -0500] "POST /kwsrmcab/Wsrmcab HTTP/1.1" 200 42386
172.22.2.4 - - [07/Mar/2023:07:17:28 -0500] "GET /BLA/boletinlegal/actos.php HTTP/1.1" 200 9672
201.245.192.253 - - [07/Mar/2023:07:17:27 -0500] "POST /kwsrmcab/Wsrmcab HTTP/1.1" 200 213
173.252.83.2 - - [07/Mar/2023:07:18:08 -0500] "GET /images/Puntos%20calientes%2024%20de%20febrero.jpeg HTTP/1.1" 200 42626
201.245.192.253 - - [07/Mar/2023:07:18:17 -0500] "POST /kwsrmcab/Wsrmcab  HTTP/1.1" 200 39753
179.19.38.137 - - [07/Mar/2023:07:18:49 -0500] "GET /inicia-la-convocatoria-2023-para-el-panel-distrital-de-cambio-climatico.html HTTP/1.1" 200 887
69.63.184.4 - - [07/Mar/2023:07:18:58 -0500] "GET /images/calidad-del-aire-suroccidental_optimized.jpeg HTTP/1.1" 200 175446
216.245.221.92 - - [07/Mar/2023:07:19:28 -0500] "HEAD / HTTP/1.1" 200 -
191.156.227.254 - - [07/Mar/2023:07:20:09 -0500] "GET /inscribete-y-participa-en-las-caminatas-ecologicas-de-marzo.html HTTP/1.1" 200 924
66.249.66.79 - - [07/Mar/2023:07:20:12 -0500] "-" 408 -
199.16.157.181 - - [07/Mar/2023:07:21:00 -0500] "GET /images/convocatoria-panel-dsitrtal-para-el-cmabio-clim%C3%A1tico_optimized.jpeg HTTP/1.1" 404 1034
172.22.2.4 - - [07/Mar/2023:07:21:18 -0500] "GET /BLA/boletinlegal/Circulares/2012/Circular%20No.%207%20del%2008%20de%20Agosto%20de%202012.pdf HTTP/1.1" 304 -
172.22.2.4 - - [07/Mar/2023:07:19:47 -0500] "HEAD /BLA/boletinlegal/ HTTP/1.1" 200 -
173.252.107.120 - - [07/Mar/2023:07:22:07 -0500] "GET /secretaria-de-ambiente-hace-seguimiento-de-control-a-licencias-ambientales-otorgadas.html HTTP/1.1" 206 1013
173.252.107.120 - - [07/Mar/2023:07:22:07 -0500] "GET /images/operativo-licencias-ambientales-5-noviembre%20.jpg HTTP/1.1" 200 38992
172.22.2.4 - - [07/Mar/2023:07:20:38 -0500] "GET /BLA/boletinlegal/ HTTP/1.1" 200 59646
173.252.83.13 - - [07/Mar/2023:07:22:59 -0500] "GET /images/caminatas-ecol\xc3\xb3gicas-marzo---1920x1080_optimized.jpg HTTP/1.1" 404 1034
201.245.192.253 - - [07/Mar/2023:07:23:16 -0500] "POST /kwsrmcab/Wsrmcab  HTTP/1.1" 200 39753
216.245.221.92 - - [07/Mar/2023:07:24:28 -0500] "HEAD / HTTP/1.1" 200 -
186.155.52.164 - - [07/Mar/2023:07:25:02 -0500] "POST /sipse/faces/presentacion/financiero/solicitudProceso/listarSolicitudProceso.xhtml HTTP/1.1" 200 57707
186.155.52.164 - - [07/Mar/2023:07:25:02 -0500] "POST /sipse/faces/presentacion/financiero/solicitudProceso/listarSolicitudProceso.xhtml HTTP/1.1" 200 57707
186.155.52.164 - - [07/Mar/2023:07:25:02 -0500] "POST /sipse/faces/presentacion/financiero/solicitudProceso/listarSolicitudProceso.xhtml HTTP/1.1" 200 1560
186.155.52.164 - - [07/Mar/2023:07:25:02 -0500] "POST /sipse/faces/presentacion/financiero/solicitudProceso/listarSolicitudProceso.xhtml HTTP/1.1" 200 1552
186.155.52.164 - - [07/Mar/2023:07:25:06 -0500] "POST /sipse/faces/presentacion/financiero/solicitudProceso/listarSolicitudProceso.xhtml HTTP/1.1" 200 57707
186.155.52.164 - - [07/Mar/2023:07:25:06 -0500] "POST /sipse/faces/presentacion/financiero/solicitudProceso/listarSolicitudProceso.xhtml HTTP/1.1" 200 57707
186.155.52.164 - - [07/Mar/2023:07:25:07 -0500] "POST /sipse/faces/presentacion/financiero/solicitudProceso/listarSolicitudProceso.xhtml HTTP/1.1" 200 1560
186.155.52.164 - - [07/Mar/2023:07:25:07 -0500] "POST /sipse/faces/presentacion/financiero/solicitudProceso/listarSolicitudProceso.xhtml HTTP/1.1" 200 1552
186.102.78.226 - - [07/Mar/2023:07:26:13 -0500] "GET /kwssiamovil/sm/ldap/au?x=U2FsdGVkX18TrLYqR3uyGeo27CGyPpvmQNCrCsYgxMcxqGlx/Mw+ZMSVkWLxKh5O&y=U2FsdGVkX191Y+E+l+nZ4xVW927oQK31SvCvKp5S3ReAa0VDMaH5RCNj8jWSoc+R HTTP/1.1" 200 31
66.249.66.79 - - [07/Mar/2023:07:26:24 -0500] "-" 408 -
186.102.78.226 - - [07/Mar/2023:07:26:26 -0500] "GET /kwssiamovil/sm/ldap/au?x=U2FsdGVkX19qOmCkeYytRymW8WMZs7NKxtZBloHkoCHcs1t7IzGEVzHaCuM9vaD2&y=U2FsdGVkX1/Hqq2Q6Wxvf2KhUpir/8QNBRSG8ADnYciudnGwGI+8QW7A4lxBI2Tw HTTP/1.1" 200 30
186.102.78.226 - - [07/Mar/2023:07:26:26 -0500] "GET /kwssiamovil/sm/acme/s?s=U2FsdGVkX18AgNtKFWBKtmi2M93G15K1eYE4oPbBamsLXjk/LN3mUB9YVq/XzrvyQ64CGzDr8yRDYz+HZStuZI2dmpTRdBb38DhMeg6jyOo=&u=U2FsdGVkX19/60dBPNYDdo3meN+ON+JfYINzLXywmUD4s5O9jtN9qc3fKNBJ1tKK&y=U2FsdGVkX1/Hqq2Q6Wxvf2KhUpir/8QNBRSG8ADnYciudnGwGI+8QW7A4lxBI2Tw HTTP/1.1" 200 97
