!C99Shell v. 1.0 pre-release build #13!

Software: Apache. PHP/5.5.15 

uname -a: Windows NT SVR-DMZ 6.1 build 7600 (Windows Server 2008 R2 Enterprise Edition) i586 

SYSTEM 

Safe-mode: OFF (not secure)

E:\nuevo\apache\logs\   drwxrwxrwx
Free 8.02 GB of 239.26 GB (3.35%)
Detected drives: [ a ] [ c ] [ d ] [ e ] [ f ]
Home    Back    Forward    UPDIR    Refresh    Search    Buffer    Encoder    Tools    Proc.    FTP brute    Sec.    SQL    PHP-code    Update    Feedback    Self remove    Logout    


Viewing file:     access.2023.03.12.log (1.29 MB)      -rw-rw-rw-
Select action/file-type:
(+) | (+) | (+) | Code (+) | Session (+) | (+) | SDB (+) | (+) | (+) | (+) | (+) | (+) |
66.249.66.64 - - [12/Mar/2023:00:00:56 -0500] "-" 408 -
172.22.2.4 - - [11/Mar/2023:23:59:44 -0500] "HEAD /BLA/boletinlegal/ HTTP/1.1" 200 -
172.22.2.4 - - [12/Mar/2023:00:01:26 -0500] "GET /BLA/boletinlegal/consulta_actos.php?tipo=autos&no=5041&usuario=&sector=&fecha=2018&resuelve= HTTP/1.1" 200 626
172.22.2.4 - - [12/Mar/2023:00:01:28 -0500] "GET /BLA/boletinlegal/consulta_actos.php?tipo=autos&no=5041&usuario=&sector=&fecha=2018&resuelve= HTTP/1.1" 200 626
172.22.2.4 - - [12/Mar/2023:00:01:28 -0500] "GET /BLA/boletinlegal/consulta_actos.php?tipo=autos&no=5041&usuario=&sector=&fecha=2018&resuelve= HTTP/1.1" 200 626
172.22.2.4 - - [12/Mar/2023:00:01:28 -0500] "GET /BLA/boletinlegal/consulta_actos.php?tipo=autos&no=5041&usuario=&sector=&fecha=2018&resuelve= HTTP/1.1" 200 626
172.22.2.4 - - [12/Mar/2023:00:01:28 -0500] "GET /BLA/boletinlegal/consulta_actos.php?tipo=autos&no=5041&usuario=&sector=&fecha=2018&resuelve= HTTP/1.1" 200 626
172.22.2.4 - - [12/Mar/2023:00:01:28 -0500] "GET /BLA/boletinlegal/consulta_actos.php?tipo=autos&no=5041&usuario=&sector=&fecha=2018&resuelve= HTTP/1.1" 200 626
172.22.2.4 - - [12/Mar/2023:00:00:34 -0500] "GET /BLA/boletinlegal/ HTTP/1.1" 200 54414
216.245.221.92 - - [12/Mar/2023:00:03:03 -0500] "HEAD / HTTP/1.1" 200 -
66.249.70.13 - - [12/Mar/2023:00:03:05 -0500] "-" 408 -
201.245.192.253 - - [12/Mar/2023:00:03:07 -0500] "POST /kwsrmcab/Wsrmcab  HTTP/1.1" 200 213
172.22.2.4 - - [12/Mar/2023:00:04:07 -0500] "GET /BLA/boletinlegal/consulta_actos.php?tipo=autos&no=5041&usuario=&sector=&fecha=2019&resuelve= HTTP/1.1" 200 626
172.22.2.4 - - [12/Mar/2023:00:04:11 -0500] "GET /BLA/boletinlegal/consulta_actos.php?tipo=autos&no=5041&usuario=&sector=&fecha=2018&resuelve= HTTP/1.1" 200 626
172.22.2.4 - - [12/Mar/2023:00:04:12 -0500] "GET /BLA/boletinlegal/consulta_actos.php?tipo=autos&no=5041&usuario=&sector=&fecha=2018&resuelve= HTTP/1.1" 200 626
172.22.2.4 - - [12/Mar/2023:00:04:12 -0500] "GET /BLA/boletinlegal/consulta_actos.php?tipo=autos&no=5041&usuario=&sector=&fecha=2018&resuelve= HTTP/1.1" 200 626
172.22.2.4 - - [12/Mar/2023:00:04:12 -0500] "GET /BLA/boletinlegal/consulta_actos.php?tipo=autos&no=5041&usuario=&sector=&fecha=2018&resuelve= HTTP/1.1" 200 626
172.22.2.4 - - [12/Mar/2023:00:04:31 -0500] "GET /BLA/boletinlegal/consulta_actos.php?tipo=autos&no=1759&usuario=&sector=&fecha=2018&resuelve= HTTP/1.1" 200 1071
172.22.2.4 - - [12/Mar/2023:00:04:53 -0500] "GET /BLA/boletinlegal/consulta_actos.php?tipo=autos&no=5041&usuario=&sector=&fecha=2018&resuelve= HTTP/1.1" 200 626
172.22.2.4 - - [12/Mar/2023:00:04:53 -0500] "GET /BLA/boletinlegal/consulta_actos.php?tipo=autos&no=5041&usuario=&sector=&fecha=2018&resuelve= HTTP/1.1" 200 626
172.22.2.4 - - [12/Mar/2023:00:04:54 -0500] "GET /BLA/boletinlegal/consulta_actos.php?tipo=autos&no=5041&usuario=&sector=&fecha=2018&resuelve= HTTP/1.1" 200 626
172.22.2.4 - - [12/Mar/2023:00:04:54 -0500] "GET /BLA/boletinlegal/consulta_actos.php?tipo=autos&no=5041&usuario=&sector=&fecha=2018&resuelve= HTTP/1.1" 200 626
172.22.2.4 - - [12/Mar/2023:00:04:54 -0500] "GET /BLA/boletinlegal/consulta_actos.php?tipo=autos&no=5041&usuario=&sector=&fecha=2018&resuelve= HTTP/1.1" 200 626
52.167.144.71 - - [12/Mar/2023:00:05:48 -0500] "GET /galeria/carrusel/Carrusel/jquery.thumbnailScroller.js HTTP/1.1" 200 8157
52.167.144.166 - - [12/Mar/2023:00:06:00 -0500] "GET /galeria/carrusel/Carrusel/jquery.thumbnailScroller.css HTTP/1.1" 200 2066
52.167.144.166 - - [12/Mar/2023:00:06:00 -0500] "GET /galeria/nivo-slider/demo/banner.html HTTP/1.1" 200 5446
172.22.2.4 - - [12/Mar/2023:00:05:34 -0500] "HEAD /BLA/boletinlegal/ HTTP/1.1" 200 -
216.245.221.92 - - [12/Mar/2023:00:08:03 -0500] "HEAD / HTTP/1.1" 200 -
172.22.2.4 - - [12/Mar/2023:00:06:24 -0500] "GET /BLA/boletinlegal/ HTTP/1.1" 200 57935
201.245.192.253 - - [12/Mar/2023:00:08:07 -0500] "POST /kwsrmcab/Wsrmcab  HTTP/1.1" 200 213
52.167.144.168 - - [12/Mar/2023:00:09:48 -0500] "GET /galeria/carrusel/Carrusel/jquery-ui-1.8.13.custom.min.js HTTP/1.1" 200 10800
172.22.2.4 - - [12/Mar/2023:00:10:29 -0500] "GET /BLA/boletinlegal/ HTTP/1.1" 200 36811
216.245.221.92 - - [12/Mar/2023:00:13:03 -0500] "HEAD / HTTP/1.1" 200 -
172.22.2.4 - - [12/Mar/2023:00:11:24 -0500] "HEAD /BLA/boletinlegal/ HTTP/1.1" 200 -
201.245.192.253 - - [12/Mar/2023:00:13:05 -0500] "POST /kwsrmcab/Wsrmcab  HTTP/1.1" 200 213
172.22.2.4 - - [12/Mar/2023:00:12:14 -0500] "GET /BLA/boletinlegal/ HTTP/1.1" 200 59296
199.16.157.181 - - [12/Mar/2023:00:14:55 -0500] "GET /secretaria-de-ambiente-hace-seguimiento-a-la-calidad-del-aire-producto-de-incendio-a-las-afueras-de-bogota.html HTTP/1.1" 200 922
199.16.157.183 - - [12/Mar/2023:00:14:56 -0500] "GET /images/Incendio%20(1)%20(1).png HTTP/1.1" 200 189748
179.43.177.242 - - [12/Mar/2023:00:16:20 -0500] "POST /boaform/admin/formLogin HTTP/1.1" 404 1186
216.245.221.92 - - [12/Mar/2023:00:18:03 -0500] "HEAD / HTTP/1.1" 200 -
201.245.192.253 - - [12/Mar/2023:00:18:04 -0500] "POST /kwsrmcab/Wsrmcab  HTTP/1.1" 200 213
64.124.8.59 - - [12/Mar/2023:00:18:27 -0500] "GET /www.ambientebogota.gov.co/ HTTP/1.1" 404 1049
172.22.2.4 - - [12/Mar/2023:00:17:14 -0500] "HEAD /BLA/boletinlegal/ HTTP/1.1" 200 -
172.22.2.4 - - [12/Mar/2023:00:18:04 -0500] "GET /BLA/boletinlegal/ HTTP/1.1" 200 57551
201.245.192.253 - - [12/Mar/2023:00:20:14 -0500] "POST /kwsrmcab/Wsrmcab HTTP/1.1" 200 41423
201.245.192.253 - - [12/Mar/2023:00:20:16 -0500] "POST /kwsrmcab/Wsrmcab HTTP/1.1" 200 43016
185.119.81.101 - - [12/Mar/2023:00:20:42 -0500] "GET /portaldeninos/wp-login.php HTTP/1.1" 503 1037
172.22.2.4 - - [12/Mar/2023:00:20:39 -0500] "GET /BLA/boletinlegal/ HTTP/1.1" 200 36811
40.77.190.70 - - [12/Mar/2023:00:21:56 -0500] "GET /galeria/nivo-slider/nivo-slider.css HTTP/1.1" 200 1507
40.77.188.109 - - [12/Mar/2023:00:21:56 -0500] "GET /galeria/nivo-slider/themes/default/default.css HTTP/1.1" 200 1569
40.77.189.5 - - [12/Mar/2023:00:21:56 -0500] "GET /galeria/nivo-slider/themes/pascal/pascal.css HTTP/1.1" 200 2258
40.77.189.169 - - [12/Mar/2023:00:21:56 -0500] "GET /galeria/nivo-slider/themes/orman/orman.css HTTP/1.1" 200 2152
40.77.190.6 - - [12/Mar/2023:00:21:57 -0500] "GET /galeria/nivo-slider/demo/style.css HTTP/1.1" 200 2222
40.77.188.203 - - [12/Mar/2023:00:21:57 -0500] "GET /galeria/nivo-slider/demo/scripts/jquery-1.7.1.min.js HTTP/1.1" 200 93868
40.77.190.78 - - [12/Mar/2023:00:21:57 -0500] "GET /galeria/nivo-slider/jquery.nivo.slider.pack.js HTTP/1.1" 200 11561
64.124.8.59 - - [12/Mar/2023:00:22:34 -0500] "GET /catalogoisis/ HTTP/1.1" 200 8575
34.91.165.86 - - [12/Mar/2023:00:22:42 -0500] "GET /inventario-de-emisiones-2020-transporte-publico-sitp-redujo-emisiones-de-pm-2-5-en-un-37.html HTTP/1.1" 200 925
216.245.221.92 - - [12/Mar/2023:00:23:03 -0500] "HEAD / HTTP/1.1" 200 -
201.245.192.253 - - [12/Mar/2023:00:23:03 -0500] "POST /kwsrmcab/Wsrmcab  HTTP/1.1" 200 213
173.252.83.10 - - [12/Mar/2023:00:23:15 -0500] "GET /images/empresas-alertas_optimized.jpeg HTTP/1.1" 200 142365
64.124.8.59 - - [12/Mar/2023:00:23:21 -0500] "GET /BLA/boletinlegal/jurisprudencia/analisis/null HTTP/1.1" 404 1049
172.22.2.4 - - [12/Mar/2023:00:23:04 -0500] "HEAD /BLA/boletinlegal/ HTTP/1.1" 200 -
172.22.2.4 - - [12/Mar/2023:00:23:54 -0500] "GET /BLA/boletinlegal/ HTTP/1.1" 200 57551
52.167.144.44 - - [12/Mar/2023:00:26:01 -0500] "GET / HTTP/1.1" 200 4720
216.245.221.92 - - [12/Mar/2023:00:28:03 -0500] "HEAD / HTTP/1.1" 200 -
201.245.192.253 - - [12/Mar/2023:00:28:02 -0500] "POST /kwsrmcab/Wsrmcab  HTTP/1.1" 200 213
192.168.171.73 - - [12/Mar/2023:00:27:50 -0500] "GET /BLA/boletinlegal/admin/index.php HTTP/1.1" 200 5693
192.168.171.73 - - [12/Mar/2023:00:28:07 -0500] "GET /BLA/boletinlegal/admin/index_files/index_files/tback.gif HTTP/1.1" 404 1322
192.168.171.73 - - [12/Mar/2023:00:28:22 -0500] "GET /BLA/boletinlegal/admin/actos/ingresar.php HTTP/1.1" 200 7209
192.168.171.73 - - [12/Mar/2023:00:28:22 -0500] "GET /BLA/boletinlegal/images/favicon.ico HTTP/1.1" 404 1316
192.168.171.73 - - [12/Mar/2023:00:29:39 -0500] "POST /BLA/boletinlegal/admin/actos/ingresar.php HTTP/1.1" 200 7302
192.168.171.73 - - [12/Mar/2023:00:29:50 -0500] "GET /BLA/boletinlegal/consulta_actos.php?tipo=resoluciones&no=0260&usuario=&sector=&fecha=2022&resuelve= HTTP/1.1" 200 1151
192.168.171.73 - - [12/Mar/2023:00:29:50 -0500] "GET /BLA/boletinlegal/images/pdf.gif HTTP/1.1" 200 567
201.245.192.253 - - [12/Mar/2023:00:30:14 -0500] "POST /kwsrmcab/Wsrmcab HTTP/1.1" 200 41423
201.245.192.253 - - [12/Mar/2023:00:30:17 -0500] "POST /kwsrmcab/Wsrmcab HTTP/1.1" 200 43016
172.22.2.4 - - [12/Mar/2023:00:28:54 -0500] "HEAD /BLA/boletinlegal/ HTTP/1.1" 200 -
66.249.70.13 - - [12/Mar/2023:00:30:50 -0500] "-" 408 -
172.22.2.4 - - [12/Mar/2023:00:30:58 -0500] "GET /BLA/boletinlegal/Directivas/2018/Directiva%20No.%2026%20del%2028%20de%20diciembre%20de%202018.pdf HTTP/1.1" 200 332220
172.22.2.4 - - [12/Mar/2023:00:29:44 -0500] "GET /BLA/boletinlegal/ HTTP/1.1" 200 57551
172.22.2.4 - - [12/Mar/2023:00:32:56 -0500] "GET /BLA/boletinlegal/actos.php HTTP/1.1" 200 9672
201.245.192.253 - - [12/Mar/2023:00:33:00 -0500] "POST /kwsrmcab/Wsrmcab  HTTP/1.1" 200 213
216.245.221.92 - - [12/Mar/2023:00:33:03 -0500] "HEAD / HTTP/1.1" 200 -
172.22.2.4 - - [12/Mar/2023:00:33:42 -0500] "GET /BLA/boletinlegal/Circulares/2018/Circular%20No.%2010%20del%2021%20de%20Septiembre%20de%202018.pdf HTTP/1.1" 304 -
52.167.144.160 - - [12/Mar/2023:00:33:58 -0500] "GET /sipse/faces/faces/autenticacion.xhtml HTTP/1.1" 200 12490
40.77.167.140 - - [12/Mar/2023:00:35:03 -0500] "GET /galeria/galeria/fotos/Jaboque4G.jpg HTTP/1.1" 200 295106
172.22.2.4 - - [12/Mar/2023:00:36:23 -0500] "GET /BLA/boletinlegal/actos.php HTTP/1.1" 200 9672
172.22.2.4 - - [12/Mar/2023:00:34:43 -0500] "HEAD /BLA/boletinlegal/ HTTP/1.1" 200 -
66.249.66.66 - - [12/Mar/2023:00:36:39 -0500] "-" 408 -
172.22.2.4 - - [12/Mar/2023:00:35:34 -0500] "GET /BLA/boletinlegal/ HTTP/1.1" 200 57141
201.245.192.253 - - [12/Mar/2023:00:37:57 -0500] "POST /kwsrmcab/Wsrmcab  HTTP/1.1" 200 213
216.245.221.92 - - [12/Mar/2023:00:38:04 -0500] "HEAD / HTTP/1.1" 200 -
172.22.2.4 - - [12/Mar/2023:00:37:23 -0500] "GET /BLA/boletinlegal/ HTTP/1.1" 200 36811
185.142.236.40 - - [12/Mar/2023:00:39:03 -0500] "-" 408 -
201.245.192.253 - - [12/Mar/2023:00:40:14 -0500] "POST /kwsrmcab/Wsrmcab HTTP/1.1" 200 41423
201.245.192.253 - - [12/Mar/2023:00:40:16 -0500] "POST /kwsrmcab/Wsrmcab HTTP/1.1" 200 43016
172.22.2.4 - - [12/Mar/2023:00:40:34 -0500] "HEAD /BLA/boletinlegal/ HTTP/1.1" 200 -
201.245.192.253 - - [12/Mar/2023:00:42:56 -0500] "POST /kwsrmcab/Wsrmcab  HTTP/1.1" 200 213
216.245.221.92 - - [12/Mar/2023:00:43:03 -0500] "HEAD / HTTP/1.1" 200 -
172.22.2.4 - - [12/Mar/2023:00:41:24 -0500] "GET /BLA/boletinlegal/ HTTP/1.1" 200 53551
66.249.70.13 - - [12/Mar/2023:00:45:53 -0500] "-" 408 -
201.245.192.253 - - [12/Mar/2023:00:47:54 -0500] "POST /kwsrmcab/Wsrmcab  HTTP/1.1" 200 213
216.245.221.92 - - [12/Mar/2023:00:48:03 -0500] "HEAD / HTTP/1.1" 200 -
172.22.2.4 - - [12/Mar/2023:00:46:23 -0500] "HEAD /BLA/boletinlegal/ HTTP/1.1" 200 -
172.22.2.4 - - [12/Mar/2023:00:47:14 -0500] "GET /BLA/boletinlegal/ HTTP/1.1" 200 57551
52.167.144.71 - - [12/Mar/2023:00:50:32 -0500] "GET /bla/resoluciones/notificaciones/autos%202019/1754.pdf HTTP/1.1" 200 257192
64.233.172.1 - - [12/Mar/2023:00:50:58 -0500] "GET /Publicaciones/SSFFS-02204-2020.zip HTTP/1.1" 404 232
66.249.70.13 - - [12/Mar/2023:00:51:27 -0500] "-" 408 -
201.245.192.253 - - [12/Mar/2023:00:52:54 -0500] "POST /kwsrmcab/Wsrmcab  HTTP/1.1" 200 213
216.245.221.92 - - [12/Mar/2023:00:53:03 -0500] "HEAD / HTTP/1.1" 200 -
168.119.252.253 - - [12/Mar/2023:00:53:06 -0500] "GET / HTTP/1.1" 200 319
172.22.2.4 - - [12/Mar/2023:00:52:13 -0500] "HEAD /BLA/boletinlegal/ HTTP/1.1" 200 -
52.167.144.137 - - [12/Mar/2023:00:54:23 -0500] "GET /BLA/boletinlegal/jurisprudencia/analisis/G__Jurisp.%20Junio%202014_Sent%20Tutela%20Drumond.docx HTTP/1.1" 200 25380
172.22.2.4 - - [12/Mar/2023:00:53:04 -0500] "GET /BLA/boletinlegal/ HTTP/1.1" 200 56744
52.167.144.160 - - [12/Mar/2023:00:54:59 -0500] "GET /appsia/controlador HTTP/1.1" 200 4799
172.22.2.4 - - [12/Mar/2023:00:55:06 -0500] "GET /BLA/boletinlegal/.env HTTP/1.1" 404 1018
172.22.2.4 - - [12/Mar/2023:00:55:50 -0500] "GET /BLA/boletinlegal/actuator/gateway/routes HTTP/1.1" 404 1018
162.55.171.94 - - [12/Mar/2023:00:55:59 -0500] "GET / HTTP/1.1" 200 319
69.171.249.118 - - [12/Mar/2023:00:56:42 -0500] "GET /esta-abierta-la-convocatoria-para-ser-parte-del-programa-de-voluntariado-ambiental-de-bogota.html HTTP/1.1" 206 972
173.252.107.10 - - [12/Mar/2023:00:57:34 -0500] "GET /images/17%20de%20febrero%20mujeres%20que%20reverdecen.jpeg HTTP/1.1" 200 85735
201.245.192.253 - - [12/Mar/2023:00:57:54 -0500] "POST /kwsrmcab/Wsrmcab  HTTP/1.1" 200 213
172.22.2.4 - - [12/Mar/2023:00:58:03 -0500] "GET /BLA/boletinlegal/Directivas/2014/Directiva%20No.%203%20del%2020%20de%20Mayo%20de%202014.pdf HTTP/1.1" 304 -
216.245.221.92 - - [12/Mar/2023:00:58:03 -0500] "HEAD / HTTP/1.1" 200 -
52.167.144.71 - - [12/Mar/2023:00:58:12 -0500] "GET /BLA/resoluciones/RESOLUCIONES%202009/5999.pdf HTTP/1.1" 200 306391
66.249.70.13 - - [12/Mar/2023:00:59:31 -0500] "-" 408 -
172.22.2.4 - - [12/Mar/2023:00:58:03 -0500] "HEAD /BLA/boletinlegal/ HTTP/1.1" 200 -
192.168.171.73 - - [12/Mar/2023:00:59:35 -0500] "GET /BLA/boletinlegal/admin/index.php HTTP/1.1" 200 5693
192.168.171.73 - - [12/Mar/2023:00:59:51 -0500] "GET /BLA/boletinlegal/admin/index_files/index_files/tback.gif HTTP/1.1" 404 1322
172.22.2.4 - - [12/Mar/2023:01:00:31 -0500] "GET /BLA/boletinlegal/robots.txt HTTP/1.1" 404 1038
172.22.2.4 - - [12/Mar/2023:00:58:54 -0500] "GET /BLA/boletinlegal/ HTTP/1.1" 200 58653
172.22.2.4 - - [12/Mar/2023:01:01:06 -0500] "GET /BLA/boletinlegal/ecp/Current/exporttool/microsoft.exchange.ediscovery.exporttool.application HTTP/1.1" 404 1018
172.22.2.4 - - [12/Mar/2023:01:01:16 -0500] "GET /BLA/boletinlegal/owa/auth/logon.aspx HTTP/1.1" 404 1018
172.22.2.4 - - [12/Mar/2023:01:00:32 -0500] "GET /BLA/boletinlegal/ HTTP/1.1" 200 61749
201.245.192.253 - - [12/Mar/2023:01:02:52 -0500] "POST /kwsrmcab/Wsrmcab  HTTP/1.1" 200 213
216.245.221.92 - - [12/Mar/2023:01:03:03 -0500] "HEAD / HTTP/1.1" 200 -
66.249.70.13 - - [12/Mar/2023:01:05:05 -0500] "-" 408 -
40.77.167.140 - - [12/Mar/2023:01:05:06 -0500] "GET /catalogoisis/ HTTP/1.1" 200 8575
172.22.2.4 - - [12/Mar/2023:01:03:53 -0500] "HEAD /BLA/boletinlegal/ HTTP/1.1" 200 -
172.22.2.4 - - [12/Mar/2023:01:04:44 -0500] "GET /BLA/boletinlegal/ HTTP/1.1" 200 57935
152.61.192.232 - - [12/Mar/2023:01:07:23 -0500] "GET / HTTP/1.1" 200 319
172.22.2.4 - - [12/Mar/2023:01:07:47 -0500] "GET /BLA/boletinlegal/owa/auth/x.js HTTP/1.1" 404 1018
201.245.192.253 - - [12/Mar/2023:01:07:51 -0500] "POST /kwsrmcab/Wsrmcab  HTTP/1.1" 200 213
64.124.8.58 - - [12/Mar/2023:01:08:03 -0500] "GET /BLA/boletinlegal/jurisprudencia/analisis/G__Jurisp.%20Junio%202014_SENTENCIA%20C-554%20DE%202007.docx HTTP/1.1" 404 1018
216.245.221.92 - - [12/Mar/2023:01:08:03 -0500] "HEAD / HTTP/1.1" 200 -
172.22.2.4 - - [12/Mar/2023:01:06:58 -0500] "GET /BLA/boletinlegal/ HTTP/1.1" 200 62202
172.22.2.4 - - [12/Mar/2023:01:08:43 -0500] "GET /BLA/boletinlegal/HNAP1/ HTTP/1.1" 404 1152
172.22.2.4 - - [12/Mar/2023:01:08:43 -0500] "GET /BLA/boletinlegal/hudson/script HTTP/1.1" 404 1152
172.22.2.4 - - [12/Mar/2023:01:08:45 -0500] "GET /BLA/boletinlegal/script HTTP/1.1" 404 1152
172.22.2.4 - - [12/Mar/2023:01:08:46 -0500] "GET /BLA/boletinlegal/sqlite/main.php HTTP/1.1" 404 1152
172.22.2.4 - - [12/Mar/2023:01:08:47 -0500] "GET /BLA/boletinlegal/sqlitemanager/main.php HTTP/1.1" 404 1152
172.22.2.4 - - [12/Mar/2023:01:08:47 -0500] "GET /BLA/boletinlegal/SQLiteManager/main.php HTTP/1.1" 404 1152
172.22.2.4 - - [12/Mar/2023:01:08:50 -0500] "GET /BLA/boletinlegal/SQLite/main.php HTTP/1.1" 404 1152
172.22.2.4 - - [12/Mar/2023:01:08:50 -0500] "GET /BLA/boletinlegal/SQlite/main.php HTTP/1.1" 404 1152
172.22.2.4 - - [12/Mar/2023:01:08:51 -0500] "GET /BLA/boletinlegal/main.php HTTP/1.1" 404 1152
172.22.2.4 - - [12/Mar/2023:01:08:53 -0500] "GET /BLA/boletinlegal/test/sqlite/SQLiteManager-1.2.0/SQLiteManager-1.2.0/main.php HTTP/1.1" 404 1152
172.22.2.4 - - [12/Mar/2023:01:08:54 -0500] "GET /BLA/boletinlegal/SQLiteManager-1.2.4/main.php HTTP/1.1" 404 1152
172.22.2.4 - - [12/Mar/2023:01:08:56 -0500] "GET /BLA/boletinlegal/agSearch/SQlite/main.php HTTP/1.1" 404 1152
172.22.2.4 - - [12/Mar/2023:01:08:57 -0500] "GET /BLA/boletinlegal/phpmyadmin/ HTTP/1.1" 404 1152
172.22.2.4 - - [12/Mar/2023:01:08:58 -0500] "GET /BLA/boletinlegal/phpMyAdmin/ HTTP/1.1" 404 1152
172.22.2.4 - - [12/Mar/2023:01:08:59 -0500] "GET /BLA/boletinlegal/PMA/ HTTP/1.1" 404 1152
172.22.2.4 - - [12/Mar/2023:01:08:59 -0500] "GET /BLA/boletinlegal/pma/ HTTP/1.1" 404 1152
172.22.2.4 - - [12/Mar/2023:01:09:00 -0500] "GET /BLA/boletinlegal/admin/ HTTP/1.1" 200 2324
172.22.2.4 - - [12/Mar/2023:01:09:03 -0500] "GET /BLA/boletinlegal/dbadmin/ HTTP/1.1" 404 1152
172.22.2.4 - - [12/Mar/2023:01:09:04 -0500] "GET /BLA/boletinlegal/mysql/ HTTP/1.1" 404 1152
172.22.2.4 - - [12/Mar/2023:01:09:06 -0500] "GET /BLA/boletinlegal/myadmin/ HTTP/1.1" 404 1152
172.22.2.4 - - [12/Mar/2023:01:09:07 -0500] "GET /BLA/boletinlegal/openserver/phpmyadmin/ HTTP/1.1" 404 1152
172.22.2.4 - - [12/Mar/2023:01:09:08 -0500] "GET /BLA/boletinlegal/phpmyadmin2/ HTTP/1.1" 404 1152
172.22.2.4 - - [12/Mar/2023:01:09:08 -0500] "GET /BLA/boletinlegal/phpMyAdmin2/ HTTP/1.1" 404 1152
172.22.2.4 - - [12/Mar/2023:01:09:10 -0500] "GET /BLA/boletinlegal/phpMyAdmin-2/ HTTP/1.1" 404 1152
172.22.2.4 - - [12/Mar/2023:01:09:11 -0500] "GET /BLA/boletinlegal/php-my-admin/ HTTP/1.1" 404 1152
172.22.2.4 - - [12/Mar/2023:01:09:11 -0500] "GET /BLA/boletinlegal/phpMyAdmin-2.2.3/ HTTP/1.1" 404 1152
172.22.2.4 - - [12/Mar/2023:01:09:13 -0500] "GET /BLA/boletinlegal/phpMyAdmin-2.2.6/ HTTP/1.1" 404 1152
172.22.2.4 - - [12/Mar/2023:01:09:13 -0500] "GET /BLA/boletinlegal/phpMyAdmin-2.5.1/ HTTP/1.1" 404 1152
172.22.2.4 - - [12/Mar/2023:01:09:14 -0500] "GET /BLA/boletinlegal/phpMyAdmin-2.5.4/ HTTP/1.1" 404 1152
172.22.2.4 - - [12/Mar/2023:01:09:16 -0500] "GET /BLA/boletinlegal/phpMyAdmin-2.5.5-rc1/ HTTP/1.1" 404 1152
172.22.2.4 - - [12/Mar/2023:01:09:16 -0500] "GET /BLA/boletinlegal/phpMyAdmin-2.5.5-rc2/ HTTP/1.1" 404 1152
172.22.2.4 - - [12/Mar/2023:01:09:18 -0500] "GET /BLA/boletinlegal/phpMyAdmin-2.5.5/ HTTP/1.1" 404 1152
172.22.2.4 - - [12/Mar/2023:01:09:20 -0500] "GET /BLA/boletinlegal/phpMyAdmin-2.5.5-pl1/ HTTP/1.1" 404 1152
172.22.2.4 - - [12/Mar/2023:01:09:21 -0500] "GET /BLA/boletinlegal/phpMyAdmin-2.5.6-rc1/ HTTP/1.1" 404 1152
172.22.2.4 - - [12/Mar/2023:01:09:21 -0500] "GET /BLA/boletinlegal/phpMyAdmin-2.5.6-rc2/ HTTP/1.1" 404 1152
172.22.2.4 - - [12/Mar/2023:01:09:22 -0500] "GET /BLA/boletinlegal/phpMyAdmin-2.5.6/ HTTP/1.1" 404 1152
172.22.2.4 - - [12/Mar/2023:01:09:23 -0500] "GET /BLA/boletinlegal/phpMyAdmin-2.5.7/ HTTP/1.1" 404 1152
172.22.2.4 - - [12/Mar/2023:01:09:25 -0500] "GET /BLA/boletinlegal/phpMyAdmin-2.5.7-pl1/ HTTP/1.1" 404 1152
172.22.2.4 - - [12/Mar/2023:01:09:26 -0500] "GET /BLA/boletinlegal/phpMyAdmin-2.6.0-alpha/ HTTP/1.1" 404 1152
172.22.2.4 - - [12/Mar/2023:01:09:28 -0500] "GET /BLA/boletinlegal/phpMyAdmin-2.6.0-alpha2/ HTTP/1.1" 404 1152
172.22.2.4 - - [12/Mar/2023:01:09:29 -0500] "GET /BLA/boletinlegal/phpMyAdmin-2.6.0-beta1/ HTTP/1.1" 404 1152
172.22.2.4 - - [12/Mar/2023:01:09:30 -0500] "GET /BLA/boletinlegal/phpMyAdmin-2.6.0-beta2/ HTTP/1.1" 404 1152
172.22.2.4 - - [12/Mar/2023:01:09:31 -0500] "GET /BLA/boletinlegal/phpMyAdmin-2.6.0-rc1/ HTTP/1.1" 404 1152
172.22.2.4 - - [12/Mar/2023:01:09:31 -0500] "GET /BLA/boletinlegal/phpMyAdmin-2.6.0-rc2/ HTTP/1.1" 404 1152
172.22.2.4 - - [12/Mar/2023:01:09:33 -0500] "GET /BLA/boletinlegal/phpMyAdmin-2.6.0-rc3/ HTTP/1.1" 404 1152
172.22.2.4 - - [12/Mar/2023:01:09:34 -0500] "GET /BLA/boletinlegal/phpMyAdmin-2.6.0/ HTTP/1.1" 404 1152
172.22.2.4 - - [12/Mar/2023:01:09:34 -0500] "GET /BLA/boletinlegal/phpMyAdmin-2.6.0-pl1/ HTTP/1.1" 404 1152
172.22.2.4 - - [12/Mar/2023:01:09:35 -0500] "GET /BLA/boletinlegal/phpMyAdmin-2.6.0-pl2/ HTTP/1.1" 404 1152
172.22.2.4 - - [12/Mar/2023:01:09:36 -0500] "GET /BLA/boletinlegal/phpMyAdmin-2.6.0-pl3/ HTTP/1.1" 404 1152
172.22.2.4 - - [12/Mar/2023:01:09:38 -0500] "GET /BLA/boletinlegal/phpMyAdmin-2.6.1-rc1/ HTTP/1.1" 404 1152
172.22.2.4 - - [12/Mar/2023:01:09:40 -0500] "GET /BLA/boletinlegal/phpMyAdmin-2.6.1-rc2/ HTTP/1.1" 404 1152
172.22.2.4 - - [12/Mar/2023:01:09:41 -0500] "GET /BLA/boletinlegal/phpMyAdmin-2.6.1/ HTTP/1.1" 404 1152
172.22.2.4 - - [12/Mar/2023:01:09:41 -0500] "GET /BLA/boletinlegal/phpMyAdmin-2.6.1-pl1/ HTTP/1.1" 404 1152
172.22.2.4 - - [12/Mar/2023:01:09:43 -0500] "GET /BLA/boletinlegal/phpMyAdmin-2.6.1-pl2/ HTTP/1.1" 404 1152
172.22.2.4 - - [12/Mar/2023:01:09:44 -0500] "GET /BLA/boletinlegal/phpMyAdmin-2.6.1-pl3/ HTTP/1.1" 404 1152
172.22.2.4 - - [12/Mar/2023:01:09:44 -0500] "GET /BLA/boletinlegal/phpMyAdmin-2.6.2-rc1/ HTTP/1.1" 404 1152
172.22.2.4 - - [12/Mar/2023:01:09:45 -0500] "GET /BLA/boletinlegal/phpMyAdmin-2.6.2-beta1/ HTTP/1.1" 404 1152
172.22.2.4 - - [12/Mar/2023:01:09:46 -0500] "GET /BLA/boletinlegal/phpMyAdmin-2.6.2-rc1/ HTTP/1.1" 404 1152
172.22.2.4 - - [12/Mar/2023:01:09:47 -0500] "GET /BLA/boletinlegal/phpMyAdmin-2.6.2/ HTTP/1.1" 404 1152
172.22.2.4 - - [12/Mar/2023:01:09:48 -0500] "GET /BLA/boletinlegal/phpMyAdmin-2.6.2-pl1/ HTTP/1.1" 404 1152
172.22.2.4 - - [12/Mar/2023:01:09:49 -0500] "GET /BLA/boletinlegal/phpMyAdmin-2.6.3/ HTTP/1.1" 404 1152
172.22.2.4 - - [12/Mar/2023:01:09:51 -0500] "GET /BLA/boletinlegal/phpMyAdmin-2.6.3-rc1/ HTTP/1.1" 404 1152
172.22.2.4 - - [12/Mar/2023:01:09:51 -0500] "GET /BLA/boletinlegal/phpMyAdmin-2.6.3/ HTTP/1.1" 404 1152
172.22.2.4 - - [12/Mar/2023:01:09:53 -0500] "GET /BLA/boletinlegal/phpMyAdmin-2.6.3-pl1/ HTTP/1.1" 404 1152
172.22.2.4 - - [12/Mar/2023:01:09:54 -0500] "GET /BLA/boletinlegal/phpMyAdmin-2.6.4-rc1/ HTTP/1.1" 404 1152
172.22.2.4 - - [12/Mar/2023:01:09:56 -0500] "GET /BLA/boletinlegal/phpMyAdmin-2.6.4-pl1/ HTTP/1.1" 404 1152
172.22.2.4 - - [12/Mar/2023:01:09:58 -0500] "GET /BLA/boletinlegal/phpMyAdmin-2.6.4-pl2/ HTTP/1.1" 404 1152
172.22.2.4 - - [12/Mar/2023:01:09:59 -0500] "GET /BLA/boletinlegal/phpMyAdmin-2.6.4-pl3/ HTTP/1.1" 404 1152
172.22.2.4 - - [12/Mar/2023:01:09:59 -0500] "GET /BLA/boletinlegal/phpMyAdmin-2.6.4-pl4/ HTTP/1.1" 404 1152
172.22.2.4 - - [12/Mar/2023:01:10:02 -0500] "GET /BLA/boletinlegal/phpMyAdmin-2.6.4/ HTTP/1.1" 404 1152
172.22.2.4 - - [12/Mar/2023:01:10:03 -0500] "GET /BLA/boletinlegal/phpMyAdmin-2.7.0-beta1/ HTTP/1.1" 404 1152
172.22.2.4 - - [12/Mar/2023:01:10:04 -0500] "GET /BLA/boletinlegal/phpMyAdmin-2.7.0-rc1/ HTTP/1.1" 404 1152
172.22.2.4 - - [12/Mar/2023:01:10:07 -0500] "GET /BLA/boletinlegal/phpMyAdmin-2.7.0-pl1/ HTTP/1.1" 404 1152
172.22.2.4 - - [12/Mar/2023:01:10:07 -0500] "GET /BLA/boletinlegal/phpMyAdmin-2.7.0-pl2/ HTTP/1.1" 404 1152
172.22.2.4 - - [12/Mar/2023:01:10:09 -0500] "GET /BLA/boletinlegal/phpMyAdmin-2.7.0/ HTTP/1.1" 404 1152
172.22.2.4 - - [12/Mar/2023:01:10:10 -0500] "GET /BLA/boletinlegal/phpMyAdmin-2.8.0-beta1/ HTTP/1.1" 404 1152
172.22.2.4 - - [12/Mar/2023:01:10:11 -0500] "GET /BLA/boletinlegal/phpMyAdmin-2.8.0-rc1/ HTTP/1.1" 404 1152
172.22.2.4 - - [12/Mar/2023:01:10:13 -0500] "GET /BLA/boletinlegal/phpMyAdmin-2.8.0-rc2/ HTTP/1.1" 404 1152
172.22.2.4 - - [12/Mar/2023:01:10:14 -0500] "GET /BLA/boletinlegal/phpMyAdmin-2.8.0/ HTTP/1.1" 404 1152
172.22.2.4 - - [12/Mar/2023:01:10:17 -0500] "GET /BLA/boletinlegal/phpMyAdmin-2.8.0.1/ HTTP/1.1" 404 1152
172.22.2.4 - - [12/Mar/2023:01:10:19 -0500] "GET /BLA/boletinlegal/phpMyAdmin-2.8.0.2/ HTTP/1.1" 404 1152
172.22.2.4 - - [12/Mar/2023:01:10:21 -0500] "GET /BLA/boletinlegal/phpMyAdmin-2.8.0.3/ HTTP/1.1" 404 1152
172.22.2.4 - - [12/Mar/2023:01:10:23 -0500] "GET /BLA/boletinlegal/phpMyAdmin-2.8.0.4/ HTTP/1.1" 404 1152
172.22.2.4 - - [12/Mar/2023:01:10:24 -0500] "GET /BLA/boletinlegal/phpMyAdmin-2.8.1-rc1/ HTTP/1.1" 404 1152
172.22.2.4 - - [12/Mar/2023:01:10:26 -0500] "GET /BLA/boletinlegal/phpMyAdmin-2.8.1/ HTTP/1.1" 404 1152
172.22.2.4 - - [12/Mar/2023:01:10:27 -0500] "GET /BLA/boletinlegal/phpMyAdmin-2.8.2/ HTTP/1.1" 404 1152
172.22.2.4 - - [12/Mar/2023:01:10:28 -0500] "GET /BLA/boletinlegal/sqlmanager/ HTTP/1.1" 404 1152
172.22.2.4 - - [12/Mar/2023:01:10:29 -0500] "GET /BLA/boletinlegal/mysqlmanager/ HTTP/1.1" 404 1152
172.22.2.4 - - [12/Mar/2023:01:10:29 -0500] "GET /BLA/boletinlegal/p/m/a/ HTTP/1.1" 404 1152
172.22.2.4 - - [12/Mar/2023:01:10:30 -0500] "GET /BLA/boletinlegal/PMA2005/ HTTP/1.1" 404 1152
172.22.2.4 - - [12/Mar/2023:01:10:31 -0500] "GET /BLA/boletinlegal/pma2005/ HTTP/1.1" 404 1152
172.22.2.4 - - [12/Mar/2023:01:10:31 -0500] "GET /BLA/boletinlegal/phpmanager/ HTTP/1.1" 404 1152
172.22.2.4 - - [12/Mar/2023:01:10:32 -0500] "GET /BLA/boletinlegal/php-myadmin/ HTTP/1.1" 404 1152
172.22.2.4 - - [12/Mar/2023:01:10:34 -0500] "GET /BLA/boletinlegal/phpmy-admin/ HTTP/1.1" 404 1152
172.22.2.4 - - [12/Mar/2023:01:10:37 -0500] "GET /BLA/boletinlegal/webadmin/ HTTP/1.1" 404 1152
172.22.2.4 - - [12/Mar/2023:01:10:38 -0500] "GET /BLA/boletinlegal/sqlweb/ HTTP/1.1" 404 1152
172.22.2.4 - - [12/Mar/2023:01:10:38 -0500] "GET /BLA/boletinlegal/websql/ HTTP/1.1" 404 1152
172.22.2.4 - - [12/Mar/2023:01:10:39 -0500] "GET /BLA/boletinlegal/webdb/ HTTP/1.1" 404 1152
172.22.2.4 - - [12/Mar/2023:01:10:40 -0500] "GET /BLA/boletinlegal/mysqladmin/ HTTP/1.1" 404 1152
172.22.2.4 - - [12/Mar/2023:01:10:42 -0500] "GET /BLA/boletinlegal/mysql-admin/ HTTP/1.1" 404 1152
172.22.2.4 - - [12/Mar/2023:01:10:57 -0500] "GET /BLA/boletinlegal/actos.php HTTP/1.1" 200 9672
172.22.2.4 - - [12/Mar/2023:01:09:43 -0500] "HEAD /BLA/boletinlegal/ HTTP/1.1" 200 -
186.84.88.232 - - [12/Mar/2023:01:12:03 -0500] "GET /secretaria-de-ambiente-y-car-firman-el-plan-de-manejo-ambiental-del-sitio-ramsar-complejo-de-humedales-urbanos-de-bogota-unico-en-america-latina.html HTTP/1.1" 200 1040
172.22.2.4 - - [12/Mar/2023:01:10:34 -0500] "GET /BLA/boletinlegal/ HTTP/1.1" 200 55211
66.249.70.13 - - [12/Mar/2023:01:12:32 -0500] "-" 408 -
201.245.192.253 - - [12/Mar/2023:01:12:51 -0500] "POST /kwsrmcab/Wsrmcab  HTTP/1.1" 200 213
216.245.221.92 - - [12/Mar/2023:01:13:03 -0500] "HEAD / HTTP/1.1" 200 -
40.77.167.164 - - [12/Mar/2023:01:13:48 -0500] "GET /Publicaciones/2022EE78989.pdf HTTP/1.1" 404 227
172.22.2.4 - - [12/Mar/2023:01:16:56 -0500] "GET /BLA/boletinlegal/jurisprudencia/analisis/AnalisisT-606-15.docx HTTP/1.1" 200 26698
172.22.2.4 - - [12/Mar/2023:01:16:56 -0500] "GET /BLA/boletinlegal/apple-touch-icon-120x120-precomposed.png HTTP/1.1" 404 1140
172.22.2.4 - - [12/Mar/2023:01:16:56 -0500] "GET /BLA/boletinlegal/apple-touch-icon-120x120.png HTTP/1.1" 404 1140
172.22.2.4 - - [12/Mar/2023:01:16:56 -0500] "GET /BLA/boletinlegal/apple-touch-icon-precomposed.png HTTP/1.1" 404 1140
172.22.2.4 - - [12/Mar/2023:01:16:56 -0500] "GET /BLA/boletinlegal/apple-touch-icon.png HTTP/1.1" 404 1140
172.22.2.4 - - [12/Mar/2023:01:16:56 -0500] "GET /BLA/boletinlegal/favicon.ico HTTP/1.1" 404 1140
172.22.2.4 - - [12/Mar/2023:01:16:56 -0500] "GET /BLA/boletinlegal/apple-touch-icon-120x120-precomposed.png HTTP/1.1" 404 1140
172.22.2.4 - - [12/Mar/2023:01:16:56 -0500] "GET /BLA/boletinlegal/apple-touch-icon-120x120.png HTTP/1.1" 404 1140
172.22.2.4 - - [12/Mar/2023:01:16:56 -0500] "GET /BLA/boletinlegal/apple-touch-icon-precomposed.png HTTP/1.1" 404 1140
172.22.2.4 - - [12/Mar/2023:01:16:56 -0500] "GET /BLA/boletinlegal/apple-touch-icon.png HTTP/1.1" 404 1140
172.22.2.4 - - [12/Mar/2023:01:16:56 -0500] "GET /BLA/boletinlegal/favicon.ico HTTP/1.1" 404 1140
185.119.81.102 - - [12/Mar/2023:01:17:00 -0500] "GET /portaldeninos/wp-login.php HTTP/1.1" 503 1037
172.22.2.4 - - [12/Mar/2023:01:15:33 -0500] "HEAD /BLA/boletinlegal/ HTTP/1.1" 200 -
201.245.192.253 - - [12/Mar/2023:01:17:48 -0500] "POST /kwsrmcab/Wsrmcab  HTTP/1.1" 200 213
52.167.144.168 - - [12/Mar/2023:01:17:54 -0500] "GET /BLA/resoluciones/RESOLUCIONES%202022/5356.pdf HTTP/1.1" 304 -
216.245.221.92 - - [12/Mar/2023:01:18:03 -0500] "HEAD / HTTP/1.1" 200 -
172.22.2.4 - - [12/Mar/2023:01:16:24 -0500] "GET /BLA/boletinlegal/ HTTP/1.1" 200 54798
201.245.192.253 - - [12/Mar/2023:01:20:14 -0500] "POST /kwsrmcab/Wsrmcab HTTP/1.1" 200 41694
201.245.192.253 - - [12/Mar/2023:01:20:16 -0500] "GET /kwsrmcab/Wsrmcab?wsdl HTTP/1.1" 200 6948
201.245.192.253 - - [12/Mar/2023:01:20:16 -0500] "POST /kwsrmcab/Wsrmcab HTTP/1.1" 200 42848
201.245.192.253 - - [12/Mar/2023:01:22:46 -0500] "POST /kwsrmcab/Wsrmcab  HTTP/1.1" 200 213
216.245.221.92 - - [12/Mar/2023:01:23:03 -0500] "HEAD / HTTP/1.1" 200 -
172.22.2.4 - - [12/Mar/2023:01:21:23 -0500] "HEAD /BLA/boletinlegal/ HTTP/1.1" 200 -
152.61.128.50 - - [12/Mar/2023:01:23:22 -0500] "GET / HTTP/1.1" 200 319
172.22.2.4 - - [12/Mar/2023:01:22:14 -0500] "GET /BLA/boletinlegal/ HTTP/1.1" 200 55924
172.22.2.4 - - [12/Mar/2023:01:24:28 -0500] "GET /BLA/boletinlegal/actos.php HTTP/1.1" 200 9672
66.249.66.64 - - [12/Mar/2023:01:25:48 -0500] "-" 408 -
201.245.192.253 - - [12/Mar/2023:01:27:45 -0500] "POST /kwsrmcab/Wsrmcab  HTTP/1.1" 200 213
216.245.221.92 - - [12/Mar/2023:01:28:03 -0500] "HEAD / HTTP/1.1" 200 -
172.22.2.4 - - [12/Mar/2023:01:28:29 -0500] "GET /BLA/boletinlegal/actos.php HTTP/1.1" 200 9672
172.22.2.4 - - [12/Mar/2023:01:27:13 -0500] "HEAD /BLA/boletinlegal/ HTTP/1.1" 200 -
172.22.2.4 - - [12/Mar/2023:01:28:04 -0500] "GET /BLA/boletinlegal/ HTTP/1.1" 200 54414
201.245.192.253 - - [12/Mar/2023:01:30:14 -0500] "POST /kwsrmcab/Wsrmcab HTTP/1.1" 200 41694
201.245.192.253 - - [12/Mar/2023:01:30:17 -0500] "POST /kwsrmcab/Wsrmcab HTTP/1.1" 200 42848
40.77.167.164 - - [12/Mar/2023:01:30:39 -0500] "GET /BLA/resoluciones/RESOLUCIONES%202021/2903.pdf HTTP/1.1" 304 -
172.22.2.4 - - [12/Mar/2023:01:29:29 -0500] "GET /BLA/boletinlegal/ HTTP/1.1" 200 59296
172.22.2.4 - - [12/Mar/2023:01:31:23 -0500] "GET /BLA/boletinlegal/js/jquery.scrollTo-min.js HTTP/1.1" 200 1150
172.22.2.4 - - [12/Mar/2023:01:31:23 -0500] "GET /BLA/boletinlegal/styles2.css HTTP/1.1" 200 1838
172.22.2.4 - - [12/Mar/2023:01:31:27 -0500] "GET /BLA/boletinlegal/style.css HTTP/1.1" 200 9406
66.249.70.13 - - [12/Mar/2023:01:31:54 -0500] "-" 408 -
201.245.192.253 - - [12/Mar/2023:01:32:44 -0500] "POST /kwsrmcab/Wsrmcab  HTTP/1.1" 200 213
172.22.2.4 - - [12/Mar/2023:01:32:58 -0500] "GET /BLA/boletinlegal/js/jquery.js HTTP/1.1" 200 57254
216.245.221.92 - - [12/Mar/2023:01:33:03 -0500] "HEAD / HTTP/1.1" 200 -
172.22.2.4 - - [12/Mar/2023:01:33:03 -0500] "HEAD /BLA/boletinlegal/ HTTP/1.1" 200 -
172.22.2.4 - - [12/Mar/2023:01:33:54 -0500] "GET /BLA/boletinlegal/ HTTP/1.1" 200 59296
172.22.2.4 - - [12/Mar/2023:01:36:42 -0500] "GET /BLA/boletinlegal/robots.txt HTTP/1.1" 404 1037
172.22.2.4 - - [12/Mar/2023:01:36:42 -0500] "GET /BLA/boletinlegal/robots.txt HTTP/1.1" 404 1037
201.245.192.253 - - [12/Mar/2023:01:37:43 -0500] "POST /kwsrmcab/Wsrmcab  HTTP/1.1" 200 213
216.245.221.92 - - [12/Mar/2023:01:38:03 -0500] "HEAD / HTTP/1.1" 200 -
172.22.2.4 - - [12/Mar/2023:01:39:04 -0500] "GET /BLA/boletinlegal/Circulares/2023/CIRCULAR%20No.%2000001%20DEL%2020%20DE%20FEBRERO%20DEL%202023.pdf HTTP/1.1" 200 317520
185.119.81.102 - - [12/Mar/2023:01:39:08 -0500] "GET /portaldeninos/wp-login.php HTTP/1.1" 503 1037
185.119.81.102 - - [12/Mar/2023:01:39:33 -0500] "GET /portaldeninos/wp-login.php HTTP/1.1" 503 1037
201.245.192.253 - - [12/Mar/2023:01:40:14 -0500] "POST /kwsrmcab/Wsrmcab HTTP/1.1" 200 41694
201.245.192.253 - - [12/Mar/2023:01:40:17 -0500] "POST /kwsrmcab/Wsrmcab HTTP/1.1" 200 42848
172.22.2.4 - - [12/Mar/2023:01:38:53 -0500] "HEAD /BLA/boletinlegal/ HTTP/1.1" 200 -
172.22.2.4 - - [12/Mar/2023:01:39:44 -0500] "GET /BLA/boletinlegal/ HTTP/1.1" 200 57935
201.245.192.253 - - [12/Mar/2023:01:42:42 -0500] "POST /kwsrmcab/Wsrmcab  HTTP/1.1" 200 213
216.245.221.92 - - [12/Mar/2023:01:43:03 -0500] "HEAD / HTTP/1.1" 200 -
152.61.192.232 - - [12/Mar/2023:01:44:58 -0500] "GET /arcgis/services/Calidad_del_Agua_WQI/MapServer/WMSServer?request=GetCapabilities&service=WMS HTTP/1.1" 503 1020
152.61.192.232 - - [12/Mar/2023:01:44:59 -0500] "GET /arcgis/services/Calidad_del_Agua_WQI/MapServer/WMSServer?SERVICE=WMS&REQUEST=GetCapabilities HTTP/1.1" 503 1020
152.61.192.232 - - [12/Mar/2023:01:45:00 -0500] "GET /arcgis/services/Calidad_del_Agua_WQI/MapServer/WMSServer?WMTVER=1.0.0&REQUEST=capabilities HTTP/1.1" 503 1020
172.22.2.4 - - [12/Mar/2023:01:44:43 -0500] "HEAD /BLA/boletinlegal/ HTTP/1.1" 200 -
181.55.225.228 - - [12/Mar/2023:01:46:28 -0500] "GET /mujeres-que-reverdecen-secretaria-de-ambiente-anuncia-el-inicio-de-la-tercera-fase.html HTTP/1.1" 200 954
172.22.2.4 - - [12/Mar/2023:01:45:34 -0500] "GET /BLA/boletinlegal/ HTTP/1.1" 200 59296
172.22.2.4 - - [12/Mar/2023:01:47:21 -0500] "GET /BLA/boletinlegal/js/jquery.scrollShow.js HTTP/1.1" 200 4586
207.46.13.209 - - [12/Mar/2023:01:47:35 -0500] "GET /portaldeninos/2021/05/17/en-el-dia-mundial-del-reciclaje-la-secretaria-de-ambiente-recuerda-la-importancia-de-separar-residuos-y-aprovecharlos/ HTTP/1.1" 503 1037
201.245.192.253 - - [12/Mar/2023:01:47:41 -0500] "POST /kwsrmcab/Wsrmcab  HTTP/1.1" 200 213
216.245.221.92 - - [12/Mar/2023:01:48:03 -0500] "HEAD / HTTP/1.1" 200 -
40.77.167.164 - - [12/Mar/2023:01:48:41 -0500] "GET /BLA/resoluciones/AUTOS%202021/6244.pdf HTTP/1.1" 304 -
64.124.8.58 - - [12/Mar/2023:01:50:02 -0500] "GET /BLA/boletinlegal/jurisprudencia/analisis/Analisis%20Sentencia%20T-1077,%202%20corregida.doc HTTP/1.1" 304 -
172.22.2.4 - - [12/Mar/2023:01:50:33 -0500] "HEAD /BLA/boletinlegal/ HTTP/1.1" 200 -
201.245.192.253 - - [12/Mar/2023:01:52:40 -0500] "POST /kwsrmcab/Wsrmcab  HTTP/1.1" 200 213
216.245.221.92 - - [12/Mar/2023:01:53:03 -0500] "HEAD / HTTP/1.1" 200 -
172.22.2.4 - - [12/Mar/2023:01:51:24 -0500] "GET /BLA/boletinlegal/ HTTP/1.1" 200 58297
201.245.192.253 - - [12/Mar/2023:01:57:40 -0500] "POST /kwsrmcab/Wsrmcab  HTTP/1.1" 200 213
216.245.221.92 - - [12/Mar/2023:01:58:03 -0500] "HEAD / HTTP/1.1" 200 -
172.22.2.4 - - [12/Mar/2023:01:56:23 -0500] "HEAD /BLA/boletinlegal/ HTTP/1.1" 200 -
64.124.8.59 - - [12/Mar/2023:01:58:18 -0500] "-" 408 -
172.22.2.4 - - [12/Mar/2023:01:57:14 -0500] "GET /BLA/boletinlegal/ HTTP/1.1" 200 57141
172.22.2.4 - - [12/Mar/2023:01:59:31 -0500] "GET /BLA/boletinlegal/owa/auth/logon.aspx?url=https%3a%2f%2f1%2fecp%2f HTTP/1.1" 404 1018
66.249.70.13 - - [12/Mar/2023:02:01:50 -0500] "-" 408 -
172.22.2.4 - - [12/Mar/2023:02:02:04 -0500] "GET /BLA/boletinlegal/actos.php HTTP/1.1" 200 9672
64.124.8.59 - - [12/Mar/2023:02:02:24 -0500] "-" 408 -
201.245.192.253 - - [12/Mar/2023:02:02:39 -0500] "POST /kwsrmcab/Wsrmcab  HTTP/1.1" 200 213
216.245.221.92 - - [12/Mar/2023:02:03:03 -0500] "HEAD / HTTP/1.1" 200 -
64.124.8.59 - - [12/Mar/2023:02:03:11 -0500] "-" 408 -
172.22.2.4 - - [12/Mar/2023:02:02:13 -0500] "HEAD /BLA/boletinlegal/ HTTP/1.1" 200 -
172.22.2.4 - - [12/Mar/2023:02:03:04 -0500] "GET /BLA/boletinlegal/ HTTP/1.1" 200 54414
201.245.192.253 - - [12/Mar/2023:02:07:38 -0500] "POST /kwsrmcab/Wsrmcab  HTTP/1.1" 200 213
216.245.221.92 - - [12/Mar/2023:02:08:03 -0500] "HEAD / HTTP/1.1" 200 -
66.249.70.13 - - [12/Mar/2023:02:08:19 -0500] "-" 408 -
172.22.2.4 - - [12/Mar/2023:02:08:03 -0500] "HEAD /BLA/boletinlegal/ HTTP/1.1" 200 -
172.22.2.4 - - [12/Mar/2023:02:08:54 -0500] "GET /BLA/boletinlegal/ HTTP/1.1" 200 59646
34.91.165.86 - - [12/Mar/2023:02:10:45 -0500] "GET /inventario-de-emisiones-2020-transporte-publico-sitp-redujo-emisiones-de-pm-2-5-en-un-37.html HTTP/1.1" 200 925
201.245.192.253 - - [12/Mar/2023:02:12:37 -0500] "POST /kwsrmcab/Wsrmcab  HTTP/1.1" 200 213
179.33.68.203 - - [12/Mar/2023:02:12:49 -0500] "GET /galeria/galeria/jquery.fancybox.js?v=2.1.5 HTTP/1.1" 200 48706
179.33.68.203 - - [12/Mar/2023:02:12:49 -0500] "GET /BLA/boletinlegal/js/jquery.scrollShow.js HTTP/1.1" 200 4586
179.33.68.203 - - [12/Mar/2023:02:12:49 -0500] "GET /galeria/galeria/jquery.fancybox.css?v=2.1.5 HTTP/1.1" 200 4895
216.245.221.92 - - [12/Mar/2023:02:13:03 -0500] "HEAD / HTTP/1.1" 200 -
152.61.128.50 - - [12/Mar/2023:02:13:38 -0500] "GET /arcgis/services/Calidad_del_Agua_WQI/MapServer/WMSServer?request=GetCapabilities&service=WMS HTTP/1.1" 503 1020
152.61.128.50 - - [12/Mar/2023:02:13:39 -0500] "GET /arcgis/services/Calidad_del_Agua_WQI/MapServer/WMSServer?SERVICE=WMS&REQUEST=GetCapabilities HTTP/1.1" 503 1020
152.61.128.50 - - [12/Mar/2023:02:13:39 -0500] "GET /arcgis/services/Calidad_del_Agua_WQI/MapServer/WMSServer?WMTVER=1.0.0&REQUEST=capabilities HTTP/1.1" 503 1020
69.171.249.111 - - [12/Mar/2023:02:14:55 -0500] "GET /images/calidad-aire-2-marzo-1_optimized.jpeg HTTP/1.1" 200 51562
69.171.249.9 - - [12/Mar/2023:02:14:55 -0500] "GET /images/idpyba-4-marzo-1_optimized.jpeg HTTP/1.1" 200 115318
69.171.249.12 - - [12/Mar/2023:02:14:57 -0500] "GET /images/empresas-alertas_optimized.jpeg HTTP/1.1" 200 142365
69.171.249.117 - - [12/Mar/2023:02:14:57 -0500] "GET /images/28%20de%20febrero%20operativo.jpeg HTTP/1.1" 200 62220
69.171.249.19 - - [12/Mar/2023:02:14:57 -0500] "GET /images/camino-a-los-cerros-1_optimized.jpeg HTTP/1.1" 200 222279
69.171.249.3 - - [12/Mar/2023:02:15:00 -0500] "GET /images/24%20de%20febrero%20Sendero%20guadalupe%202.jpeg HTTP/1.1" 200 70964
69.171.249.15 - - [12/Mar/2023:02:15:00 -0500] "GET /images/Sello%201%20JA-2.jpeg HTTP/1.1" 200 42236
69.171.249.5 - - [12/Mar/2023:02:15:00 -0500] "GET /images/Conversatorio%20aire%201%20(1).jpeg HTTP/1.1" 200 72040
69.171.249.1 - - [12/Mar/2023:02:15:00 -0500] "GET /images/WhatsApp%20Image%202023-02-15%20at%205.07.25%20PM.jpeg HTTP/1.1" 200 50573
69.171.249.5 - - [12/Mar/2023:02:15:00 -0500] "GET /images/20%20de%20febrero%20panor\xc3\xa1mica%20de%20Bogot\xc3\xa1%20(1)%20(1).jpeg HTTP/1.1" 404 1034
69.171.249.7 - - [12/Mar/2023:02:15:00 -0500] "GET /images/Juan%20Rey%20febrero%2013.jpg HTTP/1.1" 200 55934
69.171.249.5 - - [12/Mar/2023:02:15:01 -0500] "GET /images/Puntos%20calientes%2024%20de%20febrero.jpeg HTTP/1.1" 200 42626
69.171.249.1 - - [12/Mar/2023:02:15:02 -0500] "GET /images/Rmasar%2018%20de%20febrero%20Grupo.jpg HTTP/1.1" 200 68398
69.171.249.11 - - [12/Mar/2023:02:15:02 -0500] "GET /images/17%20de%20febrero%20mujeres%20que%20reverdecen.jpeg HTTP/1.1" 200 85735
172.22.2.4 - - [12/Mar/2023:02:13:53 -0500] "HEAD /BLA/boletinlegal/ HTTP/1.1" 200 -
191.95.163.148 - - [12/Mar/2023:02:15:53 -0500] "GET /galeria/galeria/jquery.fancybox.js?v=2.1.5 HTTP/1.1" 200 48706
191.95.163.148 - - [12/Mar/2023:02:15:53 -0500] "GET /galeria/galeria/jquery.fancybox.css?v=2.1.5 HTTP/1.1" 200 4895
191.95.163.148 - - [12/Mar/2023:02:15:53 -0500] "GET /BLA/boletinlegal/js/jquery.scrollShow.js HTTP/1.1" 200 4586
172.22.2.4 - - [12/Mar/2023:02:14:44 -0500] "GET /BLA/boletinlegal/ HTTP/1.1" 200 59296
179.43.177.242 - - [12/Mar/2023:02:17:37 -0500] "GET / HTTP/1.1" 200 319
201.245.192.253 - - [12/Mar/2023:02:17:35 -0500] "POST /kwsrmcab/Wsrmcab  HTTP/1.1" 200 213
216.245.221.92 - - [12/Mar/2023:02:18:03 -0500] "HEAD / HTTP/1.1" 200 -
201.245.192.253 - - [12/Mar/2023:02:20:14 -0500] "POST /kwsrmcab/Wsrmcab HTTP/1.1" 200 41570
201.245.192.253 - - [12/Mar/2023:02:20:16 -0500] "POST /kwsrmcab/Wsrmcab HTTP/1.1" 200 43037
172.22.2.4 - - [12/Mar/2023:02:19:43 -0500] "HEAD /BLA/boletinlegal/ HTTP/1.1" 200 -
172.22.2.4 - - [12/Mar/2023:02:20:34 -0500] "GET /BLA/boletinlegal/ HTTP/1.1" 200 57551
201.245.192.253 - - [12/Mar/2023:02:22:34 -0500] "POST /kwsrmcab/Wsrmcab  HTTP/1.1" 200 213
216.245.221.92 - - [12/Mar/2023:02:23:03 -0500] "HEAD / HTTP/1.1" 200 -
172.22.2.4 - - [12/Mar/2023:02:23:11 -0500] "GET /BLA/boletinlegal/Circulares/2017/Circular%20No.%20011%20del%2005%20de%20julio%20de%202017.pdf HTTP/1.1" 200 965526
40.77.167.198 - - [12/Mar/2023:02:25:33 -0500] "GET /BLA/resoluciones/AUTOS%202021/5782.pdf HTTP/1.1" 304 -
172.22.2.4 - - [12/Mar/2023:02:25:33 -0500] "HEAD /BLA/boletinlegal/ HTTP/1.1" 200 -
52.167.144.168 - - [12/Mar/2023:02:27:20 -0500] "GET /BLA/resoluciones/AUTOS%202021/2028.pdf HTTP/1.1" 304 -
201.245.192.253 - - [12/Mar/2023:02:27:33 -0500] "POST /kwsrmcab/Wsrmcab  HTTP/1.1" 200 213
216.245.221.92 - - [12/Mar/2023:02:28:03 -0500] "HEAD / HTTP/1.1" 200 -
172.22.2.4 - - [12/Mar/2023:02:26:24 -0500] "GET /BLA/boletinlegal/ HTTP/1.1" 200 53551
201.245.192.253 - - [12/Mar/2023:02:30:14 -0500] "POST /kwsrmcab/Wsrmcab HTTP/1.1" 200 41570
201.245.192.253 - - [12/Mar/2023:02:30:17 -0500] "POST /kwsrmcab/Wsrmcab HTTP/1.1" 200 43037
66.249.70.13 - - [12/Mar/2023:02:31:51 -0500] "-" 408 -
201.245.192.253 - - [12/Mar/2023:02:32:32 -0500] "POST /kwsrmcab/Wsrmcab  HTTP/1.1" 200 213
216.245.221.92 - - [12/Mar/2023:02:33:03 -0500] "HEAD / HTTP/1.1" 200 -
172.22.2.4 - - [12/Mar/2023:02:31:23 -0500] "HEAD /BLA/boletinlegal/ HTTP/1.1" 200 -
172.22.2.4 - - [12/Mar/2023:02:32:14 -0500] "GET /BLA/boletinlegal/ HTTP/1.1" 200 59296
40.77.167.181 - - [12/Mar/2023:02:34:02 -0500] "-" 408 -
201.245.192.253 - - [12/Mar/2023:02:37:31 -0500] "POST /kwsrmcab/Wsrmcab  HTTP/1.1" 200 213
216.245.221.92 - - [12/Mar/2023:02:38:03 -0500] "HEAD / HTTP/1.1" 200 -
172.22.2.4 - - [12/Mar/2023:02:37:13 -0500] "HEAD /BLA/boletinlegal/ HTTP/1.1" 200 -
172.22.2.4 - - [12/Mar/2023:02:38:04 -0500] "GET /BLA/boletinlegal/ HTTP/1.1" 200 59296
201.245.192.253 - - [12/Mar/2023:02:40:13 -0500] "POST /kwsrmcab/Wsrmcab HTTP/1.1" 200 41570
201.245.192.253 - - [12/Mar/2023:02:40:16 -0500] "POST /kwsrmcab/Wsrmcab HTTP/1.1" 200 43037
66.249.66.66 - - [12/Mar/2023:02:40:24 -0500] "-" 408 -
172.22.2.4 - - [12/Mar/2023:02:40:53 -0500] "GET /BLA/boletinlegal/documentos-importantes.php HTTP/1.1" 200 4829
201.245.192.253 - - [12/Mar/2023:02:42:29 -0500] "POST /kwsrmcab/Wsrmcab  HTTP/1.1" 200 213
216.245.221.92 - - [12/Mar/2023:02:43:03 -0500] "HEAD / HTTP/1.1" 200 -
66.249.70.13 - - [12/Mar/2023:02:44:11 -0500] "-" 408 -
172.22.2.4 - - [12/Mar/2023:02:43:03 -0500] "HEAD /BLA/boletinlegal/ HTTP/1.1" 200 -
172.22.2.4 - - [12/Mar/2023:02:45:34 -0500] "GET /BLA/boletinlegal/actos.php HTTP/1.1" 200 9672
172.22.2.4 - - [12/Mar/2023:02:43:54 -0500] "GET /BLA/boletinlegal/ HTTP/1.1" 200 56277
201.245.192.253 - - [12/Mar/2023:02:47:29 -0500] "POST /kwsrmcab/Wsrmcab  HTTP/1.1" 200 213
64.124.8.58 - - [12/Mar/2023:02:47:53 -0500] "-" 408 -
216.245.221.92 - - [12/Mar/2023:02:48:03 -0500] "HEAD / HTTP/1.1" 200 -
52.167.144.168 - - [12/Mar/2023:02:49:13 -0500] "GET /BLA/resoluciones/AUTOS%202021/1400.pdf HTTP/1.1" 304 -
172.22.2.4 - - [12/Mar/2023:02:48:53 -0500] "HEAD /BLA/boletinlegal/ HTTP/1.1" 200 -
172.22.2.4 - - [12/Mar/2023:02:51:19 -0500] "GET /BLA/boletinlegal/actos.php HTTP/1.1" 200 9672
172.22.2.4 - - [12/Mar/2023:02:49:44 -0500] "GET /BLA/boletinlegal/ HTTP/1.1" 200 52316
201.245.192.253 - - [12/Mar/2023:02:52:28 -0500] "POST /kwsrmcab/Wsrmcab  HTTP/1.1" 200 213
172.22.2.4 - - [12/Mar/2023:02:52:32 -0500] "GET /BLA/boletinlegal/actos.php HTTP/1.1" 200 9672
216.245.221.92 - - [12/Mar/2023:02:53:03 -0500] "HEAD / HTTP/1.1" 200 -
172.22.2.4 - - [12/Mar/2023:02:54:43 -0500] "HEAD /BLA/boletinlegal/ HTTP/1.1" 200 -
87.236.176.79 - - [12/Mar/2023:02:56:58 -0500] "GET / HTTP/1.1" 200 319
172.22.2.4 - - [12/Mar/2023:02:55:34 -0500] "GET /BLA/boletinlegal/ HTTP/1.1" 200 58653
201.245.192.253 - - [12/Mar/2023:02:57:27 -0500] "POST /kwsrmcab/Wsrmcab  HTTP/1.1" 200 213
216.245.221.92 - - [12/Mar/2023:02:58:03 -0500] "HEAD / HTTP/1.1" 200 -
66.249.70.17 - - [12/Mar/2023:03:01:53 -0500] "-" 408 -
172.22.2.4 - - [12/Mar/2023:03:00:33 -0500] "HEAD /BLA/boletinlegal/ HTTP/1.1" 200 -
201.245.192.253 - - [12/Mar/2023:03:02:25 -0500] "POST /kwsrmcab/Wsrmcab  HTTP/1.1" 200 213
216.245.221.92 - - [12/Mar/2023:03:03:03 -0500] "HEAD / HTTP/1.1" 200 -
172.22.2.4 - - [12/Mar/2023:03:01:24 -0500] "GET /BLA/boletinlegal/ HTTP/1.1" 200 59296
172.22.2.4 - - [12/Mar/2023:03:05:22 -0500] "GET /BLA/boletinlegal/Circulares/2023/CIRCULAR%20No.%2000001%20DEL%2020%20DE%20FEBRERO%20DEL%202023.pdf HTTP/1.1" 200 317520
172.22.2.4 - - [12/Mar/2023:03:06:25 -0500] "GET /BLA/boletinlegal/api/v2/cmdb/system/admin HTTP/1.1" 404 1018
201.245.192.253 - - [12/Mar/2023:03:07:25 -0500] "POST /kwsrmcab/Wsrmcab  HTTP/1.1" 200 213
216.245.221.92 - - [12/Mar/2023:03:08:03 -0500] "HEAD / HTTP/1.1" 200 -
172.22.2.4 - - [12/Mar/2023:03:06:23 -0500] "HEAD /BLA/boletinlegal/ HTTP/1.1" 200 -
172.22.2.4 - - [12/Mar/2023:03:07:14 -0500] "GET /BLA/boletinlegal/ HTTP/1.1" 200 57551
201.245.192.253 - - [12/Mar/2023:03:12:25 -0500] "POST /kwsrmcab/Wsrmcab  HTTP/1.1" 200 213
216.245.221.92 - - [12/Mar/2023:03:13:03 -0500] "HEAD / HTTP/1.1" 200 -
172.22.2.4 - - [12/Mar/2023:03:12:13 -0500] "HEAD /BLA/boletinlegal/ HTTP/1.1" 200 -
172.22.2.4 - - [12/Mar/2023:03:13:04 -0500] "GET /BLA/boletinlegal/ HTTP/1.1" 200 54414
66.249.66.65 - - [12/Mar/2023:03:16:54 -0500] "-" 408 -
201.245.192.253 - - [12/Mar/2023:03:17:24 -0500] "POST /kwsrmcab/Wsrmcab  HTTP/1.1" 200 213
173.252.107.14 - - [12/Mar/2023:03:17:45 -0500] "GET /en-el-dia-mundial-de-la-educacion-ambiental-bogota-condecora-a-docentes-lideres-artistas-organizaciones-y-empresas.html HTTP/1.1" 206 1075
172.22.2.4 - - [12/Mar/2023:03:17:48 -0500] "GET /BLA/boletinlegal/jurisprudencia/analisis/G__Jurisp.%20Junio%202014_Sent%20Tutela%20Drumond.docx HTTP/1.1" 304 -
216.245.221.92 - - [12/Mar/2023:03:18:03 -0500] "HEAD / HTTP/1.1" 200 -
172.22.2.4 - - [12/Mar/2023:03:18:03 -0500] "HEAD /BLA/boletinlegal/ HTTP/1.1" 200 -
201.245.192.253 - - [12/Mar/2023:03:20:13 -0500] "POST /kwsrmcab/Wsrmcab HTTP/1.1" 200 41875
201.245.192.253 - - [12/Mar/2023:03:20:16 -0500] "POST /kwsrmcab/Wsrmcab HTTP/1.1" 200 42850
172.22.2.4 - - [12/Mar/2023:03:18:54 -0500] "GET /BLA/boletinlegal/ HTTP/1.1" 200 52316
201.245.192.253 - - [12/Mar/2023:03:22:22 -0500] "POST /kwsrmcab/Wsrmcab  HTTP/1.1" 200 213
216.245.221.92 - - [12/Mar/2023:03:23:03 -0500] "HEAD / HTTP/1.1" 200 -
66.249.70.15 - - [12/Mar/2023:03:23:25 -0500] "-" 408 -
172.22.2.4 - - [12/Mar/2023:03:23:50 -0500] "GET /BLA/boletinlegal/style.css HTTP/1.1" 200 9406
172.22.2.4 - - [12/Mar/2023:03:23:50 -0500] "GET /BLA/boletinlegal/styles2.css HTTP/1.1" 200 1838
172.22.2.4 - - [12/Mar/2023:03:23:50 -0500] "GET /BLA/boletinlegal/js/jquery.js HTTP/1.1" 200 57254
172.22.2.4 - - [12/Mar/2023:03:23:50 -0500] "GET /BLA/boletinlegal/js/jquery.scrollTo-min.js HTTP/1.1" 200 1150
172.22.2.4 - - [12/Mar/2023:03:23:50 -0500] "GET /BLA/boletinlegal/js/jquery.scrollShow.js HTTP/1.1" 200 4586
172.22.2.4 - - [12/Mar/2023:03:23:50 -0500] "GET /BLA/boletinlegal/images/cabezote%20BLEGAL.jpg HTTP/1.1" 200 118164
172.22.2.4 - - [12/Mar/2023:03:23:50 -0500] "GET /BLA/boletinlegal/images/subscribe-icon-big.png HTTP/1.1" 200 47702
172.22.2.4 - - [12/Mar/2023:03:23:50 -0500] "GET /BLA/boletinlegal/images/historia.png HTTP/1.1" 200 52775
172.22.2.4 - - [12/Mar/2023:03:23:50 -0500] "GET /BLA/boletinlegal/images/arr_l.jpg HTTP/1.1" 200 1979
172.22.2.4 - - [12/Mar/2023:03:23:50 -0500] "GET /BLA/boletinlegal/images/registro-usuarios.png HTTP/1.1" 200 8106
172.22.2.4 - - [12/Mar/2023:03:23:50 -0500] "GET /BLA/boletinlegal/images/screen_1.png HTTP/1.1" 200 202547
172.22.2.4 - - [12/Mar/2023:03:23:50 -0500] "GET /BLA/boletinlegal/images/launch.jpg HTTP/1.1" 200 14577
172.22.2.4 - - [12/Mar/2023:03:23:50 -0500] "GET /BLA/boletinlegal/images/body_bg.jpg HTTP/1.1" 200 1601
172.22.2.4 - - [12/Mar/2023:03:23:50 -0500] "GET /BLA/boletinlegal/images/menu_rght.gif HTTP/1.1" 200 1627
172.22.2.4 - - [12/Mar/2023:03:23:50 -0500] "GET /BLA/boletinlegal/images/menu_lft.gif HTTP/1.1" 200 1713
172.22.2.4 - - [12/Mar/2023:03:23:50 -0500] "GET /BLA/boletinlegal/images/bg_top.jpg HTTP/1.1" 200 522
172.22.2.4 - - [12/Mar/2023:03:23:50 -0500] "GET /BLA/boletinlegal/images/menu_bg.jpg HTTP/1.1" 200 620
172.22.2.4 - - [12/Mar/2023:03:23:50 -0500] "GET /BLA/boletinlegal/images/hover.jpg HTTP/1.1" 200 640
172.22.2.4 - - [12/Mar/2023:03:23:50 -0500] "GET /BLA/boletinlegal/images/text.jpg HTTP/1.1" 200 568
172.22.2.4 - - [12/Mar/2023:03:23:58 -0500] "GET /BLA/boletinlegal/images/arr_r.jpg HTTP/1.1" 200 1998
172.22.2.4 - - [12/Mar/2023:03:23:58 -0500] "GET /BLA/boletinlegal/images/screen_2.png HTTP/1.1" 200 362502
172.22.2.4 - - [12/Mar/2023:03:23:58 -0500] "GET /BLA/boletinlegal/images/screen_5.png HTTP/1.1" 200 368876
172.22.2.4 - - [12/Mar/2023:03:23:58 -0500] "GET /BLA/boletinlegal/images/footer_bg.jpg HTTP/1.1" 200 586
172.22.2.4 - - [12/Mar/2023:03:23:58 -0500] "GET /BLA/boletinlegal/images/screen_3.png HTTP/1.1" 200 210620
172.22.2.4 - - [12/Mar/2023:03:24:08 -0500] "GET /BLA/boletinlegal/images/pdf.gif HTTP/1.1" 200 567
172.22.2.4 - - [12/Mar/2023:03:23:50 -0500] "GET /BLA/boletinlegal/ HTTP/1.1" 200 50654
172.22.2.4 - - [12/Mar/2023:03:25:30 -0500] "GET /BLA/boletinlegal/favicon.ico HTTP/1.1" 404 1308
172.22.2.4 - - [12/Mar/2023:03:23:53 -0500] "HEAD /BLA/boletinlegal/ HTTP/1.1" 200 -
172.22.2.4 - - [12/Mar/2023:03:24:44 -0500] "GET /BLA/boletinlegal/ HTTP/1.1" 200 55211
185.119.81.101 - - [12/Mar/2023:03:26:28 -0500] "GET /portaldeninos/wp-login.php HTTP/1.1" 503 1037
172.22.2.4 - - [12/Mar/2023:03:26:56 -0500] "GET /BLA/boletinlegal/actos.php HTTP/1.1" 200 9672
201.245.192.253 - - [12/Mar/2023:03:27:19 -0500] "POST /kwsrmcab/Wsrmcab  HTTP/1.1" 200 213
216.245.221.92 - - [12/Mar/2023:03:28:03 -0500] "HEAD / HTTP/1.1" 200 -
64.124.8.58 - - [12/Mar/2023:03:29:53 -0500] "-" 408 -
201.245.192.253 - - [12/Mar/2023:03:30:13 -0500] "POST /kwsrmcab/Wsrmcab HTTP/1.1" 200 41875
