186.99.146.180 - - [12/Mar/2023:21:06:14 -0500] "GET /sipse/faces/javax.faces.resource/jquery/jquery-plugins.js?ln=primefaces&v=4.0 HTTP/1.1" 304 -
186.99.146.180 - - [12/Mar/2023:21:06:14 -0500] "POST /sipse/faces/presentacion/financiero/solicitudAnulacion/solicitudAnulacion.xhtml HTTP/1.1" 200 19350
186.99.146.180 - - [12/Mar/2023:21:06:17 -0500] "POST /sipse/faces/presentacion/financiero/solicitudAnulacion/solicitudAnulacion.xhtml HTTP/1.1" 200 38440
186.99.146.180 - - [12/Mar/2023:21:06:17 -0500] "GET /sipse/faces/javax.faces.resource/primefaces.css?ln=primefaces&v=4.0 HTTP/1.1" 304 -
186.99.146.180 - - [12/Mar/2023:21:06:17 -0500] "GET /sipse/faces/javax.faces.resource/theme.css?ln=primefaces-sipse HTTP/1.1" 304 -
186.99.146.180 - - [12/Mar/2023:21:06:17 -0500] "GET /sipse/faces/javax.faces.resource/layout/layout.css?ln=primefaces&v=4.0 HTTP/1.1" 304 -
186.99.146.180 - - [12/Mar/2023:21:06:17 -0500] "GET /sipse/faces/javax.faces.resource/jquery/jquery.js?ln=primefaces&v=4.0 HTTP/1.1" 304 -
186.99.146.180 - - [12/Mar/2023:21:06:17 -0500] "GET /sipse/faces/javax.faces.resource/fileupload/fileupload.css?ln=primefaces&v=4.0 HTTP/1.1" 304 -
186.99.146.180 - - [12/Mar/2023:21:06:18 -0500] "GET /sipse/faces/javax.faces.resource/jquery/jquery-plugins.js?ln=primefaces&v=4.0 HTTP/1.1" 304 -
186.99.146.180 - - [12/Mar/2023:21:06:18 -0500] "GET /sipse/faces/javax.faces.resource/primefaces.js?ln=primefaces&v=4.0 HTTP/1.1" 304 -
186.99.146.180 - - [12/Mar/2023:21:06:18 -0500] "GET /sipse/faces/javax.faces.resource/layout/layout.js?ln=primefaces&v=4.0 HTTP/1.1" 304 -
186.99.146.180 - - [12/Mar/2023:21:06:18 -0500] "GET /sipse/faces/javax.faces.resource/fileupload/fileupload.js?ln=primefaces&v=4.0 HTTP/1.1" 304 -
186.99.146.180 - - [12/Mar/2023:21:06:23 -0500] "POST /sipse/faces/presentacion/financiero/solicitudAnulacion/registrarSolicitudAnulacion.xhtml HTTP/1.1" 200 19443
186.99.146.180 - - [12/Mar/2023:21:06:27 -0500] "POST /sipse/faces/presentacion/financiero/solicitudAnulacion/registrarSolicitudAnulacion.xhtml HTTP/1.1" 200 19453
161.18.123.120 - - [12/Mar/2023:21:06:43 -0500] "POST /sipse/faces/presentacion/financiero/solicitudProceso/consultarSolicitudProceso.xhtml HTTP/1.1" 200 62620
161.18.123.120 - - [12/Mar/2023:21:06:45 -0500] "GET /sipse/faces/javax.faces.resource/jquery/jquery.js?ln=primefaces&v=4.0 HTTP/1.1" 304 -
161.18.123.120 - - [12/Mar/2023:21:06:45 -0500] "GET /sipse/faces/javax.faces.resource/jquery/jquery-plugins.js?ln=primefaces&v=4.0 HTTP/1.1" 304 -
161.18.123.120 - - [12/Mar/2023:21:06:45 -0500] "GET /sipse/faces/javax.faces.resource/primefaces.js?ln=primefaces&v=4.0 HTTP/1.1" 304 -
161.18.123.120 - - [12/Mar/2023:21:06:45 -0500] "GET /sipse/faces/javax.faces.resource/layout/layout.js?ln=primefaces&v=4.0 HTTP/1.1" 304 -
161.18.123.120 - - [12/Mar/2023:21:06:46 -0500] "POST /sipse/faces/presentacion/financiero/solicitudProceso/listarSolicitudProceso.xhtml HTTP/1.1" 200 1560
161.18.123.120 - - [12/Mar/2023:21:06:59 -0500] "POST /sipse/faces/presentacion/financiero/solicitudProceso/listarSolicitudProceso.xhtml HTTP/1.1" 200 154117
161.18.123.120 - - [12/Mar/2023:21:07:00 -0500] "GET /sipse/faces/javax.faces.resource/jquery/jquery.js?ln=primefaces&v=4.0 HTTP/1.1" 304 -
161.18.123.120 - - [12/Mar/2023:21:07:00 -0500] "GET /sipse/faces/javax.faces.resource/jquery/jquery-plugins.js?ln=primefaces&v=4.0 HTTP/1.1" 304 -
161.18.123.120 - - [12/Mar/2023:21:07:00 -0500] "GET /sipse/faces/javax.faces.resource/primefaces.js?ln=primefaces&v=4.0 HTTP/1.1" 304 -
161.18.123.120 - - [12/Mar/2023:21:07:00 -0500] "GET /sipse/faces/javax.faces.resource/layout/layout.js?ln=primefaces&v=4.0 HTTP/1.1" 304 -
161.18.123.120 - - [12/Mar/2023:21:07:00 -0500] "GET /sipse/faces/javax.faces.resource/dynamiccontent.properties?ln=primefaces&pfdrid=XjOR5%2F%2FfPAZAuY9TpWQeCiM0BhlXxYRBGKi%2FQcXXfeA%3D&pfdrid_c=false HTTP/1.1" 500 383
190.26.255.134 - - [12/Mar/2023:21:07:10 -0500] "GET /mujeres-que-reverdecen-secretaria-de-ambiente-anuncia-el-inicio-de-la-tercera-fase.html HTTP/1.1" 200 954
161.18.123.120 - - [12/Mar/2023:21:07:41 -0500] "POST /sipse/faces/presentacion/financiero/solicitudProceso/consultarSolicitudProceso.xhtml HTTP/1.1" 200 80131
186.31.47.234 - - [12/Mar/2023:21:08:07 -0500] "POST /sipse/faces/presentacion/financiero/solicitudProceso/listarSolicitudProceso.xhtml HTTP/1.1" 200 57593
186.31.47.234 - - [12/Mar/2023:21:08:07 -0500] "POST /sipse/faces/presentacion/financiero/solicitudProceso/listarSolicitudProceso.xhtml HTTP/1.1" 200 57593
186.31.47.234 - - [12/Mar/2023:21:08:07 -0500] "POST /sipse/faces/presentacion/financiero/solicitudProceso/listarSolicitudProceso.xhtml HTTP/1.1" 200 57593
186.31.47.234 - - [12/Mar/2023:21:08:08 -0500] "POST /sipse/faces/presentacion/financiero/solicitudProceso/listarSolicitudProceso.xhtml HTTP/1.1" 200 57593
186.31.47.234 - - [12/Mar/2023:21:08:08 -0500] "POST /sipse/faces/presentacion/financiero/solicitudProceso/listarSolicitudProceso.xhtml HTTP/1.1" 200 57593
186.31.47.234 - - [12/Mar/2023:21:08:09 -0500] "POST /sipse/faces/presentacion/financiero/solicitudProceso/listarSolicitudProceso.xhtml HTTP/1.1" 200 57593
186.31.47.234 - - [12/Mar/2023:21:08:09 -0500] "POST /sipse/faces/presentacion/financiero/solicitudProceso/listarSolicitudProceso.xhtml HTTP/1.1" 200 1560
186.31.47.234 - - [12/Mar/2023:21:08:09 -0500] "POST /sipse/faces/presentacion/financiero/solicitudProceso/listarSolicitudProceso.xhtml HTTP/1.1" 200 1552
186.31.47.234 - - [12/Mar/2023:21:08:10 -0500] "POST /sipse/faces/presentacion/financiero/solicitudProceso/listarSolicitudProceso.xhtml HTTP/1.1" 200 1564
186.31.47.234 - - [12/Mar/2023:21:08:10 -0500] "POST /sipse/faces/presentacion/financiero/solicitudProceso/listarSolicitudProceso.xhtml HTTP/1.1" 200 1552
186.31.47.234 - - [12/Mar/2023:21:08:10 -0500] "POST /sipse/faces/presentacion/financiero/solicitudProceso/listarSolicitudProceso.xhtml HTTP/1.1" 200 1564
186.31.47.234 - - [12/Mar/2023:21:08:10 -0500] "POST /sipse/faces/presentacion/financiero/solicitudProceso/listarSolicitudProceso.xhtml HTTP/1.1" 200 1552
186.31.47.234 - - [12/Mar/2023:21:08:12 -0500] "POST /sipse/faces/presentacion/financiero/solicitudProceso/listarSolicitudProceso.xhtml HTTP/1.1" 200 57593
172.22.2.4 - - [12/Mar/2023:21:06:32 -0500] "HEAD /BLA/boletinlegal/ HTTP/1.1" 200 -
186.31.47.234 - - [12/Mar/2023:21:08:12 -0500] "POST /sipse/faces/presentacion/financiero/solicitudProceso/listarSolicitudProceso.xhtml HTTP/1.1" 200 57593
186.31.47.234 - - [12/Mar/2023:21:08:13 -0500] "POST /sipse/faces/presentacion/financiero/solicitudProceso/listarSolicitudProceso.xhtml HTTP/1.1" 200 57593
186.31.47.234 - - [12/Mar/2023:21:08:13 -0500] "POST /sipse/faces/presentacion/financiero/solicitudProceso/listarSolicitudProceso.xhtml HTTP/1.1" 200 57593
186.31.47.234 - - [12/Mar/2023:21:08:13 -0500] "POST /sipse/faces/presentacion/financiero/solicitudProceso/listarSolicitudProceso.xhtml HTTP/1.1" 200 57593
186.31.47.234 - - [12/Mar/2023:21:08:14 -0500] "POST /sipse/faces/presentacion/financiero/solicitudProceso/listarSolicitudProceso.xhtml HTTP/1.1" 200 57593
186.31.47.234 - - [12/Mar/2023:21:08:14 -0500] "POST /sipse/faces/presentacion/financiero/solicitudProceso/listarSolicitudProceso.xhtml HTTP/1.1" 200 1560
186.31.47.234 - - [12/Mar/2023:21:08:14 -0500] "POST /sipse/faces/presentacion/financiero/solicitudProceso/listarSolicitudProceso.xhtml HTTP/1.1" 200 1552
186.31.47.234 - - [12/Mar/2023:21:08:15 -0500] "POST /sipse/faces/presentacion/financiero/solicitudProceso/listarSolicitudProceso.xhtml HTTP/1.1" 200 1564
186.31.47.234 - - [12/Mar/2023:21:08:15 -0500] "POST /sipse/faces/presentacion/financiero/solicitudProceso/listarSolicitudProceso.xhtml HTTP/1.1" 200 1552
186.31.47.234 - - [12/Mar/2023:21:08:15 -0500] "POST /sipse/faces/presentacion/financiero/solicitudProceso/listarSolicitudProceso.xhtml HTTP/1.1" 200 1564
186.31.47.234 - - [12/Mar/2023:21:08:15 -0500] "POST /sipse/faces/presentacion/financiero/solicitudProceso/listarSolicitudProceso.xhtml HTTP/1.1" 200 1552
161.18.123.120 - - [12/Mar/2023:21:08:56 -0500] "POST /sipse/faces/presentacion/financiero/solicitudProceso/consultarSolicitudProceso.xhtml HTTP/1.1" 200 62597
161.18.123.120 - - [12/Mar/2023:21:08:58 -0500] "GET /sipse/faces/javax.faces.resource/jquery/jquery.js?ln=primefaces&v=4.0 HTTP/1.1" 304 -
161.18.123.120 - - [12/Mar/2023:21:08:58 -0500] "GET /sipse/faces/javax.faces.resource/jquery/jquery-plugins.js?ln=primefaces&v=4.0 HTTP/1.1" 304 -
161.18.123.120 - - [12/Mar/2023:21:08:58 -0500] "GET /sipse/faces/javax.faces.resource/primefaces.js?ln=primefaces&v=4.0 HTTP/1.1" 304 -
161.18.123.120 - - [12/Mar/2023:21:08:58 -0500] "GET /sipse/faces/javax.faces.resource/layout/layout.js?ln=primefaces&v=4.0 HTTP/1.1" 304 -
161.18.123.120 - - [12/Mar/2023:21:08:59 -0500] "POST /sipse/faces/presentacion/financiero/solicitudProceso/listarSolicitudProceso.xhtml HTTP/1.1" 200 1560
216.245.221.92 - - [12/Mar/2023:21:09:01 -0500] "HEAD / HTTP/1.1" 200 -
172.22.2.4 - - [12/Mar/2023:21:07:22 -0500] "GET /BLA/boletinlegal/ HTTP/1.1" 200 57551
185.119.81.102 - - [12/Mar/2023:21:09:10 -0500] "GET /portaldeninos/wp-login.php HTTP/1.1" 503 1037
161.18.123.120 - - [12/Mar/2023:21:09:22 -0500] "POST /sipse/faces/presentacion/financiero/solicitudProceso/listarSolicitudProceso.xhtml HTTP/1.1" 200 161166
161.18.123.120 - - [12/Mar/2023:21:09:24 -0500] "GET /sipse/faces/javax.faces.resource/jquery/jquery.js?ln=primefaces&v=4.0 HTTP/1.1" 304 -
161.18.123.120 - - [12/Mar/2023:21:09:24 -0500] "GET /sipse/faces/javax.faces.resource/jquery/jquery-plugins.js?ln=primefaces&v=4.0 HTTP/1.1" 304 -
161.18.123.120 - - [12/Mar/2023:21:09:24 -0500] "GET /sipse/faces/javax.faces.resource/primefaces.js?ln=primefaces&v=4.0 HTTP/1.1" 304 -
161.18.123.120 - - [12/Mar/2023:21:09:24 -0500] "GET /sipse/faces/javax.faces.resource/layout/layout.js?ln=primefaces&v=4.0 HTTP/1.1" 304 -
161.18.123.120 - - [12/Mar/2023:21:09:24 -0500] "GET /sipse/faces/javax.faces.resource/dynamiccontent.properties?ln=primefaces&pfdrid=XjOR5%2F%2FfPAZAuY9TpWQeCiM0BhlXxYRBGKi%2FQcXXfeA%3D&pfdrid_c=false HTTP/1.1" 500 383
201.245.192.253 - - [12/Mar/2023:21:09:34 -0500] "POST /kwsrmcab/Wsrmcab  HTTP/1.1" 200 213
161.18.123.120 - - [12/Mar/2023:21:09:53 -0500] "POST /sipse/faces/presentacion/financiero/solicitudProceso/consultarSolicitudProceso.xhtml HTTP/1.1" 200 79440
181.53.12.28 - - [12/Mar/2023:21:10:25 -0500] "GET /appsia/controlador HTTP/1.1" 200 4799
181.53.12.28 - - [12/Mar/2023:21:10:27 -0500] "GET /appsia/scripts/validarIngreso.js HTTP/1.1" 200 851
181.53.12.28 - - [12/Mar/2023:21:10:27 -0500] "GET /appsia/css/estilos.css HTTP/1.1" 200 4804
181.53.12.28 - - [12/Mar/2023:21:10:27 -0500] "GET /appsia/images/logo_bogota_p.png HTTP/1.1" 200 14951
181.53.12.28 - - [12/Mar/2023:21:10:27 -0500] "GET /appsia/images/cabezoteHojaVida.png HTTP/1.1" 200 32493
181.53.12.28 - - [12/Mar/2023:21:10:28 -0500] "GET /favicon.ico HTTP/1.1" 200 7782
172.22.2.4 - - [12/Mar/2023:21:09:43 -0500] "GET /BLA/boletinlegal/ HTTP/1.1" 200 36811
173.252.87.18 - - [12/Mar/2023:21:10:37 -0500] "GET /images/jardines-verticales-4-marzo.jpg HTTP/1.1" 200 54804
161.18.123.120 - - [12/Mar/2023:21:10:57 -0500] "POST /sipse/faces/presentacion/financiero/solicitudProceso/consultarSolicitudProceso.xhtml HTTP/1.1" 200 62526
161.18.123.120 - - [12/Mar/2023:21:11:00 -0500] "GET /sipse/faces/javax.faces.resource/jquery/jquery.js?ln=primefaces&v=4.0 HTTP/1.1" 304 -
161.18.123.120 - - [12/Mar/2023:21:11:00 -0500] "GET /sipse/faces/javax.faces.resource/jquery/jquery-plugins.js?ln=primefaces&v=4.0 HTTP/1.1" 304 -
161.18.123.120 - - [12/Mar/2023:21:11:00 -0500] "GET /sipse/faces/javax.faces.resource/primefaces.js?ln=primefaces&v=4.0 HTTP/1.1" 304 -
161.18.123.120 - - [12/Mar/2023:21:11:00 -0500] "GET /sipse/faces/javax.faces.resource/layout/layout.js?ln=primefaces&v=4.0 HTTP/1.1" 304 -
161.18.123.120 - - [12/Mar/2023:21:11:00 -0500] "POST /sipse/faces/presentacion/financiero/solicitudProceso/listarSolicitudProceso.xhtml HTTP/1.1" 200 1560
161.18.123.120 - - [12/Mar/2023:21:11:16 -0500] "POST /sipse/faces/presentacion/financiero/solicitudProceso/listarSolicitudProceso.xhtml HTTP/1.1" 200 149877
161.18.123.120 - - [12/Mar/2023:21:11:17 -0500] "GET /sipse/faces/javax.faces.resource/jquery/jquery.js?ln=primefaces&v=4.0 HTTP/1.1" 304 -
161.18.123.120 - - [12/Mar/2023:21:11:17 -0500] "GET /sipse/faces/javax.faces.resource/jquery/jquery-plugins.js?ln=primefaces&v=4.0 HTTP/1.1" 304 -
161.18.123.120 - - [12/Mar/2023:21:11:17 -0500] "GET /sipse/faces/javax.faces.resource/primefaces.js?ln=primefaces&v=4.0 HTTP/1.1" 304 -
161.18.123.120 - - [12/Mar/2023:21:11:17 -0500] "GET /sipse/faces/javax.faces.resource/layout/layout.js?ln=primefaces&v=4.0 HTTP/1.1" 304 -
161.18.123.120 - - [12/Mar/2023:21:11:18 -0500] "GET /sipse/faces/javax.faces.resource/dynamiccontent.properties?ln=primefaces&pfdrid=XjOR5%2F%2FfPAZAuY9TpWQeCiM0BhlXxYRBGKi%2FQcXXfeA%3D&pfdrid_c=false HTTP/1.1" 500 383
161.18.123.120 - - [12/Mar/2023:21:11:37 -0500] "POST /sipse/faces/presentacion/financiero/solicitudProceso/consultarSolicitudProceso.xhtml HTTP/1.1" 200 81510
185.119.81.104 - - [12/Mar/2023:21:11:37 -0500] "GET /portaldeninos/wp-login.php HTTP/1.1" 503 1037
161.18.123.120 - - [12/Mar/2023:21:12:32 -0500] "POST /sipse/faces/presentacion/financiero/solicitudProceso/consultarSolicitudProceso.xhtml HTTP/1.1" 200 62401
161.18.123.120 - - [12/Mar/2023:21:12:34 -0500] "GET /sipse/faces/javax.faces.resource/jquery/jquery.js?ln=primefaces&v=4.0 HTTP/1.1" 304 -
161.18.123.120 - - [12/Mar/2023:21:12:34 -0500] "GET /sipse/faces/javax.faces.resource/jquery/jquery-plugins.js?ln=primefaces&v=4.0 HTTP/1.1" 304 -
161.18.123.120 - - [12/Mar/2023:21:12:34 -0500] "GET /sipse/faces/javax.faces.resource/primefaces.js?ln=primefaces&v=4.0 HTTP/1.1" 304 -
161.18.123.120 - - [12/Mar/2023:21:12:34 -0500] "GET /sipse/faces/javax.faces.resource/layout/layout.js?ln=primefaces&v=4.0 HTTP/1.1" 304 -
161.18.123.120 - - [12/Mar/2023:21:12:35 -0500] "POST /sipse/faces/presentacion/financiero/solicitudProceso/listarSolicitudProceso.xhtml HTTP/1.1" 200 1560
186.154.36.172 - - [12/Mar/2023:21:12:40 -0500] "GET /mujeres-que-reverdecen-secretaria-de-ambiente-anuncia-el-inicio-de-la-tercera-fase.html HTTP/1.1" 200 954
186.84.88.161 - - [12/Mar/2023:21:12:44 -0500] "GET /BLA/resoluciones/ HTTP/1.1" 200 13502
186.84.88.161 - - [12/Mar/2023:21:12:44 -0500] "GET /BLA/resoluciones/dlf/styles.css HTTP/1.1" 200 3049
186.84.88.161 - - [12/Mar/2023:21:12:44 -0500] "GET /BLA/resoluciones/dlf/folder.png HTTP/1.1" 200 410
186.84.88.161 - - [12/Mar/2023:21:12:44 -0500] "GET /BLA/resoluciones/dlf/bg.gif HTTP/1.1" 200 54
186.84.88.161 - - [12/Mar/2023:21:12:44 -0500] "GET /favicon.ico HTTP/1.1" 200 7782
186.84.88.161 - - [12/Mar/2023:21:12:47 -0500] "GET /BLA/resoluciones/dlf/dirup.png HTTP/1.1" 200 644
186.84.88.161 - - [12/Mar/2023:21:12:47 -0500] "GET /BLA/resoluciones/dlf/pdf.gif HTTP/1.1" 200 272
186.84.88.161 - - [12/Mar/2023:21:12:46 -0500] "GET /BLA/resoluciones/index.php?dir=RESOLUCIONES+2020%2F HTTP/1.1" 200 167864
186.84.88.161 - - [12/Mar/2023:21:12:51 -0500] "GET /BLA/resoluciones/RESOLUCIONES%202020/0278.pdf HTTP/1.1" 200 597872
186.84.88.161 - - [12/Mar/2023:21:12:51 -0500] "GET /BLA/resoluciones/RESOLUCIONES%202020/0278.pdf HTTP/1.1" 200 597872
186.84.88.161 - - [12/Mar/2023:21:12:51 -0500] "GET /BLA/resoluciones/RESOLUCIONES%202020/0278.pdf HTTP/1.1" 206 1025
161.18.123.120 - - [12/Mar/2023:21:12:56 -0500] "POST /sipse/faces/presentacion/financiero/solicitudProceso/listarSolicitudProceso.xhtml HTTP/1.1" 200 138907
161.18.123.120 - - [12/Mar/2023:21:12:57 -0500] "GET /sipse/faces/javax.faces.resource/jquery/jquery.js?ln=primefaces&v=4.0 HTTP/1.1" 304 -
161.18.123.120 - - [12/Mar/2023:21:12:57 -0500] "GET /sipse/faces/javax.faces.resource/jquery/jquery-plugins.js?ln=primefaces&v=4.0 HTTP/1.1" 304 -
161.18.123.120 - - [12/Mar/2023:21:12:57 -0500] "GET /sipse/faces/javax.faces.resource/primefaces.js?ln=primefaces&v=4.0 HTTP/1.1" 304 -
161.18.123.120 - - [12/Mar/2023:21:12:57 -0500] "GET /sipse/faces/javax.faces.resource/layout/layout.js?ln=primefaces&v=4.0 HTTP/1.1" 304 -
161.18.123.120 - - [12/Mar/2023:21:12:57 -0500] "GET /sipse/faces/javax.faces.resource/dynamiccontent.properties?ln=primefaces&pfdrid=XjOR5%2F%2FfPAZAuY9TpWQeCiM0BhlXxYRBGKi%2FQcXXfeA%3D&pfdrid_c=false HTTP/1.1" 500 383
186.84.88.161 - - [12/Mar/2023:21:13:02 -0500] "GET /BLA/resoluciones/RESOLUCIONES%202020/0279.pdf HTTP/1.1" 200 424996
186.84.88.161 - - [12/Mar/2023:21:13:02 -0500] "GET /BLA/resoluciones/RESOLUCIONES%202020/0279.pdf HTTP/1.1" 206 1025
186.84.88.161 - - [12/Mar/2023:21:13:02 -0500] "GET /BLA/resoluciones/RESOLUCIONES%202020/0279.pdf HTTP/1.1" 200 424996
161.18.123.120 - - [12/Mar/2023:21:13:39 -0500] "POST /sipse/faces/presentacion/financiero/solicitudProceso/consultarSolicitudProceso.xhtml HTTP/1.1" 200 81713
216.245.221.92 - - [12/Mar/2023:21:14:01 -0500] "HEAD / HTTP/1.1" 200 -
172.22.2.4 - - [12/Mar/2023:21:12:21 -0500] "HEAD /BLA/boletinlegal/ HTTP/1.1" 200 -
201.245.192.253 - - [12/Mar/2023:21:14:33 -0500] "POST /kwsrmcab/Wsrmcab  HTTP/1.1" 200 213
172.22.2.4 - - [12/Mar/2023:21:13:12 -0500] "GET /BLA/boletinlegal/ HTTP/1.1" 200 57551
191.156.157.252 - - [12/Mar/2023:21:15:38 -0500] "GET /mujeres-que-reverdecen-secretaria-de-ambiente-anuncia-el-inicio-de-la-tercera-fase.html HTTP/1.1" 304 -
161.18.123.120 - - [12/Mar/2023:21:15:38 -0500] "POST /sipse/faces/presentacion/financiero/solicitudProceso/consultarSolicitudProceso.xhtml HTTP/1.1" 200 62472
161.18.123.120 - - [12/Mar/2023:21:15:41 -0500] "GET /sipse/faces/javax.faces.resource/jquery/jquery.js?ln=primefaces&v=4.0 HTTP/1.1" 304 -
161.18.123.120 - - [12/Mar/2023:21:15:41 -0500] "GET /sipse/faces/javax.faces.resource/jquery/jquery-plugins.js?ln=primefaces&v=4.0 HTTP/1.1" 304 -
161.18.123.120 - - [12/Mar/2023:21:15:41 -0500] "GET /sipse/faces/javax.faces.resource/primefaces.js?ln=primefaces&v=4.0 HTTP/1.1" 304 -
161.18.123.120 - - [12/Mar/2023:21:15:41 -0500] "GET /sipse/faces/javax.faces.resource/layout/layout.js?ln=primefaces&v=4.0 HTTP/1.1" 304 -
161.18.123.120 - - [12/Mar/2023:21:15:41 -0500] "POST /sipse/faces/presentacion/financiero/solicitudProceso/listarSolicitudProceso.xhtml HTTP/1.1" 200 1560
161.18.123.120 - - [12/Mar/2023:21:15:57 -0500] "POST /sipse/faces/presentacion/financiero/solicitudProceso/listarSolicitudProceso.xhtml HTTP/1.1" 200 137200
161.18.123.120 - - [12/Mar/2023:21:15:58 -0500] "GET /sipse/faces/javax.faces.resource/jquery/jquery.js?ln=primefaces&v=4.0 HTTP/1.1" 304 -
161.18.123.120 - - [12/Mar/2023:21:15:58 -0500] "GET /sipse/faces/javax.faces.resource/jquery/jquery-plugins.js?ln=primefaces&v=4.0 HTTP/1.1" 304 -
161.18.123.120 - - [12/Mar/2023:21:15:58 -0500] "GET /sipse/faces/javax.faces.resource/primefaces.js?ln=primefaces&v=4.0 HTTP/1.1" 304 -
161.18.123.120 - - [12/Mar/2023:21:15:58 -0500] "GET /sipse/faces/javax.faces.resource/layout/layout.js?ln=primefaces&v=4.0 HTTP/1.1" 304 -
161.18.123.120 - - [12/Mar/2023:21:15:58 -0500] "GET /sipse/faces/javax.faces.resource/dynamiccontent.properties?ln=primefaces&pfdrid=XjOR5%2F%2FfPAZAuY9TpWQeCiM0BhlXxYRBGKi%2FQcXXfeA%3D&pfdrid_c=false HTTP/1.1" 500 383
181.53.13.220 - - [12/Mar/2023:21:16:05 -0500] "GET /mujeres-que-reverdecen-secretaria-de-ambiente-anuncia-el-inicio-de-la-tercera-fase.html HTTP/1.1" 200 954
161.18.123.120 - - [12/Mar/2023:21:16:25 -0500] "POST /sipse/faces/presentacion/financiero/solicitudProceso/consultarSolicitudProceso.xhtml HTTP/1.1" 200 83469
40.77.167.122 - - [12/Mar/2023:21:17:07 -0500] "GET /galeria/galeria/jquery.fancybox.js?v=2.1.5 HTTP/1.1" 200 48706
161.18.123.120 - - [12/Mar/2023:21:17:15 -0500] "POST /sipse/faces/presentacion/financiero/solicitudProceso/consultarSolicitudProceso.xhtml HTTP/1.1" 200 62416
161.18.123.120 - - [12/Mar/2023:21:17:17 -0500] "GET /sipse/faces/javax.faces.resource/jquery/jquery.js?ln=primefaces&v=4.0 HTTP/1.1" 304 -
161.18.123.120 - - [12/Mar/2023:21:17:17 -0500] "GET /sipse/faces/javax.faces.resource/jquery/jquery-plugins.js?ln=primefaces&v=4.0 HTTP/1.1" 304 -
161.18.123.120 - - [12/Mar/2023:21:17:17 -0500] "GET /sipse/faces/javax.faces.resource/primefaces.js?ln=primefaces&v=4.0 HTTP/1.1" 304 -
161.18.123.120 - - [12/Mar/2023:21:17:17 -0500] "GET /sipse/faces/javax.faces.resource/layout/layout.js?ln=primefaces&v=4.0 HTTP/1.1" 304 -
40.77.167.164 - - [12/Mar/2023:21:17:17 -0500] "GET /BLA/resoluciones/AUTOS%202015/0889.pdf HTTP/1.1" 304 -
161.18.123.120 - - [12/Mar/2023:21:17:18 -0500] "POST /sipse/faces/presentacion/financiero/solicitudProceso/listarSolicitudProceso.xhtml HTTP/1.1" 200 1560
161.18.123.120 - - [12/Mar/2023:21:17:32 -0500] "POST /sipse/faces/presentacion/financiero/solicitudProceso/listarSolicitudProceso.xhtml HTTP/1.1" 200 139185
161.18.123.120 - - [12/Mar/2023:21:17:34 -0500] "GET /sipse/faces/javax.faces.resource/jquery/jquery.js?ln=primefaces&v=4.0 HTTP/1.1" 304 -
161.18.123.120 - - [12/Mar/2023:21:17:34 -0500] "GET /sipse/faces/javax.faces.resource/jquery/jquery-plugins.js?ln=primefaces&v=4.0 HTTP/1.1" 304 -
161.18.123.120 - - [12/Mar/2023:21:17:34 -0500] "GET /sipse/faces/javax.faces.resource/primefaces.js?ln=primefaces&v=4.0 HTTP/1.1" 304 -
161.18.123.120 - - [12/Mar/2023:21:17:34 -0500] "GET /sipse/faces/javax.faces.resource/layout/layout.js?ln=primefaces&v=4.0 HTTP/1.1" 304 -
161.18.123.120 - - [12/Mar/2023:21:17:34 -0500] "GET /sipse/faces/javax.faces.resource/dynamiccontent.properties?ln=primefaces&pfdrid=XjOR5%2F%2FfPAZAuY9TpWQeCiM0BhlXxYRBGKi%2FQcXXfeA%3D&pfdrid_c=false HTTP/1.1" 500 383
191.156.144.161 - - [12/Mar/2023:21:18:02 -0500] "GET /galeria/galeria/jquery.fancybox.css?v=2.1.5 HTTP/1.1" 200 4895
191.156.144.161 - - [12/Mar/2023:21:18:02 -0500] "GET /BLA/boletinlegal/js/jquery.scrollShow.js HTTP/1.1" 200 4586
191.156.153.89 - - [12/Mar/2023:21:18:02 -0500] "GET /galeria/galeria/jquery.fancybox.js?v=2.1.5 HTTP/1.1" 200 48706
161.18.123.120 - - [12/Mar/2023:21:18:03 -0500] "POST /sipse/faces/presentacion/financiero/solicitudProceso/consultarSolicitudProceso.xhtml HTTP/1.1" 200 95146
186.84.21.87 - - [12/Mar/2023:21:18:35 -0500] "GET /inscribete-y-participa-en-las-caminatas-ecologicas-de-marzo.html HTTP/1.1" 200 924
216.245.221.92 - - [12/Mar/2023:21:19:01 -0500] "HEAD / HTTP/1.1" 200 -
161.18.123.120 - - [12/Mar/2023:21:19:06 -0500] "POST /sipse/faces/presentacion/financiero/solicitudProceso/consultarSolicitudProceso.xhtml HTTP/1.1" 200 59339
161.18.123.120 - - [12/Mar/2023:21:19:09 -0500] "GET /sipse/faces/javax.faces.resource/jquery/jquery.js?ln=primefaces&v=4.0 HTTP/1.1" 304 -
161.18.123.120 - - [12/Mar/2023:21:19:09 -0500] "GET /sipse/faces/javax.faces.resource/jquery/jquery-plugins.js?ln=primefaces&v=4.0 HTTP/1.1" 304 -
161.18.123.120 - - [12/Mar/2023:21:19:09 -0500] "GET /sipse/faces/javax.faces.resource/primefaces.js?ln=primefaces&v=4.0 HTTP/1.1" 304 -
161.18.123.120 - - [12/Mar/2023:21:19:09 -0500] "GET /sipse/faces/javax.faces.resource/layout/layout.js?ln=primefaces&v=4.0 HTTP/1.1" 304 -
161.18.123.120 - - [12/Mar/2023:21:19:09 -0500] "POST /sipse/faces/presentacion/financiero/solicitudProceso/listarSolicitudProceso.xhtml HTTP/1.1" 200 1560
34.147.123.254 - - [12/Mar/2023:21:19:22 -0500] "GET /inventario-de-emisiones-2020-transporte-publico-sitp-redujo-emisiones-de-pm-2-5-en-un-37.html HTTP/1.1" 200 925
191.156.146.6 - - [12/Mar/2023:21:19:29 -0500] "GET /mujeres-que-reverdecen-secretaria-de-ambiente-anuncia-el-inicio-de-la-tercera-fase.html HTTP/1.1" 200 954
191.156.146.6 - - [12/Mar/2023:21:19:29 -0500] "GET /favicon.ico HTTP/1.1" 404 1468
201.245.192.253 - - [12/Mar/2023:21:19:33 -0500] "POST /kwsrmcab/Wsrmcab  HTTP/1.1" 200 213
172.22.2.4 - - [12/Mar/2023:21:18:11 -0500] "HEAD /BLA/boletinlegal/ HTTP/1.1" 200 -
161.18.123.120 - - [12/Mar/2023:21:19:52 -0500] "POST /sipse/faces/presentacion/financiero/solicitudProceso/listarSolicitudProceso.xhtml HTTP/1.1" 200 144779
161.18.123.120 - - [12/Mar/2023:21:19:54 -0500] "GET /sipse/faces/javax.faces.resource/jquery/jquery.js?ln=primefaces&v=4.0 HTTP/1.1" 304 -
161.18.123.120 - - [12/Mar/2023:21:19:54 -0500] "GET /sipse/faces/javax.faces.resource/jquery/jquery-plugins.js?ln=primefaces&v=4.0 HTTP/1.1" 304 -
161.18.123.120 - - [12/Mar/2023:21:19:54 -0500] "GET /sipse/faces/javax.faces.resource/primefaces.js?ln=primefaces&v=4.0 HTTP/1.1" 304 -
161.18.123.120 - - [12/Mar/2023:21:19:54 -0500] "GET /sipse/faces/javax.faces.resource/layout/layout.js?ln=primefaces&v=4.0 HTTP/1.1" 304 -
161.18.123.120 - - [12/Mar/2023:21:19:54 -0500] "GET /sipse/faces/javax.faces.resource/dynamiccontent.properties?ln=primefaces&pfdrid=XjOR5%2F%2FfPAZAuY9TpWQeCiM0BhlXxYRBGKi%2FQcXXfeA%3D&pfdrid_c=false HTTP/1.1" 500 383
161.18.123.120 - - [12/Mar/2023:21:20:28 -0500] "POST /sipse/faces/presentacion/financiero/solicitudProceso/consultarSolicitudProceso.xhtml HTTP/1.1" 200 94632
172.22.2.4 - - [12/Mar/2023:21:19:02 -0500] "GET /BLA/boletinlegal/ HTTP/1.1" 200 59296
186.31.47.234 - - [12/Mar/2023:21:20:57 -0500] "POST /sipse/faces/presentacion/financiero/solicitudProceso/listarSolicitudProceso.xhtml HTTP/1.1" 200 57593
186.31.47.234 - - [12/Mar/2023:21:20:58 -0500] "POST /sipse/faces/presentacion/financiero/solicitudProceso/listarSolicitudProceso.xhtml HTTP/1.1" 200 57593
186.31.47.234 - - [12/Mar/2023:21:20:59 -0500] "POST /sipse/faces/presentacion/financiero/solicitudProceso/listarSolicitudProceso.xhtml HTTP/1.1" 200 57593
186.31.47.234 - - [12/Mar/2023:21:20:59 -0500] "POST /sipse/faces/presentacion/financiero/solicitudProceso/listarSolicitudProceso.xhtml HTTP/1.1" 200 57593
186.31.47.234 - - [12/Mar/2023:21:21:00 -0500] "POST /sipse/faces/presentacion/financiero/solicitudProceso/listarSolicitudProceso.xhtml HTTP/1.1" 200 57593
186.31.47.234 - - [12/Mar/2023:21:21:01 -0500] "POST /sipse/faces/presentacion/financiero/solicitudProceso/listarSolicitudProceso.xhtml HTTP/1.1" 200 57593
186.31.47.234 - - [12/Mar/2023:21:21:01 -0500] "POST /sipse/faces/presentacion/financiero/solicitudProceso/listarSolicitudProceso.xhtml HTTP/1.1" 200 1560
186.31.47.234 - - [12/Mar/2023:21:21:02 -0500] "POST /sipse/faces/presentacion/financiero/solicitudProceso/listarSolicitudProceso.xhtml HTTP/1.1" 200 1552
186.31.47.234 - - [12/Mar/2023:21:21:02 -0500] "POST /sipse/faces/presentacion/financiero/solicitudProceso/listarSolicitudProceso.xhtml HTTP/1.1" 200 1564
186.31.47.234 - - [12/Mar/2023:21:21:02 -0500] "POST /sipse/faces/presentacion/financiero/solicitudProceso/listarSolicitudProceso.xhtml HTTP/1.1" 200 1552
186.31.47.234 - - [12/Mar/2023:21:21:03 -0500] "POST /sipse/faces/presentacion/financiero/solicitudProceso/listarSolicitudProceso.xhtml HTTP/1.1" 200 1564
186.31.47.234 - - [12/Mar/2023:21:21:03 -0500] "POST /sipse/faces/presentacion/financiero/solicitudProceso/listarSolicitudProceso.xhtml HTTP/1.1" 200 1552
52.167.144.44 - - [12/Mar/2023:21:21:05 -0500] "GET /caminos-de-los-cerros-habilitados-en-esta-semana-santa-2022.html HTTP/1.1" 200 832
186.31.47.234 - - [12/Mar/2023:21:21:07 -0500] "POST /sipse/faces/presentacion/financiero/solicitudProceso/listarSolicitudProceso.xhtml HTTP/1.1" 200 911
201.245.192.253 - - [12/Mar/2023:21:21:10 -0500] "POST /kwsrmcab/Wsrmcab HTTP/1.1" 200 42485
201.245.192.253 - - [12/Mar/2023:21:21:13 -0500] "POST /kwsrmcab/Wsrmcab HTTP/1.1" 200 43302
186.31.47.234 - - [12/Mar/2023:21:21:30 -0500] "GET /sipse/faces/presentacion/sistema/anexos/cargarAnexoSolicitudProceso.xhtml HTTP/1.1" 302 -
186.31.47.234 - - [12/Mar/2023:21:21:30 -0500] "GET /sipse/faces/autenticacion.xhtml HTTP/1.1" 200 12168
186.31.47.234 - - [12/Mar/2023:21:21:31 -0500] "GET /sipse/faces/javax.faces.resource/layout/layout.css?ln=primefaces&v=4.0 HTTP/1.1" 304 -
186.31.47.234 - - [12/Mar/2023:21:21:31 -0500] "GET /sipse/faces/javax.faces.resource/theme.css?ln=primefaces-sipse HTTP/1.1" 200 50058
186.31.47.234 - - [12/Mar/2023:21:21:31 -0500] "GET /sipse/faces/javax.faces.resource/primefaces.css?ln=primefaces&v=4.0 HTTP/1.1" 200 53295
31.13.127.15 - - [12/Mar/2023:21:21:32 -0500] "GET /tinguas-azules-secretaria-de-ambiente-atiende-alto-numero-de-reportes-de-aves-migratorias.html HTTP/1.1" 206 923
186.31.47.234 - - [12/Mar/2023:21:21:31 -0500] "GET /sipse/faces/javax.faces.resource/jquery/jquery.js?ln=primefaces&v=4.0 HTTP/1.1" 200 105384
186.31.47.234 - - [12/Mar/2023:21:21:31 -0500] "GET /sipse/faces/javax.faces.resource/layout/layout.js?ln=primefaces&v=4.0 HTTP/1.1" 200 87560
186.31.47.234 - - [12/Mar/2023:21:21:31 -0500] "GET /sipse/faces/javax.faces.resource/jquery/jquery-plugins.js?ln=primefaces&v=4.0 HTTP/1.1" 200 220526
186.31.47.234 - - [12/Mar/2023:21:21:31 -0500] "GET /sipse/faces/javax.faces.resource/primefaces.js?ln=primefaces&v=4.0 HTTP/1.1" 200 276924
186.31.47.234 - - [12/Mar/2023:21:21:32 -0500] "GET /sipse/faces/javax.faces.resource/images/ui-icons_898989_256x240.png?ln=primefaces-aristo HTTP/1.1" 304 -
186.31.47.234 - - [12/Mar/2023:21:21:32 -0500] "GET /sipse/css/imagen/loginimg.png HTTP/1.1" 200 71635
186.31.47.234 - - [12/Mar/2023:21:21:32 -0500] "GET /sipse/css/imagen/logoSDG.png HTTP/1.1" 200 53064
186.31.47.234 - - [12/Mar/2023:21:21:32 -0500] "GET /sipse/faces/index.xhtml HTTP/1.1" 200 677
186.31.47.234 - - [12/Mar/2023:21:21:33 -0500] "GET /sipse/faces/javax.faces.resource/theme.css?ln=primefaces-sipse HTTP/1.1" 304 -
186.31.47.234 - - [12/Mar/2023:21:21:33 -0500] "GET /sipse/faces/faces/autenticacion.xhtml HTTP/1.1" 200 12168
186.31.47.234 - - [12/Mar/2023:21:21:33 -0500] "GET /sipse/faces/javax.faces.resource/layout/layout.css?ln=primefaces&v=4.0 HTTP/1.1" 304 -
186.31.47.234 - - [12/Mar/2023:21:21:33 -0500] "GET /sipse/faces/javax.faces.resource/theme.css?ln=primefaces-sipse HTTP/1.1" 304 -
186.31.47.234 - - [12/Mar/2023:21:21:33 -0500] "GET /sipse/faces/javax.faces.resource/jquery/jquery-plugins.js?ln=primefaces&v=4.0 HTTP/1.1" 304 -
186.31.47.234 - - [12/Mar/2023:21:21:33 -0500] "GET /sipse/faces/javax.faces.resource/primefaces.css?ln=primefaces&v=4.0 HTTP/1.1" 304 -
186.31.47.234 - - [12/Mar/2023:21:21:33 -0500] "GET /sipse/faces/javax.faces.resource/jquery/jquery.js?ln=primefaces&v=4.0 HTTP/1.1" 304 -
186.31.47.234 - - [12/Mar/2023:21:21:33 -0500] "GET /sipse/faces/javax.faces.resource/primefaces.js?ln=primefaces&v=4.0 HTTP/1.1" 304 -
186.31.47.234 - - [12/Mar/2023:21:21:33 -0500] "GET /sipse/faces/javax.faces.resource/layout/layout.js?ln=primefaces&v=4.0 HTTP/1.1" 304 -
186.31.47.234 - - [12/Mar/2023:21:21:35 -0500] "POST /sipse/faces/autenticacion.xhtml HTTP/1.1" 200 2217
186.31.47.234 - - [12/Mar/2023:21:21:35 -0500] "GET /sipse/faces/javax.faces.resource/messages/messages.png?ln=primefaces&v=4.0 HTTP/1.1" 200 27209
186.31.47.234 - - [12/Mar/2023:21:21:37 -0500] "GET /sipse/faces/javax.faces.resource/images/ui-icons_898989_256x240.png?ln=primefaces-aristo HTTP/1.1" 304 -
186.31.47.234 - - [12/Mar/2023:21:21:38 -0500] "POST /sipse/faces/autenticacion.xhtml HTTP/1.1" 200 16294
186.31.47.234 - - [12/Mar/2023:21:21:38 -0500] "GET /sipse/faces/javax.faces.resource/primefaces.css?ln=primefaces&v=4.0 HTTP/1.1" 304 -
186.31.47.234 - - [12/Mar/2023:21:21:38 -0500] "GET /sipse/faces/javax.faces.resource/layout/layout.css?ln=primefaces&v=4.0 HTTP/1.1" 304 -
186.31.47.234 - - [12/Mar/2023:21:21:38 -0500] "GET /sipse/faces/javax.faces.resource/theme.css?ln=primefaces-sipse HTTP/1.1" 304 -
186.31.47.234 - - [12/Mar/2023:21:21:38 -0500] "GET /sipse/js/jquery.min.js HTTP/1.1" 200 85582
186.31.47.234 - - [12/Mar/2023:21:21:38 -0500] "GET /sipse/faces/javax.faces.resource/jquery/jquery.js?ln=primefaces&v=4.0 HTTP/1.1" 304 -
186.31.47.234 - - [12/Mar/2023:21:21:38 -0500] "GET /sipse/faces/javax.faces.resource/jquery/jquery-plugins.js?ln=primefaces&v=4.0 HTTP/1.1" 304 -
186.31.47.234 - - [12/Mar/2023:21:21:38 -0500] "GET /sipse/faces/javax.faces.resource/primefaces.js?ln=primefaces&v=4.0 HTTP/1.1" 304 -
186.31.47.234 - - [12/Mar/2023:21:21:38 -0500] "GET /sipse/faces/javax.faces.resource/layout/layout.js?ln=primefaces&v=4.0 HTTP/1.1" 304 -
186.31.47.234 - - [12/Mar/2023:21:21:38 -0500] "GET /sipse/css/imagen/contrasena.png HTTP/1.1" 404 383
186.31.47.234 - - [12/Mar/2023:21:21:38 -0500] "GET /sipse/imagenes/cargando.gif HTTP/1.1" 200 36959
186.31.47.234 - - [12/Mar/2023:21:21:38 -0500] "GET /sipse/imagenes/logoAplicacion.jpg HTTP/1.1" 200 155084
186.31.47.234 - - [12/Mar/2023:21:21:40 -0500] "GET /sipse/faces/javax.faces.resource/images/ui-bg_flat_0_2d5972_40x100.png?ln=primefaces-aristo HTTP/1.1" 304 -
186.31.47.234 - - [12/Mar/2023:21:21:40 -0500] "POST /sipse/faces/bienvenido.xhtml HTTP/1.1" 200 2658
186.31.47.234 - - [12/Mar/2023:21:21:41 -0500] "POST /sipse/faces/bienvenido.xhtml HTTP/1.1" 200 64259
186.31.47.234 - - [12/Mar/2023:21:21:42 -0500] "GET /sipse/faces/javax.faces.resource/layout/layout.css?ln=primefaces&v=4.0 HTTP/1.1" 304 -
186.31.47.234 - - [12/Mar/2023:21:21:42 -0500] "GET /sipse/faces/javax.faces.resource/primefaces.css?ln=primefaces&v=4.0 HTTP/1.1" 304 -
186.31.47.234 - - [12/Mar/2023:21:21:42 -0500] "GET /sipse/faces/javax.faces.resource/jquery/jquery.js?ln=primefaces&v=4.0 HTTP/1.1" 304 -
186.31.47.234 - - [12/Mar/2023:21:21:42 -0500] "GET /sipse/faces/javax.faces.resource/theme.css?ln=primefaces-sipse HTTP/1.1" 304 -
186.31.47.234 - - [12/Mar/2023:21:21:42 -0500] "GET /sipse/faces/javax.faces.resource/jquery/jquery-plugins.js?ln=primefaces&v=4.0 HTTP/1.1" 304 -
186.31.47.234 - - [12/Mar/2023:21:21:42 -0500] "GET /sipse/faces/javax.faces.resource/primefaces.js?ln=primefaces&v=4.0 HTTP/1.1" 304 -
186.31.47.234 - - [12/Mar/2023:21:21:42 -0500] "GET /sipse/faces/javax.faces.resource/layout/layout.js?ln=primefaces&v=4.0 HTTP/1.1" 304 -
186.31.47.234 - - [12/Mar/2023:21:21:42 -0500] "POST /sipse/faces/presentacion/financiero/solicitudProceso/listarSolicitudProceso.xhtml HTTP/1.1" 200 1560
40.77.167.140 - - [12/Mar/2023:21:22:06 -0500] "GET /BLA/resoluciones/AUTOS%202021/1616.pdf HTTP/1.1" 304 -
161.18.123.120 - - [12/Mar/2023:21:22:10 -0500] "POST /sipse/faces/presentacion/financiero/solicitudProceso/consultarSolicitudProceso.xhtml HTTP/1.1" 200 56140
161.18.123.120 - - [12/Mar/2023:21:22:12 -0500] "GET /sipse/faces/javax.faces.resource/jquery/jquery.js?ln=primefaces&v=4.0 HTTP/1.1" 304 -
161.18.123.120 - - [12/Mar/2023:21:22:12 -0500] "GET /sipse/faces/javax.faces.resource/jquery/jquery-plugins.js?ln=primefaces&v=4.0 HTTP/1.1" 304 -
161.18.123.120 - - [12/Mar/2023:21:22:12 -0500] "GET /sipse/faces/javax.faces.resource/primefaces.js?ln=primefaces&v=4.0 HTTP/1.1" 304 -
161.18.123.120 - - [12/Mar/2023:21:22:12 -0500] "GET /sipse/faces/javax.faces.resource/layout/layout.js?ln=primefaces&v=4.0 HTTP/1.1" 304 -
161.18.123.120 - - [12/Mar/2023:21:22:12 -0500] "POST /sipse/faces/presentacion/financiero/solicitudProceso/listarSolicitudProceso.xhtml HTTP/1.1" 200 1544
161.18.123.120 - - [12/Mar/2023:21:22:27 -0500] "POST /sipse/faces/presentacion/financiero/solicitudProceso/listarSolicitudProceso.xhtml HTTP/1.1" 200 118497
161.18.123.120 - - [12/Mar/2023:21:22:29 -0500] "GET /sipse/faces/javax.faces.resource/jquery/jquery.js?ln=primefaces&v=4.0 HTTP/1.1" 304 -
161.18.123.120 - - [12/Mar/2023:21:22:29 -0500] "GET /sipse/faces/javax.faces.resource/jquery/jquery-plugins.js?ln=primefaces&v=4.0 HTTP/1.1" 304 -
161.18.123.120 - - [12/Mar/2023:21:22:29 -0500] "GET /sipse/faces/javax.faces.resource/primefaces.js?ln=primefaces&v=4.0 HTTP/1.1" 304 -
161.18.123.120 - - [12/Mar/2023:21:22:29 -0500] "GET /sipse/faces/javax.faces.resource/layout/layout.js?ln=primefaces&v=4.0 HTTP/1.1" 304 -
161.18.123.120 - - [12/Mar/2023:21:22:29 -0500] "GET /sipse/faces/javax.faces.resource/dynamiccontent.properties?ln=primefaces&pfdrid=XjOR5%2F%2FfPAZAuY9TpWQeCiM0BhlXxYRBGKi%2FQcXXfeA%3D&pfdrid_c=false HTTP/1.1" 500 383
186.31.47.234 - - [12/Mar/2023:21:22:38 -0500] "POST /sipse/faces/presentacion/financiero/solicitudProceso/listarSolicitudProceso.xhtml HTTP/1.1" 200 57593
186.31.47.234 - - [12/Mar/2023:21:22:38 -0500] "POST /sipse/faces/presentacion/financiero/solicitudProceso/listarSolicitudProceso.xhtml HTTP/1.1" 200 57593
186.31.47.234 - - [12/Mar/2023:21:22:38 -0500] "POST /sipse/faces/presentacion/financiero/solicitudProceso/listarSolicitudProceso.xhtml HTTP/1.1" 200 1560
186.31.47.234 - - [12/Mar/2023:21:22:39 -0500] "POST /sipse/faces/presentacion/financiero/solicitudProceso/listarSolicitudProceso.xhtml HTTP/1.1" 200 1552
186.28.208.159 - - [12/Mar/2023:21:23:53 -0500] "GET /mujeres-que-reverdecen-secretaria-de-ambiente-anuncia-el-inicio-de-la-tercera-fase.html HTTP/1.1" 200 954
66.249.70.15 - - [12/Mar/2023:21:23:54 -0500] "-" 408 -
216.245.221.92 - - [12/Mar/2023:21:24:01 -0500] "HEAD / HTTP/1.1" 200 -
161.18.123.120 - - [12/Mar/2023:21:24:14 -0500] "POST /sipse/faces/presentacion/financiero/solicitudProceso/consultarSolicitudProceso.xhtml HTTP/1.1" 200 53096
161.18.123.120 - - [12/Mar/2023:21:24:17 -0500] "GET /sipse/faces/javax.faces.resource/jquery/jquery.js?ln=primefaces&v=4.0 HTTP/1.1" 304 -
161.18.123.120 - - [12/Mar/2023:21:24:17 -0500] "GET /sipse/faces/javax.faces.resource/jquery/jquery-plugins.js?ln=primefaces&v=4.0 HTTP/1.1" 304 -
161.18.123.120 - - [12/Mar/2023:21:24:17 -0500] "GET /sipse/faces/javax.faces.resource/primefaces.js?ln=primefaces&v=4.0 HTTP/1.1" 304 -
161.18.123.120 - - [12/Mar/2023:21:24:17 -0500] "GET /sipse/faces/javax.faces.resource/layout/layout.js?ln=primefaces&v=4.0 HTTP/1.1" 304 -
161.18.123.120 - - [12/Mar/2023:21:24:17 -0500] "POST /sipse/faces/presentacion/financiero/solicitudProceso/listarSolicitudProceso.xhtml HTTP/1.1" 200 1528
201.245.192.253 - - [12/Mar/2023:21:24:32 -0500] "POST /kwsrmcab/Wsrmcab  HTTP/1.1" 200 213
161.18.123.120 - - [12/Mar/2023:21:24:35 -0500] "POST /sipse/faces/presentacion/financiero/solicitudProceso/listarSolicitudProceso.xhtml HTTP/1.1" 200 114848
161.18.123.120 - - [12/Mar/2023:21:24:36 -0500] "GET /sipse/faces/javax.faces.resource/jquery/jquery.js?ln=primefaces&v=4.0 HTTP/1.1" 304 -
161.18.123.120 - - [12/Mar/2023:21:24:36 -0500] "GET /sipse/faces/javax.faces.resource/jquery/jquery-plugins.js?ln=primefaces&v=4.0 HTTP/1.1" 304 -
161.18.123.120 - - [12/Mar/2023:21:24:36 -0500] "GET /sipse/faces/javax.faces.resource/primefaces.js?ln=primefaces&v=4.0 HTTP/1.1" 304 -
161.18.123.120 - - [12/Mar/2023:21:24:36 -0500] "GET /sipse/faces/javax.faces.resource/layout/layout.js?ln=primefaces&v=4.0 HTTP/1.1" 304 -
161.18.123.120 - - [12/Mar/2023:21:24:37 -0500] "GET /sipse/faces/javax.faces.resource/dynamiccontent.properties?ln=primefaces&pfdrid=XjOR5%2F%2FfPAZAuY9TpWQeCiM0BhlXxYRBGKi%2FQcXXfeA%3D&pfdrid_c=false HTTP/1.1" 500 383
186.145.240.29 - - [12/Mar/2023:21:25:03 -0500] "GET /galeria/galeria/jquery.fancybox.js?v=2.1.5 HTTP/1.1" 200 48706
186.145.240.29 - - [12/Mar/2023:21:25:03 -0500] "GET /BLA/boletinlegal/js/jquery.scrollShow.js HTTP/1.1" 200 4586
186.145.240.29 - - [12/Mar/2023:21:25:03 -0500] "GET /galeria/galeria/jquery.fancybox.css?v=2.1.5 HTTP/1.1" 200 4895
162.55.175.24 - - [12/Mar/2023:21:25:10 -0500] "GET / HTTP/1.1" 200 319
172.22.2.4 - - [12/Mar/2023:21:24:01 -0500] "HEAD /BLA/boletinlegal/ HTTP/1.1" 200 -
161.18.123.120 - - [12/Mar/2023:21:26:19 -0500] "POST /sipse/faces/presentacion/financiero/solicitudProceso/consultarSolicitudProceso.xhtml HTTP/1.1" 200 50057
161.18.123.120 - - [12/Mar/2023:21:26:21 -0500] "GET /sipse/faces/javax.faces.resource/jquery/jquery.js?ln=primefaces&v=4.0 HTTP/1.1" 304 -
161.18.123.120 - - [12/Mar/2023:21:26:21 -0500] "GET /sipse/faces/javax.faces.resource/jquery/jquery-plugins.js?ln=primefaces&v=4.0 HTTP/1.1" 304 -
161.18.123.120 - - [12/Mar/2023:21:26:21 -0500] "GET /sipse/faces/javax.faces.resource/primefaces.js?ln=primefaces&v=4.0 HTTP/1.1" 304 -
161.18.123.120 - - [12/Mar/2023:21:26:21 -0500] "GET /sipse/faces/javax.faces.resource/layout/layout.js?ln=primefaces&v=4.0 HTTP/1.1" 304 -
161.18.123.120 - - [12/Mar/2023:21:26:21 -0500] "POST /sipse/faces/presentacion/financiero/solicitudProceso/listarSolicitudProceso.xhtml HTTP/1.1" 200 1496
172.22.2.4 - - [12/Mar/2023:21:24:52 -0500] "GET /BLA/boletinlegal/ HTTP/1.1" 200 49744
185.119.81.102 - - [12/Mar/2023:21:26:34 -0500] "GET /portaldeninos/wp-login.php HTTP/1.1" 503 1037
172.22.2.4 - - [12/Mar/2023:21:24:59 -0500] "GET /BLA/boletinlegal/index.php HTTP/1.1" 200 50654
161.18.123.120 - - [12/Mar/2023:21:26:40 -0500] "POST /sipse/faces/presentacion/financiero/solicitudProceso/listarSolicitudProceso.xhtml HTTP/1.1" 200 148237
161.18.123.120 - - [12/Mar/2023:21:26:42 -0500] "GET /sipse/faces/javax.faces.resource/jquery/jquery.js?ln=primefaces&v=4.0 HTTP/1.1" 304 -
161.18.123.120 - - [12/Mar/2023:21:26:43 -0500] "GET /sipse/faces/javax.faces.resource/jquery/jquery-plugins.js?ln=primefaces&v=4.0 HTTP/1.1" 304 -
161.18.123.120 - - [12/Mar/2023:21:26:43 -0500] "GET /sipse/faces/javax.faces.resource/primefaces.js?ln=primefaces&v=4.0 HTTP/1.1" 304 -
161.18.123.120 - - [12/Mar/2023:21:26:43 -0500] "GET /sipse/faces/javax.faces.resource/layout/layout.js?ln=primefaces&v=4.0 HTTP/1.1" 304 -
161.18.123.120 - - [12/Mar/2023:21:26:43 -0500] "GET /sipse/faces/javax.faces.resource/dynamiccontent.properties?ln=primefaces&pfdrid=XjOR5%2F%2FfPAZAuY9TpWQeCiM0BhlXxYRBGKi%2FQcXXfeA%3D&pfdrid_c=false HTTP/1.1" 500 383
186.31.47.234 - - [12/Mar/2023:21:27:12 -0500] "POST /sipse/faces/presentacion/financiero/solicitudProceso/listarSolicitudProceso.xhtml HTTP/1.1" 200 57593
186.31.47.234 - - [12/Mar/2023:21:27:12 -0500] "POST /sipse/faces/presentacion/financiero/solicitudProceso/listarSolicitudProceso.xhtml HTTP/1.1" 200 57593
186.31.47.234 - - [12/Mar/2023:21:27:12 -0500] "POST /sipse/faces/presentacion/financiero/solicitudProceso/listarSolicitudProceso.xhtml HTTP/1.1" 200 1560
186.31.47.234 - - [12/Mar/2023:21:27:13 -0500] "POST /sipse/faces/presentacion/financiero/solicitudProceso/listarSolicitudProceso.xhtml HTTP/1.1" 200 1552
161.18.123.120 - - [12/Mar/2023:21:27:14 -0500] "POST /sipse/faces/presentacion/financiero/solicitudProceso/consultarSolicitudProceso.xhtml HTTP/1.1" 200 81421
161.18.123.120 - - [12/Mar/2023:21:28:22 -0500] "POST /sipse/faces/presentacion/financiero/solicitudProceso/consultarSolicitudProceso.xhtml HTTP/1.1" 200 46871
161.18.123.120 - - [12/Mar/2023:21:28:24 -0500] "GET /sipse/faces/javax.faces.resource/jquery/jquery.js?ln=primefaces&v=4.0 HTTP/1.1" 304 -
161.18.123.120 - - [12/Mar/2023:21:28:24 -0500] "GET /sipse/faces/javax.faces.resource/jquery/jquery-plugins.js?ln=primefaces&v=4.0 HTTP/1.1" 304 -
161.18.123.120 - - [12/Mar/2023:21:28:25 -0500] "GET /sipse/faces/javax.faces.resource/primefaces.js?ln=primefaces&v=4.0 HTTP/1.1" 304 -
161.18.123.120 - - [12/Mar/2023:21:28:25 -0500] "GET /sipse/faces/javax.faces.resource/layout/layout.js?ln=primefaces&v=4.0 HTTP/1.1" 304 -
161.18.123.120 - - [12/Mar/2023:21:28:25 -0500] "POST /sipse/faces/presentacion/financiero/solicitudProceso/listarSolicitudProceso.xhtml HTTP/1.1" 200 1480
172.22.2.4 - - [12/Mar/2023:21:28:04 -0500] "GET /BLA/boletinlegal/ HTTP/1.1" 200 36811
161.18.123.120 - - [12/Mar/2023:21:28:53 -0500] "POST /sipse/faces/presentacion/financiero/solicitudProceso/listarSolicitudProceso.xhtml HTTP/1.1" 200 145143
161.18.123.120 - - [12/Mar/2023:21:28:56 -0500] "GET /sipse/faces/javax.faces.resource/jquery/jquery.js?ln=primefaces&v=4.0 HTTP/1.1" 304 -
161.18.123.120 - - [12/Mar/2023:21:28:56 -0500] "GET /sipse/faces/javax.faces.resource/jquery/jquery-plugins.js?ln=primefaces&v=4.0 HTTP/1.1" 304 -
161.18.123.120 - - [12/Mar/2023:21:28:56 -0500] "GET /sipse/faces/javax.faces.resource/primefaces.js?ln=primefaces&v=4.0 HTTP/1.1" 304 -
161.18.123.120 - - [12/Mar/2023:21:28:56 -0500] "GET /sipse/faces/javax.faces.resource/layout/layout.js?ln=primefaces&v=4.0 HTTP/1.1" 304 -
161.18.123.120 - - [12/Mar/2023:21:28:56 -0500] "GET /sipse/faces/javax.faces.resource/dynamiccontent.properties?ln=primefaces&pfdrid=XjOR5%2F%2FfPAZAuY9TpWQeCiM0BhlXxYRBGKi%2FQcXXfeA%3D&pfdrid_c=false HTTP/1.1" 500 383
216.245.221.92 - - [12/Mar/2023:21:29:01 -0500] "HEAD / HTTP/1.1" 200 -
191.95.57.159 - - [12/Mar/2023:21:29:10 -0500] "GET /mujeres-que-reverdecen-secretaria-de-ambiente-anuncia-el-inicio-de-la-tercera-fase.html HTTP/1.1" 200 954
152.203.211.207 - - [12/Mar/2023:21:29:18 -0500] "GET /mujeres-que-reverdecen-secretaria-de-ambiente-anuncia-el-inicio-de-la-tercera-fase.html HTTP/1.1" 200 954
201.245.192.253 - - [12/Mar/2023:21:29:32 -0500] "POST /kwsrmcab/Wsrmcab  HTTP/1.1" 200 213
161.18.123.120 - - [12/Mar/2023:21:29:35 -0500] "POST /sipse/faces/presentacion/financiero/solicitudProceso/consultarSolicitudProceso.xhtml HTTP/1.1" 200 79516
172.22.2.4 - - [12/Mar/2023:21:30:37 -0500] "GET /BLA/boletinlegal/actuator/gateway/routes HTTP/1.1" 404 1018
66.249.66.10 - - [12/Mar/2023:21:30:49 -0500] "-" 408 -
161.18.123.120 - - [12/Mar/2023:21:30:52 -0500] "POST /sipse/faces/presentacion/financiero/solicitudProceso/consultarSolicitudProceso.xhtml HTTP/1.1" 200 43885
161.18.123.120 - - [12/Mar/2023:21:30:56 -0500] "GET /sipse/faces/javax.faces.resource/jquery/jquery.js?ln=primefaces&v=4.0 HTTP/1.1" 304 -
161.18.123.120 - - [12/Mar/2023:21:30:56 -0500] "GET /sipse/faces/javax.faces.resource/jquery/jquery-plugins.js?ln=primefaces&v=4.0 HTTP/1.1" 304 -
161.18.123.120 - - [12/Mar/2023:21:30:56 -0500] "GET /sipse/faces/javax.faces.resource/primefaces.js?ln=primefaces&v=4.0 HTTP/1.1" 304 -
161.18.123.120 - - [12/Mar/2023:21:30:56 -0500] "GET /sipse/faces/javax.faces.resource/layout/layout.js?ln=primefaces&v=4.0 HTTP/1.1" 304 -
161.18.123.120 - - [12/Mar/2023:21:30:56 -0500] "POST /sipse/faces/presentacion/financiero/solicitudProceso/listarSolicitudProceso.xhtml HTTP/1.1" 200 1468
201.245.192.253 - - [12/Mar/2023:21:31:11 -0500] "POST /kwsrmcab/Wsrmcab HTTP/1.1" 200 42485
201.245.192.253 - - [12/Mar/2023:21:31:13 -0500] "POST /kwsrmcab/Wsrmcab HTTP/1.1" 200 43302
161.18.123.120 - - [12/Mar/2023:21:31:16 -0500] "POST /sipse/faces/presentacion/financiero/solicitudProceso/listarSolicitudProceso.xhtml HTTP/1.1" 200 155205
161.18.123.120 - - [12/Mar/2023:21:31:17 -0500] "GET /sipse/faces/javax.faces.resource/jquery/jquery.js?ln=primefaces&v=4.0 HTTP/1.1" 304 -
161.18.123.120 - - [12/Mar/2023:21:31:17 -0500] "GET /sipse/faces/javax.faces.resource/jquery/jquery-plugins.js?ln=primefaces&v=4.0 HTTP/1.1" 304 -
161.18.123.120 - - [12/Mar/2023:21:31:17 -0500] "GET /sipse/faces/javax.faces.resource/primefaces.js?ln=primefaces&v=4.0 HTTP/1.1" 304 -
161.18.123.120 - - [12/Mar/2023:21:31:17 -0500] "GET /sipse/faces/javax.faces.resource/layout/layout.js?ln=primefaces&v=4.0 HTTP/1.1" 304 -
161.18.123.120 - - [12/Mar/2023:21:31:18 -0500] "GET /sipse/faces/javax.faces.resource/dynamiccontent.properties?ln=primefaces&pfdrid=XjOR5%2F%2FfPAZAuY9TpWQeCiM0BhlXxYRBGKi%2FQcXXfeA%3D&pfdrid_c=false HTTP/1.1" 500 383
172.22.2.4 - - [12/Mar/2023:21:29:51 -0500] "HEAD /BLA/boletinlegal/ HTTP/1.1" 200 -
161.18.123.120 - - [12/Mar/2023:21:31:39 -0500] "POST /sipse/faces/presentacion/financiero/solicitudProceso/consultarSolicitudProceso.xhtml HTTP/1.1" 200 131240
172.22.2.4 - - [12/Mar/2023:21:30:42 -0500] "GET /BLA/boletinlegal/ HTTP/1.1" 200 57141
181.59.2.105 - - [12/Mar/2023:21:32:40 -0500] "GET /mujeres-que-reverdecen-secretaria-de-ambiente-anuncia-el-inicio-de-la-tercera-fase.html HTTP/1.1" 200 954
66.249.70.13 - - [12/Mar/2023:21:33:00 -0500] "-" 408 -
186.155.7.90 - - [12/Mar/2023:21:33:02 -0500] "GET /mujeres-que-reverdecen-secretaria-de-ambiente-anuncia-el-inicio-de-la-tercera-fase.html HTTP/1.1" 200 954
179.1.136.66 - - [12/Mar/2023:21:33:27 -0500] "GET /mujeres-que-reverdecen-secretaria-de-ambiente-anuncia-el-inicio-de-la-tercera-fase.html HTTP/1.1" 304 -
161.18.123.120 - - [12/Mar/2023:21:33:43 -0500] "POST /sipse/faces/presentacion/financiero/solicitudProceso/consultarSolicitudProceso.xhtml HTTP/1.1" 200 40898
161.18.123.120 - - [12/Mar/2023:21:33:45 -0500] "GET /sipse/faces/javax.faces.resource/jquery/jquery.js?ln=primefaces&v=4.0 HTTP/1.1" 304 -
161.18.123.120 - - [12/Mar/2023:21:33:45 -0500] "GET /sipse/faces/javax.faces.resource/jquery/jquery-plugins.js?ln=primefaces&v=4.0 HTTP/1.1" 304 -
161.18.123.120 - - [12/Mar/2023:21:33:45 -0500] "GET /sipse/faces/javax.faces.resource/primefaces.js?ln=primefaces&v=4.0 HTTP/1.1" 304 -
161.18.123.120 - - [12/Mar/2023:21:33:45 -0500] "GET /sipse/faces/javax.faces.resource/layout/layout.js?ln=primefaces&v=4.0 HTTP/1.1" 304 -
161.18.123.120 - - [12/Mar/2023:21:33:45 -0500] "POST /sipse/faces/presentacion/financiero/solicitudProceso/listarSolicitudProceso.xhtml HTTP/1.1" 200 1436
161.18.123.120 - - [12/Mar/2023:21:33:53 -0500] "POST /sipse/faces/presentacion/financiero/solicitudProceso/listarSolicitudProceso.xhtml HTTP/1.1" 200 153552
161.18.123.120 - - [12/Mar/2023:21:33:54 -0500] "GET /sipse/faces/javax.faces.resource/jquery/jquery.js?ln=primefaces&v=4.0 HTTP/1.1" 304 -
161.18.123.120 - - [12/Mar/2023:21:33:54 -0500] "GET /sipse/faces/javax.faces.resource/jquery/jquery-plugins.js?ln=primefaces&v=4.0 HTTP/1.1" 304 -
161.18.123.120 - - [12/Mar/2023:21:33:54 -0500] "GET /sipse/faces/javax.faces.resource/primefaces.js?ln=primefaces&v=4.0 HTTP/1.1" 304 -
161.18.123.120 - - [12/Mar/2023:21:33:54 -0500] "GET /sipse/faces/javax.faces.resource/layout/layout.js?ln=primefaces&v=4.0 HTTP/1.1" 304 -
161.18.123.120 - - [12/Mar/2023:21:33:54 -0500] "GET /sipse/faces/javax.faces.resource/dynamiccontent.properties?ln=primefaces&pfdrid=XjOR5%2F%2FfPAZAuY9TpWQeCiM0BhlXxYRBGKi%2FQcXXfeA%3D&pfdrid_c=false HTTP/1.1" 500 383
216.245.221.92 - - [12/Mar/2023:21:34:01 -0500] "HEAD / HTTP/1.1" 200 -
161.18.123.120 - - [12/Mar/2023:21:34:18 -0500] "POST /sipse/faces/presentacion/financiero/solicitudProceso/consultarSolicitudProceso.xhtml HTTP/1.1" 200 135168
161.18.123.120 - - [12/Mar/2023:21:34:19 -0500] "POST /sipse/faces/presentacion/financiero/solicitudProceso/consultarSolicitudProceso.xhtml HTTP/1.1" 200 135168
201.245.192.253 - - [12/Mar/2023:21:34:30 -0500] "POST /kwsrmcab/Wsrmcab  HTTP/1.1" 200 213
172.22.2.4 - - [12/Mar/2023:21:33:55 -0500] "GET /BLA/boletinlegal/ HTTP/1.1" 200 62202
