179.32.28.63 - - [12/Mar/2023:17:59:27 -0500] "GET /sipse/js/disable_browser_buttons.js HTTP/1.1" 304 -
181.54.150.144 - - [12/Mar/2023:17:59:27 -0500] "POST /sipse/faces/presentacion/financiero/solicitudProceso/consultar.xhtml HTTP/1.1" 200 12984
179.32.28.63 - - [12/Mar/2023:17:59:27 -0500] "GET /sipse/js/funciones.js HTTP/1.1" 304 -
179.32.28.63 - - [12/Mar/2023:17:59:27 -0500] "GET /sipse/faces/javax.faces.resource/jquery/jquery.js?ln=primefaces&v=4.0 HTTP/1.1" 304 -
179.32.28.63 - - [12/Mar/2023:17:59:27 -0500] "GET /sipse/faces/javax.faces.resource/layout/layout.js?ln=primefaces&v=4.0 HTTP/1.1" 304 -
179.32.28.63 - - [12/Mar/2023:17:59:27 -0500] "GET /sipse/faces/javax.faces.resource/primefaces.js?ln=primefaces&v=4.0 HTTP/1.1" 304 -
179.32.28.63 - - [12/Mar/2023:17:59:27 -0500] "GET /sipse/faces/javax.faces.resource/jquery/jquery-plugins.js?ln=primefaces&v=4.0 HTTP/1.1" 304 -
179.32.28.63 - - [12/Mar/2023:17:59:28 -0500] "GET /sipse/css/imagen/logoSDG.png HTTP/1.1" 304 -
179.32.28.63 - - [12/Mar/2023:17:59:28 -0500] "GET /sipse/css/imagen/loginimg.png HTTP/1.1" 304 -
179.32.28.63 - - [12/Mar/2023:17:59:28 -0500] "GET /sipse/faces/javax.faces.resource/images/ui-icons_898989_256x240.png?ln=primefaces-aristo HTTP/1.1" 304 -
179.32.28.63 - - [12/Mar/2023:17:59:28 -0500] "GET /sipse/faces/faces/faces/index.xhtml HTTP/1.1" 200 677
179.32.28.63 - - [12/Mar/2023:17:59:28 -0500] "GET /sipse/faces/javax.faces.resource/theme.css?ln=primefaces-sipse HTTP/1.1" 304 -
179.32.28.63 - - [12/Mar/2023:17:59:29 -0500] "GET /sipse/faces/faces/faces/faces/autenticacion.xhtml HTTP/1.1" 200 12168
179.32.28.63 - - [12/Mar/2023:17:59:29 -0500] "GET /sipse/faces/javax.faces.resource/theme.css?ln=primefaces-sipse HTTP/1.1" 304 -
179.32.28.63 - - [12/Mar/2023:17:59:29 -0500] "GET /sipse/faces/javax.faces.resource/jquery/jquery.js?ln=primefaces&v=4.0 HTTP/1.1" 304 -
179.32.28.63 - - [12/Mar/2023:17:59:29 -0500] "GET /sipse/faces/javax.faces.resource/primefaces.css?ln=primefaces&v=4.0 HTTP/1.1" 304 -
179.32.28.63 - - [12/Mar/2023:17:59:29 -0500] "GET /sipse/faces/javax.faces.resource/jquery/jquery-plugins.js?ln=primefaces&v=4.0 HTTP/1.1" 304 -
179.32.28.63 - - [12/Mar/2023:17:59:29 -0500] "GET /sipse/faces/javax.faces.resource/layout/layout.css?ln=primefaces&v=4.0 HTTP/1.1" 304 -
179.32.28.63 - - [12/Mar/2023:17:59:29 -0500] "GET /sipse/faces/javax.faces.resource/primefaces.js?ln=primefaces&v=4.0 HTTP/1.1" 304 -
179.32.28.63 - - [12/Mar/2023:17:59:29 -0500] "GET /sipse/faces/javax.faces.resource/layout/layout.js?ln=primefaces&v=4.0 HTTP/1.1" 304 -
181.54.150.144 - - [12/Mar/2023:17:59:31 -0500] "POST /sipse/faces/presentacion/financiero/solicitudProceso/consultar.xhtml HTTP/1.1" 200 143044
181.54.150.144 - - [12/Mar/2023:17:59:32 -0500] "GET /sipse/faces/javax.faces.resource/theme.css?ln=primefaces-sipse HTTP/1.1" 304 -
181.54.150.144 - - [12/Mar/2023:17:59:33 -0500] "GET /sipse/faces/javax.faces.resource/primefaces.css?ln=primefaces&v=4.0 HTTP/1.1" 304 -
181.54.150.144 - - [12/Mar/2023:17:59:33 -0500] "GET /sipse/faces/javax.faces.resource/layout/layout.css?ln=primefaces&v=4.0 HTTP/1.1" 304 -
181.54.150.144 - - [12/Mar/2023:17:59:33 -0500] "GET /sipse/faces/javax.faces.resource/jquery/jquery.js?ln=primefaces&v=4.0 HTTP/1.1" 304 -
181.54.150.144 - - [12/Mar/2023:17:59:33 -0500] "GET /sipse/faces/javax.faces.resource/jquery/jquery-plugins.js?ln=primefaces&v=4.0 HTTP/1.1" 304 -
181.54.150.144 - - [12/Mar/2023:17:59:33 -0500] "GET /sipse/faces/javax.faces.resource/primefaces.js?ln=primefaces&v=4.0 HTTP/1.1" 304 -
181.54.150.144 - - [12/Mar/2023:17:59:33 -0500] "GET /sipse/faces/javax.faces.resource/layout/layout.js?ln=primefaces&v=4.0 HTTP/1.1" 304 -
181.54.150.144 - - [12/Mar/2023:17:59:39 -0500] "POST /sipse/faces/presentacion/financiero/solicitudProceso/consultarSolicitudProceso.xhtml HTTP/1.1" 200 44517
181.54.150.144 - - [12/Mar/2023:17:59:40 -0500] "GET /sipse/faces/javax.faces.resource/theme.css?ln=primefaces-sipse HTTP/1.1" 304 -
181.54.150.144 - - [12/Mar/2023:17:59:40 -0500] "GET /sipse/faces/javax.faces.resource/primefaces.css?ln=primefaces&v=4.0 HTTP/1.1" 304 -
181.54.150.144 - - [12/Mar/2023:17:59:40 -0500] "GET /sipse/faces/javax.faces.resource/layout/layout.css?ln=primefaces&v=4.0 HTTP/1.1" 304 -
181.54.150.144 - - [12/Mar/2023:17:59:40 -0500] "GET /sipse/faces/javax.faces.resource/layout/layout.js?ln=primefaces&v=4.0 HTTP/1.1" 304 -
181.54.150.144 - - [12/Mar/2023:17:59:40 -0500] "GET /sipse/faces/javax.faces.resource/jquery/jquery.js?ln=primefaces&v=4.0 HTTP/1.1" 304 -
181.54.150.144 - - [12/Mar/2023:17:59:40 -0500] "GET /sipse/faces/javax.faces.resource/jquery/jquery-plugins.js?ln=primefaces&v=4.0 HTTP/1.1" 304 -
181.54.150.144 - - [12/Mar/2023:17:59:40 -0500] "GET /sipse/faces/javax.faces.resource/primefaces.js?ln=primefaces&v=4.0 HTTP/1.1" 304 -
179.32.28.63 - - [12/Mar/2023:17:59:49 -0500] "POST /sipse/faces/autenticacion.xhtml HTTP/1.1" 200 2219
179.32.28.63 - - [12/Mar/2023:17:59:49 -0500] "GET /sipse/faces/javax.faces.resource/messages/messages.png?ln=primefaces&v=4.0 HTTP/1.1" 304 -
179.32.28.63 - - [12/Mar/2023:17:59:50 -0500] "GET /sipse/faces/javax.faces.resource/images/ui-icons_898989_256x240.png?ln=primefaces-aristo HTTP/1.1" 304 -
179.32.28.63 - - [12/Mar/2023:17:59:50 -0500] "POST /sipse/faces/autenticacion.xhtml HTTP/1.1" 200 16288
179.32.28.63 - - [12/Mar/2023:17:59:51 -0500] "GET /sipse/css/custom_css_sg_prime.css HTTP/1.1" 304 -
179.32.28.63 - - [12/Mar/2023:17:59:51 -0500] "GET /sipse/faces/javax.faces.resource/layout/layout.css?ln=primefaces&v=4.0 HTTP/1.1" 304 -
179.32.28.63 - - [12/Mar/2023:17:59:51 -0500] "GET /sipse/js/jquery.min.js HTTP/1.1" 304 -
179.32.28.63 - - [12/Mar/2023:17:59:51 -0500] "GET /sipse/faces/javax.faces.resource/theme.css?ln=primefaces-sipse HTTP/1.1" 304 -
179.32.28.63 - - [12/Mar/2023:17:59:51 -0500] "GET /sipse/faces/javax.faces.resource/primefaces.css?ln=primefaces&v=4.0 HTTP/1.1" 304 -
179.32.28.63 - - [12/Mar/2023:17:59:51 -0500] "GET /sipse/faces/javax.faces.resource/jquery/jquery.js?ln=primefaces&v=4.0 HTTP/1.1" 304 -
179.32.28.63 - - [12/Mar/2023:17:59:51 -0500] "GET /sipse/faces/javax.faces.resource/jquery/jquery-plugins.js?ln=primefaces&v=4.0 HTTP/1.1" 304 -
179.32.28.63 - - [12/Mar/2023:17:59:52 -0500] "GET /sipse/faces/javax.faces.resource/primefaces.js?ln=primefaces&v=4.0 HTTP/1.1" 304 -
179.32.28.63 - - [12/Mar/2023:17:59:52 -0500] "GET /sipse/faces/javax.faces.resource/layout/layout.js?ln=primefaces&v=4.0 HTTP/1.1" 304 -
179.32.28.63 - - [12/Mar/2023:17:59:52 -0500] "GET /sipse/css/imagen/contrasena.png HTTP/1.1" 404 383
179.32.28.63 - - [12/Mar/2023:17:59:52 -0500] "GET /sipse/imagenes/cargando.gif HTTP/1.1" 304 -
179.32.28.63 - - [12/Mar/2023:17:59:52 -0500] "GET /sipse/imagenes/logoAplicacion.jpg HTTP/1.1" 304 -
181.54.150.144 - - [12/Mar/2023:18:00:06 -0500] "POST /sipse/faces/presentacion/financiero/solicitudProceso/consultarHistorialSolProceso.xhtml HTTP/1.1" 200 42220
181.54.150.144 - - [12/Mar/2023:18:00:07 -0500] "GET /sipse/faces/javax.faces.resource/theme.css?ln=primefaces-sipse HTTP/1.1" 304 -
181.54.150.144 - - [12/Mar/2023:18:00:07 -0500] "GET /sipse/faces/javax.faces.resource/primefaces.css?ln=primefaces&v=4.0 HTTP/1.1" 304 -
181.54.150.144 - - [12/Mar/2023:18:00:07 -0500] "GET /sipse/faces/javax.faces.resource/layout/layout.css?ln=primefaces&v=4.0 HTTP/1.1" 304 -
181.54.150.144 - - [12/Mar/2023:18:00:07 -0500] "GET /sipse/faces/javax.faces.resource/jquery/jquery.js?ln=primefaces&v=4.0 HTTP/1.1" 304 -
181.54.150.144 - - [12/Mar/2023:18:00:07 -0500] "GET /sipse/faces/javax.faces.resource/jquery/jquery-plugins.js?ln=primefaces&v=4.0 HTTP/1.1" 304 -
181.54.150.144 - - [12/Mar/2023:18:00:07 -0500] "GET /sipse/faces/javax.faces.resource/primefaces.js?ln=primefaces&v=4.0 HTTP/1.1" 304 -
181.54.150.144 - - [12/Mar/2023:18:00:07 -0500] "GET /sipse/faces/javax.faces.resource/layout/layout.js?ln=primefaces&v=4.0 HTTP/1.1" 304 -
181.54.150.144 - - [12/Mar/2023:18:00:15 -0500] "POST /sipse/faces/presentacion/financiero/solicitudProceso/consultar.xhtml HTTP/1.1" 200 12893
201.245.192.253 - - [12/Mar/2023:18:00:17 -0500] "POST /kwsrmcab/Wsrmcab  HTTP/1.1" 200 213
181.54.150.144 - - [12/Mar/2023:18:00:19 -0500] "POST /sipse/faces/presentacion/financiero/solicitudProceso/consultar.xhtml HTTP/1.1" 200 142238
181.54.150.144 - - [12/Mar/2023:18:00:20 -0500] "GET /sipse/faces/javax.faces.resource/theme.css?ln=primefaces-sipse HTTP/1.1" 304 -
181.54.150.144 - - [12/Mar/2023:18:00:20 -0500] "GET /sipse/faces/javax.faces.resource/primefaces.css?ln=primefaces&v=4.0 HTTP/1.1" 304 -
181.54.150.144 - - [12/Mar/2023:18:00:20 -0500] "GET /sipse/faces/javax.faces.resource/jquery/jquery.js?ln=primefaces&v=4.0 HTTP/1.1" 304 -
181.54.150.144 - - [12/Mar/2023:18:00:20 -0500] "GET /sipse/faces/javax.faces.resource/layout/layout.css?ln=primefaces&v=4.0 HTTP/1.1" 304 -
181.54.150.144 - - [12/Mar/2023:18:00:20 -0500] "GET /sipse/faces/javax.faces.resource/jquery/jquery-plugins.js?ln=primefaces&v=4.0 HTTP/1.1" 304 -
181.54.150.144 - - [12/Mar/2023:18:00:20 -0500] "GET /sipse/faces/javax.faces.resource/primefaces.js?ln=primefaces&v=4.0 HTTP/1.1" 304 -
181.54.150.144 - - [12/Mar/2023:18:00:20 -0500] "GET /sipse/faces/javax.faces.resource/layout/layout.js?ln=primefaces&v=4.0 HTTP/1.1" 304 -
181.54.150.144 - - [12/Mar/2023:18:00:25 -0500] "POST /sipse/faces/presentacion/financiero/solicitudProceso/consultarSolicitudProceso.xhtml HTTP/1.1" 200 50565
181.54.150.144 - - [12/Mar/2023:18:00:26 -0500] "GET /sipse/faces/javax.faces.resource/theme.css?ln=primefaces-sipse HTTP/1.1" 304 -
181.54.150.144 - - [12/Mar/2023:18:00:26 -0500] "GET /sipse/faces/javax.faces.resource/jquery/jquery.js?ln=primefaces&v=4.0 HTTP/1.1" 304 -
181.54.150.144 - - [12/Mar/2023:18:00:26 -0500] "GET /sipse/faces/javax.faces.resource/layout/layout.css?ln=primefaces&v=4.0 HTTP/1.1" 304 -
181.54.150.144 - - [12/Mar/2023:18:00:26 -0500] "GET /sipse/faces/javax.faces.resource/primefaces.css?ln=primefaces&v=4.0 HTTP/1.1" 304 -
181.54.150.144 - - [12/Mar/2023:18:00:26 -0500] "GET /sipse/faces/javax.faces.resource/jquery/jquery-plugins.js?ln=primefaces&v=4.0 HTTP/1.1" 304 -
181.54.150.144 - - [12/Mar/2023:18:00:26 -0500] "GET /sipse/faces/javax.faces.resource/primefaces.js?ln=primefaces&v=4.0 HTTP/1.1" 304 -
181.54.150.144 - - [12/Mar/2023:18:00:26 -0500] "GET /sipse/faces/javax.faces.resource/layout/layout.js?ln=primefaces&v=4.0 HTTP/1.1" 304 -
181.54.150.144 - - [12/Mar/2023:18:00:50 -0500] "POST /sipse/faces/presentacion/financiero/solicitudProceso/consultarHistorialSolProceso.xhtml HTTP/1.1" 200 42129
181.54.150.144 - - [12/Mar/2023:18:00:50 -0500] "GET /sipse/faces/javax.faces.resource/theme.css?ln=primefaces-sipse HTTP/1.1" 304 -
181.54.150.144 - - [12/Mar/2023:18:00:50 -0500] "GET /sipse/faces/javax.faces.resource/jquery/jquery.js?ln=primefaces&v=4.0 HTTP/1.1" 304 -
181.54.150.144 - - [12/Mar/2023:18:00:50 -0500] "GET /sipse/faces/javax.faces.resource/primefaces.css?ln=primefaces&v=4.0 HTTP/1.1" 304 -
181.54.150.144 - - [12/Mar/2023:18:00:50 -0500] "GET /sipse/faces/javax.faces.resource/layout/layout.css?ln=primefaces&v=4.0 HTTP/1.1" 304 -
181.54.150.144 - - [12/Mar/2023:18:00:50 -0500] "GET /sipse/faces/javax.faces.resource/jquery/jquery-plugins.js?ln=primefaces&v=4.0 HTTP/1.1" 304 -
181.54.150.144 - - [12/Mar/2023:18:00:50 -0500] "GET /sipse/faces/javax.faces.resource/primefaces.js?ln=primefaces&v=4.0 HTTP/1.1" 304 -
181.54.150.144 - - [12/Mar/2023:18:00:50 -0500] "GET /sipse/faces/javax.faces.resource/layout/layout.js?ln=primefaces&v=4.0 HTTP/1.1" 304 -
181.54.150.144 - - [12/Mar/2023:18:00:54 -0500] "POST /sipse/faces/presentacion/financiero/solicitudProceso/consultar.xhtml HTTP/1.1" 200 12904
181.54.150.144 - - [12/Mar/2023:18:00:58 -0500] "POST /sipse/faces/presentacion/financiero/solicitudProceso/consultar.xhtml HTTP/1.1" 200 145869
181.54.150.144 - - [12/Mar/2023:18:01:00 -0500] "GET /sipse/faces/javax.faces.resource/theme.css?ln=primefaces-sipse HTTP/1.1" 304 -
181.54.150.144 - - [12/Mar/2023:18:01:00 -0500] "GET /sipse/faces/javax.faces.resource/layout/layout.css?ln=primefaces&v=4.0 HTTP/1.1" 304 -
181.54.150.144 - - [12/Mar/2023:18:01:00 -0500] "GET /sipse/faces/javax.faces.resource/jquery/jquery.js?ln=primefaces&v=4.0 HTTP/1.1" 304 -
181.54.150.144 - - [12/Mar/2023:18:01:00 -0500] "GET /sipse/faces/javax.faces.resource/primefaces.css?ln=primefaces&v=4.0 HTTP/1.1" 304 -
181.54.150.144 - - [12/Mar/2023:18:01:00 -0500] "GET /sipse/faces/javax.faces.resource/jquery/jquery-plugins.js?ln=primefaces&v=4.0 HTTP/1.1" 304 -
181.54.150.144 - - [12/Mar/2023:18:01:00 -0500] "GET /sipse/faces/javax.faces.resource/primefaces.js?ln=primefaces&v=4.0 HTTP/1.1" 304 -
181.54.150.144 - - [12/Mar/2023:18:01:00 -0500] "GET /sipse/faces/javax.faces.resource/layout/layout.js?ln=primefaces&v=4.0 HTTP/1.1" 304 -
181.54.150.144 - - [12/Mar/2023:18:01:05 -0500] "GET /sipse/faces/javax.faces.resource/theme.css?ln=primefaces-sipse HTTP/1.1" 304 -
181.54.150.144 - - [12/Mar/2023:18:01:05 -0500] "GET /sipse/faces/javax.faces.resource/primefaces.css?ln=primefaces&v=4.0 HTTP/1.1" 304 -
181.54.150.144 - - [12/Mar/2023:18:01:05 -0500] "GET /sipse/faces/javax.faces.resource/layout/layout.css?ln=primefaces&v=4.0 HTTP/1.1" 304 -
181.54.150.144 - - [12/Mar/2023:18:01:05 -0500] "GET /sipse/faces/javax.faces.resource/jquery/jquery.js?ln=primefaces&v=4.0 HTTP/1.1" 304 -
181.54.150.144 - - [12/Mar/2023:18:01:05 -0500] "GET /sipse/faces/javax.faces.resource/jquery/jquery-plugins.js?ln=primefaces&v=4.0 HTTP/1.1" 304 -
181.54.150.144 - - [12/Mar/2023:18:01:05 -0500] "GET /sipse/faces/javax.faces.resource/primefaces.js?ln=primefaces&v=4.0 HTTP/1.1" 304 -
181.54.150.144 - - [12/Mar/2023:18:01:03 -0500] "POST /sipse/faces/presentacion/financiero/solicitudProceso/consultarSolicitudProceso.xhtml HTTP/1.1" 200 50129
181.54.150.144 - - [12/Mar/2023:18:01:05 -0500] "GET /sipse/faces/javax.faces.resource/layout/layout.js?ln=primefaces&v=4.0 HTTP/1.1" 304 -
45.238.182.122 - - [12/Mar/2023:18:01:14 -0500] "GET /mujeres-que-reverdecen-secretaria-de-ambiente-anuncia-el-inicio-de-la-tercera-fase.html?fbclid=IwAR1_3lTTa6U5EaFcKSLxjRm3w5hSzONVUVQSmiyzMdWi-2GufdLMoniM1xA HTTP/1.1" 200 954
181.54.150.144 - - [12/Mar/2023:18:01:27 -0500] "POST /sipse/faces/presentacion/financiero/solicitudProceso/consultarHistorialSolProceso.xhtml HTTP/1.1" 200 42140
181.54.150.144 - - [12/Mar/2023:18:01:28 -0500] "GET /sipse/faces/javax.faces.resource/theme.css?ln=primefaces-sipse HTTP/1.1" 304 -
181.54.150.144 - - [12/Mar/2023:18:01:28 -0500] "GET /sipse/faces/javax.faces.resource/layout/layout.css?ln=primefaces&v=4.0 HTTP/1.1" 304 -
181.54.150.144 - - [12/Mar/2023:18:01:28 -0500] "GET /sipse/faces/javax.faces.resource/primefaces.css?ln=primefaces&v=4.0 HTTP/1.1" 304 -
181.54.150.144 - - [12/Mar/2023:18:01:28 -0500] "GET /sipse/faces/javax.faces.resource/jquery/jquery.js?ln=primefaces&v=4.0 HTTP/1.1" 304 -
181.54.150.144 - - [12/Mar/2023:18:01:28 -0500] "GET /sipse/faces/javax.faces.resource/jquery/jquery-plugins.js?ln=primefaces&v=4.0 HTTP/1.1" 304 -
181.54.150.144 - - [12/Mar/2023:18:01:28 -0500] "GET /sipse/faces/javax.faces.resource/primefaces.js?ln=primefaces&v=4.0 HTTP/1.1" 304 -
181.54.150.144 - - [12/Mar/2023:18:01:28 -0500] "GET /sipse/faces/javax.faces.resource/layout/layout.js?ln=primefaces&v=4.0 HTTP/1.1" 304 -
181.54.150.144 - - [12/Mar/2023:18:01:31 -0500] "POST /sipse/faces/presentacion/financiero/solicitudProceso/consultar.xhtml HTTP/1.1" 200 12916
172.22.2.4 - - [12/Mar/2023:17:59:52 -0500] "HEAD /BLA/boletinlegal/ HTTP/1.1" 200 -
181.59.2.204 - - [12/Mar/2023:18:01:34 -0500] "GET /mujeres-que-reverdecen-secretaria-de-ambiente-anuncia-el-inicio-de-la-tercera-fase.html HTTP/1.1" 200 954
185.119.81.102 - - [12/Mar/2023:18:01:33 -0500] "GET /portaldeninos/wp-login.php HTTP/1.1" 503 1037
181.54.150.144 - - [12/Mar/2023:18:01:37 -0500] "POST /sipse/faces/presentacion/financiero/solicitudProceso/consultar.xhtml HTTP/1.1" 200 145841
181.54.150.144 - - [12/Mar/2023:18:01:38 -0500] "GET /sipse/faces/javax.faces.resource/theme.css?ln=primefaces-sipse HTTP/1.1" 304 -
181.54.150.144 - - [12/Mar/2023:18:01:38 -0500] "GET /sipse/faces/javax.faces.resource/primefaces.css?ln=primefaces&v=4.0 HTTP/1.1" 304 -
181.54.150.144 - - [12/Mar/2023:18:01:39 -0500] "GET /sipse/faces/javax.faces.resource/layout/layout.css?ln=primefaces&v=4.0 HTTP/1.1" 304 -
181.54.150.144 - - [12/Mar/2023:18:01:39 -0500] "GET /sipse/faces/javax.faces.resource/jquery/jquery.js?ln=primefaces&v=4.0 HTTP/1.1" 304 -
181.54.150.144 - - [12/Mar/2023:18:01:39 -0500] "GET /sipse/faces/javax.faces.resource/jquery/jquery-plugins.js?ln=primefaces&v=4.0 HTTP/1.1" 304 -
181.54.150.144 - - [12/Mar/2023:18:01:39 -0500] "GET /sipse/faces/javax.faces.resource/primefaces.js?ln=primefaces&v=4.0 HTTP/1.1" 304 -
181.54.150.144 - - [12/Mar/2023:18:01:39 -0500] "GET /sipse/faces/javax.faces.resource/layout/layout.js?ln=primefaces&v=4.0 HTTP/1.1" 304 -
173.252.107.13 - - [12/Mar/2023:18:01:43 -0500] "GET /images/negocios-verdes-mayo-2022.jpg HTTP/1.1" 200 48000
181.54.150.144 - - [12/Mar/2023:18:01:46 -0500] "GET /sipse/faces/javax.faces.resource/theme.css?ln=primefaces-sipse HTTP/1.1" 304 -
181.54.150.144 - - [12/Mar/2023:18:01:46 -0500] "GET /sipse/faces/javax.faces.resource/primefaces.css?ln=primefaces&v=4.0 HTTP/1.1" 304 -
181.54.150.144 - - [12/Mar/2023:18:01:44 -0500] "POST /sipse/faces/presentacion/financiero/solicitudProceso/consultarSolicitudProceso.xhtml HTTP/1.1" 200 62484
181.54.150.144 - - [12/Mar/2023:18:01:46 -0500] "GET /sipse/faces/javax.faces.resource/jquery/jquery.js?ln=primefaces&v=4.0 HTTP/1.1" 304 -
181.54.150.144 - - [12/Mar/2023:18:01:46 -0500] "GET /sipse/faces/javax.faces.resource/layout/layout.css?ln=primefaces&v=4.0 HTTP/1.1" 304 -
181.54.150.144 - - [12/Mar/2023:18:01:46 -0500] "GET /sipse/faces/javax.faces.resource/jquery/jquery-plugins.js?ln=primefaces&v=4.0 HTTP/1.1" 304 -
181.54.150.144 - - [12/Mar/2023:18:01:46 -0500] "GET /sipse/faces/javax.faces.resource/layout/layout.js?ln=primefaces&v=4.0 HTTP/1.1" 304 -
181.54.150.144 - - [12/Mar/2023:18:01:46 -0500] "GET /sipse/faces/javax.faces.resource/primefaces.js?ln=primefaces&v=4.0 HTTP/1.1" 304 -
181.54.150.144 - - [12/Mar/2023:18:02:14 -0500] "POST /sipse/faces/presentacion/financiero/solicitudProceso/consultarHistorialSolProceso.xhtml HTTP/1.1" 200 42152
181.54.150.144 - - [12/Mar/2023:18:02:14 -0500] "GET /sipse/faces/javax.faces.resource/theme.css?ln=primefaces-sipse HTTP/1.1" 304 -
181.54.150.144 - - [12/Mar/2023:18:02:14 -0500] "GET /sipse/faces/javax.faces.resource/primefaces.css?ln=primefaces&v=4.0 HTTP/1.1" 304 -
181.54.150.144 - - [12/Mar/2023:18:02:14 -0500] "GET /sipse/faces/javax.faces.resource/layout/layout.css?ln=primefaces&v=4.0 HTTP/1.1" 304 -
181.54.150.144 - - [12/Mar/2023:18:02:14 -0500] "GET /sipse/faces/javax.faces.resource/jquery/jquery.js?ln=primefaces&v=4.0 HTTP/1.1" 304 -
181.54.150.144 - - [12/Mar/2023:18:02:14 -0500] "GET /sipse/faces/javax.faces.resource/jquery/jquery-plugins.js?ln=primefaces&v=4.0 HTTP/1.1" 304 -
181.54.150.144 - - [12/Mar/2023:18:02:14 -0500] "GET /sipse/faces/javax.faces.resource/primefaces.js?ln=primefaces&v=4.0 HTTP/1.1" 304 -
181.54.150.144 - - [12/Mar/2023:18:02:14 -0500] "GET /sipse/faces/javax.faces.resource/layout/layout.js?ln=primefaces&v=4.0 HTTP/1.1" 304 -
181.54.150.144 - - [12/Mar/2023:18:02:18 -0500] "POST /sipse/faces/presentacion/financiero/solicitudProceso/consultar.xhtml HTTP/1.1" 200 12893
172.22.2.4 - - [12/Mar/2023:18:00:42 -0500] "GET /BLA/boletinlegal/ HTTP/1.1" 200 57551
181.54.150.144 - - [12/Mar/2023:18:02:22 -0500] "POST /sipse/faces/presentacion/financiero/solicitudProceso/consultar.xhtml HTTP/1.1" 200 142238
181.54.150.144 - - [12/Mar/2023:18:02:24 -0500] "GET /sipse/faces/javax.faces.resource/theme.css?ln=primefaces-sipse HTTP/1.1" 304 -
181.54.150.144 - - [12/Mar/2023:18:02:24 -0500] "GET /sipse/faces/javax.faces.resource/layout/layout.css?ln=primefaces&v=4.0 HTTP/1.1" 304 -
181.54.150.144 - - [12/Mar/2023:18:02:24 -0500] "GET /sipse/faces/javax.faces.resource/primefaces.css?ln=primefaces&v=4.0 HTTP/1.1" 304 -
181.54.150.144 - - [12/Mar/2023:18:02:24 -0500] "GET /sipse/faces/javax.faces.resource/jquery/jquery.js?ln=primefaces&v=4.0 HTTP/1.1" 304 -
181.54.150.144 - - [12/Mar/2023:18:02:24 -0500] "GET /sipse/faces/javax.faces.resource/jquery/jquery-plugins.js?ln=primefaces&v=4.0 HTTP/1.1" 304 -
181.54.150.144 - - [12/Mar/2023:18:02:24 -0500] "GET /sipse/faces/javax.faces.resource/primefaces.js?ln=primefaces&v=4.0 HTTP/1.1" 304 -
181.54.150.144 - - [12/Mar/2023:18:02:24 -0500] "GET /sipse/faces/javax.faces.resource/layout/layout.js?ln=primefaces&v=4.0 HTTP/1.1" 304 -
181.54.150.144 - - [12/Mar/2023:18:02:31 -0500] "GET /sipse/faces/javax.faces.resource/theme.css?ln=primefaces-sipse HTTP/1.1" 304 -
181.54.150.144 - - [12/Mar/2023:18:02:29 -0500] "POST /sipse/faces/presentacion/financiero/solicitudProceso/consultarSolicitudProceso.xhtml HTTP/1.1" 200 50565
181.54.150.144 - - [12/Mar/2023:18:02:31 -0500] "GET /sipse/faces/javax.faces.resource/primefaces.css?ln=primefaces&v=4.0 HTTP/1.1" 304 -
181.54.150.144 - - [12/Mar/2023:18:02:31 -0500] "GET /sipse/faces/javax.faces.resource/layout/layout.css?ln=primefaces&v=4.0 HTTP/1.1" 304 -
181.54.150.144 - - [12/Mar/2023:18:02:31 -0500] "GET /sipse/faces/javax.faces.resource/jquery/jquery-plugins.js?ln=primefaces&v=4.0 HTTP/1.1" 304 -
181.54.150.144 - - [12/Mar/2023:18:02:31 -0500] "GET /sipse/faces/javax.faces.resource/jquery/jquery.js?ln=primefaces&v=4.0 HTTP/1.1" 304 -
181.54.150.144 - - [12/Mar/2023:18:02:31 -0500] "GET /sipse/faces/javax.faces.resource/layout/layout.js?ln=primefaces&v=4.0 HTTP/1.1" 304 -
181.54.150.144 - - [12/Mar/2023:18:02:31 -0500] "GET /sipse/faces/javax.faces.resource/primefaces.js?ln=primefaces&v=4.0 HTTP/1.1" 304 -
66.249.70.15 - - [12/Mar/2023:18:02:57 -0500] "-" 408 -
216.245.221.92 - - [12/Mar/2023:18:04:02 -0500] "HEAD / HTTP/1.1" 200 -
201.245.192.253 - - [12/Mar/2023:18:05:15 -0500] "POST /kwsrmcab/Wsrmcab  HTTP/1.1" 200 213
181.252.240.9 - - [12/Mar/2023:18:06:44 -0500] "GET /mujeres-que-reverdecen-secretaria-de-ambiente-anuncia-el-inicio-de-la-tercera-fase.html HTTP/1.1" 200 954
185.119.81.102 - - [12/Mar/2023:18:06:50 -0500] "GET /portaldeninos/wp-login.php HTTP/1.1" 503 1037
172.22.2.4 - - [12/Mar/2023:18:05:42 -0500] "HEAD /BLA/boletinlegal/ HTTP/1.1" 200 -
172.22.2.4 - - [12/Mar/2023:18:06:32 -0500] "GET /BLA/boletinlegal/ HTTP/1.1" 200 57551
216.245.221.92 - - [12/Mar/2023:18:09:01 -0500] "HEAD / HTTP/1.1" 200 -
66.249.70.13 - - [12/Mar/2023:18:09:04 -0500] "-" 408 -
186.155.17.10 - - [12/Mar/2023:18:09:18 -0500] "GET /mujeres-que-reverdecen-secretaria-de-ambiente-anuncia-el-inicio-de-la-tercera-fase.html HTTP/1.1" 200 954
172.22.2.4 - - [12/Mar/2023:18:09:07 -0500] "GET /BLA/boletinlegal/ HTTP/1.1" 200 28619
161.18.123.120 - - [12/Mar/2023:18:09:55 -0500] "POST /sipse/faces/presentacion/financiero/solicitudProceso/consultarSolicitudProceso.xhtml HTTP/1.1" 200 130475
201.245.192.253 - - [12/Mar/2023:18:10:14 -0500] "POST /kwsrmcab/Wsrmcab  HTTP/1.1" 200 213
186.86.33.189 - - [12/Mar/2023:18:13:07 -0500] "POST /sipse/faces/presentacion/financiero/solicitudProceso/listarSolicitudProceso.xhtml HTTP/1.1" 200 8031
172.22.2.4 - - [12/Mar/2023:18:11:32 -0500] "HEAD /BLA/boletinlegal/ HTTP/1.1" 200 -
186.86.33.189 - - [12/Mar/2023:18:13:19 -0500] "POST /sipse/faces/presentacion/financiero/solicitudProceso/listarSolicitudProceso.xhtml HTTP/1.1" 200 146201
186.86.33.189 - - [12/Mar/2023:18:13:20 -0500] "GET /sipse/faces/javax.faces.resource/jquery/jquery.js?ln=primefaces&v=4.0 HTTP/1.1" 304 -
186.86.33.189 - - [12/Mar/2023:18:13:20 -0500] "GET /sipse/faces/javax.faces.resource/jquery/jquery-plugins.js?ln=primefaces&v=4.0 HTTP/1.1" 304 -
186.86.33.189 - - [12/Mar/2023:18:13:20 -0500] "GET /sipse/faces/javax.faces.resource/primefaces.js?ln=primefaces&v=4.0 HTTP/1.1" 304 -
186.86.33.189 - - [12/Mar/2023:18:13:20 -0500] "GET /sipse/faces/javax.faces.resource/layout/layout.js?ln=primefaces&v=4.0 HTTP/1.1" 304 -
31.13.127.9 - - [12/Mar/2023:18:13:22 -0500] "GET /images/Puntos%20calientes%2024%20de%20febrero.jpeg HTTP/1.1" 200 42626
191.95.55.252 - - [12/Mar/2023:18:13:33 -0500] "GET /mujeres-que-reverdecen-secretaria-de-ambiente-anuncia-el-inicio-de-la-tercera-fase.html HTTP/1.1" 200 954
216.245.221.92 - - [12/Mar/2023:18:14:01 -0500] "HEAD / HTTP/1.1" 200 -
172.22.2.4 - - [12/Mar/2023:18:12:22 -0500] "GET /BLA/boletinlegal/ HTTP/1.1" 200 59646
203.209.239.121 - - [12/Mar/2023:18:14:12 -0500] "GET /galeria/galeria/fotos/diaSC3Peq.jpg HTTP/1.1" 200 24913
186.86.33.189 - - [12/Mar/2023:18:14:17 -0500] "GET /sipse/faces/javax.faces.resource/primefaces.css?ln=primefaces&v=4.0 HTTP/1.1" 304 -
186.86.33.189 - - [12/Mar/2023:18:14:17 -0500] "GET /sipse/faces/javax.faces.resource/layout/layout.css?ln=primefaces&v=4.0 HTTP/1.1" 304 -
186.86.33.189 - - [12/Mar/2023:18:14:17 -0500] "GET /sipse/faces/javax.faces.resource/jquery/jquery.js?ln=primefaces&v=4.0 HTTP/1.1" 304 -
186.86.33.189 - - [12/Mar/2023:18:14:16 -0500] "POST /sipse/faces/presentacion/financiero/solicitudProceso/consultarSolicitudProceso.xhtml HTTP/1.1" 200 41359
186.86.33.189 - - [12/Mar/2023:18:14:17 -0500] "GET /sipse/faces/javax.faces.resource/jquery/jquery-plugins.js?ln=primefaces&v=4.0 HTTP/1.1" 304 -
186.86.33.189 - - [12/Mar/2023:18:14:17 -0500] "GET /sipse/faces/javax.faces.resource/primefaces.js?ln=primefaces&v=4.0 HTTP/1.1" 304 -
186.86.33.189 - - [12/Mar/2023:18:14:17 -0500] "GET /sipse/faces/javax.faces.resource/layout/layout.js?ln=primefaces&v=4.0 HTTP/1.1" 304 -
186.86.33.189 - - [12/Mar/2023:18:14:17 -0500] "GET /sipse/faces/javax.faces.resource/theme.css?ln=primefaces-sipse HTTP/1.1" 200 50058
186.86.33.189 - - [12/Mar/2023:18:14:17 -0500] "GET /sipse/faces/javax.faces.resource/images/ui-icons_898989_256x240.png?ln=primefaces-aristo HTTP/1.1" 304 -
186.86.33.189 - - [12/Mar/2023:18:14:17 -0500] "GET /sipse/faces/javax.faces.resource/images/ui-bg_flat_0_2d5972_40x100.png?ln=primefaces-aristo HTTP/1.1" 200 183
186.86.33.189 - - [12/Mar/2023:18:14:17 -0500] "POST /sipse/faces/presentacion/financiero/solicitudProceso/listarSolicitudProceso.xhtml HTTP/1.1" 200 1416
186.86.33.189 - - [12/Mar/2023:18:14:17 -0500] "POST /sipse/faces/presentacion/financiero/solicitudProceso/listarSolicitudProceso.xhtml HTTP/1.1" 200 1420
161.18.123.120 - - [12/Mar/2023:18:14:41 -0500] "POST /sipse/faces/presentacion/financiero/solicitudProceso/consultarSolicitudProceso.xhtml HTTP/1.1" 200 1142220
201.245.192.253 - - [12/Mar/2023:18:15:13 -0500] "POST /kwsrmcab/Wsrmcab  HTTP/1.1" 200 213
186.86.33.189 - - [12/Mar/2023:18:15:56 -0500] "POST /sipse/faces/presentacion/financiero/solicitudProceso/listarSolicitudProceso.xhtml HTTP/1.1" 200 148457
186.86.33.189 - - [12/Mar/2023:18:15:57 -0500] "GET /sipse/faces/javax.faces.resource/jquery/jquery.js?ln=primefaces&v=4.0 HTTP/1.1" 304 -
186.86.33.189 - - [12/Mar/2023:18:15:58 -0500] "GET /sipse/faces/javax.faces.resource/jquery/jquery-plugins.js?ln=primefaces&v=4.0 HTTP/1.1" 304 -
186.86.33.189 - - [12/Mar/2023:18:15:58 -0500] "GET /sipse/faces/javax.faces.resource/primefaces.js?ln=primefaces&v=4.0 HTTP/1.1" 304 -
186.86.33.189 - - [12/Mar/2023:18:15:58 -0500] "GET /sipse/faces/javax.faces.resource/layout/layout.js?ln=primefaces&v=4.0 HTTP/1.1" 304 -
161.18.123.120 - - [12/Mar/2023:18:15:56 -0500] "POST /sipse/faces/presentacion/financiero/solicitudProceso/consultarSolicitudProceso.xhtml HTTP/1.1" 200 8488367
186.86.33.189 - - [12/Mar/2023:18:16:07 -0500] "POST /sipse/faces/presentacion/financiero/solicitudProceso/consultarSolicitudProceso.xhtml HTTP/1.1" 200 476271
172.22.2.4 - - [12/Mar/2023:18:16:26 -0500] "GET /BLA/boletinlegal/actos.php HTTP/1.1" 200 9672
181.59.3.203 - - [12/Mar/2023:18:16:31 -0500] "GET /mujeres-que-reverdecen-secretaria-de-ambiente-anuncia-el-inicio-de-la-tercera-fase.html HTTP/1.1" 304 -
161.18.123.120 - - [12/Mar/2023:18:17:51 -0500] "POST /sipse/faces/presentacion/financiero/solicitudProceso/consultarSolicitudProceso.xhtml HTTP/1.1" 200 1596875
172.22.2.4 - - [12/Mar/2023:18:17:53 -0500] "GET /BLA/boletinlegal/actos.php HTTP/1.1" 200 9672
181.60.169.50 - - [12/Mar/2023:18:18:08 -0500] "GET /mujeres-que-reverdecen-secretaria-de-ambiente-anuncia-el-inicio-de-la-tercera-fase.html HTTP/1.1" 200 954
172.22.2.4 - - [12/Mar/2023:18:18:59 -0500] "GET /BLA/boletinlegal/jurisprudencia/analisis/CUADRO%20ANALISIS%20SENTENCIA%20T-411%20DE%201992.doc HTTP/1.1" 304 -
216.245.221.92 - - [12/Mar/2023:18:19:01 -0500] "HEAD / HTTP/1.1" 200 -
172.22.2.4 - - [12/Mar/2023:18:17:22 -0500] "HEAD /BLA/boletinlegal/ HTTP/1.1" 200 -
161.18.123.120 - - [12/Mar/2023:18:19:13 -0500] "POST /sipse/faces/presentacion/financiero/solicitudProceso/consultarSolicitudProceso.xhtml HTTP/1.1" 200 1142220
201.244.238.63 - - [12/Mar/2023:18:19:27 -0500] "GET /BLA/resoluciones/index.php?dir=AUTOS+2015%2F HTTP/1.1" 200 16331
201.244.238.63 - - [12/Mar/2023:18:19:27 -0500] "GET /BLA/resoluciones/index.php?dir=AUTOS+2015%2F HTTP/1.1" 200 580093
172.22.2.4 - - [12/Mar/2023:18:18:12 -0500] "GET /BLA/boletinlegal/ HTTP/1.1" 200 57551
161.18.123.120 - - [12/Mar/2023:18:20:05 -0500] "POST /sipse/faces/presentacion/financiero/solicitudProceso/consultarSolicitudProceso.xhtml HTTP/1.1" 200 61864
161.18.123.120 - - [12/Mar/2023:18:20:07 -0500] "GET /sipse/faces/javax.faces.resource/jquery/jquery.js?ln=primefaces&v=4.0 HTTP/1.1" 304 -
161.18.123.120 - - [12/Mar/2023:18:20:07 -0500] "GET /sipse/faces/javax.faces.resource/jquery/jquery-plugins.js?ln=primefaces&v=4.0 HTTP/1.1" 304 -
161.18.123.120 - - [12/Mar/2023:18:20:07 -0500] "GET /sipse/faces/javax.faces.resource/primefaces.js?ln=primefaces&v=4.0 HTTP/1.1" 304 -
161.18.123.120 - - [12/Mar/2023:18:20:08 -0500] "GET /sipse/faces/javax.faces.resource/layout/layout.js?ln=primefaces&v=4.0 HTTP/1.1" 304 -
161.18.123.120 - - [12/Mar/2023:18:20:08 -0500] "POST /sipse/faces/presentacion/financiero/solicitudProceso/listarSolicitudProceso.xhtml HTTP/1.1" 200 1560
201.245.192.253 - - [12/Mar/2023:18:20:10 -0500] "POST /kwsrmcab/Wsrmcab  HTTP/1.1" 200 213
191.95.151.113 - - [12/Mar/2023:18:20:16 -0500] "GET /galeria/galeria/jquery.fancybox.css?v=2.1.5 HTTP/1.1" 200 4895
191.95.151.113 - - [12/Mar/2023:18:20:16 -0500] "GET /BLA/boletinlegal/js/jquery.scrollShow.js HTTP/1.1" 200 4586
191.95.151.113 - - [12/Mar/2023:18:20:16 -0500] "GET /galeria/galeria/jquery.fancybox.js?v=2.1.5 HTTP/1.1" 200 48706
201.245.192.253 - - [12/Mar/2023:18:21:11 -0500] "POST /kwsrmcab/Wsrmcab HTTP/1.1" 200 42815
201.245.192.253 - - [12/Mar/2023:18:21:14 -0500] "POST /kwsrmcab/Wsrmcab HTTP/1.1" 200 43013
172.22.2.4 - - [12/Mar/2023:18:21:28 -0500] "GET /BLA/boletinlegal/actos.php HTTP/1.1" 200 9672
161.18.123.120 - - [12/Mar/2023:18:21:53 -0500] "POST /sipse/faces/presentacion/financiero/solicitudProceso/listarSolicitudProceso.xhtml HTTP/1.1" 200 137320
161.18.123.120 - - [12/Mar/2023:18:21:54 -0500] "GET /sipse/faces/javax.faces.resource/jquery/jquery.js?ln=primefaces&v=4.0 HTTP/1.1" 304 -
161.18.123.120 - - [12/Mar/2023:18:21:54 -0500] "GET /sipse/faces/javax.faces.resource/jquery/jquery-plugins.js?ln=primefaces&v=4.0 HTTP/1.1" 304 -
161.18.123.120 - - [12/Mar/2023:18:21:54 -0500] "GET /sipse/faces/javax.faces.resource/primefaces.js?ln=primefaces&v=4.0 HTTP/1.1" 304 -
161.18.123.120 - - [12/Mar/2023:18:21:54 -0500] "GET /sipse/faces/javax.faces.resource/layout/layout.js?ln=primefaces&v=4.0 HTTP/1.1" 304 -
201.244.238.63 - - [12/Mar/2023:18:23:42 -0500] "GET /BLA/resoluciones/index.php?dir=AUTOS+2014%2F HTTP/1.1" 200 887591
186.86.33.189 - - [12/Mar/2023:18:23:47 -0500] "POST /sipse/faces/presentacion/financiero/solicitudProceso/consultarSolicitudProceso.xhtml HTTP/1.1" 200 41359
186.86.33.189 - - [12/Mar/2023:18:23:48 -0500] "GET /sipse/faces/javax.faces.resource/jquery/jquery.js?ln=primefaces&v=4.0 HTTP/1.1" 304 -
186.86.33.189 - - [12/Mar/2023:18:23:48 -0500] "GET /sipse/faces/javax.faces.resource/primefaces.css?ln=primefaces&v=4.0 HTTP/1.1" 304 -
186.86.33.189 - - [12/Mar/2023:18:23:48 -0500] "GET /sipse/faces/javax.faces.resource/theme.css?ln=primefaces-sipse HTTP/1.1" 304 -
186.86.33.189 - - [12/Mar/2023:18:23:48 -0500] "GET /sipse/faces/javax.faces.resource/layout/layout.css?ln=primefaces&v=4.0 HTTP/1.1" 304 -
186.86.33.189 - - [12/Mar/2023:18:23:48 -0500] "GET /sipse/faces/javax.faces.resource/jquery/jquery-plugins.js?ln=primefaces&v=4.0 HTTP/1.1" 304 -
186.86.33.189 - - [12/Mar/2023:18:23:48 -0500] "GET /sipse/faces/javax.faces.resource/primefaces.js?ln=primefaces&v=4.0 HTTP/1.1" 304 -
186.86.33.189 - - [12/Mar/2023:18:23:48 -0500] "GET /sipse/faces/javax.faces.resource/layout/layout.js?ln=primefaces&v=4.0 HTTP/1.1" 304 -
186.86.33.189 - - [12/Mar/2023:18:23:48 -0500] "GET /sipse/faces/javax.faces.resource/images/ui-icons_898989_256x240.png?ln=primefaces-aristo HTTP/1.1" 200 5355
186.86.33.189 - - [12/Mar/2023:18:23:48 -0500] "GET /sipse/faces/javax.faces.resource/images/ui-bg_flat_0_2d5972_40x100.png?ln=primefaces-aristo HTTP/1.1" 304 -
186.86.33.189 - - [12/Mar/2023:18:23:48 -0500] "POST /sipse/faces/presentacion/financiero/solicitudProceso/listarSolicitudProceso.xhtml HTTP/1.1" 200 1416
186.86.33.189 - - [12/Mar/2023:18:23:49 -0500] "POST /sipse/faces/presentacion/financiero/solicitudProceso/listarSolicitudProceso.xhtml HTTP/1.1" 200 1420
216.245.221.92 - - [12/Mar/2023:18:24:01 -0500] "HEAD / HTTP/1.1" 200 -
186.86.33.189 - - [12/Mar/2023:18:24:03 -0500] "POST /sipse/faces/presentacion/financiero/solicitudProceso/listarSolicitudProceso.xhtml HTTP/1.1" 200 4952
161.18.123.120 - - [12/Mar/2023:18:24:03 -0500] "POST /sipse/faces/presentacion/financiero/solicitudProceso/consultarSolicitudProceso.xhtml HTTP/1.1" 200 599398
173.252.111.21 - - [12/Mar/2023:18:24:22 -0500] "GET /images/Acuerdos%2001%20(1)%20(1).jpeg HTTP/1.1" 200 32884
201.244.238.63 - - [12/Mar/2023:18:24:48 -0500] "GET /BLA/resoluciones/index.php?dir=AUTOS+2015%2F HTTP/1.1" 200 580093
161.18.123.120 - - [12/Mar/2023:18:24:48 -0500] "POST /sipse/faces/presentacion/financiero/solicitudProceso/consultarSolicitudProceso.xhtml HTTP/1.1" 200 3945811
172.22.2.4 - - [12/Mar/2023:18:23:12 -0500] "HEAD /BLA/boletinlegal/ HTTP/1.1" 200 -
186.28.76.74 - - [12/Mar/2023:18:24:57 -0500] "GET /mujeres-que-reverdecen-secretaria-de-ambiente-anuncia-el-inicio-de-la-tercera-fase.html HTTP/1.1" 200 954
201.244.238.63 - - [12/Mar/2023:18:25:04 -0500] "GET /BLA/resoluciones/AUTOS%202015/1973.pdf HTTP/1.1" 200 622004
201.245.192.253 - - [12/Mar/2023:18:25:09 -0500] "POST /kwsrmcab/Wsrmcab  HTTP/1.1" 200 213
161.18.123.120 - - [12/Mar/2023:18:25:28 -0500] "POST /sipse/faces/presentacion/financiero/solicitudProceso/consultarSolicitudProceso.xhtml HTTP/1.1" 200 83331
172.22.2.4 - - [12/Mar/2023:18:24:02 -0500] "GET /BLA/boletinlegal/ HTTP/1.1" 200 57141
186.86.33.189 - - [12/Mar/2023:18:25:57 -0500] "POST /sipse/faces/presentacion/financiero/solicitudProceso/listarSolicitudProceso.xhtml HTTP/1.1" 200 139951
186.86.33.189 - - [12/Mar/2023:18:25:58 -0500] "GET /sipse/faces/javax.faces.resource/jquery/jquery.js?ln=primefaces&v=4.0 HTTP/1.1" 304 -
186.86.33.189 - - [12/Mar/2023:18:25:58 -0500] "GET /sipse/faces/javax.faces.resource/jquery/jquery-plugins.js?ln=primefaces&v=4.0 HTTP/1.1" 304 -
186.86.33.189 - - [12/Mar/2023:18:25:58 -0500] "GET /sipse/faces/javax.faces.resource/primefaces.js?ln=primefaces&v=4.0 HTTP/1.1" 304 -
186.86.33.189 - - [12/Mar/2023:18:25:58 -0500] "GET /sipse/faces/javax.faces.resource/layout/layout.js?ln=primefaces&v=4.0 HTTP/1.1" 304 -
186.86.33.189 - - [12/Mar/2023:18:26:17 -0500] "POST /sipse/faces/presentacion/financiero/solicitudProceso/consultarSolicitudProceso.xhtml HTTP/1.1" 200 132801
186.86.33.189 - - [12/Mar/2023:18:26:47 -0500] "POST /sipse/faces/presentacion/financiero/solicitudProceso/consultarSolicitudProceso.xhtml HTTP/1.1" 200 50092
186.86.33.189 - - [12/Mar/2023:18:26:44 -0500] "POST /sipse/faces/presentacion/financiero/solicitudProceso/consultarSolicitudProceso.xhtml HTTP/1.1" 200 713836
216.245.221.92 - - [12/Mar/2023:18:29:01 -0500] "HEAD / HTTP/1.1" 200 -
201.245.192.253 - - [12/Mar/2023:18:30:06 -0500] "POST /kwsrmcab/Wsrmcab  HTTP/1.1" 200 213
181.234.220.131 - - [12/Mar/2023:18:30:10 -0500] "GET /galeria/galeria/jquery.fancybox.css?v=2.1.5 HTTP/1.1" 200 4895
181.234.220.131 - - [12/Mar/2023:18:30:11 -0500] "GET /BLA/boletinlegal/js/jquery.scrollShow.js HTTP/1.1" 200 4586
181.234.220.131 - - [12/Mar/2023:18:30:11 -0500] "GET /galeria/galeria/jquery.fancybox.js?v=2.1.5 HTTP/1.1" 200 48706
172.22.2.4 - - [12/Mar/2023:18:29:02 -0500] "HEAD /BLA/boletinlegal/ HTTP/1.1" 200 -
201.245.192.253 - - [12/Mar/2023:18:31:11 -0500] "POST /kwsrmcab/Wsrmcab HTTP/1.1" 200 42815
201.245.192.253 - - [12/Mar/2023:18:31:14 -0500] "POST /kwsrmcab/Wsrmcab HTTP/1.1" 200 43013
172.22.2.4 - - [12/Mar/2023:18:29:52 -0500] "GET /BLA/boletinlegal/ HTTP/1.1" 200 52720
179.33.245.110 - - [12/Mar/2023:18:31:38 -0500] "GET /mujeres-que-reverdecen-secretaria-de-ambiente-anuncia-el-inicio-de-la-tercera-fase.html HTTP/1.1" 304 -
66.249.70.15 - - [12/Mar/2023:18:33:00 -0500] "-" 408 -
216.245.221.92 - - [12/Mar/2023:18:34:01 -0500] "HEAD / HTTP/1.1" 200 -
201.245.192.253 - - [12/Mar/2023:18:35:05 -0500] "POST /kwsrmcab/Wsrmcab  HTTP/1.1" 200 213
172.22.2.4 - - [12/Mar/2023:18:34:26 -0500] "GET /BLA/boletinlegal/ HTTP/1.1" 200 49744
172.22.2.4 - - [12/Mar/2023:18:34:52 -0500] "HEAD /BLA/boletinlegal/ HTTP/1.1" 200 -
186.31.47.234 - - [12/Mar/2023:18:36:48 -0500] "POST /sipse/faces/presentacion/financiero/solicitudProceso/listarSolicitudProceso.xhtml HTTP/1.1" 200 57597
186.31.47.234 - - [12/Mar/2023:18:36:48 -0500] "POST /sipse/faces/presentacion/financiero/solicitudProceso/listarSolicitudProceso.xhtml HTTP/1.1" 200 57597
186.31.47.234 - - [12/Mar/2023:18:36:49 -0500] "POST /sipse/faces/presentacion/financiero/solicitudProceso/listarSolicitudProceso.xhtml HTTP/1.1" 200 57597
186.31.47.234 - - [12/Mar/2023:18:36:49 -0500] "POST /sipse/faces/presentacion/financiero/solicitudProceso/listarSolicitudProceso.xhtml HTTP/1.1" 200 57597
186.31.47.234 - - [12/Mar/2023:18:36:49 -0500] "POST /sipse/faces/presentacion/financiero/solicitudProceso/listarSolicitudProceso.xhtml HTTP/1.1" 200 57597
186.31.47.234 - - [12/Mar/2023:18:36:49 -0500] "POST /sipse/faces/presentacion/financiero/solicitudProceso/listarSolicitudProceso.xhtml HTTP/1.1" 200 57597
186.31.47.234 - - [12/Mar/2023:18:36:50 -0500] "POST /sipse/faces/presentacion/financiero/solicitudProceso/listarSolicitudProceso.xhtml HTTP/1.1" 200 1560
186.31.47.234 - - [12/Mar/2023:18:36:50 -0500] "POST /sipse/faces/presentacion/financiero/solicitudProceso/listarSolicitudProceso.xhtml HTTP/1.1" 200 1552
186.31.47.234 - - [12/Mar/2023:18:36:50 -0500] "POST /sipse/faces/presentacion/financiero/solicitudProceso/listarSolicitudProceso.xhtml HTTP/1.1" 200 1564
186.31.47.234 - - [12/Mar/2023:18:36:50 -0500] "POST /sipse/faces/presentacion/financiero/solicitudProceso/listarSolicitudProceso.xhtml HTTP/1.1" 200 1552
186.31.47.234 - - [12/Mar/2023:18:36:51 -0500] "POST /sipse/faces/presentacion/financiero/solicitudProceso/listarSolicitudProceso.xhtml HTTP/1.1" 200 1564
186.31.47.234 - - [12/Mar/2023:18:36:51 -0500] "POST /sipse/faces/presentacion/financiero/solicitudProceso/listarSolicitudProceso.xhtml HTTP/1.1" 200 1552
172.22.2.4 - - [12/Mar/2023:18:35:42 -0500] "GET /BLA/boletinlegal/ HTTP/1.1" 200 55561
172.22.2.4 - - [12/Mar/2023:18:38:22 -0500] "GET /BLA/boletinlegal/Circulares/2019/.pdf HTTP/1.1" 404 1218
172.22.2.4 - - [12/Mar/2023:18:38:34 -0500] "GET /BLA/boletinlegal/jurisprudencia/analisis/AnalisisT-606-15.docx HTTP/1.1" 200 26698
172.22.2.4 - - [12/Mar/2023:18:38:35 -0500] "GET /BLA/boletinlegal/apple-touch-icon-120x120-precomposed.png HTTP/1.1" 404 1140
172.22.2.4 - - [12/Mar/2023:18:38:35 -0500] "GET /BLA/boletinlegal/apple-touch-icon-120x120.png HTTP/1.1" 404 1140
172.22.2.4 - - [12/Mar/2023:18:38:35 -0500] "GET /BLA/boletinlegal/apple-touch-icon-precomposed.png HTTP/1.1" 404 1140
172.22.2.4 - - [12/Mar/2023:18:38:35 -0500] "GET /BLA/boletinlegal/apple-touch-icon.png HTTP/1.1" 404 1140
172.22.2.4 - - [12/Mar/2023:18:38:35 -0500] "GET /BLA/boletinlegal/favicon.ico HTTP/1.1" 404 1140
172.22.2.4 - - [12/Mar/2023:18:38:35 -0500] "GET /BLA/boletinlegal/apple-touch-icon-120x120-precomposed.png HTTP/1.1" 404 1140
172.22.2.4 - - [12/Mar/2023:18:38:35 -0500] "GET /BLA/boletinlegal/apple-touch-icon-120x120.png HTTP/1.1" 404 1140
172.22.2.4 - - [12/Mar/2023:18:38:35 -0500] "GET /BLA/boletinlegal/apple-touch-icon-precomposed.png HTTP/1.1" 404 1140
172.22.2.4 - - [12/Mar/2023:18:38:35 -0500] "GET /BLA/boletinlegal/apple-touch-icon.png HTTP/1.1" 404 1140
172.22.2.4 - - [12/Mar/2023:18:38:35 -0500] "GET /BLA/boletinlegal/favicon.ico HTTP/1.1" 404 1140
186.86.33.189 - - [12/Mar/2023:18:38:44 -0500] "POST /sipse/faces/presentacion/financiero/solicitudProceso/consultarSolicitudProceso.xhtml HTTP/1.1" 200 38168
186.86.33.189 - - [12/Mar/2023:18:38:45 -0500] "GET /sipse/faces/javax.faces.resource/layout/layout.css?ln=primefaces&v=4.0 HTTP/1.1" 200 542
186.86.33.189 - - [12/Mar/2023:18:38:45 -0500] "GET /sipse/faces/javax.faces.resource/jquery/jquery.js?ln=primefaces&v=4.0 HTTP/1.1" 304 -
186.86.33.189 - - [12/Mar/2023:18:38:45 -0500] "GET /sipse/faces/javax.faces.resource/jquery/jquery-plugins.js?ln=primefaces&v=4.0 HTTP/1.1" 304 -
186.86.33.189 - - [12/Mar/2023:18:38:45 -0500] "GET /sipse/faces/javax.faces.resource/primefaces.js?ln=primefaces&v=4.0 HTTP/1.1" 304 -
186.86.33.189 - - [12/Mar/2023:18:38:45 -0500] "GET /sipse/faces/javax.faces.resource/layout/layout.js?ln=primefaces&v=4.0 HTTP/1.1" 304 -
186.86.33.189 - - [12/Mar/2023:18:38:45 -0500] "GET /sipse/faces/javax.faces.resource/theme.css?ln=primefaces-sipse HTTP/1.1" 200 50058
186.86.33.189 - - [12/Mar/2023:18:38:45 -0500] "GET /sipse/faces/javax.faces.resource/primefaces.css?ln=primefaces&v=4.0 HTTP/1.1" 200 53295
186.86.33.189 - - [12/Mar/2023:18:38:45 -0500] "GET /sipse/faces/javax.faces.resource/images/ui-icons_898989_256x240.png?ln=primefaces-aristo HTTP/1.1" 200 5355
186.86.33.189 - - [12/Mar/2023:18:38:45 -0500] "GET /favicon.ico HTTP/1.1" 200 7782
186.86.33.189 - - [12/Mar/2023:18:38:45 -0500] "GET /sipse/faces/javax.faces.resource/images/ui-bg_flat_0_2d5972_40x100.png?ln=primefaces-aristo HTTP/1.1" 200 183
186.86.33.189 - - [12/Mar/2023:18:38:45 -0500] "POST /sipse/faces/presentacion/financiero/solicitudProceso/listarSolicitudProceso.xhtml HTTP/1.1" 200 1396
186.86.33.189 - - [12/Mar/2023:18:38:46 -0500] "POST /sipse/faces/presentacion/financiero/solicitudProceso/listarSolicitudProceso.xhtml HTTP/1.1" 200 1392
186.86.33.189 - - [12/Mar/2023:18:38:49 -0500] "POST /sipse/faces/presentacion/financiero/solicitudProceso/listarSolicitudProceso.xhtml HTTP/1.1" 200 23315
216.245.221.92 - - [12/Mar/2023:18:39:01 -0500] "HEAD / HTTP/1.1" 200 -
69.171.251.20 - - [12/Mar/2023:18:39:11 -0500] "GET /images/negocios-verdes-mayo-2022.jpg HTTP/1.1" 200 48000
157.55.39.225 - - [12/Mar/2023:18:39:12 -0500] "-" 408 -
186.31.47.234 - - [12/Mar/2023:18:39:28 -0500] "POST /sipse/faces/presentacion/financiero/solicitudProceso/listarSolicitudProceso.xhtml HTTP/1.1" 200 57595
186.31.47.234 - - [12/Mar/2023:18:39:29 -0500] "POST /sipse/faces/presentacion/financiero/solicitudProceso/listarSolicitudProceso.xhtml HTTP/1.1" 200 57595
186.31.47.234 - - [12/Mar/2023:18:39:29 -0500] "POST /sipse/faces/presentacion/financiero/solicitudProceso/listarSolicitudProceso.xhtml HTTP/1.1" 200 57595
186.31.47.234 - - [12/Mar/2023:18:39:29 -0500] "POST /sipse/faces/presentacion/financiero/solicitudProceso/listarSolicitudProceso.xhtml HTTP/1.1" 200 57595
186.31.47.234 - - [12/Mar/2023:18:39:29 -0500] "POST /sipse/faces/presentacion/financiero/solicitudProceso/listarSolicitudProceso.xhtml HTTP/1.1" 200 57595
186.31.47.234 - - [12/Mar/2023:18:39:30 -0500] "POST /sipse/faces/presentacion/financiero/solicitudProceso/listarSolicitudProceso.xhtml HTTP/1.1" 200 57595
186.31.47.234 - - [12/Mar/2023:18:39:30 -0500] "POST /sipse/faces/presentacion/financiero/solicitudProceso/listarSolicitudProceso.xhtml HTTP/1.1" 200 1560
186.31.47.234 - - [12/Mar/2023:18:39:30 -0500] "POST /sipse/faces/presentacion/financiero/solicitudProceso/listarSolicitudProceso.xhtml HTTP/1.1" 200 1552
186.31.47.234 - - [12/Mar/2023:18:39:31 -0500] "POST /sipse/faces/presentacion/financiero/solicitudProceso/listarSolicitudProceso.xhtml HTTP/1.1" 200 1564
186.31.47.234 - - [12/Mar/2023:18:39:31 -0500] "POST /sipse/faces/presentacion/financiero/solicitudProceso/listarSolicitudProceso.xhtml HTTP/1.1" 200 1552
186.31.47.234 - - [12/Mar/2023:18:39:31 -0500] "POST /sipse/faces/presentacion/financiero/solicitudProceso/listarSolicitudProceso.xhtml HTTP/1.1" 200 1564
186.31.47.234 - - [12/Mar/2023:18:39:31 -0500] "POST /sipse/faces/presentacion/financiero/solicitudProceso/listarSolicitudProceso.xhtml HTTP/1.1" 200 1552
186.31.47.234 - - [12/Mar/2023:18:39:42 -0500] "POST /sipse/faces/presentacion/financiero/solicitudProceso/listarSolicitudProceso.xhtml HTTP/1.1" 200 57595
186.31.47.234 - - [12/Mar/2023:18:39:42 -0500] "POST /sipse/faces/presentacion/financiero/solicitudProceso/listarSolicitudProceso.xhtml HTTP/1.1" 200 57595
186.31.47.234 - - [12/Mar/2023:18:39:42 -0500] "POST /sipse/faces/presentacion/financiero/solicitudProceso/listarSolicitudProceso.xhtml HTTP/1.1" 200 57595
186.31.47.234 - - [12/Mar/2023:18:39:43 -0500] "POST /sipse/faces/presentacion/financiero/solicitudProceso/listarSolicitudProceso.xhtml HTTP/1.1" 200 57595
186.31.47.234 - - [12/Mar/2023:18:39:43 -0500] "POST /sipse/faces/presentacion/financiero/solicitudProceso/listarSolicitudProceso.xhtml HTTP/1.1" 200 57595
186.31.47.234 - - [12/Mar/2023:18:39:43 -0500] "POST /sipse/faces/presentacion/financiero/solicitudProceso/listarSolicitudProceso.xhtml HTTP/1.1" 200 57595
186.31.47.234 - - [12/Mar/2023:18:39:43 -0500] "POST /sipse/faces/presentacion/financiero/solicitudProceso/listarSolicitudProceso.xhtml HTTP/1.1" 200 1560
186.31.47.234 - - [12/Mar/2023:18:39:44 -0500] "POST /sipse/faces/presentacion/financiero/solicitudProceso/listarSolicitudProceso.xhtml HTTP/1.1" 200 1552
186.31.47.234 - - [12/Mar/2023:18:39:44 -0500] "POST /sipse/faces/presentacion/financiero/solicitudProceso/listarSolicitudProceso.xhtml HTTP/1.1" 200 1564
186.31.47.234 - - [12/Mar/2023:18:39:44 -0500] "POST /sipse/faces/presentacion/financiero/solicitudProceso/listarSolicitudProceso.xhtml HTTP/1.1" 200 1552
186.31.47.234 - - [12/Mar/2023:18:39:45 -0500] "POST /sipse/faces/presentacion/financiero/solicitudProceso/listarSolicitudProceso.xhtml HTTP/1.1" 200 1564
186.31.47.234 - - [12/Mar/2023:18:39:45 -0500] "POST /sipse/faces/presentacion/financiero/solicitudProceso/listarSolicitudProceso.xhtml HTTP/1.1" 200 1552
172.22.2.4 - - [12/Mar/2023:18:40:01 -0500] "GET /BLA/boletinlegal/documentos-importantes.php HTTP/1.1" 200 4829
201.245.192.253 - - [12/Mar/2023:18:40:03 -0500] "POST /kwsrmcab/Wsrmcab  HTTP/1.1" 200 213
201.245.192.253 - - [12/Mar/2023:18:41:11 -0500] "POST /kwsrmcab/Wsrmcab HTTP/1.1" 200 42815
201.245.192.253 - - [12/Mar/2023:18:41:14 -0500] "POST /kwsrmcab/Wsrmcab HTTP/1.1" 200 43013
161.18.123.120 - - [12/Mar/2023:18:41:32 -0500] "POST /sipse/faces/presentacion/financiero/solicitudProceso/consultarSolicitudProceso.xhtml HTTP/1.1" 200 5510
161.18.123.120 - - [12/Mar/2023:18:41:47 -0500] "POST /sipse/faces/presentacion/financiero/solicitudProceso/consultarSolicitudProceso.xhtml HTTP/1.1" 200 3945811
186.84.90.18 - - [12/Mar/2023:18:41:50 -0500] "GET /BLA/resoluciones/index.php?dir= HTTP/1.1" 200 13502
191.156.54.87 - - [12/Mar/2023:18:41:55 -0500] "GET /mujeres-que-reverdecen-secretaria-de-ambiente-anuncia-el-inicio-de-la-tercera-fase.html HTTP/1.1" 200 954
186.84.90.18 - - [12/Mar/2023:18:42:05 -0500] "GET /BLA/resoluciones/index.php?dir=AUTOS+2015%2F HTTP/1.1" 200 580093
186.84.90.18 - - [12/Mar/2023:18:42:06 -0500] "GET /BLA/resoluciones/AUTOS%202015/0015.pdf HTTP/1.1" 200 281403
186.31.47.234 - - [12/Mar/2023:18:42:13 -0500] "POST /sipse/faces/presentacion/financiero/solicitudProceso/listarSolicitudProceso.xhtml HTTP/1.1" 200 57595
186.31.47.234 - - [12/Mar/2023:18:42:13 -0500] "POST /sipse/faces/presentacion/financiero/solicitudProceso/listarSolicitudProceso.xhtml HTTP/1.1" 200 57595
186.31.47.234 - - [12/Mar/2023:18:42:13 -0500] "POST /sipse/faces/presentacion/financiero/solicitudProceso/listarSolicitudProceso.xhtml HTTP/1.1" 200 57595
186.31.47.234 - - [12/Mar/2023:18:42:13 -0500] "POST /sipse/faces/presentacion/financiero/solicitudProceso/listarSolicitudProceso.xhtml HTTP/1.1" 200 57595
186.31.47.234 - - [12/Mar/2023:18:42:14 -0500] "POST /sipse/faces/presentacion/financiero/solicitudProceso/listarSolicitudProceso.xhtml HTTP/1.1" 200 57595
186.31.47.234 - - [12/Mar/2023:18:42:14 -0500] "POST /sipse/faces/presentacion/financiero/solicitudProceso/listarSolicitudProceso.xhtml HTTP/1.1" 200 57595
186.31.47.234 - - [12/Mar/2023:18:42:14 -0500] "POST /sipse/faces/presentacion/financiero/solicitudProceso/listarSolicitudProceso.xhtml HTTP/1.1" 200 1560
186.31.47.234 - - [12/Mar/2023:18:42:15 -0500] "POST /sipse/faces/presentacion/financiero/solicitudProceso/listarSolicitudProceso.xhtml HTTP/1.1" 200 1552
186.31.47.234 - - [12/Mar/2023:18:42:15 -0500] "POST /sipse/faces/presentacion/financiero/solicitudProceso/listarSolicitudProceso.xhtml HTTP/1.1" 200 1564
186.31.47.234 - - [12/Mar/2023:18:42:15 -0500] "POST /sipse/faces/presentacion/financiero/solicitudProceso/listarSolicitudProceso.xhtml HTTP/1.1" 200 1552
186.31.47.234 - - [12/Mar/2023:18:42:16 -0500] "POST /sipse/faces/presentacion/financiero/solicitudProceso/listarSolicitudProceso.xhtml HTTP/1.1" 200 1564
186.31.47.234 - - [12/Mar/2023:18:42:16 -0500] "POST /sipse/faces/presentacion/financiero/solicitudProceso/listarSolicitudProceso.xhtml HTTP/1.1" 200 1552
186.31.47.234 - - [12/Mar/2023:18:42:17 -0500] "POST /sipse/faces/presentacion/financiero/solicitudProceso/listarSolicitudProceso.xhtml HTTP/1.1" 200 57595
