66.249.70.17 - - [12/Mar/2023:10:00:23 -0500] "-" 408 -
201.245.192.253 - - [12/Mar/2023:10:00:52 -0500] "POST /kwsrmcab/Wsrmcab  HTTP/1.1" 200 213
201.221.172.212 - - [12/Mar/2023:10:02:10 -0500] "GET /mujeres-que-reverdecen-secretaria-de-ambiente-anuncia-el-inicio-de-la-tercera-fase.html HTTP/1.1" 200 954
172.22.2.4 - - [12/Mar/2023:10:00:32 -0500] "HEAD /BLA/boletinlegal/ HTTP/1.1" 200 -
168.119.51.200 - - [12/Mar/2023:10:02:44 -0500] "GET / HTTP/1.1" 200 319
69.171.249.20 - - [12/Mar/2023:10:02:59 -0500] "GET /images/24%20de%20febrero%20Sendero%20guadalupe%202.jpeg HTTP/1.1" 200 70964
216.245.221.92 - - [12/Mar/2023:10:03:02 -0500] "HEAD / HTTP/1.1" 200 -
172.22.2.4 - - [12/Mar/2023:10:01:23 -0500] "GET /BLA/boletinlegal/ HTTP/1.1" 200 59296
217.115.34.254 - - [12/Mar/2023:10:03:22 -0500] "GET /BLA/resoluciones/RESOLUCIONES%202021/5262.pdf HTTP/1.1" 200 370932
217.115.34.254 - - [12/Mar/2023:10:03:24 -0500] "GET /BLA/resoluciones/RESOLUCIONES%202021/5262.pdf HTTP/1.1" 200 370932
52.167.144.168 - - [12/Mar/2023:10:04:16 -0500] "GET /BLA/boletinlegal/Directivas/2013/Directiva%20No.%202%20del%2004%20de%20Abril%20de%202013.pdf HTTP/1.1" 304 -
74.125.210.56 - - [12/Mar/2023:10:05:27 -0500] "GET /mujeres-que-reverdecen-secretaria-de-ambiente-anuncia-el-inicio-de-la-tercera-fase.html HTTP/1.1" 200 954
179.19.51.74 - - [12/Mar/2023:10:05:32 -0500] "GET /mujeres-que-reverdecen-secretaria-de-ambiente-anuncia-el-inicio-de-la-tercera-fase.html HTTP/1.1" 200 954
74.125.210.54 - - [12/Mar/2023:10:05:32 -0500] "GET /mujeres-que-reverdecen-secretaria-de-ambiente-anuncia-el-inicio-de-la-tercera-fase.html HTTP/1.1" 200 954
201.245.192.253 - - [12/Mar/2023:10:05:52 -0500] "POST /kwsrmcab/Wsrmcab  HTTP/1.1" 200 213
64.124.8.29 - - [12/Mar/2023:10:07:08 -0500] "-" 408 -
52.167.144.71 - - [12/Mar/2023:10:07:13 -0500] "GET /BLA/resoluciones/AUTOS%202019/0874.pdf HTTP/1.1" 200 265175
185.119.81.101 - - [12/Mar/2023:10:07:34 -0500] "GET /portaldeninos/wp-login.php HTTP/1.1" 503 1037
216.245.221.92 - - [12/Mar/2023:10:08:02 -0500] "HEAD / HTTP/1.1" 200 -
172.22.2.4 - - [12/Mar/2023:10:06:22 -0500] "HEAD /BLA/boletinlegal/ HTTP/1.1" 200 -
172.22.2.4 - - [12/Mar/2023:10:07:13 -0500] "GET /BLA/boletinlegal/ HTTP/1.1" 200 59296
201.245.192.253 - - [12/Mar/2023:10:10:51 -0500] "POST /kwsrmcab/Wsrmcab  HTTP/1.1" 200 213
69.63.184.5 - - [12/Mar/2023:10:10:57 -0500] "GET /images/foto%202.jpg HTTP/1.1" 200 63300
69.63.184.118 - - [12/Mar/2023:10:12:30 -0500] "GET /images/mercados-campesinos-5-mayo.jpg HTTP/1.1" 200 95848
216.245.221.92 - - [12/Mar/2023:10:13:02 -0500] "HEAD / HTTP/1.1" 200 -
172.22.2.4 - - [12/Mar/2023:10:12:12 -0500] "HEAD /BLA/boletinlegal/ HTTP/1.1" 200 -
172.22.2.4 - - [12/Mar/2023:10:13:03 -0500] "GET /BLA/boletinlegal/ HTTP/1.1" 200 58653
201.245.192.253 - - [12/Mar/2023:10:15:49 -0500] "POST /kwsrmcab/Wsrmcab  HTTP/1.1" 200 213
186.86.33.162 - - [12/Mar/2023:10:15:53 -0500] "GET /mujeres-que-reverdecen-secretaria-de-ambiente-anuncia-el-inicio-de-la-tercera-fase.html HTTP/1.1" 200 954
181.59.3.189 - - [12/Mar/2023:10:16:52 -0500] "GET /mujeres-que-reverdecen-secretaria-de-ambiente-anuncia-el-inicio-de-la-tercera-fase.html HTTP/1.1" 200 954
66.249.66.32 - - [12/Mar/2023:10:16:57 -0500] "-" 408 -
185.119.81.101 - - [12/Mar/2023:10:17:16 -0500] "GET /portaldeninos/wp-login.php HTTP/1.1" 503 1037
199.16.157.181 - - [12/Mar/2023:10:17:52 -0500] "-" 408 -
192.133.77.18 - - [12/Mar/2023:10:17:53 -0500] "-" 408 -
216.245.221.92 - - [12/Mar/2023:10:18:02 -0500] "HEAD / HTTP/1.1" 200 -
181.53.13.230 - - [12/Mar/2023:10:19:31 -0500] "-" 408 -
172.22.2.4 - - [12/Mar/2023:10:18:02 -0500] "HEAD /BLA/boletinlegal/ HTTP/1.1" 200 -
201.245.192.253 - - [12/Mar/2023:10:20:12 -0500] "POST /kwsrmcab/Wsrmcab HTTP/1.1" 200 41264
201.245.192.253 - - [12/Mar/2023:10:20:15 -0500] "POST /kwsrmcab/Wsrmcab HTTP/1.1" 200 43159
173.252.95.21 - - [12/Mar/2023:10:20:26 -0500] "GET /secretaria-de-ambiente-y-car-firman-el-plan-de-manejo-ambiental-del-sitio-ramsar-complejo-de-humedales-urbanos-de-bogota-unico-en-america-latina.html HTTP/1.1" 206 1040
172.22.2.4 - - [12/Mar/2023:10:18:53 -0500] "GET /BLA/boletinlegal/ HTTP/1.1" 200 58297
201.245.192.253 - - [12/Mar/2023:10:20:48 -0500] "POST /kwsrmcab/Wsrmcab  HTTP/1.1" 200 213
216.245.221.92 - - [12/Mar/2023:10:23:02 -0500] "HEAD / HTTP/1.1" 200 -
172.22.2.4 - - [12/Mar/2023:10:23:52 -0500] "HEAD /BLA/boletinlegal/ HTTP/1.1" 200 -
201.245.192.253 - - [12/Mar/2023:10:25:49 -0500] "POST /kwsrmcab/Wsrmcab  HTTP/1.1" 200 213
172.22.2.4 - - [12/Mar/2023:10:24:43 -0500] "GET /BLA/boletinlegal/ HTTP/1.1" 200 59646
181.59.2.125 - - [12/Mar/2023:10:26:57 -0500] "GET /BLA/resoluciones/RESOLUCIONES%202016/1002.pdf HTTP/1.1" 200 2515842
181.59.2.125 - - [12/Mar/2023:10:26:57 -0500] "GET /favicon.ico HTTP/1.1" 200 7782
216.245.221.92 - - [12/Mar/2023:10:28:02 -0500] "HEAD / HTTP/1.1" 200 -
201.216.46.77 - - [12/Mar/2023:10:29:03 -0500] "GET /catalogoisis/ HTTP/1.1" 200 8575
162.55.43.55 - - [12/Mar/2023:10:29:04 -0500] "GET / HTTP/1.1" 200 319
201.216.46.77 - - [12/Mar/2023:10:29:11 -0500] "GET /catalogoisis/imagenes/aceptar2.gif HTTP/1.1" 200 586
201.216.46.77 - - [12/Mar/2023:10:29:11 -0500] "GET /catalogoisis/imagenes/aceptar2.gif HTTP/1.1" 200 586
186.154.34.193 - - [12/Mar/2023:10:29:14 -0500] "GET /mujeres-que-reverdecen-secretaria-de-ambiente-anuncia-el-inicio-de-la-tercera-fase.html HTTP/1.1" 200 954
191.156.150.210 - - [12/Mar/2023:10:29:27 -0500] "GET /appsia/controlador HTTP/1.1" 200 4799
191.156.145.150 - - [12/Mar/2023:10:29:28 -0500] "GET /appsia/scripts/validarIngreso.js HTTP/1.1" 200 851
191.156.150.210 - - [12/Mar/2023:10:29:28 -0500] "GET /appsia/css/estilos.css HTTP/1.1" 200 4804
191.156.145.150 - - [12/Mar/2023:10:29:28 -0500] "GET /appsia/images/cabezoteHojaVida.png HTTP/1.1" 200 32493
191.156.145.150 - - [12/Mar/2023:10:29:28 -0500] "GET /appsia/images/logo_bogota_p.png HTTP/1.1" 200 14951
191.156.150.210 - - [12/Mar/2023:10:29:29 -0500] "GET /favicon.ico HTTP/1.1" 200 7782
201.245.192.253 - - [12/Mar/2023:10:30:12 -0500] "POST /kwsrmcab/Wsrmcab HTTP/1.1" 200 41264
201.245.192.253 - - [12/Mar/2023:10:30:15 -0500] "POST /kwsrmcab/Wsrmcab HTTP/1.1" 200 43159
201.245.192.253 - - [12/Mar/2023:10:30:49 -0500] "POST /kwsrmcab/Wsrmcab  HTTP/1.1" 200 213
172.22.2.4 - - [12/Mar/2023:10:29:42 -0500] "HEAD /BLA/boletinlegal/ HTTP/1.1" 200 -
27.115.124.70 - - [12/Mar/2023:10:31:25 -0500] "GET /catalogoisis HTTP/1.1" 404 1140
27.115.124.70 - - [12/Mar/2023:10:31:32 -0500] "GET /catalogoisis HTTP/1.1" 404 1140
66.249.70.17 - - [12/Mar/2023:10:31:54 -0500] "-" 408 -
42.236.10.106 - - [12/Mar/2023:10:32:04 -0500] "GET / HTTP/1.1" 200 319
172.22.2.4 - - [12/Mar/2023:10:30:33 -0500] "GET /BLA/boletinlegal/ HTTP/1.1" 200 58653
31.13.127.20 - - [12/Mar/2023:10:32:14 -0500] "GET /images/17%20de%20febrero%20mujeres%20que%20reverdecen.jpeg HTTP/1.1" 200 85735
31.13.127.37 - - [12/Mar/2023:10:32:26 -0500] "GET /secretaria-de-ambiente-advierte-sobre-falso-mensaje-para-inscripciones-al-programa-mujeres-que-reverdecen.html HTTP/1.1" 206 1039
216.245.221.92 - - [12/Mar/2023:10:33:02 -0500] "HEAD / HTTP/1.1" 200 -
173.252.107.4 - - [12/Mar/2023:10:33:18 -0500] "GET /images/idpyba-4-marzo-1_optimized.jpeg HTTP/1.1" 200 115318
69.171.251.12 - - [12/Mar/2023:10:35:16 -0500] "GET /images/rec-21_optimized.jpg HTTP/1.1" 200 143715
181.32.179.196 - - [12/Mar/2023:10:35:21 -0500] "GET /mujeres-que-reverdecen-secretaria-de-ambiente-anuncia-el-inicio-de-la-tercera-fase.html HTTP/1.1" 304 -
172.22.2.4 - - [12/Mar/2023:10:35:43 -0500] "GET /BLA/boletinlegal/actos.php HTTP/1.1" 200 9672
201.245.192.253 - - [12/Mar/2023:10:35:42 -0500] "POST /kwsrmcab/Wsrmcab  HTTP/1.1" 200 213
172.22.2.4 - - [12/Mar/2023:10:35:47 -0500] "GET /BLA/boletinlegal/actos.php HTTP/1.1" 200 9672
181.59.3.64 - - [12/Mar/2023:10:36:44 -0500] "GET /mujeres-que-reverdecen-secretaria-de-ambiente-anuncia-el-inicio-de-la-tercera-fase.html HTTP/1.1" 200 954
190.253.152.222 - - [12/Mar/2023:10:37:04 -0500] "GET /BLA/resoluciones/RESOLUCIONES%202016/1002.pdf HTTP/1.1" 200 2515842
190.253.152.222 - - [12/Mar/2023:10:37:05 -0500] "GET /favicon.ico HTTP/1.1" 200 7782
172.22.2.4 - - [12/Mar/2023:10:35:32 -0500] "HEAD /BLA/boletinlegal/ HTTP/1.1" 200 -
216.245.221.92 - - [12/Mar/2023:10:38:02 -0500] "HEAD / HTTP/1.1" 200 -
172.22.2.4 - - [12/Mar/2023:10:36:23 -0500] "GET /BLA/boletinlegal/ HTTP/1.1" 200 57141
201.245.192.253 - - [12/Mar/2023:10:40:12 -0500] "POST /kwsrmcab/Wsrmcab HTTP/1.1" 200 41264
201.245.192.253 - - [12/Mar/2023:10:40:14 -0500] "POST /kwsrmcab/Wsrmcab HTTP/1.1" 200 43159
201.245.192.253 - - [12/Mar/2023:10:40:40 -0500] "POST /kwsrmcab/Wsrmcab  HTTP/1.1" 200 213
66.249.70.15 - - [12/Mar/2023:10:40:46 -0500] "-" 408 -
185.119.81.101 - - [12/Mar/2023:10:41:34 -0500] "GET /portaldeninos/wp-login.php HTTP/1.1" 503 1037
191.95.52.60 - - [12/Mar/2023:10:41:36 -0500] "GET /mujeres-que-reverdecen-secretaria-de-ambiente-anuncia-el-inicio-de-la-tercera-fase.html HTTP/1.1" 200 954
216.245.221.92 - - [12/Mar/2023:10:43:02 -0500] "HEAD / HTTP/1.1" 200 -
172.22.2.4 - - [12/Mar/2023:10:41:22 -0500] "HEAD /BLA/boletinlegal/ HTTP/1.1" 200 -
172.22.2.4 - - [12/Mar/2023:10:42:14 -0500] "GET /BLA/boletinlegal/ HTTP/1.1" 200 57551
201.245.192.253 - - [12/Mar/2023:10:45:39 -0500] "POST /kwsrmcab/Wsrmcab  HTTP/1.1" 200 213
191.95.60.124 - - [12/Mar/2023:10:47:47 -0500] "GET /galeria/galeria/jquery.fancybox.css?v=2.1.5 HTTP/1.1" 200 4895
191.95.60.124 - - [12/Mar/2023:10:47:47 -0500] "GET /galeria/galeria/jquery.fancybox.js?v=2.1.5 HTTP/1.1" 200 48706
181.53.13.126 - - [12/Mar/2023:10:47:49 -0500] "GET /mujeres-que-reverdecen-secretaria-de-ambiente-anuncia-el-inicio-de-la-tercera-fase.html HTTP/1.1" 200 954
216.245.221.92 - - [12/Mar/2023:10:48:02 -0500] "HEAD / HTTP/1.1" 200 -
172.22.2.4 - - [12/Mar/2023:10:47:12 -0500] "HEAD /BLA/boletinlegal/ HTTP/1.1" 200 -
172.22.2.4 - - [12/Mar/2023:10:48:03 -0500] "GET /BLA/boletinlegal/ HTTP/1.1" 200 59296
186.80.52.196 - - [12/Mar/2023:10:50:28 -0500] "GET /mujeres-que-reverdecen-secretaria-de-ambiente-anuncia-el-inicio-de-la-tercera-fase.html HTTP/1.1" 200 954
201.245.192.253 - - [12/Mar/2023:10:50:38 -0500] "POST /kwsrmcab/Wsrmcab  HTTP/1.1" 200 213
186.80.52.196 - - [12/Mar/2023:10:51:18 -0500] "GET /mujeres-que-reverdecen-secretaria-de-ambiente-anuncia-el-inicio-de-la-tercera-fase.html HTTP/1.1" 200 954
191.109.185.66 - - [12/Mar/2023:10:51:51 -0500] "GET /mujeres-que-reverdecen-secretaria-de-ambiente-anuncia-el-inicio-de-la-tercera-fase.html HTTP/1.1" 200 954
186.31.47.234 - - [12/Mar/2023:10:52:01 -0500] "POST /sipse/faces/presentacion/financiero/solicitudProceso/listarSolicitudProceso.xhtml HTTP/1.1" 302 -
186.31.47.234 - - [12/Mar/2023:10:52:02 -0500] "GET /sipse/faces/autenticacion.xhtml HTTP/1.1" 200 1091
186.31.47.234 - - [12/Mar/2023:10:52:02 -0500] "POST /sipse/faces/presentacion/financiero/solicitudProceso/listarSolicitudProceso.xhtml HTTP/1.1" 302 -
186.31.47.234 - - [12/Mar/2023:10:52:02 -0500] "GET /sipse/faces/autenticacion.xhtml HTTP/1.1" 200 1091
186.31.47.234 - - [12/Mar/2023:10:52:03 -0500] "POST /sipse/faces/presentacion/financiero/solicitudProceso/listarSolicitudProceso.xhtml HTTP/1.1" 302 -
186.31.47.234 - - [12/Mar/2023:10:52:03 -0500] "GET /sipse/faces/autenticacion.xhtml HTTP/1.1" 200 1091
186.31.47.234 - - [12/Mar/2023:10:52:03 -0500] "POST /sipse/faces/presentacion/financiero/solicitudProceso/listarSolicitudProceso.xhtml HTTP/1.1" 302 -
186.31.47.234 - - [12/Mar/2023:10:52:03 -0500] "GET /sipse/faces/autenticacion.xhtml HTTP/1.1" 200 1091
40.77.167.122 - - [12/Mar/2023:10:52:38 -0500] "GET /BLA/resoluciones/RESOLUCIONES%202009/1150.pdf HTTP/1.1" 200 655704
216.245.221.92 - - [12/Mar/2023:10:53:02 -0500] "HEAD / HTTP/1.1" 200 -
162.55.41.96 - - [12/Mar/2023:10:54:19 -0500] "GET / HTTP/1.1" 200 319
172.22.2.4 - - [12/Mar/2023:10:53:02 -0500] "HEAD /BLA/boletinlegal/ HTTP/1.1" 200 -
172.22.2.4 - - [12/Mar/2023:10:53:53 -0500] "GET /BLA/boletinlegal/ HTTP/1.1" 200 57551
201.245.192.253 - - [12/Mar/2023:10:55:41 -0500] "POST /kwsrmcab/Wsrmcab  HTTP/1.1" 200 213
191.95.49.43 - - [12/Mar/2023:10:56:04 -0500] "GET /mujeres-que-reverdecen-secretaria-de-ambiente-anuncia-el-inicio-de-la-tercera-fase.html HTTP/1.1" 200 954
173.252.79.5 - - [12/Mar/2023:10:56:51 -0500] "GET /images/caminatas-ecol\xc3\xb3gicas-marzo---1920x1080_optimized.jpg HTTP/1.1" 404 1034
216.245.221.92 - - [12/Mar/2023:10:58:02 -0500] "HEAD / HTTP/1.1" 200 -
186.154.39.71 - - [12/Mar/2023:10:58:04 -0500] "GET /mujeres-que-reverdecen-secretaria-de-ambiente-anuncia-el-inicio-de-la-tercera-fase.html HTTP/1.1" 200 954
191.156.62.17 - - [12/Mar/2023:10:58:41 -0500] "GET /inscribete-y-participa-en-las-caminatas-ecologicas-de-marzo.html HTTP/1.1" 304 -
172.22.2.4 - - [12/Mar/2023:10:58:52 -0500] "HEAD /BLA/boletinlegal/ HTTP/1.1" 200 -
201.245.192.253 - - [12/Mar/2023:11:00:40 -0500] "POST /kwsrmcab/Wsrmcab  HTTP/1.1" 200 213
5.188.210.227 - - [12/Mar/2023:11:01:05 -0500] "GET http://5.188.210.227/echo.php HTTP/1.1" 404 1151
172.22.2.4 - - [12/Mar/2023:10:59:42 -0500] "GET /BLA/boletinlegal/ HTTP/1.1" 200 57551
66.249.70.15 - - [12/Mar/2023:11:01:54 -0500] "-" 408 -
216.245.221.92 - - [12/Mar/2023:11:03:02 -0500] "HEAD / HTTP/1.1" 200 -
173.252.83.8 - - [12/Mar/2023:11:04:40 -0500] "GET /images/Puntos%20calientes%2024%20de%20febrero.jpeg HTTP/1.1" 200 42626
201.245.192.253 - - [12/Mar/2023:11:05:39 -0500] "POST /kwsrmcab/Wsrmcab  HTTP/1.1" 200 213
172.22.2.4 - - [12/Mar/2023:11:04:42 -0500] "HEAD /BLA/boletinlegal/ HTTP/1.1" 200 -
191.95.49.180 - - [12/Mar/2023:11:07:08 -0500] "GET /mujeres-que-reverdecen-secretaria-de-ambiente-anuncia-el-inicio-de-la-tercera-fase.html HTTP/1.1" 200 954
172.22.2.4 - - [12/Mar/2023:11:05:32 -0500] "GET /BLA/boletinlegal/ HTTP/1.1" 200 57141
216.245.221.92 - - [12/Mar/2023:11:08:02 -0500] "HEAD / HTTP/1.1" 200 -
172.22.2.4 - - [12/Mar/2023:11:09:31 -0500] "GET /BLA/boletinlegal/actos.php HTTP/1.1" 200 9672
201.245.192.253 - - [12/Mar/2023:11:10:38 -0500] "POST /kwsrmcab/Wsrmcab  HTTP/1.1" 200 213
172.22.2.4 - - [12/Mar/2023:11:10:32 -0500] "HEAD /BLA/boletinlegal/ HTTP/1.1" 200 -
216.245.221.92 - - [12/Mar/2023:11:13:02 -0500] "HEAD / HTTP/1.1" 200 -
172.22.2.4 - - [12/Mar/2023:11:11:22 -0500] "GET /BLA/boletinlegal/ HTTP/1.1" 200 59296
64.124.8.50 - - [12/Mar/2023:11:14:06 -0500] "GET /portaldeninos/biodiversidad HTTP/1.1" 503 1037
69.63.184.2 - - [12/Mar/2023:11:14:47 -0500] "GET /images/17%20de%20febrero%20mujeres%20que%20reverdecen.jpeg HTTP/1.1" 200 85735
201.245.192.253 - - [12/Mar/2023:11:15:37 -0500] "POST /kwsrmcab/Wsrmcab  HTTP/1.1" 200 213
216.245.221.92 - - [12/Mar/2023:11:18:02 -0500] "HEAD / HTTP/1.1" 200 -
172.22.2.4 - - [12/Mar/2023:11:16:22 -0500] "HEAD /BLA/boletinlegal/ HTTP/1.1" 200 -
52.167.144.81 - - [12/Mar/2023:11:18:05 -0500] "GET /sipse/faces/faces/autenticacion.xhtml HTTP/1.1" 200 12490
34.91.92.79 - - [12/Mar/2023:11:18:19 -0500] "GET /inventario-de-emisiones-2020-transporte-publico-sitp-redujo-emisiones-de-pm-2-5-en-un-37.html HTTP/1.1" 200 925
172.22.2.4 - - [12/Mar/2023:11:17:13 -0500] "GET /BLA/boletinlegal/ HTTP/1.1" 200 57551
172.22.2.4 - - [12/Mar/2023:11:19:51 -0500] "GET /BLA/boletinlegal/actos.php HTTP/1.1" 200 9672
34.147.123.254 - - [12/Mar/2023:11:19:57 -0500] "GET /inventario-de-emisiones-2020-transporte-publico-sitp-redujo-emisiones-de-pm-2-5-en-un-37.html HTTP/1.1" 200 925
201.245.192.253 - - [12/Mar/2023:11:20:12 -0500] "POST /kwsrmcab/Wsrmcab HTTP/1.1" 200 41604
201.245.192.253 - - [12/Mar/2023:11:20:15 -0500] "POST /kwsrmcab/Wsrmcab HTTP/1.1" 200 43144
201.245.192.253 - - [12/Mar/2023:11:20:33 -0500] "POST /kwsrmcab/Wsrmcab  HTTP/1.1" 200 213
64.124.8.45 - - [12/Mar/2023:11:20:43 -0500] "-" 408 -
186.84.148.76 - - [12/Mar/2023:11:21:25 -0500] "GET /galeria/galeria/jquery.fancybox.css?v=2.1.5 HTTP/1.1" 200 4895
186.84.148.76 - - [12/Mar/2023:11:21:25 -0500] "GET /galeria/galeria/jquery.fancybox.js?v=2.1.5 HTTP/1.1" 200 48706
186.84.148.76 - - [12/Mar/2023:11:21:25 -0500] "GET /BLA/boletinlegal/js/jquery.scrollShow.js HTTP/1.1" 200 4586
190.24.24.76 - - [12/Mar/2023:11:21:58 -0500] "GET /mujeres-que-reverdecen-secretaria-de-ambiente-anuncia-el-inicio-de-la-tercera-fase.html HTTP/1.1" 200 954
40.77.167.164 - - [12/Mar/2023:11:22:33 -0500] "GET /sipse/faces/autenticacion.xhtml HTTP/1.1" 200 12490
66.249.70.17 - - [12/Mar/2023:11:22:43 -0500] "-" 408 -
172.22.2.4 - - [12/Mar/2023:11:22:51 -0500] "GET /BLA/boletinlegal/actos.php HTTP/1.1" 200 9672
216.245.221.92 - - [12/Mar/2023:11:23:02 -0500] "HEAD / HTTP/1.1" 200 -
172.22.2.4 - - [12/Mar/2023:11:22:12 -0500] "HEAD /BLA/boletinlegal/ HTTP/1.1" 200 -
186.84.130.238 - - [12/Mar/2023:11:24:23 -0500] "GET /mujeres-que-reverdecen-secretaria-de-ambiente-anuncia-el-inicio-de-la-tercera-fase.html HTTP/1.1" 200 954
172.22.2.4 - - [12/Mar/2023:11:23:02 -0500] "GET /BLA/boletinlegal/ HTTP/1.1" 200 57551
172.22.2.4 - - [12/Mar/2023:11:25:25 -0500] "GET /BLA/boletinlegal/actos.php HTTP/1.1" 200 9672
201.245.192.253 - - [12/Mar/2023:11:25:31 -0500] "POST /kwsrmcab/Wsrmcab  HTTP/1.1" 200 213
216.245.221.92 - - [12/Mar/2023:11:29:03 -0500] "HEAD / HTTP/1.1" 200 -
172.22.2.4 - - [12/Mar/2023:11:29:03 -0500] "HEAD /BLA/boletinlegal/ HTTP/1.1" 200 -
201.245.192.253 - - [12/Mar/2023:11:31:13 -0500] "POST /kwsrmcab/Wsrmcab HTTP/1.1" 200 41604
201.245.192.253 - - [12/Mar/2023:11:31:15 -0500] "POST /kwsrmcab/Wsrmcab HTTP/1.1" 200 43144
201.245.192.253 - - [12/Mar/2023:11:31:30 -0500] "POST /kwsrmcab/Wsrmcab  HTTP/1.1" 200 213
172.22.2.4 - - [12/Mar/2023:11:29:53 -0500] "GET /BLA/boletinlegal/ HTTP/1.1" 200 57551
66.249.70.13 - - [12/Mar/2023:11:31:59 -0500] "-" 408 -
45.238.182.140 - - [12/Mar/2023:11:33:31 -0500] "GET /mujeres-que-reverdecen-secretaria-de-ambiente-anuncia-el-inicio-de-la-tercera-fase.html HTTP/1.1" 200 954
216.245.221.92 - - [12/Mar/2023:11:34:02 -0500] "HEAD / HTTP/1.1" 200 -
172.22.2.4 - - [12/Mar/2023:11:35:11 -0500] "GET /BLA/boletinlegal/ HTTP/1.1" 200 24523
201.245.192.253 - - [12/Mar/2023:11:36:29 -0500] "POST /kwsrmcab/Wsrmcab  HTTP/1.1" 200 213
172.22.2.4 - - [12/Mar/2023:11:34:53 -0500] "HEAD /BLA/boletinlegal/ HTTP/1.1" 200 -
186.112.50.215 - - [12/Mar/2023:11:37:16 -0500] "GET /galeria/galeria/jquery.fancybox.css?v=2.1.5 HTTP/1.1" 200 4895
186.112.50.215 - - [12/Mar/2023:11:37:16 -0500] "GET /BLA/boletinlegal/js/jquery.scrollShow.js HTTP/1.1" 200 4586
186.112.50.215 - - [12/Mar/2023:11:37:17 -0500] "GET /galeria/galeria/jquery.fancybox.js?v=2.1.5 HTTP/1.1" 200 48706
172.22.2.4 - - [12/Mar/2023:11:35:44 -0500] "GET /BLA/boletinlegal/ HTTP/1.1" 200 57141
172.22.2.4 - - [12/Mar/2023:11:38:16 -0500] "GET /BLA/boletinlegal/jurisprudencia/analisis/analisis%20C-595-2010.doc HTTP/1.1" 200 39424
216.245.221.92 - - [12/Mar/2023:11:39:02 -0500] "HEAD / HTTP/1.1" 200 -
193.218.190.130 - - [12/Mar/2023:11:39:25 -0500] "GET /portaldeninos/ HTTP/1.1" 503 1037
190.9.208.216 - - [12/Mar/2023:11:40:47 -0500] "GET /mujeres-que-reverdecen-secretaria-de-ambiente-anuncia-el-inicio-de-la-tercera-fase.html HTTP/1.1" 200 954
201.245.192.253 - - [12/Mar/2023:11:41:12 -0500] "POST /kwsrmcab/Wsrmcab HTTP/1.1" 200 41604
201.245.192.253 - - [12/Mar/2023:11:41:15 -0500] "POST /kwsrmcab/Wsrmcab HTTP/1.1" 200 43144
201.245.192.253 - - [12/Mar/2023:11:41:30 -0500] "POST /kwsrmcab/Wsrmcab  HTTP/1.1" 200 213
201.244.238.63 - - [12/Mar/2023:11:41:48 -0500] "GET /BLA/resoluciones/AUTOS%202018/4116.pdf HTTP/1.1" 304 -
40.77.167.140 - - [12/Mar/2023:11:42:15 -0500] "GET /BLA/resoluciones/RESOLUCIONES%202012/1861.pdf HTTP/1.1" 200 502604
172.22.2.4 - - [12/Mar/2023:11:40:43 -0500] "HEAD /BLA/boletinlegal/ HTTP/1.1" 200 -
186.154.243.237 - - [12/Mar/2023:11:42:27 -0500] "GET /mujeres-que-reverdecen-secretaria-de-ambiente-anuncia-el-inicio-de-la-tercera-fase.html HTTP/1.1" 200 954
172.22.2.4 - - [12/Mar/2023:11:41:33 -0500] "GET /BLA/boletinlegal/ HTTP/1.1" 200 56277
186.154.38.173 - - [12/Mar/2023:11:43:14 -0500] "GET /mujeres-que-reverdecen-secretaria-de-ambiente-anuncia-el-inicio-de-la-tercera-fase.html HTTP/1.1" 200 954
216.245.221.92 - - [12/Mar/2023:11:44:02 -0500] "HEAD / HTTP/1.1" 200 -
190.249.21.140 - - [12/Mar/2023:11:44:46 -0500] "GET /sipse/faces/index.xhtml HTTP/1.1" 200 677
190.249.21.140 - - [12/Mar/2023:11:44:47 -0500] "GET /sipse/faces/javax.faces.resource/theme.css?ln=primefaces-sipse HTTP/1.1" 304 -
190.249.21.140 - - [12/Mar/2023:11:44:47 -0500] "GET /sipse/faces/faces/autenticacion.xhtml HTTP/1.1" 200 12168
190.249.21.140 - - [12/Mar/2023:11:44:47 -0500] "GET /sipse/js/disable_browser_buttons.js HTTP/1.1" 304 -
190.249.21.140 - - [12/Mar/2023:11:44:47 -0500] "GET /sipse/css/custom_css_sg_prime_login.css HTTP/1.1" 304 -
190.249.21.140 - - [12/Mar/2023:11:44:47 -0500] "GET /sipse/faces/javax.faces.resource/theme.css?ln=primefaces-sipse HTTP/1.1" 304 -
190.249.21.140 - - [12/Mar/2023:11:44:47 -0500] "GET /sipse/faces/javax.faces.resource/primefaces.css?ln=primefaces&v=4.0 HTTP/1.1" 304 -
190.249.21.140 - - [12/Mar/2023:11:44:47 -0500] "GET /sipse/faces/javax.faces.resource/jquery/jquery-plugins.js?ln=primefaces&v=4.0 HTTP/1.1" 304 -
190.249.21.140 - - [12/Mar/2023:11:44:47 -0500] "GET /sipse/faces/javax.faces.resource/layout/layout.js?ln=primefaces&v=4.0 HTTP/1.1" 304 -
190.249.21.140 - - [12/Mar/2023:11:44:47 -0500] "GET /sipse/css/custom_css_sg.css HTTP/1.1" 304 -
190.249.21.140 - - [12/Mar/2023:11:44:47 -0500] "GET /sipse/js/funciones.js HTTP/1.1" 304 -
190.249.21.140 - - [12/Mar/2023:11:44:47 -0500] "GET /sipse/faces/javax.faces.resource/layout/layout.css?ln=primefaces&v=4.0 HTTP/1.1" 304 -
190.249.21.140 - - [12/Mar/2023:11:44:47 -0500] "GET /sipse/faces/javax.faces.resource/jquery/jquery.js?ln=primefaces&v=4.0 HTTP/1.1" 304 -
190.249.21.140 - - [12/Mar/2023:11:44:47 -0500] "GET /sipse/faces/javax.faces.resource/primefaces.js?ln=primefaces&v=4.0 HTTP/1.1" 304 -
190.249.21.140 - - [12/Mar/2023:11:44:48 -0500] "GET /sipse/css/imagen/logoSDG.png HTTP/1.1" 304 -
190.249.21.140 - - [12/Mar/2023:11:44:48 -0500] "GET /sipse/css/imagen/loginimg.png HTTP/1.1" 304 -
190.249.21.140 - - [12/Mar/2023:11:44:48 -0500] "GET /sipse/faces/javax.faces.resource/images/ui-icons_898989_256x240.png?ln=primefaces-aristo HTTP/1.1" 304 -
190.249.21.140 - - [12/Mar/2023:11:44:59 -0500] "POST /sipse/faces/autenticacion.xhtml HTTP/1.1" 200 2220
190.249.21.140 - - [12/Mar/2023:11:44:59 -0500] "GET /sipse/faces/javax.faces.resource/messages/messages.png?ln=primefaces&v=4.0 HTTP/1.1" 304 -
190.249.21.140 - - [12/Mar/2023:11:45:01 -0500] "POST /sipse/faces/autenticacion.xhtml HTTP/1.1" 200 16306
190.249.21.140 - - [12/Mar/2023:11:45:01 -0500] "GET /sipse/css/custom_css_sg_prime.css HTTP/1.1" 304 -
190.249.21.140 - - [12/Mar/2023:11:45:01 -0500] "GET /sipse/faces/javax.faces.resource/theme.css?ln=primefaces-sipse HTTP/1.1" 304 -
190.249.21.140 - - [12/Mar/2023:11:45:01 -0500] "GET /sipse/faces/javax.faces.resource/layout/layout.css?ln=primefaces&v=4.0 HTTP/1.1" 304 -
190.249.21.140 - - [12/Mar/2023:11:45:01 -0500] "GET /sipse/faces/javax.faces.resource/primefaces.css?ln=primefaces&v=4.0 HTTP/1.1" 304 -
190.249.21.140 - - [12/Mar/2023:11:45:02 -0500] "GET /sipse/js/jquery.min.js HTTP/1.1" 304 -
190.249.21.140 - - [12/Mar/2023:11:45:02 -0500] "GET /sipse/faces/javax.faces.resource/jquery/jquery.js?ln=primefaces&v=4.0 HTTP/1.1" 304 -
190.249.21.140 - - [12/Mar/2023:11:45:02 -0500] "GET /sipse/faces/javax.faces.resource/jquery/jquery-plugins.js?ln=primefaces&v=4.0 HTTP/1.1" 304 -
190.249.21.140 - - [12/Mar/2023:11:45:02 -0500] "GET /sipse/faces/javax.faces.resource/primefaces.js?ln=primefaces&v=4.0 HTTP/1.1" 304 -
190.249.21.140 - - [12/Mar/2023:11:45:02 -0500] "GET /sipse/faces/javax.faces.resource/layout/layout.js?ln=primefaces&v=4.0 HTTP/1.1" 304 -
190.249.21.140 - - [12/Mar/2023:11:45:02 -0500] "GET /sipse/imagenes/logoAplicacion.jpg HTTP/1.1" 304 -
190.249.21.140 - - [12/Mar/2023:11:45:02 -0500] "GET /sipse/css/imagen/contrasena.png HTTP/1.1" 404 383
190.249.21.140 - - [12/Mar/2023:11:45:02 -0500] "GET /sipse/imagenes/cargando.gif HTTP/1.1" 304 -
190.249.21.140 - - [12/Mar/2023:11:45:04 -0500] "GET /sipse/faces/javax.faces.resource/images/ui-bg_flat_0_2d5972_40x100.png?ln=primefaces-aristo HTTP/1.1" 304 -
190.249.21.140 - - [12/Mar/2023:11:45:04 -0500] "POST /sipse/faces/bienvenido.xhtml HTTP/1.1" 200 2658
190.249.21.140 - - [12/Mar/2023:11:45:06 -0500] "POST /sipse/faces/bienvenido.xhtml HTTP/1.1" 200 65892
190.249.21.140 - - [12/Mar/2023:11:45:09 -0500] "GET /sipse/faces/javax.faces.resource/theme.css?ln=primefaces-sipse HTTP/1.1" 304 -
190.249.21.140 - - [12/Mar/2023:11:45:09 -0500] "GET /sipse/faces/javax.faces.resource/primefaces.css?ln=primefaces&v=4.0 HTTP/1.1" 304 -
190.249.21.140 - - [12/Mar/2023:11:45:09 -0500] "GET /sipse/faces/javax.faces.resource/layout/layout.css?ln=primefaces&v=4.0 HTTP/1.1" 304 -
190.249.21.140 - - [12/Mar/2023:11:45:09 -0500] "GET /sipse/faces/javax.faces.resource/jquery/jquery.js?ln=primefaces&v=4.0 HTTP/1.1" 304 -
190.249.21.140 - - [12/Mar/2023:11:45:09 -0500] "GET /sipse/faces/javax.faces.resource/jquery/jquery-plugins.js?ln=primefaces&v=4.0 HTTP/1.1" 304 -
190.249.21.140 - - [12/Mar/2023:11:45:10 -0500] "GET /sipse/faces/javax.faces.resource/primefaces.js?ln=primefaces&v=4.0 HTTP/1.1" 304 -
190.249.21.140 - - [12/Mar/2023:11:45:10 -0500] "GET /sipse/faces/javax.faces.resource/layout/layout.js?ln=primefaces&v=4.0 HTTP/1.1" 304 -
190.249.21.140 - - [12/Mar/2023:11:45:10 -0500] "POST /sipse/faces/presentacion/financiero/solicitudProceso/listarSolicitudProceso.xhtml HTTP/1.1" 200 1560
190.249.21.140 - - [12/Mar/2023:11:45:16 -0500] "POST /sipse/faces/presentacion/financiero/solicitudProceso/listarSolicitudProceso.xhtml HTTP/1.1" 200 44176
190.249.21.140 - - [12/Mar/2023:11:45:19 -0500] "POST /sipse/faces/presentacion/financiero/solicitudProceso/listarSolicitudProceso.xhtml HTTP/1.1" 200 19875
190.249.21.140 - - [12/Mar/2023:11:45:21 -0500] "POST /sipse/faces/presentacion/financiero/solicitudProceso/listarSolicitudProceso.xhtml HTTP/1.1" 200 16954
186.113.73.51 - - [12/Mar/2023:11:45:43 -0500] "GET /BLA/boletinlegal/js/jquery.scrollShow.js HTTP/1.1" 200 4586
186.113.73.51 - - [12/Mar/2023:11:45:43 -0500] "GET /galeria/galeria/jquery.fancybox.css?v=2.1.5 HTTP/1.1" 200 4895
186.113.73.51 - - [12/Mar/2023:11:45:43 -0500] "GET /galeria/galeria/jquery.fancybox.js?v=2.1.5 HTTP/1.1" 200 48706
186.113.73.51 - - [12/Mar/2023:11:45:43 -0500] "GET /autoliquidacion2020 HTTP/1.1" 301 250
186.113.73.51 - - [12/Mar/2023:11:45:43 -0500] "GET /autoliquidacion2020/ HTTP/1.1" 200 6146
186.113.73.51 - - [12/Mar/2023:11:45:44 -0500] "GET /autoliquidacion2020/dlf/folder.png HTTP/1.1" 200 410
186.113.73.51 - - [12/Mar/2023:11:45:44 -0500] "GET /autoliquidacion2020/dlf/styles.css HTTP/1.1" 200 3045
186.113.73.51 - - [12/Mar/2023:11:45:44 -0500] "GET /autoliquidacion2020/dlf/bg.gif HTTP/1.1" 200 54
186.113.73.51 - - [12/Mar/2023:11:45:46 -0500] "GET /autoliquidacion2020/index.php?dir=Grupo+Forestal+-+Silvicultura%2F HTTP/1.1" 200 2799
186.113.73.51 - - [12/Mar/2023:11:45:46 -0500] "GET /autoliquidacion2020/dlf/dirup.png HTTP/1.1" 200 644
186.113.73.51 - - [12/Mar/2023:11:45:46 -0500] "GET /autoliquidacion2020/dlf/html.gif HTTP/1.1" 200 632
186.113.73.51 - - [12/Mar/2023:11:45:49 -0500] "GET /autoliquidacion2020/index.php?dir=Grupo+Forestal+-+Silvicultura%2FPermiso+o+autorizaci%F3n+para+aprovechamiento+forestal+de+%E1rboles+aislados%2F HTTP/1.1" 200 3777
186.113.73.51 - - [12/Mar/2023:11:45:49 -0500] "GET /autoliquidacion2020/dlf/unknown.png HTTP/1.1" 200 266
186.113.73.51 - - [12/Mar/2023:11:45:49 -0500] "GET /autoliquidacion2020/dlf/xls.gif HTTP/1.1" 200 636
186.113.73.51 - - [12/Mar/2023:11:45:53 -0500] "GET /autoliquidacion2020/Grupo%20Forestal%20-%20Silvicultura/Permiso%20o%20autorizaci%C3%B3n%20para%20aprovechamiento%20forestal%20de%20%C3%A1rboles%20aislados/PM04-PR30-F1%20Formulario%20de%20solicitud%20de%20manejo%20o%20aprovechamiento%20forestal.xlsx HTTP/1.1" 200 69007
186.113.73.51 - - [12/Mar/2023:11:45:57 -0500] "GET /autoliquidacion2020/Grupo%20Forestal%20-%20Silvicultura/Permiso%20o%20autorizaci%C3%B3n%20para%20aprovechamiento%20forestal%20de%20%C3%A1rboles%20aislados/PM04-PR30-F2%20Formulario%20de%20recolecci%C3%B3n%20de%20informaci%C3%B3n%20silvicultural%20por%20individuo.xls HTTP/1.1" 200 261632
172.22.2.4 - - [12/Mar/2023:11:45:44 -0500] "GET /BLA/boletinlegal/ HTTP/1.1" 200 20427
201.244.238.63 - - [12/Mar/2023:11:46:15 -0500] "GET /BLA/resoluciones/index.php?dir=AUTOS+2015%2F HTTP/1.1" 200 90059
201.244.238.63 - - [12/Mar/2023:11:46:16 -0500] "GET /BLA/resoluciones/index.php?dir=AUTOS+2015%2F HTTP/1.1" 200 580093
172.22.2.4 - - [12/Mar/2023:11:46:17 -0500] "GET /BLA/boletinlegal/style.css HTTP/1.1" 200 9406
172.22.2.4 - - [12/Mar/2023:11:46:17 -0500] "GET /BLA/boletinlegal/styles2.css HTTP/1.1" 200 1838
172.22.2.4 - - [12/Mar/2023:11:46:17 -0500] "GET /BLA/boletinlegal/js/jquery.js HTTP/1.1" 200 57254
172.22.2.4 - - [12/Mar/2023:11:46:17 -0500] "GET /BLA/boletinlegal/js/jquery.scrollTo-min.js HTTP/1.1" 200 1150
172.22.2.4 - - [12/Mar/2023:11:46:17 -0500] "GET /BLA/boletinlegal/js/jquery.scrollShow.js HTTP/1.1" 200 4586
172.22.2.4 - - [12/Mar/2023:11:46:17 -0500] "GET /BLA/boletinlegal/images/cabezote%20BLEGAL.jpg HTTP/1.1" 200 118164
172.22.2.4 - - [12/Mar/2023:11:46:17 -0500] "GET /BLA/boletinlegal/images/subscribe-icon-big.png HTTP/1.1" 200 47702
172.22.2.4 - - [12/Mar/2023:11:46:17 -0500] "GET /BLA/boletinlegal/images/registro-usuarios.png HTTP/1.1" 200 8106
172.22.2.4 - - [12/Mar/2023:11:46:17 -0500] "GET /BLA/boletinlegal/images/historia.png HTTP/1.1" 200 52775
172.22.2.4 - - [12/Mar/2023:11:46:17 -0500] "GET /BLA/boletinlegal/images/screen_1.png HTTP/1.1" 200 202547
172.22.2.4 - - [12/Mar/2023:11:46:17 -0500] "GET /BLA/boletinlegal/images/arr_l.jpg HTTP/1.1" 200 1979
172.22.2.4 - - [12/Mar/2023:11:46:17 -0500] "GET /BLA/boletinlegal/images/launch.jpg HTTP/1.1" 200 14577
172.22.2.4 - - [12/Mar/2023:11:46:17 -0500] "GET /BLA/boletinlegal/images/body_bg.jpg HTTP/1.1" 200 1601
172.22.2.4 - - [12/Mar/2023:11:46:17 -0500] "GET /BLA/boletinlegal/images/menu_lft.gif HTTP/1.1" 200 1713
172.22.2.4 - - [12/Mar/2023:11:46:17 -0500] "GET /BLA/boletinlegal/images/menu_rght.gif HTTP/1.1" 200 1627
172.22.2.4 - - [12/Mar/2023:11:46:17 -0500] "GET /BLA/boletinlegal/images/bg_top.jpg HTTP/1.1" 200 522
172.22.2.4 - - [12/Mar/2023:11:46:17 -0500] "GET /BLA/boletinlegal/images/menu_bg.jpg HTTP/1.1" 200 620
172.22.2.4 - - [12/Mar/2023:11:46:17 -0500] "GET /BLA/boletinlegal/images/hover.jpg HTTP/1.1" 200 640
172.22.2.4 - - [12/Mar/2023:11:46:17 -0500] "GET /BLA/boletinlegal/images/text.jpg HTTP/1.1" 200 568
172.22.2.4 - - [12/Mar/2023:11:46:19 -0500] "GET /BLA/boletinlegal/normativa.php HTTP/1.1" 200 8333
172.22.2.4 - - [12/Mar/2023:11:46:19 -0500] "GET /BLA/boletinlegal/js/ajax_normativa.js HTTP/1.1" 200 1154
172.22.2.4 - - [12/Mar/2023:11:46:19 -0500] "GET /BLA/boletinlegal/niceforms-default.css HTTP/1.1" 200 6694
172.22.2.4 - - [12/Mar/2023:11:46:19 -0500] "GET /BLA/boletinlegal/niceforms.js HTTP/1.1" 200 22876
172.22.2.4 - - [12/Mar/2023:11:46:19 -0500] "GET /BLA/boletinlegal/images/tel.png HTTP/1.1" 200 14477
172.22.2.4 - - [12/Mar/2023:11:46:19 -0500] "GET /BLA/boletinlegal/images/icono-email.png HTTP/1.1" 200 5544
172.22.2.4 - - [12/Mar/2023:11:46:19 -0500] "GET /BLA/boletinlegal/images/footer_bg.jpg HTTP/1.1" 200 586
172.22.2.4 - - [12/Mar/2023:11:46:19 -0500] "GET /BLA/boletinlegal/images/footer_bg_l.jpg HTTP/1.1" 200 776
172.22.2.4 - - [12/Mar/2023:11:46:19 -0500] "GET /BLA/boletinlegal/img/select-left.png HTTP/1.1" 200 263
172.22.2.4 - - [12/Mar/2023:11:46:19 -0500] "GET /BLA/boletinlegal/img/0.png HTTP/1.1" 200 110
172.22.2.4 - - [12/Mar/2023:11:46:19 -0500] "GET /BLA/boletinlegal/img/select-right.png HTTP/1.1" 200 44019
172.22.2.4 - - [12/Mar/2023:11:46:19 -0500] "GET /BLA/boletinlegal/img/button-left.png HTTP/1.1" 200 57071
172.22.2.4 - - [12/Mar/2023:11:46:19 -0500] "GET /BLA/boletinlegal/img/button-right.png HTTP/1.1" 200 57878
172.22.2.4 - - [12/Mar/2023:11:46:19 -0500] "GET /BLA/boletinlegal/img/button.png HTTP/1.1" 200 43241
172.22.2.4 - - [12/Mar/2023:11:46:19 -0500] "GET /BLA/boletinlegal/favicon.ico HTTP/1.1" 404 1334
172.22.2.4 - - [12/Mar/2023:11:46:21 -0500] "GET /BLA/boletinlegal/actos.php HTTP/1.1" 200 9672
172.22.2.4 - - [12/Mar/2023:11:46:21 -0500] "GET /BLA/boletinlegal/js/lib.js HTTP/1.1" 200 6474
172.22.2.4 - - [12/Mar/2023:11:46:21 -0500] "GET /BLA/boletinlegal/js/popup.js HTTP/1.1" 200 1270
172.22.2.4 - - [12/Mar/2023:11:46:21 -0500] "GET /BLA/boletinlegal/js/jquery1.js HTTP/1.1" 200 29846
172.22.2.4 - - [12/Mar/2023:11:46:21 -0500] "GET /BLA/boletinlegal/js/ajax_actos.js HTTP/1.1" 200 1322
172.22.2.4 - - [12/Mar/2023:11:46:21 -0500] "GET /BLA/boletinlegal/images/green-yellow-blue-pink-th.png HTTP/1.1" 200 7394
186.154.32.98 - - [12/Mar/2023:11:46:22 -0500] "GET /BLA/resoluciones/ HTTP/1.1" 200 13502
186.154.32.98 - - [12/Mar/2023:11:46:22 -0500] "GET /BLA/resoluciones/dlf/styles.css HTTP/1.1" 200 3049
186.154.32.98 - - [12/Mar/2023:11:46:22 -0500] "GET /BLA/resoluciones/dlf/bg.gif HTTP/1.1" 200 54
186.154.32.98 - - [12/Mar/2023:11:46:26 -0500] "GET /BLA/resoluciones/index.php?dir=RESOLUCIONES+2023%2F HTTP/1.1" 200 7996
186.154.32.98 - - [12/Mar/2023:11:46:30 -0500] "GET /BLA/resoluciones/RESOLUCIONES%202023/0374.pdf HTTP/1.1" 200 481999
201.245.192.253 - - [12/Mar/2023:11:46:30 -0500] "POST /kwsrmcab/Wsrmcab  HTTP/1.1" 200 213
186.154.32.98 - - [12/Mar/2023:11:46:40 -0500] "GET /BLA/resoluciones/RESOLUCIONES%202023/0308.pdf HTTP/1.1" 200 855203
172.22.2.4 - - [12/Mar/2023:11:46:17 -0500] "GET /BLA/boletinlegal/ HTTP/1.1" 200 24523
186.29.146.196 - - [12/Mar/2023:11:47:22 -0500] "GET /sia/ HTTP/1.1" 200 2661
186.29.146.196 - - [12/Mar/2023:11:47:22 -0500] "GET /css/date_blue.css HTTP/1.1" 404 1254
186.29.146.196 - - [12/Mar/2023:11:47:22 -0500] "GET /css/bordes.css HTTP/1.1" 404 1254
186.29.146.196 - - [12/Mar/2023:11:47:22 -0500] "GET /css/fondos.css HTTP/1.1" 404 1254
186.29.146.196 - - [12/Mar/2023:11:47:22 -0500] "GET /css/textos.css HTTP/1.1" 404 1254
186.29.146.196 - - [12/Mar/2023:11:47:23 -0500] "GET /favicon.ico HTTP/1.1" 200 7782
201.244.238.63 - - [12/Mar/2023:11:48:06 -0500] "GET /BLA/resoluciones/AUTOS%202015/1615.pdf HTTP/1.1" 200 671514
172.22.2.4 - - [12/Mar/2023:11:48:08 -0500] "GET /BLA/boletinlegal/robots.txt HTTP/1.1" 404 1038
172.22.2.4 - - [12/Mar/2023:11:48:09 -0500] "GET /BLA/boletinlegal/jurisprudencia.php HTTP/1.1" 200 17573
172.22.2.4 - - [12/Mar/2023:11:46:33 -0500] "HEAD /BLA/boletinlegal/ HTTP/1.1" 200 -
216.245.221.92 - - [12/Mar/2023:11:49:02 -0500] "HEAD / HTTP/1.1" 200 -
172.22.2.4 - - [12/Mar/2023:11:47:23 -0500] "GET /BLA/boletinlegal/ HTTP/1.1" 200 59646
181.59.2.251 - - [12/Mar/2023:11:49:37 -0500] "GET /mujeres-que-reverdecen-secretaria-de-ambiente-anuncia-el-inicio-de-la-tercera-fase.html HTTP/1.1" 200 954
35.204.172.29 - - [12/Mar/2023:11:50:21 -0500] "GET /inventario-de-emisiones-2020-transporte-publico-sitp-redujo-emisiones-de-pm-2-5-en-un-37.html HTTP/1.1" 200 925
34.90.51.83 - - [12/Mar/2023:11:50:35 -0500] "GET /inventario-de-emisiones-2020-transporte-publico-sitp-redujo-emisiones-de-pm-2-5-en-un-37.html HTTP/1.1" 200 925
201.244.238.63 - - [12/Mar/2023:11:50:46 -0500] "GET /BLA/resoluciones/AUTOS%202015/1613.pdf HTTP/1.1" 200 666987
52.167.144.168 - - [12/Mar/2023:11:51:22 -0500] "GET /BLA/resoluciones/index.php?dir=RESOLUCIONES+2023%2F HTTP/1.1" 200 7996
40.77.139.65 - - [12/Mar/2023:11:51:29 -0500] "GET /BLA/resoluciones/dlf/styles.css HTTP/1.1" 200 3049
186.29.146.196 - - [12/Mar/2023:11:51:29 -0500] "GET /css/date_blue.css HTTP/1.1" 404 1254
186.29.146.196 - - [12/Mar/2023:11:51:29 -0500] "GET /css/fondos.css HTTP/1.1" 404 1254
186.29.146.196 - - [12/Mar/2023:11:51:29 -0500] "GET /css/bordes.css HTTP/1.1" 404 1254
186.29.146.196 - - [12/Mar/2023:11:51:29 -0500] "GET /css/textos.css HTTP/1.1" 404 1254
201.245.192.253 - - [12/Mar/2023:11:51:28 -0500] "POST /kwsrmcab/Wsrmcab  HTTP/1.1" 200 213
201.244.238.63 - - [12/Mar/2023:11:51:36 -0500] "GET /BLA/resoluciones/AUTOS%202015/1613.pdf HTTP/1.1" 304 -
172.22.2.4 - - [12/Mar/2023:11:51:43 -0500] "GET /BLA/boletinlegal/actos.php HTTP/1.1" 200 9672
186.29.146.196 - - [12/Mar/2023:11:51:43 -0500] "GET /galeria/galeria/jquery.fancybox.css?v=2.1.5 HTTP/1.1" 200 4895
186.29.146.196 - - [12/Mar/2023:11:51:43 -0500] "GET /BLA/boletinlegal/js/jquery.scrollShow.js HTTP/1.1" 200 4586
186.29.146.196 - - [12/Mar/2023:11:51:43 -0500] "GET /galeria/galeria/jquery.fancybox.js?v=2.1.5 HTTP/1.1" 200 48706
186.29.146.196 - - [12/Mar/2023:11:51:43 -0500] "GET /galeria/carrusel/Carrusel/jquery.thumbnailScroller.css HTTP/1.1" 200 2066
186.29.146.196 - - [12/Mar/2023:11:51:44 -0500] "GET /galeria/carrusel/Carrusel/jquery.thumbnailScroller.js HTTP/1.1" 200 8157
186.29.146.196 - - [12/Mar/2023:11:51:44 -0500] "GET /galeria/carrusel/Carrusel/jquery-ui-1.8.13.custom.min.js HTTP/1.1" 200 10800
186.29.146.196 - - [12/Mar/2023:11:51:44 -0500] "GET /galeria/nivo-slider/demo/banner.html HTTP/1.1" 200 5446
186.29.146.196 - - [12/Mar/2023:11:51:44 -0500] "GET /galeria/nivo-slider/themes/orman/orman.css HTTP/1.1" 200 2152
186.29.146.196 - - [12/Mar/2023:11:51:44 -0500] "GET /galeria/nivo-slider/themes/default/default.css HTTP/1.1" 200 1569
186.29.146.196 - - [12/Mar/2023:11:51:44 -0500] "GET /galeria/nivo-slider/themes/pascal/pascal.css HTTP/1.1" 200 2258
186.29.146.196 - - [12/Mar/2023:11:51:44 -0500] "GET /galeria/nivo-slider/nivo-slider.css HTTP/1.1" 200 1507
186.29.146.196 - - [12/Mar/2023:11:51:44 -0500] "GET /galeria/nivo-slider/demo/images/Bannersedeelectronica.jpg HTTP/1.1" 200 40383
186.29.146.196 - - [12/Mar/2023:11:51:44 -0500] "GET /galeria/nivo-slider/demo/images/Bannerenvases.jpg HTTP/1.1" 200 37316
186.29.146.196 - - [12/Mar/2023:11:51:44 -0500] "GET /galeria/nivo-slider/demo/images/banneraccionpopular.jpeg HTTP/1.1" 200 41707
186.29.146.196 - - [12/Mar/2023:11:51:44 -0500] "GET /galeria/nivo-slider/demo/images/bannerresiduoshospitalariosagosto.jpg HTTP/1.1" 200 36499
186.29.146.196 - - [12/Mar/2023:11:51:44 -0500] "GET /galeria/nivo-slider/demo/style.css HTTP/1.1" 200 2222
186.29.146.196 - - [12/Mar/2023:11:51:44 -0500] "GET /galeria/nivo-slider/demo/images/Bannermujeresquereverdecen.jpg HTTP/1.1" 200 46558
186.29.146.196 - - [12/Mar/2023:11:51:44 -0500] "GET /galeria/nivo-slider/demo/images/bannertrafico_optimized.jpg HTTP/1.1" 200 42578
186.29.146.196 - - [12/Mar/2023:11:51:44 -0500] "GET /galeria/nivo-slider/demo/images/bannerclases2021.jpg HTTP/1.1" 200 68230
186.29.146.196 - - [12/Mar/2023:11:51:44 -0500] "GET /galeria/nivo-slider/demo/images/Bannerplasticosseptiembre.jpg HTTP/1.1" 200 45633
186.29.146.196 - - [12/Mar/2023:11:51:45 -0500] "GET /galeria/nivo-slider/demo/images/banneraccionpopularcrr68.jpg HTTP/1.1" 200 51887
186.29.146.196 - - [12/Mar/2023:11:51:45 -0500] "GET /galeria/nivo-slider/demo/images/banneraire2021.jpg HTTP/1.1" 200 265101
186.29.146.196 - - [12/Mar/2023:11:51:45 -0500] "GET /galeria/nivo-slider/demo/images/bannercapacitacionesbogota.jpg HTTP/1.1" 200 42416
186.29.146.196 - - [12/Mar/2023:11:51:45 -0500] "GET /galeria/nivo-slider/demo/images/bannertortuga_optimized.jpg HTTP/1.1" 200 39066
186.29.146.196 - - [12/Mar/2023:11:51:45 -0500] "GET /galeria/nivo-slider/demo/images/bannerrutaesperanza.jpg HTTP/1.1" 200 55560
186.29.146.196 - - [12/Mar/2023:11:51:46 -0500] "GET /galeria/nivo-slider/demo/images/Bannervirtualescanales.jpg HTTP/1.1" 200 174544
186.29.146.196 - - [12/Mar/2023:11:51:46 -0500] "GET /galeria/nivo-slider/themes/default/loading.gif HTTP/1.1" 200 1737
186.29.146.196 - - [12/Mar/2023:11:51:46 -0500] "GET /galeria/nivo-slider/demo/images/4Simple_Slider.png HTTP/1.1" 200 11722
186.29.146.196 - - [12/Mar/2023:11:51:46 -0500] "GET /galeria/nivo-slider/demo/scripts/jquery-1.7.1.min.js HTTP/1.1" 200 93868
186.29.146.196 - - [12/Mar/2023:11:51:46 -0500] "GET /galeria/nivo-slider/jquery.nivo.slider.pack.js HTTP/1.1" 200 11561
186.29.146.196 - - [12/Mar/2023:11:51:47 -0500] "GET /galeria/nivo-slider/themes/default/bullets.png HTTP/1.1" 200 1281
186.29.146.196 - - [12/Mar/2023:11:51:47 -0500] "GET /galeria/nivo-slider/themes/default/arrows.png HTTP/1.1" 200 824
172.22.2.4 - - [12/Mar/2023:11:53:31 -0500] "GET /BLA/boletinlegal/actos.php HTTP/1.1" 200 9672
216.245.221.92 - - [12/Mar/2023:11:54:03 -0500] "HEAD / HTTP/1.1" 200 -
172.22.2.4 - - [12/Mar/2023:11:52:23 -0500] "HEAD /BLA/boletinlegal/ HTTP/1.1" 200 -
172.22.2.4 - - [12/Mar/2023:11:54:03 -0500] "GET /BLA/boletinlegal/actos.php HTTP/1.1" 200 9672
172.22.2.4 - - [12/Mar/2023:11:54:15 -0500] "GET /BLA/boletinlegal/actos.php HTTP/1.1" 200 9672
201.244.238.63 - - [12/Mar/2023:11:54:23 -0500] "GET /BLA/resoluciones/AUTOS%202015/2502.pdf HTTP/1.1" 200 649820
172.22.2.4 - - [12/Mar/2023:11:53:13 -0500] "GET /BLA/boletinlegal/ HTTP/1.1" 200 58653
52.167.144.166 - - [12/Mar/2023:11:55:45 -0500] "GET /BLA/resoluciones/RESOLUCIONES%202021/1820.pdf HTTP/1.1" 304 -
64.124.8.40 - - [12/Mar/2023:11:55:49 -0500] "GET /BLA/boletinlegal/jurisprudencia/analisis/CUADRO%20SENTENCIA%20C-222%20DE%202011.doc HTTP/1.1" 200 34816
201.245.192.253 - - [12/Mar/2023:11:56:27 -0500] "POST /kwsrmcab/Wsrmcab  HTTP/1.1" 200 213
31.13.127.4 - - [12/Mar/2023:11:56:34 -0500] "GET /asi-se-mueve-bogota-en-el-dia-sin-carro-y-sin-moto.html HTTP/1.1" 206 847
186.84.90.67 - - [12/Mar/2023:11:56:59 -0500] "GET /galeria/galeria/jquery.fancybox.css?v=2.1.5 HTTP/1.1" 200 4895
186.84.90.67 - - [12/Mar/2023:11:56:59 -0500] "GET /galeria/galeria/jquery.fancybox.js?v=2.1.5 HTTP/1.1" 200 48706
186.84.90.67 - - [12/Mar/2023:11:57:00 -0500] "GET /galeria/galeria/fotos/juan-amarillo1P.jpg HTTP/1.1" 200 30845
186.84.90.67 - - [12/Mar/2023:11:57:00 -0500] "GET /galeria/galeria/fotos/juan-amarillo3P.jpg HTTP/1.1" 200 28033
186.84.90.67 - - [12/Mar/2023:11:57:00 -0500] "GET /galeria/galeria/fotos/juan-amarillo2P.jpg HTTP/1.1" 200 32696
186.84.90.67 - - [12/Mar/2023:11:57:00 -0500] "GET /galeria/galeria/fotos/juan-amarillo4P.jpg HTTP/1.1" 200 23811
66.249.66.44 - - [12/Mar/2023:11:58:24 -0500] "-" 408 -
216.245.221.92 - - [12/Mar/2023:11:59:02 -0500] "HEAD / HTTP/1.1" 200 -
34.91.165.86 - - [12/Mar/2023:11:59:24 -0500] "GET /inventario-de-emisiones-2020-transporte-publico-sitp-redujo-emisiones-de-pm-2-5-en-un-37.html HTTP/1.1" 200 925
52.167.144.160 - - [12/Mar/2023:11:59:31 -0500] "GET /BLA/resoluciones/AUTOS%202021/1546.pdf HTTP/1.1" 304 -
172.22.2.4 - - [12/Mar/2023:11:58:12 -0500] "HEAD /BLA/boletinlegal/ HTTP/1.1" 200 -
172.22.2.4 - - [12/Mar/2023:12:00:13 -0500] "GET /BLA/boletinlegal/actos.php HTTP/1.1" 200 9672
172.22.2.4 - - [12/Mar/2023:11:59:03 -0500] "GET /BLA/boletinlegal/ HTTP/1.1" 200 59646
201.245.192.253 - - [12/Mar/2023:12:01:25 -0500] "POST /kwsrmcab/Wsrmcab  HTTP/1.1" 200 213
191.156.59.87 - - [12/Mar/2023:12:02:04 -0500] "GET /mujeres-que-reverdecen-secretaria-de-ambiente-anuncia-el-inicio-de-la-tercera-fase.html?fbclid=IwAR0_xuQgFkR2VR4vI1acJjMk8KyQOVt0mwiohKDjik7CkTm9hUxIta55564 HTTP/1.1" 200 954
66.249.70.15 - - [12/Mar/2023:12:02:12 -0500] "-" 408 -
35.204.74.29 - - [12/Mar/2023:12:03:11 -0500] "GET /inventario-de-emisiones-2020-transporte-publico-sitp-redujo-emisiones-de-pm-2-5-en-un-37.html HTTP/1.1" 200 925
216.245.221.92 - - [12/Mar/2023:12:04:02 -0500] "HEAD / HTTP/1.1" 200 -
172.22.2.4 - - [12/Mar/2023:12:04:08 -0500] "GET /BLA/boletinlegal/actos.php HTTP/1.1" 200 9672
207.46.13.209 - - [12/Mar/2023:12:05:03 -0500] "GET /mujeres-que-reverdecen-secretaria-de-ambiente-anuncia-el-inicio-de-la-tercera-fase.html HTTP/1.1" 200 954
172.22.2.4 - - [12/Mar/2023:12:04:03 -0500] "HEAD /BLA/boletinlegal/ HTTP/1.1" 200 -
191.156.56.57 - - [12/Mar/2023:12:05:53 -0500] "GET /mujeres-que-reverdecen-secretaria-de-ambiente-anuncia-el-inicio-de-la-tercera-fase.html HTTP/1.1" 200 954
185.119.81.101 - - [12/Mar/2023:12:06:20 -0500] "GET /portaldeninos/wp-login.php HTTP/1.1" 503 1037
201.245.192.253 - - [12/Mar/2023:12:06:24 -0500] "POST /kwsrmcab/Wsrmcab  HTTP/1.1" 200 213
172.22.2.4 - - [12/Mar/2023:12:04:53 -0500] "GET /BLA/boletinlegal/ HTTP/1.1" 200 53551
64.124.8.40 - - [12/Mar/2023:12:08:58 -0500] "GET /BLA/boletinlegal/doctrina.php HTTP/1.1" 200 5604
216.245.221.92 - - [12/Mar/2023:12:09:02 -0500] "HEAD / HTTP/1.1" 200 -
186.31.47.234 - - [12/Mar/2023:12:11:17 -0500] "POST /sipse/faces/presentacion/financiero/solicitudProceso/listarSolicitudProceso.xhtml HTTP/1.1" 302 -
186.31.47.234 - - [12/Mar/2023:12:11:17 -0500] "GET /sipse/faces/autenticacion.xhtml HTTP/1.1" 200 1091
191.95.52.192 - - [12/Mar/2023:12:11:23 -0500] "GET /mujeres-que-reverdecen-secretaria-de-ambiente-anuncia-el-inicio-de-la-tercera-fase.html HTTP/1.1" 304 -
201.245.192.253 - - [12/Mar/2023:12:11:23 -0500] "POST /kwsrmcab/Wsrmcab  HTTP/1.1" 200 213
66.249.66.64 - - [12/Mar/2023:12:11:31 -0500] "-" 408 -
172.22.2.4 - - [12/Mar/2023:12:09:52 -0500] "HEAD /BLA/boletinlegal/ HTTP/1.1" 200 -
199.16.157.182 - - [12/Mar/2023:12:11:47 -0500] "GET /mujeres-que-re HTTP/1.1" 404 1034
191.156.190.151 - - [12/Mar/2023:12:11:56 -0500] "GET /mujeres-que-reverdecen-secretaria-de-ambiente-anuncia-el-inicio-de-la-tercera-fase.html HTTP/1.1" 304 -
199.16.157.182 - - [12/Mar/2023:12:12:04 -0500] "GET /images/d%C3%ADa%20de%20la%20mujer%201.jpeg HTTP/1.1" 404 1034
172.22.2.4 - - [12/Mar/2023:12:10:43 -0500] "GET /BLA/boletinlegal/ HTTP/1.1" 200 57551
186.84.21.210 - - [12/Mar/2023:12:12:35 -0500] "GET /mujeres-que-reverdecen-secretaria-de-ambiente-anuncia-el-inicio-de-la-tercera-fase.html HTTP/1.1" 200 954
66.249.70.15 - - [12/Mar/2023:12:12:52 -0500] "-" 408 -
192.133.77.18 - - [12/Mar/2023:12:13:26 -0500] "GET /mujeres-que-reverdecen-secretaria-de-ambiente-anuncia-el-inicio-de-la-tercera-fase.html HTTP/1.1" 200 954
192.133.77.18 - - [12/Mar/2023:12:13:27 -0500] "GET /images/d%C3%ADa%20de%20la%20mujer%201.jpeg HTTP/1.1" 404 1034
173.252.95.4 - - [12/Mar/2023:12:13:38 -0500] "GET /images/WhatsApp%20Image%202023-02-15%20at%205.07.25%20PM.jpeg HTTP/1.1" 200 50573
173.252.95.4 - - [12/Mar/2023:12:13:38 -0500] "GET /images/Juan%20Rey%20febrero%2013.jpg HTTP/1.1" 200 55934
173.252.95.7 - - [12/Mar/2023:12:13:38 -0500] "GET /images/20%20de%20febrero%20panor\xc3\xa1mica%20de%20Bogot\xc3\xa1%20(1)%20(1).jpeg HTTP/1.1" 404 1034
173.252.95.9 - - [12/Mar/2023:12:13:38 -0500] "GET /images/Conversatorio%20aire%201%20(1).jpeg HTTP/1.1" 200 72040
173.252.95.24 - - [12/Mar/2023:12:13:38 -0500] "GET /images/17%20de%20febrero%20mujeres%20que%20reverdecen.jpeg HTTP/1.1" 200 85735
173.252.95.18 - - [12/Mar/2023:12:13:39 -0500] "GET /images/Sello%201%20JA-2.jpeg HTTP/1.1" 200 42236
173.252.95.7 - - [12/Mar/2023:12:13:39 -0500] "GET /images/Rmasar%2018%20de%20febrero%20Grupo.jpg HTTP/1.1" 200 68398
173.252.95.5 - - [12/Mar/2023:12:13:39 -0500] "GET /images/28%20de%20febrero%20operativo.jpeg HTTP/1.1" 200 62220
173.252.95.4 - - [12/Mar/2023:12:13:39 -0500] "GET /images/idpyba-4-marzo-1_optimized.jpeg HTTP/1.1" 200 115318
173.252.95.14 - - [12/Mar/2023:12:13:43 -0500] "GET /images/Secretaria%20Urrutia%20evento%20h\xc3\xa1bitat%20Francia%2024%20de%20enero.jpeg HTTP/1.1" 404 1034
173.252.95.22 - - [12/Mar/2023:12:13:43 -0500] "GET /images/2%20de%20febrero%20liberaci\xc3\xb3n%20Tunjo.jpeg HTTP/1.1" 404 1034
173.252.95.1 - - [12/Mar/2023:12:13:44 -0500] "GET /images/Archivo%20pacto%20aire%2023%20enero.jpeg HTTP/1.1" 200 28889
173.252.95.14 - - [12/Mar/2023:12:13:44 -0500] "GET /images/vertimiento-Comprimida%20(1).png HTTP/1.1" 200 22870
173.252.95.5 - - [12/Mar/2023:12:13:44 -0500] "GET /images/1%20de%20febrero%20Humedal%20El%20Tunjo.jpeg HTTP/1.1" 200 52973
173.252.95.20 - - [12/Mar/2023:12:13:44 -0500] "GET /images/Humedal%20Tunjo%20RAMSAR.jpeg HTTP/1.1" 200 120269
173.252.95.1 - - [12/Mar/2023:12:13:44 -0500] "GET /images/8%20de%20febrero%20incendio%20forestal.jpeg HTTP/1.1" 200 56283
173.252.95.12 - - [12/Mar/2023:12:13:44 -0500] "GET /images/1%20de%20febrero%20D\xc3\xada%20sin%20carro.jpeg HTTP/1.1" 404 1034
173.252.95.22 - - [12/Mar/2023:12:13:44 -0500] "GET /images/1%20de%20febrer%20Operativo%20hornos.jpg HTTP/1.1" 200 69569
173.252.95.14 - - [12/Mar/2023:12:13:44 -0500] "GET /images/Secretarias%20Fondo%20carga%206%20de%20febrero.jpeg HTTP/1.1" 200 55460
173.252.95.14 - - [12/Mar/2023:12:13:45 -0500] "GET /images/19%20de%20enero%20\xc3\xa1rbol%20bosque%20San%20Carlos.jpg HTTP/1.1" 404 1034
173.252.95.14 - - [12/Mar/2023:12:13:45 -0500] "GET /images/foto%202.jpg HTTP/1.1" 200 63300
173.252.95.5 - - [12/Mar/2023:12:13:45 -0500] "GET /images/Fauna%20Silvestre%20SDA%2002.jpeg HTTP/1.1" 200 41590
173.252.95.1 - - [12/Mar/2023:12:13:45 -0500] "GET /images/IMG_3028%20(1).jpg HTTP/1.1" 200 435206
135.125.219.72 - - [12/Mar/2023:12:13:50 -0500] "GET /mujeres-que-reverdecen-secretaria-de-ambiente-anuncia-el-inicio-de-la-tercera-fase.html HTTP/1.1" 200 954
173.252.95.15 - - [12/Mar/2023:12:13:57 -0500] "GET /mujeres-que-reverdecen-secretaria-de-ambiente-anuncia-el-inicio-de-la-tercera-fase.html?fbclid=IwAR1qaA30M22lNN1NpynpYyonkZQpqsOsysROAdFBpX7xvXiT1S9yLYgMxrY HTTP/1.1" 200 954
216.245.221.92 - - [12/Mar/2023:12:14:02 -0500] "HEAD / HTTP/1.1" 200 -
168.119.76.149 - - [12/Mar/2023:12:14:47 -0500] "GET /mujeres-que-reverdecen-secretaria-de-ambiente-anuncia-el-inicio-de-la-tercera-fase.html HTTP/1.1" 200 954
136.243.136.201 - - [12/Mar/2023:12:16:11 -0500] "GET /mujeres-que-reverdecen-secretaria-de-ambiente-anuncia-el-inicio-de-la-tercera-fase.html HTTP/1.1" 200 954
201.245.192.253 - - [12/Mar/2023:12:16:23 -0500] "POST /kwsrmcab/Wsrmcab  HTTP/1.1" 200 213
191.156.226.244 - - [12/Mar/2023:12:16:35 -0500] "GET /mujeres-que-reverdecen-secretaria-de-ambiente-anuncia-el-inicio-de-la-tercera-fase.html HTTP/1.1" 200 954
186.31.47.234 - - [12/Mar/2023:12:17:22 -0500] "GET /sipse/faces/faces/autenticacion.xhtml HTTP/1.1" 200 12168
172.22.2.4 - - [12/Mar/2023:12:15:42 -0500] "HEAD /BLA/boletinlegal/ HTTP/1.1" 200 -
186.31.47.234 - - [12/Mar/2023:12:17:23 -0500] "GET /sipse/js/funciones.js HTTP/1.1" 304 -
