201.245.192.253 - - [13/Mar/2023:04:42:59 -0500] "POST /kwsrmcab/Wsrmcab  HTTP/1.1" 200 213
172.22.2.4 - - [13/Mar/2023:04:41:30 -0500] "HEAD /BLA/boletinlegal/ HTTP/1.1" 200 -
216.245.221.92 - - [13/Mar/2023:04:44:00 -0500] "HEAD / HTTP/1.1" 200 -
172.22.2.4 - - [13/Mar/2023:04:42:21 -0500] "GET /BLA/boletinlegal/ HTTP/1.1" 200 55561
185.119.81.104 - - [13/Mar/2023:04:44:00 -0500] "GET /portaldeninos/wp-login.php HTTP/1.1" 503 1037
201.245.192.253 - - [13/Mar/2023:04:47:58 -0500] "POST /kwsrmcab/Wsrmcab  HTTP/1.1" 200 213
216.245.221.92 - - [13/Mar/2023:04:49:00 -0500] "HEAD / HTTP/1.1" 200 -
172.22.2.4 - - [13/Mar/2023:04:47:20 -0500] "HEAD /BLA/boletinlegal/ HTTP/1.1" 200 -
172.22.2.4 - - [13/Mar/2023:04:48:10 -0500] "GET /BLA/boletinlegal/ HTTP/1.1" 200 57141
186.31.47.234 - - [13/Mar/2023:04:50:54 -0500] "GET /sipse/faces/faces/autenticacion.xhtml HTTP/1.1" 200 12166
186.31.47.234 - - [13/Mar/2023:04:50:54 -0500] "GET /sipse/faces/javax.faces.resource/primefaces.css?ln=primefaces&v=4.0 HTTP/1.1" 304 -
186.31.47.234 - - [13/Mar/2023:04:50:54 -0500] "GET /sipse/faces/javax.faces.resource/theme.css?ln=primefaces-sipse HTTP/1.1" 304 -
186.31.47.234 - - [13/Mar/2023:04:50:54 -0500] "GET /sipse/faces/javax.faces.resource/layout/layout.css?ln=primefaces&v=4.0 HTTP/1.1" 304 -
186.31.47.234 - - [13/Mar/2023:04:50:54 -0500] "GET /sipse/faces/javax.faces.resource/layout/layout.js?ln=primefaces&v=4.0 HTTP/1.1" 200 87560
186.31.47.234 - - [13/Mar/2023:04:50:54 -0500] "GET /sipse/faces/javax.faces.resource/jquery/jquery.js?ln=primefaces&v=4.0 HTTP/1.1" 200 105384
186.31.47.234 - - [13/Mar/2023:04:50:54 -0500] "GET /sipse/faces/javax.faces.resource/jquery/jquery-plugins.js?ln=primefaces&v=4.0 HTTP/1.1" 200 220526
186.31.47.234 - - [13/Mar/2023:04:50:54 -0500] "GET /sipse/faces/javax.faces.resource/primefaces.js?ln=primefaces&v=4.0 HTTP/1.1" 200 276924
186.31.47.234 - - [13/Mar/2023:04:50:54 -0500] "GET /sipse/faces/javax.faces.resource/images/ui-icons_898989_256x240.png?ln=primefaces-aristo HTTP/1.1" 304 -
186.31.47.234 - - [13/Mar/2023:04:50:54 -0500] "GET /sipse/faces/faces/index.xhtml HTTP/1.1" 200 677
186.31.47.234 - - [13/Mar/2023:04:50:54 -0500] "GET /sipse/faces/javax.faces.resource/theme.css?ln=primefaces-sipse HTTP/1.1" 304 -
186.31.47.234 - - [13/Mar/2023:04:50:54 -0500] "GET /sipse/faces/faces/faces/autenticacion.xhtml HTTP/1.1" 200 12166
186.31.47.234 - - [13/Mar/2023:04:50:55 -0500] "GET /sipse/faces/javax.faces.resource/layout/layout.css?ln=primefaces&v=4.0 HTTP/1.1" 304 -
186.31.47.234 - - [13/Mar/2023:04:50:55 -0500] "GET /sipse/faces/javax.faces.resource/theme.css?ln=primefaces-sipse HTTP/1.1" 304 -
186.31.47.234 - - [13/Mar/2023:04:50:55 -0500] "GET /sipse/faces/javax.faces.resource/jquery/jquery.js?ln=primefaces&v=4.0 HTTP/1.1" 304 -
186.31.47.234 - - [13/Mar/2023:04:50:55 -0500] "GET /sipse/faces/javax.faces.resource/primefaces.js?ln=primefaces&v=4.0 HTTP/1.1" 304 -
186.31.47.234 - - [13/Mar/2023:04:50:55 -0500] "GET /sipse/faces/javax.faces.resource/primefaces.css?ln=primefaces&v=4.0 HTTP/1.1" 304 -
186.31.47.234 - - [13/Mar/2023:04:50:55 -0500] "GET /sipse/faces/javax.faces.resource/jquery/jquery-plugins.js?ln=primefaces&v=4.0 HTTP/1.1" 304 -
186.31.47.234 - - [13/Mar/2023:04:50:55 -0500] "GET /sipse/faces/javax.faces.resource/layout/layout.js?ln=primefaces&v=4.0 HTTP/1.1" 304 -
186.31.47.234 - - [13/Mar/2023:04:50:57 -0500] "POST /sipse/faces/autenticacion.xhtml HTTP/1.1" 200 2217
186.31.47.234 - - [13/Mar/2023:04:50:57 -0500] "GET /sipse/faces/javax.faces.resource/messages/messages.png?ln=primefaces&v=4.0 HTTP/1.1" 304 -
186.31.47.234 - - [13/Mar/2023:04:50:58 -0500] "GET /sipse/faces/javax.faces.resource/images/ui-icons_898989_256x240.png?ln=primefaces-aristo HTTP/1.1" 304 -
186.31.47.234 - - [13/Mar/2023:04:50:58 -0500] "POST /sipse/faces/autenticacion.xhtml HTTP/1.1" 200 16292
186.31.47.234 - - [13/Mar/2023:04:50:58 -0500] "GET /sipse/faces/javax.faces.resource/theme.css?ln=primefaces-sipse HTTP/1.1" 304 -
186.31.47.234 - - [13/Mar/2023:04:50:58 -0500] "GET /sipse/faces/javax.faces.resource/primefaces.css?ln=primefaces&v=4.0 HTTP/1.1" 304 -
186.31.47.234 - - [13/Mar/2023:04:50:58 -0500] "GET /sipse/faces/javax.faces.resource/layout/layout.css?ln=primefaces&v=4.0 HTTP/1.1" 304 -
186.31.47.234 - - [13/Mar/2023:04:50:58 -0500] "GET /sipse/js/jquery.min.js HTTP/1.1" 200 85582
186.31.47.234 - - [13/Mar/2023:04:50:58 -0500] "GET /sipse/faces/javax.faces.resource/jquery/jquery.js?ln=primefaces&v=4.0 HTTP/1.1" 304 -
186.31.47.234 - - [13/Mar/2023:04:50:58 -0500] "GET /sipse/faces/javax.faces.resource/jquery/jquery-plugins.js?ln=primefaces&v=4.0 HTTP/1.1" 304 -
186.31.47.234 - - [13/Mar/2023:04:50:58 -0500] "GET /sipse/faces/javax.faces.resource/primefaces.js?ln=primefaces&v=4.0 HTTP/1.1" 304 -
186.31.47.234 - - [13/Mar/2023:04:50:58 -0500] "GET /sipse/faces/javax.faces.resource/layout/layout.js?ln=primefaces&v=4.0 HTTP/1.1" 304 -
186.31.47.234 - - [13/Mar/2023:04:50:58 -0500] "GET /sipse/css/imagen/contrasena.png HTTP/1.1" 404 383
186.31.47.234 - - [13/Mar/2023:04:51:00 -0500] "GET /sipse/faces/javax.faces.resource/images/ui-bg_flat_0_2d5972_40x100.png?ln=primefaces-aristo HTTP/1.1" 304 -
186.31.47.234 - - [13/Mar/2023:04:51:00 -0500] "POST /sipse/faces/bienvenido.xhtml HTTP/1.1" 200 2658
186.31.47.234 - - [13/Mar/2023:04:51:03 -0500] "POST /sipse/faces/bienvenido.xhtml HTTP/1.1" 200 64204
186.31.47.234 - - [13/Mar/2023:04:51:04 -0500] "GET /sipse/faces/javax.faces.resource/theme.css?ln=primefaces-sipse HTTP/1.1" 304 -
186.31.47.234 - - [13/Mar/2023:04:51:04 -0500] "GET /sipse/faces/javax.faces.resource/layout/layout.css?ln=primefaces&v=4.0 HTTP/1.1" 304 -
186.31.47.234 - - [13/Mar/2023:04:51:04 -0500] "GET /sipse/faces/javax.faces.resource/primefaces.css?ln=primefaces&v=4.0 HTTP/1.1" 304 -
186.31.47.234 - - [13/Mar/2023:04:51:04 -0500] "GET /sipse/faces/javax.faces.resource/jquery/jquery.js?ln=primefaces&v=4.0 HTTP/1.1" 304 -
186.31.47.234 - - [13/Mar/2023:04:51:04 -0500] "GET /sipse/faces/javax.faces.resource/jquery/jquery-plugins.js?ln=primefaces&v=4.0 HTTP/1.1" 304 -
186.31.47.234 - - [13/Mar/2023:04:51:04 -0500] "GET /sipse/faces/javax.faces.resource/primefaces.js?ln=primefaces&v=4.0 HTTP/1.1" 304 -
186.31.47.234 - - [13/Mar/2023:04:51:04 -0500] "GET /sipse/faces/javax.faces.resource/layout/layout.js?ln=primefaces&v=4.0 HTTP/1.1" 304 -
186.31.47.234 - - [13/Mar/2023:04:51:04 -0500] "POST /sipse/faces/presentacion/financiero/solicitudProceso/listarSolicitudProceso.xhtml HTTP/1.1" 200 1560
186.31.47.234 - - [13/Mar/2023:04:51:28 -0500] "POST /sipse/faces/presentacion/financiero/solicitudProceso/listarSolicitudProceso.xhtml HTTP/1.1" 200 31551
186.31.47.234 - - [13/Mar/2023:04:51:49 -0500] "POST /sipse/faces/presentacion/financiero/solicitudProceso/listarSolicitudProceso.xhtml HTTP/1.1" 200 57540
186.31.47.234 - - [13/Mar/2023:04:51:50 -0500] "POST /sipse/faces/presentacion/financiero/solicitudProceso/listarSolicitudProceso.xhtml HTTP/1.1" 200 57540
186.31.47.234 - - [13/Mar/2023:04:51:50 -0500] "POST /sipse/faces/presentacion/financiero/solicitudProceso/listarSolicitudProceso.xhtml HTTP/1.1" 200 1560
186.31.47.234 - - [13/Mar/2023:04:51:50 -0500] "POST /sipse/faces/presentacion/financiero/solicitudProceso/listarSolicitudProceso.xhtml HTTP/1.1" 200 1552
172.22.2.4 - - [13/Mar/2023:04:52:41 -0500] "GET /BLA/boletinlegal/actos.php HTTP/1.1" 200 9672
172.22.2.4 - - [13/Mar/2023:04:52:42 -0500] "GET /BLA/boletinlegal/styles2.css HTTP/1.1" 200 1838
172.22.2.4 - - [13/Mar/2023:04:52:42 -0500] "GET /BLA/boletinlegal/js/jquery1.js HTTP/1.1" 200 29846
172.22.2.4 - - [13/Mar/2023:04:52:42 -0500] "GET /BLA/boletinlegal/images/body_bg.jpg HTTP/1.1" 200 1601
172.22.2.4 - - [13/Mar/2023:04:52:42 -0500] "GET /BLA/boletinlegal/images/menu_lft.gif HTTP/1.1" 200 1713
186.80.52.163 - - [13/Mar/2023:04:52:55 -0500] "GET /BLA/resoluciones/ HTTP/1.1" 200 13502
186.80.52.163 - - [13/Mar/2023:04:52:55 -0500] "GET /BLA/resoluciones/dlf/styles.css HTTP/1.1" 200 3049
186.80.52.163 - - [13/Mar/2023:04:52:55 -0500] "GET /BLA/resoluciones/dlf/folder.png HTTP/1.1" 304 -
186.80.52.163 - - [13/Mar/2023:04:52:55 -0500] "GET /BLA/resoluciones/dlf/bg.gif HTTP/1.1" 200 54
186.80.52.163 - - [13/Mar/2023:04:52:55 -0500] "GET /favicon.ico HTTP/1.1" 200 7782
186.80.52.163 - - [13/Mar/2023:04:52:57 -0500] "GET /BLA/resoluciones/index.php?dir=AUTOS+2023%2F HTTP/1.1" 200 8334
201.245.192.253 - - [13/Mar/2023:04:52:57 -0500] "POST /kwsrmcab/Wsrmcab  HTTP/1.1" 200 213
186.80.52.163 - - [13/Mar/2023:04:53:10 -0500] "GET /BLA/resoluciones/index.php?dir=AUTOS+2022%2F HTTP/1.1" 200 442250
186.80.52.163 - - [13/Mar/2023:04:53:15 -0500] "GET /BLA/resoluciones/AUTOS%202022/6378.pdf HTTP/1.1" 200 430906
216.245.221.92 - - [13/Mar/2023:04:54:00 -0500] "HEAD / HTTP/1.1" 200 -
172.22.2.4 - - [13/Mar/2023:04:53:10 -0500] "HEAD /BLA/boletinlegal/ HTTP/1.1" 200 -
172.22.2.4 - - [13/Mar/2023:04:54:01 -0500] "GET /BLA/boletinlegal/ HTTP/1.1" 200 58653
66.249.66.64 - - [13/Mar/2023:04:55:41 -0500] "-" 408 -
186.31.47.234 - - [13/Mar/2023:04:57:49 -0500] "POST /sipse/faces/presentacion/financiero/solicitudProceso/listarSolicitudProceso.xhtml HTTP/1.1" 200 31547
201.245.192.253 - - [13/Mar/2023:04:57:56 -0500] "POST /kwsrmcab/Wsrmcab  HTTP/1.1" 200 213
216.245.221.92 - - [13/Mar/2023:04:59:00 -0500] "HEAD / HTTP/1.1" 200 -
52.167.144.166 - - [13/Mar/2023:05:00:30 -0500] "GET /BLA/resoluciones/AUTOS%202021/3688.pdf HTTP/1.1" 304 -
186.31.47.234 - - [13/Mar/2023:05:00:39 -0500] "POST /sipse/faces/presentacion/financiero/solicitudProceso/listarSolicitudProceso.xhtml HTTP/1.1" 200 31567
172.22.2.4 - - [13/Mar/2023:04:59:00 -0500] "HEAD /BLA/boletinlegal/ HTTP/1.1" 200 -
64.124.8.51 - - [13/Mar/2023:05:01:18 -0500] "-" 408 -
172.22.2.4 - - [13/Mar/2023:04:59:51 -0500] "GET /BLA/boletinlegal/ HTTP/1.1" 200 57551
186.31.47.234 - - [13/Mar/2023:05:02:10 -0500] "POST /sipse/faces/presentacion/financiero/solicitudProceso/listarSolicitudProceso.xhtml HTTP/1.1" 200 31969
52.167.144.71 - - [13/Mar/2023:05:02:46 -0500] "GET /BLA/resoluciones/AUTOS%202021/4080.pdf HTTP/1.1" 304 -
201.245.192.253 - - [13/Mar/2023:05:02:56 -0500] "POST /kwsrmcab/Wsrmcab  HTTP/1.1" 200 213
66.249.70.13 - - [13/Mar/2023:05:02:59 -0500] "-" 408 -
186.31.47.234 - - [13/Mar/2023:05:03:46 -0500] "POST /sipse/faces/presentacion/financiero/solicitudProceso/listarSolicitudProceso.xhtml HTTP/1.1" 200 31259
216.245.221.92 - - [13/Mar/2023:05:04:00 -0500] "HEAD / HTTP/1.1" 200 -
186.31.47.234 - - [13/Mar/2023:05:04:11 -0500] "POST /sipse/faces/presentacion/financiero/solicitudProceso/listarSolicitudProceso.xhtml HTTP/1.1" 200 32129
186.31.47.234 - - [13/Mar/2023:05:05:14 -0500] "POST /sipse/faces/presentacion/financiero/solicitudProceso/listarSolicitudProceso.xhtml HTTP/1.1" 200 57540
186.31.47.234 - - [13/Mar/2023:05:05:15 -0500] "POST /sipse/faces/presentacion/financiero/solicitudProceso/listarSolicitudProceso.xhtml HTTP/1.1" 200 57540
186.31.47.234 - - [13/Mar/2023:05:05:15 -0500] "POST /sipse/faces/presentacion/financiero/solicitudProceso/listarSolicitudProceso.xhtml HTTP/1.1" 200 1560
186.31.47.234 - - [13/Mar/2023:05:05:15 -0500] "POST /sipse/faces/presentacion/financiero/solicitudProceso/listarSolicitudProceso.xhtml HTTP/1.1" 200 1552
172.22.2.4 - - [13/Mar/2023:05:04:50 -0500] "HEAD /BLA/boletinlegal/ HTTP/1.1" 200 -
172.22.2.4 - - [13/Mar/2023:05:05:40 -0500] "GET /BLA/boletinlegal/ HTTP/1.1" 200 54798
201.245.192.253 - - [13/Mar/2023:05:07:55 -0500] "POST /kwsrmcab/Wsrmcab  HTTP/1.1" 200 213
186.31.47.234 - - [13/Mar/2023:05:08:19 -0500] "POST /sipse/faces/presentacion/financiero/solicitudProceso/listarSolicitudProceso.xhtml HTTP/1.1" 200 57540
186.31.47.234 - - [13/Mar/2023:05:08:19 -0500] "POST /sipse/faces/presentacion/financiero/solicitudProceso/listarSolicitudProceso.xhtml HTTP/1.1" 200 57540
186.31.47.234 - - [13/Mar/2023:05:08:19 -0500] "POST /sipse/faces/presentacion/financiero/solicitudProceso/listarSolicitudProceso.xhtml HTTP/1.1" 200 1560
186.31.47.234 - - [13/Mar/2023:05:08:19 -0500] "POST /sipse/faces/presentacion/financiero/solicitudProceso/listarSolicitudProceso.xhtml HTTP/1.1" 200 1552
216.245.221.92 - - [13/Mar/2023:05:09:00 -0500] "HEAD / HTTP/1.1" 200 -
172.22.2.4 - - [13/Mar/2023:05:10:40 -0500] "HEAD /BLA/boletinlegal/ HTTP/1.1" 200 -
201.245.192.253 - - [13/Mar/2023:05:12:56 -0500] "POST /kwsrmcab/Wsrmcab  HTTP/1.1" 200 213
172.22.2.4 - - [13/Mar/2023:05:11:31 -0500] "GET /BLA/boletinlegal/ HTTP/1.1" 200 59296
191.156.148.48 - - [13/Mar/2023:05:13:37 -0500] "GET /conectate-con-la-naturaleza-escenarios-ambientales-para-recorrer-en-bogota.html HTTP/1.1" 200 909
172.22.2.4 - - [13/Mar/2023:05:13:58 -0500] "GET /BLA/boletinlegal/actos.php HTTP/1.1" 200 9672
216.245.221.92 - - [13/Mar/2023:05:14:00 -0500] "HEAD / HTTP/1.1" 200 -
191.156.54.81 - - [13/Mar/2023:05:14:55 -0500] "GET /mujeres-que-reverdecen-secretaria-de-ambiente-anuncia-el-inicio-de-la-tercera-fase.html HTTP/1.1" 200 954
181.140.199.124 - - [13/Mar/2023:05:14:57 -0500] "GET /mujeres-que-reverdecen-secretaria-de-ambiente-anuncia-el-inicio-de-la-tercera-fase.html HTTP/1.1" 304 -
201.245.192.253 - - [13/Mar/2023:05:17:55 -0500] "POST /kwsrmcab/Wsrmcab  HTTP/1.1" 200 213
172.22.2.4 - - [13/Mar/2023:05:16:30 -0500] "HEAD /BLA/boletinlegal/ HTTP/1.1" 200 -
216.245.221.92 - - [13/Mar/2023:05:19:00 -0500] "HEAD / HTTP/1.1" 200 -
172.22.2.4 - - [13/Mar/2023:05:17:20 -0500] "GET /BLA/boletinlegal/ HTTP/1.1" 200 59296
201.245.192.253 - - [13/Mar/2023:05:21:09 -0500] "POST /kwsrmcab/Wsrmcab HTTP/1.1" 200 42054
201.245.192.253 - - [13/Mar/2023:05:21:12 -0500] "POST /kwsrmcab/Wsrmcab HTTP/1.1" 200 41610
186.31.47.234 - - [13/Mar/2023:05:21:40 -0500] "POST /sipse/faces/presentacion/financiero/solicitudProceso/listarSolicitudProceso.xhtml HTTP/1.1" 200 57540
186.31.47.234 - - [13/Mar/2023:05:21:40 -0500] "POST /sipse/faces/presentacion/financiero/solicitudProceso/listarSolicitudProceso.xhtml HTTP/1.1" 200 57540
186.31.47.234 - - [13/Mar/2023:05:21:41 -0500] "POST /sipse/faces/presentacion/financiero/solicitudProceso/listarSolicitudProceso.xhtml HTTP/1.1" 200 1560
186.31.47.234 - - [13/Mar/2023:05:21:41 -0500] "POST /sipse/faces/presentacion/financiero/solicitudProceso/listarSolicitudProceso.xhtml HTTP/1.1" 200 1552
201.245.192.253 - - [13/Mar/2023:05:22:54 -0500] "POST /kwsrmcab/Wsrmcab  HTTP/1.1" 200 213
203.209.239.100 - - [13/Mar/2023:05:22:57 -0500] "GET /galeria/galeria/fotos/Humedal-Tibanica2P.jpg HTTP/1.1" 200 29568
95.129.169.157 - - [13/Mar/2023:05:22:59 -0500] "GET / HTTP/1.1" 200 319
64.124.8.51 - - [13/Mar/2023:05:23:57 -0500] "-" 408 -
216.245.221.92 - - [13/Mar/2023:05:24:00 -0500] "HEAD / HTTP/1.1" 200 -
172.22.2.4 - - [13/Mar/2023:05:22:20 -0500] "HEAD /BLA/boletinlegal/ HTTP/1.1" 200 -
190.24.131.234 - - [13/Mar/2023:05:24:49 -0500] "GET /mujeres-que-reverdecen-secretaria-de-ambiente-anuncia-el-inicio-de-la-tercera-fase.html HTTP/1.1" 200 954
172.22.2.4 - - [13/Mar/2023:05:23:10 -0500] "GET /BLA/boletinlegal/ HTTP/1.1" 200 57551
71.6.232.20 - - [13/Mar/2023:05:25:11 -0500] "GET / HTTP/1.1" 200 319
40.77.167.198 - - [13/Mar/2023:05:25:16 -0500] "GET /BLA/resoluciones/AUTOS%202021/6546.pdf HTTP/1.1" 304 -
201.245.192.253 - - [13/Mar/2023:05:27:51 -0500] "POST /kwsrmcab/Wsrmcab  HTTP/1.1" 200 213
35.204.74.29 - - [13/Mar/2023:05:28:44 -0500] "GET /inventario-de-emisiones-2020-transporte-publico-sitp-redujo-emisiones-de-pm-2-5-en-un-37.html HTTP/1.1" 200 925
216.245.221.92 - - [13/Mar/2023:05:29:00 -0500] "HEAD / HTTP/1.1" 200 -
34.90.32.60 - - [13/Mar/2023:05:29:19 -0500] "GET /inventario-de-emisiones-2020-transporte-publico-sitp-redujo-emisiones-de-pm-2-5-en-un-37.html HTTP/1.1" 200 925
34.147.123.254 - - [13/Mar/2023:05:29:44 -0500] "GET /inventario-de-emisiones-2020-transporte-publico-sitp-redujo-emisiones-de-pm-2-5-en-un-37.html HTTP/1.1" 200 925
172.22.2.4 - - [13/Mar/2023:05:28:10 -0500] "HEAD /BLA/boletinlegal/ HTTP/1.1" 200 -
35.204.74.29 - - [13/Mar/2023:05:30:27 -0500] "GET /inventario-de-emisiones-2020-transporte-publico-sitp-redujo-emisiones-de-pm-2-5-en-un-37.html HTTP/1.1" 200 925
172.22.2.4 - - [13/Mar/2023:05:29:00 -0500] "GET /BLA/boletinlegal/ HTTP/1.1" 200 59296
172.22.2.4 - - [13/Mar/2023:05:30:53 -0500] "GET /BLA/boletinlegal/actos.php HTTP/1.1" 200 9672
34.91.165.86 - - [13/Mar/2023:05:30:55 -0500] "GET /inventario-de-emisiones-2020-transporte-publico-sitp-redujo-emisiones-de-pm-2-5-en-un-37.html HTTP/1.1" 200 925
201.245.192.253 - - [13/Mar/2023:05:31:09 -0500] "POST /kwsrmcab/Wsrmcab HTTP/1.1" 200 42054
201.245.192.253 - - [13/Mar/2023:05:31:12 -0500] "POST /kwsrmcab/Wsrmcab HTTP/1.1" 200 41610
34.90.32.60 - - [13/Mar/2023:05:31:22 -0500] "GET /inventario-de-emisiones-2020-transporte-publico-sitp-redujo-emisiones-de-pm-2-5-en-un-37.html HTTP/1.1" 200 925
34.91.92.79 - - [13/Mar/2023:05:31:35 -0500] "GET /inventario-de-emisiones-2020-transporte-publico-sitp-redujo-emisiones-de-pm-2-5-en-un-37.html HTTP/1.1" 200 925
201.245.192.253 - - [13/Mar/2023:05:32:48 -0500] "POST /kwsrmcab/Wsrmcab  HTTP/1.1" 200 213
66.249.70.13 - - [13/Mar/2023:05:32:59 -0500] "-" 408 -
216.245.221.92 - - [13/Mar/2023:05:34:00 -0500] "HEAD / HTTP/1.1" 200 -
172.22.2.4 - - [13/Mar/2023:05:34:00 -0500] "HEAD /BLA/boletinlegal/ HTTP/1.1" 200 -
172.22.2.4 - - [13/Mar/2023:05:34:50 -0500] "GET /BLA/boletinlegal/ HTTP/1.1" 200 59296
64.124.8.47 - - [13/Mar/2023:05:37:26 -0500] "-" 408 -
35.204.191.61 - - [13/Mar/2023:05:37:28 -0500] "GET /inventario-de-emisiones-2020-transporte-publico-sitp-redujo-emisiones-de-pm-2-5-en-un-37.html HTTP/1.1" 200 925
201.245.192.253 - - [13/Mar/2023:05:37:45 -0500] "POST /kwsrmcab/Wsrmcab  HTTP/1.1" 200 213
185.119.81.101 - - [13/Mar/2023:05:37:59 -0500] "GET /portaldeninos/wp-login.php HTTP/1.1" 503 1037
216.245.221.92 - - [13/Mar/2023:05:39:00 -0500] "HEAD / HTTP/1.1" 200 -
186.31.47.234 - - [13/Mar/2023:05:40:05 -0500] "POST /sipse/faces/presentacion/financiero/solicitudProceso/listarSolicitudProceso.xhtml HTTP/1.1" 200 57540
186.31.47.234 - - [13/Mar/2023:05:40:05 -0500] "POST /sipse/faces/presentacion/financiero/solicitudProceso/listarSolicitudProceso.xhtml HTTP/1.1" 200 57540
186.31.47.234 - - [13/Mar/2023:05:40:06 -0500] "POST /sipse/faces/presentacion/financiero/solicitudProceso/listarSolicitudProceso.xhtml HTTP/1.1" 200 1560
186.31.47.234 - - [13/Mar/2023:05:40:06 -0500] "POST /sipse/faces/presentacion/financiero/solicitudProceso/listarSolicitudProceso.xhtml HTTP/1.1" 200 1552
207.46.13.207 - - [13/Mar/2023:05:40:28 -0500] "GET /portaldeninos/fauna/ HTTP/1.1" 503 1037
201.245.192.253 - - [13/Mar/2023:05:41:09 -0500] "POST /kwsrmcab/Wsrmcab HTTP/1.1" 200 42054
201.245.192.253 - - [13/Mar/2023:05:41:11 -0500] "POST /kwsrmcab/Wsrmcab HTTP/1.1" 200 41610
207.46.13.209 - - [13/Mar/2023:05:41:22 -0500] "GET /images/pieza-dia-humedales-31-enero.jpg HTTP/1.1" 200 29095
172.22.2.4 - - [13/Mar/2023:05:39:50 -0500] "HEAD /BLA/boletinlegal/ HTTP/1.1" 200 -
172.22.2.4 - - [13/Mar/2023:05:40:40 -0500] "GET /BLA/boletinlegal/ HTTP/1.1" 200 53104
201.245.192.253 - - [13/Mar/2023:05:42:42 -0500] "POST /kwsrmcab/Wsrmcab  HTTP/1.1" 200 213
66.249.66.65 - - [13/Mar/2023:05:43:38 -0500] "-" 408 -
216.245.221.92 - - [13/Mar/2023:05:44:00 -0500] "HEAD / HTTP/1.1" 200 -
172.22.2.4 - - [13/Mar/2023:05:42:33 -0500] "GET /BLA/boletinlegal/ HTTP/1.1" 200 62202
66.249.66.36 - - [13/Mar/2023:05:46:13 -0500] "-" 408 -
64.124.8.51 - - [13/Mar/2023:05:46:34 -0500] "-" 408 -
172.22.2.4 - - [13/Mar/2023:05:45:40 -0500] "HEAD /BLA/boletinlegal/ HTTP/1.1" 200 -
201.245.192.253 - - [13/Mar/2023:05:47:41 -0500] "POST /kwsrmcab/Wsrmcab  HTTP/1.1" 200 213
172.22.2.4 - - [13/Mar/2023:05:46:30 -0500] "GET /BLA/boletinlegal/ HTTP/1.1" 200 57935
179.19.30.62 - - [13/Mar/2023:05:48:47 -0500] "GET /sipse/faces/javax.faces.resource/theme.css?ln=primefaces-sipse HTTP/1.1" 304 -
179.19.30.62 - - [13/Mar/2023:05:48:47 -0500] "GET /sipse/faces/faces/faces/faces/autenticacion.xhtml HTTP/1.1" 200 12166
179.19.30.62 - - [13/Mar/2023:05:48:48 -0500] "GET /sipse/css/custom_css_sg.css HTTP/1.1" 304 -
179.19.30.62 - - [13/Mar/2023:05:48:48 -0500] "GET /sipse/css/custom_css_sg_prime_login.css HTTP/1.1" 304 -
179.19.30.62 - - [13/Mar/2023:05:48:48 -0500] "GET /sipse/faces/javax.faces.resource/theme.css?ln=primefaces-sipse HTTP/1.1" 304 -
179.19.30.62 - - [13/Mar/2023:05:48:48 -0500] "GET /sipse/faces/javax.faces.resource/primefaces.css?ln=primefaces&v=4.0 HTTP/1.1" 304 -
179.19.30.62 - - [13/Mar/2023:05:48:48 -0500] "GET /sipse/faces/javax.faces.resource/layout/layout.css?ln=primefaces&v=4.0 HTTP/1.1" 304 -
179.19.30.62 - - [13/Mar/2023:05:48:48 -0500] "GET /sipse/js/funciones.js HTTP/1.1" 304 -
179.19.30.62 - - [13/Mar/2023:05:48:48 -0500] "GET /sipse/js/disable_browser_buttons.js HTTP/1.1" 304 -
179.19.30.62 - - [13/Mar/2023:05:48:48 -0500] "GET /sipse/faces/javax.faces.resource/jquery/jquery.js?ln=primefaces&v=4.0 HTTP/1.1" 304 -
179.19.30.62 - - [13/Mar/2023:05:48:48 -0500] "GET /sipse/faces/javax.faces.resource/layout/layout.js?ln=primefaces&v=4.0 HTTP/1.1" 304 -
179.19.30.62 - - [13/Mar/2023:05:48:48 -0500] "GET /sipse/faces/javax.faces.resource/jquery/jquery-plugins.js?ln=primefaces&v=4.0 HTTP/1.1" 200 220526
179.19.30.62 - - [13/Mar/2023:05:48:48 -0500] "GET /sipse/faces/javax.faces.resource/primefaces.js?ln=primefaces&v=4.0 HTTP/1.1" 200 276924
179.19.30.62 - - [13/Mar/2023:05:48:49 -0500] "GET /sipse/css/imagen/logoSDG.png HTTP/1.1" 304 -
179.19.30.62 - - [13/Mar/2023:05:48:49 -0500] "GET /sipse/css/imagen/loginimg.png HTTP/1.1" 304 -
179.19.30.62 - - [13/Mar/2023:05:48:49 -0500] "GET /sipse/faces/javax.faces.resource/images/ui-icons_898989_256x240.png?ln=primefaces-aristo HTTP/1.1" 304 -
179.19.30.62 - - [13/Mar/2023:05:48:52 -0500] "POST /sipse/faces/autenticacion.xhtml HTTP/1.1" 200 15510
179.19.30.62 - - [13/Mar/2023:05:48:53 -0500] "GET /sipse/faces/javax.faces.resource/theme.css?ln=primefaces-sipse HTTP/1.1" 304 -
179.19.30.62 - - [13/Mar/2023:05:48:53 -0500] "GET /sipse/css/custom_css_sg_prime.css HTTP/1.1" 304 -
179.19.30.62 - - [13/Mar/2023:05:48:53 -0500] "GET /sipse/faces/javax.faces.resource/layout/layout.css?ln=primefaces&v=4.0 HTTP/1.1" 304 -
179.19.30.62 - - [13/Mar/2023:05:48:53 -0500] "GET /sipse/js/jquery.min.js HTTP/1.1" 304 -
179.19.30.62 - - [13/Mar/2023:05:48:53 -0500] "GET /sipse/faces/javax.faces.resource/jquery/jquery.js?ln=primefaces&v=4.0 HTTP/1.1" 304 -
179.19.30.62 - - [13/Mar/2023:05:48:53 -0500] "GET /sipse/faces/javax.faces.resource/primefaces.css?ln=primefaces&v=4.0 HTTP/1.1" 304 -
179.19.30.62 - - [13/Mar/2023:05:48:54 -0500] "GET /sipse/faces/javax.faces.resource/jquery/jquery-plugins.js?ln=primefaces&v=4.0 HTTP/1.1" 304 -
179.19.30.62 - - [13/Mar/2023:05:48:54 -0500] "GET /sipse/faces/javax.faces.resource/primefaces.js?ln=primefaces&v=4.0 HTTP/1.1" 304 -
179.19.30.62 - - [13/Mar/2023:05:48:54 -0500] "GET /sipse/faces/javax.faces.resource/layout/layout.js?ln=primefaces&v=4.0 HTTP/1.1" 304 -
179.19.30.62 - - [13/Mar/2023:05:48:55 -0500] "GET /sipse/imagenes/cargando.gif HTTP/1.1" 304 -
179.19.30.62 - - [13/Mar/2023:05:48:55 -0500] "GET /sipse/imagenes/logoAplicacion.jpg HTTP/1.1" 304 -
179.19.30.62 - - [13/Mar/2023:05:48:55 -0500] "GET /sipse/css/imagen/contrasena.png HTTP/1.1" 404 383
179.19.30.62 - - [13/Mar/2023:05:48:55 -0500] "GET /sipse/faces/javax.faces.resource/messages/messages.png?ln=primefaces&v=4.0 HTTP/1.1" 304 -
185.119.81.104 - - [13/Mar/2023:05:48:55 -0500] "GET /portaldeninos/wp-login.php HTTP/1.1" 503 1037
179.19.30.62 - - [13/Mar/2023:05:48:58 -0500] "GET /sipse/faces/javax.faces.resource/images/ui-bg_flat_0_2d5972_40x100.png?ln=primefaces-aristo HTTP/1.1" 304 -
179.19.30.62 - - [13/Mar/2023:05:48:58 -0500] "POST /sipse/faces/bienvenido.xhtml HTTP/1.1" 200 8532
179.19.30.62 - - [13/Mar/2023:05:48:59 -0500] "POST /sipse/faces/bienvenido.xhtml HTTP/1.1" 200 3843
216.245.221.92 - - [13/Mar/2023:05:49:00 -0500] "HEAD / HTTP/1.1" 200 -
179.19.30.62 - - [13/Mar/2023:05:49:00 -0500] "POST /sipse/faces/bienvenido.xhtml HTTP/1.1" 200 42062
179.19.30.62 - - [13/Mar/2023:05:49:01 -0500] "GET /sipse/faces/javax.faces.resource/theme.css?ln=primefaces-sipse HTTP/1.1" 304 -
179.19.30.62 - - [13/Mar/2023:05:49:01 -0500] "GET /sipse/faces/javax.faces.resource/primefaces.css?ln=primefaces&v=4.0 HTTP/1.1" 304 -
179.19.30.62 - - [13/Mar/2023:05:49:01 -0500] "GET /sipse/faces/javax.faces.resource/layout/layout.css?ln=primefaces&v=4.0 HTTP/1.1" 304 -
179.19.30.62 - - [13/Mar/2023:05:49:01 -0500] "GET /sipse/faces/javax.faces.resource/jquery/jquery.js?ln=primefaces&v=4.0 HTTP/1.1" 304 -
179.19.30.62 - - [13/Mar/2023:05:49:01 -0500] "GET /sipse/faces/javax.faces.resource/jquery/jquery-plugins.js?ln=primefaces&v=4.0 HTTP/1.1" 304 -
179.19.30.62 - - [13/Mar/2023:05:49:02 -0500] "GET /sipse/faces/javax.faces.resource/primefaces.js?ln=primefaces&v=4.0 HTTP/1.1" 304 -
179.19.30.62 - - [13/Mar/2023:05:49:02 -0500] "GET /sipse/faces/javax.faces.resource/layout/layout.js?ln=primefaces&v=4.0 HTTP/1.1" 304 -
179.19.30.62 - - [13/Mar/2023:05:49:03 -0500] "POST /sipse/faces/presentacion/financiero/solicitudProceso/listarSolicitudProceso.xhtml HTTP/1.1" 200 1436
45.238.182.81 - - [13/Mar/2023:05:49:20 -0500] "GET /mujeres-que-reverdecen-secretaria-de-ambiente-anuncia-el-inicio-de-la-tercera-fase.html HTTP/1.1" 200 954
201.245.192.253 - - [13/Mar/2023:05:52:40 -0500] "POST /kwsrmcab/Wsrmcab  HTTP/1.1" 200 213
172.22.2.4 - - [13/Mar/2023:05:51:30 -0500] "HEAD /BLA/boletinlegal/ HTTP/1.1" 200 -
216.245.221.92 - - [13/Mar/2023:05:54:00 -0500] "HEAD / HTTP/1.1" 200 -
172.22.2.4 - - [13/Mar/2023:05:52:20 -0500] "GET /BLA/boletinlegal/ HTTP/1.1" 200 57935
40.77.167.122 - - [13/Mar/2023:05:56:48 -0500] "GET /BLA/resoluciones/AUTOS%202021/3390.pdf HTTP/1.1" 304 -
186.102.67.51 - - [13/Mar/2023:05:57:21 -0500] "GET /kwssiamovil/sm/ldap/au?x=U2FsdGVkX1/ujVdB8/oiOyi/Ltaw9iXQg9uV6Hl7t6+P9rk+XZlypKhqghEgSDiR&y=U2FsdGVkX18Y7ABsPkxQtldqVfo9PgvCGw7ulxFl49y+dCL5xETtSaCW2Ua/q7dy HTTP/1.1" 200 30
186.102.67.51 - - [13/Mar/2023:05:57:21 -0500] "GET /kwssiamovil/sm/acme/s?s=U2FsdGVkX1++ShhFHpXcKkMHt1Q0oAfRSuh/aKtpkwlbYWVZK6UFwWJRZuQhsajs1YvkCDWzUEVdQOLeKHfAwgZJOFzvozNVJRNrwIDBp5g=&u=U2FsdGVkX18FMZ7y4O82zKjWr6/iTKGgF4rjDIeDBQK+uK3EbizOmrypUA9Py99M&y=U2FsdGVkX18Y7ABsPkxQtldqVfo9PgvCGw7ulxFl49y+dCL5xETtSaCW2Ua/q7dy HTTP/1.1" 200 97
186.102.67.51 - - [13/Mar/2023:05:57:22 -0500] "GET /kwssiamovil/sm/acme/s?s=U2FsdGVkX18ES9MMAes8DcWHKDG9rF2k06IpWxw9eCO+Tt9pEBA/wilIS17NKxlbivRN81R9w1FZAI2Q9Yoew6zlvI9bbgbzBn9VDR7tkRIQelJ1km/ctLlkRCRTRaqsbebDEmOgZKf6iD6lvAeaKu1o067S/xXkPwWj/5k1P6GiKInADMRCVlHBSIVdqbdxlWIm0C+FuXHIUisG8+8P90h5FpS4u/fmsXfj5q9JM0IkCzyRbrgvhSw4feXr+/gMCzBltmOi8auuIR2blpfsXoK/qQeNloNG7PPT2JAXU14i1fBueUgkCF55CN+yhPnFvSxElBGZqS5OXMEFCaMnltBFCOBopwtfoDejCF+0UE1C+k0FRLR0Gmzpl9olvPZ+JlgibiOp2G0s5cD593+gw7VKJB5Z3aqWkQyl+tn2+QZNfds21Qf5ddlFiu42oRxFcnDOdvPX2aJg/Q0HNa0ulqYhmpkXQ+NmbY95HArOPVJzFtmBm53Wx+OwYUM/PdDXJqdpwJCfyM3kYl7iSqMYTny4c4SSoPg23NANA+KZ8+XRHlWs70sfyWs3aK05IgySwwMr903ty4vFbCUbWych88VS2vaAWNKdC/dPYvs26R7irxidwIXsH5ML9g1rafZXD5nkWs86NDwflhCHs//B+SY48JybQPn51fmKR8M979l+0c0eau077kq9Eqziu3kxrTdlzXiwOdcA4v9V+Q8HKCKiJ1Ff9BrVI/Tc6c1VcQUPzpMvakTLJSaufwJzl/uc6f2jR0F3zFAT+7ACciaLW53g9F3/ykc7v3rMX7ia2pZVhEPrLdyz+d5+nM9Sy56yoTCsIRtF+syFvjNxFQ3RttBR56BGv5y14YOhiqx1htKEAsoz9GxK4Z6Hkeq4SW7Q3Grb2JS5ZdSbctyXnVlWlaqLjj+F0jAaje8zr/f7UPRESm9Pad2TpD1N2ZWswGeDzjbmBok8NVtTpnxJzGTUiQylUdC+ZoBIBzdShrqh7+HfORQeo3DV59wwJzhvn21DRpxZjMjof71I7/t5xD3wjpbvEfeBFL7fr9Hw/DU4oRIRKNR3V3T9iD2ojSQhiPje18zZveromG9VMtV77u/MvVfGLwIociUdXE300Qm/LmesArhu/uziIurw8CVzOiqQj1oKEGZJch8u2vUXrt4XrwI5+jvE3Z1Hl9zXtNKtz4wvqCwvtG8W/W53Vbo4DUZuxzP9Vt8Vb83gM7M77NrGPw/YLOSOO9DY3ltgWWBER6KiTNvgEydQyi3oM4Y5mOff5xHZ8Yy9p897PiNpNqoItSb3JunL6lQ3GXG7fhbaJSaRXAS6300LMSX4Ac1YiQNfddTEZt47CwcTJyN93BIRtLifWZYPa1V6IwNgWqCBeNSpcXEa8hcEwNRoOeA+U/45pQ1qcvibsmjEsXAVnJ8c41Ks5ij1K0MHfnZ5lOUWtHk=&u=U2FsdGVkX18FMZ7y4O82zKjWr6/iTKGgF4rjDIeDBQK+uK3EbizOmrypUA9Py99M&y=U2FsdGVkX18Y7ABsPkxQtldqVfo9PgvCGw7ulxFl49y+dCL5xETtSaCW2Ua/q7dy HTTP/1.1" 200 895
186.102.67.51 - - [13/Mar/2023:05:57:22 -0500] "GET /kwssiamovil/sm/acme/s?s=U2FsdGVkX1+b4OgiO5p5WVU/+wFaeXULUxurfHULdaec/q+BrityfN8iJdfK0Xpx3SKqTpJ8unJ+iVQZpYbrS0+Sv9oD3NNBkQZhlMJyJXhhbdEyDKVW15r6mJkddE2FONsbZLZMHs2Wc3wBfER23+NPLIozUpzy0PVGlTVRxNSzacspKFpiD7Cj2uh1CxNROoTpIWrR6hEDGgf3n0U/RBbBcWIZt+BIahWJiKz7eHdYgCaMng3w4cMiQ4eFhVINULybh/xaAa29mt2VADbXvxfJ0XNVN3pWK6P8jPnUWzuShbHkTdSeWt7XQcsgdC8TsR3McjHR2MT/H86QIJCo0LklBjdavuMYKnia4vdmsaU=&u=U2FsdGVkX18FMZ7y4O82zKjWr6/iTKGgF4rjDIeDBQK+uK3EbizOmrypUA9Py99M&y=U2FsdGVkX18Y7ABsPkxQtldqVfo9PgvCGw7ulxFl49y+dCL5xETtSaCW2Ua/q7dy HTTP/1.1" 200 196
186.102.67.51 - - [13/Mar/2023:05:57:22 -0500] "GET /kwssiamovil/sm/cjson/pre?f=1&x=U2FsdGVkX1/ujVdB8/oiOyi/Ltaw9iXQg9uV6Hl7t6+P9rk+XZlypKhqghEgSDiR HTTP/1.1" 200 31032
201.245.192.253 - - [13/Mar/2023:05:57:40 -0500] "POST /kwsrmcab/Wsrmcab  HTTP/1.1" 200 213
216.245.221.92 - - [13/Mar/2023:05:59:00 -0500] "HEAD / HTTP/1.1" 200 -
172.22.2.4 - - [13/Mar/2023:05:57:20 -0500] "HEAD /BLA/boletinlegal/ HTTP/1.1" 200 -
66.249.70.13 - - [13/Mar/2023:05:59:00 -0500] "-" 408 -
168.119.100.88 - - [13/Mar/2023:05:59:50 -0500] "GET / HTTP/1.1" 200 319
172.22.2.4 - - [13/Mar/2023:05:58:10 -0500] "GET /BLA/boletinlegal/ HTTP/1.1" 200 57141
52.167.144.71 - - [13/Mar/2023:06:00:01 -0500] "GET /BLA/resoluciones/AUTOS%202021/5120.pdf HTTP/1.1" 304 -
185.119.81.102 - - [13/Mar/2023:06:00:02 -0500] "GET /portaldeninos/wp-login.php HTTP/1.1" 503 1037
172.22.2.4 - - [13/Mar/2023:06:00:41 -0500] "GET /BLA/boletinlegal/Circulares/2012/Circular%20No.%2010%20del%2022%20de%20Agosto%20de%202012.pdf HTTP/1.1" 304 -
201.245.192.253 - - [13/Mar/2023:06:02:40 -0500] "POST /kwsrmcab/Wsrmcab  HTTP/1.1" 200 213
190.69.48.99 - - [13/Mar/2023:06:02:47 -0500] "GET /mujeres-que-reverdecen-secretaria-de-ambiente-anuncia-el-inicio-de-la-tercera-fase.html HTTP/1.1" 304 -
216.245.221.92 - - [13/Mar/2023:06:04:00 -0500] "HEAD / HTTP/1.1" 200 -
172.22.2.4 - - [13/Mar/2023:06:03:10 -0500] "HEAD /BLA/boletinlegal/ HTTP/1.1" 200 -
172.22.2.4 - - [13/Mar/2023:06:04:00 -0500] "GET /BLA/boletinlegal/ HTTP/1.1" 200 57935
201.245.192.253 - - [13/Mar/2023:06:07:40 -0500] "POST /kwsrmcab/Wsrmcab  HTTP/1.1" 200 213
216.245.221.92 - - [13/Mar/2023:06:09:00 -0500] "HEAD / HTTP/1.1" 200 -
172.22.2.4 - - [13/Mar/2023:06:09:00 -0500] "HEAD /BLA/boletinlegal/ HTTP/1.1" 200 -
172.22.2.4 - - [13/Mar/2023:06:09:50 -0500] "GET /BLA/boletinlegal/ HTTP/1.1" 200 59296
172.22.2.4 - - [13/Mar/2023:06:11:35 -0500] "GET /BLA/boletinlegal/actos.php HTTP/1.1" 200 9672
34.91.92.79 - - [13/Mar/2023:06:11:38 -0500] "GET /inventario-de-emisiones-2020-transporte-publico-sitp-redujo-emisiones-de-pm-2-5-en-un-37.html HTTP/1.1" 200 925
185.119.81.101 - - [13/Mar/2023:06:11:56 -0500] "GET /portaldeninos/wp-login.php HTTP/1.1" 503 1037
203.209.239.122 - - [13/Mar/2023:06:12:07 -0500] "GET /galeria/galeria/fotos/diaSC3Peq.jpg HTTP/1.1" 200 24913
181.53.12.84 - - [13/Mar/2023:06:12:15 -0500] "GET /mujeres-que-reverdecen-secretaria-de-ambiente-anuncia-el-inicio-de-la-tercera-fase.html HTTP/1.1" 200 954
35.204.191.61 - - [13/Mar/2023:06:12:21 -0500] "GET /inventario-de-emisiones-2020-transporte-publico-sitp-redujo-emisiones-de-pm-2-5-en-un-37.html HTTP/1.1" 200 925
186.31.47.234 - - [13/Mar/2023:06:12:22 -0500] "POST /sipse/faces/presentacion/financiero/solicitudProceso/listarSolicitudProceso.xhtml HTTP/1.1" 200 57540
186.31.47.234 - - [13/Mar/2023:06:12:22 -0500] "POST /sipse/faces/presentacion/financiero/solicitudProceso/listarSolicitudProceso.xhtml HTTP/1.1" 200 57540
186.31.47.234 - - [13/Mar/2023:06:12:22 -0500] "POST /sipse/faces/presentacion/financiero/solicitudProceso/listarSolicitudProceso.xhtml HTTP/1.1" 200 1560
186.31.47.234 - - [13/Mar/2023:06:12:23 -0500] "POST /sipse/faces/presentacion/financiero/solicitudProceso/listarSolicitudProceso.xhtml HTTP/1.1" 200 1552
201.245.192.253 - - [13/Mar/2023:06:12:43 -0500] "POST /kwsrmcab/Wsrmcab  HTTP/1.1" 200 213
216.245.221.92 - - [13/Mar/2023:06:14:00 -0500] "HEAD / HTTP/1.1" 200 -
181.59.2.155 - - [13/Mar/2023:06:14:58 -0500] "GET /mujeres-que-reverdecen-secretaria-de-ambiente-anuncia-el-inicio-de-la-tercera-fase.html HTTP/1.1" 200 954
172.22.2.4 - - [13/Mar/2023:06:14:50 -0500] "HEAD /BLA/boletinlegal/ HTTP/1.1" 200 -
172.22.2.4 - - [13/Mar/2023:06:16:30 -0500] "GET /BLA/boletinlegal/api/index.php/v1/config/application?public=true HTTP/1.1" 404 1038
66.249.66.65 - - [13/Mar/2023:06:16:46 -0500] "-" 408 -
40.77.167.140 - - [13/Mar/2023:06:17:17 -0500] "GET /BLA/resoluciones/AUTOS%202008/1230.pdf HTTP/1.1" 200 79364
172.22.2.4 - - [13/Mar/2023:06:15:40 -0500] "GET /BLA/boletinlegal/ HTTP/1.1" 200 57551
201.245.192.253 - - [13/Mar/2023:06:17:42 -0500] "POST /kwsrmcab/Wsrmcab  HTTP/1.1" 200 213
40.77.167.198 - - [13/Mar/2023:06:18:36 -0500] "GET /BLA/resoluciones/AUTOS%202021/6365.pdf HTTP/1.1" 304 -
216.245.221.92 - - [13/Mar/2023:06:19:00 -0500] "HEAD / HTTP/1.1" 200 -
172.22.2.4 - - [13/Mar/2023:06:19:28 -0500] "GET /BLA/boletinlegal/Circulares/2017/Circular%20No.%201%20del%2030%20de%20Marzo%20de%202017.pdf HTTP/1.1" 200 668532
201.245.192.253 - - [13/Mar/2023:06:21:08 -0500] "POST /kwsrmcab/Wsrmcab HTTP/1.1" 200 41896
201.245.192.253 - - [13/Mar/2023:06:21:11 -0500] "POST /kwsrmcab/Wsrmcab HTTP/1.1" 200 41918
172.22.2.4 - - [13/Mar/2023:06:20:40 -0500] "HEAD /BLA/boletinlegal/ HTTP/1.1" 200 -
201.245.192.253 - - [13/Mar/2023:06:22:42 -0500] "POST /kwsrmcab/Wsrmcab  HTTP/1.1" 200 213
172.22.2.4 - - [13/Mar/2023:06:21:30 -0500] "GET /BLA/boletinlegal/ HTTP/1.1" 200 59296
216.245.221.92 - - [13/Mar/2023:06:24:00 -0500] "HEAD / HTTP/1.1" 200 -
172.22.2.4 - - [13/Mar/2023:06:24:12 -0500] "GET /BLA/boletinlegal/actos.php HTTP/1.1" 200 9672
172.22.2.4 - - [13/Mar/2023:06:24:13 -0500] "GET /BLA/boletinlegal/styles2.css HTTP/1.1" 200 1838
186.80.52.163 - - [13/Mar/2023:06:24:15 -0500] "GET /BLA/resoluciones/ HTTP/1.1" 200 13502
186.80.52.163 - - [13/Mar/2023:06:24:15 -0500] "GET /BLA/resoluciones/dlf/folder.png HTTP/1.1" 200 410
186.80.52.163 - - [13/Mar/2023:06:24:21 -0500] "GET /BLA/resoluciones/index.php?dir=RESOLUCIONES+2020%2F HTTP/1.1" 200 167864
66.249.66.64 - - [13/Mar/2023:06:26:44 -0500] "-" 408 -
69.171.251.12 - - [13/Mar/2023:06:26:47 -0500] "GET /images/caminatas-ecol\xc3\xb3gicas-marzo---1920x1080_optimized.jpg HTTP/1.1" 404 1034
185.119.81.102 - - [13/Mar/2023:06:27:34 -0500] "GET /portaldeninos/wp-login.php HTTP/1.1" 503 1037
201.245.192.253 - - [13/Mar/2023:06:27:40 -0500] "POST /kwsrmcab/Wsrmcab  HTTP/1.1" 200 213
172.22.2.4 - - [13/Mar/2023:06:26:30 -0500] "HEAD /BLA/boletinlegal/ HTTP/1.1" 200 -
216.245.221.92 - - [13/Mar/2023:06:29:00 -0500] "HEAD / HTTP/1.1" 200 -
172.22.2.4 - - [13/Mar/2023:06:27:20 -0500] "GET /BLA/boletinlegal/ HTTP/1.1" 200 57141
181.53.12.93 - - [13/Mar/2023:06:29:13 -0500] "GET /sipse/faces/faces/autenticacion.xhtml HTTP/1.1" 200 12488
181.53.12.93 - - [13/Mar/2023:06:29:13 -0500] "GET /sipse/js/disable_browser_buttons.js HTTP/1.1" 304 -
181.53.12.93 - - [13/Mar/2023:06:29:13 -0500] "GET /sipse/js/funciones.js HTTP/1.1" 304 -
181.53.12.93 - - [13/Mar/2023:06:29:13 -0500] "GET /sipse/css/custom_css_sg.css HTTP/1.1" 304 -
181.53.12.93 - - [13/Mar/2023:06:29:13 -0500] "GET /sipse/css/custom_css_sg_prime_login.css HTTP/1.1" 304 -
181.53.12.93 - - [13/Mar/2023:06:29:13 -0500] "GET /sipse/faces/javax.faces.resource/theme.css?ln=primefaces-sipse HTTP/1.1" 304 -
181.53.12.93 - - [13/Mar/2023:06:29:13 -0500] "GET /sipse/faces/javax.faces.resource/layout/layout.css;jsessionid=q27NwN8Q7DUAu8SZbDy0-F67.undefined?ln=primefaces&v=4.0 HTTP/1.1" 200 542
181.53.12.93 - - [13/Mar/2023:06:29:13 -0500] "GET /sipse/faces/javax.faces.resource/primefaces.css;jsessionid=q27NwN8Q7DUAu8SZbDy0-F67.undefined?ln=primefaces&v=4.0 HTTP/1.1" 200 53295
181.53.12.93 - - [13/Mar/2023:06:29:13 -0500] "GET /sipse/faces/javax.faces.resource/layout/layout.js;jsessionid=q27NwN8Q7DUAu8SZbDy0-F67.undefined?ln=primefaces&v=4.0 HTTP/1.1" 200 87560
181.53.12.93 - - [13/Mar/2023:06:29:13 -0500] "GET /sipse/faces/javax.faces.resource/jquery/jquery.js;jsessionid=q27NwN8Q7DUAu8SZbDy0-F67.undefined?ln=primefaces&v=4.0 HTTP/1.1" 200 105384
181.53.12.93 - - [13/Mar/2023:06:29:13 -0500] "GET /sipse/faces/javax.faces.resource/primefaces.js;jsessionid=q27NwN8Q7DUAu8SZbDy0-F67.undefined?ln=primefaces&v=4.0 HTTP/1.1" 200 276924
181.53.12.93 - - [13/Mar/2023:06:29:13 -0500] "GET /sipse/faces/javax.faces.resource/jquery/jquery-plugins.js;jsessionid=q27NwN8Q7DUAu8SZbDy0-F67.undefined?ln=primefaces&v=4.0 HTTP/1.1" 200 220526
181.53.12.93 - - [13/Mar/2023:06:29:14 -0500] "GET /sipse/css/imagen/loginimg.png HTTP/1.1" 304 -
181.53.12.93 - - [13/Mar/2023:06:29:14 -0500] "GET /sipse/css/imagen/logoSDG.png HTTP/1.1" 304 -
181.53.12.93 - - [13/Mar/2023:06:29:14 -0500] "GET /sipse/faces/javax.faces.resource/images/ui-icons_898989_256x240.png?ln=primefaces-aristo HTTP/1.1" 304 -
181.53.12.93 - - [13/Mar/2023:06:29:14 -0500] "GET /favicon.ico HTTP/1.1" 200 7782
181.53.12.93 - - [13/Mar/2023:06:29:14 -0500] "GET /sipse/faces/faces/index.xhtml HTTP/1.1" 200 677
181.53.12.93 - - [13/Mar/2023:06:29:14 -0500] "GET /sipse/faces/javax.faces.resource/theme.css?ln=primefaces-sipse HTTP/1.1" 304 -
181.53.12.93 - - [13/Mar/2023:06:29:14 -0500] "GET /sipse/faces/faces/faces/autenticacion.xhtml HTTP/1.1" 200 12166
181.53.12.93 - - [13/Mar/2023:06:29:14 -0500] "GET /sipse/faces/javax.faces.resource/theme.css?ln=primefaces-sipse HTTP/1.1" 304 -
181.53.12.93 - - [13/Mar/2023:06:29:14 -0500] "GET /sipse/faces/javax.faces.resource/layout/layout.css?ln=primefaces&v=4.0 HTTP/1.1" 200 542
181.53.12.93 - - [13/Mar/2023:06:29:14 -0500] "GET /sipse/faces/javax.faces.resource/jquery/jquery-plugins.js?ln=primefaces&v=4.0 HTTP/1.1" 304 -
181.53.12.93 - - [13/Mar/2023:06:29:14 -0500] "GET /sipse/faces/javax.faces.resource/jquery/jquery.js?ln=primefaces&v=4.0 HTTP/1.1" 304 -
181.53.12.93 - - [13/Mar/2023:06:29:14 -0500] "GET /sipse/faces/javax.faces.resource/primefaces.js?ln=primefaces&v=4.0 HTTP/1.1" 304 -
181.53.12.93 - - [13/Mar/2023:06:29:14 -0500] "GET /sipse/faces/javax.faces.resource/primefaces.css?ln=primefaces&v=4.0 HTTP/1.1" 200 53295
181.53.12.93 - - [13/Mar/2023:06:29:14 -0500] "GET /sipse/faces/javax.faces.resource/layout/layout.js?ln=primefaces&v=4.0 HTTP/1.1" 304 -
181.53.12.93 - - [13/Mar/2023:06:29:14 -0500] "GET /sipse/faces/javax.faces.resource/images/ui-icons_898989_256x240.png?ln=primefaces-aristo HTTP/1.1" 304 -
181.53.12.93 - - [13/Mar/2023:06:29:36 -0500] "POST /sipse/faces/autenticacion.xhtml HTTP/1.1" 200 2219
181.53.12.93 - - [13/Mar/2023:06:29:36 -0500] "GET /sipse/faces/javax.faces.resource/messages/messages.png?ln=primefaces&v=4.0 HTTP/1.1" 200 27209
181.53.12.93 - - [13/Mar/2023:06:29:38 -0500] "POST /sipse/faces/autenticacion.xhtml HTTP/1.1" 200 16302
181.53.12.93 - - [13/Mar/2023:06:29:38 -0500] "GET /sipse/css/custom_css_sg_prime.css HTTP/1.1" 200 5201
181.53.12.93 - - [13/Mar/2023:06:29:38 -0500] "GET /sipse/js/jquery.min.js HTTP/1.1" 200 85582
181.53.12.93 - - [13/Mar/2023:06:29:38 -0500] "GET /sipse/faces/javax.faces.resource/jquery/jquery.js?ln=primefaces&v=4.0 HTTP/1.1" 304 -
181.53.12.93 - - [13/Mar/2023:06:29:39 -0500] "GET /sipse/faces/javax.faces.resource/jquery/jquery-plugins.js?ln=primefaces&v=4.0 HTTP/1.1" 304 -
181.53.12.93 - - [13/Mar/2023:06:29:39 -0500] "GET /sipse/faces/javax.faces.resource/primefaces.js?ln=primefaces&v=4.0 HTTP/1.1" 304 -
181.53.12.93 - - [13/Mar/2023:06:29:39 -0500] "GET /sipse/faces/javax.faces.resource/layout/layout.js?ln=primefaces&v=4.0 HTTP/1.1" 304 -
181.53.12.93 - - [13/Mar/2023:06:29:39 -0500] "GET /sipse/css/imagen/contrasena.png HTTP/1.1" 404 383
181.53.12.93 - - [13/Mar/2023:06:29:39 -0500] "GET /sipse/imagenes/cargando.gif HTTP/1.1" 200 36959
181.53.12.93 - - [13/Mar/2023:06:29:39 -0500] "GET /sipse/imagenes/logoAplicacion.jpg HTTP/1.1" 200 155084
181.53.12.93 - - [13/Mar/2023:06:29:42 -0500] "GET /sipse/faces/javax.faces.resource/images/ui-bg_flat_0_2d5972_40x100.png?ln=primefaces-aristo HTTP/1.1" 200 183
181.53.12.93 - - [13/Mar/2023:06:29:42 -0500] "POST /sipse/faces/bienvenido.xhtml HTTP/1.1" 200 6185
181.53.12.93 - - [13/Mar/2023:06:29:58 -0500] "POST /sipse/faces/bienvenido.xhtml HTTP/1.1" 200 31077
181.53.12.93 - - [13/Mar/2023:06:29:58 -0500] "GET /sipse/faces/javax.faces.resource/jquery/jquery.js?ln=primefaces&v=4.0 HTTP/1.1" 304 -
181.53.12.93 - - [13/Mar/2023:06:29:58 -0500] "GET /sipse/faces/javax.faces.resource/jquery/jquery-plugins.js?ln=primefaces&v=4.0 HTTP/1.1" 304 -
181.53.12.93 - - [13/Mar/2023:06:29:58 -0500] "GET /sipse/faces/javax.faces.resource/primefaces.js?ln=primefaces&v=4.0 HTTP/1.1" 304 -
181.53.12.93 - - [13/Mar/2023:06:29:59 -0500] "GET /sipse/faces/javax.faces.resource/layout/layout.js?ln=primefaces&v=4.0 HTTP/1.1" 304 -
201.245.192.253 - - [13/Mar/2023:06:31:09 -0500] "POST /kwsrmcab/Wsrmcab HTTP/1.1" 200 41896
40.77.167.122 - - [13/Mar/2023:06:31:11 -0500] "GET /BLA/resoluciones/RESOLUCIONES%202022/4067.pdf HTTP/1.1" 304 -
201.245.192.253 - - [13/Mar/2023:06:31:11 -0500] "POST /kwsrmcab/Wsrmcab HTTP/1.1" 200 41918
181.53.12.93 - - [13/Mar/2023:06:31:24 -0500] "POST /sipse/faces/presentacion/sistema/reporte/listarReportes.xhtml HTTP/1.1" 200 22355
181.53.12.93 - - [13/Mar/2023:06:31:24 -0500] "GET /sipse/faces/javax.faces.resource/jquery/jquery.js?ln=primefaces&v=4.0 HTTP/1.1" 304 -
181.53.12.93 - - [13/Mar/2023:06:31:24 -0500] "GET /sipse/faces/javax.faces.resource/theme.css?ln=primefaces-sipse HTTP/1.1" 304 -
181.53.12.93 - - [13/Mar/2023:06:31:24 -0500] "GET /sipse/faces/javax.faces.resource/layout/layout.css?ln=primefaces&v=4.0 HTTP/1.1" 304 -
181.53.12.93 - - [13/Mar/2023:06:31:24 -0500] "GET /sipse/faces/javax.faces.resource/primefaces.css?ln=primefaces&v=4.0 HTTP/1.1" 304 -
181.53.12.93 - - [13/Mar/2023:06:31:24 -0500] "GET /sipse/faces/javax.faces.resource/jquery/jquery-plugins.js?ln=primefaces&v=4.0 HTTP/1.1" 304 -
181.53.12.93 - - [13/Mar/2023:06:31:24 -0500] "GET /sipse/faces/javax.faces.resource/layout/layout.js?ln=primefaces&v=4.0 HTTP/1.1" 304 -
181.53.12.93 - - [13/Mar/2023:06:31:24 -0500] "GET /sipse/faces/javax.faces.resource/primefaces.js?ln=primefaces&v=4.0 HTTP/1.1" 304 -
181.53.12.93 - - [13/Mar/2023:06:31:24 -0500] "GET /sipse/faces/javax.faces.resource/images/ui-icons_898989_256x240.png?ln=primefaces-aristo HTTP/1.1" 304 -
181.49.25.154 - - [13/Mar/2023:06:31:39 -0500] "GET /BLA/boletinlegal/js/jquery.scrollShow.js HTTP/1.1" 200 4586
181.49.25.154 - - [13/Mar/2023:06:31:39 -0500] "GET /galeria/galeria/jquery.fancybox.css?v=2.1.5 HTTP/1.1" 200 4895
181.49.25.154 - - [13/Mar/2023:06:31:39 -0500] "GET /galeria/galeria/jquery.fancybox.js?v=2.1.5 HTTP/1.1" 200 48706
201.245.192.253 - - [13/Mar/2023:06:32:39 -0500] "POST /kwsrmcab/Wsrmcab  HTTP/1.1" 200 213
66.249.70.17 - - [13/Mar/2023:06:33:00 -0500] "-" 408 -
34.147.55.145 - - [13/Mar/2023:06:33:42 -0500] "GET /inventario-de-emisiones-2020-transporte-publico-sitp-redujo-emisiones-de-pm-2-5-en-un-37.html HTTP/1.1" 200 925
191.156.236.119 - - [13/Mar/2023:06:33:44 -0500] "GET /mujeres-que-reverdecen-secretaria-de-ambiente-anuncia-el-inicio-de-la-tercera-fase.html HTTP/1.1" 304 -
216.245.221.92 - - [13/Mar/2023:06:34:00 -0500] "HEAD / HTTP/1.1" 200 -
172.22.2.4 - - [13/Mar/2023:06:32:20 -0500] "HEAD /BLA/boletinlegal/ HTTP/1.1" 200 -
172.22.2.4 - - [13/Mar/2023:06:34:39 -0500] "GET /BLA/boletinlegal/actuator/health HTTP/1.1" 404 1018
172.22.2.4 - - [13/Mar/2023:06:33:10 -0500] "GET /BLA/boletinlegal/ HTTP/1.1" 200 58653
64.124.8.24 - - [13/Mar/2023:06:35:51 -0500] "GET /BLA/boletinlegal/jurisprudencia/analisis/ANALISIST-046-99.docx HTTP/1.1" 304 -
34.91.165.86 - - [13/Mar/2023:06:36:58 -0500] "GET /inventario-de-emisiones-2020-transporte-publico-sitp-redujo-emisiones-de-pm-2-5-en-un-37.html HTTP/1.1" 200 925
201.245.192.253 - - [13/Mar/2023:06:37:35 -0500] "POST /kwsrmcab/Wsrmcab  HTTP/1.1" 200 213
216.245.221.92 - - [13/Mar/2023:06:39:00 -0500] "HEAD / HTTP/1.1" 200 -
201.245.192.253 - - [13/Mar/2023:06:39:23 -0500] "GET /sipse/faces/index.xhtml HTTP/1.1" 200 677
201.245.192.253 - - [13/Mar/2023:06:39:23 -0500] "GET /sipse/faces/javax.faces.resource/theme.css?ln=primefaces-sipse HTTP/1.1" 304 -
201.245.192.253 - - [13/Mar/2023:06:39:23 -0500] "GET /sipse/faces/faces/autenticacion.xhtml HTTP/1.1" 200 12166
201.245.192.253 - - [13/Mar/2023:06:39:23 -0500] "GET /sipse/js/funciones.js HTTP/1.1" 304 -
201.245.192.253 - - [13/Mar/2023:06:39:23 -0500] "GET /sipse/css/custom_css_sg_prime_login.css HTTP/1.1" 304 -
201.245.192.253 - - [13/Mar/2023:06:39:23 -0500] "GET /sipse/js/disable_browser_buttons.js HTTP/1.1" 304 -
201.245.192.253 - - [13/Mar/2023:06:39:23 -0500] "GET /sipse/css/custom_css_sg.css HTTP/1.1" 304 -
201.245.192.253 - - [13/Mar/2023:06:39:23 -0500] "GET /sipse/faces/javax.faces.resource/layout/layout.css?ln=primefaces&v=4.0 HTTP/1.1" 304 -
201.245.192.253 - - [13/Mar/2023:06:39:23 -0500] "GET /sipse/faces/javax.faces.resource/primefaces.css?ln=primefaces&v=4.0 HTTP/1.1" 304 -
201.245.192.253 - - [13/Mar/2023:06:39:23 -0500] "GET /sipse/faces/javax.faces.resource/theme.css?ln=primefaces-sipse HTTP/1.1" 304 -
201.245.192.253 - - [13/Mar/2023:06:39:23 -0500] "GET /sipse/faces/javax.faces.resource/jquery/jquery.js?ln=primefaces&v=4.0 HTTP/1.1" 304 -
201.245.192.253 - - [13/Mar/2023:06:39:23 -0500] "GET /sipse/faces/javax.faces.resource/jquery/jquery-plugins.js?ln=primefaces&v=4.0 HTTP/1.1" 304 -
201.245.192.253 - - [13/Mar/2023:06:39:23 -0500] "GET /sipse/faces/javax.faces.resource/primefaces.js?ln=primefaces&v=4.0 HTTP/1.1" 304 -
201.245.192.253 - - [13/Mar/2023:06:39:23 -0500] "GET /sipse/faces/javax.faces.resource/layout/layout.js?ln=primefaces&v=4.0 HTTP/1.1" 304 -
201.245.192.253 - - [13/Mar/2023:06:39:23 -0500] "GET /sipse/css/imagen/logoSDG.png HTTP/1.1" 304 -
201.245.192.253 - - [13/Mar/2023:06:39:23 -0500] "GET /sipse/css/imagen/loginimg.png HTTP/1.1" 304 -
201.245.192.253 - - [13/Mar/2023:06:39:23 -0500] "GET /sipse/faces/javax.faces.resource/images/ui-icons_898989_256x240.png?ln=primefaces-aristo HTTP/1.1" 304 -
201.245.192.253 - - [13/Mar/2023:06:39:26 -0500] "POST /sipse/faces/autenticacion.xhtml HTTP/1.1" 200 15510
201.245.192.253 - - [13/Mar/2023:06:39:26 -0500] "GET /sipse/css/custom_css_sg_prime.css HTTP/1.1" 304 -
201.245.192.253 - - [13/Mar/2023:06:39:26 -0500] "GET /sipse/faces/javax.faces.resource/primefaces.css?ln=primefaces&v=4.0 HTTP/1.1" 304 -
201.245.192.253 - - [13/Mar/2023:06:39:26 -0500] "GET /sipse/faces/javax.faces.resource/theme.css?ln=primefaces-sipse HTTP/1.1" 304 -
201.245.192.253 - - [13/Mar/2023:06:39:26 -0500] "GET /sipse/faces/javax.faces.resource/layout/layout.css?ln=primefaces&v=4.0 HTTP/1.1" 304 -
201.245.192.253 - - [13/Mar/2023:06:39:26 -0500] "GET /sipse/js/jquery.min.js HTTP/1.1" 304 -
201.245.192.253 - - [13/Mar/2023:06:39:26 -0500] "GET /sipse/faces/javax.faces.resource/jquery/jquery.js?ln=primefaces&v=4.0 HTTP/1.1" 304 -
201.245.192.253 - - [13/Mar/2023:06:39:26 -0500] "GET /sipse/faces/javax.faces.resource/jquery/jquery-plugins.js?ln=primefaces&v=4.0 HTTP/1.1" 304 -
201.245.192.253 - - [13/Mar/2023:06:39:26 -0500] "GET /sipse/faces/javax.faces.resource/primefaces.js?ln=primefaces&v=4.0 HTTP/1.1" 304 -
201.245.192.253 - - [13/Mar/2023:06:39:26 -0500] "GET /sipse/faces/javax.faces.resource/layout/layout.js?ln=primefaces&v=4.0 HTTP/1.1" 304 -
201.245.192.253 - - [13/Mar/2023:06:39:26 -0500] "GET /sipse/imagenes/cargando.gif HTTP/1.1" 304 -
201.245.192.253 - - [13/Mar/2023:06:39:26 -0500] "GET /sipse/imagenes/logoAplicacion.jpg HTTP/1.1" 304 -
201.245.192.253 - - [13/Mar/2023:06:39:26 -0500] "GET /sipse/css/imagen/contrasena.png HTTP/1.1" 404 383
201.245.192.253 - - [13/Mar/2023:06:39:26 -0500] "GET /sipse/faces/javax.faces.resource/messages/messages.png?ln=primefaces&v=4.0 HTTP/1.1" 304 -
201.245.192.253 - - [13/Mar/2023:06:39:30 -0500] "GET /sipse/faces/javax.faces.resource/images/ui-bg_flat_0_2d5972_40x100.png?ln=primefaces-aristo HTTP/1.1" 304 -
201.245.192.253 - - [13/Mar/2023:06:39:30 -0500] "POST /sipse/faces/bienvenido.xhtml HTTP/1.1" 200 3843
201.245.192.253 - - [13/Mar/2023:06:39:32 -0500] "POST /sipse/faces/bienvenido.xhtml HTTP/1.1" 200 42062
201.245.192.253 - - [13/Mar/2023:06:39:32 -0500] "GET /sipse/faces/javax.faces.resource/primefaces.css?ln=primefaces&v=4.0 HTTP/1.1" 304 -
201.245.192.253 - - [13/Mar/2023:06:39:32 -0500] "GET /sipse/faces/javax.faces.resource/theme.css?ln=primefaces-sipse HTTP/1.1" 304 -
201.245.192.253 - - [13/Mar/2023:06:39:32 -0500] "GET /sipse/faces/javax.faces.resource/layout/layout.css?ln=primefaces&v=4.0 HTTP/1.1" 304 -
201.245.192.253 - - [13/Mar/2023:06:39:32 -0500] "GET /sipse/faces/javax.faces.resource/jquery/jquery.js?ln=primefaces&v=4.0 HTTP/1.1" 304 -
201.245.192.253 - - [13/Mar/2023:06:39:32 -0500] "GET /sipse/faces/javax.faces.resource/jquery/jquery-plugins.js?ln=primefaces&v=4.0 HTTP/1.1" 304 -
201.245.192.253 - - [13/Mar/2023:06:39:32 -0500] "GET /sipse/faces/javax.faces.resource/primefaces.js?ln=primefaces&v=4.0 HTTP/1.1" 304 -
201.245.192.253 - - [13/Mar/2023:06:39:32 -0500] "GET /sipse/faces/javax.faces.resource/layout/layout.js?ln=primefaces&v=4.0 HTTP/1.1" 304 -
201.245.192.253 - - [13/Mar/2023:06:39:32 -0500] "POST /sipse/faces/presentacion/financiero/solicitudProceso/listarSolicitudProceso.xhtml HTTP/1.1" 200 1436
186.155.83.245 - - [13/Mar/2023:06:39:34 -0500] "GET /inscribete-y-participa-en-las-caminatas-ecologicas-de-marzo.html?fbclid=IwAR3MnHTMRjSMbHvMC4Rfw7aFXYXqyKyYRQPIfTaAnt_qLEX3iAVj8jMzExw HTTP/1.1" 200 924
172.22.2.4 - - [13/Mar/2023:06:38:10 -0500] "HEAD /BLA/boletinlegal/ HTTP/1.1" 200 -
34.90.51.83 - - [13/Mar/2023:06:40:26 -0500] "GET /inventario-de-emisiones-2020-transporte-publico-sitp-redujo-emisiones-de-pm-2-5-en-un-37.html HTTP/1.1" 200 925
172.22.2.4 - - [13/Mar/2023:06:39:00 -0500] "GET /BLA/boletinlegal/ HTTP/1.1" 200 59296
172.22.2.4 - - [13/Mar/2023:06:40:51 -0500] "GET /BLA/boletinlegal/jurisprudencia/analisis/Analisis%20Jurisprudencia%20Sent%202000-00005-01.doc HTTP/1.1" 304 -
