!C99Shell v. 1.0 pre-release build #13!

Software: Apache. PHP/5.5.15 

uname -a: Windows NT SVR-DMZ 6.1 build 7600 (Windows Server 2008 R2 Enterprise Edition) i586 

SYSTEM 

Safe-mode: OFF (not secure)

E:\nuevo\apache\logs\   drwxrwxrwx
Free 9.41 GB of 239.26 GB (3.93%)
Detected drives: [ a ] [ c ] [ d ] [ e ] [ f ]
Home    Back    Forward    UPDIR    Refresh    Search    Buffer    Encoder    Tools    Proc.    FTP brute    Sec.    SQL    PHP-code    Update    Feedback    Self remove    Logout    


Viewing file:     access.2023.03.13.log (8.81 MB)      -rw-rw-rw-
Select action/file-type:
(+) | (+) | (+) | Code (+) | Session (+) | (+) | SDB (+) | (+) | (+) | (+) | (+) | (+) |
173.252.87.23 - - [13/Mar/2023:00:01:34 -0500] "GET /images/caminatas-ecol\xc3\xb3gicas-marzo---1920x1080_optimized.jpg HTTP/1.1" 404 1034
66.249.70.13 - - [13/Mar/2023:00:02:58 -0500] "-" 408 -
172.22.2.4 - - [13/Mar/2023:00:01:31 -0500] "HEAD /BLA/boletinlegal/ HTTP/1.1" 200 -
216.245.221.92 - - [13/Mar/2023:00:04:01 -0500] "HEAD / HTTP/1.1" 200 -
201.245.192.253 - - [13/Mar/2023:00:03:59 -0500] "POST /kwsrmcab/Wsrmcab  HTTP/1.1" 200 213
172.22.2.4 - - [13/Mar/2023:00:02:21 -0500] "GET /BLA/boletinlegal/ HTTP/1.1" 200 55924
181.60.92.99 - - [13/Mar/2023:00:04:21 -0500] "GET /galeria/galeria/jquery.fancybox.css?v=2.1.5 HTTP/1.1" 200 4895
181.60.92.99 - - [13/Mar/2023:00:04:22 -0500] "GET /BLA/boletinlegal/js/jquery.scrollShow.js HTTP/1.1" 200 4586
181.60.92.99 - - [13/Mar/2023:00:04:22 -0500] "GET /galeria/galeria/jquery.fancybox.js?v=2.1.5 HTTP/1.1" 200 48706
191.111.29.157 - - [13/Mar/2023:00:05:23 -0500] "GET /mujeres-que-reverdecen-secretaria-de-ambiente-anuncia-el-inicio-de-la-tercera-fase.html HTTP/1.1" 200 954
152.61.192.232 - - [13/Mar/2023:00:07:49 -0500] "GET / HTTP/1.1" 200 319
216.245.221.92 - - [13/Mar/2023:00:09:01 -0500] "HEAD / HTTP/1.1" 200 -
172.22.2.4 - - [13/Mar/2023:00:07:21 -0500] "HEAD /BLA/boletinlegal/ HTTP/1.1" 200 -
201.245.192.253 - - [13/Mar/2023:00:08:59 -0500] "POST /kwsrmcab/Wsrmcab  HTTP/1.1" 200 213
172.22.2.4 - - [13/Mar/2023:00:08:11 -0500] "GET /BLA/boletinlegal/ HTTP/1.1" 200 53551
66.249.66.64 - - [13/Mar/2023:00:12:19 -0500] "-" 408 -
190.249.8.45 - - [13/Mar/2023:00:13:00 -0500] "GET /BLA/resoluciones/Notificaciones/RESOLUCIONES%202022/04226.pdf HTTP/1.1" 200 5870510
190.249.8.45 - - [13/Mar/2023:00:13:00 -0500] "GET /favicon.ico HTTP/1.1" 200 7782
190.249.8.45 - - [13/Mar/2023:00:13:10 -0500] "GET /BLA/resoluciones/Notificaciones/RESOLUCIONES%202022/05642.pdf HTTP/1.1" 200 1079055
190.249.8.45 - - [13/Mar/2023:00:13:56 -0500] "GET /BLA/resoluciones/Notificaciones/AUTOS%202022/08410.pdf HTTP/1.1" 200 2989437
201.245.192.253 - - [13/Mar/2023:00:13:58 -0500] "POST /kwsrmcab/Wsrmcab  HTTP/1.1" 200 213
216.245.221.92 - - [13/Mar/2023:00:14:01 -0500] "HEAD / HTTP/1.1" 200 -
172.22.2.4 - - [13/Mar/2023:00:13:11 -0500] "HEAD /BLA/boletinlegal/ HTTP/1.1" 200 -
172.22.2.4 - - [13/Mar/2023:00:14:01 -0500] "GET /BLA/boletinlegal/ HTTP/1.1" 200 59296
181.61.246.20 - - [13/Mar/2023:00:17:22 -0500] "GET /mujeres-que-reverdecen-secretaria-de-ambiente-anuncia-el-inicio-de-la-tercera-fase.html HTTP/1.1" 304 -
201.245.192.253 - - [13/Mar/2023:00:18:57 -0500] "POST /kwsrmcab/Wsrmcab  HTTP/1.1" 200 213
216.245.221.92 - - [13/Mar/2023:00:19:01 -0500] "HEAD / HTTP/1.1" 200 -
54.39.107.240 - - [13/Mar/2023:00:19:31 -0500] "GET /auambari-deleito-con-sus-sonidos-ambientales-a-los-asistentes-de-fima-2021.html HTTP/1.1" 200 888
199.16.157.183 - - [13/Mar/2023:00:19:33 -0500] "GET /images/Incendio%20(1)%20(1).png HTTP/1.1" 200 189748
186.30.73.246 - - [13/Mar/2023:00:19:54 -0500] "GET /sipse/faces/index.xhtml HTTP/1.1" 200 677
186.30.73.246 - - [13/Mar/2023:00:19:54 -0500] "GET /sipse/faces/javax.faces.resource/theme.css?ln=primefaces-sipse HTTP/1.1" 200 50058
186.30.73.246 - - [13/Mar/2023:00:19:54 -0500] "GET /sipse/faces/faces/autenticacion.xhtml HTTP/1.1" 200 12166
186.30.73.246 - - [13/Mar/2023:00:19:54 -0500] "GET /sipse/js/disable_browser_buttons.js HTTP/1.1" 200 3230
186.30.73.246 - - [13/Mar/2023:00:19:54 -0500] "GET /sipse/js/funciones.js HTTP/1.1" 200 12592
186.30.73.246 - - [13/Mar/2023:00:19:54 -0500] "GET /sipse/css/custom_css_sg_prime_login.css HTTP/1.1" 200 443
186.30.73.246 - - [13/Mar/2023:00:19:54 -0500] "GET /sipse/faces/javax.faces.resource/theme.css?ln=primefaces-sipse HTTP/1.1" 304 -
186.30.73.246 - - [13/Mar/2023:00:19:54 -0500] "GET /sipse/faces/javax.faces.resource/layout/layout.css?ln=primefaces&v=4.0 HTTP/1.1" 200 542
186.30.73.246 - - [13/Mar/2023:00:19:54 -0500] "GET /sipse/faces/javax.faces.resource/layout/layout.js?ln=primefaces&v=4.0 HTTP/1.1" 200 87560
186.30.73.246 - - [13/Mar/2023:00:19:54 -0500] "GET /sipse/faces/javax.faces.resource/jquery/jquery-plugins.js?ln=primefaces&v=4.0 HTTP/1.1" 200 220526
186.30.73.246 - - [13/Mar/2023:00:19:54 -0500] "GET /sipse/faces/javax.faces.resource/jquery/jquery.js?ln=primefaces&v=4.0 HTTP/1.1" 200 105384
186.30.73.246 - - [13/Mar/2023:00:19:54 -0500] "GET /sipse/css/custom_css_sg.css HTTP/1.1" 200 9694
186.30.73.246 - - [13/Mar/2023:00:19:54 -0500] "GET /sipse/faces/javax.faces.resource/primefaces.js?ln=primefaces&v=4.0 HTTP/1.1" 200 276924
186.30.73.246 - - [13/Mar/2023:00:19:54 -0500] "GET /sipse/faces/javax.faces.resource/primefaces.css?ln=primefaces&v=4.0 HTTP/1.1" 200 53295
186.30.73.246 - - [13/Mar/2023:00:19:54 -0500] "GET /sipse/faces/javax.faces.resource/images/ui-icons_898989_256x240.png?ln=primefaces-aristo HTTP/1.1" 200 5355
186.30.73.246 - - [13/Mar/2023:00:19:54 -0500] "GET /sipse/css/imagen/logoSDG.png HTTP/1.1" 200 53064
186.30.73.246 - - [13/Mar/2023:00:19:54 -0500] "GET /sipse/css/imagen/loginimg.png HTTP/1.1" 200 71635
186.30.73.246 - - [13/Mar/2023:00:19:57 -0500] "POST /sipse/faces/autenticacion.xhtml HTTP/1.1" 200 16132
186.30.73.246 - - [13/Mar/2023:00:19:57 -0500] "GET /sipse/css/custom_css_sg_prime.css HTTP/1.1" 200 5201
186.30.73.246 - - [13/Mar/2023:00:19:57 -0500] "GET /sipse/faces/javax.faces.resource/theme.css?ln=primefaces-sipse HTTP/1.1" 304 -
186.30.73.246 - - [13/Mar/2023:00:19:57 -0500] "GET /sipse/faces/javax.faces.resource/primefaces.css?ln=primefaces&v=4.0 HTTP/1.1" 304 -
186.30.73.246 - - [13/Mar/2023:00:19:57 -0500] "GET /sipse/faces/javax.faces.resource/layout/layout.css?ln=primefaces&v=4.0 HTTP/1.1" 304 -
186.30.73.246 - - [13/Mar/2023:00:19:57 -0500] "GET /sipse/js/jquery.min.js HTTP/1.1" 200 85582
186.30.73.246 - - [13/Mar/2023:00:19:57 -0500] "GET /sipse/faces/javax.faces.resource/jquery/jquery.js?ln=primefaces&v=4.0 HTTP/1.1" 304 -
186.30.73.246 - - [13/Mar/2023:00:19:57 -0500] "GET /sipse/faces/javax.faces.resource/jquery/jquery-plugins.js?ln=primefaces&v=4.0 HTTP/1.1" 304 -
186.30.73.246 - - [13/Mar/2023:00:19:57 -0500] "GET /sipse/faces/javax.faces.resource/primefaces.js?ln=primefaces&v=4.0 HTTP/1.1" 304 -
186.30.73.246 - - [13/Mar/2023:00:19:57 -0500] "GET /sipse/faces/javax.faces.resource/layout/layout.js?ln=primefaces&v=4.0 HTTP/1.1" 304 -
186.30.73.246 - - [13/Mar/2023:00:19:57 -0500] "GET /sipse/imagenes/logoAplicacion.jpg HTTP/1.1" 200 155084
186.30.73.246 - - [13/Mar/2023:00:19:57 -0500] "GET /sipse/imagenes/cargando.gif HTTP/1.1" 200 36959
186.30.73.246 - - [13/Mar/2023:00:19:57 -0500] "GET /sipse/css/imagen/contrasena.png HTTP/1.1" 404 383
186.30.73.246 - - [13/Mar/2023:00:19:57 -0500] "GET /sipse/faces/javax.faces.resource/messages/messages.png?ln=primefaces&v=4.0 HTTP/1.1" 200 27209
186.30.73.246 - - [13/Mar/2023:00:19:59 -0500] "GET /sipse/faces/javax.faces.resource/images/ui-bg_flat_0_2d5972_40x100.png?ln=primefaces-aristo HTTP/1.1" 200 183
186.30.73.246 - - [13/Mar/2023:00:19:59 -0500] "POST /sipse/faces/bienvenido.xhtml HTTP/1.1" 200 1471
186.30.73.246 - - [13/Mar/2023:00:20:00 -0500] "POST /sipse/faces/bienvenido.xhtml HTTP/1.1" 200 31291
186.30.73.246 - - [13/Mar/2023:00:20:00 -0500] "GET /sipse/faces/javax.faces.resource/layout/layout.css?ln=primefaces&v=4.0 HTTP/1.1" 304 -
186.30.73.246 - - [13/Mar/2023:00:20:00 -0500] "GET /sipse/faces/javax.faces.resource/theme.css?ln=primefaces-sipse HTTP/1.1" 304 -
186.30.73.246 - - [13/Mar/2023:00:20:00 -0500] "GET /sipse/faces/javax.faces.resource/primefaces.css?ln=primefaces&v=4.0 HTTP/1.1" 304 -
186.30.73.246 - - [13/Mar/2023:00:20:00 -0500] "GET /sipse/faces/javax.faces.resource/jquery/jquery.js?ln=primefaces&v=4.0 HTTP/1.1" 304 -
186.30.73.246 - - [13/Mar/2023:00:20:00 -0500] "GET /sipse/faces/javax.faces.resource/jquery/jquery-plugins.js?ln=primefaces&v=4.0 HTTP/1.1" 304 -
186.30.73.246 - - [13/Mar/2023:00:20:00 -0500] "GET /sipse/faces/javax.faces.resource/primefaces.js?ln=primefaces&v=4.0 HTTP/1.1" 304 -
186.30.73.246 - - [13/Mar/2023:00:20:00 -0500] "GET /sipse/faces/javax.faces.resource/layout/layout.js?ln=primefaces&v=4.0 HTTP/1.1" 304 -
186.30.73.246 - - [13/Mar/2023:00:20:00 -0500] "POST /sipse/faces/presentacion/financiero/solicitudProceso/listarSolicitudProceso.xhtml HTTP/1.1" 200 1376
66.249.66.44 - - [13/Mar/2023:00:20:02 -0500] "-" 408 -
172.22.2.4 - - [13/Mar/2023:00:19:01 -0500] "HEAD /BLA/boletinlegal/ HTTP/1.1" 200 -
201.245.192.253 - - [13/Mar/2023:00:21:10 -0500] "POST /kwsrmcab/Wsrmcab HTTP/1.1" 200 41895
201.245.192.253 - - [13/Mar/2023:00:21:13 -0500] "POST /kwsrmcab/Wsrmcab HTTP/1.1" 200 42843
172.22.2.4 - - [13/Mar/2023:00:19:51 -0500] "GET /BLA/boletinlegal/ HTTP/1.1" 200 52316
181.61.246.20 - - [13/Mar/2023:00:21:46 -0500] "GET /mujeres-que-reverdecen-secretaria-de-ambiente-anuncia-el-inicio-de-la-tercera-fase.html HTTP/1.1" 200 954
31.13.127.22 - - [13/Mar/2023:00:22:31 -0500] "GET /images/negocios-verdes-mayo-2022.jpg HTTP/1.1" 200 48000
186.31.121.117 - - [13/Mar/2023:00:23:23 -0500] "GET /BLA/resoluciones/index.php?dir= HTTP/1.1" 200 13502
186.31.121.117 - - [13/Mar/2023:00:23:26 -0500] "GET /BLA/resoluciones/index.php?dir=AUTOS+2019%2F HTTP/1.1" 200 358957
201.245.192.253 - - [13/Mar/2023:00:23:56 -0500] "POST /kwsrmcab/Wsrmcab  HTTP/1.1" 200 213
216.245.221.92 - - [13/Mar/2023:00:24:01 -0500] "HEAD / HTTP/1.1" 200 -
172.22.2.4 - - [13/Mar/2023:00:24:06 -0500] "GET /BLA/boletinlegal/api/index.php/v1/config/application?public=true HTTP/1.1" 404 1038
31.13.127.117 - - [13/Mar/2023:00:24:33 -0500] "GET /images/Fauna%20Silvestre%20SDA%2002.jpeg HTTP/1.1" 200 41590
64.124.8.53 - - [13/Mar/2023:00:24:43 -0500] "GET /AFLUENTESYEFUENTES/ HTTP/1.1" 304 -
152.61.128.50 - - [13/Mar/2023:00:24:58 -0500] "GET / HTTP/1.1" 200 319
185.119.81.102 - - [13/Mar/2023:00:25:10 -0500] "GET /portaldeninos/wp-login.php HTTP/1.1" 503 1037
172.22.2.4 - - [13/Mar/2023:00:25:51 -0500] "GET /BLA/boletinlegal/jurisprudencia/analisis/Analisis%20Jurisprudencia%20Sent%202000-00005-01.doc HTTP/1.1" 304 -
172.22.2.4 - - [13/Mar/2023:00:24:51 -0500] "HEAD /BLA/boletinlegal/ HTTP/1.1" 200 -
172.22.2.4 - - [13/Mar/2023:00:25:41 -0500] "GET /BLA/boletinlegal/ HTTP/1.1" 200 57551
52.167.144.44 - - [13/Mar/2023:00:28:33 -0500] "GET / HTTP/1.1" 200 4720
201.245.192.253 - - [13/Mar/2023:00:28:54 -0500] "POST /kwsrmcab/Wsrmcab  HTTP/1.1" 200 213
216.245.221.92 - - [13/Mar/2023:00:29:01 -0500] "HEAD / HTTP/1.1" 200 -
201.245.192.253 - - [13/Mar/2023:00:31:10 -0500] "POST /kwsrmcab/Wsrmcab HTTP/1.1" 200 41895
201.245.192.253 - - [13/Mar/2023:00:31:12 -0500] "POST /kwsrmcab/Wsrmcab HTTP/1.1" 200 42843
172.22.2.4 - - [13/Mar/2023:00:30:41 -0500] "HEAD /BLA/boletinlegal/ HTTP/1.1" 200 -
66.249.70.13 - - [13/Mar/2023:00:32:58 -0500] "-" 408 -
35.204.74.29 - - [13/Mar/2023:00:32:58 -0500] "GET /inventario-de-emisiones-2020-transporte-publico-sitp-redujo-emisiones-de-pm-2-5-en-un-37.html HTTP/1.1" 200 925
172.22.2.4 - - [13/Mar/2023:00:31:31 -0500] "GET /BLA/boletinlegal/ HTTP/1.1" 200 59296
201.245.192.253 - - [13/Mar/2023:00:33:55 -0500] "POST /kwsrmcab/Wsrmcab  HTTP/1.1" 200 213
216.245.221.92 - - [13/Mar/2023:00:34:01 -0500] "HEAD / HTTP/1.1" 200 -
186.29.182.201 - - [13/Mar/2023:00:34:28 -0500] "GET /mujeres-que-reverdecen-secretaria-de-ambiente-anuncia-el-inicio-de-la-tercera-fase.html HTTP/1.1" 200 954
34.91.165.86 - - [13/Mar/2023:00:34:51 -0500] "GET /inventario-de-emisiones-2020-transporte-publico-sitp-redujo-emisiones-de-pm-2-5-en-un-37.html HTTP/1.1" 200 925
172.22.2.4 - - [13/Mar/2023:00:36:31 -0500] "HEAD /BLA/boletinlegal/ HTTP/1.1" 200 -
201.245.192.253 - - [13/Mar/2023:00:38:55 -0500] "POST /kwsrmcab/Wsrmcab  HTTP/1.1" 200 213
216.245.221.92 - - [13/Mar/2023:00:39:01 -0500] "HEAD / HTTP/1.1" 200 -
172.22.2.4 - - [13/Mar/2023:00:37:21 -0500] "GET /BLA/boletinlegal/ HTTP/1.1" 200 56744
69.171.251.18 - - [13/Mar/2023:00:39:10 -0500] "GET /images/20%20de%20febrero%20panor\xc3\xa1mica%20de%20Bogot\xc3\xa1%20(1)%20(1).jpeg HTTP/1.1" 404 1034
172.22.2.4 - - [13/Mar/2023:00:40:55 -0500] "GET /BLA/boletinlegal/api/index.php/v1/config/application?public=true HTTP/1.1" 404 1038
201.245.192.253 - - [13/Mar/2023:00:41:10 -0500] "POST /kwsrmcab/Wsrmcab HTTP/1.1" 200 41895
201.245.192.253 - - [13/Mar/2023:00:41:13 -0500] "POST /kwsrmcab/Wsrmcab HTTP/1.1" 200 42843
173.252.107.20 - - [13/Mar/2023:00:43:30 -0500] "GET /images/24%20de%20febrero%20Sendero%20guadalupe%202.jpeg HTTP/1.1" 200 70964
201.245.192.253 - - [13/Mar/2023:00:43:54 -0500] "POST /kwsrmcab/Wsrmcab  HTTP/1.1" 200 213
216.245.221.92 - - [13/Mar/2023:00:44:01 -0500] "HEAD / HTTP/1.1" 200 -
172.22.2.4 - - [13/Mar/2023:00:42:21 -0500] "HEAD /BLA/boletinlegal/ HTTP/1.1" 200 -
172.22.2.4 - - [13/Mar/2023:00:43:11 -0500] "GET /BLA/boletinlegal/ HTTP/1.1" 200 59296
64.124.8.54 - - [13/Mar/2023:00:46:18 -0500] "GET /portaldeninos/humedal-torca-y-guaymaral-2/ HTTP/1.1" 503 1037
152.61.192.232 - - [13/Mar/2023:00:46:47 -0500] "GET /arcgis/services/Calidad_del_Agua_WQI/MapServer/WMSServer?request=GetCapabilities&service=WMS HTTP/1.1" 503 1020
152.61.192.232 - - [13/Mar/2023:00:46:49 -0500] "GET /arcgis/services/Calidad_del_Agua_WQI/MapServer/WMSServer?SERVICE=WMS&REQUEST=GetCapabilities HTTP/1.1" 503 1020
152.61.192.232 - - [13/Mar/2023:00:46:49 -0500] "GET /arcgis/services/Calidad_del_Agua_WQI/MapServer/WMSServer?WMTVER=1.0.0&REQUEST=capabilities HTTP/1.1" 503 1020
34.91.92.79 - - [13/Mar/2023:00:48:09 -0500] "GET /inventario-de-emisiones-2020-transporte-publico-sitp-redujo-emisiones-de-pm-2-5-en-un-37.html HTTP/1.1" 200 925
201.245.192.253 - - [13/Mar/2023:00:48:53 -0500] "POST /kwsrmcab/Wsrmcab  HTTP/1.1" 200 213
216.245.221.92 - - [13/Mar/2023:00:49:01 -0500] "HEAD / HTTP/1.1" 200 -
172.22.2.4 - - [13/Mar/2023:00:48:11 -0500] "HEAD /BLA/boletinlegal/ HTTP/1.1" 200 -
172.22.2.4 - - [13/Mar/2023:00:49:01 -0500] "GET /BLA/boletinlegal/ HTTP/1.1" 200 59646
172.22.2.4 - - [13/Mar/2023:00:52:05 -0500] "GET /BLA/boletinlegal/robots.txt HTTP/1.1" 404 1038
172.22.2.4 - - [13/Mar/2023:00:52:05 -0500] "GET /BLA/boletinlegal/Directivas/2022/DIRECTIVA%20No.%2000002%20DEL%2022%20DE%20JUNIO%20DEL%202022.pdf HTTP/1.1" 304 -
185.119.81.104 - - [13/Mar/2023:00:52:43 -0500] "GET /portaldeninos/wp-login.php HTTP/1.1" 503 1037
172.22.2.4 - - [13/Mar/2023:00:53:20 -0500] "GET /BLA/boletinlegal/api/index.php/v1/config/application?public=true HTTP/1.1" 404 1038
52.167.144.160 - - [13/Mar/2023:00:53:21 -0500] "GET /BLA/resoluciones/RESOLUCIONES%202019/3129.pdf HTTP/1.1" 304 -
201.245.192.253 - - [13/Mar/2023:00:53:49 -0500] "POST /kwsrmcab/Wsrmcab  HTTP/1.1" 200 213
216.245.221.92 - - [13/Mar/2023:00:54:00 -0500] "HEAD / HTTP/1.1" 200 -
66.249.70.17 - - [13/Mar/2023:00:54:43 -0500] "-" 408 -
35.204.74.29 - - [13/Mar/2023:00:54:52 -0500] "GET /inventario-de-emisiones-2020-transporte-publico-sitp-redujo-emisiones-de-pm-2-5-en-un-37.html HTTP/1.1" 200 925
173.252.107.9 - - [13/Mar/2023:00:55:08 -0500] "GET /secretaria-de-ambiente-libero-a-33-animales-silvestres-en-el-humedal-la-conejera.html HTTP/1.1" 206 1095
172.22.2.4 - - [13/Mar/2023:00:54:01 -0500] "HEAD /BLA/boletinlegal/ HTTP/1.1" 200 -
52.167.144.160 - - [13/Mar/2023:00:56:10 -0500] "GET /appsia/controlador HTTP/1.1" 200 4799
52.167.144.71 - - [13/Mar/2023:00:56:24 -0500] "GET /appsia/scripts/validarIngreso.js HTTP/1.1" 200 851
172.22.2.4 - - [13/Mar/2023:00:54:51 -0500] "GET /BLA/boletinlegal/ HTTP/1.1" 200 58297
40.77.167.122 - - [13/Mar/2023:00:58:07 -0500] "GET /appsia/css/estilos.css HTTP/1.1" 200 4804
201.245.192.253 - - [13/Mar/2023:00:58:47 -0500] "POST /kwsrmcab/Wsrmcab  HTTP/1.1" 200 213
216.245.221.92 - - [13/Mar/2023:00:59:00 -0500] "HEAD / HTTP/1.1" 200 -
186.84.21.2 - - [13/Mar/2023:00:59:51 -0500] "GET /BLA/resoluciones/ HTTP/1.1" 200 13502
186.84.21.2 - - [13/Mar/2023:00:59:51 -0500] "GET /BLA/resoluciones/dlf/styles.css HTTP/1.1" 200 3049
186.84.21.2 - - [13/Mar/2023:00:59:51 -0500] "GET /BLA/resoluciones/dlf/folder.png HTTP/1.1" 200 410
186.84.21.2 - - [13/Mar/2023:00:59:51 -0500] "GET /BLA/resoluciones/dlf/bg.gif HTTP/1.1" 200 54
64.124.8.53 - - [13/Mar/2023:00:59:56 -0500] "GET /catalogoisis/ HTTP/1.1" 200 8575
186.84.21.2 - - [13/Mar/2023:01:00:01 -0500] "GET /BLA/resoluciones/index.php?dir=AUTOS+2015%2F HTTP/1.1" 200 12235
186.84.21.2 - - [13/Mar/2023:01:00:01 -0500] "GET /BLA/resoluciones/dlf/dirup.png HTTP/1.1" 200 644
186.84.21.2 - - [13/Mar/2023:01:00:01 -0500] "GET /BLA/resoluciones/dlf/pdf.gif HTTP/1.1" 200 272
186.84.21.2 - - [13/Mar/2023:01:00:03 -0500] "GET /BLA/resoluciones/dlf/unknown.png HTTP/1.1" 200 266
186.84.21.2 - - [13/Mar/2023:01:00:01 -0500] "GET /BLA/resoluciones/index.php?dir=AUTOS+2015%2F HTTP/1.1" 200 580093
186.84.21.2 - - [13/Mar/2023:01:00:19 -0500] "GET /BLA/resoluciones/AUTOS%202015/1638.pdf HTTP/1.1" 200 599305
186.84.21.2 - - [13/Mar/2023:01:00:25 -0500] "GET /BLA/resoluciones/AUTOS%202015/1613.pdf HTTP/1.1" 200 666987
172.22.2.4 - - [13/Mar/2023:00:59:51 -0500] "HEAD /BLA/boletinlegal/ HTTP/1.1" 200 -
172.22.2.4 - - [13/Mar/2023:01:00:41 -0500] "GET /BLA/boletinlegal/ HTTP/1.1" 200 54414
45.238.183.170 - - [13/Mar/2023:01:02:27 -0500] "GET /mujeres-que-reverdecen-secretaria-de-ambiente-anuncia-el-inicio-de-la-tercera-fase.html HTTP/1.1" 200 954
66.249.70.13 - - [13/Mar/2023:01:02:57 -0500] "-" 408 -
201.245.192.253 - - [13/Mar/2023:01:03:46 -0500] "POST /kwsrmcab/Wsrmcab  HTTP/1.1" 200 213
69.63.184.5 - - [13/Mar/2023:01:03:48 -0500] "GET /mas-de-70-animales-silvestres-regresaron-a-la-libertad-en-el-humedal-juan-amarillo.html HTTP/1.1" 206 958
216.245.221.92 - - [13/Mar/2023:01:04:00 -0500] "HEAD / HTTP/1.1" 200 -
168.119.251.242 - - [13/Mar/2023:01:04:28 -0500] "GET / HTTP/1.1" 200 319
66.249.66.64 - - [13/Mar/2023:01:04:58 -0500] "-" 408 -
172.22.2.4 - - [13/Mar/2023:01:05:41 -0500] "HEAD /BLA/boletinlegal/ HTTP/1.1" 200 -
172.22.2.4 - - [13/Mar/2023:01:06:31 -0500] "GET /BLA/boletinlegal/ HTTP/1.1" 200 52316
64.124.8.33 - - [13/Mar/2023:01:08:37 -0500] "GET /BLA/boletinlegal/sugerencias.php HTTP/1.1" 200 8615
201.245.192.253 - - [13/Mar/2023:01:08:45 -0500] "POST /kwsrmcab/Wsrmcab  HTTP/1.1" 200 213
216.245.221.92 - - [13/Mar/2023:01:09:00 -0500] "HEAD / HTTP/1.1" 200 -
66.249.66.64 - - [13/Mar/2023:01:11:23 -0500] "-" 408 -
172.22.2.4 - - [13/Mar/2023:01:11:31 -0500] "HEAD /BLA/boletinlegal/ HTTP/1.1" 200 -
201.245.192.253 - - [13/Mar/2023:01:13:44 -0500] "POST /kwsrmcab/Wsrmcab  HTTP/1.1" 200 213
216.245.221.92 - - [13/Mar/2023:01:14:00 -0500] "HEAD / HTTP/1.1" 200 -
172.22.2.4 - - [13/Mar/2023:01:12:21 -0500] "GET /BLA/boletinlegal/ HTTP/1.1" 200 59296
201.245.192.253 - - [13/Mar/2023:01:18:43 -0500] "POST /kwsrmcab/Wsrmcab  HTTP/1.1" 200 213
216.245.221.92 - - [13/Mar/2023:01:19:00 -0500] "HEAD / HTTP/1.1" 200 -
172.22.2.4 - - [13/Mar/2023:01:17:21 -0500] "HEAD /BLA/boletinlegal/ HTTP/1.1" 200 -
172.22.2.4 - - [13/Mar/2023:01:18:11 -0500] "GET /BLA/boletinlegal/ HTTP/1.1" 200 59296
181.237.70.113 - - [13/Mar/2023:01:20:12 -0500] "GET /mujeres-que-reverdecen-secretaria-de-ambiente-anuncia-el-inicio-de-la-tercera-fase.html HTTP/1.1" 200 954
201.245.192.253 - - [13/Mar/2023:01:21:10 -0500] "POST /kwsrmcab/Wsrmcab HTTP/1.1" 200 42045
201.245.192.253 - - [13/Mar/2023:01:21:12 -0500] "GET /kwsrmcab/Wsrmcab?wsdl HTTP/1.1" 200 6948
201.245.192.253 - - [13/Mar/2023:01:21:13 -0500] "POST /kwsrmcab/Wsrmcab HTTP/1.1" 200 42557
201.245.192.253 - - [13/Mar/2023:01:23:42 -0500] "POST /kwsrmcab/Wsrmcab  HTTP/1.1" 200 213
191.156.233.0 - - [13/Mar/2023:01:23:59 -0500] "GET /mujeres-que-reverdecen-secretaria-de-ambiente-anuncia-el-inicio-de-la-tercera-fase.html HTTP/1.1" 200 954
216.245.221.92 - - [13/Mar/2023:01:24:00 -0500] "HEAD / HTTP/1.1" 200 -
172.22.2.4 - - [13/Mar/2023:01:23:11 -0500] "HEAD /BLA/boletinlegal/ HTTP/1.1" 200 -
172.22.2.4 - - [13/Mar/2023:01:25:15 -0500] "GET /BLA/boletinlegal/actos.php HTTP/1.1" 200 9672
172.22.2.4 - - [13/Mar/2023:01:24:01 -0500] "GET /BLA/boletinlegal/ HTTP/1.1" 200 58297
201.245.192.253 - - [13/Mar/2023:01:28:42 -0500] "POST /kwsrmcab/Wsrmcab  HTTP/1.1" 200 213
172.22.2.4 - - [13/Mar/2023:01:28:47 -0500] "GET /BLA/boletinlegal/robots.txt HTTP/1.1" 404 1038
172.22.2.4 - - [13/Mar/2023:01:28:47 -0500] "GET /BLA/boletinlegal/jurisprudencia/analisis/G__Jurisp.%20Junio%202014_SENTENCIA%20C-554%20DE%202007.docx HTTP/1.1" 404 1038
216.245.221.92 - - [13/Mar/2023:01:29:00 -0500] "HEAD / HTTP/1.1" 200 -
69.171.231.3 - - [13/Mar/2023:01:29:16 -0500] "GET /images/Puntos%20calientes%2024%20de%20febrero.jpeg HTTP/1.1" 200 42626
66.249.66.66 - - [13/Mar/2023:01:30:08 -0500] "-" 408 -
191.156.235.95 - - [13/Mar/2023:01:30:18 -0500] "-" 408 -
52.167.144.160 - - [13/Mar/2023:01:30:34 -0500] "GET /BLA/resoluciones/AUTOS%202021/2175.pdf HTTP/1.1" 304 -
172.22.2.4 - - [13/Mar/2023:01:29:01 -0500] "HEAD /BLA/boletinlegal/ HTTP/1.1" 200 -
201.245.192.253 - - [13/Mar/2023:01:31:10 -0500] "POST /kwsrmcab/Wsrmcab HTTP/1.1" 200 42045
201.245.192.253 - - [13/Mar/2023:01:31:13 -0500] "POST /kwsrmcab/Wsrmcab HTTP/1.1" 200 42557
40.77.167.164 - - [13/Mar/2023:01:31:20 -0500] "GET /BLA/resoluciones/RESOLUCIONES%202021/2903.pdf HTTP/1.1" 304 -
172.22.2.4 - - [13/Mar/2023:01:29:51 -0500] "GET /BLA/boletinlegal/ HTTP/1.1" 200 53914
152.61.128.50 - - [13/Mar/2023:01:32:47 -0500] "GET /arcgis/services/Calidad_del_Agua_WQI/MapServer/WMSServer?request=GetCapabilities&service=WMS HTTP/1.1" 503 1020
152.61.128.50 - - [13/Mar/2023:01:32:48 -0500] "GET /arcgis/services/Calidad_del_Agua_WQI/MapServer/WMSServer?SERVICE=WMS&REQUEST=GetCapabilities HTTP/1.1" 503 1020
152.61.128.50 - - [13/Mar/2023:01:32:49 -0500] "GET /arcgis/services/Calidad_del_Agua_WQI/MapServer/WMSServer?WMTVER=1.0.0&REQUEST=capabilities HTTP/1.1" 503 1020
66.249.70.17 - - [13/Mar/2023:01:32:58 -0500] "-" 408 -
186.155.14.201 - - [13/Mar/2023:01:33:21 -0500] "GET /appsia/controlador HTTP/1.1" 200 4799
186.155.14.201 - - [13/Mar/2023:01:33:21 -0500] "GET /appsia/css/estilos.css HTTP/1.1" 200 4804
186.155.14.201 - - [13/Mar/2023:01:33:21 -0500] "GET /appsia/scripts/validarIngreso.js HTTP/1.1" 200 851
186.155.14.201 - - [13/Mar/2023:01:33:21 -0500] "GET /appsia/images/logo_bogota_p.png HTTP/1.1" 200 14951
186.155.14.201 - - [13/Mar/2023:01:33:21 -0500] "GET /appsia/images/cabezoteHojaVida.png HTTP/1.1" 200 32493
186.155.14.201 - - [13/Mar/2023:01:33:21 -0500] "GET /favicon.ico HTTP/1.1" 200 7782
201.245.192.253 - - [13/Mar/2023:01:33:41 -0500] "POST /kwsrmcab/Wsrmcab  HTTP/1.1" 200 213
186.155.14.201 - - [13/Mar/2023:01:34:00 -0500] "POST /appsia/controlador HTTP/1.1" 200 4621
216.245.221.92 - - [13/Mar/2023:01:34:00 -0500] "HEAD / HTTP/1.1" 200 -
186.155.14.201 - - [13/Mar/2023:01:34:04 -0500] "POST /appsia/controlador HTTP/1.1" 200 7733
186.155.14.201 - - [13/Mar/2023:01:34:04 -0500] "GET /appsia/images/logo_escudo.png HTTP/1.1" 200 36965
52.167.144.160 - - [13/Mar/2023:01:34:25 -0500] "GET /BLA/resoluciones/RESOLUCIONES%202022/4407.pdf HTTP/1.1" 304 -
172.22.2.4 - - [13/Mar/2023:01:34:50 -0500] "HEAD /BLA/boletinlegal/ HTTP/1.1" 200 -
172.22.2.4 - - [13/Mar/2023:01:35:41 -0500] "GET /BLA/boletinlegal/ HTTP/1.1" 200 57551
52.167.144.160 - - [13/Mar/2023:01:37:56 -0500] "GET /BLA/resoluciones/AUTOS%202021/5890.pdf HTTP/1.1" 304 -
201.245.192.253 - - [13/Mar/2023:01:38:41 -0500] "POST /kwsrmcab/Wsrmcab  HTTP/1.1" 200 213
216.245.221.92 - - [13/Mar/2023:01:39:00 -0500] "HEAD / HTTP/1.1" 200 -
185.119.81.102 - - [13/Mar/2023:01:39:19 -0500] "GET /portaldeninos/wp-login.php HTTP/1.1" 503 1037
52.167.144.160 - - [13/Mar/2023:01:39:34 -0500] "GET /galeria/galeria/jquery.fancybox.css?v=2.1.5 HTTP/1.1" 200 4895
185.119.81.101 - - [13/Mar/2023:01:40:32 -0500] "GET /portaldeninos/wp-login.php HTTP/1.1" 503 1037
201.245.192.253 - - [13/Mar/2023:01:41:09 -0500] "POST /kwsrmcab/Wsrmcab HTTP/1.1" 200 42045
201.245.192.253 - - [13/Mar/2023:01:41:12 -0500] "POST /kwsrmcab/Wsrmcab HTTP/1.1" 200 42557
40.77.167.198 - - [13/Mar/2023:01:41:31 -0500] "GET /galeria/galeria/fotos/Capellania3G.jpg HTTP/1.1" 200 515718
172.22.2.4 - - [13/Mar/2023:01:40:41 -0500] "HEAD /BLA/boletinlegal/ HTTP/1.1" 200 -
172.22.2.4 - - [13/Mar/2023:01:41:31 -0500] "GET /BLA/boletinlegal/ HTTP/1.1" 200 58653
201.245.192.253 - - [13/Mar/2023:01:43:40 -0500] "POST /kwsrmcab/Wsrmcab  HTTP/1.1" 200 213
216.245.221.92 - - [13/Mar/2023:01:44:00 -0500] "HEAD / HTTP/1.1" 200 -
162.55.35.116 - - [13/Mar/2023:01:44:52 -0500] "GET / HTTP/1.1" 200 319
40.77.167.250 - - [13/Mar/2023:01:46:00 -0500] "GET /images/semana-eco_optimized.jpeg HTTP/1.1" 200 63465
40.77.167.122 - - [13/Mar/2023:01:46:53 -0500] "GET /BLA/resoluciones/AUTOS%202021/5440.pdf HTTP/1.1" 304 -
172.22.2.4 - - [13/Mar/2023:01:46:30 -0500] "HEAD /BLA/boletinlegal/ HTTP/1.1" 200 -
201.245.192.253 - - [13/Mar/2023:01:48:39 -0500] "POST /kwsrmcab/Wsrmcab  HTTP/1.1" 200 213
216.245.221.92 - - [13/Mar/2023:01:49:00 -0500] "HEAD / HTTP/1.1" 200 -
172.22.2.4 - - [13/Mar/2023:01:47:21 -0500] "GET /BLA/boletinlegal/ HTTP/1.1" 200 57141
201.245.192.253 - - [13/Mar/2023:01:53:37 -0500] "POST /kwsrmcab/Wsrmcab  HTTP/1.1" 200 213
104.131.144.14 - - [13/Mar/2023:01:53:41 -0500] "GET /actuator/health HTTP/1.1" 404 1018
107.170.231.15 - - [13/Mar/2023:01:53:49 -0500] "GET /portal/redlion HTTP/1.1" 404 1018
216.245.221.92 - - [13/Mar/2023:01:54:00 -0500] "HEAD / HTTP/1.1" 200 -
172.22.2.4 - - [13/Mar/2023:01:52:20 -0500] "HEAD /BLA/boletinlegal/ HTTP/1.1" 200 -
172.22.2.4 - - [13/Mar/2023:01:53:11 -0500] "GET /BLA/boletinlegal/ HTTP/1.1" 200 55561
185.119.81.101 - - [13/Mar/2023:01:57:08 -0500] "GET /portaldeninos/wp-login.php HTTP/1.1" 503 1037
66.249.66.66 - - [13/Mar/2023:01:57:26 -0500] "-" 408 -
201.245.192.253 - - [13/Mar/2023:01:58:36 -0500] "POST /kwsrmcab/Wsrmcab  HTTP/1.1" 200 213
216.245.221.92 - - [13/Mar/2023:01:59:00 -0500] "HEAD / HTTP/1.1" 200 -
36.74.155.60 - - [13/Mar/2023:01:59:22 -0500] "GET / HTTP/1.1" 200 319
172.22.2.4 - - [13/Mar/2023:01:58:11 -0500] "HEAD /BLA/boletinlegal/ HTTP/1.1" 200 -
172.22.2.4 - - [13/Mar/2023:01:59:01 -0500] "GET /BLA/boletinlegal/ HTTP/1.1" 200 53551
172.22.2.4 - - [13/Mar/2023:02:02:06 -0500] "GET /BLA/boletinlegal/owa/auth/logon.aspx?url=https%3a%2f%2f1%2fecp%2f HTTP/1.1" 404 1018
66.249.70.13 - - [13/Mar/2023:02:02:58 -0500] "-" 408 -
201.245.192.253 - - [13/Mar/2023:02:03:37 -0500] "POST /kwsrmcab/Wsrmcab  HTTP/1.1" 200 213
216.245.221.92 - - [13/Mar/2023:02:04:00 -0500] "HEAD / HTTP/1.1" 200 -
66.249.66.64 - - [13/Mar/2023:02:04:02 -0500] "-" 408 -
64.124.8.53 - - [13/Mar/2023:02:04:34 -0500] "-" 408 -
172.22.2.4 - - [13/Mar/2023:02:04:00 -0500] "HEAD /BLA/boletinlegal/ HTTP/1.1" 200 -
172.22.2.4 - - [13/Mar/2023:02:04:51 -0500] "GET /BLA/boletinlegal/ HTTP/1.1" 200 57141
201.245.192.253 - - [13/Mar/2023:02:08:36 -0500] "POST /kwsrmcab/Wsrmcab  HTTP/1.1" 200 213
216.245.221.92 - - [13/Mar/2023:02:09:00 -0500] "HEAD / HTTP/1.1" 200 -
172.22.2.4 - - [13/Mar/2023:02:09:50 -0500] "HEAD /BLA/boletinlegal/ HTTP/1.1" 200 -
172.22.2.4 - - [13/Mar/2023:02:10:41 -0500] "GET /BLA/boletinlegal/ HTTP/1.1" 200 57141
186.102.66.80 - - [13/Mar/2023:02:13:29 -0500] "-" 408 -
186.102.66.80 - - [13/Mar/2023:02:13:29 -0500] "-" 408 -
201.245.192.253 - - [13/Mar/2023:02:13:35 -0500] "POST /kwsrmcab/Wsrmcab  HTTP/1.1" 200 213
66.249.70.13 - - [13/Mar/2023:02:13:39 -0500] "-" 408 -
172.22.2.4 - - [13/Mar/2023:02:13:48 -0500] "GET /BLA/boletinlegal/Directivas/2017/Directiva%20No.%2006%20del%2016%20de%20Agosto%20de%202017.pdf HTTP/1.1" 200 310598
216.245.221.92 - - [13/Mar/2023:02:14:00 -0500] "HEAD / HTTP/1.1" 200 -
69.171.249.14 - - [13/Mar/2023:02:14:56 -0500] "GET /indicadores-de-fauna-silvestre-en-el-observatorio-ambiental-de-bogota.html HTTP/1.1" 206 949
172.22.2.4 - - [13/Mar/2023:02:15:40 -0500] "HEAD /BLA/boletinlegal/ HTTP/1.1" 200 -
172.22.2.4 - - [13/Mar/2023:02:16:31 -0500] "GET /BLA/boletinlegal/ HTTP/1.1" 200 57551
201.245.192.253 - - [13/Mar/2023:02:18:33 -0500] "POST /kwsrmcab/Wsrmcab  HTTP/1.1" 200 213
216.245.221.92 - - [13/Mar/2023:02:19:00 -0500] "HEAD / HTTP/1.1" 200 -
201.245.192.253 - - [13/Mar/2023:02:21:10 -0500] "POST /kwsrmcab/Wsrmcab HTTP/1.1" 200 41895
201.245.192.253 - - [13/Mar/2023:02:21:12 -0500] "POST /kwsrmcab/Wsrmcab HTTP/1.1" 200 42878
172.22.2.4 - - [13/Mar/2023:02:21:30 -0500] "HEAD /BLA/boletinlegal/ HTTP/1.1" 200 -
201.245.192.253 - - [13/Mar/2023:02:23:31 -0500] "POST /kwsrmcab/Wsrmcab  HTTP/1.1" 200 213
216.245.221.92 - - [13/Mar/2023:02:24:00 -0500] "HEAD / HTTP/1.1" 200 -
172.22.2.4 - - [13/Mar/2023:02:22:21 -0500] "GET /BLA/boletinlegal/ HTTP/1.1" 200 53551
40.77.167.198 - - [13/Mar/2023:02:25:27 -0500] "GET /bla/resoluciones/resoluciones%202010/1030.pdf HTTP/1.1" 200 1088521
64.124.8.54 - - [13/Mar/2023:02:26:09 -0500] "-" 408 -
66.249.66.66 - - [13/Mar/2023:02:26:11 -0500] "-" 408 -
40.77.167.198 - - [13/Mar/2023:02:26:25 -0500] "GET /BLA/resoluciones/AUTOS%202022/1703.pdf HTTP/1.1" 304 -
201.245.192.253 - - [13/Mar/2023:02:28:30 -0500] "POST /kwsrmcab/Wsrmcab  HTTP/1.1" 200 213
216.245.221.92 - - [13/Mar/2023:02:29:00 -0500] "HEAD / HTTP/1.1" 200 -
172.22.2.4 - - [13/Mar/2023:02:27:20 -0500] "HEAD /BLA/boletinlegal/ HTTP/1.1" 200 -
172.22.2.4 - - [13/Mar/2023:02:28:11 -0500] "GET /BLA/boletinlegal/ HTTP/1.1" 200 54798
201.245.192.253 - - [13/Mar/2023:02:31:09 -0500] "POST /kwsrmcab/Wsrmcab HTTP/1.1" 200 41895
201.245.192.253 - - [13/Mar/2023:02:31:12 -0500] "POST /kwsrmcab/Wsrmcab HTTP/1.1" 200 42878
66.249.70.15 - - [13/Mar/2023:02:31:58 -0500] "-" 408 -
201.245.192.253 - - [13/Mar/2023:02:33:29 -0500] "POST /kwsrmcab/Wsrmcab  HTTP/1.1" 200 213
216.245.221.92 - - [13/Mar/2023:02:34:00 -0500] "HEAD / HTTP/1.1" 200 -
172.22.2.4 - - [13/Mar/2023:02:33:10 -0500] "HEAD /BLA/boletinlegal/ HTTP/1.1" 200 -
172.22.2.4 - - [13/Mar/2023:02:34:01 -0500] "GET /BLA/boletinlegal/ HTTP/1.1" 200 57551
201.245.192.253 - - [13/Mar/2023:02:38:30 -0500] "POST /kwsrmcab/Wsrmcab  HTTP/1.1" 200 213
216.245.221.92 - - [13/Mar/2023:02:39:00 -0500] "HEAD / HTTP/1.1" 200 -
64.124.8.53 - - [13/Mar/2023:02:39:47 -0500] "-" 408 -
172.22.2.4 - - [13/Mar/2023:02:40:06 -0500] "GET /BLA/boletinlegal/api/index.php/v1/config/application?public=true HTTP/1.1" 404 1038
172.22.2.4 - - [13/Mar/2023:02:39:00 -0500] "HEAD /BLA/boletinlegal/ HTTP/1.1" 200 -
201.245.192.253 - - [13/Mar/2023:02:41:09 -0500] "POST /kwsrmcab/Wsrmcab HTTP/1.1" 200 41895
201.245.192.253 - - [13/Mar/2023:02:41:12 -0500] "POST /kwsrmcab/Wsrmcab HTTP/1.1" 200 42878
172.22.2.4 - - [13/Mar/2023:02:39:51 -0500] "GET /BLA/boletinlegal/ HTTP/1.1" 200 53914
130.211.54.158 - - [13/Mar/2023:02:43:05 -0500] "GET / HTTP/1.1" 200 319
201.245.192.253 - - [13/Mar/2023:02:43:30 -0500] "POST /kwsrmcab/Wsrmcab  HTTP/1.1" 200 213
216.245.221.92 - - [13/Mar/2023:02:44:00 -0500] "HEAD / HTTP/1.1" 200 -
172.22.2.4 - - [13/Mar/2023:02:44:50 -0500] "HEAD /BLA/boletinlegal/ HTTP/1.1" 200 -
35.204.191.61 - - [13/Mar/2023:02:47:02 -0500] "GET /inventario-de-emisiones-2020-transporte-publico-sitp-redujo-emisiones-de-pm-2-5-en-un-37.html HTTP/1.1" 200 925
172.22.2.4 - - [13/Mar/2023:02:45:41 -0500] "GET /BLA/boletinlegal/ HTTP/1.1" 200 59296
66.249.66.64 - - [13/Mar/2023:02:47:50 -0500] "-" 408 -
64.124.8.46 - - [13/Mar/2023:02:48:10 -0500] "GET /BLA/boletinlegal/jurisprudencia/analisis/CUADRO%20ANALISIS%20SENTENCIA%20T-411%20DE%201992.doc HTTP/1.1" 200 41984
64.124.8.33 - - [13/Mar/2023:02:48:27 -0500] "-" 408 -
201.245.192.253 - - [13/Mar/2023:02:48:28 -0500] "POST /kwsrmcab/Wsrmcab  HTTP/1.1" 200 213
216.245.221.92 - - [13/Mar/2023:02:49:00 -0500] "HEAD / HTTP/1.1" 200 -
34.91.165.86 - - [13/Mar/2023:02:49:16 -0500] "GET /inventario-de-emisiones-2020-transporte-publico-sitp-redujo-emisiones-de-pm-2-5-en-un-37.html HTTP/1.1" 200 925
64.124.8.23 - - [13/Mar/2023:02:50:11 -0500] "GET /BLA/boletinlegal/jurisprudencia/analisis/Analisis%20Sentencia%20T-1077,%202%20corregida.doc HTTP/1.1" 200 47616
162.243.139.9 - - [13/Mar/2023:02:50:47 -0500] "GET / HTTP/1.1" 200 319
172.22.2.4 - - [13/Mar/2023:02:50:40 -0500] "HEAD /BLA/boletinlegal/ HTTP/1.1" 200 -
172.22.2.4 - - [13/Mar/2023:02:51:31 -0500] "GET /BLA/boletinlegal/ HTTP/1.1" 200 59296
35.204.74.29 - - [13/Mar/2023:02:53:20 -0500] "GET /inventario-de-emisiones-2020-transporte-publico-sitp-redujo-emisiones-de-pm-2-5-en-un-37.html HTTP/1.1" 200 925
201.245.192.253 - - [13/Mar/2023:02:53:27 -0500] "POST /kwsrmcab/Wsrmcab  HTTP/1.1" 200 213
34.141.217.75 - - [13/Mar/2023:02:53:56 -0500] "GET /inventario-de-emisiones-2020-transporte-publico-sitp-redujo-emisiones-de-pm-2-5-en-un-37.html HTTP/1.1" 200 925
216.245.221.92 - - [13/Mar/2023:02:54:00 -0500] "HEAD / HTTP/1.1" 200 -
172.22.2.4 - - [13/Mar/2023:02:54:35 -0500] "GET /BLA/boletinlegal/actos.php HTTP/1.1" 200 9672
34.147.123.254 - - [13/Mar/2023:02:56:23 -0500] "GET /inventario-de-emisiones-2020-transporte-publico-sitp-redujo-emisiones-de-pm-2-5-en-un-37.html HTTP/1.1" 200 925
172.22.2.4 - - [13/Mar/2023:02:56:30 -0500] "HEAD /BLA/boletinlegal/ HTTP/1.1" 200 -
201.245.192.253 - - [13/Mar/2023:02:58:27 -0500] "POST /kwsrmcab/Wsrmcab  HTTP/1.1" 200 213
66.249.66.64 - - [13/Mar/2023:02:58:31 -0500] "-" 408 -
216.245.221.92 - - [13/Mar/2023:02:59:00 -0500] "HEAD / HTTP/1.1" 200 -
172.22.2.4 - - [13/Mar/2023:02:57:21 -0500] "GET /BLA/boletinlegal/ HTTP/1.1" 200 58653
14.29.223.121 - - [13/Mar/2023:02:59:46 -0500] "GET / HTTP/1.1" 200 319
66.249.70.15 - - [13/Mar/2023:03:02:58 -0500] "-" 408 -
201.245.192.253 - - [13/Mar/2023:03:03:23 -0500] "POST /kwsrmcab/Wsrmcab  HTTP/1.1" 200 213
193.32.162.159 - - [13/Mar/2023:03:03:27 -0500] "GET / HTTP/1.1" 200 319
193.32.162.159 - - [13/Mar/2023:03:03:37 -0500] "GET /dispatch.asp HTTP/1.1" 404 1018
216.245.221.92 - - [13/Mar/2023:03:04:00 -0500] "HEAD / HTTP/1.1" 200 -
172.22.2.4 - - [13/Mar/2023:03:02:20 -0500] "HEAD /BLA/boletinlegal/ HTTP/1.1" 200 -
172.22.2.4 - - [13/Mar/2023:03:03:11 -0500] "GET /BLA/boletinlegal/ HTTP/1.1" 200 58297
185.119.81.102 - - [13/Mar/2023:03:05:33 -0500] "GET /portaldeninos/wp-login.php HTTP/1.1" 503 1037
52.167.144.160 - - [13/Mar/2023:03:07:04 -0500] "GET /sipse/faces/faces/autenticacion.xhtml HTTP/1.1" 200 12488
185.119.81.104 - - [13/Mar/2023:03:07:56 -0500] "GET /portaldeninos/wp-login.php HTTP/1.1" 503 1037
201.245.192.253 - - [13/Mar/2023:03:08:21 -0500] "POST /kwsrmcab/Wsrmcab  HTTP/1.1" 200 213
216.245.221.92 - - [13/Mar/2023:03:09:00 -0500] "HEAD / HTTP/1.1" 200 -
179.43.177.242 - - [13/Mar/2023:03:09:00 -0500] "GET / HTTP/1.1" 200 319
172.22.2.4 - - [13/Mar/2023:03:08:26 -0500] "GET /BLA/boletinlegal/ HTTP/1.1" 200 28619
66.249.66.64 - - [13/Mar/2023:03:09:43 -0500] "-" 408 -
172.22.2.4 - - [13/Mar/2023:03:08:10 -0500] "HEAD /BLA/boletinlegal/ HTTP/1.1" 200 -
172.22.2.4 - - [13/Mar/2023:03:09:01 -0500] "GET /BLA/boletinlegal/ HTTP/1.1" 200 53104
201.245.192.253 - - [13/Mar/2023:03:13:18 -0500] "POST /kwsrmcab/Wsrmcab  HTTP/1.1" 200 213
216.245.221.92 - - [13/Mar/2023:03:14:00 -0500] "HEAD / HTTP/1.1" 200 -
167.248.133.126 - - [13/Mar/2023:03:14:10 -0500] "GET / HTTP/1.1" 200 319
167.248.133.126 - - [13/Mar/2023:03:14:10 -0500] "GET / HTTP/1.1" 200 319
167.248.133.126 - - [13/Mar/2023:03:14:10 -0500] "PRI * HTTP/2.0" 400 946
167.248.133.126 - - [13/Mar/2023:03:14:10 -0500] "GET /favicon.ico HTTP/1.1" 200 7782
217.138.11.50 - - [13/Mar/2023:03:14:54 -0500] "GET / HTTP/1.1" 200 319
217.138.11.50 - - [13/Mar/2023:03:14:54 -0500] "GET / HTTP/1.1" 200 319
217.138.11.50 - - [13/Mar/2023:03:14:54 -0500] "GET / HTTP/1.1" 200 319
172.22.2.4 - - [13/Mar/2023:03:14:00 -0500] "HEAD /BLA/boletinlegal/ HTTP/1.1" 200 -
172.22.2.4 - - [13/Mar/2023:03:14:51 -0500] "GET /BLA/boletinlegal/ HTTP/1.1" 200 57935
201.245.192.253 - - [13/Mar/2023:03:18:16 -0500] "POST /kwsrmcab/Wsrmcab  HTTP/1.1" 200 213
216.245.221.92 - - [13/Mar/2023:03:19:00 -0500] "HEAD / HTTP/1.1" 200 -
201.245.192.253 - - [13/Mar/2023:03:21:10 -0500] "POST /kwsrmcab/Wsrmcab HTTP/1.1" 200 42054
201.245.192.253 - - [13/Mar/2023:03:21:12 -0500] "POST /kwsrmcab/Wsrmcab HTTP/1.1" 200 42861
64.124.8.51 - - [13/Mar/2023:03:21:28 -0500] "GET /portaldeninos/aulas-ambientales/aula-ambiental-sorotama/ HTTP/1.1" 503 1037
172.22.2.4 - - [13/Mar/2023:03:19:50 -0500] "HEAD /BLA/boletinlegal/ HTTP/1.1" 200 -
172.22.2.4 - - [13/Mar/2023:03:20:41 -0500] "GET /BLA/boletinlegal/ HTTP/1.1" 200 59296
201.245.192.253 - - [13/Mar/2023:03:23:15 -0500] "POST /kwsrmcab/Wsrmcab  HTTP/1.1" 200 213
216.245.221.92 - - [13/Mar/2023:03:24:00 -0500] "HEAD / HTTP/1.1" 200 -
128.14.136.18 - - [13/Mar/2023:03:24:30 -0500] "GET / HTTP/1.1" 200 319
40.77.167.140 - - [13/Mar/2023:03:24:31 -0500] "GET /BLA/resoluciones/AUTOS%202021/5167.pdf HTTP/1.1" 304 -
172.22.2.4 - - [13/Mar/2023:03:25:40 -0500] "HEAD /BLA/boletinlegal/ HTTP/1.1" 200 -
172.22.2.4 - - [13/Mar/2023:03:26:31 -0500] "GET /BLA/boletinlegal/ HTTP/1.1" 200 57551
201.245.192.253 - - [13/Mar/2023:03:28:13 -0500] "POST /kwsrmcab/Wsrmcab  HTTP/1.1" 200 213
162.55.43.55 - - [13/Mar/2023:03:28:45 -0500] "GET / HTTP/1.1" 200 319
34.147.123.254 - - [13/Mar/2023:03:28:50 -0500] "GET /inventario-de-emisiones-2020-transporte-publico-sitp-redujo-emisiones-de-pm-2-5-en-un-37.html HTTP/1.1" 200 925
216.245.221.92 - - [13/Mar/2023:03:29:00 -0500] "HEAD / HTTP/1.1" 200 -
201.245.192.253 - - [13/Mar/2023:03:31:09 -0500] "POST /kwsrmcab/Wsrmcab HTTP/1.1" 200 42054
201.245.192.253 - - [13/Mar/2023:03:31:12 -0500] "POST /kwsrmcab/Wsrmcab HTTP/1.1" 200 42861
66.249.70.17 - - [13/Mar/2023:03:32:58 -0500] "-" 408 -
172.22.2.4 - - [13/Mar/2023:03:31:30 -0500] "HEAD /BLA/boletinlegal/ HTTP/1.1" 200 -
66.249.66.66 - - [13/Mar/2023:03:33:12 -0500] "-" 408 -
201.245.192.253 - - [13/Mar/2023:03:33:12 -0500] "POST /kwsrmcab/Wsrmcab  HTTP/1.1" 200 213
216.245.221.92 - - [13/Mar/2023:03:34:00 -0500] "HEAD / HTTP/1.1" 200 -
172.22.2.4 - - [13/Mar/2023:03:32:21 -0500] "GET /BLA/boletinlegal/ HTTP/1.1" 200 57551
201.245.192.253 - - [13/Mar/2023:03:38:11 -0500] "POST /kwsrmcab/Wsrmcab  HTTP/1.1" 200 213
216.245.221.92 - - [13/Mar/2023:03:39:00 -0500] "HEAD / HTTP/1.1" 200 -
172.22.2.4 - - [13/Mar/2023:03:37:20 -0500] "HEAD /BLA/boletinlegal/ HTTP/1.1" 200 -
170.78.42.66 - - [13/Mar/2023:03:39:19 -0500] "GET /mujeres-que-reverdecen-secretaria-de-ambiente-anuncia-el-inicio-de-la-tercera-fase.html HTTP/1.1" 200 954
172.22.2.4 - - [13/Mar/2023:03:38:11 -0500] "GET /BLA/boletinlegal/ HTTP/1.1" 200 59296
172.22.2.4 - - [13/Mar/2023:03:40:45 -0500] "GET /BLA/boletinlegal/actos.php HTTP/1.1" 200 9672
34.147.123.254 - - [13/Mar/2023:03:40:54 -0500] "GET /inventario-de-emisiones-2020-transporte-publico-sitp-redujo-emisiones-de-pm-2-5-en-un-37.html HTTP/1.1" 200 925
201.245.192.253 - - [13/Mar/2023:03:41:09 -0500] "POST /kwsrmcab/Wsrmcab HTTP/1.1" 200 42054
201.245.192.253 - - [13/Mar/2023:03:41:12 -0500] "POST /kwsrmcab/Wsrmcab HTTP/1.1" 200 42861
201.245.192.253 - - [13/Mar/2023:03:43:11 -0500] "POST /kwsrmcab/Wsrmcab  HTTP/1.1" 200 213
216.245.221.92 - - [13/Mar/2023:03:44:00 -0500] "HEAD / HTTP/1.1" 200 -
64.124.8.51 - - [13/Mar/2023:03:44:06 -0500] "GET /portaldeninos/que-es-cambio-climatico/ HTTP/1.1" 503 1037
185.119.81.104 - - [13/Mar/2023:03:44:26 -0500] "GET /portaldeninos/wp-login.php HTTP/1.1" 503 1037
172.22.2.4 - - [13/Mar/2023:03:43:10 -0500] "HEAD /BLA/boletinlegal/ HTTP/1.1" 200 -
172.22.2.4 - - [13/Mar/2023:03:45:22 -0500] "GET /BLA/boletinlegal/api/index.php/v1/config/application?public=true HTTP/1.1" 404 1038
172.22.2.4 - - [13/Mar/2023:03:44:01 -0500] "GET /BLA/boletinlegal/ HTTP/1.1" 200 54798
172.22.2.4 - - [13/Mar/2023:03:48:01 -0500] "GET /BLA/boletinlegal/api/index.php/v1/config/application?public=true HTTP/1.1" 404 1038
201.245.192.253 - - [13/Mar/2023:03:48:10 -0500] "POST /kwsrmcab/Wsrmcab  HTTP/1.1" 200 213
216.245.221.92 - - [13/Mar/2023:03:49:00 -0500] "HEAD / HTTP/1.1" 200 -
172.22.2.4 - - [13/Mar/2023:03:49:00 -0500] "HEAD /BLA/boletinlegal/ HTTP/1.1" 200 -
172.22.2.4 - - [13/Mar/2023:03:49:51 -0500] "GET /BLA/boletinlegal/ HTTP/1.1" 200 59296
185.119.81.104 - - [13/Mar/2023:03:51:56 -0500] "GET /portaldeninos/wp-login.php HTTP/1.1" 503 1037
40.77.167.140 - - [13/Mar/2023:03:52:24 -0500] "GET /BLA/resoluciones/AUTOS%202021/2552.pdf HTTP/1.1" 304 -
186.29.32.198 - - [13/Mar/2023:03:52:50 -0500] "GET /mujeres-que-reverdecen-secretaria-de-ambiente-anuncia-el-inicio-de-la-tercera-fase.html HTTP/1.1" 304 -
201.245.192.253 - - [13/Mar/2023:03:53:09 -0500] "POST /kwsrmcab/Wsrmcab  HTTP/1.1" 200 213
216.245.221.92 - - [13/Mar/2023:03:54:00 -0500] "HEAD / HTTP/1.1" 200 -
40.77.167.164 - - [13/Mar/2023:03:54:23 -0500] "GET /BLA/resoluciones/AUTOS%202021/5991.pdf HTTP/1.1" 304 -
172.22.2.4 - - [13/Mar/2023:03:54:50 -0500] "HEAD /BLA/boletinlegal/ HTTP/1.1" 200 -
172.22.2.4 - - [13/Mar/2023:03:55:41 -0500] "GET /BLA/boletinlegal/ HTTP/1.1" 200 53551
64.124.8.47 - - [13/Mar/2023:03:57:35 -0500] "GET /portaldeninos/noticias/ HTTP/1.1" 503 1037
201.245.192.253 - - [13/Mar/2023:03:58:08 -0500] "POST /kwsrmcab/Wsrmcab  HTTP/1.1" 200 213
216.245.221.92 - - [13/Mar/2023:03:59:00 -0500] "HEAD / HTTP/1.1" 200 -
52.167.144.166 - - [13/Mar/2023:04:01:23 -0500] "GET /catalogoisis/ HTTP/1.1" 200 8575
172.22.2.4 - - [13/Mar/2023:04:00:40 -0500] "HEAD /BLA/boletinlegal/ HTTP/1.1" 200 -
66.249.70.15 - - [13/Mar/2023:04:02:59 -0500] "-" 408 -
201.245.192.253 - - [13/Mar/2023:04:03:07 -0500] "POST /kwsrmcab/Wsrmcab  HTTP/1.1" 200 213
172.22.2.4 - - [13/Mar/2023:04:01:31 -0500] "GET /BLA/boletinlegal/ HTTP/1.1" 200 57551
216.245.221.92 - - [13/Mar/2023:04:04:00 -0500] "HEAD / HTTP/1.1" 200 -
185.119.81.102 - - [13/Mar/2023:04:04:57 -0500] "GET /portaldeninos/wp-login.php HTTP/1.1" 503 1037
64.124.8.51 - - [13/Mar/2023:04:06:44 -0500] "GET /portaldeninos/residuos/ HTTP/1.1" 503 1037
40.77.167.164 - - [13/Mar/2023:04:07:34 -0500] "GET /sipse/faces/autenticacion.xhtml HTTP/1.1" 200 12488
52.167.144.71 - - [13/Mar/2023:04:07:51 -0500] "GET /sipse/faces/javax.faces.resource/theme.css?ln=primefaces-sipse HTTP/1.1" 200 50058
52.167.144.71 - - [13/Mar/2023:04:07:51 -0500] "GET /sipse/js/disable_browser_buttons.js HTTP/1.1" 200 3230
40.77.167.164 - - [13/Mar/2023:04:07:54 -0500] "GET /sipse/css/custom_css_sg.css HTTP/1.1" 200 9694
40.77.167.198 - - [13/Mar/2023:04:07:55 -0500] "GET /sipse/css/custom_css_sg_prime_login.css HTTP/1.1" 200 443
52.167.144.166 - - [13/Mar/2023:04:07:56 -0500] "GET /sipse/js/funciones.js HTTP/1.1" 200 12592
201.245.192.253 - - [13/Mar/2023:04:08:06 -0500] "POST /kwsrmcab/Wsrmcab  HTTP/1.1" 200 213
172.22.2.4 - - [13/Mar/2023:04:06:30 -0500] "HEAD /BLA/boletinlegal/ HTTP/1.1" 200 -
40.77.167.122 - - [13/Mar/2023:04:08:35 -0500] "GET /sipse/faces/javax.faces.resource/jquery/jquery-plugins.js;jsessionid=3aYDYQm34XgeWPNo3+lTRpfk.undefined?ln=primefaces&v=4.0 HTTP/1.1" 200 220526
40.77.167.122 - - [13/Mar/2023:04:08:35 -0500] "GET /sipse/faces/javax.faces.resource/jquery/jquery.js;jsessionid=3aYDYQm34XgeWPNo3+lTRpfk.undefined?ln=primefaces&v=4.0 HTTP/1.1" 200 105384
216.245.221.92 - - [13/Mar/2023:04:09:00 -0500] "HEAD / HTTP/1.1" 200 -
172.22.2.4 - - [13/Mar/2023:04:07:21 -0500] "GET /BLA/boletinlegal/ HTTP/1.1" 200 53551
168.119.101.10 - - [13/Mar/2023:04:09:36 -0500] "GET / HTTP/1.1" 200 319
172.22.2.4 - - [13/Mar/2023:04:12:09 -0500] "GET /BLA/boletinlegal/Circulares/2011/Circular%20No.%203%20del%2023%20de%20Junio%20de%202011.pdf HTTP/1.1" 304 -
173.252.107.9 - - [13/Mar/2023:04:12:44 -0500] "GET /secretaria-de-ambiente-impone-medidas-preventivas-a-un-privado-que-utilizaba-un-area-protegida-para-promocionar-proyectos.html HTTP/1.1" 206 866
201.245.192.253 - - [13/Mar/2023:04:13:04 -0500] "POST /kwsrmcab/Wsrmcab  HTTP/1.1" 200 213
186.155.74.177 - - [13/Mar/2023:04:13:08 -0500] "GET /mujeres-que-reverdecen-secretaria-de-ambiente-anuncia-el-inicio-de-la-tercera-fase.html HTTP/1.1" 304 -
106.75.133.83 - - [13/Mar/2023:04:13:14 -0500] "GET / HTTP/1.1" 200 319
216.245.221.92 - - [13/Mar/2023:04:14:00 -0500] "HEAD / HTTP/1.1" 200 -
172.22.2.4 - - [13/Mar/2023:04:12:20 -0500] "HEAD /BLA/boletinlegal/ HTTP/1.1" 200 -
172.22.2.4 - - [13/Mar/2023:04:13:11 -0500] "GET /BLA/boletinlegal/ HTTP/1.1" 200 53104
35.204.172.29 - - [13/Mar/2023:04:16:49 -0500] "GET /inventario-de-emisiones-2020-transporte-publico-sitp-redujo-emisiones-de-pm-2-5-en-un-37.html HTTP/1.1" 200 925
172.22.2.4 - - [13/Mar/2023:04:16:30 -0500] "GET /BLA/boletinlegal/ HTTP/1.1" 200 24523
201.245.192.253 - - [13/Mar/2023:04:18:09 -0500] "POST /kwsrmcab/Wsrmcab  HTTP/1.1" 200 213
216.245.221.92 - - [13/Mar/2023:04:19:00 -0500] "HEAD / HTTP/1.1" 200 -
172.22.2.4 - - [13/Mar/2023:04:18:10 -0500] "HEAD /BLA/boletinlegal/ HTTP/1.1" 200 -
172.22.2.4 - - [13/Mar/2023:04:19:01 -0500] "GET /BLA/boletinlegal/ HTTP/1.1" 200 57551
201.245.192.253 - - [13/Mar/2023:04:21:09 -0500] "POST /kwsrmcab/Wsrmcab HTTP/1.1" 200 41901
201.245.192.253 - - [13/Mar/2023:04:21:12 -0500] "POST /kwsrmcab/Wsrmcab HTTP/1.1" 200 41967
201.245.192.253 - - [13/Mar/2023:04:23:04 -0500] "POST /kwsrmcab/Wsrmcab  HTTP/1.1" 200 213
40.77.202.111 - - [13/Mar/2023:04:23:50 -0500] "GET /sipse/faces/javax.faces.resource/layout/layout.css;jsessionid=3aYDYQm34XgeWPNo3+lTRpfk.undefined?ln=primefaces&v=4.0 HTTP/1.1" 200 542
40.77.202.111 - - [13/Mar/2023:04:23:50 -0500] "GET /sipse/faces/javax.faces.resource/primefaces.css;jsessionid=3aYDYQm34XgeWPNo3+lTRpfk.undefined?ln=primefaces&v=4.0 HTTP/1.1" 200 53295
40.77.202.111 - - [13/Mar/2023:04:23:50 -0500] "GET /sipse/faces/javax.faces.resource/layout/layout.js;jsessionid=3aYDYQm34XgeWPNo3+lTRpfk.undefined?ln=primefaces&v=4.0 HTTP/1.1" 200 87560
40.77.202.111 - - [13/Mar/2023:04:23:50 -0500] "GET /sipse/faces/javax.faces.resource/primefaces.js;jsessionid=3aYDYQm34XgeWPNo3+lTRpfk.undefined?ln=primefaces&v=4.0 HTTP/1.1" 200 276924
40.77.202.111 - - [13/Mar/2023:04:23:53 -0500] "GET /sipse/faces/index.xhtml HTTP/1.1" 200 677
40.77.202.111 - - [13/Mar/2023:04:23:53 -0500] "GET /sipse/faces/faces/autenticacion.xhtml HTTP/1.1" 200 12166
40.77.202.111 - - [13/Mar/2023:04:23:54 -0500] "GET /sipse/faces/javax.faces.resource/theme.css?ln=primefaces-sipse HTTP/1.1" 304 -
40.77.202.111 - - [13/Mar/2023:04:23:54 -0500] "GET /sipse/faces/javax.faces.resource/layout/layout.css?ln=primefaces&v=4.0 HTTP/1.1" 200 542
40.77.202.111 - - [13/Mar/2023:04:23:54 -0500] "GET /sipse/faces/javax.faces.resource/primefaces.css?ln=primefaces&v=4.0 HTTP/1.1" 200 53295
40.77.202.111 - - [13/Mar/2023:04:23:54 -0500] "GET /sipse/faces/javax.faces.resource/layout/layout.js?ln=primefaces&v=4.0 HTTP/1.1" 200 87560
40.77.202.111 - - [13/Mar/2023:04:23:54 -0500] "GET /sipse/faces/javax.faces.resource/jquery/jquery.js?ln=primefaces&v=4.0 HTTP/1.1" 200 105384
40.77.202.111 - - [13/Mar/2023:04:23:54 -0500] "GET /sipse/faces/javax.faces.resource/jquery/jquery-plugins.js?ln=primefaces&v=4.0 HTTP/1.1" 200 220526
40.77.202.111 - - [13/Mar/2023:04:23:54 -0500] "GET /sipse/faces/javax.faces.resource/primefaces.js?ln=primefaces&v=4.0 HTTP/1.1" 200 276924
40.77.202.111 - - [13/Mar/2023:04:23:55 -0500] "GET /sipse/faces/javax.faces.resource/images/ui-icons_898989_256x240.png?ln=primefaces-aristo HTTP/1.1" 200 5355
216.245.221.92 - - [13/Mar/2023:04:24:00 -0500] "HEAD / HTTP/1.1" 200 -
172.22.2.4 - - [13/Mar/2023:04:24:00 -0500] "HEAD /BLA/boletinlegal/ HTTP/1.1" 200 -
172.22.2.4 - - [13/Mar/2023:04:24:51 -0500] "GET /BLA/boletinlegal/ HTTP/1.1" 200 52316
64.124.8.46 - - [13/Mar/2023:04:28:00 -0500] "-" 408 -
201.245.192.253 - - [13/Mar/2023:04:28:03 -0500] "POST /kwsrmcab/Wsrmcab  HTTP/1.1" 200 213
216.245.221.92 - - [13/Mar/2023:04:29:00 -0500] "HEAD / HTTP/1.1" 200 -
64.124.8.23 - - [13/Mar/2023:04:30:01 -0500] "-" 408 -
201.245.192.253 - - [13/Mar/2023:04:31:09 -0500] "POST /kwsrmcab/Wsrmcab HTTP/1.1" 200 41901
201.245.192.253 - - [13/Mar/2023:04:31:11 -0500] "POST /kwsrmcab/Wsrmcab HTTP/1.1" 200 41967
172.22.2.4 - - [13/Mar/2023:04:29:50 -0500] "HEAD /BLA/boletinlegal/ HTTP/1.1" 200 -
172.22.2.4 - - [13/Mar/2023:04:30:41 -0500] "GET /BLA/boletinlegal/ HTTP/1.1" 200 57551
66.249.70.15 - - [13/Mar/2023:04:32:59 -0500] "-" 408 -
201.245.192.253 - - [13/Mar/2023:04:33:02 -0500] "POST /kwsrmcab/Wsrmcab  HTTP/1.1" 200 213
52.167.144.160 - - [13/Mar/2023:04:33:30 -0500] "GET /BLA/resoluciones/RESOLUCIONES%202019/2946.pdf HTTP/1.1" 304 -
216.245.221.92 - - [13/Mar/2023:04:34:00 -0500] "HEAD / HTTP/1.1" 200 -
186.31.47.234 - - [13/Mar/2023:04:36:03 -0500] "POST /sipse/faces/presentacion/financiero/solicitudProceso/listarSolicitudProceso.xhtml HTTP/1.1" 302 -
186.31.47.234 - - [13/Mar/2023:04:36:04 -0500] "GET /sipse/faces/autenticacion.xhtml HTTP/1.1" 200 1091
172.22.2.4 - - [13/Mar/2023:04:35:40 -0500] "HEAD /BLA/boletinlegal/ HTTP/1.1" 200 -
201.245.192.253 - - [13/Mar/2023:04:38:01 -0500] "POST /kwsrmcab/Wsrmcab  HTTP/1.1" 200 213
172.22.2.4 - - [13/Mar/2023:04:36:31 -0500] "GET /BLA/boletinlegal/ HTTP/1.1" 200 57935
216.245.221.92 - - [13/Mar/2023:04:39:00 -0500] "HEAD / HTTP/1.1" 200 -
186.154.38.232 - - [13/Mar/2023:04:39:03 -0500] "GET /mujeres-que-reverdecen-secretaria-de-ambiente-anuncia-el-inicio-de-la-tercera-fase.html HTTP/1.1" 304 -
172.22.2.4 - - [13/Mar/2023:04:40:51 -0500] "GET /BLA/boletinlegal/jurisprudencia/analisis/ANALISIST-257-96.docx HTTP/1.1" 304 -
201.245.192.253 - - [13/Mar/2023:04:41:09 -0500] "POST /kwsrmcab/Wsrmcab HTTP/1.1" 200 41901
201.245.192.253 - - [13/Mar/2023:04:41:12 -0500] "POST /kwsrmcab/Wsrmcab HTTP/1.1" 200 41967
185.119.81.101 - - [13/Mar/2023:04:41:30 -0500] "GET /portaldeninos/wp-login.php HTTP/1.1" 503 1037
