!C99Shell v. 1.0 pre-release build #13!

Software: Apache. PHP/5.5.15 

uname -a: Windows NT SVR-DMZ 6.1 build 7600 (Windows Server 2008 R2 Enterprise Edition) i586 

SYSTEM 

Safe-mode: OFF (not secure)

E:\nuevo\apache\logs\   drwxrwxrwx
Free 9.41 GB of 239.26 GB (3.93%)
Detected drives: [ a ] [ c ] [ d ] [ e ] [ f ]
Home    Back    Forward    UPDIR    Refresh    Search    Buffer    Encoder    Tools    Proc.    FTP brute    Sec.    SQL    PHP-code    Update    Feedback    Self remove    Logout    


Viewing file:     access.2023.03.15.log (8.66 MB)      -rw-rw-rw-
Select action/file-type:
(+) | (+) | (+) | Code (+) | Session (+) | (+) | SDB (+) | (+) | (+) | (+) | (+) | (+) |
66.249.75.63 - - [15/Mar/2023:00:00:51 -0500] "-" 408 -
201.221.172.7 - - [15/Mar/2023:00:00:53 -0500] "GET /mujeres-que-reverdecen-secretaria-de-ambiente-anuncia-el-inicio-de-la-tercera-fase.html HTTP/1.1" 304 -
186.80.189.205 - - [15/Mar/2023:00:01:02 -0500] "GET /mujeres-que-reverdecen-secretaria-de-ambiente-anuncia-el-inicio-de-la-tercera-fase.html HTTP/1.1" 200 954
190.70.202.69 - - [15/Mar/2023:00:02:19 -0500] "GET /mujeres-que-reverdecen-secretaria-de-ambiente-anuncia-el-inicio-de-la-tercera-fase.html HTTP/1.1" 200 954
186.29.35.177 - - [15/Mar/2023:00:03:16 -0500] "GET /mujeres-que-reverdecen-secretaria-de-ambiente-anuncia-el-inicio-de-la-tercera-fase.html HTTP/1.1" 200 954
186.86.33.160 - - [15/Mar/2023:00:03:43 -0500] "GET /mujeres-que-reverdecen-secretaria-de-ambiente-anuncia-el-inicio-de-la-tercera-fase.html HTTP/1.1" 200 954
186.80.189.205 - - [15/Mar/2023:00:03:43 -0500] "GET /mujeres-que-reverdecen-secretaria-de-ambiente-anuncia-el-inicio-de-la-tercera-fase.html HTTP/1.1" 200 954
186.86.32.19 - - [15/Mar/2023:00:03:47 -0500] "GET /mujeres-que-reverdecen-secretaria-de-ambiente-anuncia-el-inicio-de-la-tercera-fase.html HTTP/1.1" 200 954
216.245.221.92 - - [15/Mar/2023:00:03:54 -0500] "HEAD / HTTP/1.1" 200 -
201.185.114.111 - - [15/Mar/2023:00:03:57 -0500] "GET /mujeres-que-reverdecen-secretaria-de-ambiente-anuncia-el-inicio-de-la-tercera-fase.html HTTP/1.1" 200 954
172.22.2.4 - - [15/Mar/2023:00:02:52 -0500] "HEAD /BLA/boletinlegal/ HTTP/1.1" 200 -
192.144.113.196 - - [15/Mar/2023:00:04:42 -0500] "GET /mujeres-que-reverdecen-secretaria-de-ambiente-anuncia-el-inicio-de-la-tercera-fase.html HTTP/1.1" 200 954
201.245.192.253 - - [15/Mar/2023:00:04:42 -0500] "POST /kwsrmcab/Wsrmcab  HTTP/1.1" 200 42554
179.51.102.7 - - [15/Mar/2023:00:04:46 -0500] "GET /mujeres-que-reverdecen-secretaria-de-ambiente-anuncia-el-inicio-de-la-tercera-fase.html HTTP/1.1" 200 954
186.29.35.177 - - [15/Mar/2023:00:04:54 -0500] "GET /conectate-con-la-naturaleza-escenarios-ambientales-para-recorrer-en-bogota.html HTTP/1.1" 200 909
186.30.125.156 - - [15/Mar/2023:00:05:06 -0500] "GET /mujeres-que-reverdecen-secretaria-de-ambiente-anuncia-el-inicio-de-la-tercera-fase.html HTTP/1.1" 200 954
66.249.79.188 - - [15/Mar/2023:00:05:15 -0500] "-" 408 -
172.22.2.4 - - [15/Mar/2023:00:03:42 -0500] "GET /BLA/boletinlegal/ HTTP/1.1" 200 59296
186.86.32.19 - - [15/Mar/2023:00:06:07 -0500] "GET /mujeres-que-reverdecen-secretaria-de-ambiente-anuncia-el-inicio-de-la-tercera-fase.html HTTP/1.1" 200 954
66.249.75.63 - - [15/Mar/2023:00:07:08 -0500] "-" 408 -
179.51.118.55 - - [15/Mar/2023:00:07:18 -0500] "GET /mujeres-que-reverdecen-secretaria-de-ambiente-anuncia-el-inicio-de-la-tercera-fase.html HTTP/1.1" 200 954
181.59.3.231 - - [15/Mar/2023:00:07:27 -0500] "GET /mujeres-que-reverdecen-secretaria-de-ambiente-anuncia-el-inicio-de-la-tercera-fase.html HTTP/1.1" 200 954
179.19.39.242 - - [15/Mar/2023:00:07:32 -0500] "GET /mujeres-que-reverdecen-secretaria-de-ambiente-anuncia-el-inicio-de-la-tercera-fase.html HTTP/1.1" 200 954
168.119.252.243 - - [15/Mar/2023:00:07:40 -0500] "GET / HTTP/1.1" 200 319
190.156.140.240 - - [15/Mar/2023:00:07:52 -0500] "GET /mujeres-que-reverdecen-secretaria-de-ambiente-anuncia-el-inicio-de-la-tercera-fase.html HTTP/1.1" 200 954
152.61.192.232 - - [15/Mar/2023:00:07:59 -0500] "GET / HTTP/1.1" 200 319
216.245.221.92 - - [15/Mar/2023:00:08:53 -0500] "HEAD / HTTP/1.1" 200 -
190.84.161.8 - - [15/Mar/2023:00:08:57 -0500] "GET /mujeres-que-reverdecen-secretaria-de-ambiente-anuncia-el-inicio-de-la-tercera-fase.html HTTP/1.1" 200 954
185.119.81.104 - - [15/Mar/2023:00:09:21 -0500] "GET /portaldeninos/wp-login.php HTTP/1.1" 200 2592
185.119.81.104 - - [15/Mar/2023:00:09:22 -0500] "POST /portaldeninos/wp-login.php HTTP/1.1" 200 3670
192.144.113.196 - - [15/Mar/2023:00:09:26 -0500] "GET /conectate-con-la-naturaleza-escenarios-ambientales-para-recorrer-en-bogota.html HTTP/1.1" 200 909
179.51.124.34 - - [15/Mar/2023:00:09:37 -0500] "GET /mujeres-que-reverdecen-secretaria-de-ambiente-anuncia-el-inicio-de-la-tercera-fase.html HTTP/1.1" 304 -
201.245.192.253 - - [15/Mar/2023:00:09:42 -0500] "POST /kwsrmcab/Wsrmcab  HTTP/1.1" 200 42554
181.199.42.53 - - [15/Mar/2023:00:09:47 -0500] "GET /portaldeninos/wp-content/uploads/useanyfont/uaf.css?ver=1589905315 HTTP/1.1" 200 408
181.199.42.53 - - [15/Mar/2023:00:09:47 -0500] "GET /portaldeninos/wp-content/themes/betheme/style.css?ver=20.9.6 HTTP/1.1" 200 287
181.199.42.53 - - [15/Mar/2023:00:09:46 -0500] "GET /portaldeninos/wp-includes/js/wp-emoji-release.min.js?ver=4.9.8 HTTP/1.1" 200 12026
181.199.42.53 - - [15/Mar/2023:00:09:45 -0500] "GET /portaldeninos/ HTTP/1.1" 200 110197
181.199.42.53 - - [15/Mar/2023:00:09:46 -0500] "GET /portaldeninos/wp-content/plugins/gallery-videos/CSS/Total-Soft-Gallery-Video-Widget.css?ver=4.9.8 HTTP/1.1" 200 51554
181.199.42.53 - - [15/Mar/2023:00:09:47 -0500] "GET /portaldeninos/wp-content/plugins/gallery-videos/CSS/totalsoft.css?ver=4.9.8 HTTP/1.1" 200 40622
181.199.42.53 - - [15/Mar/2023:00:09:47 -0500] "GET /portaldeninos/wp-content/themes/betheme/css/base.css?ver=20.9.6 HTTP/1.1" 200 57283
181.199.42.53 - - [15/Mar/2023:00:09:48 -0500] "GET /portaldeninos/wp-content/themes/betheme/assets/jplayer/css/jplayer.blue.monday.css?ver=20.9.6 HTTP/1.1" 200 9834
181.199.42.53 - - [15/Mar/2023:00:09:48 -0500] "GET /portaldeninos/wp-content/themes/betheme/assets/animations/animations.min.css?ver=20.9.6 HTTP/1.1" 200 58508
181.199.42.53 - - [15/Mar/2023:00:09:48 -0500] "GET /portaldeninos/wp-content/themes/betheme/assets/ui/jquery.ui.all.css?ver=20.9.6 HTTP/1.1" 200 18765
181.199.42.53 - - [15/Mar/2023:00:09:48 -0500] "GET /portaldeninos/wp-content/plugins/popup-maker/assets/css/site.min.css?ver=1.8.14 HTTP/1.1" 200 8260
181.199.42.53 - - [15/Mar/2023:00:09:47 -0500] "GET /portaldeninos/wp-content/themes/betheme/css/shortcodes.css?ver=20.9.6 HTTP/1.1" 200 138889
181.199.42.53 - - [15/Mar/2023:00:09:48 -0500] "GET /portaldeninos/wp-includes/js/jquery/jquery-migrate.min.js?ver=1.4.1 HTTP/1.1" 200 10056
181.199.42.53 - - [15/Mar/2023:00:09:48 -0500] "GET /portaldeninos/wp-includes/js/jquery/ui/core.min.js?ver=1.11.4 HTTP/1.1" 200 4000
181.199.42.53 - - [15/Mar/2023:00:09:47 -0500] "GET /portaldeninos/wp-content/themes/betheme/css/layout.css?ver=20.9.6 HTTP/1.1" 200 116639
181.199.42.53 - - [15/Mar/2023:00:09:48 -0500] "GET /portaldeninos/wp-content/plugins/google-analytics-for-wordpress/assets/js/frontend-gtag.min.js?ver=8.5.0 HTTP/1.1" 200 11801
181.199.42.53 - - [15/Mar/2023:00:09:48 -0500] "GET /portaldeninos/wp-content/themes/betheme/css/responsive.css?ver=20.9.6 HTTP/1.1" 200 55740
181.199.42.53 - - [15/Mar/2023:00:09:49 -0500] "GET /portaldeninos/wp-content/plugins/gallery-videos/JS/modernizr.custom.js?ver=4.9.8 HTTP/1.1" 200 9019
181.199.42.53 - - [15/Mar/2023:00:09:49 -0500] "GET /portaldeninos/wp-content/plugins/gallery-videos/JS/Total-Soft-Gallery-Video-Widget.js?ver=4.9.8 HTTP/1.1" 200 80264
181.199.42.53 - - [15/Mar/2023:00:09:48 -0500] "GET /portaldeninos/wp-includes/js/jquery/jquery.js?ver=1.12.4 HTTP/1.1" 200 97184
181.199.42.53 - - [15/Mar/2023:00:09:49 -0500] "GET /portaldeninos/wp-includes/js/jquery/ui/widget.min.js?ver=1.11.4 HTTP/1.1" 200 6908
181.199.42.53 - - [15/Mar/2023:00:09:49 -0500] "GET /portaldeninos/wp-includes/js/jquery/ui/mouse.min.js?ver=1.11.4 HTTP/1.1" 200 3148
181.199.42.53 - - [15/Mar/2023:00:09:49 -0500] "GET /portaldeninos/wp-includes/js/jquery/ui/accordion.min.js?ver=1.11.4 HTTP/1.1" 200 8584
181.199.42.53 - - [15/Mar/2023:00:09:49 -0500] "GET /portaldeninos/wp-content/themes/betheme/js/menu.js?ver=20.9.6 HTTP/1.1" 200 2449
181.199.42.53 - - [15/Mar/2023:00:09:49 -0500] "GET /portaldeninos/wp-includes/js/jquery/ui/tabs.min.js?ver=1.11.4 HTTP/1.1" 200 12110
181.199.42.53 - - [15/Mar/2023:00:09:50 -0500] "GET /portaldeninos/wp-content/themes/betheme/assets/animations/animations.min.js?ver=20.9.6 HTTP/1.1" 200 1896
181.199.42.53 - - [15/Mar/2023:00:09:49 -0500] "GET /portaldeninos/wp-includes/js/jquery/ui/sortable.min.js?ver=1.11.4 HTTP/1.1" 200 24899
181.199.42.53 - - [15/Mar/2023:00:09:49 -0500] "GET /portaldeninos/wp-content/uploads/2021/06/titulo-cabezote-ni%C3%B1os.png HTTP/1.1" 200 64425
181.199.42.53 - - [15/Mar/2023:00:09:50 -0500] "GET /portaldeninos/wp-includes/js/jquery/ui/position.min.js?ver=1.11.4 HTTP/1.1" 200 6527
181.199.42.53 - - [15/Mar/2023:00:09:50 -0500] "GET /portaldeninos/wp-content/themes/betheme/fonts/mfn-icons.woff?93978679 HTTP/1.1" 200 80932
181.199.42.53 - - [15/Mar/2023:00:09:50 -0500] "GET /portaldeninos/wp-includes/js/wp-embed.min.js?ver=4.9.8 HTTP/1.1" 200 1398
181.199.42.53 - - [15/Mar/2023:00:09:50 -0500] "GET /portaldeninos/wp-content/themes/betheme/assets/jplayer/jplayer.min.js?ver=20.9.6 HTTP/1.1" 200 52702
181.199.42.53 - - [15/Mar/2023:00:09:49 -0500] "GET /portaldeninos/wp-content/themes/betheme/js/plugins.js?ver=20.9.6 HTTP/1.1" 200 197151
181.199.42.53 - - [15/Mar/2023:00:09:50 -0500] "GET /portaldeninos/wp-content/themes/betheme/js/scripts.js?ver=20.9.6 HTTP/1.1" 200 77162
181.199.42.53 - - [15/Mar/2023:00:09:50 -0500] "GET /portaldeninos/wp-content/uploads/2021/06/titulo-miambiente-ni%C3%B1os.png HTTP/1.1" 200 11944
181.199.42.53 - - [15/Mar/2023:00:09:50 -0500] "GET /portaldeninos/wp-content/plugins/popup-maker/assets/js/site.min.js?defer&ver=1.8.14 HTTP/1.1" 200 48457
181.199.42.53 - - [15/Mar/2023:00:09:50 -0500] "GET /portaldeninos/wp-content/uploads/2019/08/Logo-Ambientic.png HTTP/1.1" 200 22941
181.199.42.53 - - [15/Mar/2023:00:09:51 -0500] "GET /portaldeninos/wp-content/uploads/2021/06/titulo-videos-ni%C3%B1os.png HTTP/1.1" 200 10502
181.199.42.53 - - [15/Mar/2023:00:09:51 -0500] "GET /portaldeninos/wp-content/uploads/2021/06/titulo-humedales-ni%C3%B1os.png HTTP/1.1" 200 13361
181.199.42.53 - - [15/Mar/2023:00:09:50 -0500] "GET /portaldeninos/wp-content/uploads/2020/01/Tierra-escenario.jpg HTTP/1.1" 200 181491
181.199.42.53 - - [15/Mar/2023:00:09:50 -0500] "GET /portaldeninos/wp-content/uploads/2018/10/oso.jpg HTTP/1.1" 200 305180
181.199.42.53 - - [15/Mar/2023:00:09:50 -0500] "GET /portaldeninos/wp-content/uploads/2020/01/Frailejon-escenario.jpg HTTP/1.1" 200 357472
181.199.42.53 - - [15/Mar/2023:00:09:53 -0500] "GET /portaldeninos/wp-content/uploads/2020/05/fb.jpg HTTP/1.1" 200 9893
181.199.42.53 - - [15/Mar/2023:00:09:51 -0500] "GET /portaldeninos/wp-content/uploads/2018/11/caneca.jpg HTTP/1.1" 200 262661
181.199.42.53 - - [15/Mar/2023:00:09:50 -0500] "GET /portaldeninos/wp-content/uploads/2018/11/tigrillo.jpg HTTP/1.1" 200 402961
181.199.42.53 - - [15/Mar/2023:00:09:53 -0500] "GET /portaldeninos/wp-content/uploads/2020/05/ig.jpg HTTP/1.1" 200 11470
181.199.42.53 - - [15/Mar/2023:00:09:53 -0500] "GET /portaldeninos/wp-content/uploads/2020/06/yt.jpg HTTP/1.1" 200 10577
181.199.42.53 - - [15/Mar/2023:00:09:54 -0500] "GET /portaldeninos/wp-content/themes/betheme/images/box_shadow.png HTTP/1.1" 200 108
181.199.42.53 - - [15/Mar/2023:00:09:54 -0500] "GET /portaldeninos/wp-content/uploads/2020/06/tw.jpg HTTP/1.1" 200 11056
181.199.42.53 - - [15/Mar/2023:00:09:54 -0500] "GET /portaldeninos/wp-content/themes/betheme/images/stripes/stripes_3_b.png HTTP/1.1" 200 974
181.199.42.53 - - [15/Mar/2023:00:09:54 -0500] "GET /portaldeninos/wp-json/pum/v1/analytics/?event=open&pid=1126&_cache=1678856922609 HTTP/1.1" 204 -
200.118.193.31 - - [15/Mar/2023:00:09:54 -0500] "GET /mujeres-que-reverdecen-secretaria-de-ambiente-anuncia-el-inicio-de-la-tercera-fase.html HTTP/1.1" 200 954
181.199.42.53 - - [15/Mar/2023:00:09:52 -0500] "GET /portaldeninos/wp-content/uploads/2022/08/Infograf%C3%ADa-humedales-actualizada.png HTTP/1.1" 200 588022
192.144.113.90 - - [15/Mar/2023:00:10:21 -0500] "GET /mujeres-que-reverdecen-secretaria-de-ambiente-anuncia-el-inicio-de-la-tercera-fase.html HTTP/1.1" 200 954
172.22.2.4 - - [15/Mar/2023:00:08:42 -0500] "HEAD /BLA/boletinlegal/ HTTP/1.1" 200 -
190.26.148.2 - - [15/Mar/2023:00:10:25 -0500] "GET /mujeres-que-reverdecen-secretaria-de-ambiente-anuncia-el-inicio-de-la-tercera-fase.html HTTP/1.1" 200 954
181.59.3.104 - - [15/Mar/2023:00:10:37 -0500] "GET /mujeres-que-reverdecen-secretaria-de-ambiente-anuncia-el-inicio-de-la-tercera-fase.html?fbclid=IwAR0LU998gWVDg065VD1BIPYnnSJqeg-em7SIBvPfpyCjhAzn1zFjEkLBw8Y HTTP/1.1" 200 954
181.199.42.53 - - [15/Mar/2023:00:09:54 -0500] "GET /portaldeninos/wp-content/uploads/2022/01/Conoce-lo-que-hace-la-Secretar%C3%ADa-de-Ambiente.mp4 HTTP/1.1" 206 6599959
172.22.2.4 - - [15/Mar/2023:00:09:32 -0500] "GET /BLA/boletinlegal/ HTTP/1.1" 200 57551
181.199.42.53 - - [15/Mar/2023:00:09:52 -0500] "GET /portaldeninos/wp-content/uploads/2022/08/HUmedalConejera03-1.jpg HTTP/1.1" 200 12388495
181.199.42.53 - - [15/Mar/2023:00:09:54 -0500] "GET /portaldeninos/wp-content/uploads/2019/06/CabezoteAMBIENTIC.mp4 HTTP/1.1" 206 16955622
181.59.3.17 - - [15/Mar/2023:00:11:29 -0500] "GET /mujeres-que-reverdecen-secretaria-de-ambiente-anuncia-el-inicio-de-la-tercera-fase.html HTTP/1.1" 304 -
66.249.79.188 - - [15/Mar/2023:00:12:03 -0500] "-" 408 -
201.245.233.127 - - [15/Mar/2023:00:12:08 -0500] "GET /mujeres-que-reverdecen-secretaria-de-ambiente-anuncia-el-inicio-de-la-tercera-fase.html HTTP/1.1" 304 -
74.125.210.54 - - [15/Mar/2023:00:12:09 -0500] "GET /mujeres-que-reverdecen-secretaria-de-ambiente-anuncia-el-inicio-de-la-tercera-fase.html HTTP/1.1" 200 954
128.14.136.18 - - [15/Mar/2023:00:12:36 -0500] "GET /portaldeninos/ HTTP/1.1" 200 110197
181.59.3.56 - - [15/Mar/2023:00:12:46 -0500] "GET /mujeres-que-reverdecen-secretaria-de-ambiente-anuncia-el-inicio-de-la-tercera-fase.html HTTP/1.1" 200 954
66.249.75.33 - - [15/Mar/2023:00:13:36 -0500] "-" 408 -
189.239.227.130 - - [15/Mar/2023:00:13:49 -0500] "GET /mujeres-que-reverdecen-secretaria-de-ambiente-anuncia-el-inicio-de-la-tercera-fase.html HTTP/1.1" 200 954
216.245.221.92 - - [15/Mar/2023:00:13:53 -0500] "HEAD / HTTP/1.1" 200 -
186.119.104.182 - - [15/Mar/2023:00:14:05 -0500] "GET /mujeres-que-reverdecen-secretaria-de-ambiente-anuncia-el-inicio-de-la-tercera-fase.html HTTP/1.1" 304 -
201.245.233.127 - - [15/Mar/2023:00:14:17 -0500] "GET /conectate-con-la-naturaleza-escenarios-ambientales-para-recorrer-en-bogota.html HTTP/1.1" 200 909
74.125.210.52 - - [15/Mar/2023:00:14:17 -0500] "GET /conectate-con-la-naturaleza-escenarios-ambientales-para-recorrer-en-bogota.html HTTP/1.1" 200 909
74.125.210.54 - - [15/Mar/2023:00:14:17 -0500] "GET /conectate-con-la-naturaleza-escenarios-ambientales-para-recorrer-en-bogota.html HTTP/1.1" 200 909
199.16.157.181 - - [15/Mar/2023:00:14:22 -0500] "GET /images/Archivo%20pacto%20aire%2023%20enero.jpeg HTTP/1.1" 200 28889
199.16.157.183 - - [15/Mar/2023:00:14:22 -0500] "GET /secretaria-de-ambiente-otorgo-reconocimiento-a-80-empresas-vinculadas-al-pacto-unidos-por-un-nuevo-aire.html HTTP/1.1" 200 964
199.16.157.182 - - [15/Mar/2023:00:14:22 -0500] "GET /images/Archivo%20pacto%20aire%2023%20enero.jpeg HTTP/1.1" 200 28889
190.159.14.129 - - [15/Mar/2023:00:14:42 -0500] "GET /mujeres-que-reverdecen-secretaria-de-ambiente-anuncia-el-inicio-de-la-tercera-fase.html HTTP/1.1" 200 954
201.245.192.253 - - [15/Mar/2023:00:14:41 -0500] "POST /kwsrmcab/Wsrmcab  HTTP/1.1" 200 42554
152.202.74.28 - - [15/Mar/2023:00:15:20 -0500] "GET /mujeres-que-reverdecen-secretaria-de-ambiente-anuncia-el-inicio-de-la-tercera-fase.html HTTP/1.1" 200 954
66.249.79.67 - - [15/Mar/2023:00:15:25 -0500] "-" 408 -
172.22.2.4 - - [15/Mar/2023:00:14:32 -0500] "HEAD /BLA/boletinlegal/ HTTP/1.1" 200 -
200.118.63.58 - - [15/Mar/2023:00:16:19 -0500] "GET /mujeres-que-reverdecen-secretaria-de-ambiente-anuncia-el-inicio-de-la-tercera-fase.html HTTP/1.1" 200 954
185.119.81.104 - - [15/Mar/2023:00:16:19 -0500] "GET /portaldeninos/wp-login.php HTTP/1.1" 200 2592
185.119.81.104 - - [15/Mar/2023:00:16:20 -0500] "POST /portaldeninos/wp-login.php HTTP/1.1" 200 3650
186.86.33.160 - - [15/Mar/2023:00:17:01 -0500] "GET /conectate-con-la-naturaleza-escenarios-ambientales-para-recorrer-en-bogota.html HTTP/1.1" 200 909
172.22.2.4 - - [15/Mar/2023:00:15:22 -0500] "GET /BLA/boletinlegal/ HTTP/1.1" 200 54798
179.19.43.91 - - [15/Mar/2023:00:17:11 -0500] "GET /mujeres-que-reverdecen-secretaria-de-ambiente-anuncia-el-inicio-de-la-tercera-fase.html HTTP/1.1" 200 954
179.51.118.55 - - [15/Mar/2023:00:18:11 -0500] "GET /mujeres-que-reverdecen-secretaria-de-ambiente-anuncia-el-inicio-de-la-tercera-fase.html HTTP/1.1" 304 -
186.154.37.205 - - [15/Mar/2023:00:18:12 -0500] "GET /mujeres-que-reverdecen-secretaria-de-ambiente-anuncia-el-inicio-de-la-tercera-fase.html HTTP/1.1" 200 954
52.167.144.44 - - [15/Mar/2023:00:18:14 -0500] "GET / HTTP/1.1" 200 4720
181.61.204.254 - - [15/Mar/2023:00:18:49 -0500] "GET /mujeres-que-reverdecen-secretaria-de-ambiente-anuncia-el-inicio-de-la-tercera-fase.html HTTP/1.1" 200 954
74.125.210.52 - - [15/Mar/2023:00:18:49 -0500] "GET /mujeres-que-reverdecen-secretaria-de-ambiente-anuncia-el-inicio-de-la-tercera-fase.html HTTP/1.1" 200 954
216.245.221.92 - - [15/Mar/2023:00:18:53 -0500] "HEAD / HTTP/1.1" 200 -
161.10.28.222 - - [15/Mar/2023:00:19:05 -0500] "GET /mujeres-que-reverdecen-secretaria-de-ambiente-anuncia-el-inicio-de-la-tercera-fase.html HTTP/1.1" 200 954
181.50.76.231 - - [15/Mar/2023:00:19:33 -0500] "GET /mujeres-que-reverdecen-secretaria-de-ambiente-anuncia-el-inicio-de-la-tercera-fase.html HTTP/1.1" 200 954
201.245.192.253 - - [15/Mar/2023:00:19:40 -0500] "POST /kwsrmcab/Wsrmcab  HTTP/1.1" 200 42554
186.154.104.126 - - [15/Mar/2023:00:19:47 -0500] "GET /conectate-con-la-naturaleza-escenarios-ambientales-para-recorrer-en-bogota.html HTTP/1.1" 200 909
181.59.3.231 - - [15/Mar/2023:00:20:21 -0500] "GET /mujeres-que-reverdecen-secretaria-de-ambiente-anuncia-el-inicio-de-la-tercera-fase.html HTTP/1.1" 200 954
181.59.3.104 - - [15/Mar/2023:00:20:34 -0500] "GET /mujeres-que-reverdecen-secretaria-de-ambiente-anuncia-el-inicio-de-la-tercera-fase.html HTTP/1.1" 200 954
186.28.79.11 - - [15/Mar/2023:00:20:35 -0500] "GET /mujeres-que-reverdecen-secretaria-de-ambiente-anuncia-el-inicio-de-la-tercera-fase.html HTTP/1.1" 304 -
66.249.75.63 - - [15/Mar/2023:00:20:43 -0500] "-" 408 -
201.245.192.253 - - [15/Mar/2023:00:21:00 -0500] "POST /kwsrmcab/Wsrmcab HTTP/1.1" 200 42883
201.245.192.253 - - [15/Mar/2023:00:21:03 -0500] "POST /kwsrmcab/Wsrmcab HTTP/1.1" 200 43173
181.59.3.67 - - [15/Mar/2023:00:21:15 -0500] "GET /mujeres-que-reverdecen-secretaria-de-ambiente-anuncia-el-inicio-de-la-tercera-fase.html HTTP/1.1" 200 954
190.24.24.76 - - [15/Mar/2023:00:21:26 -0500] "GET /conectate-con-la-naturaleza-escenarios-ambientales-para-recorrer-en-bogota.html HTTP/1.1" 200 909
172.22.2.4 - - [15/Mar/2023:00:20:22 -0500] "HEAD /BLA/boletinlegal/ HTTP/1.1" 200 -
172.22.2.4 - - [15/Mar/2023:00:21:12 -0500] "GET /BLA/boletinlegal/ HTTP/1.1" 200 59646
186.84.90.109 - - [15/Mar/2023:00:23:12 -0500] "-" 408 -
216.245.221.92 - - [15/Mar/2023:00:23:53 -0500] "HEAD / HTTP/1.1" 200 -
186.102.19.249 - - [15/Mar/2023:00:23:54 -0500] "GET /mujeres-que-reverdecen-secretaria-de-ambiente-anuncia-el-inicio-de-la-tercera-fase.html HTTP/1.1" 304 -
181.59.2.240 - - [15/Mar/2023:00:24:09 -0500] "-" 408 -
201.245.192.253 - - [15/Mar/2023:00:24:45 -0500] "POST /kwsrmcab/Wsrmcab  HTTP/1.1" 200 42554
190.9.203.148 - - [15/Mar/2023:00:25:26 -0500] "GET /mujeres-que-reverdecen-secretaria-de-ambiente-anuncia-el-inicio-de-la-tercera-fase.html HTTP/1.1" 200 954
186.155.42.41 - - [15/Mar/2023:00:25:28 -0500] "GET /mujeres-que-reverdecen-secretaria-de-ambiente-anuncia-el-inicio-de-la-tercera-fase.html HTTP/1.1" 200 954
186.155.72.221 - - [15/Mar/2023:00:25:39 -0500] "GET /mujeres-que-reverdecen-secretaria-de-ambiente-anuncia-el-inicio-de-la-tercera-fase.html HTTP/1.1" 200 954
152.61.128.50 - - [15/Mar/2023:00:27:43 -0500] "GET / HTTP/1.1" 200 319
172.22.2.4 - - [15/Mar/2023:00:26:12 -0500] "HEAD /BLA/boletinlegal/ HTTP/1.1" 200 -
181.59.3.122 - - [15/Mar/2023:00:28:27 -0500] "GET /mujeres-que-reverdecen-secretaria-de-ambiente-anuncia-el-inicio-de-la-tercera-fase.html HTTP/1.1" 200 954
172.22.2.4 - - [15/Mar/2023:00:27:02 -0500] "GET /BLA/boletinlegal/ HTTP/1.1" 200 53104
216.245.221.92 - - [15/Mar/2023:00:28:53 -0500] "HEAD / HTTP/1.1" 200 -
191.156.145.81 - - [15/Mar/2023:00:29:11 -0500] "GET /mujeres-que-reverdecen-secretaria-de-ambiente-anuncia-el-inicio-de-la-tercera-fase.html HTTP/1.1" 200 954
201.245.192.253 - - [15/Mar/2023:00:29:43 -0500] "POST /kwsrmcab/Wsrmcab  HTTP/1.1" 200 42554
201.221.172.48 - - [15/Mar/2023:00:30:17 -0500] "GET /mujeres-que-reverdecen-secretaria-de-ambiente-anuncia-el-inicio-de-la-tercera-fase.html HTTP/1.1" 200 954
179.19.27.252 - - [15/Mar/2023:00:30:28 -0500] "GET /mujeres-que-reverdecen-secretaria-de-ambiente-anuncia-el-inicio-de-la-tercera-fase.html HTTP/1.1" 200 954
201.245.192.253 - - [15/Mar/2023:00:31:00 -0500] "POST /kwsrmcab/Wsrmcab HTTP/1.1" 200 42883
201.245.192.253 - - [15/Mar/2023:00:31:03 -0500] "POST /kwsrmcab/Wsrmcab HTTP/1.1" 200 43173
66.249.75.63 - - [15/Mar/2023:00:32:26 -0500] "-" 408 -
181.53.12.207 - - [15/Mar/2023:00:33:09 -0500] "GET /mujeres-que-reverdecen-secretaria-de-ambiente-anuncia-el-inicio-de-la-tercera-fase.html HTTP/1.1" 200 954
186.29.54.137 - - [15/Mar/2023:00:33:10 -0500] "GET /mujeres-que-reverdecen-secretaria-de-ambiente-anuncia-el-inicio-de-la-tercera-fase.html HTTP/1.1" 200 954
172.22.2.4 - - [15/Mar/2023:00:32:02 -0500] "HEAD /BLA/boletinlegal/ HTTP/1.1" 200 -
216.245.221.92 - - [15/Mar/2023:00:33:53 -0500] "HEAD / HTTP/1.1" 200 -
172.22.2.4 - - [15/Mar/2023:00:32:52 -0500] "GET /BLA/boletinlegal/ HTTP/1.1" 200 59296
201.245.192.253 - - [15/Mar/2023:00:34:41 -0500] "POST /kwsrmcab/Wsrmcab  HTTP/1.1" 200 42554
181.237.180.102 - - [15/Mar/2023:00:35:18 -0500] "GET /mujeres-que-reverdecen-secretaria-de-ambiente-anuncia-el-inicio-de-la-tercera-fase.html HTTP/1.1" 200 954
191.95.60.99 - - [15/Mar/2023:00:36:53 -0500] "GET /mujeres-que-reverdecen-secretaria-de-ambiente-anuncia-el-inicio-de-la-tercera-fase.html HTTP/1.1" 200 954
74.125.210.54 - - [15/Mar/2023:00:36:53 -0500] "GET /mujeres-que-reverdecen-secretaria-de-ambiente-anuncia-el-inicio-de-la-tercera-fase.html HTTP/1.1" 200 954
181.237.48.180 - - [15/Mar/2023:00:37:00 -0500] "GET /mujeres-que-reverdecen-secretaria-de-ambiente-anuncia-el-inicio-de-la-tercera-fase.html HTTP/1.1" 200 954
216.245.221.92 - - [15/Mar/2023:00:38:53 -0500] "HEAD / HTTP/1.1" 200 -
66.249.79.190 - - [15/Mar/2023:00:38:53 -0500] "-" 408 -
186.102.27.172 - - [15/Mar/2023:00:39:31 -0500] "GET /mujeres-que-reverdecen-secretaria-de-ambiente-anuncia-el-inicio-de-la-tercera-fase.html HTTP/1.1" 200 954
172.22.2.4 - - [15/Mar/2023:00:37:52 -0500] "HEAD /BLA/boletinlegal/ HTTP/1.1" 200 -
201.245.192.253 - - [15/Mar/2023:00:39:40 -0500] "POST /kwsrmcab/Wsrmcab  HTTP/1.1" 200 42554
185.119.81.104 - - [15/Mar/2023:00:40:09 -0500] "GET /portaldeninos/wp-login.php HTTP/1.1" 200 2592
185.119.81.104 - - [15/Mar/2023:00:40:11 -0500] "POST /portaldeninos/wp-login.php HTTP/1.1" 200 3605
172.22.2.4 - - [15/Mar/2023:00:38:42 -0500] "GET /BLA/boletinlegal/ HTTP/1.1" 200 57551
66.249.75.63 - - [15/Mar/2023:00:40:28 -0500] "-" 408 -
190.156.140.240 - - [15/Mar/2023:00:40:43 -0500] "GET /mujeres-que-reverdecen-secretaria-de-ambiente-anuncia-el-inicio-de-la-tercera-fase.html HTTP/1.1" 200 954
161.10.28.222 - - [15/Mar/2023:00:40:44 -0500] "GET /mujeres-que-reverdecen-secretaria-de-ambiente-anuncia-el-inicio-de-la-tercera-fase.html HTTP/1.1" 304 -
181.54.234.10 - - [15/Mar/2023:00:41:01 -0500] "GET /mujeres-que-reverdecen-secretaria-de-ambiente-anuncia-el-inicio-de-la-tercera-fase.html HTTP/1.1" 200 954
201.245.192.253 - - [15/Mar/2023:00:41:00 -0500] "POST /kwsrmcab/Wsrmcab HTTP/1.1" 200 42883
201.245.192.253 - - [15/Mar/2023:00:41:02 -0500] "POST /kwsrmcab/Wsrmcab HTTP/1.1" 200 43173
201.244.238.63 - - [15/Mar/2023:00:42:54 -0500] "GET /BLA/resoluciones/index.php?dir=AUTOS+2018%2F HTTP/1.1" 200 448826
216.245.221.92 - - [15/Mar/2023:00:43:53 -0500] "HEAD / HTTP/1.1" 200 -
201.245.192.253 - - [15/Mar/2023:00:44:39 -0500] "POST /kwsrmcab/Wsrmcab  HTTP/1.1" 200 42554
179.51.118.55 - - [15/Mar/2023:00:45:16 -0500] "GET /portaldeninos/ HTTP/1.1" 200 110197
179.51.118.55 - - [15/Mar/2023:00:45:17 -0500] "GET /portaldeninos/wp-content/themes/betheme/style.css?ver=20.9.6 HTTP/1.1" 200 287
179.51.118.55 - - [15/Mar/2023:00:45:17 -0500] "GET /portaldeninos/wp-content/uploads/useanyfont/uaf.css?ver=1589905315 HTTP/1.1" 200 408
179.51.118.55 - - [15/Mar/2023:00:45:17 -0500] "GET /portaldeninos/wp-includes/js/wp-emoji-release.min.js?ver=4.9.8 HTTP/1.1" 200 12026
179.51.118.55 - - [15/Mar/2023:00:45:17 -0500] "GET /portaldeninos/wp-content/themes/betheme/css/base.css?ver=20.9.6 HTTP/1.1" 200 57283
179.51.118.55 - - [15/Mar/2023:00:45:17 -0500] "GET /portaldeninos/wp-content/plugins/gallery-videos/CSS/Total-Soft-Gallery-Video-Widget.css?ver=4.9.8 HTTP/1.1" 200 51554
179.51.118.55 - - [15/Mar/2023:00:45:17 -0500] "GET /portaldeninos/wp-content/plugins/gallery-videos/CSS/totalsoft.css?ver=4.9.8 HTTP/1.1" 200 40622
179.51.118.55 - - [15/Mar/2023:00:45:17 -0500] "GET /portaldeninos/wp-content/themes/betheme/assets/animations/animations.min.css?ver=20.9.6 HTTP/1.1" 200 58508
179.51.118.55 - - [15/Mar/2023:00:45:18 -0500] "GET /portaldeninos/wp-content/themes/betheme/assets/jplayer/css/jplayer.blue.monday.css?ver=20.9.6 HTTP/1.1" 200 9834
179.51.118.55 - - [15/Mar/2023:00:45:18 -0500] "GET /portaldeninos/wp-content/themes/betheme/assets/ui/jquery.ui.all.css?ver=20.9.6 HTTP/1.1" 200 18765
179.51.118.55 - - [15/Mar/2023:00:45:18 -0500] "GET /portaldeninos/wp-content/plugins/popup-maker/assets/css/site.min.css?ver=1.8.14 HTTP/1.1" 200 8260
179.51.118.55 - - [15/Mar/2023:00:45:18 -0500] "GET /portaldeninos/wp-includes/js/jquery/jquery-migrate.min.js?ver=1.4.1 HTTP/1.1" 200 10056
179.51.118.55 - - [15/Mar/2023:00:45:17 -0500] "GET /portaldeninos/wp-content/themes/betheme/css/shortcodes.css?ver=20.9.6 HTTP/1.1" 200 138889
179.51.118.55 - - [15/Mar/2023:00:45:18 -0500] "GET /portaldeninos/wp-content/plugins/google-analytics-for-wordpress/assets/js/frontend-gtag.min.js?ver=8.5.0 HTTP/1.1" 200 11801
179.51.118.55 - - [15/Mar/2023:00:45:18 -0500] "GET /portaldeninos/wp-content/themes/betheme/css/responsive.css?ver=20.9.6 HTTP/1.1" 200 55740
179.51.118.55 - - [15/Mar/2023:00:45:17 -0500] "GET /portaldeninos/wp-content/themes/betheme/css/layout.css?ver=20.9.6 HTTP/1.1" 200 116639
179.51.118.55 - - [15/Mar/2023:00:45:18 -0500] "GET /portaldeninos/wp-includes/js/jquery/ui/core.min.js?ver=1.11.4 HTTP/1.1" 200 4000
179.51.118.55 - - [15/Mar/2023:00:45:18 -0500] "GET /portaldeninos/wp-content/plugins/gallery-videos/JS/modernizr.custom.js?ver=4.9.8 HTTP/1.1" 200 9019
179.51.118.55 - - [15/Mar/2023:00:45:18 -0500] "GET /portaldeninos/wp-content/plugins/gallery-videos/JS/Total-Soft-Gallery-Video-Widget.js?ver=4.9.8 HTTP/1.1" 200 80264
179.51.118.55 - - [15/Mar/2023:00:45:18 -0500] "GET /portaldeninos/wp-includes/js/jquery/jquery.js?ver=1.12.4 HTTP/1.1" 200 97184
179.51.118.55 - - [15/Mar/2023:00:45:18 -0500] "GET /portaldeninos/wp-includes/js/jquery/ui/widget.min.js?ver=1.11.4 HTTP/1.1" 200 6908
179.51.118.55 - - [15/Mar/2023:00:45:18 -0500] "GET /portaldeninos/wp-includes/js/jquery/ui/mouse.min.js?ver=1.11.4 HTTP/1.1" 200 3148
179.51.118.55 - - [15/Mar/2023:00:45:18 -0500] "GET /portaldeninos/wp-includes/js/jquery/ui/accordion.min.js?ver=1.11.4 HTTP/1.1" 200 8584
179.51.118.55 - - [15/Mar/2023:00:45:18 -0500] "GET /portaldeninos/wp-content/themes/betheme/js/menu.js?ver=20.9.6 HTTP/1.1" 200 2449
179.51.118.55 - - [15/Mar/2023:00:45:18 -0500] "GET /portaldeninos/wp-content/themes/betheme/assets/animations/animations.min.js?ver=20.9.6 HTTP/1.1" 200 1896
179.51.118.55 - - [15/Mar/2023:00:45:18 -0500] "GET /portaldeninos/wp-includes/js/jquery/ui/tabs.min.js?ver=1.11.4 HTTP/1.1" 200 12110
179.51.118.55 - - [15/Mar/2023:00:45:18 -0500] "GET /portaldeninos/wp-includes/js/jquery/ui/position.min.js?ver=1.11.4 HTTP/1.1" 200 6527
179.51.118.55 - - [15/Mar/2023:00:45:18 -0500] "GET /portaldeninos/wp-includes/js/jquery/ui/sortable.min.js?ver=1.11.4 HTTP/1.1" 200 24899
179.51.118.55 - - [15/Mar/2023:00:45:18 -0500] "GET /portaldeninos/wp-content/themes/betheme/js/scripts.js?ver=20.9.6 HTTP/1.1" 200 77162
179.51.118.55 - - [15/Mar/2023:00:45:18 -0500] "GET /portaldeninos/wp-includes/js/wp-embed.min.js?ver=4.9.8 HTTP/1.1" 200 1398
179.51.118.55 - - [15/Mar/2023:00:45:18 -0500] "GET /portaldeninos/wp-content/themes/betheme/assets/jplayer/jplayer.min.js?ver=20.9.6 HTTP/1.1" 200 52702
179.51.118.55 - - [15/Mar/2023:00:45:18 -0500] "GET /portaldeninos/wp-content/uploads/2021/06/titulo-cabezote-ni%C3%B1os.png HTTP/1.1" 200 64425
179.51.118.55 - - [15/Mar/2023:00:45:18 -0500] "GET /portaldeninos/wp-content/plugins/popup-maker/assets/js/site.min.js?defer&ver=1.8.14 HTTP/1.1" 200 48457
179.51.118.55 - - [15/Mar/2023:00:45:19 -0500] "GET /portaldeninos/wp-content/uploads/2021/06/titulo-miambiente-ni%C3%B1os.png HTTP/1.1" 200 11944
179.51.118.55 - - [15/Mar/2023:00:45:18 -0500] "GET /portaldeninos/wp-content/themes/betheme/js/plugins.js?ver=20.9.6 HTTP/1.1" 200 197151
179.51.118.55 - - [15/Mar/2023:00:45:19 -0500] "GET /portaldeninos/wp-content/themes/betheme/fonts/mfn-icons.woff?93978679 HTTP/1.1" 200 80932
179.51.118.55 - - [15/Mar/2023:00:45:19 -0500] "GET /portaldeninos/wp-content/uploads/2019/08/Logo-Ambientic.png HTTP/1.1" 200 22941
179.51.118.55 - - [15/Mar/2023:00:45:19 -0500] "GET /portaldeninos/wp-content/uploads/2021/06/titulo-videos-ni%C3%B1os.png HTTP/1.1" 200 10502
179.51.118.55 - - [15/Mar/2023:00:45:19 -0500] "GET /portaldeninos/wp-content/uploads/2021/06/titulo-humedales-ni%C3%B1os.png HTTP/1.1" 200 13361
179.51.118.55 - - [15/Mar/2023:00:45:19 -0500] "GET /portaldeninos/wp-content/uploads/2020/01/Tierra-escenario.jpg HTTP/1.1" 200 181491
179.51.118.55 - - [15/Mar/2023:00:45:19 -0500] "GET /portaldeninos/wp-content/uploads/2018/10/oso.jpg HTTP/1.1" 200 305180
179.51.118.55 - - [15/Mar/2023:00:45:20 -0500] "GET /portaldeninos/wp-content/uploads/2020/05/fb.jpg HTTP/1.1" 200 9893
179.51.118.55 - - [15/Mar/2023:00:45:19 -0500] "GET /portaldeninos/wp-content/uploads/2018/11/caneca.jpg HTTP/1.1" 200 262661
179.51.118.55 - - [15/Mar/2023:00:45:20 -0500] "GET /portaldeninos/wp-content/uploads/2020/05/ig.jpg HTTP/1.1" 200 11470
179.51.118.55 - - [15/Mar/2023:00:45:20 -0500] "GET /portaldeninos/wp-content/uploads/2020/06/yt.jpg HTTP/1.1" 200 10577
179.51.118.55 - - [15/Mar/2023:00:45:19 -0500] "GET /portaldeninos/wp-content/uploads/2020/01/Frailejon-escenario.jpg HTTP/1.1" 200 357472
179.51.118.55 - - [15/Mar/2023:00:45:20 -0500] "GET /portaldeninos/wp-content/uploads/2020/06/tw.jpg HTTP/1.1" 200 11056
179.51.118.55 - - [15/Mar/2023:00:45:20 -0500] "GET /portaldeninos/wp-content/themes/betheme/images/box_shadow.png HTTP/1.1" 200 108
179.51.118.55 - - [15/Mar/2023:00:45:19 -0500] "GET /portaldeninos/wp-content/uploads/2018/11/tigrillo.jpg HTTP/1.1" 200 402961
179.51.118.55 - - [15/Mar/2023:00:45:20 -0500] "GET /portaldeninos/wp-content/themes/betheme/images/stripes/stripes_3_b.png HTTP/1.1" 200 974
179.51.118.55 - - [15/Mar/2023:00:45:20 -0500] "GET /portaldeninos/wp-json/pum/v1/analytics/?event=open&pid=1126&_cache=1678859053285 HTTP/1.1" 204 -
179.51.118.55 - - [15/Mar/2023:00:45:19 -0500] "GET /portaldeninos/wp-content/uploads/2022/08/Infograf%C3%ADa-humedales-actualizada.png HTTP/1.1" 200 588022
172.22.2.4 - - [15/Mar/2023:00:43:42 -0500] "HEAD /BLA/boletinlegal/ HTTP/1.1" 200 -
200.116.61.159 - - [15/Mar/2023:00:45:23 -0500] "GET /galeria/galeria/jquery.fancybox.css?v=2.1.5 HTTP/1.1" 200 4895
200.116.61.159 - - [15/Mar/2023:00:45:23 -0500] "GET /galeria/galeria/jquery.fancybox.js?v=2.1.5 HTTP/1.1" 200 48706
200.116.61.159 - - [15/Mar/2023:00:45:23 -0500] "GET /galeria/galeria/fotos/2humedal-Burro2P.jpg HTTP/1.1" 200 8996
200.116.61.159 - - [15/Mar/2023:00:45:23 -0500] "GET /galeria/galeria/fotos/1humedal-Burro1P.jpg HTTP/1.1" 200 7921
200.116.61.159 - - [15/Mar/2023:00:45:23 -0500] "GET /galeria/galeria/fotos/3humedal-Burro3P.jpg HTTP/1.1" 200 8564
200.116.61.159 - - [15/Mar/2023:00:45:23 -0500] "GET /galeria/galeria/fotos/4humedal-Burro4P.jpg HTTP/1.1" 200 7980
179.51.118.55 - - [15/Mar/2023:00:45:20 -0500] "GET /portaldeninos/wp-content/uploads/2022/01/Conoce-lo-que-hace-la-Secretar%C3%ADa-de-Ambiente.mp4 HTTP/1.1" 206 6599959
179.51.118.55 - - [15/Mar/2023:00:45:19 -0500] "GET /portaldeninos/wp-content/uploads/2022/08/HUmedalConejera03-1.jpg HTTP/1.1" 200 12388495
179.51.118.55 - - [15/Mar/2023:00:45:20 -0500] "GET /portaldeninos/wp-content/uploads/2019/06/CabezoteAMBIENTIC.mp4 HTTP/1.1" 206 18918630
172.22.2.4 - - [15/Mar/2023:00:44:32 -0500] "GET /BLA/boletinlegal/ HTTP/1.1" 200 53914
69.63.184.1 - - [15/Mar/2023:00:46:18 -0500] "GET /images/17%20de%20febrero%20mujeres%20que%20reverdecen.jpeg HTTP/1.1" 200 85735
201.244.238.63 - - [15/Mar/2023:00:46:25 -0500] "GET /BLA/resoluciones/index.php?dir=AUTOS+2017%2F HTTP/1.1" 200 463585
186.155.42.41 - - [15/Mar/2023:00:46:49 -0500] "GET /mujeres-que-reverdecen-secretaria-de-ambiente-anuncia-el-inicio-de-la-tercera-fase.html HTTP/1.1" 200 954
191.156.57.141 - - [15/Mar/2023:00:46:51 -0500] "GET /mujeres-que-reverdecen-secretaria-de-ambiente-anuncia-el-inicio-de-la-tercera-fase.html HTTP/1.1" 200 954
201.244.238.63 - - [15/Mar/2023:00:46:52 -0500] "GET /BLA/resoluciones/AUTOS%202017/3711.pdf HTTP/1.1" 200 357304
152.61.192.232 - - [15/Mar/2023:00:47:08 -0500] "GET /arcgis/services/Calidad_del_Agua_WQI/MapServer/WMSServer?request=GetCapabilities&service=WMS HTTP/1.1" 503 1020
152.61.192.232 - - [15/Mar/2023:00:47:09 -0500] "GET /arcgis/services/Calidad_del_Agua_WQI/MapServer/WMSServer?SERVICE=WMS&REQUEST=GetCapabilities HTTP/1.1" 503 1020
152.61.192.232 - - [15/Mar/2023:00:47:09 -0500] "GET /arcgis/services/Calidad_del_Agua_WQI/MapServer/WMSServer?WMTVER=1.0.0&REQUEST=capabilities HTTP/1.1" 503 1020
191.89.239.122 - - [15/Mar/2023:00:47:14 -0500] "GET /mujeres-que-reverdecen-secretaria-de-ambiente-anuncia-el-inicio-de-la-tercera-fase.html HTTP/1.1" 200 954
216.245.221.92 - - [15/Mar/2023:00:48:53 -0500] "HEAD / HTTP/1.1" 200 -
201.245.192.253 - - [15/Mar/2023:00:49:38 -0500] "POST /kwsrmcab/Wsrmcab  HTTP/1.1" 200 42554
186.154.98.6 - - [15/Mar/2023:00:49:57 -0500] "GET /mujeres-que-reverdecen-secretaria-de-ambiente-anuncia-el-inicio-de-la-tercera-fase.html HTTP/1.1" 200 954
66.249.75.63 - - [15/Mar/2023:00:50:20 -0500] "-" 408 -
201.244.238.63 - - [15/Mar/2023:00:50:46 -0500] "GET /BLA/resoluciones/index.php?dir=AUTOS+2015%2F HTTP/1.1" 200 580256
191.95.20.101 - - [15/Mar/2023:00:50:57 -0500] "GET /mujeres-que-reverdecen-secretaria-de-ambiente-anuncia-el-inicio-de-la-tercera-fase.html HTTP/1.1" 200 954
172.22.2.4 - - [15/Mar/2023:00:49:31 -0500] "HEAD /BLA/boletinlegal/ HTTP/1.1" 200 -
172.22.2.4 - - [15/Mar/2023:00:50:22 -0500] "GET /BLA/boletinlegal/ HTTP/1.1" 200 58653
200.68.128.149 - - [15/Mar/2023:00:53:04 -0500] "GET /mujeres-que-reverdecen-secretaria-de-ambiente-anuncia-el-inicio-de-la-tercera-fase.html HTTP/1.1" 200 954
216.245.221.92 - - [15/Mar/2023:00:53:53 -0500] "HEAD / HTTP/1.1" 200 -
201.245.192.253 - - [15/Mar/2023:00:54:37 -0500] "POST /kwsrmcab/Wsrmcab  HTTP/1.1" 200 42554
201.244.238.63 - - [15/Mar/2023:00:55:26 -0500] "GET /BLA/resoluciones/AUTOS%202015/1613.pdf HTTP/1.1" 200 666987
172.22.2.4 - - [15/Mar/2023:00:55:22 -0500] "HEAD /BLA/boletinlegal/ HTTP/1.1" 200 -
185.119.81.103 - - [15/Mar/2023:00:57:07 -0500] "GET /portaldeninos/wp-login.php HTTP/1.1" 200 2592
185.119.81.103 - - [15/Mar/2023:00:57:08 -0500] "POST /portaldeninos/wp-login.php HTTP/1.1" 200 3670
172.22.2.4 - - [15/Mar/2023:00:56:12 -0500] "GET /BLA/boletinlegal/ HTTP/1.1" 200 57141
201.244.238.63 - - [15/Mar/2023:00:58:12 -0500] "GET /BLA/resoluciones/AUTOS%202015/2502.pdf HTTP/1.1" 200 649820
201.221.172.127 - - [15/Mar/2023:00:58:24 -0500] "GET /mujeres-que-reverdecen-secretaria-de-ambiente-anuncia-el-inicio-de-la-tercera-fase.html HTTP/1.1" 200 954
201.245.233.207 - - [15/Mar/2023:00:58:44 -0500] "GET /mujeres-que-reverdecen-secretaria-de-ambiente-anuncia-el-inicio-de-la-tercera-fase.html HTTP/1.1" 200 954
64.124.8.42 - - [15/Mar/2023:00:58:49 -0500] "GET /Residuos/cosmeticos/cosmeticos.html HTTP/1.1" 304 -
34.91.13.80 - - [15/Mar/2023:00:58:50 -0500] "GET /inventario-de-emisiones-2020-transporte-publico-sitp-redujo-emisiones-de-pm-2-5-en-un-37.html HTTP/1.1" 200 925
216.245.221.92 - - [15/Mar/2023:00:58:53 -0500] "HEAD / HTTP/1.1" 200 -
52.167.144.160 - - [15/Mar/2023:00:59:10 -0500] "GET /appsia/controlador HTTP/1.1" 200 4799
52.167.144.168 - - [15/Mar/2023:00:59:24 -0500] "GET /appsia/css/estilos.css HTTP/1.1" 200 4804
52.167.144.71 - - [15/Mar/2023:00:59:30 -0500] "GET /appsia/scripts/validarIngreso.js HTTP/1.1" 200 851
201.245.192.253 - - [15/Mar/2023:00:59:36 -0500] "POST /kwsrmcab/Wsrmcab  HTTP/1.1" 200 42554
66.249.75.63 - - [15/Mar/2023:01:01:19 -0500] "-" 408 -
181.252.225.130 - - [15/Mar/2023:01:02:17 -0500] "GET /mujeres-que-reverdecen-secretaria-de-ambiente-anuncia-el-inicio-de-la-tercera-fase.html HTTP/1.1" 200 954
152.61.128.50 - - [15/Mar/2023:01:02:41 -0500] "GET /arcgis/services/Calidad_del_Agua_WQI/MapServer/WMSServer?request=GetCapabilities&service=WMS HTTP/1.1" 503 1020
152.61.128.50 - - [15/Mar/2023:01:02:43 -0500] "GET /arcgis/services/Calidad_del_Agua_WQI/MapServer/WMSServer?SERVICE=WMS&REQUEST=GetCapabilities HTTP/1.1" 503 1020
152.61.128.50 - - [15/Mar/2023:01:02:43 -0500] "GET /arcgis/services/Calidad_del_Agua_WQI/MapServer/WMSServer?WMTVER=1.0.0&REQUEST=capabilities HTTP/1.1" 503 1020
66.249.79.160 - - [15/Mar/2023:01:02:51 -0500] "-" 408 -
172.22.2.4 - - [15/Mar/2023:01:01:11 -0500] "HEAD /BLA/boletinlegal/ HTTP/1.1" 200 -
185.119.81.103 - - [15/Mar/2023:01:02:53 -0500] "GET /portaldeninos/wp-login.php HTTP/1.1" 200 2592
185.119.81.103 - - [15/Mar/2023:01:02:54 -0500] "POST /portaldeninos/wp-login.php HTTP/1.1" 200 3605
179.51.118.141 - - [15/Mar/2023:01:03:01 -0500] "GET /mujeres-que-reverdecen-secretaria-de-ambiente-anuncia-el-inicio-de-la-tercera-fase.html HTTP/1.1" 200 954
172.22.2.4 - - [15/Mar/2023:01:02:02 -0500] "GET /BLA/boletinlegal/ HTTP/1.1" 200 56744
216.245.221.92 - - [15/Mar/2023:01:03:53 -0500] "HEAD / HTTP/1.1" 200 -
191.156.49.173 - - [15/Mar/2023:01:04:00 -0500] "GET /mujeres-que-reverdecen-secretaria-de-ambiente-anuncia-el-inicio-de-la-tercera-fase.html HTTP/1.1" 200 954
34.76.96.55 - - [15/Mar/2023:01:04:14 -0500] "GET / HTTP/1.1" 200 319
201.245.192.253 - - [15/Mar/2023:01:04:35 -0500] "POST /kwsrmcab/Wsrmcab  HTTP/1.1" 200 42554
186.84.90.166 - - [15/Mar/2023:01:04:58 -0500] "GET /mujeres-que-reverdecen-secretaria-de-ambiente-anuncia-el-inicio-de-la-tercera-fase.html HTTP/1.1" 200 954
66.249.75.63 - - [15/Mar/2023:01:07:17 -0500] "-" 408 -
191.156.227.33 - - [15/Mar/2023:01:08:10 -0500] "GET /mujeres-que-reverdecen-secretaria-de-ambiente-anuncia-el-inicio-de-la-tercera-fase.html HTTP/1.1" 200 954
172.22.2.4 - - [15/Mar/2023:01:07:01 -0500] "HEAD /BLA/boletinlegal/ HTTP/1.1" 200 -
216.245.221.92 - - [15/Mar/2023:01:08:53 -0500] "HEAD / HTTP/1.1" 200 -
190.159.40.53 - - [15/Mar/2023:01:09:30 -0500] "GET /mujeres-que-reverdecen-secretaria-de-ambiente-anuncia-el-inicio-de-la-tercera-fase.html HTTP/1.1" 200 954
172.22.2.4 - - [15/Mar/2023:01:07:52 -0500] "GET /BLA/boletinlegal/ HTTP/1.1" 200 53104
201.245.192.253 - - [15/Mar/2023:01:09:34 -0500] "POST /kwsrmcab/Wsrmcab  HTTP/1.1" 200 42554
186.155.72.239 - - [15/Mar/2023:01:09:50 -0500] "GET /mujeres-que-reverdecen-secretaria-de-ambiente-anuncia-el-inicio-de-la-tercera-fase.html HTTP/1.1" 200 954
179.51.118.55 - - [15/Mar/2023:01:09:55 -0500] "GET /mujeres-que-reverdecen-secretaria-de-ambiente-anuncia-el-inicio-de-la-tercera-fase.html HTTP/1.1" 200 954
201.245.233.207 - - [15/Mar/2023:01:11:12 -0500] "GET /mujeres-que-reverdecen-secretaria-de-ambiente-anuncia-el-inicio-de-la-tercera-fase.html HTTP/1.1" 304 -
154.16.49.80 - - [15/Mar/2023:01:11:30 -0500] "GET /wp-login.php HTTP/1.1" 404 1018
186.102.27.172 - - [15/Mar/2023:01:12:16 -0500] "GET /mujeres-que-reverdecen-secretaria-de-ambiente-anuncia-el-inicio-de-la-tercera-fase.html HTTP/1.1" 200 954
172.22.2.4 - - [15/Mar/2023:01:12:19 -0500] "GET /BLA/boletinlegal/Directivas/2022/DIRECTIVA%20No.%2000002%20DEL%2022%20DE%20JUNIO%20DEL%202022.pdf HTTP/1.1" 304 -
66.249.75.63 - - [15/Mar/2023:01:13:32 -0500] "-" 408 -
191.95.57.136 - - [15/Mar/2023:01:13:42 -0500] "GET /mujeres-que-reverdecen-secretaria-de-ambiente-anuncia-el-inicio-de-la-tercera-fase.html HTTP/1.1" 200 954
216.245.221.92 - - [15/Mar/2023:01:13:53 -0500] "HEAD / HTTP/1.1" 200 -
172.22.2.4 - - [15/Mar/2023:01:12:51 -0500] "HEAD /BLA/boletinlegal/ HTTP/1.1" 200 -
201.245.192.253 - - [15/Mar/2023:01:14:32 -0500] "POST /kwsrmcab/Wsrmcab  HTTP/1.1" 200 42554
64.124.8.57 - - [15/Mar/2023:01:15:01 -0500] "GET /BLA/boletinlegal/images/nuevo.gif HTTP/1.1" 304 -
172.22.2.4 - - [15/Mar/2023:01:13:42 -0500] "GET /BLA/boletinlegal/ HTTP/1.1" 200 55924
172.22.2.4 - - [15/Mar/2023:01:14:56 -0500] "GET /BLA/boletinlegal/ HTTP/1.1" 200 28619
191.156.53.136 - - [15/Mar/2023:01:17:20 -0500] "GET /mujeres-que-reverdecen-secretaria-de-ambiente-anuncia-el-inicio-de-la-tercera-fase.html HTTP/1.1" 304 -
216.245.221.92 - - [15/Mar/2023:01:18:53 -0500] "HEAD / HTTP/1.1" 200 -
201.245.192.253 - - [15/Mar/2023:01:19:31 -0500] "POST /kwsrmcab/Wsrmcab  HTTP/1.1" 200 42554
17.241.219.162 - - [15/Mar/2023:01:19:40 -0500] "-" 408 -
64.124.8.44 - - [15/Mar/2023:01:19:48 -0500] "GET /portaldeninos/2021/05/30/biodiversidad/ HTTP/1.1" 200 92930
66.249.75.63 - - [15/Mar/2023:01:19:51 -0500] "-" 408 -
172.22.2.4 - - [15/Mar/2023:01:18:41 -0500] "HEAD /BLA/boletinlegal/ HTTP/1.1" 200 -
201.245.192.253 - - [15/Mar/2023:01:21:00 -0500] "POST /kwsrmcab/Wsrmcab HTTP/1.1" 200 42698
201.245.192.253 - - [15/Mar/2023:01:21:04 -0500] "POST /kwsrmcab/Wsrmcab HTTP/1.1" 200 43024
172.22.2.4 - - [15/Mar/2023:01:19:32 -0500] "GET /BLA/boletinlegal/ HTTP/1.1" 200 57551
216.245.221.92 - - [15/Mar/2023:01:23:53 -0500] "HEAD / HTTP/1.1" 200 -
201.245.192.253 - - [15/Mar/2023:01:24:29 -0500] "POST /kwsrmcab/Wsrmcab  HTTP/1.1" 200 42554
172.22.2.4 - - [15/Mar/2023:01:24:31 -0500] "HEAD /BLA/boletinlegal/ HTTP/1.1" 200 -
172.22.2.4 - - [15/Mar/2023:01:25:22 -0500] "GET /BLA/boletinlegal/ HTTP/1.1" 200 57551
66.249.75.63 - - [15/Mar/2023:01:27:25 -0500] "-" 408 -
185.119.81.104 - - [15/Mar/2023:01:27:51 -0500] "GET /portaldeninos/wp-login.php HTTP/1.1" 200 2592
185.119.81.104 - - [15/Mar/2023:01:27:52 -0500] "POST /portaldeninos/wp-login.php HTTP/1.1" 200 3605
216.245.221.92 - - [15/Mar/2023:01:28:53 -0500] "HEAD / HTTP/1.1" 200 -
201.245.192.253 - - [15/Mar/2023:01:29:28 -0500] "POST /kwsrmcab/Wsrmcab  HTTP/1.1" 200 42554
201.245.192.253 - - [15/Mar/2023:01:30:59 -0500] "POST /kwsrmcab/Wsrmcab HTTP/1.1" 200 42698
201.245.192.253 - - [15/Mar/2023:01:31:02 -0500] "GET /kwsrmcab/Wsrmcab?wsdl HTTP/1.1" 200 6948
201.245.192.253 - - [15/Mar/2023:01:31:02 -0500] "POST /kwsrmcab/Wsrmcab HTTP/1.1" 200 43024
172.22.2.4 - - [15/Mar/2023:01:30:21 -0500] "HEAD /BLA/boletinlegal/ HTTP/1.1" 200 -
172.22.2.4 - - [15/Mar/2023:01:31:12 -0500] "GET /BLA/boletinlegal/ HTTP/1.1" 200 58653
40.77.167.164 - - [15/Mar/2023:01:33:39 -0500] "GET /BLA/resoluciones/RESOLUCIONES%202021/2903.pdf HTTP/1.1" 304 -
216.245.221.92 - - [15/Mar/2023:01:33:53 -0500] "HEAD / HTTP/1.1" 200 -
201.245.192.253 - - [15/Mar/2023:01:34:27 -0500] "POST /kwsrmcab/Wsrmcab  HTTP/1.1" 200 42554
181.53.13.213 - - [15/Mar/2023:01:35:10 -0500] "GET /mujeres-que-reverdecen-secretaria-de-ambiente-anuncia-el-inicio-de-la-tercera-fase.html HTTP/1.1" 200 954
66.249.75.63 - - [15/Mar/2023:01:36:48 -0500] "-" 408 -
172.22.2.4 - - [15/Mar/2023:01:36:11 -0500] "HEAD /BLA/boletinlegal/ HTTP/1.1" 200 -
40.77.167.164 - - [15/Mar/2023:01:37:59 -0500] "GET /BLA/resoluciones/AUTOS%202022/7411.pdf HTTP/1.1" 304 -
172.22.2.4 - - [15/Mar/2023:01:37:02 -0500] "GET /BLA/boletinlegal/ HTTP/1.1" 200 59646
216.245.221.92 - - [15/Mar/2023:01:38:53 -0500] "HEAD / HTTP/1.1" 200 -
172.22.2.4 - - [15/Mar/2023:01:39:25 -0500] "GET /BLA/boletinlegal/consulta_actos.php?tipo=autos&no=3555&usuario=&sector=&fecha=2015&resuelve= HTTP/1.1" 200 1132
191.95.162.235 - - [15/Mar/2023:01:39:27 -0500] "GET /BLA/resoluciones/AUTOS%202015/3555.pdf HTTP/1.1" 200 645933
191.95.162.235 - - [15/Mar/2023:01:39:27 -0500] "GET /BLA/resoluciones/AUTOS%202015/3555.pdf HTTP/1.1" 206 1025
191.95.162.235 - - [15/Mar/2023:01:39:27 -0500] "GET /BLA/resoluciones/AUTOS%202015/3555.pdf HTTP/1.1" 200 645933
201.245.192.253 - - [15/Mar/2023:01:39:26 -0500] "POST /kwsrmcab/Wsrmcab  HTTP/1.1" 200 42554
201.245.192.253 - - [15/Mar/2023:01:41:00 -0500] "POST /kwsrmcab/Wsrmcab HTTP/1.1" 200 42698
201.245.192.253 - - [15/Mar/2023:01:41:03 -0500] "POST /kwsrmcab/Wsrmcab HTTP/1.1" 200 43024
172.22.2.4 - - [15/Mar/2023:01:41:17 -0500] "GET /BLA/boletinlegal/consulta_actos.php?tipo=autos&no=4772&usuario=&sector=&fecha=2015&resuelve= HTTP/1.1" 200 1111
191.95.162.235 - - [15/Mar/2023:01:41:19 -0500] "GET /BLA/resoluciones/AUTOS%202015/4772.pdf HTTP/1.1" 200 602792
191.95.162.235 - - [15/Mar/2023:01:41:19 -0500] "GET /BLA/resoluciones/AUTOS%202015/4772.pdf HTTP/1.1" 200 602792
191.95.162.235 - - [15/Mar/2023:01:41:19 -0500] "GET /BLA/resoluciones/AUTOS%202015/4772.pdf HTTP/1.1" 206 1025
172.22.2.4 - - [15/Mar/2023:01:41:51 -0500] "GET /BLA/boletinlegal/consulta_actos.php?tipo=autos&no=3555&usuario=&sector=&fecha=2015&resuelve= HTTP/1.1" 200 1132
191.95.162.235 - - [15/Mar/2023:01:41:53 -0500] "GET /BLA/resoluciones/AUTOS%202015/3555.pdf HTTP/1.1" 206 1
191.95.162.235 - - [15/Mar/2023:01:41:53 -0500] "GET /BLA/resoluciones/AUTOS%202015/3555.pdf HTTP/1.1" 206 643285
191.95.162.235 - - [15/Mar/2023:01:41:53 -0500] "GET /BLA/resoluciones/AUTOS%202015/3555.pdf HTTP/1.1" 200 645933
181.59.2.26 - - [15/Mar/2023:01:43:32 -0500] "GET /mujeres-que-reverdecen-secretaria-de-ambiente-anuncia-el-inicio-de-la-tercera-fase.html HTTP/1.1" 200 954
172.22.2.4 - - [15/Mar/2023:01:42:01 -0500] "HEAD /BLA/boletinlegal/ HTTP/1.1" 200 -
216.245.221.92 - - [15/Mar/2023:01:43:53 -0500] "HEAD / HTTP/1.1" 200 -
201.245.192.253 - - [15/Mar/2023:01:44:24 -0500] "POST /kwsrmcab/Wsrmcab  HTTP/1.1" 200 42554
185.119.81.103 - - [15/Mar/2023:01:44:30 -0500] "GET /portaldeninos/wp-login.php HTTP/1.1" 200 2592
185.119.81.103 - - [15/Mar/2023:01:44:31 -0500] "POST /portaldeninos/wp-login.php HTTP/1.1" 200 3605
172.22.2.4 - - [15/Mar/2023:01:42:52 -0500] "GET /BLA/boletinlegal/ HTTP/1.1" 200 56744
216.245.221.92 - - [15/Mar/2023:01:48:53 -0500] "HEAD / HTTP/1.1" 200 -
201.245.192.253 - - [15/Mar/2023:01:49:23 -0500] "POST /kwsrmcab/Wsrmcab  HTTP/1.1" 200 42554
172.22.2.4 - - [15/Mar/2023:01:47:51 -0500] "HEAD /BLA/boletinlegal/ HTTP/1.1" 200 -
186.29.183.21 - - [15/Mar/2023:01:49:50 -0500] "GET /mujeres-que-reverdecen-secretaria-de-ambiente-anuncia-el-inicio-de-la-tercera-fase.html HTTP/1.1" 200 954
172.22.2.4 - - [15/Mar/2023:01:48:42 -0500] "GET /BLA/boletinlegal/ HTTP/1.1" 200 59646
168.119.253.32 - - [15/Mar/2023:01:50:37 -0500] "GET / HTTP/1.1" 200 319
179.43.177.242 - - [15/Mar/2023:01:52:28 -0500] "GET / HTTP/1.1" 200 319
216.245.221.92 - - [15/Mar/2023:01:53:53 -0500] "HEAD / HTTP/1.1" 200 -
201.245.192.253 - - [15/Mar/2023:01:54:23 -0500] "POST /kwsrmcab/Wsrmcab  HTTP/1.1" 200 42554
173.252.83.22 - - [15/Mar/2023:01:54:35 -0500] "GET /BLA/boletinlegal/images/arr_r.jpg HTTP/1.1" 200 1998
186.102.80.253 - - [15/Mar/2023:01:54:44 -0500] "GET /mujeres-que-reverdecen-secretaria-de-ambiente-anuncia-el-inicio-de-la-tercera-fase.html HTTP/1.1" 200 954
172.22.2.4 - - [15/Mar/2023:01:53:41 -0500] "HEAD /BLA/boletinlegal/ HTTP/1.1" 200 -
172.22.2.4 - - [15/Mar/2023:01:54:32 -0500] "GET /BLA/boletinlegal/ HTTP/1.1" 200 53104
66.249.75.33 - - [15/Mar/2023:01:56:13 -0500] "-" 408 -
172.22.2.4 - - [15/Mar/2023:01:57:45 -0500] "GET /BLA/boletinlegal/robots.txt HTTP/1.1" 404 1038
172.22.2.4 - - [15/Mar/2023:01:57:45 -0500] "GET /BLA/boletinlegal/documentos-importantes.php HTTP/1.1" 200 4829
216.245.221.92 - - [15/Mar/2023:01:58:53 -0500] "HEAD / HTTP/1.1" 200 -
52.167.144.71 - - [15/Mar/2023:01:58:56 -0500] "GET /BLA/resoluciones/AUTOS%202021/5820.pdf HTTP/1.1" 304 -
69.171.249.24 - - [15/Mar/2023:01:59:03 -0500] "GET /images/calidad-aire-2-marzo-1_optimized.jpeg HTTP/1.1" 200 51562
69.171.249.120 - - [15/Mar/2023:01:59:05 -0500] "GET /images/empresas-alertas_optimized.jpeg HTTP/1.1" 200 142365
69.171.249.15 - - [15/Mar/2023:01:59:05 -0500] "GET /images/idpyba-4-marzo-1_optimized.jpeg HTTP/1.1" 200 115318
69.171.249.120 - - [15/Mar/2023:01:59:05 -0500] "GET /images/camino-a-los-cerros-1_optimized.jpeg HTTP/1.1" 200 222279
69.171.249.6 - - [15/Mar/2023:01:59:09 -0500] "GET /images/WhatsApp%20Image%202023-02-15%20at%205.07.25%20PM.jpeg HTTP/1.1" 200 50573
69.171.249.120 - - [15/Mar/2023:01:59:09 -0500] "GET /images/Sello%201%20JA-2.jpeg HTTP/1.1" 200 42236
69.171.249.119 - - [15/Mar/2023:01:59:09 -0500] "GET /images/Conversatorio%20aire%201%20(1).jpeg HTTP/1.1" 200 72040
69.171.249.120 - - [15/Mar/2023:01:59:09 -0500] "GET /images/Puntos%20calientes%2024%20de%20febrero.jpeg HTTP/1.1" 200 42626
69.171.249.19 - - [15/Mar/2023:01:59:10 -0500] "GET /images/20%20de%20febrero%20panor\xc3\xa1mica%20de%20Bogot\xc3\xa1%20(1)%20(1).jpeg HTTP/1.1" 404 1034
