191.111.36.25 - - [15/Mar/2023:09:53:55 -0500] "GET /sipse/faces/faces/index.xhtml HTTP/1.1" 200 677
191.111.36.25 - - [15/Mar/2023:09:53:56 -0500] "GET /sipse/faces/javax.faces.resource/theme.css?ln=primefaces-sipse HTTP/1.1" 304 -
191.111.36.25 - - [15/Mar/2023:09:53:56 -0500] "GET /sipse/faces/faces/faces/autenticacion.xhtml HTTP/1.1" 200 12180
191.111.36.25 - - [15/Mar/2023:09:53:56 -0500] "GET /sipse/faces/javax.faces.resource/theme.css?ln=primefaces-sipse HTTP/1.1" 304 -
191.111.36.25 - - [15/Mar/2023:09:53:56 -0500] "GET /sipse/faces/javax.faces.resource/layout/layout.css?ln=primefaces&v=4.0 HTTP/1.1" 304 -
191.111.36.25 - - [15/Mar/2023:09:53:56 -0500] "GET /sipse/faces/javax.faces.resource/primefaces.css?ln=primefaces&v=4.0 HTTP/1.1" 304 -
191.111.36.25 - - [15/Mar/2023:09:53:56 -0500] "GET /sipse/faces/javax.faces.resource/jquery/jquery-plugins.js?ln=primefaces&v=4.0 HTTP/1.1" 304 -
191.111.36.25 - - [15/Mar/2023:09:53:56 -0500] "GET /sipse/faces/javax.faces.resource/jquery/jquery.js?ln=primefaces&v=4.0 HTTP/1.1" 304 -
191.111.36.25 - - [15/Mar/2023:09:53:56 -0500] "GET /sipse/faces/javax.faces.resource/primefaces.js?ln=primefaces&v=4.0 HTTP/1.1" 304 -
191.111.36.25 - - [15/Mar/2023:09:53:56 -0500] "GET /sipse/faces/javax.faces.resource/layout/layout.js?ln=primefaces&v=4.0 HTTP/1.1" 304 -
191.111.36.25 - - [15/Mar/2023:09:53:56 -0500] "GET /sipse/faces/javax.faces.resource/images/ui-icons_898989_256x240.png?ln=primefaces-aristo HTTP/1.1" 304 -
201.245.192.253 - - [15/Mar/2023:09:53:57 -0500] "POST /sipse/faces/autenticacion.xhtml HTTP/1.1" 200 2217
186.30.116.46 - - [15/Mar/2023:09:53:57 -0500] "POST /sipse/faces/presentacion/financiero/solicitudProceso/consultar.xhtml HTTP/1.1" 200 12809
190.24.99.228 - - [15/Mar/2023:09:53:57 -0500] "POST /sipse/faces/autenticacion.xhtml HTTP/1.1" 200 16309
190.24.99.228 - - [15/Mar/2023:09:53:57 -0500] "GET /sipse/faces/javax.faces.resource/theme.css?ln=primefaces-sipse HTTP/1.1" 304 -
190.24.99.228 - - [15/Mar/2023:09:53:57 -0500] "GET /sipse/faces/javax.faces.resource/layout/layout.css?ln=primefaces&v=4.0 HTTP/1.1" 304 -
190.24.99.228 - - [15/Mar/2023:09:53:57 -0500] "GET /sipse/faces/javax.faces.resource/primefaces.css?ln=primefaces&v=4.0 HTTP/1.1" 304 -
190.24.99.228 - - [15/Mar/2023:09:53:57 -0500] "GET /sipse/faces/javax.faces.resource/jquery/jquery.js?ln=primefaces&v=4.0 HTTP/1.1" 304 -
190.24.99.228 - - [15/Mar/2023:09:53:57 -0500] "GET /sipse/faces/javax.faces.resource/jquery/jquery-plugins.js?ln=primefaces&v=4.0 HTTP/1.1" 304 -
190.24.99.228 - - [15/Mar/2023:09:53:57 -0500] "GET /sipse/faces/javax.faces.resource/primefaces.js?ln=primefaces&v=4.0 HTTP/1.1" 304 -
190.24.99.228 - - [15/Mar/2023:09:53:57 -0500] "GET /sipse/faces/javax.faces.resource/layout/layout.js?ln=primefaces&v=4.0 HTTP/1.1" 304 -
190.24.99.228 - - [15/Mar/2023:09:53:57 -0500] "GET /sipse/css/imagen/contrasena.png HTTP/1.1" 404 383
201.245.192.253 - - [15/Mar/2023:09:53:58 -0500] "POST /sipse/faces/autenticacion.xhtml HTTP/1.1" 200 16285
201.245.192.253 - - [15/Mar/2023:09:53:58 -0500] "GET /sipse/faces/javax.faces.resource/primefaces.css?ln=primefaces&v=4.0 HTTP/1.1" 304 -
201.245.192.253 - - [15/Mar/2023:09:53:58 -0500] "GET /sipse/faces/javax.faces.resource/theme.css?ln=primefaces-sipse HTTP/1.1" 304 -
201.245.192.253 - - [15/Mar/2023:09:53:58 -0500] "GET /sipse/faces/javax.faces.resource/layout/layout.css?ln=primefaces&v=4.0 HTTP/1.1" 304 -
201.245.192.253 - - [15/Mar/2023:09:53:58 -0500] "GET /sipse/faces/javax.faces.resource/jquery/jquery.js?ln=primefaces&v=4.0 HTTP/1.1" 304 -
201.245.192.253 - - [15/Mar/2023:09:53:58 -0500] "GET /sipse/faces/javax.faces.resource/jquery/jquery-plugins.js?ln=primefaces&v=4.0 HTTP/1.1" 304 -
201.245.192.253 - - [15/Mar/2023:09:53:58 -0500] "GET /sipse/faces/javax.faces.resource/primefaces.js?ln=primefaces&v=4.0 HTTP/1.1" 304 -
201.245.192.253 - - [15/Mar/2023:09:53:58 -0500] "GET /sipse/faces/javax.faces.resource/layout/layout.js?ln=primefaces&v=4.0 HTTP/1.1" 304 -
190.24.99.228 - - [15/Mar/2023:09:53:59 -0500] "GET /sipse/faces/javax.faces.resource/images/ui-bg_flat_0_2d5972_40x100.png?ln=primefaces-aristo HTTP/1.1" 304 -
190.24.99.228 - - [15/Mar/2023:09:53:59 -0500] "POST /sipse/faces/bienvenido.xhtml HTTP/1.1" 200 2658
191.111.36.25 - - [15/Mar/2023:09:54:00 -0500] "POST /sipse/faces/autenticacion.xhtml HTTP/1.1" 200 2220
191.111.36.25 - - [15/Mar/2023:09:54:01 -0500] "GET /sipse/faces/javax.faces.resource/messages/messages.png?ln=primefaces&v=4.0 HTTP/1.1" 304 -
201.245.192.253 - - [15/Mar/2023:09:54:01 -0500] "POST /sipse/faces/bienvenido.xhtml HTTP/1.1" 200 2658
191.111.36.25 - - [15/Mar/2023:09:54:02 -0500] "POST /sipse/faces/autenticacion.xhtml HTTP/1.1" 200 16325
191.111.36.25 - - [15/Mar/2023:09:54:02 -0500] "GET /sipse/faces/javax.faces.resource/theme.css?ln=primefaces-sipse HTTP/1.1" 304 -
191.111.36.25 - - [15/Mar/2023:09:54:02 -0500] "GET /sipse/faces/javax.faces.resource/layout/layout.css?ln=primefaces&v=4.0 HTTP/1.1" 304 -
191.111.36.25 - - [15/Mar/2023:09:54:02 -0500] "GET /sipse/faces/javax.faces.resource/primefaces.css?ln=primefaces&v=4.0 HTTP/1.1" 304 -
191.111.36.25 - - [15/Mar/2023:09:54:02 -0500] "GET /sipse/faces/javax.faces.resource/jquery/jquery.js?ln=primefaces&v=4.0 HTTP/1.1" 304 -
191.111.36.25 - - [15/Mar/2023:09:54:02 -0500] "GET /sipse/faces/javax.faces.resource/jquery/jquery-plugins.js?ln=primefaces&v=4.0 HTTP/1.1" 304 -
191.111.36.25 - - [15/Mar/2023:09:54:02 -0500] "GET /sipse/faces/javax.faces.resource/primefaces.js?ln=primefaces&v=4.0 HTTP/1.1" 304 -
191.111.36.25 - - [15/Mar/2023:09:54:03 -0500] "GET /sipse/faces/javax.faces.resource/layout/layout.js?ln=primefaces&v=4.0 HTTP/1.1" 304 -
191.111.36.25 - - [15/Mar/2023:09:54:03 -0500] "GET /sipse/css/imagen/contrasena.png HTTP/1.1" 404 383
191.111.36.25 - - [15/Mar/2023:09:54:05 -0500] "GET /sipse/faces/javax.faces.resource/images/ui-bg_flat_0_2d5972_40x100.png?ln=primefaces-aristo HTTP/1.1" 304 -
191.111.36.25 - - [15/Mar/2023:09:54:05 -0500] "POST /sipse/faces/bienvenido.xhtml HTTP/1.1" 200 2658
186.30.116.46 - - [15/Mar/2023:09:54:05 -0500] "POST /sipse/faces/presentacion/financiero/solicitudProceso/consultar.xhtml HTTP/1.1" 200 12772
190.24.99.228 - - [15/Mar/2023:09:54:01 -0500] "POST /sipse/faces/bienvenido.xhtml HTTP/1.1" 200 65707
190.24.99.228 - - [15/Mar/2023:09:54:05 -0500] "GET /sipse/faces/javax.faces.resource/layout/layout.css?ln=primefaces&v=4.0 HTTP/1.1" 304 -
190.24.99.228 - - [15/Mar/2023:09:54:05 -0500] "GET /sipse/faces/javax.faces.resource/primefaces.css?ln=primefaces&v=4.0 HTTP/1.1" 304 -
190.24.99.228 - - [15/Mar/2023:09:54:05 -0500] "GET /sipse/faces/javax.faces.resource/theme.css?ln=primefaces-sipse HTTP/1.1" 304 -
190.24.99.228 - - [15/Mar/2023:09:54:06 -0500] "GET /sipse/faces/javax.faces.resource/jquery/jquery.js?ln=primefaces&v=4.0 HTTP/1.1" 304 -
190.24.99.228 - - [15/Mar/2023:09:54:06 -0500] "GET /sipse/faces/javax.faces.resource/jquery/jquery-plugins.js?ln=primefaces&v=4.0 HTTP/1.1" 304 -
190.24.99.228 - - [15/Mar/2023:09:54:06 -0500] "GET /sipse/faces/javax.faces.resource/primefaces.js?ln=primefaces&v=4.0 HTTP/1.1" 304 -
190.24.99.228 - - [15/Mar/2023:09:54:06 -0500] "GET /sipse/faces/javax.faces.resource/layout/layout.js?ln=primefaces&v=4.0 HTTP/1.1" 304 -
191.111.36.25 - - [15/Mar/2023:09:54:06 -0500] "POST /sipse/faces/bienvenido.xhtml HTTP/1.1" 200 184
191.111.36.25 - - [15/Mar/2023:09:54:06 -0500] "GET /sipse/faces/presentacion/financiero/solicitudAnulacion/solicitudAnulacion.xhtml HTTP/1.1" 200 43377
191.111.36.25 - - [15/Mar/2023:09:54:07 -0500] "GET /sipse/faces/javax.faces.resource/theme.css?ln=primefaces-sipse HTTP/1.1" 304 -
191.111.36.25 - - [15/Mar/2023:09:54:07 -0500] "GET /sipse/faces/javax.faces.resource/primefaces.css?ln=primefaces&v=4.0 HTTP/1.1" 304 -
191.111.36.25 - - [15/Mar/2023:09:54:07 -0500] "GET /sipse/faces/javax.faces.resource/primefaces.js?ln=primefaces&v=4.0 HTTP/1.1" 304 -
191.111.36.25 - - [15/Mar/2023:09:54:07 -0500] "GET /sipse/faces/javax.faces.resource/jquery/jquery-plugins.js?ln=primefaces&v=4.0 HTTP/1.1" 304 -
191.111.36.25 - - [15/Mar/2023:09:54:07 -0500] "GET /sipse/faces/javax.faces.resource/jquery/jquery.js?ln=primefaces&v=4.0 HTTP/1.1" 304 -
191.111.36.25 - - [15/Mar/2023:09:54:07 -0500] "GET /sipse/faces/javax.faces.resource/layout/layout.css?ln=primefaces&v=4.0 HTTP/1.1" 304 -
191.111.36.25 - - [15/Mar/2023:09:54:07 -0500] "GET /sipse/faces/javax.faces.resource/layout/layout.js?ln=primefaces&v=4.0 HTTP/1.1" 304 -
201.245.192.253 - - [15/Mar/2023:09:54:02 -0500] "POST /sipse/faces/bienvenido.xhtml HTTP/1.1" 200 65354
201.245.192.253 - - [15/Mar/2023:09:54:08 -0500] "GET /sipse/faces/javax.faces.resource/primefaces.css?ln=primefaces&v=4.0 HTTP/1.1" 304 -
201.245.192.253 - - [15/Mar/2023:09:54:08 -0500] "GET /sipse/faces/javax.faces.resource/theme.css?ln=primefaces-sipse HTTP/1.1" 304 -
201.245.192.253 - - [15/Mar/2023:09:54:08 -0500] "GET /sipse/faces/javax.faces.resource/layout/layout.css?ln=primefaces&v=4.0 HTTP/1.1" 304 -
201.245.192.253 - - [15/Mar/2023:09:54:08 -0500] "GET /sipse/faces/javax.faces.resource/jquery/jquery.js?ln=primefaces&v=4.0 HTTP/1.1" 304 -
201.245.192.253 - - [15/Mar/2023:09:54:08 -0500] "GET /sipse/faces/javax.faces.resource/jquery/jquery-plugins.js?ln=primefaces&v=4.0 HTTP/1.1" 304 -
201.245.192.253 - - [15/Mar/2023:09:54:08 -0500] "GET /sipse/faces/javax.faces.resource/primefaces.js?ln=primefaces&v=4.0 HTTP/1.1" 304 -
201.245.192.253 - - [15/Mar/2023:09:54:08 -0500] "GET /sipse/faces/javax.faces.resource/layout/layout.js?ln=primefaces&v=4.0 HTTP/1.1" 304 -
191.111.36.25 - - [15/Mar/2023:09:54:08 -0500] "POST /sipse/faces/presentacion/financiero/solicitudAnulacion/solicitudAnulacion.xhtml HTTP/1.1" 200 21665
190.24.99.228 - - [15/Mar/2023:09:54:06 -0500] "POST /sipse/faces/presentacion/financiero/solicitudProceso/listarSolicitudProceso.xhtml HTTP/1.1" 200 1560
201.245.192.253 - - [15/Mar/2023:09:54:08 -0500] "POST /sipse/faces/presentacion/financiero/solicitudProceso/listarSolicitudProceso.xhtml HTTP/1.1" 200 1560
186.30.116.46 - - [15/Mar/2023:09:54:12 -0500] "POST /sipse/faces/presentacion/financiero/solicitudProceso/consultar.xhtml HTTP/1.1" 200 12897
191.156.56.128 - - [15/Mar/2023:09:54:15 -0500] "GET /mujeres-que-reverdecen-secretaria-de-ambiente-anuncia-el-inicio-de-la-tercera-fase.html HTTP/1.1" 200 954
167.0.147.95 - - [15/Mar/2023:09:54:16 -0500] "GET /sipsesda/faces/faces/faces/faces/faces/faces/faces/login.jspx HTTP/1.1" 200 7861
167.0.147.95 - - [15/Mar/2023:09:54:17 -0500] "GET /sipsesda/js/disable_browser_buttons.js;jsessionid=ac16012b22b80b92763be5e2462ca2b6efaaa31f62ba.e34Lc3uRbN4Oc40Laxz0 HTTP/1.1" 200 2767
167.0.147.95 - - [15/Mar/2023:09:54:17 -0500] "GET /sipsesda/js/funciones.js;jsessionid=ac16012b22b80b92763be5e2462ca2b6efaaa31f62ba.e34Lc3uRbN4Oc40Laxz0 HTTP/1.1" 200 36377
167.0.147.95 - - [15/Mar/2023:09:54:17 -0500] "GET /sipsesda/adf/jsLibs/Common10_1_3_4_0.js;jsessionid=ac16012b22b80b92763be5e2462ca2b6efaaa31f62ba.e34Lc3uRbN4Oc40Laxz0 HTTP/1.1" 200 132959
167.0.147.95 - - [15/Mar/2023:09:54:17 -0500] "GET /sipsesda/adf/styles/cache/segobdis16-desktop-10_1_3_4_0-gecko.css;jsessionid=ac16012b22b80b92763be5e2462ca2b6efaaa31f62ba.e34Lc3uRbN4Oc40Laxz0 HTTP/1.1" 200 57778
167.0.147.95 - - [15/Mar/2023:09:54:17 -0500] "GET /sipsesda/adf/images/t.gif;jsessionid=ac16012b22b80b92763be5e2462ca2b6efaaa31f62ba.e34Lc3uRbN4Oc40Laxz0 HTTP/1.1" 200 86
167.0.147.95 - - [15/Mar/2023:09:54:17 -0500] "GET /sipsesda/imagenes/encabezado.jpg;jsessionid=ac16012b22b80b92763be5e2462ca2b6efaaa31f62ba.e34Lc3uRbN4Oc40Laxz0 HTTP/1.1" 200 18018
167.0.147.95 - - [15/Mar/2023:09:54:17 -0500] "GET /sipse/faces/autenticacion.xhtml HTTP/1.1" 200 12493
186.102.31.31 - - [15/Mar/2023:09:54:17 -0500] "GET /kwssiamovil/sm/acme/a?s=U2FsdGVkX1/VWb8MIha3DUJcKxNY/tZSSUDWqmkKR6XObjk5NBKHVutOv4KNu9QbcIdVuVFNLXjcEsZG7OvTC7efnAaGm4+0G7q1M9UO4BxJzzEMAA9JOcPWW642L5HesnNc5xlGf9g8SoCj5Bwu9wEewjlXsYddOWlJQ6481ohIfz/IUGo2guMfOuLHWir2RSu+KcBIh0jIg/xxYtav2bCtMjWrnzNUBdS3apOe/ebNvY+sx9NUTrJRWQiq4q5JOAZefpCOUOJZ4BEDNwDOMg==&u=U2FsdGVkX1+7o9eDsxfnv9C2uDi0u5cmrEfpw8LYZUNSlMr+7+tlxSSraVQ83VoX&y=U2FsdGVkX19x23S87IvnvSfPYLKm+rH6veDBH0JeEkXaNh8lSWPN2cLUlozlsp3i HTTP/1.1" 200 26
167.0.147.95 - - [15/Mar/2023:09:54:17 -0500] "GET /sipsesda/faces/faces/faces/faces/faces/faces/faces/faces/index.jsp HTTP/1.1" 200 1477
167.0.147.95 - - [15/Mar/2023:09:54:17 -0500] "GET /sipse/css/custom_css_sg_prime_login.css HTTP/1.1" 200 443
167.0.147.95 - - [15/Mar/2023:09:54:17 -0500] "GET /sipse/css/custom_css_sg.css HTTP/1.1" 200 9694
167.0.147.95 - - [15/Mar/2023:09:54:17 -0500] "GET /sipse/faces/javax.faces.resource/layout/layout.css;jsessionid=Jkon2VxmpLLBk+90JLDPSv53.undefined?ln=primefaces&v=4.0 HTTP/1.1" 200 542
167.0.147.95 - - [15/Mar/2023:09:54:17 -0500] "GET /sipse/faces/javax.faces.resource/jquery/jquery.js;jsessionid=Jkon2VxmpLLBk+90JLDPSv53.undefined?ln=primefaces&v=4.0 HTTP/1.1" 200 105384
167.0.147.95 - - [15/Mar/2023:09:54:17 -0500] "GET /sipse/faces/javax.faces.resource/theme.css?ln=primefaces-sipse HTTP/1.1" 200 50058
167.0.147.95 - - [15/Mar/2023:09:54:17 -0500] "GET /sipse/faces/javax.faces.resource/layout/layout.js;jsessionid=Jkon2VxmpLLBk+90JLDPSv53.undefined?ln=primefaces&v=4.0 HTTP/1.1" 200 87560
167.0.147.95 - - [15/Mar/2023:09:54:17 -0500] "GET /sipse/faces/javax.faces.resource/primefaces.css;jsessionid=Jkon2VxmpLLBk+90JLDPSv53.undefined?ln=primefaces&v=4.0 HTTP/1.1" 200 53295
167.0.147.95 - - [15/Mar/2023:09:54:17 -0500] "GET /sipse/faces/javax.faces.resource/primefaces.js;jsessionid=Jkon2VxmpLLBk+90JLDPSv53.undefined?ln=primefaces&v=4.0 HTTP/1.1" 200 276924
167.0.147.95 - - [15/Mar/2023:09:54:17 -0500] "GET /sipsesda/faces/faces/faces/faces/faces/faces/faces/css/segobdis.css HTTP/1.1" 200 35840
167.0.147.95 - - [15/Mar/2023:09:54:17 -0500] "GET /sipse/faces/javax.faces.resource/jquery/jquery-plugins.js;jsessionid=Jkon2VxmpLLBk+90JLDPSv53.undefined?ln=primefaces&v=4.0 HTTP/1.1" 200 220526
167.0.147.95 - - [15/Mar/2023:09:54:17 -0500] "GET /sipsesda/faces/faces/faces/faces/faces/faces/faces/faces/faces/login.jspx HTTP/1.1" 200 6860
167.0.147.95 - - [15/Mar/2023:09:54:17 -0500] "GET /sipsesda/imagenes/encabezado.jpg HTTP/1.1" 200 18018
186.102.31.31 - - [15/Mar/2023:09:54:17 -0500] "GET /kwssiamovil/sm/acme/a?s=U2FsdGVkX18RVoKqCKN4Z3m8VsKhdxw3Vrg9UTFQwaGI5XDZ6/GnOC+59PQPk86nJG2SC7Y+S+HGDurcglpj+FPUmcfe3sJPsWWQswd2WGuGFyI9oGFvm5DOqk1ORMMhjoDvmuJxNgZ8t8K4yLyHp++lt1fWfdFaYn7UbLMxbAP1/SArGveG7XP5HssCOe1drZqgqtU8Z6aZcUNC+YV8AlGaw9zMiprdwhqObZp0uOxU8W7QDaQkSUG/VPd9sEdmEgdEtzxlq+hTsnrwJIu7zTT5B3VCCRsR48nG69eeCFrJ8vKNNv13XU02wE7r7ZLDYmFRRzrg7Z+RhNkOEedksHT/PSbHBevvsnM8/X47+z9UD+XFgHiRR3UVKe5cABPCN2X+oR0j0sM44KJkpgcGeY1qMv2SaUNSFB3K+MKycSlnGb9uu/2wC0+5n1ke+xob0HZ3vM/DayB7W+dYWTbGrRRO6ymLcWe5Ki+swfa0db4i8oi/1BwsRfVcH9VA+R4wui3KLC3qDrYSpRWgHXbYb/MFoihgcAqBKvHlchzuA43I1FnvL14abh2RUxKZwE+WQ2PD7FJAxitveBE9YedlF5/yZugqnipZBcIoybyb+0rC+ZXEl2D+Ewr3uASD9vlZOnJDwQfg6WUKpxz0O0zSofCisoauhzkHdmSpfWcKvG9VcMbDbHN70fjMNJEVsY6IEDjjs70PmGrKClFpo2TIbZsw+sA4aVi2u01chhXas0lcUXo2ZS6oGgVXT93rZ+6bBW62kvYbRQvn/4Jmpofc2kd1x/zHxokEJ0/6dZEQ2vmQKPZAu1WwjOL63JkP+bn07HtPWZsExHpv3pO/QJYR3tEX8so1oKKXxu/nQIuDILtsHuNvJgBkYtUg3FDCpeaQJ0ePdLpSQZhFlOfscuVJmyPuPNwoTBpHJX5IFdRWP4+Q0gcx0BoQnFcwcT4RN3nbzK66lvkWy51NV0mwOqxoKMMUePx/KARbW0kmB6I9vGEPsrg/X5Fmm5LL3fJohE4r5EF22N5OUsgb93jgOLx+T5JJB34FrOpqaJn6YcOpdas4wLDC/lPx/h20cd7jUVRoT7vT7Qd//0wmdrTmbjFeDYzJFW2knPFIW8MaEqYjGIjyJt/bN+lI3+1XCmgh7fkoYwGdc7eOn41cP2QuQ5+mu6oy4h8Mvn0CKl06w5ANSMhHLKyRkJSHZlXF/POUsmkahkBk28fW5G/yzsoitNQGRTBmGftu6rtogRItGAjXr01HJGVMtQnxuN+mlmYaQTM7ge0o23Ga5KuXe1h2q2C8rbArlRgKGEiQMmA0+9e7nHBqHR7NDyG21y6RGjJw5oru2uWQKb4zqr2v5b4eS0jsficrMl2Wg/qibjpDZzA8kAvBsPxZK1YpZqu0BJMaffFqV6DitbVHq6jVrSV/SArE1p4m4BMpomXWzABlGXEADxYCPE3XnMWinv+8YmpmtSWTrkqdfQl2dRuk6Ey61lMys3uK5Jh1j+vlS+I+zW+/IQTiHQodQ4Wa1B2sV/LzoqQB3uQrIHEhJSNVSwQYsP553fj1CwGGQ6AqYDQJAUEB4BSJvqGd+OmUnXc6FE0euFZYS7FQSEgELIul5XSQ17sGCUyu1EWN2nbHas5txTYSxtMoy0IkuFxSNpyjVTG0fB2tk3QA004siG7zcZAOmak9xDEFsYic8VQC1Px33CFn+TrseXkLDlV0dEMHw77CktlraeKdqD7EpYGRriM8qjNAKVkV9D3myTPM4UdV5q3jCFfRJw4dukzvqXC6QndHLcPF0NrTHz46eTam4Cm6ZQwzKA75nrsI0yhf4tcyNr9aDIoq5O3Jl8DQ79bN1eqd+FtgmK71ttSiIlGHWpb+h24xbPOGWuIrSMzO13k6zwmWbnb3cpvkj/QNsqVdRse2m1W5ei8jdAXlGRh8N86Tj9tTj2mllpGV5vKOBsCd6KKggpQbzoi910CEaE+qzRIWx9TpXfc50+ufhSEA4S7b/sD+361F7xFPGwt98ZOSlompuCGmZ/Md6uJiFh7HBfC6ehFHUBIe3zrESwuKGfmNNRX9hN5KMsi5Kl1+9JkMaoDnR4vN/fbc27IhO87KQjzoCtDVDl9CDn+Nzx85DYKJu+HdTU7XrT4k8QRkAjPZxhUSbEl/45pZv8exHDu5BZwiwe7PQgFOd8XBgWSXWiLzArGpX2JyYY5GPKsufsUxgRgytqvNgetgDiEQNj49Ht8N3FhmDfgkUf5hsjrvj4fkHhDGBDDNN0uLF/JspBHF7PpF86PZ2K/Pj0STHVU22cdeNniSauGaHQ8EZNF/ZeVtOVEByFr/xOhnGCoJuOsX51peZPPuffoni3cUJHsKWZmucfL8hlomNDnsKhVsdzpgNI1IaNX5HCUpPIje71NLLB7UplD/EhpmT7+cfhcjZrzBEjxC0CK1oqbedyXMjbeRhyUIFdUoxIenSVu9OW5ai+/L8H509c0GBl2fV88micCQHp9LTAR60wCm65qmZR7r4Me0sDMindzcCyN27CGT2/7pZS3aNEzSQ3nWKb4YYOfP9LwEsgZa5KE4sCFLXesjfzPyefiIPeiJiJMSp9sSTPLN6h4=&u=U2FsdGVkX1+7o9eDsxfnv9C2uDi0u5cmrEfpw8LYZUNSlMr+7+tlxSSraVQ83VoX&y=U2FsdGVkX19x23S87IvnvSfPYLKm+rH6veDBH0JeEkXaNh8lSWPN2cLUlozlsp3i HTTP/1.1" 200 26
167.0.147.95 - - [15/Mar/2023:09:54:17 -0500] "GET /sipsesda/adf/styles/cache/segobdis16-desktop-10_1_3_4_0-gecko.css HTTP/1.1" 200 57778
167.0.147.95 - - [15/Mar/2023:09:54:17 -0500] "GET /sipsesda/adf/images/t.gif HTTP/1.1" 200 86
167.0.147.95 - - [15/Mar/2023:09:54:18 -0500] "GET /favicon.ico HTTP/1.1" 200 7782
186.102.31.31 - - [15/Mar/2023:09:54:18 -0500] "GET /kwssiamovil/sm/acme/a?s=U2FsdGVkX197ZG78ploEg1y6IFPPHXP4Ks3+ic2jisP2bapfcAjKtGWhRhUrqpNxNy/5ODTdQx9uLjGUHYdQoQWOrhYtx5qRF6gweQzZPwEVWf1xPexJGYhVVnekd8Yz+5clFtVBHEqdFDVPur82PdzAP/amlEJQmmL4NeEYstc=&u=U2FsdGVkX1+7o9eDsxfnv9C2uDi0u5cmrEfpw8LYZUNSlMr+7+tlxSSraVQ83VoX&y=U2FsdGVkX19x23S87IvnvSfPYLKm+rH6veDBH0JeEkXaNh8lSWPN2cLUlozlsp3i HTTP/1.1" 200 26
186.102.31.31 - - [15/Mar/2023:09:54:18 -0500] "GET /kwssiamovil/sm/acme/a?s=U2FsdGVkX19gqSRqVUZsNcHcv4yetxd07AowbzpyS0dE1/ZABCyCfjL+F8mGf45NZWxKYJZoU00o6JhVyGFBG2iT57peOLoIBLJrnHMAT7Zcgz7STVZIWbFBAtDlBvQV4AFLk2JjaNvK3bK6UyeJYSALurRs7Q5HVmuaUzpJUMY=&u=U2FsdGVkX1+7o9eDsxfnv9C2uDi0u5cmrEfpw8LYZUNSlMr+7+tlxSSraVQ83VoX&y=U2FsdGVkX19x23S87IvnvSfPYLKm+rH6veDBH0JeEkXaNh8lSWPN2cLUlozlsp3i HTTP/1.1" 200 26
167.0.147.95 - - [15/Mar/2023:09:54:18 -0500] "GET /sipse/faces/javax.faces.resource/images/ui-icons_898989_256x240.png?ln=primefaces-aristo HTTP/1.1" 200 5355
167.0.147.95 - - [15/Mar/2023:09:54:18 -0500] "GET /sipse/css/imagen/logoSDG.png HTTP/1.1" 200 53064
167.0.147.95 - - [15/Mar/2023:09:54:18 -0500] "GET /sipse/css/imagen/loginimg.png HTTP/1.1" 200 71635
186.102.31.31 - - [15/Mar/2023:09:54:18 -0500] "GET /kwssiamovil/sm/acme/a?s=U2FsdGVkX195E3Sxm02oGXt2mpf5sZl6lBPLWMwFLjsNL9g0/cnWXOiZVHhAfJ+GVsjVfOwL+U2rAEs5ERV5tqRIAL0pl+HLX8YKEG2FqFJ8xxdT9vnLHuEwjBCKUHBffZP3iKQk5JAVOkRYVzbHKul21tMbc+B818UgFwjlaHQ=&u=U2FsdGVkX1+7o9eDsxfnv9C2uDi0u5cmrEfpw8LYZUNSlMr+7+tlxSSraVQ83VoX&y=U2FsdGVkX19x23S87IvnvSfPYLKm+rH6veDBH0JeEkXaNh8lSWPN2cLUlozlsp3i HTTP/1.1" 200 26
167.0.147.95 - - [15/Mar/2023:09:54:18 -0500] "GET /sipse/faces/index.xhtml HTTP/1.1" 200 677
167.0.147.95 - - [15/Mar/2023:09:54:18 -0500] "GET /sipse/faces/javax.faces.resource/theme.css?ln=primefaces-sipse HTTP/1.1" 304 -
167.0.147.95 - - [15/Mar/2023:09:54:19 -0500] "GET /sipse/faces/faces/autenticacion.xhtml HTTP/1.1" 200 12171
186.102.31.31 - - [15/Mar/2023:09:54:19 -0500] "GET /kwssiamovil/sm/acme/a?s=U2FsdGVkX1/Ej0ZDcDsHUxK7KaPBNuiG4v3xlcXAe0vUsXRXjh+2dXThhJ2Kz8JDy5rNqZPYNmYnzYK7WQqFLSPdoORYfErneQdwbUjjLiQbQcXqQCMbz9PlTzOj9O7OnJqFJx9YoyteHndxV9UFgoVGKivhzsWICqBTJe37RsAEXs18qxo6dEj8NcOYQ3ACeuxCwsEl8dTtxy3ZGIAePg==&u=U2FsdGVkX1+7o9eDsxfnv9C2uDi0u5cmrEfpw8LYZUNSlMr+7+tlxSSraVQ83VoX&y=U2FsdGVkX19x23S87IvnvSfPYLKm+rH6veDBH0JeEkXaNh8lSWPN2cLUlozlsp3i HTTP/1.1" 200 26
167.0.147.95 - - [15/Mar/2023:09:54:19 -0500] "GET /sipse/faces/javax.faces.resource/theme.css?ln=primefaces-sipse HTTP/1.1" 304 -
167.0.147.95 - - [15/Mar/2023:09:54:19 -0500] "GET /sipse/faces/javax.faces.resource/layout/layout.css?ln=primefaces&v=4.0 HTTP/1.1" 200 542
167.0.147.95 - - [15/Mar/2023:09:54:19 -0500] "GET /sipse/faces/javax.faces.resource/primefaces.css?ln=primefaces&v=4.0 HTTP/1.1" 200 53295
167.0.147.95 - - [15/Mar/2023:09:54:19 -0500] "GET /sipse/faces/javax.faces.resource/jquery/jquery-plugins.js?ln=primefaces&v=4.0 HTTP/1.1" 304 -
167.0.147.95 - - [15/Mar/2023:09:54:19 -0500] "GET /sipse/faces/javax.faces.resource/jquery/jquery.js?ln=primefaces&v=4.0 HTTP/1.1" 304 -
167.0.147.95 - - [15/Mar/2023:09:54:19 -0500] "GET /sipse/faces/javax.faces.resource/primefaces.js?ln=primefaces&v=4.0 HTTP/1.1" 304 -
167.0.147.95 - - [15/Mar/2023:09:54:19 -0500] "GET /sipse/faces/javax.faces.resource/layout/layout.js?ln=primefaces&v=4.0 HTTP/1.1" 304 -
186.30.116.46 - - [15/Mar/2023:09:54:20 -0500] "POST /sipse/faces/presentacion/financiero/solicitudProceso/consultar.xhtml HTTP/1.1" 200 12871
167.0.147.95 - - [15/Mar/2023:09:54:20 -0500] "GET /sipse/faces/javax.faces.resource/images/ui-icons_898989_256x240.png?ln=primefaces-aristo HTTP/1.1" 304 -
167.0.147.95 - - [15/Mar/2023:09:54:23 -0500] "POST /sipse/faces/autenticacion.xhtml HTTP/1.1" 200 11654
167.0.147.95 - - [15/Mar/2023:09:54:23 -0500] "GET /sipse/faces/javax.faces.resource/jquery/jquery.js?ln=primefaces&v=4.0 HTTP/1.1" 304 -
167.0.147.95 - - [15/Mar/2023:09:54:23 -0500] "GET /sipse/css/custom_css_sg_prime.css HTTP/1.1" 200 5201
167.0.147.95 - - [15/Mar/2023:09:54:23 -0500] "GET /sipse/faces/javax.faces.resource/jquery/jquery-plugins.js?ln=primefaces&v=4.0 HTTP/1.1" 304 -
167.0.147.95 - - [15/Mar/2023:09:54:23 -0500] "GET /sipse/faces/javax.faces.resource/primefaces.js?ln=primefaces&v=4.0 HTTP/1.1" 304 -
167.0.147.95 - - [15/Mar/2023:09:54:24 -0500] "GET /sipse/faces/javax.faces.resource/layout/layout.js?ln=primefaces&v=4.0 HTTP/1.1" 304 -
167.0.147.95 - - [15/Mar/2023:09:54:24 -0500] "GET /sipse/faces/javax.faces.resource/messages/messages.png?ln=primefaces&v=4.0 HTTP/1.1" 200 27209
201.245.192.253 - - [15/Mar/2023:09:54:24 -0500] "POST /sipse/faces/presentacion/financiero/solicitudProceso/consultarSolicitudProceso.xhtml HTTP/1.1" 200 37096
201.245.192.253 - - [15/Mar/2023:09:54:24 -0500] "GET /sipse/faces/javax.faces.resource/theme.css?ln=primefaces-sipse HTTP/1.1" 304 -
201.245.192.253 - - [15/Mar/2023:09:54:24 -0500] "GET /sipse/faces/javax.faces.resource/primefaces.css?ln=primefaces&v=4.0 HTTP/1.1" 304 -
201.245.192.253 - - [15/Mar/2023:09:54:24 -0500] "GET /sipse/faces/javax.faces.resource/layout/layout.css?ln=primefaces&v=4.0 HTTP/1.1" 304 -
201.245.192.253 - - [15/Mar/2023:09:54:24 -0500] "GET /sipse/faces/javax.faces.resource/jquery/jquery.js?ln=primefaces&v=4.0 HTTP/1.1" 304 -
201.245.192.253 - - [15/Mar/2023:09:54:24 -0500] "GET /sipse/faces/javax.faces.resource/jquery/jquery-plugins.js?ln=primefaces&v=4.0 HTTP/1.1" 304 -
201.245.192.253 - - [15/Mar/2023:09:54:24 -0500] "GET /sipse/faces/javax.faces.resource/primefaces.js?ln=primefaces&v=4.0 HTTP/1.1" 304 -
201.245.192.253 - - [15/Mar/2023:09:54:24 -0500] "GET /sipse/faces/javax.faces.resource/layout/layout.js?ln=primefaces&v=4.0 HTTP/1.1" 304 -
201.245.192.253 - - [15/Mar/2023:09:54:24 -0500] "POST /sipse/faces/presentacion/financiero/solicitudProceso/listarSolicitudProceso.xhtml HTTP/1.1" 200 30439
201.245.192.253 - - [15/Mar/2023:09:54:25 -0500] "POST /sipse/faces/presentacion/financiero/solicitudProceso/listarSolicitudProceso.xhtml HTTP/1.1" 200 30439
167.0.147.95 - - [15/Mar/2023:09:54:25 -0500] "POST /sipse/faces/presentacion/sistema/seguridad/seleccionRol.xhtml HTTP/1.1" 200 6085
167.0.147.95 - - [15/Mar/2023:09:54:26 -0500] "POST /sipse/faces/presentacion/sistema/seguridad/seleccionRol.xhtml HTTP/1.1" 200 18730
167.0.147.95 - - [15/Mar/2023:09:54:26 -0500] "GET /sipse/faces/javax.faces.resource/jquery/jquery.js?ln=primefaces&v=4.0 HTTP/1.1" 304 -
167.0.147.95 - - [15/Mar/2023:09:54:26 -0500] "GET /sipse/faces/javax.faces.resource/jquery/jquery-plugins.js?ln=primefaces&v=4.0 HTTP/1.1" 304 -
167.0.147.95 - - [15/Mar/2023:09:54:26 -0500] "GET /sipse/faces/javax.faces.resource/primefaces.js?ln=primefaces&v=4.0 HTTP/1.1" 304 -
167.0.147.95 - - [15/Mar/2023:09:54:26 -0500] "GET /sipse/faces/javax.faces.resource/layout/layout.js?ln=primefaces&v=4.0 HTTP/1.1" 304 -
167.0.147.95 - - [15/Mar/2023:09:54:26 -0500] "GET /sipse/css/imagen/contrasena.png HTTP/1.1" 404 383
167.0.147.95 - - [15/Mar/2023:09:54:26 -0500] "GET /sipse/imagenes/cargando.gif HTTP/1.1" 200 36959
167.0.147.95 - - [15/Mar/2023:09:54:26 -0500] "GET /sipse/imagenes/logoAplicacion.jpg HTTP/1.1" 200 155084
186.30.116.46 - - [15/Mar/2023:09:54:27 -0500] "POST /sipse/faces/presentacion/financiero/solicitudProceso/consultar.xhtml HTTP/1.1" 200 12806
167.0.147.95 - - [15/Mar/2023:09:54:27 -0500] "GET /sipse/faces/javax.faces.resource/images/ui-bg_flat_0_2d5972_40x100.png?ln=primefaces-aristo HTTP/1.1" 200 183
167.0.147.95 - - [15/Mar/2023:09:54:27 -0500] "POST /sipse/faces/bienvenido.xhtml HTTP/1.1" 200 3887
201.245.192.253 - - [15/Mar/2023:09:54:25 -0500] "POST /sipse/faces/presentacion/financiero/solicitudProceso/listarSolicitudProceso.xhtml HTTP/1.1" 200 1396
167.0.147.95 - - [15/Mar/2023:09:54:28 -0500] "POST /sipse/faces/bienvenido.xhtml HTTP/1.1" 200 43269
167.0.147.95 - - [15/Mar/2023:09:54:28 -0500] "GET /sipse/faces/javax.faces.resource/jquery/jquery.js?ln=primefaces&v=4.0 HTTP/1.1" 304 -
167.0.147.95 - - [15/Mar/2023:09:54:28 -0500] "GET /sipse/faces/javax.faces.resource/jquery/jquery-plugins.js?ln=primefaces&v=4.0 HTTP/1.1" 304 -
167.0.147.95 - - [15/Mar/2023:09:54:28 -0500] "GET /sipse/faces/javax.faces.resource/primefaces.js?ln=primefaces&v=4.0 HTTP/1.1" 304 -
167.0.147.95 - - [15/Mar/2023:09:54:28 -0500] "GET /sipse/faces/javax.faces.resource/layout/layout.js?ln=primefaces&v=4.0 HTTP/1.1" 304 -
201.245.192.253 - - [15/Mar/2023:09:54:28 -0500] "POST /sipse/faces/presentacion/financiero/solicitudProceso/listarSolicitudProceso.xhtml HTTP/1.1" 200 1392
167.0.147.95 - - [15/Mar/2023:09:54:32 -0500] "POST /sipse/faces/presentacion/financiero/solicitudProceso/consultar.xhtml HTTP/1.1" 200 12957
201.245.192.253 - - [15/Mar/2023:09:54:30 -0500] "POST /sipse/faces/presentacion/financiero/solicitudProceso/listarSolicitudProceso.xhtml HTTP/1.1" 200 1400
186.30.116.46 - - [15/Mar/2023:09:54:35 -0500] "POST /sipse/faces/presentacion/financiero/solicitudProceso/consultar.xhtml HTTP/1.1" 200 12852
190.24.99.228 - - [15/Mar/2023:09:54:41 -0500] "POST /sipse/faces/presentacion/financiero/solicitudProceso/listarSolicitudProceso.xhtml HTTP/1.1" 200 17260
186.30.116.46 - - [15/Mar/2023:09:54:42 -0500] "POST /sipse/faces/presentacion/financiero/solicitudProceso/consultar.xhtml HTTP/1.1" 200 12875
190.24.99.228 - - [15/Mar/2023:09:54:45 -0500] "POST /sipse/faces/presentacion/financiero/solicitudProceso/listarSolicitudProceso.xhtml HTTP/1.1" 200 139923
190.24.99.228 - - [15/Mar/2023:09:54:46 -0500] "GET /sipse/faces/javax.faces.resource/theme.css?ln=primefaces-sipse HTTP/1.1" 304 -
190.24.99.228 - - [15/Mar/2023:09:54:46 -0500] "GET /sipse/faces/javax.faces.resource/primefaces.css?ln=primefaces&v=4.0 HTTP/1.1" 304 -
190.24.99.228 - - [15/Mar/2023:09:54:46 -0500] "GET /sipse/faces/javax.faces.resource/layout/layout.css?ln=primefaces&v=4.0 HTTP/1.1" 304 -
190.24.99.228 - - [15/Mar/2023:09:54:46 -0500] "GET /sipse/faces/javax.faces.resource/jquery/jquery.js?ln=primefaces&v=4.0 HTTP/1.1" 304 -
190.24.99.228 - - [15/Mar/2023:09:54:46 -0500] "GET /sipse/faces/javax.faces.resource/jquery/jquery-plugins.js?ln=primefaces&v=4.0 HTTP/1.1" 304 -
190.24.99.228 - - [15/Mar/2023:09:54:46 -0500] "GET /sipse/faces/javax.faces.resource/primefaces.js?ln=primefaces&v=4.0 HTTP/1.1" 304 -
190.24.99.228 - - [15/Mar/2023:09:54:46 -0500] "GET /sipse/faces/javax.faces.resource/layout/layout.js?ln=primefaces&v=4.0 HTTP/1.1" 304 -
190.60.254.239 - - [15/Mar/2023:09:54:53 -0500] "GET /mujeres-que-reverdecen-secretaria-de-ambiente-anuncia-el-inicio-de-la-tercera-fase.html HTTP/1.1" 200 954
201.245.192.253 - - [15/Mar/2023:09:54:54 -0500] "POST /sipse/faces/presentacion/financiero/solicitudProceso/listarSolicitudProceso.xhtml HTTP/1.1" 200 17196
172.22.2.4 - - [15/Mar/2023:09:54:55 -0500] "GET /BLA/boletinlegal/Circulares/2011/Circular%20No.%202%20del%2031%20de%20Mayo%20de%202011.pdf HTTP/1.1" 200 496778
172.22.2.4 - - [15/Mar/2023:09:54:55 -0500] "GET /BLA/boletinlegal/favicon.ico HTTP/1.1" 404 1486
201.245.192.253 - - [15/Mar/2023:09:54:56 -0500] "POST /sipse/faces/presentacion/financiero/solicitudProceso/listarSolicitudProceso.xhtml HTTP/1.1" 200 151489
201.245.192.253 - - [15/Mar/2023:09:54:58 -0500] "GET /sipse/faces/javax.faces.resource/theme.css?ln=primefaces-sipse HTTP/1.1" 304 -
201.245.192.253 - - [15/Mar/2023:09:54:58 -0500] "GET /sipse/faces/javax.faces.resource/primefaces.css?ln=primefaces&v=4.0 HTTP/1.1" 304 -
201.245.192.253 - - [15/Mar/2023:09:54:58 -0500] "GET /sipse/faces/javax.faces.resource/layout/layout.css?ln=primefaces&v=4.0 HTTP/1.1" 304 -
201.245.192.253 - - [15/Mar/2023:09:54:58 -0500] "GET /sipse/faces/javax.faces.resource/jquery/jquery.js?ln=primefaces&v=4.0 HTTP/1.1" 304 -
201.245.192.253 - - [15/Mar/2023:09:54:58 -0500] "GET /sipse/faces/javax.faces.resource/jquery/jquery-plugins.js?ln=primefaces&v=4.0 HTTP/1.1" 304 -
201.245.192.253 - - [15/Mar/2023:09:54:58 -0500] "GET /sipse/faces/javax.faces.resource/primefaces.js?ln=primefaces&v=4.0 HTTP/1.1" 304 -
201.245.192.253 - - [15/Mar/2023:09:54:58 -0500] "GET /sipse/faces/javax.faces.resource/layout/layout.js?ln=primefaces&v=4.0 HTTP/1.1" 304 -
190.24.99.228 - - [15/Mar/2023:09:54:58 -0500] "POST /sipse/faces/presentacion/financiero/solicitudProceso/consultarSolicitudProceso.xhtml HTTP/1.1" 200 37493
190.24.99.228 - - [15/Mar/2023:09:54:59 -0500] "GET /sipse/faces/javax.faces.resource/theme.css?ln=primefaces-sipse HTTP/1.1" 304 -
190.24.99.228 - - [15/Mar/2023:09:54:59 -0500] "GET /sipse/faces/javax.faces.resource/layout/layout.css?ln=primefaces&v=4.0 HTTP/1.1" 304 -
190.24.99.228 - - [15/Mar/2023:09:54:59 -0500] "GET /sipse/faces/javax.faces.resource/primefaces.css?ln=primefaces&v=4.0 HTTP/1.1" 304 -
190.24.99.228 - - [15/Mar/2023:09:54:59 -0500] "GET /sipse/faces/javax.faces.resource/jquery/jquery.js?ln=primefaces&v=4.0 HTTP/1.1" 304 -
190.24.99.228 - - [15/Mar/2023:09:54:59 -0500] "GET /sipse/faces/javax.faces.resource/jquery/jquery-plugins.js?ln=primefaces&v=4.0 HTTP/1.1" 304 -
190.24.99.228 - - [15/Mar/2023:09:54:59 -0500] "GET /sipse/faces/javax.faces.resource/primefaces.js?ln=primefaces&v=4.0 HTTP/1.1" 304 -
190.24.99.228 - - [15/Mar/2023:09:54:59 -0500] "GET /sipse/faces/javax.faces.resource/layout/layout.js?ln=primefaces&v=4.0 HTTP/1.1" 304 -
190.24.99.228 - - [15/Mar/2023:09:54:59 -0500] "POST /sipse/faces/presentacion/financiero/solicitudProceso/listarSolicitudProceso.xhtml HTTP/1.1" 200 30812
190.24.99.228 - - [15/Mar/2023:09:55:00 -0500] "POST /sipse/faces/presentacion/financiero/solicitudProceso/listarSolicitudProceso.xhtml HTTP/1.1" 200 30812
190.24.99.228 - - [15/Mar/2023:09:55:00 -0500] "POST /sipse/faces/presentacion/financiero/solicitudProceso/listarSolicitudProceso.xhtml HTTP/1.1" 200 1396
190.24.99.228 - - [15/Mar/2023:09:55:02 -0500] "POST /sipse/faces/presentacion/financiero/solicitudProceso/listarSolicitudProceso.xhtml HTTP/1.1" 200 1392
190.24.99.228 - - [15/Mar/2023:09:55:05 -0500] "POST /sipse/faces/presentacion/financiero/solicitudProceso/listarSolicitudProceso.xhtml HTTP/1.1" 200 1400
186.30.116.46 - - [15/Mar/2023:09:55:07 -0500] "POST /sipse/faces/presentacion/financiero/solicitudProceso/consultar.xhtml HTTP/1.1" 200 12789
190.24.99.228 - - [15/Mar/2023:09:55:08 -0500] "POST /sipse/faces/presentacion/financiero/solicitudProceso/listarSolicitudProceso.xhtml HTTP/1.1" 200 17260
181.56.101.216 - - [15/Mar/2023:09:55:11 -0500] "GET /mujeres-que-reverdecen-secretaria-de-ambiente-anuncia-el-inicio-de-la-tercera-fase.html HTTP/1.1" 200 954
186.154.19.87 - - [15/Mar/2023:09:55:11 -0500] "GET /mujeres-que-reverdecen-secretaria-de-ambiente-anuncia-el-inicio-de-la-tercera-fase.html HTTP/1.1" 200 954
190.24.99.228 - - [15/Mar/2023:09:55:12 -0500] "POST /sipse/faces/presentacion/financiero/solicitudProceso/listarSolicitudProceso.xhtml HTTP/1.1" 200 139909
190.24.99.228 - - [15/Mar/2023:09:55:13 -0500] "GET /sipse/faces/javax.faces.resource/primefaces.css?ln=primefaces&v=4.0 HTTP/1.1" 304 -
190.24.99.228 - - [15/Mar/2023:09:55:13 -0500] "GET /sipse/faces/javax.faces.resource/layout/layout.css?ln=primefaces&v=4.0 HTTP/1.1" 304 -
190.24.99.228 - - [15/Mar/2023:09:55:13 -0500] "GET /sipse/faces/javax.faces.resource/theme.css?ln=primefaces-sipse HTTP/1.1" 304 -
190.24.99.228 - - [15/Mar/2023:09:55:13 -0500] "GET /sipse/faces/javax.faces.resource/jquery/jquery.js?ln=primefaces&v=4.0 HTTP/1.1" 304 -
190.24.99.228 - - [15/Mar/2023:09:55:13 -0500] "GET /sipse/faces/javax.faces.resource/jquery/jquery-plugins.js?ln=primefaces&v=4.0 HTTP/1.1" 304 -
190.24.99.228 - - [15/Mar/2023:09:55:13 -0500] "GET /sipse/faces/javax.faces.resource/primefaces.js?ln=primefaces&v=4.0 HTTP/1.1" 304 -
190.24.99.228 - - [15/Mar/2023:09:55:13 -0500] "GET /sipse/faces/javax.faces.resource/layout/layout.js?ln=primefaces&v=4.0 HTTP/1.1" 304 -
186.30.116.46 - - [15/Mar/2023:09:55:14 -0500] "POST /sipse/faces/presentacion/financiero/solicitudProceso/consultar.xhtml HTTP/1.1" 200 12846
191.156.57.128 - - [15/Mar/2023:09:55:19 -0500] "GET /mujeres-que-reverdecen-secretaria-de-ambiente-anuncia-el-inicio-de-la-tercera-fase.html HTTP/1.1" 200 954
191.156.236.99 - - [15/Mar/2023:09:55:21 -0500] "GET /sipse/faces/javax.faces.resource/images/ui-bg_flat_0_2d5972_40x100.png?ln=primefaces-aristo HTTP/1.1" 304 -
191.156.236.99 - - [15/Mar/2023:09:55:21 -0500] "POST /sipse/faces/bienvenido.xhtml HTTP/1.1" 302 -
191.156.236.99 - - [15/Mar/2023:09:55:21 -0500] "GET /sipse/faces/autenticacion.xhtml HTTP/1.1" 200 1091
186.30.116.46 - - [15/Mar/2023:09:55:21 -0500] "POST /sipse/faces/presentacion/financiero/solicitudProceso/consultar.xhtml HTTP/1.1" 200 12947
190.24.99.228 - - [15/Mar/2023:09:55:21 -0500] "POST /sipse/faces/presentacion/financiero/solicitudProceso/consultarSolicitudProceso.xhtml HTTP/1.1" 200 35088
190.24.99.228 - - [15/Mar/2023:09:55:22 -0500] "GET /sipse/faces/javax.faces.resource/theme.css?ln=primefaces-sipse HTTP/1.1" 304 -
190.24.99.228 - - [15/Mar/2023:09:55:22 -0500] "GET /sipse/faces/javax.faces.resource/layout/layout.css?ln=primefaces&v=4.0 HTTP/1.1" 304 -
190.24.99.228 - - [15/Mar/2023:09:55:22 -0500] "GET /sipse/faces/javax.faces.resource/primefaces.css?ln=primefaces&v=4.0 HTTP/1.1" 304 -
190.24.99.228 - - [15/Mar/2023:09:55:22 -0500] "GET /sipse/faces/javax.faces.resource/jquery/jquery-plugins.js?ln=primefaces&v=4.0 HTTP/1.1" 304 -
190.24.99.228 - - [15/Mar/2023:09:55:22 -0500] "GET /sipse/faces/javax.faces.resource/primefaces.js?ln=primefaces&v=4.0 HTTP/1.1" 304 -
190.24.99.228 - - [15/Mar/2023:09:55:22 -0500] "GET /sipse/faces/javax.faces.resource/jquery/jquery.js?ln=primefaces&v=4.0 HTTP/1.1" 304 -
190.24.99.228 - - [15/Mar/2023:09:55:22 -0500] "GET /sipse/faces/javax.faces.resource/layout/layout.js?ln=primefaces&v=4.0 HTTP/1.1" 304 -
190.24.99.228 - - [15/Mar/2023:09:55:22 -0500] "GET /sipse/css/imagen/contrasena.png HTTP/1.1" 404 383
190.24.99.228 - - [15/Mar/2023:09:55:22 -0500] "GET /sipse/faces/javax.faces.resource/images/ui-icons_898989_256x240.png?ln=primefaces-aristo HTTP/1.1" 304 -
191.156.236.99 - - [15/Mar/2023:09:55:22 -0500] "POST /sipse/faces/bienvenido.xhtml HTTP/1.1" 302 -
191.156.236.99 - - [15/Mar/2023:09:55:22 -0500] "GET /sipse/faces/autenticacion.xhtml HTTP/1.1" 200 1091
186.30.116.46 - - [15/Mar/2023:09:55:28 -0500] "POST /sipse/faces/presentacion/financiero/solicitudProceso/consultar.xhtml HTTP/1.1" 200 12925
201.245.192.253 - - [15/Mar/2023:09:55:28 -0500] "POST /sipse/faces/presentacion/financiero/solicitudProceso/consultarSolicitudProceso.xhtml HTTP/1.1" 200 37021
201.245.192.253 - - [15/Mar/2023:09:55:28 -0500] "GET /sipse/faces/javax.faces.resource/theme.css?ln=primefaces-sipse HTTP/1.1" 304 -
201.245.192.253 - - [15/Mar/2023:09:55:28 -0500] "GET /sipse/faces/javax.faces.resource/primefaces.css?ln=primefaces&v=4.0 HTTP/1.1" 304 -
201.245.192.253 - - [15/Mar/2023:09:55:28 -0500] "GET /sipse/faces/javax.faces.resource/layout/layout.css?ln=primefaces&v=4.0 HTTP/1.1" 304 -
201.245.192.253 - - [15/Mar/2023:09:55:28 -0500] "GET /sipse/faces/javax.faces.resource/jquery/jquery.js?ln=primefaces&v=4.0 HTTP/1.1" 304 -
201.245.192.253 - - [15/Mar/2023:09:55:28 -0500] "GET /sipse/faces/javax.faces.resource/jquery/jquery-plugins.js?ln=primefaces&v=4.0 HTTP/1.1" 304 -
201.245.192.253 - - [15/Mar/2023:09:55:28 -0500] "GET /sipse/faces/javax.faces.resource/primefaces.js?ln=primefaces&v=4.0 HTTP/1.1" 304 -
201.245.192.253 - - [15/Mar/2023:09:55:28 -0500] "GET /sipse/faces/javax.faces.resource/layout/layout.js?ln=primefaces&v=4.0 HTTP/1.1" 304 -
201.245.192.253 - - [15/Mar/2023:09:55:28 -0500] "POST /sipse/faces/presentacion/financiero/solicitudProceso/listarSolicitudProceso.xhtml HTTP/1.1" 200 30364
201.245.192.253 - - [15/Mar/2023:09:55:29 -0500] "POST /sipse/faces/presentacion/financiero/solicitudProceso/listarSolicitudProceso.xhtml HTTP/1.1" 200 30364
201.245.192.253 - - [15/Mar/2023:09:55:30 -0500] "POST /sipse/faces/presentacion/financiero/solicitudProceso/listarSolicitudProceso.xhtml HTTP/1.1" 200 30364
201.245.192.253 - - [15/Mar/2023:09:55:30 -0500] "POST /sipse/faces/presentacion/financiero/solicitudProceso/listarSolicitudProceso.xhtml HTTP/1.1" 200 30364
191.156.236.99 - - [15/Mar/2023:09:55:31 -0500] "GET /sipse/faces/faces/index.xhtml HTTP/1.1" 200 677
191.156.236.99 - - [15/Mar/2023:09:55:31 -0500] "GET /sipse/faces/javax.faces.resource/theme.css?ln=primefaces-sipse HTTP/1.1" 304 -
191.156.236.99 - - [15/Mar/2023:09:55:31 -0500] "GET /sipse/faces/faces/faces/autenticacion.xhtml HTTP/1.1" 200 12171
191.156.236.99 - - [15/Mar/2023:09:55:32 -0500] "GET /sipse/faces/javax.faces.resource/theme.css?ln=primefaces-sipse HTTP/1.1" 304 -
191.156.236.99 - - [15/Mar/2023:09:55:32 -0500] "GET /sipse/faces/javax.faces.resource/jquery/jquery.js?ln=primefaces&v=4.0 HTTP/1.1" 304 -
191.156.236.99 - - [15/Mar/2023:09:55:32 -0500] "GET /sipse/faces/javax.faces.resource/jquery/jquery-plugins.js?ln=primefaces&v=4.0 HTTP/1.1" 304 -
191.156.236.99 - - [15/Mar/2023:09:55:32 -0500] "GET /sipse/faces/javax.faces.resource/layout/layout.js?ln=primefaces&v=4.0 HTTP/1.1" 304 -
191.156.236.99 - - [15/Mar/2023:09:55:32 -0500] "GET /sipse/faces/javax.faces.resource/layout/layout.css?ln=primefaces&v=4.0 HTTP/1.1" 304 -
191.156.236.99 - - [15/Mar/2023:09:55:32 -0500] "GET /sipse/faces/javax.faces.resource/primefaces.css?ln=primefaces&v=4.0 HTTP/1.1" 304 -
191.156.236.99 - - [15/Mar/2023:09:55:32 -0500] "GET /sipse/faces/javax.faces.resource/primefaces.js?ln=primefaces&v=4.0 HTTP/1.1" 304 -
191.156.236.99 - - [15/Mar/2023:09:55:32 -0500] "GET /sipse/faces/javax.faces.resource/images/ui-icons_898989_256x240.png?ln=primefaces-aristo HTTP/1.1" 304 -
201.245.192.253 - - [15/Mar/2023:09:55:31 -0500] "POST /sipse/faces/presentacion/financiero/solicitudProceso/consultarSolicitudProceso.xhtml HTTP/1.1" 200 42224
201.245.192.253 - - [15/Mar/2023:09:55:32 -0500] "GET /sipse/faces/javax.faces.resource/theme.css?ln=primefaces-sipse HTTP/1.1" 304 -
201.245.192.253 - - [15/Mar/2023:09:55:32 -0500] "GET /sipse/faces/javax.faces.resource/jquery/jquery.js?ln=primefaces&v=4.0 HTTP/1.1" 304 -
201.245.192.253 - - [15/Mar/2023:09:55:32 -0500] "GET /sipse/faces/javax.faces.resource/primefaces.css?ln=primefaces&v=4.0 HTTP/1.1" 304 -
201.245.192.253 - - [15/Mar/2023:09:55:32 -0500] "GET /sipse/faces/javax.faces.resource/layout/layout.css?ln=primefaces&v=4.0 HTTP/1.1" 304 -
191.111.36.25 - - [15/Mar/2023:09:55:31 -0500] "POST /sipse/faces/presentacion/financiero/solicitudAnulacion/solicitudAnulacion.xhtml HTTP/1.1" 200 51022
201.245.192.253 - - [15/Mar/2023:09:55:32 -0500] "GET /sipse/faces/javax.faces.resource/jquery/jquery-plugins.js?ln=primefaces&v=4.0 HTTP/1.1" 304 -
201.245.192.253 - - [15/Mar/2023:09:55:32 -0500] "GET /sipse/faces/javax.faces.resource/primefaces.js?ln=primefaces&v=4.0 HTTP/1.1" 304 -
191.111.36.25 - - [15/Mar/2023:09:55:32 -0500] "GET /sipse/faces/javax.faces.resource/theme.css?ln=primefaces-sipse HTTP/1.1" 304 -
201.245.192.253 - - [15/Mar/2023:09:55:32 -0500] "GET /sipse/faces/javax.faces.resource/layout/layout.js?ln=primefaces&v=4.0 HTTP/1.1" 304 -
191.111.36.25 - - [15/Mar/2023:09:55:32 -0500] "GET /sipse/faces/javax.faces.resource/layout/layout.css?ln=primefaces&v=4.0 HTTP/1.1" 304 -
191.111.36.25 - - [15/Mar/2023:09:55:32 -0500] "GET /sipse/faces/javax.faces.resource/primefaces.css?ln=primefaces&v=4.0 HTTP/1.1" 304 -
191.111.36.25 - - [15/Mar/2023:09:55:32 -0500] "GET /sipse/faces/javax.faces.resource/jquery/jquery.js?ln=primefaces&v=4.0 HTTP/1.1" 304 -
191.111.36.25 - - [15/Mar/2023:09:55:32 -0500] "GET /sipse/faces/javax.faces.resource/fileupload/fileupload.css?ln=primefaces&v=4.0 HTTP/1.1" 304 -
191.111.36.25 - - [15/Mar/2023:09:55:32 -0500] "GET /sipse/faces/javax.faces.resource/jquery/jquery-plugins.js?ln=primefaces&v=4.0 HTTP/1.1" 304 -
191.111.36.25 - - [15/Mar/2023:09:55:32 -0500] "GET /sipse/faces/javax.faces.resource/primefaces.js?ln=primefaces&v=4.0 HTTP/1.1" 304 -
191.111.36.25 - - [15/Mar/2023:09:55:32 -0500] "GET /sipse/faces/javax.faces.resource/layout/layout.js?ln=primefaces&v=4.0 HTTP/1.1" 304 -
201.245.192.253 - - [15/Mar/2023:09:55:32 -0500] "POST /sipse/faces/presentacion/financiero/solicitudProceso/consultar.xhtml HTTP/1.1" 200 35581
191.111.36.25 - - [15/Mar/2023:09:55:32 -0500] "GET /sipse/faces/javax.faces.resource/fileupload/fileupload.js?ln=primefaces&v=4.0 HTTP/1.1" 304 -
201.245.192.253 - - [15/Mar/2023:09:55:32 -0500] "POST /sipse/faces/presentacion/financiero/solicitudProceso/consultar.xhtml HTTP/1.1" 200 35581
201.245.192.253 - - [15/Mar/2023:09:55:33 -0500] "POST /sipse/faces/presentacion/financiero/solicitudProceso/consultar.xhtml HTTP/1.1" 200 35581
201.245.192.253 - - [15/Mar/2023:09:55:33 -0500] "POST /sipse/faces/presentacion/financiero/solicitudProceso/consultar.xhtml HTTP/1.1" 200 35581
201.245.192.253 - - [15/Mar/2023:09:55:33 -0500] "POST /sipse/faces/presentacion/financiero/solicitudProceso/consultar.xhtml HTTP/1.1" 200 35581
201.245.192.253 - - [15/Mar/2023:09:55:33 -0500] "POST /sipse/faces/presentacion/financiero/solicitudProceso/consultar.xhtml HTTP/1.1" 200 35581
201.245.192.253 - - [15/Mar/2023:09:55:31 -0500] "POST /sipse/faces/presentacion/financiero/solicitudProceso/listarSolicitudProceso.xhtml HTTP/1.1" 200 1396
201.245.192.253 - - [15/Mar/2023:09:55:34 -0500] "POST /sipse/faces/presentacion/financiero/solicitudProceso/consultar.xhtml HTTP/1.1" 200 35581
201.245.192.253 - - [15/Mar/2023:09:55:34 -0500] "POST /sipse/faces/presentacion/financiero/solicitudProceso/consultar.xhtml HTTP/1.1" 200 35581
201.245.192.253 - - [15/Mar/2023:09:55:34 -0500] "POST /sipse/faces/presentacion/financiero/solicitudProceso/consultar.xhtml HTTP/1.1" 200 35581
201.245.192.253 - - [15/Mar/2023:09:55:34 -0500] "POST /sipse/faces/presentacion/financiero/solicitudProceso/consultar.xhtml HTTP/1.1" 200 35581
201.245.192.253 - - [15/Mar/2023:09:55:34 -0500] "POST /sipse/faces/presentacion/financiero/solicitudProceso/consultar.xhtml HTTP/1.1" 200 35581
201.245.192.253 - - [15/Mar/2023:09:55:35 -0500] "POST /sipse/faces/presentacion/financiero/solicitudProceso/consultar.xhtml HTTP/1.1" 200 35581
201.245.192.253 - - [15/Mar/2023:09:55:34 -0500] "POST /sipse/faces/presentacion/financiero/solicitudProceso/listarSolicitudProceso.xhtml HTTP/1.1" 200 1392
191.156.236.99 - - [15/Mar/2023:09:55:38 -0500] "POST /sipse/faces/autenticacion.xhtml HTTP/1.1" 200 2220
191.156.236.99 - - [15/Mar/2023:09:55:38 -0500] "GET /sipse/faces/javax.faces.resource/messages/messages.png?ln=primefaces&v=4.0 HTTP/1.1" 304 -
186.30.116.46 - - [15/Mar/2023:09:55:38 -0500] "POST /sipse/faces/presentacion/financiero/solicitudProceso/consultar.xhtml HTTP/1.1" 200 12912
201.245.192.253 - - [15/Mar/2023:09:55:36 -0500] "POST /sipse/faces/presentacion/financiero/solicitudProceso/listarSolicitudProceso.xhtml HTTP/1.1" 200 1400
191.156.236.99 - - [15/Mar/2023:09:55:40 -0500] "POST /sipse/faces/autenticacion.xhtml HTTP/1.1" 200 16305
191.156.236.99 - - [15/Mar/2023:09:55:40 -0500] "GET /sipse/faces/javax.faces.resource/primefaces.css?ln=primefaces&v=4.0 HTTP/1.1" 304 -
191.156.236.99 - - [15/Mar/2023:09:55:40 -0500] "GET /sipse/faces/javax.faces.resource/layout/layout.css?ln=primefaces&v=4.0 HTTP/1.1" 304 -
191.156.236.99 - - [15/Mar/2023:09:55:40 -0500] "GET /sipse/faces/javax.faces.resource/jquery/jquery.js?ln=primefaces&v=4.0 HTTP/1.1" 304 -
191.156.236.99 - - [15/Mar/2023:09:55:40 -0500] "GET /sipse/faces/javax.faces.resource/theme.css?ln=primefaces-sipse HTTP/1.1" 304 -
201.245.192.253 - - [15/Mar/2023:09:55:38 -0500] "POST /sipse/faces/presentacion/financiero/solicitudProceso/listarSolicitudProceso.xhtml HTTP/1.1" 200 1392
191.156.236.99 - - [15/Mar/2023:09:55:40 -0500] "GET /sipse/faces/javax.faces.resource/jquery/jquery-plugins.js?ln=primefaces&v=4.0 HTTP/1.1" 304 -
191.156.236.99 - - [15/Mar/2023:09:55:41 -0500] "GET /sipse/faces/javax.faces.resource/primefaces.js?ln=primefaces&v=4.0 HTTP/1.1" 304 -
191.156.236.99 - - [15/Mar/2023:09:55:41 -0500] "GET /sipse/faces/javax.faces.resource/layout/layout.js?ln=primefaces&v=4.0 HTTP/1.1" 304 -
186.84.21.183 - - [15/Mar/2023:09:55:41 -0500] "GET /sipse/faces/index.xhtml HTTP/1.1" 200 677
186.84.21.183 - - [15/Mar/2023:09:55:41 -0500] "GET /sipse/faces/javax.faces.resource/theme.css?ln=primefaces-sipse HTTP/1.1" 304 -
186.84.21.183 - - [15/Mar/2023:09:55:41 -0500] "GET /sipse/faces/faces/autenticacion.xhtml HTTP/1.1" 200 12171
186.84.21.183 - - [15/Mar/2023:09:55:41 -0500] "GET /sipse/js/disable_browser_buttons.js HTTP/1.1" 304 -
186.84.21.183 - - [15/Mar/2023:09:55:41 -0500] "GET /sipse/js/funciones.js HTTP/1.1" 304 -
186.84.21.183 - - [15/Mar/2023:09:55:42 -0500] "GET /sipse/css/custom_css_sg.css HTTP/1.1" 304 -
186.84.21.183 - - [15/Mar/2023:09:55:42 -0500] "GET /sipse/css/custom_css_sg_prime_login.css HTTP/1.1" 304 -
186.84.21.183 - - [15/Mar/2023:09:55:42 -0500] "GET /sipse/faces/javax.faces.resource/theme.css?ln=primefaces-sipse HTTP/1.1" 304 -
186.84.21.183 - - [15/Mar/2023:09:55:42 -0500] "GET /sipse/faces/javax.faces.resource/jquery/jquery.js?ln=primefaces&v=4.0 HTTP/1.1" 304 -
186.84.21.183 - - [15/Mar/2023:09:55:42 -0500] "GET /sipse/faces/javax.faces.resource/primefaces.css?ln=primefaces&v=4.0 HTTP/1.1" 304 -
186.84.21.183 - - [15/Mar/2023:09:55:42 -0500] "GET /sipse/faces/javax.faces.resource/layout/layout.css?ln=primefaces&v=4.0 HTTP/1.1" 304 -
186.84.21.183 - - [15/Mar/2023:09:55:42 -0500] "GET /sipse/faces/javax.faces.resource/primefaces.js?ln=primefaces&v=4.0 HTTP/1.1" 304 -
186.84.21.183 - - [15/Mar/2023:09:55:42 -0500] "GET /sipse/faces/javax.faces.resource/layout/layout.js?ln=primefaces&v=4.0 HTTP/1.1" 304 -
186.84.21.183 - - [15/Mar/2023:09:55:42 -0500] "GET /sipse/faces/javax.faces.resource/jquery/jquery-plugins.js?ln=primefaces&v=4.0 HTTP/1.1" 304 -
186.84.21.183 - - [15/Mar/2023:09:55:42 -0500] "GET /sipse/css/imagen/logoSDG.png HTTP/1.1" 304 -
186.84.21.183 - - [15/Mar/2023:09:55:42 -0500] "GET /sipse/css/imagen/loginimg.png HTTP/1.1" 304 -
186.84.21.183 - - [15/Mar/2023:09:55:42 -0500] "GET /sipse/faces/javax.faces.resource/images/ui-icons_898989_256x240.png?ln=primefaces-aristo HTTP/1.1" 304 -
201.245.192.253 - - [15/Mar/2023:09:55:40 -0500] "POST /sipse/faces/presentacion/financiero/solicitudProceso/listarSolicitudProceso.xhtml HTTP/1.1" 200 1400
191.156.236.99 - - [15/Mar/2023:09:55:43 -0500] "GET /sipse/faces/javax.faces.resource/images/ui-bg_flat_0_2d5972_40x100.png?ln=primefaces-aristo HTTP/1.1" 304 -
191.156.236.99 - - [15/Mar/2023:09:55:43 -0500] "POST /sipse/faces/bienvenido.xhtml HTTP/1.1" 200 2658
191.156.236.99 - - [15/Mar/2023:09:55:44 -0500] "POST /sipse/faces/bienvenido.xhtml HTTP/1.1" 200 65285
191.156.236.99 - - [15/Mar/2023:09:55:45 -0500] "GET /sipse/faces/javax.faces.resource/theme.css?ln=primefaces-sipse HTTP/1.1" 304 -
191.156.236.99 - - [15/Mar/2023:09:55:45 -0500] "GET /sipse/faces/javax.faces.resource/primefaces.css?ln=primefaces&v=4.0 HTTP/1.1" 304 -
191.156.236.99 - - [15/Mar/2023:09:55:45 -0500] "GET /sipse/faces/javax.faces.resource/layout/layout.css?ln=primefaces&v=4.0 HTTP/1.1" 304 -
191.156.236.99 - - [15/Mar/2023:09:55:45 -0500] "GET /sipse/faces/javax.faces.resource/jquery/jquery.js?ln=primefaces&v=4.0 HTTP/1.1" 304 -
191.156.236.99 - - [15/Mar/2023:09:55:45 -0500] "GET /sipse/faces/javax.faces.resource/jquery/jquery-plugins.js?ln=primefaces&v=4.0 HTTP/1.1" 304 -
201.245.192.253 - - [15/Mar/2023:09:55:45 -0500] "POST /sipse/faces/presentacion/financiero/solicitudProceso/consultar.xhtml HTTP/1.1" 200 12942
191.156.236.99 - - [15/Mar/2023:09:55:45 -0500] "GET /sipse/faces/javax.faces.resource/primefaces.js?ln=primefaces&v=4.0 HTTP/1.1" 304 -
191.156.236.99 - - [15/Mar/2023:09:55:45 -0500] "GET /sipse/faces/javax.faces.resource/layout/layout.js?ln=primefaces&v=4.0 HTTP/1.1" 304 -
191.156.236.99 - - [15/Mar/2023:09:55:45 -0500] "POST /sipse/faces/presentacion/financiero/solicitudProceso/listarSolicitudProceso.xhtml HTTP/1.1" 200 1560
201.245.192.253 - - [15/Mar/2023:09:55:47 -0500] "POST /sipse/faces/presentacion/financiero/solicitudProceso/consultar.xhtml HTTP/1.1" 200 156612
201.245.192.253 - - [15/Mar/2023:09:55:48 -0500] "GET /sipse/faces/javax.faces.resource/layout/layout.css?ln=primefaces&v=4.0 HTTP/1.1" 304 -
201.245.192.253 - - [15/Mar/2023:09:55:48 -0500] "GET /sipse/faces/javax.faces.resource/jquery/jquery.js?ln=primefaces&v=4.0 HTTP/1.1" 304 -
201.245.192.253 - - [15/Mar/2023:09:55:48 -0500] "GET /sipse/faces/javax.faces.resource/jquery/jquery-plugins.js?ln=primefaces&v=4.0 HTTP/1.1" 304 -
201.245.192.253 - - [15/Mar/2023:09:55:48 -0500] "GET /sipse/faces/javax.faces.resource/theme.css?ln=primefaces-sipse HTTP/1.1" 304 -
