201.244.111.27 - - [15/Mar/2023:10:13:51 -0500] "GET /sipse/faces/javax.faces.resource/layout/layout.css?ln=primefaces&v=4.0 HTTP/1.1" 304 -
201.244.111.27 - - [15/Mar/2023:10:13:51 -0500] "GET /sipse/faces/javax.faces.resource/theme.css?ln=primefaces-sipse HTTP/1.1" 304 -
201.244.111.27 - - [15/Mar/2023:10:13:51 -0500] "GET /sipse/faces/javax.faces.resource/primefaces.css?ln=primefaces&v=4.0 HTTP/1.1" 304 -
201.244.111.27 - - [15/Mar/2023:10:13:51 -0500] "GET /sipse/faces/javax.faces.resource/jquery/jquery.js?ln=primefaces&v=4.0 HTTP/1.1" 304 -
201.244.111.27 - - [15/Mar/2023:10:13:51 -0500] "GET /sipse/faces/javax.faces.resource/primefaces.js?ln=primefaces&v=4.0 HTTP/1.1" 304 -
201.244.111.27 - - [15/Mar/2023:10:13:51 -0500] "GET /sipse/faces/javax.faces.resource/layout/layout.js?ln=primefaces&v=4.0 HTTP/1.1" 304 -
201.245.192.253 - - [15/Mar/2023:10:13:50 -0500] "POST /sipse/faces/presentacion/financiero/solicitudProceso/listarSolicitudProceso.xhtml HTTP/1.1" 200 1392
201.244.111.27 - - [15/Mar/2023:10:13:52 -0500] "GET /sipse/css/imagen/logoSDG.png HTTP/1.1" 200 12242
201.244.111.27 - - [15/Mar/2023:10:13:52 -0500] "GET /sipse/css/imagen/loginimg.png HTTP/1.1" 200 15714
201.244.111.27 - - [15/Mar/2023:10:13:52 -0500] "GET /sipse/faces/javax.faces.resource/images/ui-icons_898989_256x240.png?ln=primefaces-aristo HTTP/1.1" 200 5355
216.245.221.92 - - [15/Mar/2023:10:13:52 -0500] "HEAD / HTTP/1.1" 200 -
181.53.13.85 - - [15/Mar/2023:10:13:52 -0500] "POST /sipse/faces/presentacion/financiero/estudioPrevio/personalSolicitado/personalSolicitadoSolicitudProceso.xhtml HTTP/1.1" 200 36820
181.53.13.85 - - [15/Mar/2023:10:13:52 -0500] "GET /sipse/faces/javax.faces.resource/theme.css?ln=primefaces-sipse HTTP/1.1" 304 -
181.53.13.85 - - [15/Mar/2023:10:13:52 -0500] "GET /sipse/faces/javax.faces.resource/primefaces.css?ln=primefaces&v=4.0 HTTP/1.1" 304 -
181.53.13.85 - - [15/Mar/2023:10:13:52 -0500] "GET /sipse/faces/javax.faces.resource/layout/layout.css?ln=primefaces&v=4.0 HTTP/1.1" 304 -
181.53.13.85 - - [15/Mar/2023:10:13:52 -0500] "GET /sipse/faces/javax.faces.resource/jquery/jquery.js?ln=primefaces&v=4.0 HTTP/1.1" 304 -
181.53.13.85 - - [15/Mar/2023:10:13:52 -0500] "GET /sipse/faces/javax.faces.resource/jquery/jquery-plugins.js?ln=primefaces&v=4.0 HTTP/1.1" 304 -
181.53.13.85 - - [15/Mar/2023:10:13:52 -0500] "GET /sipse/faces/javax.faces.resource/primefaces.js?ln=primefaces&v=4.0 HTTP/1.1" 304 -
181.53.13.85 - - [15/Mar/2023:10:13:52 -0500] "GET /sipse/faces/javax.faces.resource/layout/layout.js?ln=primefaces&v=4.0 HTTP/1.1" 304 -
201.245.192.253 - - [15/Mar/2023:10:13:52 -0500] "POST /sipse/faces/presentacion/financiero/solicitudProceso/listarSolicitudProceso.xhtml HTTP/1.1" 200 1400
201.245.192.253 - - [15/Mar/2023:10:13:54 -0500] "POST /sipse/faces/presentacion/financiero/solicitudProceso/listarSolicitudProceso.xhtml HTTP/1.1" 200 1392
181.53.13.85 - - [15/Mar/2023:10:13:56 -0500] "POST /sipse/faces/presentacion/financiero/estudioPrevio/personalSolicitado/asociarProfesionPersonalSolicitado.xhtml HTTP/1.1" 200 1419
201.244.111.27 - - [15/Mar/2023:10:13:58 -0500] "POST /sipse/faces/autenticacion.xhtml HTTP/1.1" 200 2216
201.244.111.27 - - [15/Mar/2023:10:13:58 -0500] "GET /sipse/faces/javax.faces.resource/messages/messages.png?ln=primefaces&v=4.0 HTTP/1.1" 304 -
186.30.116.46 - - [15/Mar/2023:10:13:57 -0500] "POST /sipse/faces/presentacion/financiero/solicitudProceso/consultar.xhtml HTTP/1.1" 200 12905
181.53.13.85 - - [15/Mar/2023:10:13:57 -0500] "POST /sipse/faces/presentacion/financiero/estudioPrevio/personalSolicitado/asociarProfesionPersonalSolicitado.xhtml HTTP/1.1" 200 1419
201.245.192.253 - - [15/Mar/2023:10:13:56 -0500] "POST /sipse/faces/presentacion/financiero/solicitudProceso/listarSolicitudProceso.xhtml HTTP/1.1" 200 1400
201.244.111.27 - - [15/Mar/2023:10:13:59 -0500] "POST /sipse/faces/autenticacion.xhtml HTTP/1.1" 200 16316
201.244.111.27 - - [15/Mar/2023:10:13:59 -0500] "GET /sipse/faces/javax.faces.resource/jquery/jquery.js?ln=primefaces&v=4.0 HTTP/1.1" 304 -
201.244.111.27 - - [15/Mar/2023:10:13:59 -0500] "GET /sipse/faces/javax.faces.resource/jquery/jquery-plugins.js?ln=primefaces&v=4.0 HTTP/1.1" 304 -
201.244.111.27 - - [15/Mar/2023:10:13:59 -0500] "GET /sipse/faces/javax.faces.resource/primefaces.js?ln=primefaces&v=4.0 HTTP/1.1" 304 -
201.244.111.27 - - [15/Mar/2023:10:14:00 -0500] "GET /sipse/faces/javax.faces.resource/layout/layout.js?ln=primefaces&v=4.0 HTTP/1.1" 304 -
201.244.111.27 - - [15/Mar/2023:10:14:00 -0500] "GET /sipse/imagenes/cargando.gif HTTP/1.1" 200 22658
201.244.111.27 - - [15/Mar/2023:10:14:00 -0500] "GET /sipse/css/imagen/contrasena.png HTTP/1.1" 404 383
201.245.192.253 - - [15/Mar/2023:10:13:59 -0500] "POST /sipse/faces/presentacion/financiero/solicitudProceso/listarSolicitudProceso.xhtml HTTP/1.1" 200 1392
201.244.111.27 - - [15/Mar/2023:10:14:02 -0500] "GET /sipse/faces/javax.faces.resource/images/ui-bg_flat_0_2d5972_40x100.png?ln=primefaces-aristo HTTP/1.1" 304 -
201.244.111.27 - - [15/Mar/2023:10:14:02 -0500] "POST /sipse/faces/bienvenido.xhtml HTTP/1.1" 200 2658
181.53.13.85 - - [15/Mar/2023:10:14:01 -0500] "POST /sipse/faces/presentacion/financiero/estudioPrevio/personalSolicitado/asociarProfesionPersonalSolicitado.xhtml HTTP/1.1" 200 21228
201.245.192.253 - - [15/Mar/2023:10:14:01 -0500] "POST /sipse/faces/presentacion/financiero/solicitudProceso/listarSolicitudProceso.xhtml HTTP/1.1" 200 1400
181.53.13.85 - - [15/Mar/2023:10:14:03 -0500] "POST /sipse/faces/presentacion/financiero/estudioPrevio/personalSolicitado/asociarProfesionPersonalSolicitado.xhtml HTTP/1.1" 200 21223
201.244.111.27 - - [15/Mar/2023:10:14:03 -0500] "POST /sipse/faces/bienvenido.xhtml HTTP/1.1" 200 64558
45.238.182.196 - - [15/Mar/2023:10:14:06 -0500] "GET /conectate-con-la-naturaleza-escenarios-ambientales-para-recorrer-en-bogota.html HTTP/1.1" 200 909
201.244.111.27 - - [15/Mar/2023:10:14:06 -0500] "GET /sipse/faces/javax.faces.resource/jquery/jquery.js?ln=primefaces&v=4.0 HTTP/1.1" 304 -
201.244.111.27 - - [15/Mar/2023:10:14:06 -0500] "GET /sipse/faces/javax.faces.resource/jquery/jquery-plugins.js?ln=primefaces&v=4.0 HTTP/1.1" 304 -
201.244.111.27 - - [15/Mar/2023:10:14:06 -0500] "GET /sipse/faces/javax.faces.resource/primefaces.js?ln=primefaces&v=4.0 HTTP/1.1" 304 -
201.244.111.27 - - [15/Mar/2023:10:14:06 -0500] "GET /sipse/faces/javax.faces.resource/layout/layout.js?ln=primefaces&v=4.0 HTTP/1.1" 304 -
181.53.13.85 - - [15/Mar/2023:10:14:06 -0500] "POST /sipse/faces/presentacion/financiero/estudioPrevio/personalSolicitado/asociarProfesionPersonalSolicitado.xhtml HTTP/1.1" 200 21299
201.221.172.58 - - [15/Mar/2023:10:14:07 -0500] "GET /mujeres-que-reverdecen-secretaria-de-ambiente-anuncia-el-inicio-de-la-tercera-fase.html HTTP/1.1" 304 -
201.245.192.253 - - [15/Mar/2023:10:14:04 -0500] "POST /sipse/faces/presentacion/financiero/solicitudProceso/listarSolicitudProceso.xhtml HTTP/1.1" 200 1392
201.244.111.27 - - [15/Mar/2023:10:14:06 -0500] "POST /sipse/faces/presentacion/financiero/solicitudProceso/listarSolicitudProceso.xhtml HTTP/1.1" 200 1560
181.53.13.85 - - [15/Mar/2023:10:14:08 -0500] "POST /sipse/faces/presentacion/financiero/estudioPrevio/personalSolicitado/asociarProfesionPersonalSolicitado.xhtml HTTP/1.1" 200 21299
201.245.192.253 - - [15/Mar/2023:10:14:08 -0500] "POST /sipse/faces/presentacion/financiero/solicitudProceso/listarSolicitudProceso.xhtml HTTP/1.1" 200 1400
201.244.111.27 - - [15/Mar/2023:10:14:11 -0500] "POST /sipse/faces/presentacion/financiero/solicitudProceso/listarSolicitudProceso.xhtml HTTP/1.1" 200 11302
181.53.13.85 - - [15/Mar/2023:10:14:12 -0500] "POST /sipse/faces/presentacion/financiero/estudioPrevio/personalSolicitado/asociarProfesionPersonalSolicitado.xhtml HTTP/1.1" 200 53466
181.53.13.85 - - [15/Mar/2023:10:14:12 -0500] "GET /sipse/faces/javax.faces.resource/jquery/jquery.js?ln=primefaces&v=4.0 HTTP/1.1" 304 -
181.53.13.85 - - [15/Mar/2023:10:14:12 -0500] "GET /sipse/faces/javax.faces.resource/layout/layout.css?ln=primefaces&v=4.0 HTTP/1.1" 304 -
181.53.13.85 - - [15/Mar/2023:10:14:12 -0500] "GET /sipse/faces/javax.faces.resource/primefaces.css?ln=primefaces&v=4.0 HTTP/1.1" 304 -
181.53.13.85 - - [15/Mar/2023:10:14:12 -0500] "GET /sipse/faces/javax.faces.resource/theme.css?ln=primefaces-sipse HTTP/1.1" 304 -
181.53.13.85 - - [15/Mar/2023:10:14:12 -0500] "GET /sipse/faces/javax.faces.resource/jquery/jquery-plugins.js?ln=primefaces&v=4.0 HTTP/1.1" 304 -
181.53.13.85 - - [15/Mar/2023:10:14:12 -0500] "GET /sipse/faces/javax.faces.resource/primefaces.js?ln=primefaces&v=4.0 HTTP/1.1" 304 -
181.53.13.85 - - [15/Mar/2023:10:14:12 -0500] "GET /sipse/faces/javax.faces.resource/layout/layout.js?ln=primefaces&v=4.0 HTTP/1.1" 304 -
201.244.111.27 - - [15/Mar/2023:10:14:12 -0500] "POST /sipse/faces/presentacion/financiero/solicitudProceso/listarSolicitudProceso.xhtml HTTP/1.1" 200 157587
201.244.111.27 - - [15/Mar/2023:10:14:14 -0500] "GET /sipse/faces/javax.faces.resource/jquery/jquery.js?ln=primefaces&v=4.0 HTTP/1.1" 304 -
201.244.111.27 - - [15/Mar/2023:10:14:14 -0500] "GET /sipse/faces/javax.faces.resource/jquery/jquery-plugins.js?ln=primefaces&v=4.0 HTTP/1.1" 304 -
201.244.111.27 - - [15/Mar/2023:10:14:14 -0500] "GET /sipse/faces/javax.faces.resource/primefaces.js?ln=primefaces&v=4.0 HTTP/1.1" 304 -
201.244.111.27 - - [15/Mar/2023:10:14:14 -0500] "GET /sipse/faces/javax.faces.resource/layout/layout.js?ln=primefaces&v=4.0 HTTP/1.1" 304 -
201.244.111.27 - - [15/Mar/2023:10:14:19 -0500] "POST /sipse/faces/presentacion/financiero/solicitudProceso/consultarSolicitudProceso.xhtml HTTP/1.1" 200 155040
201.245.192.253 - - [15/Mar/2023:10:14:20 -0500] "POST /sipse/faces/presentacion/financiero/solicitudProceso/listarSolicitudProceso.xhtml HTTP/1.1" 200 17273
186.30.116.46 - - [15/Mar/2023:10:14:23 -0500] "POST /sipse/faces/presentacion/financiero/solicitudProceso/consultar.xhtml HTTP/1.1" 200 12932
181.53.13.85 - - [15/Mar/2023:10:14:23 -0500] "POST /sipse/faces/presentacion/financiero/estudioPrevio/personalSolicitado/personalSolicitadoSolicitudProceso.xhtml HTTP/1.1" 200 36823
181.53.13.85 - - [15/Mar/2023:10:14:23 -0500] "GET /sipse/faces/javax.faces.resource/theme.css?ln=primefaces-sipse HTTP/1.1" 304 -
181.53.13.85 - - [15/Mar/2023:10:14:23 -0500] "GET /sipse/faces/javax.faces.resource/primefaces.css?ln=primefaces&v=4.0 HTTP/1.1" 304 -
181.53.13.85 - - [15/Mar/2023:10:14:23 -0500] "GET /sipse/faces/javax.faces.resource/layout/layout.css?ln=primefaces&v=4.0 HTTP/1.1" 304 -
181.53.13.85 - - [15/Mar/2023:10:14:23 -0500] "GET /sipse/faces/javax.faces.resource/jquery/jquery.js?ln=primefaces&v=4.0 HTTP/1.1" 304 -
181.53.13.85 - - [15/Mar/2023:10:14:23 -0500] "GET /sipse/faces/javax.faces.resource/jquery/jquery-plugins.js?ln=primefaces&v=4.0 HTTP/1.1" 304 -
181.53.13.85 - - [15/Mar/2023:10:14:23 -0500] "GET /sipse/faces/javax.faces.resource/primefaces.js?ln=primefaces&v=4.0 HTTP/1.1" 304 -
181.53.13.85 - - [15/Mar/2023:10:14:24 -0500] "GET /sipse/faces/javax.faces.resource/layout/layout.js?ln=primefaces&v=4.0 HTTP/1.1" 304 -
181.53.13.244 - - [15/Mar/2023:10:14:24 -0500] "GET /mujeres-que-reverdecen-secretaria-de-ambiente-anuncia-el-inicio-de-la-tercera-fase.html HTTP/1.1" 200 954
201.245.192.253 - - [15/Mar/2023:10:14:23 -0500] "POST /sipse/faces/presentacion/financiero/solicitudProceso/listarSolicitudProceso.xhtml HTTP/1.1" 200 146380
201.245.192.253 - - [15/Mar/2023:10:14:24 -0500] "GET /sipse/faces/javax.faces.resource/theme.css?ln=primefaces-sipse HTTP/1.1" 304 -
201.245.192.253 - - [15/Mar/2023:10:14:24 -0500] "GET /sipse/faces/javax.faces.resource/primefaces.css?ln=primefaces&v=4.0 HTTP/1.1" 304 -
201.245.192.253 - - [15/Mar/2023:10:14:24 -0500] "GET /sipse/faces/javax.faces.resource/layout/layout.css?ln=primefaces&v=4.0 HTTP/1.1" 304 -
201.245.192.253 - - [15/Mar/2023:10:14:25 -0500] "GET /sipse/faces/javax.faces.resource/jquery/jquery.js?ln=primefaces&v=4.0 HTTP/1.1" 304 -
201.245.192.253 - - [15/Mar/2023:10:14:25 -0500] "GET /sipse/faces/javax.faces.resource/jquery/jquery-plugins.js?ln=primefaces&v=4.0 HTTP/1.1" 304 -
201.245.192.253 - - [15/Mar/2023:10:14:25 -0500] "GET /sipse/faces/javax.faces.resource/primefaces.js?ln=primefaces&v=4.0 HTTP/1.1" 304 -
201.245.192.253 - - [15/Mar/2023:10:14:25 -0500] "GET /sipse/faces/javax.faces.resource/layout/layout.js?ln=primefaces&v=4.0 HTTP/1.1" 304 -
181.53.13.85 - - [15/Mar/2023:10:14:28 -0500] "POST /sipse/faces/presentacion/financiero/estudioPrevio/personalSolicitado/asociarProfesionPersonalSolicitado.xhtml HTTP/1.1" 200 21149
190.24.99.228 - - [15/Mar/2023:10:14:30 -0500] "POST /sipse/faces/presentacion/financiero/solicitudProceso/listarSolicitudProceso.xhtml HTTP/1.1" 200 143146
190.24.99.228 - - [15/Mar/2023:10:14:31 -0500] "GET /sipse/faces/javax.faces.resource/theme.css?ln=primefaces-sipse HTTP/1.1" 304 -
190.24.99.228 - - [15/Mar/2023:10:14:31 -0500] "GET /sipse/faces/javax.faces.resource/primefaces.css?ln=primefaces&v=4.0 HTTP/1.1" 304 -
190.24.99.228 - - [15/Mar/2023:10:14:31 -0500] "GET /sipse/faces/javax.faces.resource/layout/layout.css?ln=primefaces&v=4.0 HTTP/1.1" 304 -
190.24.99.228 - - [15/Mar/2023:10:14:31 -0500] "GET /sipse/faces/javax.faces.resource/jquery/jquery.js?ln=primefaces&v=4.0 HTTP/1.1" 304 -
190.24.99.228 - - [15/Mar/2023:10:14:31 -0500] "GET /sipse/faces/javax.faces.resource/jquery/jquery-plugins.js?ln=primefaces&v=4.0 HTTP/1.1" 304 -
190.24.99.228 - - [15/Mar/2023:10:14:31 -0500] "GET /sipse/faces/javax.faces.resource/primefaces.js?ln=primefaces&v=4.0 HTTP/1.1" 304 -
190.24.99.228 - - [15/Mar/2023:10:14:31 -0500] "GET /sipse/faces/javax.faces.resource/layout/layout.js?ln=primefaces&v=4.0 HTTP/1.1" 304 -
201.221.172.243 - - [15/Mar/2023:10:14:32 -0500] "GET /mujeres-que-reverdecen-secretaria-de-ambiente-anuncia-el-inicio-de-la-tercera-fase.html HTTP/1.1" 200 954
181.53.13.85 - - [15/Mar/2023:10:14:31 -0500] "POST /sipse/faces/presentacion/financiero/estudioPrevio/personalSolicitado/asociarProfesionPersonalSolicitado.xhtml HTTP/1.1" 200 21149
181.53.13.85 - - [15/Mar/2023:10:14:33 -0500] "POST /sipse/faces/presentacion/financiero/estudioPrevio/personalSolicitado/asociarProfesionPersonalSolicitado.xhtml HTTP/1.1" 200 21181
45.238.183.82 - - [15/Mar/2023:10:14:38 -0500] "GET /mujeres-que-reverdecen-secretaria-de-ambiente-anuncia-el-inicio-de-la-tercera-fase.html HTTP/1.1" 200 954
186.30.116.46 - - [15/Mar/2023:10:14:40 -0500] "POST /sipse/faces/presentacion/financiero/solicitudProceso/consultar.xhtml HTTP/1.1" 200 12881
190.24.99.228 - - [15/Mar/2023:10:14:43 -0500] "POST /sipse/faces/presentacion/financiero/solicitudProceso/consultarSolicitudProceso.xhtml HTTP/1.1" 200 35505
190.24.99.228 - - [15/Mar/2023:10:14:43 -0500] "GET /sipse/faces/javax.faces.resource/theme.css?ln=primefaces-sipse HTTP/1.1" 304 -
190.24.99.228 - - [15/Mar/2023:10:14:43 -0500] "GET /sipse/faces/javax.faces.resource/primefaces.css?ln=primefaces&v=4.0 HTTP/1.1" 304 -
190.24.99.228 - - [15/Mar/2023:10:14:43 -0500] "GET /sipse/faces/javax.faces.resource/jquery/jquery-plugins.js?ln=primefaces&v=4.0 HTTP/1.1" 304 -
190.24.99.228 - - [15/Mar/2023:10:14:43 -0500] "GET /sipse/faces/javax.faces.resource/jquery/jquery.js?ln=primefaces&v=4.0 HTTP/1.1" 304 -
190.24.99.228 - - [15/Mar/2023:10:14:43 -0500] "GET /sipse/faces/javax.faces.resource/primefaces.js?ln=primefaces&v=4.0 HTTP/1.1" 304 -
190.24.99.228 - - [15/Mar/2023:10:14:43 -0500] "GET /sipse/faces/javax.faces.resource/layout/layout.css?ln=primefaces&v=4.0 HTTP/1.1" 304 -
190.24.99.228 - - [15/Mar/2023:10:14:43 -0500] "GET /sipse/faces/javax.faces.resource/layout/layout.js?ln=primefaces&v=4.0 HTTP/1.1" 304 -
190.24.99.228 - - [15/Mar/2023:10:14:43 -0500] "GET /sipse/css/imagen/contrasena.png HTTP/1.1" 404 383
190.24.99.228 - - [15/Mar/2023:10:14:43 -0500] "GET /sipse/faces/javax.faces.resource/images/ui-icons_898989_256x240.png?ln=primefaces-aristo HTTP/1.1" 304 -
201.245.192.253 - - [15/Mar/2023:10:14:44 -0500] "GET /sipse/faces/index.xhtml HTTP/1.1" 200 677
201.245.192.253 - - [15/Mar/2023:10:14:44 -0500] "GET /sipse/faces/javax.faces.resource/theme.css?ln=primefaces-sipse HTTP/1.1" 200 50058
201.245.192.253 - - [15/Mar/2023:10:14:44 -0500] "GET /sipse/faces/faces/autenticacion.xhtml HTTP/1.1" 200 12171
201.245.192.253 - - [15/Mar/2023:10:14:44 -0500] "GET /sipse/css/custom_css_sg.css HTTP/1.1" 200 9694
201.245.192.253 - - [15/Mar/2023:10:14:44 -0500] "GET /sipse/css/custom_css_sg_prime_login.css HTTP/1.1" 200 443
201.245.192.253 - - [15/Mar/2023:10:14:44 -0500] "GET /sipse/faces/javax.faces.resource/layout/layout.css?ln=primefaces&v=4.0 HTTP/1.1" 200 542
201.245.192.253 - - [15/Mar/2023:10:14:44 -0500] "GET /sipse/js/disable_browser_buttons.js HTTP/1.1" 304 -
201.245.192.253 - - [15/Mar/2023:10:14:44 -0500] "GET /sipse/js/funciones.js HTTP/1.1" 304 -
201.245.192.253 - - [15/Mar/2023:10:14:44 -0500] "GET /sipse/faces/javax.faces.resource/primefaces.css?ln=primefaces&v=4.0 HTTP/1.1" 200 53295
201.245.192.253 - - [15/Mar/2023:10:14:44 -0500] "GET /sipse/faces/javax.faces.resource/jquery/jquery.js?ln=primefaces&v=4.0 HTTP/1.1" 304 -
201.245.192.253 - - [15/Mar/2023:10:14:44 -0500] "GET /sipse/faces/javax.faces.resource/jquery/jquery-plugins.js?ln=primefaces&v=4.0 HTTP/1.1" 304 -
201.245.192.253 - - [15/Mar/2023:10:14:44 -0500] "GET /sipse/faces/javax.faces.resource/primefaces.js?ln=primefaces&v=4.0 HTTP/1.1" 304 -
201.245.192.253 - - [15/Mar/2023:10:14:44 -0500] "GET /sipse/faces/javax.faces.resource/layout/layout.js?ln=primefaces&v=4.0 HTTP/1.1" 304 -
201.245.192.253 - - [15/Mar/2023:10:14:44 -0500] "GET /sipse/css/imagen/logoSDG.png HTTP/1.1" 200 53064
201.245.192.253 - - [15/Mar/2023:10:14:44 -0500] "GET /sipse/faces/javax.faces.resource/images/ui-icons_898989_256x240.png?ln=primefaces-aristo HTTP/1.1" 200 5355
201.245.192.253 - - [15/Mar/2023:10:14:44 -0500] "GET /sipse/css/imagen/loginimg.png HTTP/1.1" 200 71635
186.30.116.46 - - [15/Mar/2023:10:14:48 -0500] "POST /sipse/faces/presentacion/financiero/solicitudProceso/consultar.xhtml HTTP/1.1" 200 12827
201.245.192.253 - - [15/Mar/2023:10:14:50 -0500] "POST /sipse/faces/presentacion/financiero/solicitudProceso/consultarSolicitudProceso.xhtml HTTP/1.1" 200 37098
201.245.192.253 - - [15/Mar/2023:10:14:51 -0500] "GET /sipse/faces/javax.faces.resource/theme.css?ln=primefaces-sipse HTTP/1.1" 304 -
201.245.192.253 - - [15/Mar/2023:10:14:51 -0500] "GET /sipse/faces/javax.faces.resource/layout/layout.css?ln=primefaces&v=4.0 HTTP/1.1" 304 -
201.245.192.253 - - [15/Mar/2023:10:14:51 -0500] "GET /sipse/faces/javax.faces.resource/primefaces.css?ln=primefaces&v=4.0 HTTP/1.1" 304 -
201.245.192.253 - - [15/Mar/2023:10:14:51 -0500] "GET /sipse/faces/javax.faces.resource/jquery/jquery.js?ln=primefaces&v=4.0 HTTP/1.1" 304 -
201.245.192.253 - - [15/Mar/2023:10:14:51 -0500] "GET /sipse/faces/javax.faces.resource/jquery/jquery-plugins.js?ln=primefaces&v=4.0 HTTP/1.1" 304 -
201.245.192.253 - - [15/Mar/2023:10:14:51 -0500] "GET /sipse/faces/javax.faces.resource/primefaces.js?ln=primefaces&v=4.0 HTTP/1.1" 304 -
201.245.192.253 - - [15/Mar/2023:10:14:51 -0500] "GET /sipse/faces/javax.faces.resource/layout/layout.js?ln=primefaces&v=4.0 HTTP/1.1" 304 -
201.245.192.253 - - [15/Mar/2023:10:14:51 -0500] "POST /sipse/faces/presentacion/financiero/solicitudProceso/listarSolicitudProceso.xhtml HTTP/1.1" 200 30441
201.245.192.253 - - [15/Mar/2023:10:14:52 -0500] "POST /sipse/faces/presentacion/financiero/solicitudProceso/listarSolicitudProceso.xhtml HTTP/1.1" 200 30441
201.245.192.253 - - [15/Mar/2023:10:14:52 -0500] "POST /sipse/faces/autenticacion.xhtml HTTP/1.1" 200 2217
201.245.192.253 - - [15/Mar/2023:10:14:53 -0500] "GET /sipse/faces/javax.faces.resource/messages/messages.png?ln=primefaces&v=4.0 HTTP/1.1" 200 27209
201.245.192.253 - - [15/Mar/2023:10:14:52 -0500] "POST /sipse/faces/presentacion/financiero/solicitudProceso/listarSolicitudProceso.xhtml HTTP/1.1" 200 30441
191.95.93.31 - - [15/Mar/2023:10:14:53 -0500] "GET /mujeres-que-reverdecen-secretaria-de-ambiente-anuncia-el-inicio-de-la-tercera-fase.html HTTP/1.1" 200 954
201.245.192.253 - - [15/Mar/2023:10:14:53 -0500] "POST /sipse/faces/presentacion/financiero/solicitudProceso/listarSolicitudProceso.xhtml HTTP/1.1" 200 30441
201.245.192.253 - - [15/Mar/2023:10:14:54 -0500] "POST /sipse/faces/autenticacion.xhtml HTTP/1.1" 200 16302
201.245.192.253 - - [15/Mar/2023:10:14:54 -0500] "GET /sipse/css/custom_css_sg_prime.css HTTP/1.1" 200 5201
201.245.192.253 - - [15/Mar/2023:10:14:54 -0500] "GET /sipse/js/jquery.min.js HTTP/1.1" 304 -
201.245.192.253 - - [15/Mar/2023:10:14:53 -0500] "POST /sipse/faces/presentacion/financiero/solicitudProceso/listarSolicitudProceso.xhtml HTTP/1.1" 200 30441
201.245.192.253 - - [15/Mar/2023:10:14:54 -0500] "GET /sipse/faces/javax.faces.resource/jquery/jquery.js?ln=primefaces&v=4.0 HTTP/1.1" 304 -
201.245.192.253 - - [15/Mar/2023:10:14:54 -0500] "GET /sipse/faces/javax.faces.resource/jquery/jquery-plugins.js?ln=primefaces&v=4.0 HTTP/1.1" 304 -
201.245.192.253 - - [15/Mar/2023:10:14:54 -0500] "GET /sipse/faces/javax.faces.resource/primefaces.js?ln=primefaces&v=4.0 HTTP/1.1" 304 -
201.245.192.253 - - [15/Mar/2023:10:14:54 -0500] "GET /sipse/faces/javax.faces.resource/layout/layout.js?ln=primefaces&v=4.0 HTTP/1.1" 304 -
201.245.192.253 - - [15/Mar/2023:10:14:54 -0500] "POST /sipse/faces/presentacion/financiero/solicitudProceso/listarSolicitudProceso.xhtml HTTP/1.1" 200 30441
201.245.192.253 - - [15/Mar/2023:10:14:55 -0500] "GET /sipse/imagenes/cargando.gif HTTP/1.1" 200 36959
201.245.192.253 - - [15/Mar/2023:10:14:55 -0500] "GET /sipse/css/imagen/contrasena.png HTTP/1.1" 404 383
201.245.192.253 - - [15/Mar/2023:10:14:55 -0500] "GET /sipse/imagenes/logoAplicacion.jpg HTTP/1.1" 200 155084
201.245.192.253 - - [15/Mar/2023:10:14:54 -0500] "POST /sipse/faces/presentacion/financiero/solicitudProceso/listarSolicitudProceso.xhtml HTTP/1.1" 200 30441
181.53.12.84 - - [15/Mar/2023:10:14:55 -0500] "GET /bogota-se-la-juega-por-las-mujeres-emprendedoras-de-bogota-es-mi-huerta-y-mujeres-que-reverdecen-expusieron-sus-proyectos-productivos.html HTTP/1.1" 200 985
181.53.13.85 - - [15/Mar/2023:10:14:55 -0500] "POST /sipse/faces/presentacion/financiero/estudioPrevio/personalSolicitado/asociarProfesionPersonalSolicitado.xhtml HTTP/1.1" 200 1431
201.245.192.253 - - [15/Mar/2023:10:14:55 -0500] "POST /sipse/faces/presentacion/financiero/solicitudProceso/listarSolicitudProceso.xhtml HTTP/1.1" 200 30441
201.245.192.253 - - [15/Mar/2023:10:14:56 -0500] "GET /sipse/faces/javax.faces.resource/images/ui-bg_flat_0_2d5972_40x100.png?ln=primefaces-aristo HTTP/1.1" 200 183
201.245.192.253 - - [15/Mar/2023:10:14:56 -0500] "POST /sipse/faces/bienvenido.xhtml HTTP/1.1" 200 2658
201.245.192.253 - - [15/Mar/2023:10:14:56 -0500] "POST /sipse/faces/presentacion/financiero/solicitudProceso/listarSolicitudProceso.xhtml HTTP/1.1" 200 30441
201.245.192.253 - - [15/Mar/2023:10:14:56 -0500] "POST /sipse/faces/presentacion/financiero/solicitudProceso/listarSolicitudProceso.xhtml HTTP/1.1" 200 30441
40.77.167.164 - - [15/Mar/2023:10:14:57 -0500] "GET /sipse/faces/autenticacion.xhtml HTTP/1.1" 200 12493
201.245.192.253 - - [15/Mar/2023:10:14:57 -0500] "POST /sipse/faces/presentacion/financiero/solicitudProceso/listarSolicitudProceso.xhtml HTTP/1.1" 200 30441
172.22.2.4 - - [15/Mar/2023:10:14:57 -0500] "GET /BLA/boletinlegal/consulta_conceptos.php?no=&solicitante=&radicado_entrada=&fecha_concepto=2017&objeto=aprovechamiento HTTP/1.1" 200 2148
181.53.13.85 - - [15/Mar/2023:10:14:57 -0500] "POST /sipse/faces/presentacion/financiero/estudioPrevio/personalSolicitado/asociarProfesionPersonalSolicitado.xhtml HTTP/1.1" 200 1439
201.245.192.253 - - [15/Mar/2023:10:14:57 -0500] "POST /sipse/faces/presentacion/financiero/solicitudProceso/listarSolicitudProceso.xhtml HTTP/1.1" 200 30441
181.53.13.85 - - [15/Mar/2023:10:14:58 -0500] "POST /sipse/faces/presentacion/financiero/estudioPrevio/personalSolicitado/asociarProfesionPersonalSolicitado.xhtml HTTP/1.1" 200 1435
201.245.192.253 - - [15/Mar/2023:10:14:59 -0500] "POST /sipse/faces/bienvenido.xhtml HTTP/1.1" 200 64004
201.245.192.253 - - [15/Mar/2023:10:15:01 -0500] "GET /sipse/faces/javax.faces.resource/jquery/jquery.js?ln=primefaces&v=4.0 HTTP/1.1" 304 -
201.245.192.253 - - [15/Mar/2023:10:15:01 -0500] "GET /sipse/faces/javax.faces.resource/jquery/jquery-plugins.js?ln=primefaces&v=4.0 HTTP/1.1" 304 -
201.245.192.253 - - [15/Mar/2023:10:15:01 -0500] "GET /sipse/faces/javax.faces.resource/primefaces.js?ln=primefaces&v=4.0 HTTP/1.1" 304 -
201.245.192.253 - - [15/Mar/2023:10:15:01 -0500] "GET /sipse/faces/javax.faces.resource/layout/layout.js?ln=primefaces&v=4.0 HTTP/1.1" 304 -
201.245.192.253 - - [15/Mar/2023:10:14:59 -0500] "POST /sipse/faces/presentacion/financiero/solicitudProceso/listarSolicitudProceso.xhtml HTTP/1.1" 200 1396
201.245.192.253 - - [15/Mar/2023:10:15:01 -0500] "POST /sipse/faces/presentacion/financiero/solicitudProceso/listarSolicitudProceso.xhtml HTTP/1.1" 200 1560
181.53.13.85 - - [15/Mar/2023:10:15:01 -0500] "POST /sipse/faces/presentacion/financiero/estudioPrevio/personalSolicitado/asociarProfesionPersonalSolicitado.xhtml HTTP/1.1" 200 1439
201.245.192.253 - - [15/Mar/2023:10:15:04 -0500] "POST /sipse/faces/presentacion/financiero/solicitudProceso/listarSolicitudProceso.xhtml HTTP/1.1" 200 5947
181.53.13.85 - - [15/Mar/2023:10:15:03 -0500] "POST /sipse/faces/presentacion/financiero/estudioPrevio/personalSolicitado/asociarProfesionPersonalSolicitado.xhtml HTTP/1.1" 200 1439
201.245.192.253 - - [15/Mar/2023:10:15:02 -0500] "POST /sipse/faces/presentacion/financiero/solicitudProceso/listarSolicitudProceso.xhtml HTTP/1.1" 200 1392
181.53.13.85 - - [15/Mar/2023:10:15:05 -0500] "POST /sipse/faces/presentacion/financiero/estudioPrevio/personalSolicitado/asociarProfesionPersonalSolicitado.xhtml HTTP/1.1" 200 6302
201.245.192.253 - - [15/Mar/2023:10:15:06 -0500] "POST /sipse/faces/presentacion/financiero/solicitudProceso/listarSolicitudProceso.xhtml HTTP/1.1" 200 164075
201.245.192.253 - - [15/Mar/2023:10:15:08 -0500] "GET /sipse/faces/javax.faces.resource/jquery/jquery.js?ln=primefaces&v=4.0 HTTP/1.1" 304 -
201.245.192.253 - - [15/Mar/2023:10:15:08 -0500] "GET /sipse/faces/javax.faces.resource/jquery/jquery-plugins.js?ln=primefaces&v=4.0 HTTP/1.1" 304 -
201.245.192.253 - - [15/Mar/2023:10:15:05 -0500] "POST /sipse/faces/presentacion/financiero/solicitudProceso/listarSolicitudProceso.xhtml HTTP/1.1" 200 1400
201.245.192.253 - - [15/Mar/2023:10:15:08 -0500] "GET /sipse/faces/javax.faces.resource/primefaces.js?ln=primefaces&v=4.0 HTTP/1.1" 304 -
186.30.116.46 - - [15/Mar/2023:10:15:08 -0500] "POST /sipse/faces/presentacion/financiero/solicitudProceso/consultar.xhtml HTTP/1.1" 200 12826
201.245.192.253 - - [15/Mar/2023:10:15:08 -0500] "GET /sipse/faces/javax.faces.resource/layout/layout.js?ln=primefaces&v=4.0 HTTP/1.1" 304 -
186.84.90.232 - - [15/Mar/2023:10:15:09 -0500] "GET /mujeres-que-reverdecen-secretaria-de-ambiente-anuncia-el-inicio-de-la-tercera-fase.html HTTP/1.1" 200 954
201.245.192.253 - - [15/Mar/2023:10:15:08 -0500] "POST /sipse/faces/presentacion/financiero/solicitudProceso/listarSolicitudProceso.xhtml HTTP/1.1" 200 1392
181.53.13.85 - - [15/Mar/2023:10:15:12 -0500] "GET /sipse/faces/javax.faces.resource/theme.css?ln=primefaces-sipse HTTP/1.1" 304 -
181.53.13.85 - - [15/Mar/2023:10:15:11 -0500] "POST /sipse/faces/presentacion/financiero/estudioPrevio/personalSolicitado/asociarProfesionPersonalSolicitado.xhtml HTTP/1.1" 200 54738
181.53.13.85 - - [15/Mar/2023:10:15:12 -0500] "GET /sipse/faces/javax.faces.resource/primefaces.js?ln=primefaces&v=4.0 HTTP/1.1" 304 -
181.53.13.85 - - [15/Mar/2023:10:15:12 -0500] "GET /sipse/faces/javax.faces.resource/jquery/jquery.js?ln=primefaces&v=4.0 HTTP/1.1" 304 -
181.53.13.85 - - [15/Mar/2023:10:15:12 -0500] "GET /sipse/faces/javax.faces.resource/jquery/jquery-plugins.js?ln=primefaces&v=4.0 HTTP/1.1" 304 -
181.53.13.85 - - [15/Mar/2023:10:15:12 -0500] "GET /sipse/faces/javax.faces.resource/primefaces.css?ln=primefaces&v=4.0 HTTP/1.1" 304 -
181.53.13.85 - - [15/Mar/2023:10:15:12 -0500] "GET /sipse/faces/javax.faces.resource/layout/layout.css?ln=primefaces&v=4.0 HTTP/1.1" 304 -
181.53.13.85 - - [15/Mar/2023:10:15:12 -0500] "GET /sipse/faces/javax.faces.resource/layout/layout.js?ln=primefaces&v=4.0 HTTP/1.1" 304 -
201.245.192.253 - - [15/Mar/2023:10:15:12 -0500] "POST /sipse/faces/presentacion/financiero/solicitudProceso/consultarSolicitudProceso.xhtml HTTP/1.1" 200 76034
201.245.192.253 - - [15/Mar/2023:10:15:10 -0500] "POST /sipse/faces/presentacion/financiero/solicitudProceso/listarSolicitudProceso.xhtml HTTP/1.1" 200 1400
186.30.116.46 - - [15/Mar/2023:10:15:12 -0500] "POST /sipse/faces/presentacion/financiero/solicitudProceso/consultar.xhtml HTTP/1.1" 200 143007
186.30.116.46 - - [15/Mar/2023:10:15:14 -0500] "GET /sipse/faces/javax.faces.resource/theme.css?ln=primefaces-sipse HTTP/1.1" 304 -
186.30.116.46 - - [15/Mar/2023:10:15:14 -0500] "GET /sipse/faces/javax.faces.resource/primefaces.css?ln=primefaces&v=4.0 HTTP/1.1" 304 -
186.30.116.46 - - [15/Mar/2023:10:15:14 -0500] "GET /sipse/faces/javax.faces.resource/jquery/jquery.js?ln=primefaces&v=4.0 HTTP/1.1" 304 -
186.30.116.46 - - [15/Mar/2023:10:15:14 -0500] "GET /sipse/faces/javax.faces.resource/layout/layout.css?ln=primefaces&v=4.0 HTTP/1.1" 304 -
186.30.116.46 - - [15/Mar/2023:10:15:15 -0500] "GET /sipse/faces/javax.faces.resource/jquery/jquery-plugins.js?ln=primefaces&v=4.0 HTTP/1.1" 304 -
201.245.192.253 - - [15/Mar/2023:10:15:13 -0500] "POST /sipse/faces/presentacion/financiero/solicitudProceso/listarSolicitudProceso.xhtml HTTP/1.1" 200 1392
186.30.116.46 - - [15/Mar/2023:10:15:15 -0500] "GET /sipse/faces/javax.faces.resource/primefaces.js?ln=primefaces&v=4.0 HTTP/1.1" 304 -
201.245.192.253 - - [15/Mar/2023:10:15:13 -0500] "POST /sipse/faces/presentacion/financiero/solicitudProceso/consultarSolicitudProceso.xhtml HTTP/1.1" 200 7431837
186.30.116.46 - - [15/Mar/2023:10:15:15 -0500] "GET /sipse/faces/javax.faces.resource/layout/layout.js?ln=primefaces&v=4.0 HTTP/1.1" 304 -
186.102.31.31 - - [15/Mar/2023:10:15:16 -0500] "GET /kwssiamovil/sm/acme/a?s=U2FsdGVkX1/HvQ5Sc0GMUCBS2fpSvyY56vIysJ6eTKBY65y5sxdi/gzloEoyEGlyo3gyqOHe2sOKj7HMJ3C6o/XbGMZGWxgJtiKp+7cVJZlPdfTPV9c6Tqo09Hve1rf3JJSDwlb3ZYIxkS+zvIUY6k31Bi2UfdTIfrzoElpFPwFQQawVgm5YHNSsworaRm+qFqkfqVn5rYkaRNU8p5cwSMcRPh005DMtpLmTYWUSkXyQXPCZQ0QOqYIz5OGHioNyzuDixcp3Vw3H38pNbpWQ7w==&u=U2FsdGVkX1+7o9eDsxfnv9C2uDi0u5cmrEfpw8LYZUNSlMr+7+tlxSSraVQ83VoX&y=U2FsdGVkX19x23S87IvnvSfPYLKm+rH6veDBH0JeEkXaNh8lSWPN2cLUlozlsp3i HTTP/1.1" 200 26
172.22.2.4 - - [15/Mar/2023:10:15:16 -0500] "GET /BLA/boletinlegal/consulta_conceptos.php?no=&solicitante=&radicado_entrada=&fecha_concepto=2017&objeto=aprovechamiento%20forestal HTTP/1.1" 200 570
186.102.31.31 - - [15/Mar/2023:10:15:16 -0500] "GET /kwssiamovil/sm/acme/a?s=U2FsdGVkX1+uNWyNXJebnedrPkCYHvgR71G1xiDCSFJrOLrCmUMb4FFkTByNAh00W8WLhp4MikjVP7QWO2h+b7DhwQknjVXoqrfgmbp0ZTkiMVhF930vVJ4VrI7+E93mgnE4nxiQ3kPTE98wVxXif1CUIH9aSO940G6918V0vvbdW3rOduZ8vmp4mNcxFbIWKWeNM3AOzXIKtSn6sV9hYr4ZG6Fm92boY+fXX3MxgF5/NA4YvUfkZi9X7loklD4dTW71cymu4RkNIrQWab3YZZeJD0eGwMsnniO4/B5wpiQkaz4wJ3rU/2IzEEXLWWIp/bmtoeEJrRdj8zU8Skso0mjcj/+9T0KreCOehjU8TfpkHxi4fmhaMVZzlU206VQ4wvAGWu5JbwXT/8QAnpzNfgxj8GgphXburkV70MT5PsqFbJPT203WYRx52F7Zf9zpEgr6Lo+FsIQDBs9MybnjEv6znRXpvozAHCzGwfNkkY4hT4zlb8hqDcJzhAbWp/4Egux/jr4jhPt2y8Ip2u5UokQGTsqfBGFHoHHD9iHjytQfPPiMuZEVG+DSqwGZnU+6/HU8dAP1X7cSj5zJjUd74L2AjvcHUt26rFvz3D39WVELS3KC05AVupPDX/lI8y4pE0DOm3BfpVpccU/O3SbfPzWTATG6gE7Q67FbSx7C27myirwMHVQWu2FsTkYjyr2LCPEhkM+6AB2co2SnJMuZT6U4eicTjJsr4pxVxgJMQJitW/mHuYB322pYQ0xlhD2Ys5TXLuU+H3rUfJcmXz5xBMCM/1uEaphNMErXQjvcb0a5HiCz21GiSXsZXSSeHFQGH4DIF/R4k9GBQ/fcS6psxj+yqIfmdEUg6cNXBmyHwuEY3I5FkIfLSNv+J9SOoNyO3stjhyzjCgCjc8vqNvAkrQHUCPfikGGt3268Ls34pAsM8frr1Nq9xPvK6SgIX6fGDvHmH3T+tG0/MLssOIAhrl5P3j9vNPMOXPZu7BDWoBH5CqpqjQ8vHH+aAuOUAbAPu7ULIlnjpVBb94l7Q0F/lcRlS82TSMWXixU8V3TmqKgr9b/gOIDAksfryUut4ZbLcfz3LmAGhTQ32go4WEdGWi1JIv1avhBOR1kTGsxVHREm8qI1/7oDbAqq6LhlsBwSxq1d79+/qmtfPiDuQxnfQgX0/RvReBGdpEAvRxQI3GAnkRNIJM5BnVw+XMwSJJxP98w0rGuv2M5mjVRkhQwqQKZ7ismUFhZowQTpB/bFShfHj8FAplmgNba5FE1kd0JYAETAJtOwgMhC6tYzKw+F3l6SjvoP5XLBlY8NKe4LrO5p6ZhcEywz05LhwHsoNzBkLCNfS6VeiXNv1dq9whnruXyKovhrJ5kcdwKeS0a2nWT5f1YGfbRb3PLIRb54EVQi5/DQROrbPSJygCfP5/fMgeOjNgb3iag+OKw1vxfbMQCjYsm842KAlp7TGVAbT60zXC81sOEPj1u8lWzNX258qJ6wfnwKsevhzED/gfcJ7Wu/thV2pyikKoV10X8oA93lnFxxBSkup5ha++VZffcWFp+ulVdbAUm9LkfnnK37y+M88Mxem43hjFQFzSVoRyMsdkY/NtaB4AbOsxoosXZhSBCriCMII8YmAJrFb4i63+vEMyywSSY4Habd7W3vwhY86ZvDfTXDmiS4XckpAyitH8kdxrefaa/MFZJ7iGNKiH85/O0ZU1vxB8TH9pMsfSzjPkqsiyyjjjoAJRPTd7+1SotdW9Qby91SMawJumf6FyAH6NCPwAuecOeNMZm7E/vhFNYvG3zLdqewP1dK42WqfNmn6MttN6pMiI6pdtVsJFuIlXeTKXJsQUU4MfsJJwJJJOzalT2NxjV5CuMFfRFSKOcuyAj7vwZ7JGLY7g9RSylKne20ZNiQZ5b9ZVnySIRF97N+SwJgipDJuw+HeZYW7sVDO4vFKddZTZZQb8X85owheHKPiLZkfdFaatnGAQluVbpEjXm7yKpMDTuytN3iHi5QCI98xwZmAl4+cqzo64rTftCANDT9rLpJuk3bGTStwqjShKyx38ECSJRcHre2oyU8ULG8CJLzLOSS5FzZuB9ljLMkkRdvq/py4qNfgscs6rmeQ6kYrKzvGsMQ8b49VxRibZHFepliUDCIifA4+CUABsLY1ffwMIPDL4ZvTqrKRBrcO5JfuKz03kvwtVrLclsDSA1uPwHnkIolP8CIZAJo7fDmeCNIQOg9ZEy2ejs/rFUXUSEMXSltUD9dxkjCg7ljxqTSYNIM/IrfBE20/NCyNDgs7dwONBG4l63fZ4P04O0iPh6shSbbMDoOLwAhbPv/vFpG4Ln5YLUNkmZfb+X8S/y59tmZdQs3RjPKqPkpcnAZRWbg/L04sIS496bUDYcIlK7kSA6E8qVMwo5i1/43Je7x6rpJF+IH4WdQIYlJf+FjMyXMtZWPviebZCB6ZwLxnVlFW/zNN6bRO06xb1KDdymCBm3BciJM7GQzBwJiY+2oYZGbEqsGZiTglcqo7WztoBNqeHXWPt3gm/H6KXPZc3jDjXOyo26i92xRNQbI&u=U2FsdGVkX1+7o9eDsxfnv9C2uDi0u5cmrEfpw8LYZUNSlMr+7+tlxSSraVQ83VoX&y=U2FsdGVkX19x23S87IvnvSfPYLKm+rH6veDBH0JeEkXaNh8lSWPN2cLUlozlsp3i HTTP/1.1" 200 26
186.102.31.31 - - [15/Mar/2023:10:15:16 -0500] "GET /kwssiamovil/sm/acme/a?s=U2FsdGVkX195IJFggV8VdXSvq29SzmpWIzkZlxnH48kGI8KyhL9TbwwV0mxvmkDnKHsgUCZpzJMZjLiv09CKWwjkxmfeN2xdsyYJ0XfbMwvEh6vwmpvucYRZura7tsCKo2xBVN8xz7RrWyggUEZbN4CNQ8y86LW3WYt33/Nt0w4=&u=U2FsdGVkX1+7o9eDsxfnv9C2uDi0u5cmrEfpw8LYZUNSlMr+7+tlxSSraVQ83VoX&y=U2FsdGVkX19x23S87IvnvSfPYLKm+rH6veDBH0JeEkXaNh8lSWPN2cLUlozlsp3i HTTP/1.1" 200 26
186.102.31.31 - - [15/Mar/2023:10:15:17 -0500] "GET /kwssiamovil/sm/acme/a?s=U2FsdGVkX1+FQYNJuGNOv/fHrJugcR0tmYKajH/a8vSEyOSibwrVGTuFDkt4S1fB8TuX1+TcGSNBtFKFB/fsueBUJKB3szx4P/YB92cT9X959vId0Ley5in/5cwZMQDGuyxEqOM/x1Tve9gIS2XR4WxqCDtV8rr1iir+ih8p/N4=&u=U2FsdGVkX1+7o9eDsxfnv9C2uDi0u5cmrEfpw8LYZUNSlMr+7+tlxSSraVQ83VoX&y=U2FsdGVkX19x23S87IvnvSfPYLKm+rH6veDBH0JeEkXaNh8lSWPN2cLUlozlsp3i HTTP/1.1" 200 26
201.245.192.253 - - [15/Mar/2023:10:15:16 -0500] "POST /sipse/faces/presentacion/financiero/solicitudProceso/consultarSolicitudProceso.xhtml HTTP/1.1" 200 1878590
186.102.31.31 - - [15/Mar/2023:10:15:17 -0500] "GET /kwssiamovil/sm/acme/a?s=U2FsdGVkX18lhDPTTUbcfrQO07NxshVMkNKJqPlLx2ADoN7avKFynJHsxnGCk01fO6wBpHI4M5XXJngpsFfLqHfLnp/UMXaijkrlFVjQ/vYzI6wXKrSe7ATT2xImFF/Tt+kb9ZQjwDLq1XF8DyrChxvH5ukfT+jyN75nAaqnSEU=&u=U2FsdGVkX1+7o9eDsxfnv9C2uDi0u5cmrEfpw8LYZUNSlMr+7+tlxSSraVQ83VoX&y=U2FsdGVkX19x23S87IvnvSfPYLKm+rH6veDBH0JeEkXaNh8lSWPN2cLUlozlsp3i HTTP/1.1" 200 26
186.102.31.31 - - [15/Mar/2023:10:15:17 -0500] "GET /kwssiamovil/sm/acme/a?s=U2FsdGVkX19htIihwhORcsYbdi6U2DvkUP/4oqljO29HOWqSgDN0SsR9mMatimnf0qlED6M43JZfK8niOp+CyNgHmXt/Md9fcqBIVlh8kaZn8FpIZLqh+jCTYOb7vovatv6v5m0nFmqMP5jiD6po6i4QkM7JBoqMXAE6JpKvaQ4ZrYxBp4zqN3pE8/RkCMl5BV5E1u+/aEjIUVwvEOuMTg==&u=U2FsdGVkX1+7o9eDsxfnv9C2uDi0u5cmrEfpw8LYZUNSlMr+7+tlxSSraVQ83VoX&y=U2FsdGVkX19x23S87IvnvSfPYLKm+rH6veDBH0JeEkXaNh8lSWPN2cLUlozlsp3i HTTP/1.1" 200 26
201.245.192.253 - - [15/Mar/2023:10:15:15 -0500] "POST /sipse/faces/presentacion/financiero/solicitudProceso/listarSolicitudProceso.xhtml HTTP/1.1" 200 1400
201.245.192.253 - - [15/Mar/2023:10:15:17 -0500] "POST /sipse/faces/presentacion/financiero/solicitudProceso/listarSolicitudProceso.xhtml HTTP/1.1" 200 1392
172.22.2.4 - - [15/Mar/2023:10:15:19 -0500] "GET /BLA/boletinlegal/consulta_conceptos.php?no=&solicitante=&radicado_entrada=&fecha_concepto=2016&objeto=aprovechamiento%20forestal HTTP/1.1" 200 570
201.245.192.253 - - [15/Mar/2023:10:15:20 -0500] "POST /sipse/faces/presentacion/financiero/solicitudProceso/consultarSolicitudProceso.xhtml HTTP/1.1" 200 838707
172.22.2.4 - - [15/Mar/2023:10:15:22 -0500] "GET /BLA/boletinlegal/consulta_conceptos.php?no=&solicitante=&radicado_entrada=&fecha_concepto=2016&objeto=aprovechamiento%20forestal HTTP/1.1" 200 570
201.245.192.253 - - [15/Mar/2023:10:15:20 -0500] "POST /sipse/faces/presentacion/financiero/solicitudProceso/listarSolicitudProceso.xhtml HTTP/1.1" 200 1400
186.30.116.46 - - [15/Mar/2023:10:15:24 -0500] "GET /sipse/faces/javax.faces.resource/theme.css?ln=primefaces-sipse HTTP/1.1" 304 -
186.30.116.46 - - [15/Mar/2023:10:15:24 -0500] "GET /sipse/faces/javax.faces.resource/layout/layout.css?ln=primefaces&v=4.0 HTTP/1.1" 304 -
186.30.116.46 - - [15/Mar/2023:10:15:24 -0500] "GET /sipse/faces/javax.faces.resource/primefaces.css?ln=primefaces&v=4.0 HTTP/1.1" 304 -
201.245.192.253 - - [15/Mar/2023:10:15:22 -0500] "POST /sipse/faces/presentacion/financiero/solicitudProceso/listarSolicitudProceso.xhtml HTTP/1.1" 200 1392
186.30.116.46 - - [15/Mar/2023:10:15:24 -0500] "GET /sipse/faces/javax.faces.resource/jquery/jquery.js?ln=primefaces&v=4.0 HTTP/1.1" 304 -
186.30.116.46 - - [15/Mar/2023:10:15:24 -0500] "GET /sipse/faces/javax.faces.resource/layout/layout.js?ln=primefaces&v=4.0 HTTP/1.1" 304 -
186.30.116.46 - - [15/Mar/2023:10:15:24 -0500] "GET /sipse/faces/javax.faces.resource/jquery/jquery-plugins.js?ln=primefaces&v=4.0 HTTP/1.1" 304 -
186.30.116.46 - - [15/Mar/2023:10:15:24 -0500] "GET /sipse/faces/javax.faces.resource/primefaces.js?ln=primefaces&v=4.0 HTTP/1.1" 304 -
186.30.116.46 - - [15/Mar/2023:10:15:20 -0500] "POST /sipse/faces/presentacion/financiero/solicitudProceso/consultarSolicitudProceso.xhtml HTTP/1.1" 200 40296
172.22.2.4 - - [15/Mar/2023:10:15:25 -0500] "GET /BLA/boletinlegal/consulta_conceptos.php?no=&solicitante=&radicado_entrada=&fecha_concepto=2019&objeto=aprovechamiento%20forestal HTTP/1.1" 200 570
201.245.192.253 - - [15/Mar/2023:10:15:24 -0500] "POST /sipse/faces/presentacion/financiero/solicitudProceso/listarSolicitudProceso.xhtml HTTP/1.1" 200 1400
179.51.119.61 - - [15/Mar/2023:10:15:28 -0500] "GET /sipse/faces/index.xhtml HTTP/1.1" 200 677
179.51.119.61 - - [15/Mar/2023:10:15:28 -0500] "GET /sipse/faces/javax.faces.resource/theme.css?ln=primefaces-sipse HTTP/1.1" 304 -
179.51.119.61 - - [15/Mar/2023:10:15:28 -0500] "GET /sipse/faces/faces/autenticacion.xhtml HTTP/1.1" 200 12171
179.51.119.61 - - [15/Mar/2023:10:15:28 -0500] "GET /sipse/js/disable_browser_buttons.js HTTP/1.1" 304 -
179.51.119.61 - - [15/Mar/2023:10:15:28 -0500] "GET /sipse/css/custom_css_sg.css HTTP/1.1" 304 -
179.51.119.61 - - [15/Mar/2023:10:15:28 -0500] "GET /sipse/css/custom_css_sg_prime_login.css HTTP/1.1" 304 -
179.51.119.61 - - [15/Mar/2023:10:15:28 -0500] "GET /sipse/js/funciones.js HTTP/1.1" 304 -
179.51.119.61 - - [15/Mar/2023:10:15:28 -0500] "GET /sipse/faces/javax.faces.resource/layout/layout.css?ln=primefaces&v=4.0 HTTP/1.1" 304 -
179.51.119.61 - - [15/Mar/2023:10:15:28 -0500] "GET /sipse/faces/javax.faces.resource/primefaces.css?ln=primefaces&v=4.0 HTTP/1.1" 304 -
179.51.119.61 - - [15/Mar/2023:10:15:28 -0500] "GET /sipse/faces/javax.faces.resource/theme.css?ln=primefaces-sipse HTTP/1.1" 304 -
179.51.119.61 - - [15/Mar/2023:10:15:28 -0500] "GET /sipse/faces/javax.faces.resource/jquery/jquery.js?ln=primefaces&v=4.0 HTTP/1.1" 304 -
179.51.119.61 - - [15/Mar/2023:10:15:28 -0500] "GET /sipse/faces/javax.faces.resource/jquery/jquery-plugins.js?ln=primefaces&v=4.0 HTTP/1.1" 304 -
179.51.119.61 - - [15/Mar/2023:10:15:28 -0500] "GET /sipse/faces/javax.faces.resource/primefaces.js?ln=primefaces&v=4.0 HTTP/1.1" 304 -
179.51.119.61 - - [15/Mar/2023:10:15:28 -0500] "GET /sipse/faces/javax.faces.resource/layout/layout.js?ln=primefaces&v=4.0 HTTP/1.1" 304 -
179.51.119.61 - - [15/Mar/2023:10:15:28 -0500] "GET /sipse/css/imagen/loginimg.png HTTP/1.1" 304 -
179.51.119.61 - - [15/Mar/2023:10:15:28 -0500] "GET /sipse/css/imagen/logoSDG.png HTTP/1.1" 304 -
179.51.119.61 - - [15/Mar/2023:10:15:28 -0500] "GET /sipse/faces/javax.faces.resource/images/ui-icons_898989_256x240.png?ln=primefaces-aristo HTTP/1.1" 304 -
201.245.192.253 - - [15/Mar/2023:10:15:26 -0500] "POST /sipse/faces/presentacion/financiero/solicitudProceso/listarSolicitudProceso.xhtml HTTP/1.1" 200 1392
181.53.13.85 - - [15/Mar/2023:10:15:29 -0500] "GET /sipse/faces/javax.faces.resource/theme.css?ln=primefaces-sipse HTTP/1.1" 304 -
181.53.13.85 - - [15/Mar/2023:10:15:29 -0500] "GET /sipse/faces/javax.faces.resource/primefaces.css?ln=primefaces&v=4.0 HTTP/1.1" 304 -
181.53.13.85 - - [15/Mar/2023:10:15:29 -0500] "GET /sipse/faces/javax.faces.resource/layout/layout.css?ln=primefaces&v=4.0 HTTP/1.1" 304 -
181.53.13.85 - - [15/Mar/2023:10:15:29 -0500] "GET /sipse/faces/javax.faces.resource/jquery/jquery-plugins.js?ln=primefaces&v=4.0 HTTP/1.1" 304 -
181.53.13.85 - - [15/Mar/2023:10:15:29 -0500] "GET /sipse/faces/javax.faces.resource/jquery/jquery.js?ln=primefaces&v=4.0 HTTP/1.1" 304 -
181.53.13.85 - - [15/Mar/2023:10:15:29 -0500] "GET /sipse/faces/javax.faces.resource/primefaces.js?ln=primefaces&v=4.0 HTTP/1.1" 304 -
181.53.13.85 - - [15/Mar/2023:10:15:29 -0500] "GET /sipse/faces/javax.faces.resource/layout/layout.js?ln=primefaces&v=4.0 HTTP/1.1" 304 -
181.53.13.85 - - [15/Mar/2023:10:15:28 -0500] "POST /sipse/faces/presentacion/financiero/estudioPrevio/personalSolicitado/personalSolicitadoSolicitudProceso.xhtml HTTP/1.1" 200 179046
201.245.192.253 - - [15/Mar/2023:10:15:28 -0500] "POST /sipse/faces/presentacion/financiero/solicitudProceso/listarSolicitudProceso.xhtml HTTP/1.1" 200 1400
179.51.119.61 - - [15/Mar/2023:10:15:32 -0500] "POST /sipse/faces/autenticacion.xhtml HTTP/1.1" 200 2220
179.51.119.61 - - [15/Mar/2023:10:15:32 -0500] "GET /sipse/faces/javax.faces.resource/messages/messages.png?ln=primefaces&v=4.0 HTTP/1.1" 304 -
179.51.119.61 - - [15/Mar/2023:10:15:33 -0500] "POST /sipse/faces/autenticacion.xhtml HTTP/1.1" 200 16293
179.51.119.61 - - [15/Mar/2023:10:15:33 -0500] "GET /sipse/css/custom_css_sg_prime.css HTTP/1.1" 304 -
179.51.119.61 - - [15/Mar/2023:10:15:33 -0500] "GET /sipse/faces/javax.faces.resource/theme.css?ln=primefaces-sipse HTTP/1.1" 304 -
179.51.119.61 - - [15/Mar/2023:10:15:33 -0500] "GET /sipse/faces/javax.faces.resource/primefaces.css?ln=primefaces&v=4.0 HTTP/1.1" 304 -
179.51.119.61 - - [15/Mar/2023:10:15:33 -0500] "GET /sipse/faces/javax.faces.resource/layout/layout.css?ln=primefaces&v=4.0 HTTP/1.1" 304 -
179.51.119.61 - - [15/Mar/2023:10:15:33 -0500] "GET /sipse/js/jquery.min.js HTTP/1.1" 304 -
179.51.119.61 - - [15/Mar/2023:10:15:33 -0500] "GET /sipse/faces/javax.faces.resource/jquery/jquery.js?ln=primefaces&v=4.0 HTTP/1.1" 304 -
172.22.2.4 - - [15/Mar/2023:10:15:33 -0500] "GET /BLA/boletinlegal/consulta_conceptos.php?no=&solicitante=&radicado_entrada=&fecha_concepto=2019&objeto=forestal HTTP/1.1" 200 1244
179.51.119.61 - - [15/Mar/2023:10:15:33 -0500] "GET /sipse/faces/javax.faces.resource/jquery/jquery-plugins.js?ln=primefaces&v=4.0 HTTP/1.1" 304 -
179.51.119.61 - - [15/Mar/2023:10:15:33 -0500] "GET /sipse/faces/javax.faces.resource/primefaces.js?ln=primefaces&v=4.0 HTTP/1.1" 304 -
179.51.119.61 - - [15/Mar/2023:10:15:33 -0500] "GET /sipse/faces/javax.faces.resource/layout/layout.js?ln=primefaces&v=4.0 HTTP/1.1" 304 -
179.51.119.61 - - [15/Mar/2023:10:15:33 -0500] "GET /sipse/imagenes/cargando.gif HTTP/1.1" 304 -
179.51.119.61 - - [15/Mar/2023:10:15:33 -0500] "GET /sipse/css/imagen/contrasena.png HTTP/1.1" 404 383
179.51.119.61 - - [15/Mar/2023:10:15:33 -0500] "GET /sipse/imagenes/logoAplicacion.jpg HTTP/1.1" 304 -
179.51.119.61 - - [15/Mar/2023:10:15:37 -0500] "GET /sipse/faces/javax.faces.resource/images/ui-bg_flat_0_2d5972_40x100.png?ln=primefaces-aristo HTTP/1.1" 304 -
179.51.119.61 - - [15/Mar/2023:10:15:37 -0500] "POST /sipse/faces/bienvenido.xhtml HTTP/1.1" 200 6185
179.51.119.61 - - [15/Mar/2023:10:15:39 -0500] "POST /sipse/faces/bienvenido.xhtml HTTP/1.1" 200 32098
179.51.119.61 - - [15/Mar/2023:10:15:39 -0500] "GET /sipse/faces/javax.faces.resource/theme.css?ln=primefaces-sipse HTTP/1.1" 304 -
179.51.119.61 - - [15/Mar/2023:10:15:39 -0500] "GET /sipse/faces/javax.faces.resource/layout/layout.css?ln=primefaces&v=4.0 HTTP/1.1" 304 -
179.51.119.61 - - [15/Mar/2023:10:15:39 -0500] "GET /sipse/faces/javax.faces.resource/primefaces.css?ln=primefaces&v=4.0 HTTP/1.1" 304 -
179.51.119.61 - - [15/Mar/2023:10:15:40 -0500] "GET /sipse/faces/javax.faces.resource/jquery/jquery.js?ln=primefaces&v=4.0 HTTP/1.1" 304 -
179.51.119.61 - - [15/Mar/2023:10:15:40 -0500] "GET /sipse/faces/javax.faces.resource/jquery/jquery-plugins.js?ln=primefaces&v=4.0 HTTP/1.1" 304 -
179.51.119.61 - - [15/Mar/2023:10:15:40 -0500] "GET /sipse/faces/javax.faces.resource/primefaces.js?ln=primefaces&v=4.0 HTTP/1.1" 304 -
179.51.119.61 - - [15/Mar/2023:10:15:40 -0500] "GET /sipse/faces/javax.faces.resource/layout/layout.js?ln=primefaces&v=4.0 HTTP/1.1" 304 -
181.53.13.85 - - [15/Mar/2023:10:15:37 -0500] "POST /sipse/faces/presentacion/financiero/solicitudProceso/consultarSolicitudProceso.xhtml HTTP/1.1" 200 37880
181.53.13.85 - - [15/Mar/2023:10:15:42 -0500] "GET /sipse/faces/javax.faces.resource/theme.css?ln=primefaces-sipse HTTP/1.1" 304 -
181.53.13.85 - - [15/Mar/2023:10:15:42 -0500] "GET /sipse/faces/javax.faces.resource/primefaces.css?ln=primefaces&v=4.0 HTTP/1.1" 304 -
181.53.13.85 - - [15/Mar/2023:10:15:42 -0500] "GET /sipse/faces/javax.faces.resource/layout/layout.css?ln=primefaces&v=4.0 HTTP/1.1" 304 -
181.53.13.85 - - [15/Mar/2023:10:15:42 -0500] "GET /sipse/faces/javax.faces.resource/jquery/jquery.js?ln=primefaces&v=4.0 HTTP/1.1" 304 -
181.53.13.85 - - [15/Mar/2023:10:15:42 -0500] "GET /sipse/faces/javax.faces.resource/jquery/jquery-plugins.js?ln=primefaces&v=4.0 HTTP/1.1" 304 -
181.53.13.85 - - [15/Mar/2023:10:15:42 -0500] "GET /sipse/faces/javax.faces.resource/primefaces.js?ln=primefaces&v=4.0 HTTP/1.1" 304 -
181.53.13.85 - - [15/Mar/2023:10:15:42 -0500] "GET /sipse/faces/javax.faces.resource/layout/layout.js?ln=primefaces&v=4.0 HTTP/1.1" 304 -
172.22.2.4 - - [15/Mar/2023:10:15:43 -0500] "GET /BLA/boletinlegal/consulta_conceptos.php?no=&solicitante=&radicado_entrada=&fecha_concepto=2020&objeto=forestal HTTP/1.1" 200 917
181.53.13.85 - - [15/Mar/2023:10:15:42 -0500] "POST /sipse/faces/presentacion/financiero/solicitudProceso/listarSolicitudProceso.xhtml HTTP/1.1" 200 1396
179.51.119.61 - - [15/Mar/2023:10:15:46 -0500] "POST /sipse/faces/presentacion/sistema/reporte/listarReportes.xhtml HTTP/1.1" 200 27228
179.51.119.61 - - [15/Mar/2023:10:15:46 -0500] "POST /sipse/faces/presentacion/sistema/reporte/listarReportes.xhtml HTTP/1.1" 200 27228
201.245.192.253 - - [15/Mar/2023:10:15:51 -0500] "GET /mesa/contrasena.pdf HTTP/1.1" 200 443199
186.30.116.46 - - [15/Mar/2023:10:15:51 -0500] "GET /sipse/faces/javax.faces.resource/primefaces.css?ln=primefaces&v=4.0 HTTP/1.1" 304 -
186.30.116.46 - - [15/Mar/2023:10:15:51 -0500] "GET /sipse/faces/javax.faces.resource/theme.css?ln=primefaces-sipse HTTP/1.1" 304 -
186.30.116.46 - - [15/Mar/2023:10:15:51 -0500] "GET /sipse/faces/javax.faces.resource/jquery/jquery.js?ln=primefaces&v=4.0 HTTP/1.1" 304 -
186.30.116.46 - - [15/Mar/2023:10:15:51 -0500] "GET /sipse/faces/javax.faces.resource/jquery/jquery-plugins.js?ln=primefaces&v=4.0 HTTP/1.1" 304 -
186.30.116.46 - - [15/Mar/2023:10:15:51 -0500] "GET /sipse/faces/javax.faces.resource/layout/layout.js?ln=primefaces&v=4.0 HTTP/1.1" 304 -
186.30.116.46 - - [15/Mar/2023:10:15:51 -0500] "GET /sipse/faces/javax.faces.resource/primefaces.js?ln=primefaces&v=4.0 HTTP/1.1" 304 -
186.30.116.46 - - [15/Mar/2023:10:15:51 -0500] "GET /sipse/faces/javax.faces.resource/layout/layout.css?ln=primefaces&v=4.0 HTTP/1.1" 304 -
186.30.116.46 - - [15/Mar/2023:10:15:51 -0500] "GET /sipse/css/imagen/contrasena.png HTTP/1.1" 404 383
186.30.116.46 - - [15/Mar/2023:10:15:51 -0500] "GET /sipse/faces/javax.faces.resource/images/ui-icons_898989_256x240.png?ln=primefaces-aristo HTTP/1.1" 304 -
201.245.192.253 - - [15/Mar/2023:10:15:52 -0500] "GET /mesa/contrasena.pdf HTTP/1.1" 206 1
201.245.192.253 - - [15/Mar/2023:10:15:52 -0500] "GET /mesa/contrasena.pdf HTTP/1.1" 206 1091
172.22.2.4 - - [15/Mar/2023:10:15:52 -0500] "GET /BLA/boletinlegal/consulta_conceptos.php?no=&solicitante=&radicado_entrada=&fecha_concepto=2021&objeto=forestal HTTP/1.1" 200 570
186.30.116.46 - - [15/Mar/2023:10:15:50 -0500] "POST /sipse/faces/presentacion/financiero/solicitudProceso/consultarHistorialSolProceso.xhtml HTTP/1.1" 200 188705
179.51.119.61 - - [15/Mar/2023:10:15:54 -0500] "POST /sipse/faces/presentacion/sistema/reporte/listarReportes.xhtml HTTP/1.1" 200 22342
179.51.119.61 - - [15/Mar/2023:10:15:55 -0500] "GET /sipse/faces/javax.faces.resource/layout/layout.css?ln=primefaces&v=4.0 HTTP/1.1" 304 -
179.51.119.61 - - [15/Mar/2023:10:15:55 -0500] "GET /sipse/faces/javax.faces.resource/theme.css?ln=primefaces-sipse HTTP/1.1" 304 -
179.51.119.61 - - [15/Mar/2023:10:15:55 -0500] "GET /sipse/faces/javax.faces.resource/primefaces.css?ln=primefaces&v=4.0 HTTP/1.1" 304 -
179.51.119.61 - - [15/Mar/2023:10:15:55 -0500] "GET /sipse/faces/javax.faces.resource/jquery/jquery.js?ln=primefaces&v=4.0 HTTP/1.1" 304 -
179.51.119.61 - - [15/Mar/2023:10:15:55 -0500] "GET /sipse/faces/javax.faces.resource/primefaces.js?ln=primefaces&v=4.0 HTTP/1.1" 304 -
179.51.119.61 - - [15/Mar/2023:10:15:55 -0500] "GET /sipse/faces/javax.faces.resource/jquery/jquery-plugins.js?ln=primefaces&v=4.0 HTTP/1.1" 304 -
179.51.119.61 - - [15/Mar/2023:10:15:55 -0500] "GET /sipse/faces/javax.faces.resource/layout/layout.js?ln=primefaces&v=4.0 HTTP/1.1" 304 -
201.245.192.253 - - [15/Mar/2023:10:15:53 -0500] "POST /sipse/faces/presentacion/financiero/solicitudProceso/listarSolicitudProceso.xhtml HTTP/1.1" 200 146380
201.245.192.253 - - [15/Mar/2023:10:15:55 -0500] "GET /sipse/faces/javax.faces.resource/theme.css?ln=primefaces-sipse HTTP/1.1" 304 -
