186.30.116.46 - - [16/Mar/2023:09:26:34 -0500] "GET /sipse/faces/javax.faces.resource/theme.css?ln=primefaces-sipse HTTP/1.1" 304 -
186.30.116.46 - - [16/Mar/2023:09:26:34 -0500] "GET /sipse/faces/javax.faces.resource/primefaces.js?ln=primefaces&v=4.0 HTTP/1.1" 304 -
186.30.116.46 - - [16/Mar/2023:09:26:34 -0500] "GET /sipse/faces/javax.faces.resource/layout/layout.js?ln=primefaces&v=4.0 HTTP/1.1" 304 -
186.30.116.46 - - [16/Mar/2023:09:26:33 -0500] "POST /sipse/faces/presentacion/sistema/anexos/cargarAnexoSolicitudProceso.xhtml HTTP/1.1" 200 203761
186.102.69.187 - - [16/Mar/2023:09:26:34 -0500] "GET /kwssiamovil/sm/acme/a?s=U2FsdGVkX1/Sc203i8mYCfJT1OUMiTzxpSEdzs9XZ8FygMYkugGTXHXlDZQ93wTigx1pxtRXLv+zRGz6bJ6zRDwgFWPHsuN6k5a0K6ElE397RwDaf+J84rBd58+7GLz0tUxcpgICtAND720RN2ZsU8gyPqC1MVNz0B46rRCE8QGG9BSPasavWArUV0PGR/AThvD69hqdwG8/oP0GvmZOPvOLD8SkABGdVVA8S1YuuaRv7rBwaEJ5hJe/HPhi2XYL&u=U2FsdGVkX185B5Grv0Jcblf2Ps5tmocMFK+01hWjLTJT4DDL6b1L4IALm/y92DvI&y=U2FsdGVkX18bNk3rZOC2yiGNsfwnXhdpttkAm1QA3Zl2ylAsTVq9AfpVhDhqw0sJ HTTP/1.1" 200 25
200.118.80.45 - - [16/Mar/2023:09:26:34 -0500] "POST /sipse/faces/presentacion/financiero/solicitudProceso/listarSolicitudProceso.xhtml HTTP/1.1" 200 17094
186.102.69.187 - - [16/Mar/2023:09:26:34 -0500] "GET /kwssiamovil/sm/acme/a?s=U2FsdGVkX18eFlagxZt+3xv8sIQlZ5uVTTHVvZGhGqbMwWt6IVK+bJDK6ZIfKr1Q1q1sZPThRmkLramZy6I4fBnq7W2lFWClJPA816+CCh2w+Vpb03Prczu2YK/hM+EU2O2c+ohLC74eVK5YqvkPO0fW1uoIybUaa4HkTXxQinOvSYcDWRA+jszvQB2MKuEIJYIkqpIfQqfXSvnPD74NOA==&u=U2FsdGVkX185B5Grv0Jcblf2Ps5tmocMFK+01hWjLTJT4DDL6b1L4IALm/y92DvI&y=U2FsdGVkX18bNk3rZOC2yiGNsfwnXhdpttkAm1QA3Zl2ylAsTVq9AfpVhDhqw0sJ HTTP/1.1" 200 25
186.102.69.187 - - [16/Mar/2023:09:26:34 -0500] "GET /kwssiamovil/sm/acme/a?s=U2FsdGVkX19ByU49l7njOyvANr27Mwy5SAil12HPO8bTvSgi+FserEzjcoFrxl5q/wsWfO3DN48J92ofQxn99Cml0WMIn6uzBwWFhRiULAZ8w6RaFmGS3fQiqNYnriR/C5NCXdECzc/iAlB+VIaHToE+jfcMOPjpIkcCQldgvFEOXjELAQdduvb+VKAm7+kc&u=U2FsdGVkX185B5Grv0Jcblf2Ps5tmocMFK+01hWjLTJT4DDL6b1L4IALm/y92DvI&y=U2FsdGVkX18bNk3rZOC2yiGNsfwnXhdpttkAm1QA3Zl2ylAsTVq9AfpVhDhqw0sJ HTTP/1.1" 200 26
186.102.69.187 - - [16/Mar/2023:09:26:35 -0500] "GET /kwssiamovil/sm/acme/u?s=U2FsdGVkX18c7/jCbnxPC+DU1I6uuOliYCSJeNjciAwqZuhkiaug7xXWksE6QPzDqO9z7j9i087PW32GKr6OZb4ciTvvgUUQioT8mQ3ophP8vjs3ntiKZc+ucF2F2cmTJzAbOy8TYoine4IMX5GJB63gvCQ3AAODYs1dDGVde8X7dlZat+m0/cpxNTZWS9eQvzNIYtQ8xXgVkOgPEbMPGLJhyQ0zL6q5fWn1luQoHR78DqtOwO0l8lEFkSbHL2BtbLHE04AlTj9cF4H4jPgSMtLZcBEeBD3+GRZzoUY6xyUHTl/3TjlkCffLrfBmgmsVNWQ43p2MuGdXnQ0+e4mTa2rvscdTTjg7VuXkMUo4wpBjiEB3SQzxDM8wGT6zm3U8H7kggAs37W8IR/PC74NBSPosepiMta+sYqnEd7LRyZxBeQYjfGr+J1+crtwjhucgR/Dc9rFK3gV3LTPAZntTKYqtWqYJmaiobOfFClke38BmlrhVpFuTdChlodhydRrgu4VQU6RFHzZDx90mfU/k0sq2yK2cHS06wFjvWi8i8CPj1VaiTgw0PgubRzBdv4enHcs7XE3aVx7KFS5RL+w8scm5KfeWYiNllA4f+ipoxQ4uFsjG2l2aKbcYMqhBH32ul5x9zYCKXXgvGA9VtN2gZtpHsNqRSVTTkcHmsEcWcuci/hEZXvcczQVGXNKKze/5NJT+Tepw9lDuA1ZpRcXNdY6c+Ya+PHJTnsZQKt2WfPGh/lhl21Dzmh70YvNK3QtFRkp+V1t0C05xS6QnHm5L0TYO5swFu/t3UVIZEmTFKyrycvcFP3nTdlecuMR6hAVl8T0tPiwB9g2cF/Rrn31iSNC1zwZlXHG8wgHXqH5Z0gPu6sL76S6wJ8QPZPtaaeYOAtEPboCC/vG6OKRcimABWCzAnvHnmRtFDnnEXHiL+Jj1u52IRPFg8CocErCWVfcW7OFKni+jLOTBd9r5y109eXtMOT22rLJy4khq9oE2P1xCpiBoFjro+tXtVVFzYwOzZnkGk3sKPGSvAKg+Ri/pFsOnqsUxNrns9gl1OglFfNmS0w6PS10YtffQvu3h6+AdrEO4JHWXGMUr01Lf8ORQPmmPfLgd0oqeBxzMm8WEU78nrHzjdiSFZT4/U3fz2DydoUt1VGEG6fQLNy/IHr+UZB4GfpAmyOoEuzsKHjbfoi+9ldWpB5GcedkyG8VYtjvKzEB6X+OhdQzwxi9U7Edu3BtD/At4gk4gHaNwsZKUCVkR2mFi6Dj59SG49DrTjNZhr9mUBJ07d5GHs3aB/OY/KcvcdQvilzo92+Egywt/J8tS3qP8HzgkPM+Bz9hhnifBWpeDTR74iR/ioopmAOvCIXudRhH+u3A59XilOYtdzrvZHWxR8YyyY4UBpuT4Y7DwZWDPV1sx3uL/FZBz9fvtgWEqQe7tQOqJJI1oPNRpXSC/Y1NlNO8nsgBdzCeQ2f7Z9drJ35XzZTAlOpvzI+DwqCiqAnBg2M8woX2wfXSNx0sJXPpo9vcCUyZ6h5/G/CCy&u=U2FsdGVkX185B5Grv0Jcblf2Ps5tmocMFK+01hWjLTJT4DDL6b1L4IALm/y92DvI&y=U2FsdGVkX18bNk3rZOC2yiGNsfwnXhdpttkAm1QA3Zl2ylAsTVq9AfpVhDhqw0sJ HTTP/1.1" 200 60
186.102.69.187 - - [16/Mar/2023:09:26:35 -0500] "GET /kwssiamovil/sm/acme/a?s=U2FsdGVkX1+IqPMMoq6YKoEheN30C+lgMprVH3aYYhDkPvER1hnYNXGzpPtKa89ZaZ5V85RYEcr5DTuxAZql8LDcfbE84pNCsySL3raUyeVDjHf+uofzJ1fAep3OIS8o0Bq7DVqtUh9QwS/legKvOP3AAQc6/f9EIFGpTtl39stJE2PVefPAZESRXT0U6jAPW8WeDp+ZNR3V9RTk+yR+cA==&u=U2FsdGVkX185B5Grv0Jcblf2Ps5tmocMFK+01hWjLTJT4DDL6b1L4IALm/y92DvI&y=U2FsdGVkX18bNk3rZOC2yiGNsfwnXhdpttkAm1QA3Zl2ylAsTVq9AfpVhDhqw0sJ HTTP/1.1" 200 25
201.245.192.253 - - [16/Mar/2023:09:26:35 -0500] "POST /sipse/faces/presentacion/financiero/solicitudProceso/listarSolicitudProceso.xhtml HTTP/1.1" 200 29394
186.102.69.187 - - [16/Mar/2023:09:26:35 -0500] "GET /kwssiamovil/sm/acme/a?s=U2FsdGVkX18fiMgrG6n8RQJJtvvuWQaj7X1dwloJl0AyFQCLI/YJDZPsetS/MmVzRNwFtAuXujifvTK7vQwxMvilAQVExRfwscrcW/kdQwHnlnfe6DK9DUH/+RlfSSEMv6AfSuqFW6v+VRGIhPkF7Rp5sKUEm7KMsbxxqa8Ozk4=&u=U2FsdGVkX185B5Grv0Jcblf2Ps5tmocMFK+01hWjLTJT4DDL6b1L4IALm/y92DvI&y=U2FsdGVkX18bNk3rZOC2yiGNsfwnXhdpttkAm1QA3Zl2ylAsTVq9AfpVhDhqw0sJ HTTP/1.1" 200 26
201.245.192.253 - - [16/Mar/2023:09:26:35 -0500] "POST /sipse/faces/presentacion/financiero/solicitudProceso/listarSolicitudProceso.xhtml HTTP/1.1" 200 29394
186.102.69.187 - - [16/Mar/2023:09:26:35 -0500] "GET /kwssiamovil/sm/acme/a?s=U2FsdGVkX1+gQ7vG/hLF60IHsxf+44K6qo3HqcFP0sL1asgzvLfEi7IzSUxIIZMeXfiYv0kbQhicKL5qBwcSIyjDSgQarGCFP0k30M2cQ/BcJaTVJth6f0vyOr12dUYSdhU/ybQEMHbFBzkxv3k47ZjBOS9gQ9rmgGNP8SmvlE3WBtH3lRsuRwkasFLtrRNc&u=U2FsdGVkX185B5Grv0Jcblf2Ps5tmocMFK+01hWjLTJT4DDL6b1L4IALm/y92DvI&y=U2FsdGVkX18bNk3rZOC2yiGNsfwnXhdpttkAm1QA3Zl2ylAsTVq9AfpVhDhqw0sJ HTTP/1.1" 200 26
201.245.192.253 - - [16/Mar/2023:09:26:35 -0500] "POST /sipse/faces/presentacion/financiero/solicitudProceso/listarSolicitudProceso.xhtml HTTP/1.1" 200 29394
186.102.69.187 - - [16/Mar/2023:09:26:36 -0500] "GET /kwssiamovil/sm/acme/a?s=U2FsdGVkX19qm2iSWkEk30YiprAGSMF1v4PxsigKzNCA6ttLg7yCQ0N0Cu8jUopuwoW0tb+xXm5x2Y4R/Csg+SsMiMEVVfJpoUmRC7g1w0ASMWoXxP+D+XwKbKu+RGzT43gsIXcy2bjhGgS+XUhiQilhbEsKFl+WE/TiyfzmuxEQekY+OOaQkfhx0Az0wksZ&u=U2FsdGVkX185B5Grv0Jcblf2Ps5tmocMFK+01hWjLTJT4DDL6b1L4IALm/y92DvI&y=U2FsdGVkX18bNk3rZOC2yiGNsfwnXhdpttkAm1QA3Zl2ylAsTVq9AfpVhDhqw0sJ HTTP/1.1" 200 24
186.102.69.187 - - [16/Mar/2023:09:26:36 -0500] "GET /kwssiamovil/sm/acme/a?s=U2FsdGVkX193g/lPxGdzU/M/SZsjT4r5O6GcwXua8IzE2GRocFxOxqhRnAg0mtF1kK5yNXt5Cl+Ek9hR732tqTCgDY2v4igY3WaIKfV8SmDNrKxZ7HmwIJo+P84hyTNtMuMMwR7mfOtb9Qy/KRRnCh820/QtxBU1gKG4abC9S+W9t1KnsDA3UVPbkUE+3luuZ7Y8C4dRG1eUeTGhx4F2zyZJrPhrLiPbo8uRXGby+bjdtmg/r17XKvWWcX447mLqCNofjVAuIWlbckuphlgernJPswpiw2xFCkM+SyCCOk0RSHMBZi9rtzcOtj4YkEKzwMd2Pku2ZNARVGeZn4lTl7t95Pzqta8kAvo/I2pC8domY50eGvIfuMcLgzn0K85f&u=U2FsdGVkX185B5Grv0Jcblf2Ps5tmocMFK+01hWjLTJT4DDL6b1L4IALm/y92DvI&y=U2FsdGVkX18bNk3rZOC2yiGNsfwnXhdpttkAm1QA3Zl2ylAsTVq9AfpVhDhqw0sJ HTTP/1.1" 200 24
201.245.192.253 - - [16/Mar/2023:09:26:36 -0500] "POST /sipse/faces/presentacion/financiero/solicitudProceso/listarSolicitudProceso.xhtml HTTP/1.1" 200 29394
201.245.192.253 - - [16/Mar/2023:09:26:36 -0500] "POST /sipse/faces/presentacion/financiero/solicitudProceso/listarSolicitudProceso.xhtml HTTP/1.1" 200 1396
201.245.192.253 - - [16/Mar/2023:09:26:36 -0500] "POST /sipse/faces/presentacion/financiero/solicitudProceso/listarSolicitudProceso.xhtml HTTP/1.1" 200 1392
186.102.69.187 - - [16/Mar/2023:09:26:36 -0500] "GET /kwssiamovil/sm/acme/a?s=U2FsdGVkX19SHwvOLa+0ZikOwAy7fpWGuTzgA6P17bQ2pkXGP20AVYySrK79ZbmiYugUldpZOJ56pnXAc41RbSi13fRTAYCRR223FeEnzGY/HQSkLuURDip/gaFjKP29DRq0QFoLUIILMf343ecyQkvEnuOHLtvRqxj6JTQDkfiAHzNWYxO51BbW8/Mi7AZnFqRCQGPbwCRA+IwxFLum+Q==&u=U2FsdGVkX185B5Grv0Jcblf2Ps5tmocMFK+01hWjLTJT4DDL6b1L4IALm/y92DvI&y=U2FsdGVkX18bNk3rZOC2yiGNsfwnXhdpttkAm1QA3Zl2ylAsTVq9AfpVhDhqw0sJ HTTP/1.1" 200 25
201.245.192.253 - - [16/Mar/2023:09:26:36 -0500] "POST /sipse/faces/presentacion/financiero/solicitudProceso/listarSolicitudProceso.xhtml HTTP/1.1" 200 1400
186.102.69.187 - - [16/Mar/2023:09:26:36 -0500] "GET /kwssiamovil/sm/acme/a?s=U2FsdGVkX1/cCha8MNYhRBuIWqYLPbl/tx0l/2DB1HrIawp9Imcr5lCoXzZtLwwQxy4WnTjrGS+kBh1HpPHpc2iwhGRlHfOBaC83OE/gk1Z4oDPxYp3+FpYbZSzKk0Jw4IOp5WepKS5dTY9FQKtyC+sYzz8xI4HEMor3wrla5tQYnD4MBfCqsWs9PapXCdrl8o9W5MIov91GydLejieYgYqw8ljPefHKUyjkXDqYIQBCi3fRrUeHmvEjtP2V1erufjHrT5VV/d6+jQgFC0pkc3l/PzQN+M4pKeB4LVQBAwjuIf7JXez60AHNySRdzeBSJjTN1Z6eZgOpM5Ontxmj8QH0eLUQ9xCWcJpIoQos8t4=&u=U2FsdGVkX185B5Grv0Jcblf2Ps5tmocMFK+01hWjLTJT4DDL6b1L4IALm/y92DvI&y=U2FsdGVkX18bNk3rZOC2yiGNsfwnXhdpttkAm1QA3Zl2ylAsTVq9AfpVhDhqw0sJ HTTP/1.1" 200 25
201.245.192.253 - - [16/Mar/2023:09:26:36 -0500] "POST /sipse/faces/presentacion/financiero/solicitudProceso/listarSolicitudProceso.xhtml HTTP/1.1" 200 1392
186.102.69.187 - - [16/Mar/2023:09:26:37 -0500] "GET /kwssiamovil/sm/acme/a?s=U2FsdGVkX1/inF8RmV9Kt5VcOAzBpR95VfnbWc6Gynum4jwxQN+nMqX26Im93mdqdiYPsCd+Q7EwUtLlg7n7He7iEorxGXG6m9vozVEdSpI+FXw5IE4Dy82QuyDHqcAAswcKNhk10QgOZvRbNbJ17NYIqFM8R3oxiby5/x1hbKAuThw9Ye1GXTsLD1GJ5kH4&u=U2FsdGVkX185B5Grv0Jcblf2Ps5tmocMFK+01hWjLTJT4DDL6b1L4IALm/y92DvI&y=U2FsdGVkX18bNk3rZOC2yiGNsfwnXhdpttkAm1QA3Zl2ylAsTVq9AfpVhDhqw0sJ HTTP/1.1" 200 26
186.102.69.187 - - [16/Mar/2023:09:26:37 -0500] "GET /kwssiamovil/sm/acme/a?s=U2FsdGVkX1+/hCaQI2tsmMWqZ0ETy1Hm5FuuSP8uRwowfInBU5Z9/ASjhp8ALtvhICAXN2VB5Kyrvk+Uw225AHga31rCtBCF2xpEkKr7uXuN/4B760xVOvavXmxT72e/GR0K6I9hv3/cJR7EJCPowNkyqpXWUbdAX0vwDTn83ETOMaawaOcS1ggf5JH0dh9CmCemX2ZOGODvJM3f8n8YQA==&u=U2FsdGVkX185B5Grv0Jcblf2Ps5tmocMFK+01hWjLTJT4DDL6b1L4IALm/y92DvI&y=U2FsdGVkX18bNk3rZOC2yiGNsfwnXhdpttkAm1QA3Zl2ylAsTVq9AfpVhDhqw0sJ HTTP/1.1" 200 25
186.102.69.187 - - [16/Mar/2023:09:26:37 -0500] "GET /kwssiamovil/sm/acme/a?s=U2FsdGVkX1/BdpUbjScRu/ugzY8KtyWG8F1Q0El0NONhyB+0pYka06KcadKjj6aDqo13ccLlobGE7RtW0Lm1ZLC4H5PNx3/0kVXSZ+dzdvxvEIJHMNRMNw9fR/cpGxZVxAGs5ZbHTWr2PhnhTMYTusbqtDd6YtXEsDm4Y9SdqS/NjFdLA2YZnqukBNk/KYFI&u=U2FsdGVkX185B5Grv0Jcblf2Ps5tmocMFK+01hWjLTJT4DDL6b1L4IALm/y92DvI&y=U2FsdGVkX18bNk3rZOC2yiGNsfwnXhdpttkAm1QA3Zl2ylAsTVq9AfpVhDhqw0sJ HTTP/1.1" 200 26
200.118.80.45 - - [16/Mar/2023:09:26:36 -0500] "POST /sipse/faces/presentacion/financiero/solicitudProceso/listarSolicitudProceso.xhtml HTTP/1.1" 200 154337
200.118.80.45 - - [16/Mar/2023:09:26:37 -0500] "GET /sipse/faces/javax.faces.resource/theme.css?ln=primefaces-sipse HTTP/1.1" 304 -
200.118.80.45 - - [16/Mar/2023:09:26:38 -0500] "GET /sipse/faces/javax.faces.resource/primefaces.css?ln=primefaces&v=4.0 HTTP/1.1" 304 -
200.118.80.45 - - [16/Mar/2023:09:26:38 -0500] "GET /sipse/faces/javax.faces.resource/layout/layout.css?ln=primefaces&v=4.0 HTTP/1.1" 304 -
200.118.80.45 - - [16/Mar/2023:09:26:38 -0500] "GET /sipse/faces/javax.faces.resource/jquery/jquery.js?ln=primefaces&v=4.0 HTTP/1.1" 304 -
200.118.80.45 - - [16/Mar/2023:09:26:38 -0500] "GET /sipse/faces/javax.faces.resource/jquery/jquery-plugins.js?ln=primefaces&v=4.0 HTTP/1.1" 304 -
200.118.80.45 - - [16/Mar/2023:09:26:38 -0500] "GET /sipse/faces/javax.faces.resource/primefaces.js?ln=primefaces&v=4.0 HTTP/1.1" 304 -
200.118.80.45 - - [16/Mar/2023:09:26:38 -0500] "GET /sipse/faces/javax.faces.resource/layout/layout.js?ln=primefaces&v=4.0 HTTP/1.1" 304 -
200.118.80.45 - - [16/Mar/2023:09:26:39 -0500] "GET /sipse/faces/javax.faces.resource/images/ui-icons_898989_256x240.png?ln=primefaces-aristo HTTP/1.1" 304 -
200.118.80.45 - - [16/Mar/2023:09:26:42 -0500] "POST /sipse/faces/presentacion/financiero/solicitudProceso/consultarSolicitudProceso.xhtml HTTP/1.1" 200 51939
200.118.80.45 - - [16/Mar/2023:09:26:43 -0500] "GET /sipse/faces/javax.faces.resource/theme.css?ln=primefaces-sipse HTTP/1.1" 304 -
200.118.80.45 - - [16/Mar/2023:09:26:43 -0500] "GET /sipse/faces/javax.faces.resource/primefaces.css?ln=primefaces&v=4.0 HTTP/1.1" 304 -
200.118.80.45 - - [16/Mar/2023:09:26:43 -0500] "GET /sipse/faces/javax.faces.resource/layout/layout.css?ln=primefaces&v=4.0 HTTP/1.1" 304 -
200.118.80.45 - - [16/Mar/2023:09:26:43 -0500] "GET /sipse/faces/javax.faces.resource/jquery/jquery.js?ln=primefaces&v=4.0 HTTP/1.1" 304 -
200.118.80.45 - - [16/Mar/2023:09:26:43 -0500] "GET /sipse/faces/javax.faces.resource/primefaces.js?ln=primefaces&v=4.0 HTTP/1.1" 304 -
200.118.80.45 - - [16/Mar/2023:09:26:43 -0500] "GET /sipse/faces/javax.faces.resource/jquery/jquery-plugins.js?ln=primefaces&v=4.0 HTTP/1.1" 304 -
200.118.80.45 - - [16/Mar/2023:09:26:43 -0500] "GET /sipse/faces/javax.faces.resource/layout/layout.js?ln=primefaces&v=4.0 HTTP/1.1" 304 -
186.102.48.247 - - [16/Mar/2023:09:26:45 -0500] "GET /kwssiamovil/sm/acme/a?s=U2FsdGVkX1/eXXjW3HW7au5572cLbLs3MKYpOfxhS802/V34yX9gay6C2QS8c5SHLLAC8ROjdfL2AQVVSgxq34uylDisw88Cv56zF8pG6VRTevl6KQd4tooXsmyin5ZXB6mXiJIXeFQL1TEvlV/Swm8aoxXtY4y+H8NfnuHZYoddMRLde3nFYZHxeYJTxSLqP0AWq46n9g3lBOkadzOyCfZHSGMSA+/Mmgu4YlugVTlcWL/VepejInhFZjkCo5YpzpP7li2l2TlTKFiAyYyQwQ==&u=U2FsdGVkX1933ng7/mHzq5zZ3wTYmpmOdjYTqOisuqE=&y=U2FsdGVkX18DMqOfeEU164a/xeFoWDB70QF1W0+1UdHHtGYUReMvoC/cAwHVtToI HTTP/1.1" 200 26
186.102.48.247 - - [16/Mar/2023:09:26:46 -0500] "GET /kwssiamovil/sm/acme/a?s=U2FsdGVkX18LvBCkkYQjcDELB61nlouISWCkz17a/CCQsJLMaMPHOw+dTWnnPQdcaa4i3gg/nPwa+4XW2pd0QhbNUhXaPfAf1tO6T7br74YT1/HYzCU5Vel6UsfIvUuw+ok+lAhF3YMLKbRvsUuRg4tP5NS6j1AGIGOC4wUWPBKnGpHxtNTu4MpNSuhKoPeyVcbr68LARVwTFg/IwGPgZGVVi9/aTAnJOXW6ZeFKva2G+73LbJHN1O5DbYmHuXcIAVLJeY0pNn1ouLIG8R29FgvdJoJb0iXjuyv8tl71Lltz0QHNUkjiB4q5jt34fAMAODUNZ8KUZzqe3P6M+6QiEs7ma1hc3XGP2n1CLbbn3g/BFAHrmA/FlO+IwSeQkSgy0Zkt2YXa5DdTf+hak+BoPwSpDkcTjNlpAHv2wMmpFYd+FBfU26tNY7howiPixGH4MoPGVhP9QONng83yWRKUL87siq86U7l+/0tTFBgl9jR9n6tXlFRvRJcLzl7WEQf4/oe8dmPQqz0z1KVorYaYGYvhN4IQQQ49zmn0jloSL/g85EJU8aEUPcLTpT1bJQNpPcDxNzapO+mcqI/9n4FdZYqGd/sTOdtp6hOOg9Y3Y+w0wo0tt9YrxlcLdk5TQl9X83cRyGHNs22vgaQ5L112oiCxjEk9dg0COp2nYwBtDWuHhED6wXDrSfEDRySEeF7b7MX96xjfL2YKSwkxpEIKARu9SZUUpexKYGrbGbNbOhEWlbAPHrsFVsd0hBBqefoPtFgU4lHeEU/juXWidKsWciUW/1P/9E5uVOXbxUgugIIYOoTRm2Itl7eU3vSwoXXL3y4Z+b5fhgMVSvR5t7Usfa9BhQgtGEtrjr67NSv49CarI/gMJnOB5SrCNFpKZH50OGEPDKOgcLhK2ZdaqqZF0f9VfKE2nib94o/nz8qCKvfpXgaVw4opmVPsflZVVZtiMrDIDcKqosMmsXjLga4P4Rk46tuPZWRT+LwSGiM48xT61w1NzQJy1LDTsOgOqQGYzGP1UrEJMnws5Mz9944yOULJJzuybH8DrPeiQEN3pATARi+oGbth8fRtqW+lXd+N1Qiq8vZPdrH5UF6+UafQRd1fJnSDPXsiVsc4cCEs8u93qeN3RZbSetr/1BglykXSNsxg1DyBIj74C6XTY5Pg8gxUMhScTIANi7BLjJINO6dQDdjw3WFHviCryf+/+b+ypgKdIjaz3RK6RY7MsWpOK4L8TC1u8fiHix2rNId/t5sDGIyNCw41/cSa49sRQBVN7rZBuPCQqogORTIInEqVRhvKHF7ae5b6NY5mJAsRaO7cy0fnwNN+1SUk/W7FFrEicc1aTNCph1NVZkPW2H7mWtJS4adx+OILfd1qOaEi9a8RdoRuTCEwqjC0C6TSzF/k/EY9O6AMxnyjZGQE6h/NurN99vJ0X79r6TkK07bzTQA3tb+I2BwVq8+QyxPanOSa4xk5t+ErEZnE5Q5eDBC2cb3gcblLGxoDeElHGFpnNInnZyrBaeZ8S9OHXSoLjws2WpQylnt/IasVD26q/jNlFxVZye/L7LfQjr95gEX/RlYl99yQMozmXGxqMRUggdqNpYN6wqYqwUV9pFh+rO/bPntWNcFu0PovcnZaApZLI1bCL3zTIgaSlsOrn1UibvOAXMZ2g4853x0LUM2d7ofIL34Ay2p5PDzom5ogGeF5qNTVhSgYkFEYV+mc4sSChTr74CWyxTNPBNj2UoPvbgmsCy8wK7oiyxg8WnVNhq9ErAR/fsJZ5MgyVpvwA0unUaQU2yRLnWD6NKHlZUmaVFsUpan9xN/cHzHtCRu11dnoV9SV7c+AbP1sqbnjNuRFCm8ENn/eSEdVdGXeZ6P2ksclKEsKKWLWuLojAJo8dws/em4=&u=U2FsdGVkX1933ng7/mHzq5zZ3wTYmpmOdjYTqOisuqE=&y=U2FsdGVkX18DMqOfeEU164a/xeFoWDB70QF1W0+1UdHHtGYUReMvoC/cAwHVtToI HTTP/1.1" 200 26
186.102.48.247 - - [16/Mar/2023:09:26:46 -0500] "GET /kwssiamovil/sm/acme/a?s=U2FsdGVkX1+PEdWaAq1gJXWslPvLIaCfMUJfZuVuzfDzdifN6r72+2b0KB/9dwRshp8Dh6aQTIOFR7+6WDOt6kbR7ifLSSCPNvD/m5q+dpnhbkeKA5GxgIUsiJAXk7gKYbZRXMTQPYyJp90Hzqq/KNLBvtEvkj0d+urkndbAi3k=&u=U2FsdGVkX1933ng7/mHzq5zZ3wTYmpmOdjYTqOisuqE=&y=U2FsdGVkX18DMqOfeEU164a/xeFoWDB70QF1W0+1UdHHtGYUReMvoC/cAwHVtToI HTTP/1.1" 200 26
186.102.48.247 - - [16/Mar/2023:09:26:46 -0500] "GET /kwssiamovil/sm/acme/a?s=U2FsdGVkX1+r9djrv7AESdlC6amjOdinCqCiEqz1h3AafffvVqjz/ekVPFc0Cn5YbQ1qYqFj65K4xl+p+rJ/dnyhvyOtu6ngF3mWUhO1TaaeW75zdKxfqPIlbryJ5TiftElaQdcwNbjG7xyvVx0Ac1Xnm2GLtGLXYe1OdIsb1f0=&u=U2FsdGVkX1933ng7/mHzq5zZ3wTYmpmOdjYTqOisuqE=&y=U2FsdGVkX18DMqOfeEU164a/xeFoWDB70QF1W0+1UdHHtGYUReMvoC/cAwHVtToI HTTP/1.1" 200 26
186.102.48.247 - - [16/Mar/2023:09:26:46 -0500] "GET /kwssiamovil/sm/acme/a?s=U2FsdGVkX1/sugeBzDl1n6N0Zjf2LRaDjsruROHJag6rrQ8gbCl7zvctt8vuQf6AmUAjFdAm6lhL/GPO76277PHSTBiiLmbs4AHoWIkTUykZIcztnlJIpkFWKsMoozzSn2vX6PvJrdpCrOnv79GwBSPMRMNZCvSOwKylhJ8lYDA=&u=U2FsdGVkX1933ng7/mHzq5zZ3wTYmpmOdjYTqOisuqE=&y=U2FsdGVkX18DMqOfeEU164a/xeFoWDB70QF1W0+1UdHHtGYUReMvoC/cAwHVtToI HTTP/1.1" 200 26
186.102.48.247 - - [16/Mar/2023:09:26:47 -0500] "GET /kwssiamovil/sm/acme/a?s=U2FsdGVkX19SN8WuD6iQ/BEhA+7Xa/EKox8nOKJKX7+FYSBOY1t0TO4drnyxXOB2wsI+P0dvCuOIZ00u29Qulpq0YGCgeJXt7ey32PYaXfocxRXz2UmzJAsuaCD50IisTkaK99ZHhwx04sKRnMzgfpqjYK/5/Ganq9I1CHRITV9SR9S/plEG5evpmTaQCo8ZEW1iHM59EKekseJNLafvpg==&u=U2FsdGVkX1933ng7/mHzq5zZ3wTYmpmOdjYTqOisuqE=&y=U2FsdGVkX18DMqOfeEU164a/xeFoWDB70QF1W0+1UdHHtGYUReMvoC/cAwHVtToI HTTP/1.1" 200 26
186.30.116.46 - - [16/Mar/2023:09:26:49 -0500] "POST /sipse/faces/presentacion/financiero/solicitudProceso/consultarSolicitudProceso.xhtml HTTP/1.1" 200 21158
186.30.116.46 - - [16/Mar/2023:09:26:50 -0500] "GET /sipse/faces/javax.faces.resource/theme.css?ln=primefaces-sipse HTTP/1.1" 304 -
186.30.116.46 - - [16/Mar/2023:09:26:50 -0500] "GET /sipse/faces/javax.faces.resource/layout/layout.css?ln=primefaces&v=4.0 HTTP/1.1" 304 -
186.30.116.46 - - [16/Mar/2023:09:26:50 -0500] "GET /sipse/faces/javax.faces.resource/primefaces.css?ln=primefaces&v=4.0 HTTP/1.1" 304 -
186.30.116.46 - - [16/Mar/2023:09:26:50 -0500] "GET /sipse/faces/javax.faces.resource/jquery/jquery.js?ln=primefaces&v=4.0 HTTP/1.1" 304 -
186.30.116.46 - - [16/Mar/2023:09:26:50 -0500] "GET /sipse/faces/javax.faces.resource/primefaces.js?ln=primefaces&v=4.0 HTTP/1.1" 304 -
186.30.116.46 - - [16/Mar/2023:09:26:50 -0500] "GET /sipse/faces/javax.faces.resource/jquery/jquery-plugins.js?ln=primefaces&v=4.0 HTTP/1.1" 304 -
186.30.116.46 - - [16/Mar/2023:09:26:50 -0500] "GET /sipse/faces/javax.faces.resource/fileupload/fileupload.css?ln=primefaces&v=4.0 HTTP/1.1" 304 -
186.30.116.46 - - [16/Mar/2023:09:26:50 -0500] "GET /sipse/faces/javax.faces.resource/layout/layout.js?ln=primefaces&v=4.0 HTTP/1.1" 304 -
186.30.116.46 - - [16/Mar/2023:09:26:50 -0500] "GET /sipse/faces/javax.faces.resource/fileupload/fileupload.js?ln=primefaces&v=4.0 HTTP/1.1" 304 -
172.22.2.4 - - [16/Mar/2023:09:25:18 -0500] "HEAD /BLA/boletinlegal/ HTTP/1.1" 200 -
192.168.175.240 - - [16/Mar/2023:09:26:58 -0500] "GET / HTTP/1.1" 200 4720
186.30.116.46 - - [16/Mar/2023:09:27:01 -0500] "GET /sipse/faces/javax.faces.resource/layout/layout.css?ln=primefaces&v=4.0 HTTP/1.1" 304 -
186.30.116.46 - - [16/Mar/2023:09:27:01 -0500] "GET /sipse/faces/javax.faces.resource/theme.css?ln=primefaces-sipse HTTP/1.1" 304 -
186.30.116.46 - - [16/Mar/2023:09:27:01 -0500] "GET /sipse/faces/javax.faces.resource/primefaces.css?ln=primefaces&v=4.0 HTTP/1.1" 304 -
186.30.116.46 - - [16/Mar/2023:09:27:01 -0500] "GET /sipse/faces/javax.faces.resource/jquery/jquery.js?ln=primefaces&v=4.0 HTTP/1.1" 304 -
186.30.116.46 - - [16/Mar/2023:09:27:01 -0500] "GET /sipse/faces/javax.faces.resource/jquery/jquery-plugins.js?ln=primefaces&v=4.0 HTTP/1.1" 304 -
186.30.116.46 - - [16/Mar/2023:09:27:01 -0500] "GET /sipse/faces/javax.faces.resource/primefaces.js?ln=primefaces&v=4.0 HTTP/1.1" 304 -
186.30.116.46 - - [16/Mar/2023:09:27:01 -0500] "GET /sipse/faces/javax.faces.resource/layout/layout.js?ln=primefaces&v=4.0 HTTP/1.1" 304 -
186.30.116.46 - - [16/Mar/2023:09:26:58 -0500] "POST /sipse/faces/presentacion/sistema/anexos/cargarAnexoSolicitudProceso.xhtml HTTP/1.1" 200 205606
201.245.192.253 - - [16/Mar/2023:09:27:04 -0500] "POST /kwsrmcab/Wsrmcab  HTTP/1.1" 200 42554
201.245.192.253 - - [16/Mar/2023:09:27:28 -0500] "POST /forms/lservlet;jsessionid=ac16012b30d685fbaea9f39346b5a75bbd5e00e6233f.e3iSbxaKaheRe3uRa3iSa3mKci1ynknvrkLOlQzNp65In0 HTTP/1.1" 200 2
191.111.19.25 - - [16/Mar/2023:09:27:36 -0500] "GET /sipse/faces/presentacion/sistema/anexos/cargarAnexoSolicitudProceso.xhtml HTTP/1.1" 302 -
191.111.19.25 - - [16/Mar/2023:09:27:36 -0500] "GET /sipse/faces/autenticacion.xhtml HTTP/1.1" 200 12167
186.30.116.46 - - [16/Mar/2023:09:27:36 -0500] "GET /sipse/faces/javax.faces.resource/theme.css?ln=primefaces-sipse HTTP/1.1" 304 -
186.30.116.46 - - [16/Mar/2023:09:27:36 -0500] "GET /sipse/faces/javax.faces.resource/fileupload/fileupload.css?ln=primefaces&v=4.0 HTTP/1.1" 304 -
186.30.116.46 - - [16/Mar/2023:09:27:36 -0500] "GET /sipse/faces/javax.faces.resource/primefaces.css?ln=primefaces&v=4.0 HTTP/1.1" 304 -
186.30.116.46 - - [16/Mar/2023:09:27:36 -0500] "GET /sipse/faces/javax.faces.resource/layout/layout.css?ln=primefaces&v=4.0 HTTP/1.1" 304 -
186.30.116.46 - - [16/Mar/2023:09:27:36 -0500] "GET /sipse/faces/javax.faces.resource/jquery/jquery.js?ln=primefaces&v=4.0 HTTP/1.1" 304 -
186.30.116.46 - - [16/Mar/2023:09:27:35 -0500] "POST /sipse/faces/presentacion/financiero/solicitudProceso/consultarSolicitudProceso.xhtml HTTP/1.1" 200 21158
186.30.116.46 - - [16/Mar/2023:09:27:36 -0500] "GET /sipse/faces/javax.faces.resource/fileupload/fileupload.js?ln=primefaces&v=4.0 HTTP/1.1" 304 -
186.30.116.46 - - [16/Mar/2023:09:27:36 -0500] "GET /sipse/faces/javax.faces.resource/jquery/jquery-plugins.js?ln=primefaces&v=4.0 HTTP/1.1" 304 -
186.30.116.46 - - [16/Mar/2023:09:27:36 -0500] "GET /sipse/faces/javax.faces.resource/primefaces.js?ln=primefaces&v=4.0 HTTP/1.1" 304 -
186.30.116.46 - - [16/Mar/2023:09:27:36 -0500] "GET /sipse/faces/javax.faces.resource/layout/layout.js?ln=primefaces&v=4.0 HTTP/1.1" 304 -
200.118.80.45 - - [16/Mar/2023:09:27:36 -0500] "GET /sipse/faces/javax.faces.resource/images/ui-icons_898989_256x240.png?ln=primefaces-aristo HTTP/1.1" 304 -
191.111.19.25 - - [16/Mar/2023:09:27:36 -0500] "GET /sipse/js/disable_browser_buttons.js HTTP/1.1" 304 -
191.111.19.25 - - [16/Mar/2023:09:27:36 -0500] "GET /sipse/js/funciones.js HTTP/1.1" 304 -
191.111.19.25 - - [16/Mar/2023:09:27:36 -0500] "GET /sipse/css/custom_css_sg.css HTTP/1.1" 304 -
191.111.19.25 - - [16/Mar/2023:09:27:36 -0500] "GET /sipse/css/custom_css_sg_prime_login.css HTTP/1.1" 304 -
191.111.19.25 - - [16/Mar/2023:09:27:36 -0500] "GET /sipse/faces/javax.faces.resource/theme.css?ln=primefaces-sipse HTTP/1.1" 304 -
191.111.19.25 - - [16/Mar/2023:09:27:36 -0500] "GET /sipse/faces/javax.faces.resource/primefaces.css?ln=primefaces&v=4.0 HTTP/1.1" 304 -
191.111.19.25 - - [16/Mar/2023:09:27:36 -0500] "GET /sipse/faces/javax.faces.resource/layout/layout.css?ln=primefaces&v=4.0 HTTP/1.1" 304 -
191.111.19.25 - - [16/Mar/2023:09:27:36 -0500] "GET /sipse/faces/javax.faces.resource/jquery/jquery.js?ln=primefaces&v=4.0 HTTP/1.1" 304 -
191.111.19.25 - - [16/Mar/2023:09:27:36 -0500] "GET /sipse/faces/javax.faces.resource/jquery/jquery-plugins.js?ln=primefaces&v=4.0 HTTP/1.1" 304 -
191.111.19.25 - - [16/Mar/2023:09:27:36 -0500] "GET /sipse/faces/javax.faces.resource/primefaces.js?ln=primefaces&v=4.0 HTTP/1.1" 304 -
191.111.19.25 - - [16/Mar/2023:09:27:36 -0500] "GET /sipse/faces/javax.faces.resource/layout/layout.js?ln=primefaces&v=4.0 HTTP/1.1" 304 -
191.111.19.25 - - [16/Mar/2023:09:27:37 -0500] "GET /sipse/css/imagen/logoSDG.png HTTP/1.1" 304 -
191.111.19.25 - - [16/Mar/2023:09:27:37 -0500] "GET /sipse/css/imagen/loginimg.png HTTP/1.1" 304 -
191.111.19.25 - - [16/Mar/2023:09:27:37 -0500] "GET /sipse/faces/javax.faces.resource/images/ui-icons_898989_256x240.png?ln=primefaces-aristo HTTP/1.1" 304 -
191.111.19.25 - - [16/Mar/2023:09:27:37 -0500] "GET /sipse/faces/index.xhtml HTTP/1.1" 200 677
191.111.19.25 - - [16/Mar/2023:09:27:37 -0500] "GET /sipse/faces/javax.faces.resource/theme.css?ln=primefaces-sipse HTTP/1.1" 304 -
191.111.19.25 - - [16/Mar/2023:09:27:37 -0500] "GET /sipse/faces/faces/autenticacion.xhtml HTTP/1.1" 200 12167
191.111.19.25 - - [16/Mar/2023:09:27:37 -0500] "GET /sipse/faces/javax.faces.resource/primefaces.css?ln=primefaces&v=4.0 HTTP/1.1" 304 -
191.111.19.25 - - [16/Mar/2023:09:27:37 -0500] "GET /sipse/faces/javax.faces.resource/theme.css?ln=primefaces-sipse HTTP/1.1" 304 -
191.111.19.25 - - [16/Mar/2023:09:27:37 -0500] "GET /sipse/faces/javax.faces.resource/jquery/jquery-plugins.js?ln=primefaces&v=4.0 HTTP/1.1" 304 -
191.111.19.25 - - [16/Mar/2023:09:27:37 -0500] "GET /sipse/faces/javax.faces.resource/layout/layout.css?ln=primefaces&v=4.0 HTTP/1.1" 304 -
191.111.19.25 - - [16/Mar/2023:09:27:37 -0500] "GET /sipse/faces/javax.faces.resource/primefaces.js?ln=primefaces&v=4.0 HTTP/1.1" 304 -
191.111.19.25 - - [16/Mar/2023:09:27:37 -0500] "GET /sipse/faces/javax.faces.resource/jquery/jquery.js?ln=primefaces&v=4.0 HTTP/1.1" 304 -
191.111.19.25 - - [16/Mar/2023:09:27:37 -0500] "GET /sipse/faces/javax.faces.resource/layout/layout.js?ln=primefaces&v=4.0 HTTP/1.1" 304 -
200.118.80.45 - - [16/Mar/2023:09:27:38 -0500] "GET /sipse/faces/javax.faces.resource/theme.css?ln=primefaces-sipse HTTP/1.1" 304 -
200.118.80.45 - - [16/Mar/2023:09:27:38 -0500] "GET /sipse/faces/javax.faces.resource/primefaces.css?ln=primefaces&v=4.0 HTTP/1.1" 304 -
200.118.80.45 - - [16/Mar/2023:09:27:38 -0500] "GET /sipse/faces/javax.faces.resource/jquery/jquery.js?ln=primefaces&v=4.0 HTTP/1.1" 304 -
200.118.80.45 - - [16/Mar/2023:09:27:38 -0500] "GET /sipse/faces/javax.faces.resource/layout/layout.css?ln=primefaces&v=4.0 HTTP/1.1" 304 -
200.118.80.45 - - [16/Mar/2023:09:27:38 -0500] "GET /sipse/faces/javax.faces.resource/jquery/jquery-plugins.js?ln=primefaces&v=4.0 HTTP/1.1" 304 -
200.118.80.45 - - [16/Mar/2023:09:27:38 -0500] "GET /sipse/faces/javax.faces.resource/primefaces.js?ln=primefaces&v=4.0 HTTP/1.1" 304 -
200.118.80.45 - - [16/Mar/2023:09:27:38 -0500] "GET /sipse/faces/javax.faces.resource/layout/layout.js?ln=primefaces&v=4.0 HTTP/1.1" 304 -
200.118.80.45 - - [16/Mar/2023:09:27:36 -0500] "POST /sipse/faces/presentacion/financiero/solicitudProceso/consultarHistorialSolProceso.xhtml HTTP/1.1" 200 200371
201.245.192.253 - - [16/Mar/2023:09:27:33 -0500] "POST /sipse/faces/presentacion/financiero/solicitudProceso/consultarSolicitudProceso.xhtml HTTP/1.1" 200 37700
201.245.192.253 - - [16/Mar/2023:09:27:38 -0500] "GET /sipse/faces/javax.faces.resource/theme.css?ln=primefaces-sipse HTTP/1.1" 304 -
201.245.192.253 - - [16/Mar/2023:09:27:38 -0500] "GET /sipse/faces/javax.faces.resource/layout/layout.css?ln=primefaces&v=4.0 HTTP/1.1" 304 -
201.245.192.253 - - [16/Mar/2023:09:27:38 -0500] "GET /sipse/faces/javax.faces.resource/primefaces.css?ln=primefaces&v=4.0 HTTP/1.1" 304 -
201.245.192.253 - - [16/Mar/2023:09:27:38 -0500] "GET /sipse/faces/javax.faces.resource/jquery/jquery.js?ln=primefaces&v=4.0 HTTP/1.1" 304 -
201.245.192.253 - - [16/Mar/2023:09:27:38 -0500] "GET /sipse/faces/javax.faces.resource/jquery/jquery-plugins.js?ln=primefaces&v=4.0 HTTP/1.1" 304 -
201.245.192.253 - - [16/Mar/2023:09:27:38 -0500] "GET /sipse/faces/javax.faces.resource/primefaces.js?ln=primefaces&v=4.0 HTTP/1.1" 304 -
201.245.192.253 - - [16/Mar/2023:09:27:38 -0500] "GET /sipse/faces/javax.faces.resource/layout/layout.js?ln=primefaces&v=4.0 HTTP/1.1" 304 -
201.245.192.253 - - [16/Mar/2023:09:27:38 -0500] "POST /sipse/faces/presentacion/financiero/solicitudProceso/listarSolicitudProceso.xhtml HTTP/1.1" 200 1396
201.245.192.253 - - [16/Mar/2023:09:27:44 -0500] "GET /sipse/faces/javax.faces.resource/theme.css?ln=primefaces-sipse HTTP/1.1" 304 -
201.245.192.253 - - [16/Mar/2023:09:27:43 -0500] "POST /sipse/faces/presentacion/financiero/solicitudProceso/consultarSolicitudProceso.xhtml HTTP/1.1" 200 193317
201.245.192.253 - - [16/Mar/2023:09:27:44 -0500] "GET /sipse/faces/javax.faces.resource/jquery/jquery.js?ln=primefaces&v=4.0 HTTP/1.1" 304 -
201.245.192.253 - - [16/Mar/2023:09:27:44 -0500] "GET /sipse/faces/javax.faces.resource/jquery/jquery-plugins.js?ln=primefaces&v=4.0 HTTP/1.1" 304 -
201.245.192.253 - - [16/Mar/2023:09:27:44 -0500] "GET /sipse/faces/javax.faces.resource/layout/layout.css?ln=primefaces&v=4.0 HTTP/1.1" 304 -
201.245.192.253 - - [16/Mar/2023:09:27:44 -0500] "GET /sipse/faces/javax.faces.resource/primefaces.css?ln=primefaces&v=4.0 HTTP/1.1" 304 -
201.245.192.253 - - [16/Mar/2023:09:27:44 -0500] "GET /sipse/faces/javax.faces.resource/primefaces.js?ln=primefaces&v=4.0 HTTP/1.1" 304 -
201.245.192.253 - - [16/Mar/2023:09:27:44 -0500] "GET /sipse/faces/javax.faces.resource/layout/layout.js?ln=primefaces&v=4.0 HTTP/1.1" 304 -
201.245.192.253 - - [16/Mar/2023:09:27:44 -0500] "GET /sipse/css/imagen/contrasena.png HTTP/1.1" 404 383
201.245.192.253 - - [16/Mar/2023:09:27:44 -0500] "GET /sipse/faces/javax.faces.resource/images/ui-icons_898989_256x240.png?ln=primefaces-aristo HTTP/1.1" 304 -
186.30.116.46 - - [16/Mar/2023:09:27:46 -0500] "GET /sipse/faces/javax.faces.resource/jquery/jquery.js?ln=primefaces&v=4.0 HTTP/1.1" 304 -
186.30.116.46 - - [16/Mar/2023:09:27:46 -0500] "GET /sipse/faces/javax.faces.resource/primefaces.css?ln=primefaces&v=4.0 HTTP/1.1" 304 -
186.30.116.46 - - [16/Mar/2023:09:27:46 -0500] "GET /sipse/faces/javax.faces.resource/theme.css?ln=primefaces-sipse HTTP/1.1" 304 -
186.30.116.46 - - [16/Mar/2023:09:27:46 -0500] "GET /sipse/faces/javax.faces.resource/layout/layout.css?ln=primefaces&v=4.0 HTTP/1.1" 304 -
186.30.116.46 - - [16/Mar/2023:09:27:46 -0500] "GET /sipse/faces/javax.faces.resource/jquery/jquery-plugins.js?ln=primefaces&v=4.0 HTTP/1.1" 304 -
186.30.116.46 - - [16/Mar/2023:09:27:46 -0500] "GET /sipse/faces/javax.faces.resource/layout/layout.js?ln=primefaces&v=4.0 HTTP/1.1" 304 -
186.30.116.46 - - [16/Mar/2023:09:27:46 -0500] "GET /sipse/faces/javax.faces.resource/primefaces.js?ln=primefaces&v=4.0 HTTP/1.1" 304 -
186.30.116.46 - - [16/Mar/2023:09:27:45 -0500] "POST /sipse/faces/presentacion/sistema/anexos/cargarAnexoSolicitudProceso.xhtml HTTP/1.1" 200 207446
201.245.192.253 - - [16/Mar/2023:09:27:48 -0500] "GET /sipse/faces/javax.faces.resource/images/ui-bg_flat_0_2d5972_40x100.png?ln=primefaces-aristo HTTP/1.1" 304 -
201.245.192.253 - - [16/Mar/2023:09:27:48 -0500] "POST /sipse/faces/presentacion/financiero/solicitudProceso/listarSolicitudProceso.xhtml HTTP/1.1" 200 16998
172.22.2.4 - - [16/Mar/2023:09:26:08 -0500] "GET /BLA/boletinlegal/ HTTP/1.1" 200 57551
201.245.192.253 - - [16/Mar/2023:09:27:48 -0500] "POST /sipse/faces/presentacion/financiero/solicitudProceso/consultarSolicitudProceso.xhtml HTTP/1.1" 200 52076
201.245.192.253 - - [16/Mar/2023:09:27:50 -0500] "GET /sipse/faces/javax.faces.resource/theme.css?ln=primefaces-sipse HTTP/1.1" 304 -
201.245.192.253 - - [16/Mar/2023:09:27:50 -0500] "GET /sipse/faces/javax.faces.resource/layout/layout.css?ln=primefaces&v=4.0 HTTP/1.1" 304 -
201.245.192.253 - - [16/Mar/2023:09:27:50 -0500] "GET /sipse/faces/javax.faces.resource/primefaces.css?ln=primefaces&v=4.0 HTTP/1.1" 304 -
201.245.192.253 - - [16/Mar/2023:09:27:50 -0500] "GET /sipse/faces/javax.faces.resource/jquery/jquery.js?ln=primefaces&v=4.0 HTTP/1.1" 304 -
201.245.192.253 - - [16/Mar/2023:09:27:50 -0500] "GET /sipse/faces/javax.faces.resource/jquery/jquery-plugins.js?ln=primefaces&v=4.0 HTTP/1.1" 304 -
201.245.192.253 - - [16/Mar/2023:09:27:50 -0500] "GET /sipse/faces/javax.faces.resource/primefaces.js?ln=primefaces&v=4.0 HTTP/1.1" 304 -
201.245.192.253 - - [16/Mar/2023:09:27:50 -0500] "GET /sipse/faces/javax.faces.resource/layout/layout.js?ln=primefaces&v=4.0 HTTP/1.1" 304 -
201.245.192.253 - - [16/Mar/2023:09:27:51 -0500] "GET /sipse/faces/javax.faces.resource/messages/messages.png?ln=primefaces&v=4.0 HTTP/1.1" 304 -
201.245.192.253 - - [16/Mar/2023:09:27:51 -0500] "POST /sipse/faces/presentacion/financiero/solicitudProceso/listarSolicitudProceso.xhtml HTTP/1.1" 200 1480
191.111.19.25 - - [16/Mar/2023:09:27:54 -0500] "POST /sipse/faces/autenticacion.xhtml HTTP/1.1" 200 2219
191.111.19.25 - - [16/Mar/2023:09:27:54 -0500] "GET /sipse/faces/javax.faces.resource/messages/messages.png?ln=primefaces&v=4.0 HTTP/1.1" 304 -
191.111.19.25 - - [16/Mar/2023:09:27:55 -0500] "GET /sipse/faces/javax.faces.resource/images/ui-icons_898989_256x240.png?ln=primefaces-aristo HTTP/1.1" 304 -
201.245.192.253 - - [16/Mar/2023:09:27:55 -0500] "POST /sipse/faces/presentacion/financiero/solicitudProceso/listarSolicitudProceso.xhtml HTTP/1.1" 200 7451
191.111.19.25 - - [16/Mar/2023:09:27:55 -0500] "POST /sipse/faces/autenticacion.xhtml HTTP/1.1" 200 16288
191.111.19.25 - - [16/Mar/2023:09:27:55 -0500] "GET /sipse/css/custom_css_sg_prime.css HTTP/1.1" 304 -
191.111.19.25 - - [16/Mar/2023:09:27:55 -0500] "GET /sipse/faces/javax.faces.resource/theme.css?ln=primefaces-sipse HTTP/1.1" 304 -
191.111.19.25 - - [16/Mar/2023:09:27:55 -0500] "GET /sipse/faces/javax.faces.resource/layout/layout.css?ln=primefaces&v=4.0 HTTP/1.1" 304 -
191.111.19.25 - - [16/Mar/2023:09:27:55 -0500] "GET /sipse/faces/javax.faces.resource/primefaces.css?ln=primefaces&v=4.0 HTTP/1.1" 304 -
191.111.19.25 - - [16/Mar/2023:09:27:55 -0500] "GET /sipse/js/jquery.min.js HTTP/1.1" 304 -
191.111.19.25 - - [16/Mar/2023:09:27:56 -0500] "GET /sipse/faces/javax.faces.resource/jquery/jquery.js?ln=primefaces&v=4.0 HTTP/1.1" 304 -
191.111.19.25 - - [16/Mar/2023:09:27:56 -0500] "GET /sipse/faces/javax.faces.resource/jquery/jquery-plugins.js?ln=primefaces&v=4.0 HTTP/1.1" 304 -
191.111.19.25 - - [16/Mar/2023:09:27:56 -0500] "GET /sipse/faces/javax.faces.resource/primefaces.js?ln=primefaces&v=4.0 HTTP/1.1" 304 -
191.111.19.25 - - [16/Mar/2023:09:27:56 -0500] "GET /sipse/faces/javax.faces.resource/layout/layout.js?ln=primefaces&v=4.0 HTTP/1.1" 304 -
191.111.19.25 - - [16/Mar/2023:09:27:56 -0500] "GET /sipse/css/imagen/contrasena.png HTTP/1.1" 404 383
191.111.19.25 - - [16/Mar/2023:09:27:56 -0500] "GET /sipse/imagenes/cargando.gif HTTP/1.1" 304 -
191.111.19.25 - - [16/Mar/2023:09:27:56 -0500] "GET /sipse/imagenes/logoAplicacion.jpg HTTP/1.1" 304 -
186.30.116.46 - - [16/Mar/2023:09:27:58 -0500] "POST /sipse/faces/presentacion/financiero/solicitudProceso/consultarSolicitudProceso.xhtml HTTP/1.1" 200 43927
186.30.116.46 - - [16/Mar/2023:09:27:58 -0500] "GET /sipse/faces/javax.faces.resource/theme.css?ln=primefaces-sipse HTTP/1.1" 304 -
186.30.116.46 - - [16/Mar/2023:09:27:58 -0500] "GET /sipse/faces/javax.faces.resource/layout/layout.css?ln=primefaces&v=4.0 HTTP/1.1" 304 -
186.30.116.46 - - [16/Mar/2023:09:27:58 -0500] "GET /sipse/faces/javax.faces.resource/primefaces.css?ln=primefaces&v=4.0 HTTP/1.1" 304 -
186.30.116.46 - - [16/Mar/2023:09:27:58 -0500] "GET /sipse/faces/javax.faces.resource/jquery/jquery.js?ln=primefaces&v=4.0 HTTP/1.1" 304 -
186.30.116.46 - - [16/Mar/2023:09:27:58 -0500] "GET /sipse/faces/javax.faces.resource/jquery/jquery-plugins.js?ln=primefaces&v=4.0 HTTP/1.1" 304 -
192.168.175.240 - - [16/Mar/2023:09:27:58 -0500] "GET / HTTP/1.1" 200 4720
186.30.116.46 - - [16/Mar/2023:09:27:58 -0500] "GET /sipse/faces/javax.faces.resource/primefaces.js?ln=primefaces&v=4.0 HTTP/1.1" 304 -
186.30.116.46 - - [16/Mar/2023:09:27:58 -0500] "GET /sipse/faces/javax.faces.resource/layout/layout.js?ln=primefaces&v=4.0 HTTP/1.1" 304 -
186.102.69.187 - - [16/Mar/2023:09:28:01 -0500] "GET /kwssiamovil/sm/ldap/au?x=U2FsdGVkX1/PYPP1tvyiTnCUVHWx3mxTBNcUj9xx2PUH8kzHs/S2YVP3Tw5LhgABXAh/TwFlaccI8ep5AxkXdg==&y=U2FsdGVkX19LTA2t7hUQ/J4q8gDB2QgcaJGzzN9MSWLLWGRg9j4OJnvr6CQEJzSP HTTP/1.1" 200 30
186.102.69.187 - - [16/Mar/2023:09:28:01 -0500] "GET /kwssiamovil/sm/acme/s?s=U2FsdGVkX1/Rj3rNR3pgyWBEMer5LwFtFw3VbA0Gi6e0gUM9ILjZh22BCPZw9A+8Ve81HzMQN78jHgYU+fBuwtK4FqPdPr3ws99zi0usSOk=&u=U2FsdGVkX1+SjwHxIlOuEbLHmplFY/dL04rS+IwNhWUUwKllBKcyY2ZRS7wYwtZX&y=U2FsdGVkX19LTA2t7hUQ/J4q8gDB2QgcaJGzzN9MSWLLWGRg9j4OJnvr6CQEJzSP HTTP/1.1" 200 97
186.30.116.46 - - [16/Mar/2023:09:28:00 -0500] "POST /sipse/faces/presentacion/financiero/estudioPrevio/personalSolicitado/expedirExperienciaIdoneidad.xhtml HTTP/1.1" 200 160512
186.30.116.46 - - [16/Mar/2023:09:28:01 -0500] "GET /sipse/faces/javax.faces.resource/primefaces.css?ln=primefaces&v=4.0 HTTP/1.1" 304 -
186.30.116.46 - - [16/Mar/2023:09:28:01 -0500] "GET /sipse/faces/javax.faces.resource/theme.css?ln=primefaces-sipse HTTP/1.1" 304 -
186.30.116.46 - - [16/Mar/2023:09:28:01 -0500] "GET /sipse/faces/javax.faces.resource/layout/layout.css?ln=primefaces&v=4.0 HTTP/1.1" 304 -
186.30.116.46 - - [16/Mar/2023:09:28:01 -0500] "GET /sipse/faces/javax.faces.resource/jquery/jquery.js?ln=primefaces&v=4.0 HTTP/1.1" 304 -
186.30.116.46 - - [16/Mar/2023:09:28:01 -0500] "GET /sipse/faces/javax.faces.resource/jquery/jquery-plugins.js?ln=primefaces&v=4.0 HTTP/1.1" 304 -
186.30.116.46 - - [16/Mar/2023:09:28:01 -0500] "GET /sipse/faces/javax.faces.resource/primefaces.js?ln=primefaces&v=4.0 HTTP/1.1" 304 -
186.102.69.187 - - [16/Mar/2023:09:28:01 -0500] "GET /kwssiamovil/sm/acme/s?s=U2FsdGVkX1+ii9U/TaHWFYO8CciEeX3Q1Jbq0D9K8MMtsNNBYExtwaQSijF1u9XKsSanFV7qfX/Anbm+spCKcFwzN7kjjXmVg08tjE76mx2aBsy28rFYSGUPCOuGRmN8O3CHdeaF/5Rjkrnxz/1fo/Ld9EzueeIcQlXDnpKQ/QRY/bP943nWPE6KscrNjykSW3VYFqXwxz6z4F6bAPQRra1ajdMg9xV021okclHy44sQQ2Nn+/bzeJDhbuwSbD3y7YkalWIwPrUPtxHmA9dAe5PjO2LmLEOl0YjUDTtgSwp31gW22XTnGDLXXLwBmflMm+MPXh2yo61qO8I8lY5VBbX+zPv0RCwc6z0sbEnio0de+cyvP6soEg+avsSP7dEIuG2OVL2xZ90sViYXyXz2uUhTyu8QqP0YNRkiF1o/eOqoqN/EwCI7pNFpMzpVoDRGEVTvL1JYk6HewcyA+CeUE8XVWfvqBUkObH7AbWMeN7W7DaFYGzlH1pNjQnrPbYyxBy7UwJKJ2jHe67ymhGXkCyT2qbJVTohLroe3qrKaWe9X8xQ2xNmiW2FAYRzRxAhaP6mPmMXQJYbV0jpiwJRM20bRjziNieJ2YjBlg/F3rXwAOZZu5QF65S+JjbHWM5gEn0kaGguOBBEaJW7IvpDHs9I+tkWWhzpc2dkp+qv8CnKy9lxcGhWJb516tDggklZ2sBQv6FvfkZHAy0ESOjqP6xk0YkU7pKM0mYi4ZBi5X8Mw4hq3hDypHZUxhryeuW9oe5Kv7CxejNMl0Ul07fo5q7A/84yeDnZru9PoJVl3s1TtpkrjXkY49P4OTLEpPd+b8QRr8h/soHKJPY6k93W6Bz/XNpDeXxfrfYQZg9qjSjRQuJ6IbZDeCL1zx9I6Vpqom4aQKB7cVOeA3D95uQO0vObLd3lY1VyTyunU8l+0uuK8KMsDLNOwozKNEuFhgVRQGuN95i9o9vBpdJcpbiQ/qDrLuOsTu4xBQuA8Iedqs2QWupjOBpbE+7/uFbIGf5ZgKik2H6BE41KPlFbQ8Uslz9gXRcKOOkIilhCmFTuHGy23WfOawDBkAbsng0YLOGvWo+zZ8qPNT/HQQ0IbWoi8Jsv3sNZ5g8/CoY/isXCSX6bi6F2wKe9pyYG6WNyjU4JaGHtkH2C7kencb0E9JvueXlwrlJ7kSaLAr+bZMIAmCSTdHlaArD4tuBmVGJt0Dn/G6l+U3UE+eEuBnwzgcSt2eDW17YYmun7sFbbVs6t0LEp01r04tET8+3zyhA40sjxtVsqrcZq7BXB7zjfXnF+7085K9kEUtO01tG9kA5PeoFVrH6MBksKD+wNVfQ+SDTN5F54H52aVmpVEAzMSrUbGF0xIoNPOD1SSdY75MKgByIShDTJbyjYlOAikzF0Hp8TH6stGomFzxyU2IWVhkiN2jvijY/LEelhOGG9ywuI6+M87UWSOL9AaCW254xHg1fRd8trS36Sj3dxA9X+rAfDT2we08zDbrAFqQTKso9uFRBTon0UoyIu3fwpn4+IIC1efRlxKroiZH76minPRcO8ENQCCluMObKUikwJWZDiAoEMzHO262nHT4jCVO/Lxe86ifcmGTDJ8Td5gPg+UVJqmRJu+CbzHkrV1kZefkzsmH2MPuoWIuOk4fZoqEm0ziE59MTPUA7kIECWgDlB3gLtadnwWgT7cj4AeRCt5roX0tZ9t7MS7peQRd92GHqnkV933Qe9XdjdJar5gu+u8xDMZan0l75x9iSl69t1kqYKzET2WhPgGAndodBqbBNRt+S3A&u=U2FsdGVkX1+SjwHxIlOuEbLHmplFY/dL04rS+IwNhWUUwKllBKcyY2ZRS7wYwtZX&y=U2FsdGVkX19LTA2t7hUQ/J4q8gDB2QgcaJGzzN9MSWLLWGRg9j4OJnvr6CQEJzSP HTTP/1.1" 200 1009
186.30.116.46 - - [16/Mar/2023:09:28:01 -0500] "GET /sipse/faces/javax.faces.resource/layout/layout.js?ln=primefaces&v=4.0 HTTP/1.1" 304 -
186.102.69.187 - - [16/Mar/2023:09:28:02 -0500] "GET /kwssiamovil/sm/acme/s?s=U2FsdGVkX1+wEl/zfreZMJhEAPosOHtPIbjIAwWNVeu+5Rq+db3GpHjQPvFij6SBvNScZYp0jbb5Lz6bVCfS9tIXuCH2tDedAEBWRWNCF59Twpn54xwS13DyDRIUOy7K7FjOXSYjNCXUKtQTbdJammXv9oQCtHLn7sa0g7HMGgnNmhXPorOqeSkl/BvdIIvUZL0n/xLDCllvu70iGfYE21pfWFalO797eoNsmRmEEBH2mawkhZU35QwjoaZxEvva0lf+BM3nmiqe1IysHdqy2Ie8K/8EEGtnDt4rYbJ8+qm/5v/22lieaRylfGKKaYxB9BX66tMoCysSSlkS6ya67d2bG1EDtjaL3BOq9v8Oe398bMF3FQBEXS8cWJ3BIONZyt1/kFV/3PTmqH6Jpqh+1YSOQPRbKtVKYsTxFzXYDiH2xti4gasW+fllKBSSVJNguwlFrUmDTyQGXsveEfDmKbobjlB0r7Fc6TYRgMFxnrxl+peJ1S+V75EK61hrFsz8TkMOmaVkud20lezI/qiJjnrb6Tl7WUcKvRncYVi/50Vr3Q4XiOKmylLPfbz0/UYDrhegXYM+m4i/sPGSLoBXyjOwckjM8edRZ2foBKFA2h3yylTpuTyr++bHS+39kFENM+hjKOxNClV5vcoh4x0uDd42TLQnFIVjFxBCLHvx6w7e3jeRKZ2wp3y4f7T9T0LWSN42Qlw/nhIlJIadQUxs4o+kBB/tzDAQIJWfZTMeEkH5WOgqB6egRqd11t9/sTyO+K3AUDv/SIoFHmpITmYJfw==&u=U2FsdGVkX1+SjwHxIlOuEbLHmplFY/dL04rS+IwNhWUUwKllBKcyY2ZRS7wYwtZX&y=U2FsdGVkX19LTA2t7hUQ/J4q8gDB2QgcaJGzzN9MSWLLWGRg9j4OJnvr6CQEJzSP HTTP/1.1" 200 352
186.102.69.187 - - [16/Mar/2023:09:28:02 -0500] "GET /kwssiamovil/sm/cjson/pre?f=9&x=U2FsdGVkX1/PYPP1tvyiTnCUVHWx3mxTBNcUj9xx2PUH8kzHs/S2YVP3Tw5LhgABXAh/TwFlaccI8ep5AxkXdg== HTTP/1.1" 200 25142
186.102.69.187 - - [16/Mar/2023:09:28:02 -0500] "GET /kwssiamovil/sm/cjson/pre?f=18&x=U2FsdGVkX1/PYPP1tvyiTnCUVHWx3mxTBNcUj9xx2PUH8kzHs/S2YVP3Tw5LhgABXAh/TwFlaccI8ep5AxkXdg== HTTP/1.1" 200 32849
186.30.116.46 - - [16/Mar/2023:09:28:06 -0500] "POST /sipse/faces/presentacion/financiero/solicitudProceso/consultarSolicitudProceso.xhtml HTTP/1.1" 200 5594
200.118.80.45 - - [16/Mar/2023:09:27:42 -0500] "POST /sipse/faces/presentacion/financiero/solicitudProceso/consultarSolicitudProceso.xhtml HTTP/1.1" 200 12285
201.245.192.253 - - [16/Mar/2023:09:28:11 -0500] "POST /sipse/faces/presentacion/financiero/solicitudProceso/listarSolicitudProceso.xhtml HTTP/1.1" 200 16940
201.245.192.253 - - [16/Mar/2023:09:28:19 -0500] "POST /sipse/faces/presentacion/financiero/solicitudProceso/listarSolicitudProceso.xhtml HTTP/1.1" 200 16953
186.30.116.46 - - [16/Mar/2023:09:28:20 -0500] "POST /sipse/faces/presentacion/financiero/solicitudProceso/consultarSolicitudProceso.xhtml HTTP/1.1" 200 6977
201.245.192.253 - - [16/Mar/2023:09:28:22 -0500] "POST /sipse/faces/presentacion/financiero/solicitudProceso/listarSolicitudProceso.xhtml HTTP/1.1" 200 16941
186.30.116.46 - - [16/Mar/2023:09:28:22 -0500] "POST /sipse/faces/presentacion/financiero/solicitudProceso/consultarSolicitudProceso.xhtml HTTP/1.1" 200 37149
186.30.116.46 - - [16/Mar/2023:09:28:24 -0500] "GET /sipse/faces/javax.faces.resource/theme.css?ln=primefaces-sipse HTTP/1.1" 304 -
186.30.116.46 - - [16/Mar/2023:09:28:24 -0500] "GET /sipse/faces/javax.faces.resource/primefaces.css?ln=primefaces&v=4.0 HTTP/1.1" 304 -
186.30.116.46 - - [16/Mar/2023:09:28:24 -0500] "GET /sipse/faces/javax.faces.resource/jquery/jquery.js?ln=primefaces&v=4.0 HTTP/1.1" 304 -
186.30.116.46 - - [16/Mar/2023:09:28:24 -0500] "GET /sipse/faces/javax.faces.resource/layout/layout.css?ln=primefaces&v=4.0 HTTP/1.1" 304 -
186.30.116.46 - - [16/Mar/2023:09:28:24 -0500] "GET /sipse/faces/javax.faces.resource/jquery/jquery-plugins.js?ln=primefaces&v=4.0 HTTP/1.1" 304 -
186.30.116.46 - - [16/Mar/2023:09:28:24 -0500] "GET /sipse/faces/javax.faces.resource/primefaces.js?ln=primefaces&v=4.0 HTTP/1.1" 304 -
186.30.116.46 - - [16/Mar/2023:09:28:24 -0500] "GET /sipse/faces/javax.faces.resource/layout/layout.js?ln=primefaces&v=4.0 HTTP/1.1" 304 -
201.245.192.253 - - [16/Mar/2023:09:28:24 -0500] "POST /sipse/faces/presentacion/financiero/solicitudProceso/listarSolicitudProceso.xhtml HTTP/1.1" 200 17023
186.30.116.46 - - [16/Mar/2023:09:28:24 -0500] "POST /sipse/faces/presentacion/financiero/solicitudProceso/listarSolicitudProceso.xhtml HTTP/1.1" 200 1396
186.30.116.46 - - [16/Mar/2023:09:28:29 -0500] "POST /sipse/faces/presentacion/financiero/solicitudProceso/listarSolicitudProceso.xhtml HTTP/1.1" 200 7419
201.245.192.253 - - [16/Mar/2023:09:28:32 -0500] "POST /sipse/faces/presentacion/financiero/solicitudProceso/listarSolicitudProceso.xhtml HTTP/1.1" 200 16960
201.245.192.253 - - [16/Mar/2023:09:28:38 -0500] "POST /sipse/faces/presentacion/financiero/solicitudProceso/listarSolicitudProceso.xhtml HTTP/1.1" 200 17040
216.245.221.92 - - [16/Mar/2023:09:28:49 -0500] "HEAD / HTTP/1.1" 200 -
201.245.192.253 - - [16/Mar/2023:09:28:48 -0500] "POST /sipse/faces/presentacion/financiero/solicitudProceso/listarSolicitudProceso.xhtml HTTP/1.1" 200 153056
201.245.192.253 - - [16/Mar/2023:09:28:49 -0500] "GET /sipse/faces/javax.faces.resource/theme.css?ln=primefaces-sipse HTTP/1.1" 304 -
201.245.192.253 - - [16/Mar/2023:09:28:49 -0500] "GET /sipse/faces/javax.faces.resource/layout/layout.css?ln=primefaces&v=4.0 HTTP/1.1" 304 -
201.245.192.253 - - [16/Mar/2023:09:28:49 -0500] "GET /sipse/faces/javax.faces.resource/primefaces.css?ln=primefaces&v=4.0 HTTP/1.1" 304 -
201.245.192.253 - - [16/Mar/2023:09:28:49 -0500] "GET /sipse/faces/javax.faces.resource/jquery/jquery.js?ln=primefaces&v=4.0 HTTP/1.1" 304 -
201.245.192.253 - - [16/Mar/2023:09:28:49 -0500] "GET /sipse/faces/javax.faces.resource/jquery/jquery-plugins.js?ln=primefaces&v=4.0 HTTP/1.1" 304 -
201.245.192.253 - - [16/Mar/2023:09:28:49 -0500] "GET /sipse/faces/javax.faces.resource/primefaces.js?ln=primefaces&v=4.0 HTTP/1.1" 304 -
201.245.192.253 - - [16/Mar/2023:09:28:49 -0500] "GET /sipse/faces/javax.faces.resource/layout/layout.js?ln=primefaces&v=4.0 HTTP/1.1" 304 -
192.168.175.240 - - [16/Mar/2023:09:28:58 -0500] "GET / HTTP/1.1" 200 4720
201.245.192.253 - - [16/Mar/2023:09:29:08 -0500] "POST /sipse/faces/presentacion/financiero/solicitudProceso/consultarSolicitudProceso.xhtml HTTP/1.1" 200 47627
201.245.192.253 - - [16/Mar/2023:09:29:10 -0500] "POST /sipse/faces/presentacion/financiero/solicitudProceso/consultarSolicitudProceso.xhtml HTTP/1.1" 200 244575
186.30.116.46 - - [16/Mar/2023:09:29:13 -0500] "POST /sipse/faces/presentacion/financiero/solicitudProceso/listarSolicitudProceso.xhtml HTTP/1.1" 200 4653
201.245.192.253 - - [16/Mar/2023:09:29:15 -0500] "POST /sipse/faces/presentacion/financiero/solicitudProceso/consultarSolicitudProceso.xhtml HTTP/1.1" 200 404219
186.30.116.46 - - [16/Mar/2023:09:29:15 -0500] "POST /sipse/faces/presentacion/financiero/solicitudProceso/listarSolicitudProceso.xhtml HTTP/1.1" 200 5713
186.30.116.46 - - [16/Mar/2023:09:29:16 -0500] "POST /sipse/faces/presentacion/financiero/solicitudProceso/listarSolicitudProceso.xhtml HTTP/1.1" 200 40777
186.30.116.46 - - [16/Mar/2023:09:29:17 -0500] "GET /sipse/faces/javax.faces.resource/theme.css?ln=primefaces-sipse HTTP/1.1" 304 -
186.30.116.46 - - [16/Mar/2023:09:29:17 -0500] "GET /sipse/faces/javax.faces.resource/jquery/jquery.js?ln=primefaces&v=4.0 HTTP/1.1" 304 -
186.30.116.46 - - [16/Mar/2023:09:29:17 -0500] "GET /sipse/faces/javax.faces.resource/layout/layout.css?ln=primefaces&v=4.0 HTTP/1.1" 304 -
186.30.116.46 - - [16/Mar/2023:09:29:17 -0500] "GET /sipse/faces/javax.faces.resource/primefaces.css?ln=primefaces&v=4.0 HTTP/1.1" 304 -
186.30.116.46 - - [16/Mar/2023:09:29:17 -0500] "GET /sipse/faces/javax.faces.resource/jquery/jquery-plugins.js?ln=primefaces&v=4.0 HTTP/1.1" 304 -
186.30.116.46 - - [16/Mar/2023:09:29:17 -0500] "GET /sipse/faces/javax.faces.resource/primefaces.js?ln=primefaces&v=4.0 HTTP/1.1" 304 -
186.30.116.46 - - [16/Mar/2023:09:29:17 -0500] "GET /sipse/faces/javax.faces.resource/layout/layout.js?ln=primefaces&v=4.0 HTTP/1.1" 304 -
186.30.116.46 - - [16/Mar/2023:09:29:17 -0500] "POST /sipse/faces/presentacion/financiero/solicitudProceso/consultar.xhtml HTTP/1.1" 200 34137
186.30.116.46 - - [16/Mar/2023:09:29:17 -0500] "POST /sipse/faces/presentacion/financiero/solicitudProceso/consultar.xhtml HTTP/1.1" 200 34137
186.30.116.46 - - [16/Mar/2023:09:29:18 -0500] "POST /sipse/faces/presentacion/financiero/solicitudProceso/consultar.xhtml HTTP/1.1" 200 34137
201.245.192.253 - - [16/Mar/2023:09:29:18 -0500] "POST /sipse/faces/presentacion/financiero/solicitudProceso/consultarSolicitudProceso.xhtml HTTP/1.1" 200 108960
201.245.192.253 - - [16/Mar/2023:09:29:19 -0500] "GET /sipse/faces/javax.faces.resource/primefaces.css?ln=primefaces&v=4.0 HTTP/1.1" 304 -
201.245.192.253 - - [16/Mar/2023:09:29:19 -0500] "GET /sipse/faces/javax.faces.resource/layout/layout.css?ln=primefaces&v=4.0 HTTP/1.1" 304 -
201.245.192.253 - - [16/Mar/2023:09:29:19 -0500] "GET /sipse/faces/javax.faces.resource/theme.css?ln=primefaces-sipse HTTP/1.1" 304 -
201.245.192.253 - - [16/Mar/2023:09:29:19 -0500] "GET /sipse/faces/javax.faces.resource/jquery/jquery.js?ln=primefaces&v=4.0 HTTP/1.1" 304 -
201.245.192.253 - - [16/Mar/2023:09:29:19 -0500] "GET /sipse/faces/javax.faces.resource/jquery/jquery-plugins.js?ln=primefaces&v=4.0 HTTP/1.1" 304 -
201.245.192.253 - - [16/Mar/2023:09:29:19 -0500] "GET /sipse/faces/javax.faces.resource/primefaces.js?ln=primefaces&v=4.0 HTTP/1.1" 304 -
201.245.192.253 - - [16/Mar/2023:09:29:19 -0500] "GET /sipse/faces/javax.faces.resource/layout/layout.js?ln=primefaces&v=4.0 HTTP/1.1" 304 -
186.30.116.46 - - [16/Mar/2023:09:29:20 -0500] "POST /sipse/faces/presentacion/financiero/solicitudProceso/consultar.xhtml HTTP/1.1" 200 12961
172.22.2.4 - - [16/Mar/2023:09:29:28 -0500] "GET /BLA/boletinlegal/actuator/health HTTP/1.1" 404 1018
201.245.192.253 - - [16/Mar/2023:09:29:28 -0500] "POST /forms/lservlet;jsessionid=ac16012b30d685fbaea9f39346b5a75bbd5e00e6233f.e3iSbxaKaheRe3uRa3iSa3mKci1ynknvrkLOlQzNp65In0 HTTP/1.1" 200 2
192.168.175.240 - - [16/Mar/2023:09:29:58 -0500] "GET / HTTP/1.1" 200 4720
200.118.80.45 - - [16/Mar/2023:09:30:10 -0500] "GET /sipse/faces/index.xhtml HTTP/1.1" 200 677
200.118.80.45 - - [16/Mar/2023:09:30:10 -0500] "GET /sipse/faces/javax.faces.resource/theme.css?ln=primefaces-sipse HTTP/1.1" 304 -
200.118.80.45 - - [16/Mar/2023:09:30:10 -0500] "GET /sipse/faces/faces/autenticacion.xhtml HTTP/1.1" 200 12176
200.118.80.45 - - [16/Mar/2023:09:30:10 -0500] "GET /sipse/faces/javax.faces.resource/theme.css?ln=primefaces-sipse HTTP/1.1" 304 -
200.118.80.45 - - [16/Mar/2023:09:30:10 -0500] "GET /sipse/faces/javax.faces.resource/primefaces.css?ln=primefaces&v=4.0 HTTP/1.1" 304 -
200.118.80.45 - - [16/Mar/2023:09:30:10 -0500] "GET /sipse/faces/javax.faces.resource/jquery/jquery.js?ln=primefaces&v=4.0 HTTP/1.1" 304 -
200.118.80.45 - - [16/Mar/2023:09:30:10 -0500] "GET /sipse/faces/javax.faces.resource/primefaces.js?ln=primefaces&v=4.0 HTTP/1.1" 304 -
200.118.80.45 - - [16/Mar/2023:09:30:10 -0500] "GET /sipse/faces/javax.faces.resource/layout/layout.css?ln=primefaces&v=4.0 HTTP/1.1" 304 -
200.118.80.45 - - [16/Mar/2023:09:30:10 -0500] "GET /sipse/faces/javax.faces.resource/jquery/jquery-plugins.js?ln=primefaces&v=4.0 HTTP/1.1" 304 -
200.118.80.45 - - [16/Mar/2023:09:30:10 -0500] "GET /sipse/faces/javax.faces.resource/layout/layout.js?ln=primefaces&v=4.0 HTTP/1.1" 304 -
200.118.80.45 - - [16/Mar/2023:09:30:11 -0500] "GET /sipse/faces/javax.faces.resource/images/ui-icons_898989_256x240.png?ln=primefaces-aristo HTTP/1.1" 304 -
186.30.116.46 - - [16/Mar/2023:09:30:14 -0500] "POST /sipse/faces/presentacion/financiero/solicitudProceso/consultar.xhtml HTTP/1.1" 200 12857
200.118.80.45 - - [16/Mar/2023:09:30:15 -0500] "POST /sipse/faces/autenticacion.xhtml HTTP/1.1" 200 2220
200.118.80.45 - - [16/Mar/2023:09:30:15 -0500] "GET /sipse/faces/javax.faces.resource/messages/messages.png?ln=primefaces&v=4.0 HTTP/1.1" 304 -
191.95.49.126 - - [16/Mar/2023:09:30:18 -0500] "POST /sipse/faces/presentacion/financiero/solicitudProceso/listarSolicitudProceso.xhtml HTTP/1.1" 200 57348
191.95.49.126 - - [16/Mar/2023:09:30:18 -0500] "POST /sipse/faces/presentacion/financiero/solicitudProceso/listarSolicitudProceso.xhtml HTTP/1.1" 200 57348
191.95.49.126 - - [16/Mar/2023:09:30:19 -0500] "POST /sipse/faces/presentacion/financiero/solicitudProceso/listarSolicitudProceso.xhtml HTTP/1.1" 200 1560
