186.155.8.227 - - [19/Mar/2023:21:45:49 -0500] "POST /sipse/faces/presentacion/financiero/solicitudProceso/consultar.xhtml HTTP/1.1" 200 35525
186.155.8.227 - - [19/Mar/2023:21:45:52 -0500] "POST /sipse/faces/presentacion/financiero/solicitudProceso/consultar.xhtml HTTP/1.1" 200 12809
186.155.8.227 - - [19/Mar/2023:21:45:56 -0500] "POST /sipse/faces/presentacion/financiero/solicitudProceso/consultar.xhtml HTTP/1.1" 200 159974
186.155.8.227 - - [19/Mar/2023:21:45:57 -0500] "GET /sipse/faces/javax.faces.resource/theme.css?ln=primefaces-sipse HTTP/1.1" 304 -
186.155.8.227 - - [19/Mar/2023:21:45:57 -0500] "GET /sipse/faces/javax.faces.resource/layout/layout.css?ln=primefaces&v=4.0 HTTP/1.1" 304 -
186.155.8.227 - - [19/Mar/2023:21:45:57 -0500] "GET /sipse/faces/javax.faces.resource/primefaces.css?ln=primefaces&v=4.0 HTTP/1.1" 304 -
186.155.8.227 - - [19/Mar/2023:21:45:57 -0500] "GET /sipse/faces/javax.faces.resource/jquery/jquery.js?ln=primefaces&v=4.0 HTTP/1.1" 304 -
186.155.8.227 - - [19/Mar/2023:21:45:57 -0500] "GET /sipse/faces/javax.faces.resource/jquery/jquery-plugins.js?ln=primefaces&v=4.0 HTTP/1.1" 304 -
186.155.8.227 - - [19/Mar/2023:21:45:57 -0500] "GET /sipse/faces/javax.faces.resource/primefaces.js?ln=primefaces&v=4.0 HTTP/1.1" 304 -
186.155.8.227 - - [19/Mar/2023:21:45:57 -0500] "GET /sipse/faces/javax.faces.resource/layout/layout.js?ln=primefaces&v=4.0 HTTP/1.1" 304 -
186.155.8.227 - - [19/Mar/2023:21:45:58 -0500] "GET /sipse/faces/javax.faces.resource/dynamiccontent.properties?ln=primefaces&pfdrid=XjOR5%2F%2FfPAZAuY9TpWQeCiM0BhlXxYRBGKi%2FQcXXfeA%3D&pfdrid_c=false HTTP/1.1" 500 383
186.155.8.227 - - [19/Mar/2023:21:46:07 -0500] "POST /sipse/faces/presentacion/financiero/solicitudProceso/consultarSolicitudProceso.xhtml HTTP/1.1" 200 132855
209.73.183.39 - - [19/Mar/2023:21:46:26 -0500] "GET /images/jardines-verticales_optimized.jpeg HTTP/1.1" 304 -
216.245.221.92 - - [19/Mar/2023:21:46:34 -0500] "HEAD / HTTP/1.1" 200 -
192.168.175.240 - - [19/Mar/2023:21:46:40 -0500] "GET / HTTP/1.1" 200 4720
192.168.175.240 - - [19/Mar/2023:21:47:40 -0500] "GET / HTTP/1.1" 200 4720
201.245.192.253 - - [19/Mar/2023:21:47:55 -0500] "POST /kwsrmcab/Wsrmcab  HTTP/1.1" 200 42239
201.244.139.175 - - [19/Mar/2023:21:48:28 -0500] "GET /cooperacion-internacional-postulate-para-la-coordinacion-ambiental-de-proyecto-con-la-union-europea-avantia.html HTTP/1.1" 200 1020
192.168.175.240 - - [19/Mar/2023:21:48:40 -0500] "GET / HTTP/1.1" 200 4720
192.168.175.240 - - [19/Mar/2023:21:49:40 -0500] "GET / HTTP/1.1" 200 4720
172.22.2.4 - - [19/Mar/2023:21:49:44 -0500] "GET /BLA/boletinlegal/actos.php HTTP/1.1" 200 9672
172.22.2.4 - - [19/Mar/2023:21:49:44 -0500] "GET /BLA/boletinlegal/styles2.css HTTP/1.1" 200 1838
172.22.2.4 - - [19/Mar/2023:21:49:44 -0500] "GET /BLA/boletinlegal/js/ajax_actos.js HTTP/1.1" 200 1322
172.22.2.4 - - [19/Mar/2023:21:49:44 -0500] "GET /BLA/boletinlegal/style.css HTTP/1.1" 200 9406
172.22.2.4 - - [19/Mar/2023:21:49:44 -0500] "GET /BLA/boletinlegal/niceforms.js HTTP/1.1" 200 22876
172.22.2.4 - - [19/Mar/2023:21:49:44 -0500] "GET /BLA/boletinlegal/niceforms-default.css HTTP/1.1" 200 6694
172.22.2.4 - - [19/Mar/2023:21:49:44 -0500] "GET /BLA/boletinlegal/js/lib.js HTTP/1.1" 200 6474
172.22.2.4 - - [19/Mar/2023:21:49:45 -0500] "GET /BLA/boletinlegal/js/popup.js HTTP/1.1" 200 1270
172.22.2.4 - - [19/Mar/2023:21:49:45 -0500] "GET /BLA/boletinlegal/js/jquery1.js HTTP/1.1" 200 29846
172.22.2.4 - - [19/Mar/2023:21:49:46 -0500] "GET /BLA/boletinlegal/images/cabezote%20BLEGAL.jpg HTTP/1.1" 200 118164
172.22.2.4 - - [19/Mar/2023:21:49:46 -0500] "GET /BLA/boletinlegal/images/subscribe-icon-big.png HTTP/1.1" 200 47702
172.22.2.4 - - [19/Mar/2023:21:49:46 -0500] "GET /BLA/boletinlegal/images/historia.png HTTP/1.1" 200 52775
172.22.2.4 - - [19/Mar/2023:21:49:46 -0500] "GET /BLA/boletinlegal/images/registro-usuarios.png HTTP/1.1" 200 8106
172.22.2.4 - - [19/Mar/2023:21:49:46 -0500] "GET /BLA/boletinlegal/images/green-yellow-blue-pink-th.png HTTP/1.1" 200 7394
172.22.2.4 - - [19/Mar/2023:21:49:46 -0500] "GET /BLA/boletinlegal/images/tel.png HTTP/1.1" 200 14477
172.22.2.4 - - [19/Mar/2023:21:49:46 -0500] "GET /BLA/boletinlegal/images/body_bg.jpg HTTP/1.1" 200 1601
172.22.2.4 - - [19/Mar/2023:21:49:46 -0500] "GET /BLA/boletinlegal/images/icono-email.png HTTP/1.1" 200 5544
172.22.2.4 - - [19/Mar/2023:21:49:46 -0500] "GET /BLA/boletinlegal/images/menu_rght.gif HTTP/1.1" 200 1627
172.22.2.4 - - [19/Mar/2023:21:49:46 -0500] "GET /BLA/boletinlegal/images/menu_lft.gif HTTP/1.1" 200 1713
172.22.2.4 - - [19/Mar/2023:21:49:46 -0500] "GET /BLA/boletinlegal/images/bg_top.jpg HTTP/1.1" 200 522
172.22.2.4 - - [19/Mar/2023:21:49:46 -0500] "GET /BLA/boletinlegal/images/hover.jpg HTTP/1.1" 200 640
172.22.2.4 - - [19/Mar/2023:21:49:46 -0500] "GET /BLA/boletinlegal/images/menu_bg.jpg HTTP/1.1" 200 620
172.22.2.4 - - [19/Mar/2023:21:49:46 -0500] "GET /BLA/boletinlegal/images/text.jpg HTTP/1.1" 200 568
172.22.2.4 - - [19/Mar/2023:21:49:46 -0500] "GET /BLA/boletinlegal/images/footer_bg.jpg HTTP/1.1" 200 586
172.22.2.4 - - [19/Mar/2023:21:49:46 -0500] "GET /BLA/boletinlegal/images/footer_bg_l.jpg HTTP/1.1" 200 776
172.22.2.4 - - [19/Mar/2023:21:49:47 -0500] "GET /BLA/boletinlegal/img/0.png HTTP/1.1" 200 110
172.22.2.4 - - [19/Mar/2023:21:49:47 -0500] "GET /BLA/boletinlegal/img/select-left.png HTTP/1.1" 200 263
172.22.2.4 - - [19/Mar/2023:21:49:47 -0500] "GET /BLA/boletinlegal/img/select-right.png HTTP/1.1" 200 44019
172.22.2.4 - - [19/Mar/2023:21:49:47 -0500] "GET /BLA/boletinlegal/img/button-left.png HTTP/1.1" 200 57071
172.22.2.4 - - [19/Mar/2023:21:49:47 -0500] "GET /BLA/boletinlegal/img/button.png HTTP/1.1" 200 43241
172.22.2.4 - - [19/Mar/2023:21:49:47 -0500] "GET /BLA/boletinlegal/favicon.ico HTTP/1.1" 404 1326
172.22.2.4 - - [19/Mar/2023:21:49:47 -0500] "GET /BLA/boletinlegal/img/button-right.png HTTP/1.1" 200 57878
172.22.2.4 - - [19/Mar/2023:21:48:22 -0500] "HEAD /BLA/boletinlegal/ HTTP/1.1" 200 -
172.22.2.4 - - [19/Mar/2023:21:50:02 -0500] "GET /BLA/boletinlegal/actos.php HTTP/1.1" 200 9672
186.155.8.227 - - [19/Mar/2023:21:50:23 -0500] "POST /sipse/faces/presentacion/financiero/solicitudProceso/consultarSolicitudProceso.xhtml HTTP/1.1" 200 42045
186.155.8.227 - - [19/Mar/2023:21:50:23 -0500] "GET /sipse/faces/javax.faces.resource/theme.css?ln=primefaces-sipse HTTP/1.1" 304 -
186.155.8.227 - - [19/Mar/2023:21:50:23 -0500] "GET /sipse/faces/javax.faces.resource/primefaces.css?ln=primefaces&v=4.0 HTTP/1.1" 304 -
186.155.8.227 - - [19/Mar/2023:21:50:23 -0500] "GET /sipse/faces/javax.faces.resource/layout/layout.css?ln=primefaces&v=4.0 HTTP/1.1" 304 -
186.155.8.227 - - [19/Mar/2023:21:50:23 -0500] "GET /sipse/faces/javax.faces.resource/jquery/jquery.js?ln=primefaces&v=4.0 HTTP/1.1" 304 -
186.155.8.227 - - [19/Mar/2023:21:50:23 -0500] "GET /sipse/faces/javax.faces.resource/jquery/jquery-plugins.js?ln=primefaces&v=4.0 HTTP/1.1" 304 -
186.155.8.227 - - [19/Mar/2023:21:50:23 -0500] "GET /sipse/faces/javax.faces.resource/primefaces.js?ln=primefaces&v=4.0 HTTP/1.1" 304 -
186.155.8.227 - - [19/Mar/2023:21:50:23 -0500] "GET /sipse/faces/javax.faces.resource/layout/layout.js?ln=primefaces&v=4.0 HTTP/1.1" 304 -
186.155.8.227 - - [19/Mar/2023:21:50:23 -0500] "POST /sipse/faces/presentacion/financiero/solicitudProceso/consultar.xhtml HTTP/1.1" 200 35413
186.155.8.227 - - [19/Mar/2023:21:50:24 -0500] "POST /sipse/faces/presentacion/financiero/solicitudProceso/consultar.xhtml HTTP/1.1" 200 35413
186.155.8.227 - - [19/Mar/2023:21:50:24 -0500] "POST /sipse/faces/presentacion/financiero/solicitudProceso/consultar.xhtml HTTP/1.1" 200 35413
186.155.8.227 - - [19/Mar/2023:21:50:24 -0500] "POST /sipse/faces/presentacion/financiero/solicitudProceso/consultar.xhtml HTTP/1.1" 200 35413
186.155.8.227 - - [19/Mar/2023:21:50:24 -0500] "POST /sipse/faces/presentacion/financiero/solicitudProceso/consultar.xhtml HTTP/1.1" 200 35413
186.155.8.227 - - [19/Mar/2023:21:50:24 -0500] "POST /sipse/faces/presentacion/financiero/solicitudProceso/consultar.xhtml HTTP/1.1" 200 35413
186.155.8.227 - - [19/Mar/2023:21:50:25 -0500] "POST /sipse/faces/presentacion/financiero/solicitudProceso/consultar.xhtml HTTP/1.1" 200 35413
186.155.8.227 - - [19/Mar/2023:21:50:25 -0500] "POST /sipse/faces/presentacion/financiero/solicitudProceso/consultar.xhtml HTTP/1.1" 200 35413
186.155.8.227 - - [19/Mar/2023:21:50:25 -0500] "POST /sipse/faces/presentacion/financiero/solicitudProceso/consultar.xhtml HTTP/1.1" 200 35413
186.155.8.227 - - [19/Mar/2023:21:50:25 -0500] "POST /sipse/faces/presentacion/financiero/solicitudProceso/consultar.xhtml HTTP/1.1" 200 35413
186.155.8.227 - - [19/Mar/2023:21:50:25 -0500] "POST /sipse/faces/presentacion/financiero/solicitudProceso/consultar.xhtml HTTP/1.1" 200 35413
186.155.8.227 - - [19/Mar/2023:21:50:25 -0500] "POST /sipse/faces/presentacion/financiero/solicitudProceso/consultar.xhtml HTTP/1.1" 200 35413
186.155.8.227 - - [19/Mar/2023:21:50:26 -0500] "POST /sipse/faces/presentacion/financiero/solicitudProceso/consultar.xhtml HTTP/1.1" 200 35413
186.155.8.227 - - [19/Mar/2023:21:50:26 -0500] "POST /sipse/faces/presentacion/financiero/solicitudProceso/consultar.xhtml HTTP/1.1" 200 35413
186.155.8.227 - - [19/Mar/2023:21:50:26 -0500] "POST /sipse/faces/presentacion/financiero/solicitudProceso/consultar.xhtml HTTP/1.1" 200 35413
186.155.8.227 - - [19/Mar/2023:21:50:26 -0500] "POST /sipse/faces/presentacion/financiero/solicitudProceso/consultar.xhtml HTTP/1.1" 200 35413
186.155.8.227 - - [19/Mar/2023:21:50:29 -0500] "POST /sipse/faces/presentacion/financiero/solicitudProceso/consultar.xhtml HTTP/1.1" 200 13056
192.168.175.240 - - [19/Mar/2023:21:50:40 -0500] "GET / HTTP/1.1" 200 4720
186.155.8.227 - - [19/Mar/2023:21:50:44 -0500] "POST /sipse/faces/presentacion/financiero/solicitudProceso/consultar.xhtml HTTP/1.1" 200 172840
186.155.8.227 - - [19/Mar/2023:21:50:45 -0500] "GET /sipse/faces/javax.faces.resource/theme.css?ln=primefaces-sipse HTTP/1.1" 304 -
186.155.8.227 - - [19/Mar/2023:21:50:45 -0500] "GET /sipse/faces/javax.faces.resource/layout/layout.css?ln=primefaces&v=4.0 HTTP/1.1" 304 -
186.155.8.227 - - [19/Mar/2023:21:50:45 -0500] "GET /sipse/faces/javax.faces.resource/primefaces.css?ln=primefaces&v=4.0 HTTP/1.1" 304 -
186.155.8.227 - - [19/Mar/2023:21:50:45 -0500] "GET /sipse/faces/javax.faces.resource/jquery/jquery.js?ln=primefaces&v=4.0 HTTP/1.1" 304 -
186.155.8.227 - - [19/Mar/2023:21:50:46 -0500] "GET /sipse/faces/javax.faces.resource/jquery/jquery-plugins.js?ln=primefaces&v=4.0 HTTP/1.1" 304 -
186.155.8.227 - - [19/Mar/2023:21:50:46 -0500] "GET /sipse/faces/javax.faces.resource/primefaces.js?ln=primefaces&v=4.0 HTTP/1.1" 304 -
186.155.8.227 - - [19/Mar/2023:21:50:46 -0500] "GET /sipse/faces/javax.faces.resource/layout/layout.js?ln=primefaces&v=4.0 HTTP/1.1" 304 -
186.155.8.227 - - [19/Mar/2023:21:50:46 -0500] "GET /sipse/faces/javax.faces.resource/dynamiccontent.properties?ln=primefaces&pfdrid=XjOR5%2F%2FfPAZAuY9TpWQeCiM0BhlXxYRBGKi%2FQcXXfeA%3D&pfdrid_c=false HTTP/1.1" 500 383
172.22.2.4 - - [19/Mar/2023:21:49:13 -0500] "GET /BLA/boletinlegal/ HTTP/1.1" 200 53551
186.155.8.227 - - [19/Mar/2023:21:51:03 -0500] "POST /sipse/faces/presentacion/financiero/solicitudProceso/consultarSolicitudProceso.xhtml HTTP/1.1" 200 160395
172.22.2.4 - - [19/Mar/2023:21:50:34 -0500] "GET /BLA/boletinlegal/?XDEBUG_SESSION_START=phpstorm HTTP/1.1" 200 24523
216.245.221.92 - - [19/Mar/2023:21:51:34 -0500] "HEAD / HTTP/1.1" 200 -
192.168.175.240 - - [19/Mar/2023:21:51:40 -0500] "GET / HTTP/1.1" 200 4720
192.168.175.240 - - [19/Mar/2023:21:52:40 -0500] "GET / HTTP/1.1" 200 4720
201.245.192.253 - - [19/Mar/2023:21:52:54 -0500] "POST /kwsrmcab/Wsrmcab  HTTP/1.1" 200 42239
40.77.189.241 - - [19/Mar/2023:21:53:37 -0500] "GET /galeria/nivo-slider/themes/default/default.css HTTP/1.1" 200 1569
40.77.188.197 - - [19/Mar/2023:21:53:37 -0500] "GET /galeria/nivo-slider/themes/pascal/pascal.css HTTP/1.1" 200 2258
40.77.188.102 - - [19/Mar/2023:21:53:37 -0500] "GET /galeria/nivo-slider/themes/orman/orman.css HTTP/1.1" 200 2152
40.77.188.197 - - [19/Mar/2023:21:53:37 -0500] "GET /galeria/nivo-slider/demo/style.css HTTP/1.1" 200 2222
40.77.190.138 - - [19/Mar/2023:21:53:37 -0500] "GET /galeria/nivo-slider/nivo-slider.css HTTP/1.1" 200 1507
40.77.189.174 - - [19/Mar/2023:21:53:38 -0500] "GET /galeria/nivo-slider/jquery.nivo.slider.pack.js HTTP/1.1" 200 11561
40.77.189.249 - - [19/Mar/2023:21:53:38 -0500] "GET /galeria/nivo-slider/demo/scripts/jquery-1.7.1.min.js HTTP/1.1" 200 93868
192.168.175.240 - - [19/Mar/2023:21:53:40 -0500] "GET / HTTP/1.1" 200 4720
192.168.175.240 - - [19/Mar/2023:21:54:40 -0500] "GET / HTTP/1.1" 200 4720
66.249.70.182 - - [19/Mar/2023:21:54:41 -0500] "-" 408 -
192.168.175.240 - - [19/Mar/2023:21:55:40 -0500] "GET / HTTP/1.1" 200 4720
172.22.2.4 - - [19/Mar/2023:21:54:12 -0500] "HEAD /BLA/boletinlegal/ HTTP/1.1" 200 -
216.245.221.92 - - [19/Mar/2023:21:56:34 -0500] "HEAD / HTTP/1.1" 200 -
192.168.175.240 - - [19/Mar/2023:21:56:39 -0500] "GET / HTTP/1.1" 200 4720
172.22.2.4 - - [19/Mar/2023:21:55:03 -0500] "GET /BLA/boletinlegal/ HTTP/1.1" 200 56277
192.168.175.240 - - [19/Mar/2023:21:57:40 -0500] "GET / HTTP/1.1" 200 4720
172.22.2.4 - - [19/Mar/2023:21:57:49 -0500] "GET /BLA/boletinlegal/actos.php HTTP/1.1" 200 9672
201.245.192.253 - - [19/Mar/2023:21:57:53 -0500] "POST /kwsrmcab/Wsrmcab  HTTP/1.1" 200 42239
172.22.2.4 - - [19/Mar/2023:21:57:59 -0500] "GET /BLA/boletinlegal/actos.php HTTP/1.1" 200 9672
192.168.175.240 - - [19/Mar/2023:21:58:40 -0500] "GET / HTTP/1.1" 200 4720
172.22.2.4 - - [19/Mar/2023:21:58:40 -0500] "GET /BLA/boletinlegal/actos.php HTTP/1.1" 200 9672
192.168.175.240 - - [19/Mar/2023:21:59:39 -0500] "GET / HTTP/1.1" 200 4720
192.168.175.240 - - [19/Mar/2023:22:00:39 -0500] "GET / HTTP/1.1" 200 4720
186.155.8.227 - - [19/Mar/2023:22:00:50 -0500] "POST /sipse/faces/presentacion/financiero/solicitudProceso/consultarSolicitudProceso.xhtml HTTP/1.1" 200 42292
186.155.8.227 - - [19/Mar/2023:22:00:50 -0500] "GET /sipse/faces/javax.faces.resource/theme.css?ln=primefaces-sipse HTTP/1.1" 304 -
186.155.8.227 - - [19/Mar/2023:22:00:50 -0500] "GET /sipse/faces/javax.faces.resource/layout/layout.css?ln=primefaces&v=4.0 HTTP/1.1" 304 -
186.155.8.227 - - [19/Mar/2023:22:00:50 -0500] "GET /sipse/faces/javax.faces.resource/primefaces.css?ln=primefaces&v=4.0 HTTP/1.1" 304 -
186.155.8.227 - - [19/Mar/2023:22:00:50 -0500] "GET /sipse/faces/javax.faces.resource/jquery/jquery.js?ln=primefaces&v=4.0 HTTP/1.1" 304 -
186.155.8.227 - - [19/Mar/2023:22:00:50 -0500] "GET /sipse/faces/javax.faces.resource/jquery/jquery-plugins.js?ln=primefaces&v=4.0 HTTP/1.1" 304 -
186.155.8.227 - - [19/Mar/2023:22:00:50 -0500] "GET /sipse/faces/javax.faces.resource/primefaces.js?ln=primefaces&v=4.0 HTTP/1.1" 304 -
186.155.8.227 - - [19/Mar/2023:22:00:50 -0500] "GET /sipse/faces/javax.faces.resource/layout/layout.js?ln=primefaces&v=4.0 HTTP/1.1" 304 -
186.155.8.227 - - [19/Mar/2023:22:00:50 -0500] "POST /sipse/faces/presentacion/financiero/solicitudProceso/consultar.xhtml HTTP/1.1" 200 35660
186.155.8.227 - - [19/Mar/2023:22:00:51 -0500] "POST /sipse/faces/presentacion/financiero/solicitudProceso/consultar.xhtml HTTP/1.1" 200 35660
186.155.8.227 - - [19/Mar/2023:22:00:51 -0500] "POST /sipse/faces/presentacion/financiero/solicitudProceso/consultar.xhtml HTTP/1.1" 200 35660
186.155.8.227 - - [19/Mar/2023:22:00:51 -0500] "POST /sipse/faces/presentacion/financiero/solicitudProceso/consultar.xhtml HTTP/1.1" 200 35660
186.155.8.227 - - [19/Mar/2023:22:00:51 -0500] "POST /sipse/faces/presentacion/financiero/solicitudProceso/consultar.xhtml HTTP/1.1" 200 35660
186.155.8.227 - - [19/Mar/2023:22:00:51 -0500] "POST /sipse/faces/presentacion/financiero/solicitudProceso/consultar.xhtml HTTP/1.1" 200 35660
186.155.8.227 - - [19/Mar/2023:22:00:51 -0500] "POST /sipse/faces/presentacion/financiero/solicitudProceso/consultar.xhtml HTTP/1.1" 200 35660
186.155.8.227 - - [19/Mar/2023:22:00:52 -0500] "POST /sipse/faces/presentacion/financiero/solicitudProceso/consultar.xhtml HTTP/1.1" 200 35660
186.155.8.227 - - [19/Mar/2023:22:00:52 -0500] "POST /sipse/faces/presentacion/financiero/solicitudProceso/consultar.xhtml HTTP/1.1" 200 35660
186.155.8.227 - - [19/Mar/2023:22:00:52 -0500] "POST /sipse/faces/presentacion/financiero/solicitudProceso/consultar.xhtml HTTP/1.1" 200 35660
186.155.8.227 - - [19/Mar/2023:22:00:52 -0500] "POST /sipse/faces/presentacion/financiero/solicitudProceso/consultar.xhtml HTTP/1.1" 200 35660
186.155.8.227 - - [19/Mar/2023:22:00:52 -0500] "POST /sipse/faces/presentacion/financiero/solicitudProceso/consultar.xhtml HTTP/1.1" 200 35660
186.155.8.227 - - [19/Mar/2023:22:00:53 -0500] "POST /sipse/faces/presentacion/financiero/solicitudProceso/consultar.xhtml HTTP/1.1" 200 35660
186.155.8.227 - - [19/Mar/2023:22:00:53 -0500] "POST /sipse/faces/presentacion/financiero/solicitudProceso/consultar.xhtml HTTP/1.1" 200 35660
186.155.8.227 - - [19/Mar/2023:22:00:53 -0500] "POST /sipse/faces/presentacion/financiero/solicitudProceso/consultar.xhtml HTTP/1.1" 200 35660
186.155.8.227 - - [19/Mar/2023:22:00:53 -0500] "POST /sipse/faces/presentacion/financiero/solicitudProceso/consultar.xhtml HTTP/1.1" 200 35660
186.155.8.227 - - [19/Mar/2023:22:00:53 -0500] "POST /sipse/faces/presentacion/financiero/solicitudProceso/consultar.xhtml HTTP/1.1" 200 35660
186.155.8.227 - - [19/Mar/2023:22:00:54 -0500] "POST /sipse/faces/presentacion/financiero/solicitudProceso/consultar.xhtml HTTP/1.1" 200 35660
186.155.8.227 - - [19/Mar/2023:22:00:59 -0500] "POST /sipse/faces/presentacion/financiero/solicitudProceso/consultar.xhtml HTTP/1.1" 200 12867
186.155.8.227 - - [19/Mar/2023:22:01:05 -0500] "POST /sipse/faces/presentacion/financiero/solicitudProceso/consultar.xhtml HTTP/1.1" 200 158118
186.155.8.227 - - [19/Mar/2023:22:01:07 -0500] "GET /sipse/faces/javax.faces.resource/theme.css?ln=primefaces-sipse HTTP/1.1" 304 -
186.155.8.227 - - [19/Mar/2023:22:01:07 -0500] "GET /sipse/faces/javax.faces.resource/primefaces.css?ln=primefaces&v=4.0 HTTP/1.1" 304 -
186.155.8.227 - - [19/Mar/2023:22:01:07 -0500] "GET /sipse/faces/javax.faces.resource/layout/layout.css?ln=primefaces&v=4.0 HTTP/1.1" 304 -
186.155.8.227 - - [19/Mar/2023:22:01:07 -0500] "GET /sipse/faces/javax.faces.resource/jquery/jquery.js?ln=primefaces&v=4.0 HTTP/1.1" 304 -
186.155.8.227 - - [19/Mar/2023:22:01:07 -0500] "GET /sipse/faces/javax.faces.resource/jquery/jquery-plugins.js?ln=primefaces&v=4.0 HTTP/1.1" 304 -
186.155.8.227 - - [19/Mar/2023:22:01:07 -0500] "GET /sipse/faces/javax.faces.resource/primefaces.js?ln=primefaces&v=4.0 HTTP/1.1" 304 -
186.155.8.227 - - [19/Mar/2023:22:01:07 -0500] "GET /sipse/faces/javax.faces.resource/layout/layout.js?ln=primefaces&v=4.0 HTTP/1.1" 304 -
186.155.8.227 - - [19/Mar/2023:22:01:07 -0500] "GET /sipse/faces/javax.faces.resource/dynamiccontent.properties?ln=primefaces&pfdrid=XjOR5%2F%2FfPAZAuY9TpWQeCiM0BhlXxYRBGKi%2FQcXXfeA%3D&pfdrid_c=false HTTP/1.1" 500 383
186.155.8.227 - - [19/Mar/2023:22:01:16 -0500] "POST /sipse/faces/presentacion/financiero/solicitudProceso/consultarSolicitudProceso.xhtml HTTP/1.1" 200 133110
216.245.221.92 - - [19/Mar/2023:22:01:34 -0500] "HEAD / HTTP/1.1" 200 -
192.168.175.240 - - [19/Mar/2023:22:01:39 -0500] "GET / HTTP/1.1" 200 4720
172.22.2.4 - - [19/Mar/2023:22:00:02 -0500] "HEAD /BLA/boletinlegal/ HTTP/1.1" 200 -
172.22.2.4 - - [19/Mar/2023:22:00:53 -0500] "GET /BLA/boletinlegal/ HTTP/1.1" 200 57141
192.168.175.240 - - [19/Mar/2023:22:02:39 -0500] "GET / HTTP/1.1" 200 4720
201.245.192.253 - - [19/Mar/2023:22:02:51 -0500] "POST /kwsrmcab/Wsrmcab  HTTP/1.1" 200 42239
191.156.42.226 - - [19/Mar/2023:22:03:25 -0500] "GET /galeria/galeria/jquery.fancybox.css?v=2.1.5 HTTP/1.1" 200 4895
191.156.41.41 - - [19/Mar/2023:22:03:25 -0500] "GET /BLA/boletinlegal/js/jquery.scrollShow.js HTTP/1.1" 200 4586
191.156.44.158 - - [19/Mar/2023:22:03:25 -0500] "GET /galeria/galeria/jquery.fancybox.js?v=2.1.5 HTTP/1.1" 200 48706
192.168.175.240 - - [19/Mar/2023:22:03:39 -0500] "GET / HTTP/1.1" 200 4720
192.168.175.240 - - [19/Mar/2023:22:04:39 -0500] "GET / HTTP/1.1" 200 4720
192.168.175.240 - - [19/Mar/2023:22:05:39 -0500] "GET / HTTP/1.1" 200 4720
216.245.221.92 - - [19/Mar/2023:22:06:34 -0500] "HEAD / HTTP/1.1" 200 -
192.168.175.240 - - [19/Mar/2023:22:06:39 -0500] "GET / HTTP/1.1" 200 4720
186.84.89.52 - - [19/Mar/2023:22:07:03 -0500] "GET /cooperacion-internacional-postulate-para-la-coordinacion-ambiental-de-proyecto-con-la-union-europea-avantia.html HTTP/1.1" 200 1020
172.22.2.4 - - [19/Mar/2023:22:05:52 -0500] "HEAD /BLA/boletinlegal/ HTTP/1.1" 200 -
192.168.175.240 - - [19/Mar/2023:22:07:39 -0500] "GET / HTTP/1.1" 200 4720
201.245.192.253 - - [19/Mar/2023:22:07:49 -0500] "POST /kwsrmcab/Wsrmcab  HTTP/1.1" 200 42239
172.22.2.4 - - [19/Mar/2023:22:06:43 -0500] "GET /BLA/boletinlegal/ HTTP/1.1" 200 57141
192.168.175.240 - - [19/Mar/2023:22:08:39 -0500] "GET / HTTP/1.1" 200 4720
192.168.175.240 - - [19/Mar/2023:22:09:39 -0500] "GET / HTTP/1.1" 200 4720
186.155.8.227 - - [19/Mar/2023:22:10:15 -0500] "POST /sipse/faces/presentacion/financiero/solicitudProceso/consultarSolicitudProceso.xhtml HTTP/1.1" 200 42103
186.155.8.227 - - [19/Mar/2023:22:10:15 -0500] "GET /sipse/faces/javax.faces.resource/theme.css?ln=primefaces-sipse HTTP/1.1" 304 -
186.155.8.227 - - [19/Mar/2023:22:10:15 -0500] "GET /sipse/faces/javax.faces.resource/primefaces.css?ln=primefaces&v=4.0 HTTP/1.1" 304 -
186.155.8.227 - - [19/Mar/2023:22:10:15 -0500] "GET /sipse/faces/javax.faces.resource/layout/layout.css?ln=primefaces&v=4.0 HTTP/1.1" 304 -
186.155.8.227 - - [19/Mar/2023:22:10:15 -0500] "GET /sipse/faces/javax.faces.resource/jquery/jquery.js?ln=primefaces&v=4.0 HTTP/1.1" 304 -
186.155.8.227 - - [19/Mar/2023:22:10:15 -0500] "GET /sipse/faces/javax.faces.resource/jquery/jquery-plugins.js?ln=primefaces&v=4.0 HTTP/1.1" 304 -
186.155.8.227 - - [19/Mar/2023:22:10:15 -0500] "GET /sipse/faces/javax.faces.resource/primefaces.js?ln=primefaces&v=4.0 HTTP/1.1" 304 -
186.155.8.227 - - [19/Mar/2023:22:10:15 -0500] "GET /sipse/faces/javax.faces.resource/layout/layout.js?ln=primefaces&v=4.0 HTTP/1.1" 304 -
186.155.8.227 - - [19/Mar/2023:22:10:15 -0500] "POST /sipse/faces/presentacion/financiero/solicitudProceso/consultar.xhtml HTTP/1.1" 200 35471
186.155.8.227 - - [19/Mar/2023:22:10:15 -0500] "POST /sipse/faces/presentacion/financiero/solicitudProceso/consultar.xhtml HTTP/1.1" 200 35471
186.155.8.227 - - [19/Mar/2023:22:10:16 -0500] "POST /sipse/faces/presentacion/financiero/solicitudProceso/consultar.xhtml HTTP/1.1" 200 35471
186.155.8.227 - - [19/Mar/2023:22:10:16 -0500] "POST /sipse/faces/presentacion/financiero/solicitudProceso/consultar.xhtml HTTP/1.1" 200 35471
186.155.8.227 - - [19/Mar/2023:22:10:16 -0500] "POST /sipse/faces/presentacion/financiero/solicitudProceso/consultar.xhtml HTTP/1.1" 200 35471
186.155.8.227 - - [19/Mar/2023:22:10:16 -0500] "POST /sipse/faces/presentacion/financiero/solicitudProceso/consultar.xhtml HTTP/1.1" 200 35471
186.155.8.227 - - [19/Mar/2023:22:10:16 -0500] "POST /sipse/faces/presentacion/financiero/solicitudProceso/consultar.xhtml HTTP/1.1" 200 35471
186.155.8.227 - - [19/Mar/2023:22:10:16 -0500] "POST /sipse/faces/presentacion/financiero/solicitudProceso/consultar.xhtml HTTP/1.1" 200 35471
186.155.8.227 - - [19/Mar/2023:22:10:17 -0500] "POST /sipse/faces/presentacion/financiero/solicitudProceso/consultar.xhtml HTTP/1.1" 200 35471
186.155.8.227 - - [19/Mar/2023:22:10:17 -0500] "POST /sipse/faces/presentacion/financiero/solicitudProceso/consultar.xhtml HTTP/1.1" 200 35471
186.155.8.227 - - [19/Mar/2023:22:10:17 -0500] "POST /sipse/faces/presentacion/financiero/solicitudProceso/consultar.xhtml HTTP/1.1" 200 35471
186.155.8.227 - - [19/Mar/2023:22:10:17 -0500] "POST /sipse/faces/presentacion/financiero/solicitudProceso/consultar.xhtml HTTP/1.1" 200 35471
186.155.8.227 - - [19/Mar/2023:22:10:17 -0500] "POST /sipse/faces/presentacion/financiero/solicitudProceso/consultar.xhtml HTTP/1.1" 200 35471
186.155.8.227 - - [19/Mar/2023:22:10:18 -0500] "POST /sipse/faces/presentacion/financiero/solicitudProceso/consultar.xhtml HTTP/1.1" 200 35471
186.155.8.227 - - [19/Mar/2023:22:10:18 -0500] "POST /sipse/faces/presentacion/financiero/solicitudProceso/consultar.xhtml HTTP/1.1" 200 35471
186.155.8.227 - - [19/Mar/2023:22:10:18 -0500] "POST /sipse/faces/presentacion/financiero/solicitudProceso/consultar.xhtml HTTP/1.1" 200 35471
186.155.8.227 - - [19/Mar/2023:22:10:18 -0500] "POST /sipse/faces/presentacion/financiero/solicitudProceso/consultar.xhtml HTTP/1.1" 200 35471
186.155.8.227 - - [19/Mar/2023:22:10:18 -0500] "POST /sipse/faces/presentacion/financiero/solicitudProceso/consultar.xhtml HTTP/1.1" 200 35471
186.155.8.227 - - [19/Mar/2023:22:10:18 -0500] "POST /sipse/faces/presentacion/financiero/solicitudProceso/consultar.xhtml HTTP/1.1" 200 35471
186.155.8.227 - - [19/Mar/2023:22:10:19 -0500] "POST /sipse/faces/presentacion/financiero/solicitudProceso/consultar.xhtml HTTP/1.1" 200 35471
186.155.8.227 - - [19/Mar/2023:22:10:25 -0500] "POST /sipse/faces/presentacion/financiero/solicitudProceso/consultar.xhtml HTTP/1.1" 200 13017
186.155.8.227 - - [19/Mar/2023:22:10:30 -0500] "POST /sipse/faces/presentacion/financiero/solicitudProceso/consultar.xhtml HTTP/1.1" 200 158336
186.155.8.227 - - [19/Mar/2023:22:10:31 -0500] "GET /sipse/faces/javax.faces.resource/layout/layout.css?ln=primefaces&v=4.0 HTTP/1.1" 304 -
186.155.8.227 - - [19/Mar/2023:22:10:31 -0500] "GET /sipse/faces/javax.faces.resource/theme.css?ln=primefaces-sipse HTTP/1.1" 304 -
186.155.8.227 - - [19/Mar/2023:22:10:31 -0500] "GET /sipse/faces/javax.faces.resource/primefaces.css?ln=primefaces&v=4.0 HTTP/1.1" 304 -
186.155.8.227 - - [19/Mar/2023:22:10:31 -0500] "GET /sipse/faces/javax.faces.resource/jquery/jquery.js?ln=primefaces&v=4.0 HTTP/1.1" 304 -
186.155.8.227 - - [19/Mar/2023:22:10:32 -0500] "GET /sipse/faces/javax.faces.resource/jquery/jquery-plugins.js?ln=primefaces&v=4.0 HTTP/1.1" 304 -
186.155.8.227 - - [19/Mar/2023:22:10:32 -0500] "GET /sipse/faces/javax.faces.resource/primefaces.js?ln=primefaces&v=4.0 HTTP/1.1" 304 -
186.155.8.227 - - [19/Mar/2023:22:10:32 -0500] "GET /sipse/faces/javax.faces.resource/layout/layout.js?ln=primefaces&v=4.0 HTTP/1.1" 304 -
186.155.8.227 - - [19/Mar/2023:22:10:32 -0500] "GET /sipse/faces/javax.faces.resource/dynamiccontent.properties?ln=primefaces&pfdrid=XjOR5%2F%2FfPAZAuY9TpWQeCiM0BhlXxYRBGKi%2FQcXXfeA%3D&pfdrid_c=false HTTP/1.1" 500 383
192.168.175.240 - - [19/Mar/2023:22:10:39 -0500] "GET / HTTP/1.1" 200 4720
186.155.8.227 - - [19/Mar/2023:22:10:45 -0500] "POST /sipse/faces/presentacion/financiero/solicitudProceso/consultarSolicitudProceso.xhtml HTTP/1.1" 200 133110
216.245.221.92 - - [19/Mar/2023:22:11:34 -0500] "HEAD / HTTP/1.1" 200 -
192.168.175.240 - - [19/Mar/2023:22:11:39 -0500] "GET / HTTP/1.1" 200 4720
192.168.175.240 - - [19/Mar/2023:22:12:39 -0500] "GET / HTTP/1.1" 200 4720
201.245.192.253 - - [19/Mar/2023:22:12:48 -0500] "POST /kwsrmcab/Wsrmcab  HTTP/1.1" 200 42239
172.22.2.4 - - [19/Mar/2023:22:11:42 -0500] "HEAD /BLA/boletinlegal/ HTTP/1.1" 200 -
192.168.175.240 - - [19/Mar/2023:22:13:39 -0500] "GET / HTTP/1.1" 200 4720
172.22.2.4 - - [19/Mar/2023:22:12:33 -0500] "GET /BLA/boletinlegal/ HTTP/1.1" 200 59296
192.168.175.240 - - [19/Mar/2023:22:14:39 -0500] "GET / HTTP/1.1" 200 4720
66.249.70.180 - - [19/Mar/2023:22:14:48 -0500] "-" 408 -
193.32.162.159 - - [19/Mar/2023:22:15:29 -0500] "GET / HTTP/1.1" 200 319
193.32.162.159 - - [19/Mar/2023:22:15:39 -0500] "GET /dispatch.asp HTTP/1.1" 404 1018
192.168.175.240 - - [19/Mar/2023:22:15:39 -0500] "GET / HTTP/1.1" 200 4720
216.245.221.92 - - [19/Mar/2023:22:16:34 -0500] "HEAD / HTTP/1.1" 200 -
192.168.175.240 - - [19/Mar/2023:22:16:39 -0500] "GET / HTTP/1.1" 200 4720
66.249.70.185 - - [19/Mar/2023:22:17:22 -0500] "-" 408 -
192.168.175.240 - - [19/Mar/2023:22:17:39 -0500] "GET / HTTP/1.1" 200 4720
201.245.192.253 - - [19/Mar/2023:22:17:47 -0500] "POST /kwsrmcab/Wsrmcab  HTTP/1.1" 200 42239
192.168.175.240 - - [19/Mar/2023:22:18:39 -0500] "GET / HTTP/1.1" 200 4720
172.22.2.4 - - [19/Mar/2023:22:17:32 -0500] "HEAD /BLA/boletinlegal/ HTTP/1.1" 200 -
192.168.175.240 - - [19/Mar/2023:22:19:39 -0500] "GET / HTTP/1.1" 200 4720
172.22.2.4 - - [19/Mar/2023:22:18:23 -0500] "GET /BLA/boletinlegal/ HTTP/1.1" 200 56277
201.245.192.253 - - [19/Mar/2023:22:20:36 -0500] "POST /kwsrmcab/Wsrmcab HTTP/1.1" 200 41163
192.168.175.240 - - [19/Mar/2023:22:20:39 -0500] "GET / HTTP/1.1" 200 4720
201.245.192.253 - - [19/Mar/2023:22:20:39 -0500] "POST /kwsrmcab/Wsrmcab HTTP/1.1" 200 43773
191.156.227.226 - - [19/Mar/2023:22:20:52 -0500] "GET /images/jardines-verticales_optimized.jpeg HTTP/1.1" 200 138197
191.156.227.226 - - [19/Mar/2023:22:21:11 -0500] "GET /%C3%82%C2%BFquieres-aprender-sobre-jardines-verticales-esta-es-tu-oportunidad.html HTTP/1.1" 200 925
216.245.221.92 - - [19/Mar/2023:22:21:34 -0500] "HEAD / HTTP/1.1" 200 -
192.168.175.240 - - [19/Mar/2023:22:21:39 -0500] "GET / HTTP/1.1" 200 4720
192.168.175.240 - - [19/Mar/2023:22:22:39 -0500] "GET / HTTP/1.1" 200 4720
201.245.192.253 - - [19/Mar/2023:22:22:47 -0500] "POST /kwsrmcab/Wsrmcab  HTTP/1.1" 200 42239
192.168.175.240 - - [19/Mar/2023:22:23:39 -0500] "GET / HTTP/1.1" 200 4720
173.252.83.18 - - [19/Mar/2023:22:24:21 -0500] "GET /images/calidad-aire-2-marzo-1_optimized.jpeg HTTP/1.1" 200 51562
192.168.175.240 - - [19/Mar/2023:22:24:39 -0500] "GET / HTTP/1.1" 200 4720
172.22.2.4 - - [19/Mar/2023:22:23:22 -0500] "HEAD /BLA/boletinlegal/ HTTP/1.1" 200 -
52.167.144.43 - - [19/Mar/2023:22:25:25 -0500] "GET /cooperacion-internacional-postulate-para-la-coordinacion-ambiental-de-proyecto-con-la-union-europea-avantia.html HTTP/1.1" 200 1020
192.168.175.240 - - [19/Mar/2023:22:25:39 -0500] "GET / HTTP/1.1" 200 4720
186.31.119.68 - - [19/Mar/2023:22:25:51 -0500] "-" 408 -
172.22.2.4 - - [19/Mar/2023:22:24:13 -0500] "GET /BLA/boletinlegal/ HTTP/1.1" 200 58297
216.245.221.92 - - [19/Mar/2023:22:26:34 -0500] "HEAD / HTTP/1.1" 200 -
192.168.175.240 - - [19/Mar/2023:22:26:39 -0500] "GET / HTTP/1.1" 200 4720
186.155.8.227 - - [19/Mar/2023:22:26:57 -0500] "POST /sipse/faces/presentacion/financiero/solicitudProceso/consultarSolicitudProceso.xhtml HTTP/1.1" 200 42253
186.155.8.227 - - [19/Mar/2023:22:26:57 -0500] "GET /sipse/faces/javax.faces.resource/theme.css?ln=primefaces-sipse HTTP/1.1" 304 -
186.155.8.227 - - [19/Mar/2023:22:26:57 -0500] "GET /sipse/faces/javax.faces.resource/primefaces.css?ln=primefaces&v=4.0 HTTP/1.1" 304 -
186.155.8.227 - - [19/Mar/2023:22:26:57 -0500] "GET /sipse/faces/javax.faces.resource/layout/layout.css?ln=primefaces&v=4.0 HTTP/1.1" 304 -
186.155.8.227 - - [19/Mar/2023:22:26:57 -0500] "GET /sipse/faces/javax.faces.resource/jquery/jquery.js?ln=primefaces&v=4.0 HTTP/1.1" 304 -
186.155.8.227 - - [19/Mar/2023:22:26:57 -0500] "GET /sipse/faces/javax.faces.resource/jquery/jquery-plugins.js?ln=primefaces&v=4.0 HTTP/1.1" 304 -
186.155.8.227 - - [19/Mar/2023:22:26:57 -0500] "GET /sipse/faces/javax.faces.resource/primefaces.js?ln=primefaces&v=4.0 HTTP/1.1" 304 -
186.155.8.227 - - [19/Mar/2023:22:26:57 -0500] "GET /sipse/faces/javax.faces.resource/layout/layout.js?ln=primefaces&v=4.0 HTTP/1.1" 304 -
186.155.8.227 - - [19/Mar/2023:22:26:57 -0500] "POST /sipse/faces/presentacion/financiero/solicitudProceso/consultar.xhtml HTTP/1.1" 200 35621
186.155.8.227 - - [19/Mar/2023:22:26:57 -0500] "POST /sipse/faces/presentacion/financiero/solicitudProceso/consultar.xhtml HTTP/1.1" 200 35621
186.155.8.227 - - [19/Mar/2023:22:26:57 -0500] "POST /sipse/faces/presentacion/financiero/solicitudProceso/consultar.xhtml HTTP/1.1" 200 35621
186.155.8.227 - - [19/Mar/2023:22:26:58 -0500] "POST /sipse/faces/presentacion/financiero/solicitudProceso/consultar.xhtml HTTP/1.1" 200 35621
186.155.8.227 - - [19/Mar/2023:22:26:58 -0500] "POST /sipse/faces/presentacion/financiero/solicitudProceso/consultar.xhtml HTTP/1.1" 200 35621
186.155.8.227 - - [19/Mar/2023:22:26:58 -0500] "POST /sipse/faces/presentacion/financiero/solicitudProceso/consultar.xhtml HTTP/1.1" 200 35621
186.155.8.227 - - [19/Mar/2023:22:26:58 -0500] "POST /sipse/faces/presentacion/financiero/solicitudProceso/consultar.xhtml HTTP/1.1" 200 35621
186.155.8.227 - - [19/Mar/2023:22:26:58 -0500] "POST /sipse/faces/presentacion/financiero/solicitudProceso/consultar.xhtml HTTP/1.1" 200 35621
186.155.8.227 - - [19/Mar/2023:22:26:58 -0500] "POST /sipse/faces/presentacion/financiero/solicitudProceso/consultar.xhtml HTTP/1.1" 200 35621
186.155.8.227 - - [19/Mar/2023:22:26:59 -0500] "POST /sipse/faces/presentacion/financiero/solicitudProceso/consultar.xhtml HTTP/1.1" 200 35621
186.155.8.227 - - [19/Mar/2023:22:26:59 -0500] "POST /sipse/faces/presentacion/financiero/solicitudProceso/consultar.xhtml HTTP/1.1" 200 35621
186.155.8.227 - - [19/Mar/2023:22:26:59 -0500] "POST /sipse/faces/presentacion/financiero/solicitudProceso/consultar.xhtml HTTP/1.1" 200 35621
186.155.8.227 - - [19/Mar/2023:22:26:59 -0500] "POST /sipse/faces/presentacion/financiero/solicitudProceso/consultar.xhtml HTTP/1.1" 200 35621
186.155.8.227 - - [19/Mar/2023:22:26:59 -0500] "POST /sipse/faces/presentacion/financiero/solicitudProceso/consultar.xhtml HTTP/1.1" 200 35621
186.155.8.227 - - [19/Mar/2023:22:27:00 -0500] "POST /sipse/faces/presentacion/financiero/solicitudProceso/consultar.xhtml HTTP/1.1" 200 35621
186.155.8.227 - - [19/Mar/2023:22:27:00 -0500] "POST /sipse/faces/presentacion/financiero/solicitudProceso/consultar.xhtml HTTP/1.1" 200 35621
186.155.8.227 - - [19/Mar/2023:22:27:00 -0500] "POST /sipse/faces/presentacion/financiero/solicitudProceso/consultar.xhtml HTTP/1.1" 200 35621
186.155.8.227 - - [19/Mar/2023:22:27:00 -0500] "POST /sipse/faces/presentacion/financiero/solicitudProceso/consultar.xhtml HTTP/1.1" 200 35621
186.155.8.227 - - [19/Mar/2023:22:27:00 -0500] "POST /sipse/faces/presentacion/financiero/solicitudProceso/consultar.xhtml HTTP/1.1" 200 35621
186.155.8.227 - - [19/Mar/2023:22:27:00 -0500] "POST /sipse/faces/presentacion/financiero/solicitudProceso/consultar.xhtml HTTP/1.1" 200 35621
186.155.8.227 - - [19/Mar/2023:22:27:01 -0500] "POST /sipse/faces/presentacion/financiero/solicitudProceso/consultar.xhtml HTTP/1.1" 200 35621
186.155.8.227 - - [19/Mar/2023:22:27:01 -0500] "POST /sipse/faces/presentacion/financiero/solicitudProceso/consultar.xhtml HTTP/1.1" 200 35621
186.155.8.227 - - [19/Mar/2023:22:27:05 -0500] "POST /sipse/faces/presentacion/financiero/solicitudProceso/consultar.xhtml HTTP/1.1" 200 12947
186.155.8.227 - - [19/Mar/2023:22:27:10 -0500] "POST /sipse/faces/presentacion/financiero/solicitudProceso/consultar.xhtml HTTP/1.1" 200 163661
186.155.8.227 - - [19/Mar/2023:22:27:12 -0500] "GET /sipse/faces/javax.faces.resource/theme.css?ln=primefaces-sipse HTTP/1.1" 304 -
186.155.8.227 - - [19/Mar/2023:22:27:12 -0500] "GET /sipse/faces/javax.faces.resource/layout/layout.css?ln=primefaces&v=4.0 HTTP/1.1" 304 -
186.155.8.227 - - [19/Mar/2023:22:27:12 -0500] "GET /sipse/faces/javax.faces.resource/primefaces.css?ln=primefaces&v=4.0 HTTP/1.1" 304 -
186.155.8.227 - - [19/Mar/2023:22:27:12 -0500] "GET /sipse/faces/javax.faces.resource/jquery/jquery.js?ln=primefaces&v=4.0 HTTP/1.1" 304 -
186.155.8.227 - - [19/Mar/2023:22:27:12 -0500] "GET /sipse/faces/javax.faces.resource/jquery/jquery-plugins.js?ln=primefaces&v=4.0 HTTP/1.1" 304 -
186.155.8.227 - - [19/Mar/2023:22:27:12 -0500] "GET /sipse/faces/javax.faces.resource/primefaces.js?ln=primefaces&v=4.0 HTTP/1.1" 304 -
186.155.8.227 - - [19/Mar/2023:22:27:12 -0500] "GET /sipse/faces/javax.faces.resource/layout/layout.js?ln=primefaces&v=4.0 HTTP/1.1" 304 -
186.155.8.227 - - [19/Mar/2023:22:27:12 -0500] "GET /sipse/faces/javax.faces.resource/dynamiccontent.properties?ln=primefaces&pfdrid=XjOR5%2F%2FfPAZAuY9TpWQeCiM0BhlXxYRBGKi%2FQcXXfeA%3D&pfdrid_c=false HTTP/1.1" 500 383
186.155.8.227 - - [19/Mar/2023:22:27:18 -0500] "POST /sipse/faces/presentacion/financiero/solicitudProceso/consultarSolicitudProceso.xhtml HTTP/1.1" 200 133110
192.168.175.240 - - [19/Mar/2023:22:27:39 -0500] "GET / HTTP/1.1" 200 4720
201.245.192.253 - - [19/Mar/2023:22:27:46 -0500] "POST /kwsrmcab/Wsrmcab  HTTP/1.1" 200 42239
192.168.175.240 - - [19/Mar/2023:22:28:39 -0500] "GET / HTTP/1.1" 200 4720
192.168.175.240 - - [19/Mar/2023:22:29:39 -0500] "GET / HTTP/1.1" 200 4720
66.249.70.180 - - [19/Mar/2023:22:29:48 -0500] "-" 408 -
201.245.192.253 - - [19/Mar/2023:22:30:36 -0500] "POST /kwsrmcab/Wsrmcab HTTP/1.1" 200 41163
192.168.175.240 - - [19/Mar/2023:22:30:39 -0500] "GET / HTTP/1.1" 200 4720
201.245.192.253 - - [19/Mar/2023:22:30:39 -0500] "POST /kwsrmcab/Wsrmcab HTTP/1.1" 200 43773
191.102.224.198 - - [19/Mar/2023:22:30:49 -0500] "-" 408 -
66.249.70.183 - - [19/Mar/2023:22:30:51 -0500] "-" 408 -
172.22.2.4 - - [19/Mar/2023:22:29:12 -0500] "HEAD /BLA/boletinlegal/ HTTP/1.1" 200 -
64.124.8.30 - - [19/Mar/2023:22:31:32 -0500] "GET /galeria/galeria/fotos/Jaboque2G.jpg HTTP/1.1" 304 -
64.124.8.30 - - [19/Mar/2023:22:31:32 -0500] "GET /galeria/nivo-slider/demo/images/bannerclasesvirtual.jpg HTTP/1.1" 304 -
64.124.8.30 - - [19/Mar/2023:22:31:33 -0500] "GET /galeria/nivo-slider/demo/images/Bannerpactoagua.jpg HTTP/1.1" 304 -
216.245.221.92 - - [19/Mar/2023:22:31:34 -0500] "HEAD / HTTP/1.1" 200 -
192.168.175.240 - - [19/Mar/2023:22:31:39 -0500] "GET / HTTP/1.1" 200 4720
172.22.2.4 - - [19/Mar/2023:22:30:03 -0500] "GET /BLA/boletinlegal/ HTTP/1.1" 200 57551
64.124.8.30 - - [19/Mar/2023:22:32:02 -0500] "GET /galeria/nivo-slider/demo/images/bannercapacitacionesbogota.jpg HTTP/1.1" 304 -
192.168.175.240 - - [19/Mar/2023:22:32:39 -0500] "GET / HTTP/1.1" 200 4720
52.151.201.131 - - [19/Mar/2023:22:32:41 -0500] "GET /images/jardines-verticales_optimized.jpeg HTTP/1.1" 200 138197
201.245.192.253 - - [19/Mar/2023:22:32:45 -0500] "POST /kwsrmcab/Wsrmcab  HTTP/1.1" 200 42239
201.244.229.212 - - [19/Mar/2023:22:32:47 -0500] "POST /sipse/faces/presentacion/financiero/solicitudProceso/listarSolicitudProceso.xhtml HTTP/1.1" 200 45223
201.244.229.212 - - [19/Mar/2023:22:32:48 -0500] "POST /sipse/faces/presentacion/financiero/solicitudProceso/listarSolicitudProceso.xhtml HTTP/1.1" 200 45223
201.244.229.212 - - [19/Mar/2023:22:32:48 -0500] "POST /sipse/faces/presentacion/financiero/solicitudProceso/listarSolicitudProceso.xhtml HTTP/1.1" 200 1528
201.244.229.212 - - [19/Mar/2023:22:32:49 -0500] "POST /sipse/faces/presentacion/financiero/solicitudProceso/listarSolicitudProceso.xhtml HTTP/1.1" 200 1532
201.244.229.212 - - [19/Mar/2023:22:32:52 -0500] "POST /sipse/faces/presentacion/financiero/solicitudProceso/listarSolicitudProceso.xhtml HTTP/1.1" 200 25014
201.244.229.212 - - [19/Mar/2023:22:32:52 -0500] "POST /sipse/faces/presentacion/financiero/solicitudProceso/listarSolicitudProceso.xhtml HTTP/1.1" 200 36710
201.244.229.212 - - [19/Mar/2023:22:33:03 -0500] "POST /sipse/faces/presentacion/financiero/solicitudProceso/listarSolicitudProceso.xhtml HTTP/1.1" 200 4787
192.168.175.240 - - [19/Mar/2023:22:33:39 -0500] "GET / HTTP/1.1" 200 4720
192.168.175.240 - - [19/Mar/2023:22:34:39 -0500] "GET / HTTP/1.1" 200 4720
172.22.2.4 - - [19/Mar/2023:22:33:18 -0500] "GET /BLA/boletinlegal/ HTTP/1.1" 200 62202
192.168.175.240 - - [19/Mar/2023:22:35:39 -0500] "GET / HTTP/1.1" 200 4720
216.245.221.92 - - [19/Mar/2023:22:36:34 -0500] "HEAD / HTTP/1.1" 200 -
192.168.175.240 - - [19/Mar/2023:22:36:39 -0500] "GET / HTTP/1.1" 200 4720
172.22.2.4 - - [19/Mar/2023:22:35:02 -0500] "HEAD /BLA/boletinlegal/ HTTP/1.1" 200 -
172.22.2.4 - - [19/Mar/2023:22:37:14 -0500] "GET /BLA/boletinlegal/Circulares/2019/.pdf HTTP/1.1" 404 1218
172.22.2.4 - - [19/Mar/2023:22:37:24 -0500] "GET /BLA/boletinlegal/Circulares/2012/Circular%20No.%2010%20del%2026%20de%20Enero%20de%202012.pdf HTTP/1.1" 404 1218
35.85.230.2 - - [19/Mar/2023:22:37:25 -0500] "GET / HTTP/1.1" 200 319
172.22.2.4 - - [19/Mar/2023:22:35:53 -0500] "GET /BLA/boletinlegal/ HTTP/1.1" 200 52316
192.168.175.240 - - [19/Mar/2023:22:37:39 -0500] "GET / HTTP/1.1" 200 4720
201.245.192.253 - - [19/Mar/2023:22:37:44 -0500] "POST /kwsrmcab/Wsrmcab  HTTP/1.1" 200 42239
192.168.175.240 - - [19/Mar/2023:22:38:39 -0500] "GET / HTTP/1.1" 200 4720
66.249.79.113 - - [19/Mar/2023:22:39:11 -0500] "-" 408 -
192.168.175.240 - - [19/Mar/2023:22:39:39 -0500] "GET / HTTP/1.1" 200 4720
201.245.192.253 - - [19/Mar/2023:22:40:36 -0500] "POST /kwsrmcab/Wsrmcab HTTP/1.1" 200 41163
192.168.175.240 - - [19/Mar/2023:22:40:39 -0500] "GET / HTTP/1.1" 200 4720
201.245.192.253 - - [19/Mar/2023:22:40:39 -0500] "POST /kwsrmcab/Wsrmcab HTTP/1.1" 200 43773
191.102.199.250 - - [19/Mar/2023:22:40:48 -0500] "GET /galeria/galeria/jquery.fancybox.css?v=2.1.5 HTTP/1.1" 200 4895
191.102.199.250 - - [19/Mar/2023:22:40:48 -0500] "GET /BLA/boletinlegal/js/jquery.scrollShow.js HTTP/1.1" 200 4586
191.102.199.250 - - [19/Mar/2023:22:40:48 -0500] "GET /galeria/galeria/jquery.fancybox.js?v=2.1.5 HTTP/1.1" 200 48706
216.245.221.92 - - [19/Mar/2023:22:41:34 -0500] "HEAD / HTTP/1.1" 200 -
192.168.175.240 - - [19/Mar/2023:22:41:39 -0500] "GET / HTTP/1.1" 200 4720
172.22.2.4 - - [19/Mar/2023:22:40:52 -0500] "HEAD /BLA/boletinlegal/ HTTP/1.1" 200 -
192.168.175.240 - - [19/Mar/2023:22:42:39 -0500] "GET / HTTP/1.1" 200 4720
201.245.192.253 - - [19/Mar/2023:22:42:43 -0500] "POST /kwsrmcab/Wsrmcab  HTTP/1.1" 200 42239
201.244.229.212 - - [19/Mar/2023:22:43:22 -0500] "POST /sipse/faces/presentacion/financiero/solicitudProceso/listarSolicitudProceso.xhtml HTTP/1.1" 200 22040
172.22.2.4 - - [19/Mar/2023:22:41:43 -0500] "GET /BLA/boletinlegal/ HTTP/1.1" 200 52720
201.244.229.212 - - [19/Mar/2023:22:43:36 -0500] "POST /sipse/faces/presentacion/financiero/solicitudProceso/listarSolicitudProceso.xhtml HTTP/1.1" 200 143717
201.244.229.212 - - [19/Mar/2023:22:43:38 -0500] "GET /sipse/faces/javax.faces.resource/theme.css?ln=primefaces-sipse HTTP/1.1" 304 -
201.244.229.212 - - [19/Mar/2023:22:43:38 -0500] "GET /sipse/css/imagen/contrasena.png HTTP/1.1" 404 383
201.244.229.212 - - [19/Mar/2023:22:43:38 -0500] "GET /sipse/faces/javax.faces.resource/layout/layout.css?ln=primefaces&v=4.0 HTTP/1.1" 304 -
201.244.229.212 - - [19/Mar/2023:22:43:38 -0500] "GET /sipse/faces/javax.faces.resource/primefaces.css?ln=primefaces&v=4.0 HTTP/1.1" 304 -
201.244.229.212 - - [19/Mar/2023:22:43:38 -0500] "GET /sipse/faces/javax.faces.resource/jquery/jquery.js?ln=primefaces&v=4.0 HTTP/1.1" 304 -
201.244.229.212 - - [19/Mar/2023:22:43:38 -0500] "GET /sipse/faces/javax.faces.resource/jquery/jquery-plugins.js?ln=primefaces&v=4.0 HTTP/1.1" 304 -
201.244.229.212 - - [19/Mar/2023:22:43:38 -0500] "GET /sipse/faces/javax.faces.resource/primefaces.js?ln=primefaces&v=4.0 HTTP/1.1" 304 -
201.244.229.212 - - [19/Mar/2023:22:43:38 -0500] "GET /sipse/faces/javax.faces.resource/layout/layout.js?ln=primefaces&v=4.0 HTTP/1.1" 304 -
201.244.229.212 - - [19/Mar/2023:22:43:39 -0500] "GET /sipse/faces/javax.faces.resource/images/ui-icons_898989_256x240.png?ln=primefaces-aristo HTTP/1.1" 304 -
201.244.229.212 - - [19/Mar/2023:22:43:39 -0500] "GET /sipse/faces/javax.faces.resource/dynamiccontent.properties?ln=primefaces&pfdrid=XjOR5%2F%2FfPAZAuY9TpWQeCiM0BhlXxYRBGKi%2FQcXXfeA%3D&pfdrid_c=false HTTP/1.1" 500 383
192.168.175.240 - - [19/Mar/2023:22:43:39 -0500] "GET / HTTP/1.1" 200 4720
172.22.2.4 - - [19/Mar/2023:22:43:04 -0500] "GET /BLA/boletinlegal/ HTTP/1.1" 200 28619
201.244.229.212 - - [19/Mar/2023:22:44:17 -0500] "GET /sipse/faces/javax.faces.resource/images/ui-bg_flat_0_2d5972_40x100.png?ln=primefaces-aristo HTTP/1.1" 304 -
66.249.70.180 - - [19/Mar/2023:22:44:21 -0500] "-" 408 -
201.244.229.212 - - [19/Mar/2023:22:44:19 -0500] "POST /sipse/faces/presentacion/financiero/solicitudProceso/consultarSolicitudProceso.xhtml HTTP/1.1" 200 52324
201.244.229.212 - - [19/Mar/2023:22:44:22 -0500] "GET /sipse/faces/javax.faces.resource/theme.css?ln=primefaces-sipse HTTP/1.1" 304 -
201.244.229.212 - - [19/Mar/2023:22:44:22 -0500] "GET /sipse/faces/javax.faces.resource/primefaces.css?ln=primefaces&v=4.0 HTTP/1.1" 304 -
201.244.229.212 - - [19/Mar/2023:22:44:22 -0500] "GET /sipse/faces/javax.faces.resource/layout/layout.css?ln=primefaces&v=4.0 HTTP/1.1" 304 -
201.244.229.212 - - [19/Mar/2023:22:44:22 -0500] "GET /sipse/faces/javax.faces.resource/jquery/jquery.js?ln=primefaces&v=4.0 HTTP/1.1" 304 -
201.244.229.212 - - [19/Mar/2023:22:44:22 -0500] "GET /sipse/faces/javax.faces.resource/jquery/jquery-plugins.js?ln=primefaces&v=4.0 HTTP/1.1" 304 -
201.244.229.212 - - [19/Mar/2023:22:44:22 -0500] "GET /sipse/faces/javax.faces.resource/primefaces.js?ln=primefaces&v=4.0 HTTP/1.1" 304 -
201.244.229.212 - - [19/Mar/2023:22:44:22 -0500] "GET /sipse/faces/javax.faces.resource/layout/layout.js?ln=primefaces&v=4.0 HTTP/1.1" 304 -
201.244.229.212 - - [19/Mar/2023:22:44:22 -0500] "GET /sipse/faces/javax.faces.resource/messages/messages.png?ln=primefaces&v=4.0 HTTP/1.1" 304 -
201.244.229.212 - - [19/Mar/2023:22:44:22 -0500] "POST /sipse/faces/presentacion/financiero/solicitudProceso/listarSolicitudProceso.xhtml HTTP/1.1" 200 1528
192.168.175.240 - - [19/Mar/2023:22:44:39 -0500] "GET / HTTP/1.1" 200 4720
201.244.229.212 - - [19/Mar/2023:22:44:47 -0500] "POST /sipse/faces/presentacion/financiero/solicitudProceso/listarSolicitudProceso.xhtml HTTP/1.1" 200 136542
201.244.229.212 - - [19/Mar/2023:22:44:48 -0500] "GET /sipse/faces/javax.faces.resource/theme.css?ln=primefaces-sipse HTTP/1.1" 304 -
201.244.229.212 - - [19/Mar/2023:22:44:48 -0500] "GET /sipse/faces/javax.faces.resource/primefaces.css?ln=primefaces&v=4.0 HTTP/1.1" 304 -
201.244.229.212 - - [19/Mar/2023:22:44:48 -0500] "GET /sipse/faces/javax.faces.resource/layout/layout.css?ln=primefaces&v=4.0 HTTP/1.1" 304 -
201.244.229.212 - - [19/Mar/2023:22:44:48 -0500] "GET /sipse/faces/javax.faces.resource/jquery/jquery.js?ln=primefaces&v=4.0 HTTP/1.1" 304 -
201.244.229.212 - - [19/Mar/2023:22:44:48 -0500] "GET /sipse/faces/javax.faces.resource/jquery/jquery-plugins.js?ln=primefaces&v=4.0 HTTP/1.1" 304 -
201.244.229.212 - - [19/Mar/2023:22:44:48 -0500] "GET /sipse/faces/javax.faces.resource/primefaces.js?ln=primefaces&v=4.0 HTTP/1.1" 304 -
201.244.229.212 - - [19/Mar/2023:22:44:48 -0500] "GET /sipse/faces/javax.faces.resource/layout/layout.js?ln=primefaces&v=4.0 HTTP/1.1" 304 -
201.244.229.212 - - [19/Mar/2023:22:44:49 -0500] "GET /sipse/faces/javax.faces.resource/dynamiccontent.properties?ln=primefaces&pfdrid=XjOR5%2F%2FfPAZAuY9TpWQeCiM0BhlXxYRBGKi%2FQcXXfeA%3D&pfdrid_c=false HTTP/1.1" 500 383
192.168.175.240 - - [19/Mar/2023:22:45:39 -0500] "GET / HTTP/1.1" 200 4720
216.245.221.92 - - [19/Mar/2023:22:46:34 -0500] "HEAD / HTTP/1.1" 200 -
192.168.175.240 - - [19/Mar/2023:22:46:39 -0500] "GET / HTTP/1.1" 200 4720
71.6.232.27 - - [19/Mar/2023:22:47:06 -0500] "GET / HTTP/1.1" 200 319
192.168.175.240 - - [19/Mar/2023:22:47:39 -0500] "GET / HTTP/1.1" 200 4720
201.245.192.253 - - [19/Mar/2023:22:47:42 -0500] "POST /kwsrmcab/Wsrmcab  HTTP/1.1" 200 42239
201.244.229.212 - - [19/Mar/2023:22:47:54 -0500] "GET /sipse/faces/index.xhtml HTTP/1.1" 200 677
201.244.229.212 - - [19/Mar/2023:22:47:54 -0500] "GET /sipse/faces/javax.faces.resource/theme.css?ln=primefaces-sipse HTTP/1.1" 200 50058
201.244.229.212 - - [19/Mar/2023:22:47:55 -0500] "GET /favicon.ico HTTP/1.1" 200 7782
201.244.229.212 - - [19/Mar/2023:22:47:55 -0500] "GET /sipse/faces/faces/autenticacion.xhtml HTTP/1.1" 200 12168
201.244.229.212 - - [19/Mar/2023:22:47:56 -0500] "GET /sipse/css/custom_css_sg.css HTTP/1.1" 200 9694
201.244.229.212 - - [19/Mar/2023:22:47:56 -0500] "GET /sipse/css/custom_css_sg_prime_login.css HTTP/1.1" 200 443
201.244.229.212 - - [19/Mar/2023:22:47:56 -0500] "GET /sipse/faces/javax.faces.resource/theme.css?ln=primefaces-sipse HTTP/1.1" 304 -
201.244.229.212 - - [19/Mar/2023:22:47:56 -0500] "GET /sipse/faces/javax.faces.resource/layout/layout.css?ln=primefaces&v=4.0 HTTP/1.1" 200 542
201.244.229.212 - - [19/Mar/2023:22:47:56 -0500] "GET /sipse/faces/javax.faces.resource/primefaces.css?ln=primefaces&v=4.0 HTTP/1.1" 200 53295
201.244.229.212 - - [19/Mar/2023:22:47:56 -0500] "GET /sipse/js/disable_browser_buttons.js HTTP/1.1" 304 -
201.244.229.212 - - [19/Mar/2023:22:47:56 -0500] "GET /sipse/js/funciones.js HTTP/1.1" 304 -
201.244.229.212 - - [19/Mar/2023:22:47:56 -0500] "GET /sipse/faces/javax.faces.resource/jquery/jquery.js?ln=primefaces&v=4.0 HTTP/1.1" 304 -
201.244.229.212 - - [19/Mar/2023:22:47:56 -0500] "GET /sipse/faces/javax.faces.resource/jquery/jquery-plugins.js?ln=primefaces&v=4.0 HTTP/1.1" 304 -
201.244.229.212 - - [19/Mar/2023:22:47:56 -0500] "GET /sipse/faces/javax.faces.resource/primefaces.js?ln=primefaces&v=4.0 HTTP/1.1" 304 -
201.244.229.212 - - [19/Mar/2023:22:47:56 -0500] "GET /sipse/faces/javax.faces.resource/layout/layout.js?ln=primefaces&v=4.0 HTTP/1.1" 304 -
201.244.229.212 - - [19/Mar/2023:22:47:57 -0500] "GET /sipse/css/imagen/logoSDG.png HTTP/1.1" 200 53064
201.244.229.212 - - [19/Mar/2023:22:47:57 -0500] "GET /sipse/css/imagen/loginimg.png HTTP/1.1" 200 71635
201.244.229.212 - - [19/Mar/2023:22:47:57 -0500] "GET /sipse/faces/javax.faces.resource/images/ui-icons_898989_256x240.png?ln=primefaces-aristo HTTP/1.1" 200 5355
201.244.229.212 - - [19/Mar/2023:22:48:01 -0500] "POST /sipse/faces/autenticacion.xhtml HTTP/1.1" 200 16121
201.244.229.212 - - [19/Mar/2023:22:48:02 -0500] "GET /sipse/css/custom_css_sg_prime.css HTTP/1.1" 200 5201
201.244.229.212 - - [19/Mar/2023:22:48:02 -0500] "GET /sipse/js/jquery.min.js HTTP/1.1" 304 -
201.244.229.212 - - [19/Mar/2023:22:48:02 -0500] "GET /sipse/faces/javax.faces.resource/jquery/jquery.js?ln=primefaces&v=4.0 HTTP/1.1" 304 -
201.244.229.212 - - [19/Mar/2023:22:48:02 -0500] "GET /sipse/faces/javax.faces.resource/jquery/jquery-plugins.js?ln=primefaces&v=4.0 HTTP/1.1" 304 -
201.244.229.212 - - [19/Mar/2023:22:48:02 -0500] "GET /sipse/faces/javax.faces.resource/primefaces.js?ln=primefaces&v=4.0 HTTP/1.1" 304 -
