190.69.61.17 - - [19/Mar/2023:20:34:56 -0500] "GET /sipse/css/custom_css_sg.css HTTP/1.1" 304 -
190.69.61.17 - - [19/Mar/2023:20:34:56 -0500] "GET /sipse/faces/javax.faces.resource/layout/layout.css;jsessionid=p+7ehIPYHkjbqva4XgvpuKBg.undefined?ln=primefaces&v=4.0 HTTP/1.1" 200 542
190.69.61.17 - - [19/Mar/2023:20:34:56 -0500] "GET /sipse/css/custom_css_sg_prime_login.css HTTP/1.1" 304 -
190.69.61.17 - - [19/Mar/2023:20:34:56 -0500] "GET /sipse/faces/javax.faces.resource/theme.css?ln=primefaces-sipse HTTP/1.1" 304 -
190.69.61.17 - - [19/Mar/2023:20:34:56 -0500] "GET /sipse/js/funciones.js HTTP/1.1" 304 -
190.69.61.17 - - [19/Mar/2023:20:34:56 -0500] "GET /sipse/faces/javax.faces.resource/jquery/jquery.js;jsessionid=p+7ehIPYHkjbqva4XgvpuKBg.undefined?ln=primefaces&v=4.0 HTTP/1.1" 200 105384
190.69.61.17 - - [19/Mar/2023:20:34:56 -0500] "GET /sipse/faces/javax.faces.resource/primefaces.css;jsessionid=p+7ehIPYHkjbqva4XgvpuKBg.undefined?ln=primefaces&v=4.0 HTTP/1.1" 200 53295
190.69.61.17 - - [19/Mar/2023:20:34:56 -0500] "GET /sipse/faces/javax.faces.resource/layout/layout.js;jsessionid=p+7ehIPYHkjbqva4XgvpuKBg.undefined?ln=primefaces&v=4.0 HTTP/1.1" 200 87560
190.69.61.17 - - [19/Mar/2023:20:34:56 -0500] "GET /sipse/faces/javax.faces.resource/jquery/jquery-plugins.js;jsessionid=p+7ehIPYHkjbqva4XgvpuKBg.undefined?ln=primefaces&v=4.0 HTTP/1.1" 200 220526
190.69.61.17 - - [19/Mar/2023:20:34:56 -0500] "GET /sipse/faces/javax.faces.resource/primefaces.js;jsessionid=p+7ehIPYHkjbqva4XgvpuKBg.undefined?ln=primefaces&v=4.0 HTTP/1.1" 200 276924
190.69.61.17 - - [19/Mar/2023:20:34:56 -0500] "GET /sipse/css/imagen/logoSDG.png HTTP/1.1" 304 -
190.69.61.17 - - [19/Mar/2023:20:34:56 -0500] "GET /sipse/css/imagen/loginimg.png HTTP/1.1" 304 -
190.69.61.17 - - [19/Mar/2023:20:34:56 -0500] "GET /sipse/faces/javax.faces.resource/images/ui-icons_898989_256x240.png?ln=primefaces-aristo HTTP/1.1" 304 -
190.69.61.17 - - [19/Mar/2023:20:34:56 -0500] "GET /sipse/faces/faces/faces/index.xhtml HTTP/1.1" 200 677
190.69.61.17 - - [19/Mar/2023:20:34:56 -0500] "GET /sipse/faces/javax.faces.resource/theme.css?ln=primefaces-sipse HTTP/1.1" 304 -
190.69.61.17 - - [19/Mar/2023:20:34:57 -0500] "GET /sipse/faces/faces/faces/faces/autenticacion.xhtml HTTP/1.1" 200 12168
190.69.61.17 - - [19/Mar/2023:20:34:57 -0500] "GET /sipse/faces/javax.faces.resource/theme.css?ln=primefaces-sipse HTTP/1.1" 304 -
190.69.61.17 - - [19/Mar/2023:20:34:57 -0500] "GET /sipse/faces/javax.faces.resource/primefaces.css?ln=primefaces&v=4.0 HTTP/1.1" 304 -
190.69.61.17 - - [19/Mar/2023:20:34:57 -0500] "GET /sipse/faces/javax.faces.resource/layout/layout.css?ln=primefaces&v=4.0 HTTP/1.1" 304 -
190.69.61.17 - - [19/Mar/2023:20:34:57 -0500] "GET /sipse/faces/javax.faces.resource/jquery/jquery.js?ln=primefaces&v=4.0 HTTP/1.1" 304 -
190.69.61.17 - - [19/Mar/2023:20:34:57 -0500] "GET /sipse/faces/javax.faces.resource/primefaces.js?ln=primefaces&v=4.0 HTTP/1.1" 304 -
190.69.61.17 - - [19/Mar/2023:20:34:57 -0500] "GET /sipse/faces/javax.faces.resource/jquery/jquery-plugins.js?ln=primefaces&v=4.0 HTTP/1.1" 304 -
190.69.61.17 - - [19/Mar/2023:20:34:57 -0500] "GET /sipse/faces/javax.faces.resource/layout/layout.js?ln=primefaces&v=4.0 HTTP/1.1" 304 -
190.69.61.17 - - [19/Mar/2023:20:35:01 -0500] "POST /sipse/faces/autenticacion.xhtml HTTP/1.1" 200 2219
190.69.61.17 - - [19/Mar/2023:20:35:01 -0500] "GET /sipse/faces/javax.faces.resource/messages/messages.png?ln=primefaces&v=4.0 HTTP/1.1" 304 -
190.69.61.17 - - [19/Mar/2023:20:35:02 -0500] "GET /sipse/faces/javax.faces.resource/images/ui-icons_898989_256x240.png?ln=primefaces-aristo HTTP/1.1" 304 -
190.69.61.17 - - [19/Mar/2023:20:35:02 -0500] "POST /sipse/faces/autenticacion.xhtml HTTP/1.1" 200 16289
190.69.61.17 - - [19/Mar/2023:20:35:03 -0500] "GET /sipse/css/custom_css_sg_prime.css HTTP/1.1" 304 -
190.69.61.17 - - [19/Mar/2023:20:35:03 -0500] "GET /sipse/faces/javax.faces.resource/primefaces.css?ln=primefaces&v=4.0 HTTP/1.1" 304 -
190.69.61.17 - - [19/Mar/2023:20:35:03 -0500] "GET /sipse/faces/javax.faces.resource/layout/layout.css?ln=primefaces&v=4.0 HTTP/1.1" 304 -
190.69.61.17 - - [19/Mar/2023:20:35:03 -0500] "GET /sipse/faces/javax.faces.resource/theme.css?ln=primefaces-sipse HTTP/1.1" 304 -
190.69.61.17 - - [19/Mar/2023:20:35:03 -0500] "GET /sipse/js/jquery.min.js HTTP/1.1" 304 -
190.69.61.17 - - [19/Mar/2023:20:35:03 -0500] "GET /sipse/faces/javax.faces.resource/jquery/jquery.js?ln=primefaces&v=4.0 HTTP/1.1" 304 -
190.69.61.17 - - [19/Mar/2023:20:35:03 -0500] "GET /sipse/faces/javax.faces.resource/jquery/jquery-plugins.js?ln=primefaces&v=4.0 HTTP/1.1" 304 -
190.69.61.17 - - [19/Mar/2023:20:35:03 -0500] "GET /sipse/faces/javax.faces.resource/primefaces.js?ln=primefaces&v=4.0 HTTP/1.1" 304 -
190.69.61.17 - - [19/Mar/2023:20:35:03 -0500] "GET /sipse/faces/javax.faces.resource/layout/layout.js?ln=primefaces&v=4.0 HTTP/1.1" 304 -
190.69.61.17 - - [19/Mar/2023:20:35:03 -0500] "GET /sipse/imagenes/cargando.gif HTTP/1.1" 304 -
190.69.61.17 - - [19/Mar/2023:20:35:03 -0500] "GET /sipse/imagenes/logoAplicacion.jpg HTTP/1.1" 304 -
190.69.61.17 - - [19/Mar/2023:20:35:03 -0500] "GET /sipse/css/imagen/contrasena.png HTTP/1.1" 404 383
190.69.61.17 - - [19/Mar/2023:20:35:04 -0500] "GET /sipse/faces/javax.faces.resource/images/ui-bg_flat_0_2d5972_40x100.png?ln=primefaces-aristo HTTP/1.1" 304 -
190.69.61.17 - - [19/Mar/2023:20:35:04 -0500] "POST /sipse/faces/bienvenido.xhtml HTTP/1.1" 200 2073
190.69.61.17 - - [19/Mar/2023:20:35:05 -0500] "POST /sipse/faces/bienvenido.xhtml HTTP/1.1" 200 39014
190.69.61.17 - - [19/Mar/2023:20:35:05 -0500] "GET /sipse/faces/javax.faces.resource/primefaces.css?ln=primefaces&v=4.0 HTTP/1.1" 304 -
190.69.61.17 - - [19/Mar/2023:20:35:05 -0500] "GET /sipse/faces/javax.faces.resource/theme.css?ln=primefaces-sipse HTTP/1.1" 304 -
190.69.61.17 - - [19/Mar/2023:20:35:05 -0500] "GET /sipse/faces/javax.faces.resource/layout/layout.css?ln=primefaces&v=4.0 HTTP/1.1" 304 -
190.69.61.17 - - [19/Mar/2023:20:35:05 -0500] "GET /sipse/faces/javax.faces.resource/jquery/jquery.js?ln=primefaces&v=4.0 HTTP/1.1" 304 -
190.69.61.17 - - [19/Mar/2023:20:35:05 -0500] "GET /sipse/faces/javax.faces.resource/jquery/jquery-plugins.js?ln=primefaces&v=4.0 HTTP/1.1" 304 -
190.69.61.17 - - [19/Mar/2023:20:35:05 -0500] "GET /sipse/faces/javax.faces.resource/primefaces.js?ln=primefaces&v=4.0 HTTP/1.1" 304 -
190.69.61.17 - - [19/Mar/2023:20:35:05 -0500] "GET /sipse/faces/javax.faces.resource/layout/layout.js?ln=primefaces&v=4.0 HTTP/1.1" 304 -
190.69.61.17 - - [19/Mar/2023:20:35:10 -0500] "POST /sipse/faces/presentacion/financiero/solicitudProceso/consultar.xhtml HTTP/1.1" 200 12930
190.69.61.17 - - [19/Mar/2023:20:35:14 -0500] "POST /sipse/faces/presentacion/financiero/solicitudProceso/consultar.xhtml HTTP/1.1" 200 156841
190.69.61.17 - - [19/Mar/2023:20:35:15 -0500] "GET /sipse/faces/javax.faces.resource/theme.css?ln=primefaces-sipse HTTP/1.1" 304 -
190.69.61.17 - - [19/Mar/2023:20:35:15 -0500] "GET /sipse/faces/javax.faces.resource/primefaces.css?ln=primefaces&v=4.0 HTTP/1.1" 304 -
190.69.61.17 - - [19/Mar/2023:20:35:15 -0500] "GET /sipse/faces/javax.faces.resource/layout/layout.css?ln=primefaces&v=4.0 HTTP/1.1" 304 -
190.69.61.17 - - [19/Mar/2023:20:35:15 -0500] "GET /sipse/faces/javax.faces.resource/jquery/jquery.js?ln=primefaces&v=4.0 HTTP/1.1" 304 -
190.69.61.17 - - [19/Mar/2023:20:35:15 -0500] "GET /sipse/faces/javax.faces.resource/jquery/jquery-plugins.js?ln=primefaces&v=4.0 HTTP/1.1" 304 -
190.69.61.17 - - [19/Mar/2023:20:35:15 -0500] "GET /sipse/faces/javax.faces.resource/primefaces.js?ln=primefaces&v=4.0 HTTP/1.1" 304 -
190.69.61.17 - - [19/Mar/2023:20:35:15 -0500] "GET /sipse/faces/javax.faces.resource/layout/layout.js?ln=primefaces&v=4.0 HTTP/1.1" 304 -
190.69.61.17 - - [19/Mar/2023:20:35:16 -0500] "GET /sipse/faces/javax.faces.resource/dynamiccontent.properties?ln=primefaces&pfdrid=XjOR5%2F%2FfPAZAuY9TpWQeCiM0BhlXxYRBGKi%2FQcXXfeA%3D&pfdrid_c=false HTTP/1.1" 500 383
190.69.61.17 - - [19/Mar/2023:20:35:29 -0500] "POST /sipse/faces/presentacion/financiero/solicitudProceso/consultarSolicitudProceso.xhtml HTTP/1.1" 200 243301
192.168.175.240 - - [19/Mar/2023:20:35:40 -0500] "GET / HTTP/1.1" 200 4720
172.22.2.4 - - [19/Mar/2023:20:35:47 -0500] "GET /BLA/boletinlegal/actos.php HTTP/1.1" 200 9672
172.22.2.4 - - [19/Mar/2023:20:35:58 -0500] "GET /BLA/boletinlegal/actos.php HTTP/1.1" 200 9672
186.29.170.51 - - [19/Mar/2023:20:36:06 -0500] "GET /%C3%82%C2%BFquieres-aprender-sobre-jardines-verticales-esta-es-tu-oportunidad.html HTTP/1.1" 200 925
172.22.2.4 - - [19/Mar/2023:20:36:37 -0500] "GET /BLA/boletinlegal/actos.php HTTP/1.1" 200 9672
192.168.175.240 - - [19/Mar/2023:20:36:40 -0500] "GET / HTTP/1.1" 200 4720
172.22.2.4 - - [19/Mar/2023:20:35:17 -0500] "HEAD /BLA/boletinlegal/ HTTP/1.1" 200 -
172.22.2.4 - - [19/Mar/2023:20:36:59 -0500] "GET /BLA/boletinlegal/Circulares/2019/.pdf HTTP/1.1" 404 1218
172.22.2.4 - - [19/Mar/2023:20:37:07 -0500] "GET /BLA/boletinlegal/Circulares/2012/Circular%20No.%2010%20del%2026%20de%20Enero%20de%202012.pdf HTTP/1.1" 404 1218
192.168.175.240 - - [19/Mar/2023:20:37:40 -0500] "GET / HTTP/1.1" 200 4720
172.22.2.4 - - [19/Mar/2023:20:36:08 -0500] "GET /BLA/boletinlegal/ HTTP/1.1" 200 59296
190.253.161.252 - - [19/Mar/2023:20:38:08 -0500] "GET /%C3%82%C2%BFquieres-aprender-sobre-jardines-verticales-esta-es-tu-oportunidad.html HTTP/1.1" 200 925
201.245.192.253 - - [19/Mar/2023:20:38:07 -0500] "POST /kwsrmcab/Wsrmcab  HTTP/1.1" 200 42239
192.168.175.240 - - [19/Mar/2023:20:38:40 -0500] "GET / HTTP/1.1" 200 4720
192.168.175.240 - - [19/Mar/2023:20:39:40 -0500] "GET / HTTP/1.1" 200 4720
201.245.192.253 - - [19/Mar/2023:20:40:37 -0500] "POST /kwsrmcab/Wsrmcab HTTP/1.1" 200 42557
192.168.175.240 - - [19/Mar/2023:20:40:40 -0500] "GET / HTTP/1.1" 200 4720
201.245.192.253 - - [19/Mar/2023:20:40:40 -0500] "POST /kwsrmcab/Wsrmcab HTTP/1.1" 200 43749
172.22.2.4 - - [19/Mar/2023:20:40:48 -0500] "GET /BLA/boletinlegal/jurisprudencia/analisis/AnalisisC-035-16.docx HTTP/1.1" 200 25011
186.84.90.154 - - [19/Mar/2023:20:41:33 -0500] "GET /galeria/galeria/jquery.fancybox.css?v=2.1.5 HTTP/1.1" 200 4895
186.84.90.154 - - [19/Mar/2023:20:41:33 -0500] "GET /BLA/boletinlegal/js/jquery.scrollShow.js HTTP/1.1" 200 4586
186.84.90.154 - - [19/Mar/2023:20:41:33 -0500] "GET /galeria/galeria/jquery.fancybox.js?v=2.1.5 HTTP/1.1" 200 48706
216.245.221.92 - - [19/Mar/2023:20:41:35 -0500] "HEAD / HTTP/1.1" 200 -
192.168.175.240 - - [19/Mar/2023:20:41:40 -0500] "GET / HTTP/1.1" 200 4720
192.168.175.240 - - [19/Mar/2023:20:42:40 -0500] "GET / HTTP/1.1" 200 4720
52.167.144.149 - - [19/Mar/2023:20:43:02 -0500] "GET /bla/resoluciones/autos%202021/4151.pdf HTTP/1.1" 200 407605
201.245.192.253 - - [19/Mar/2023:20:43:05 -0500] "POST /kwsrmcab/Wsrmcab  HTTP/1.1" 200 42239
186.154.47.243 - - [19/Mar/2023:20:43:37 -0500] "GET /images/jardines-verticales_optimized.jpeg HTTP/1.1" 200 138197
192.168.175.240 - - [19/Mar/2023:20:43:40 -0500] "GET / HTTP/1.1" 200 4720
192.168.175.240 - - [19/Mar/2023:20:44:40 -0500] "GET / HTTP/1.1" 200 4720
173.252.79.24 - - [19/Mar/2023:20:45:03 -0500] "GET /images/caminatas-ecol\xc3\xb3gicas-marzo---1920x1080_optimized.jpg HTTP/1.1" 404 1034
181.59.2.159 - - [19/Mar/2023:20:45:16 -0500] "GET /mujeres-que-reverdecen-secretaria-de-ambiente-anuncia-el-inicio-de-la-tercera-fase.html HTTP/1.1" 200 954
192.168.175.240 - - [19/Mar/2023:20:45:40 -0500] "GET / HTTP/1.1" 200 4720
172.22.2.4 - - [19/Mar/2023:20:44:02 -0500] "HEAD /BLA/boletinlegal/ HTTP/1.1" 200 -
216.245.221.92 - - [19/Mar/2023:20:46:34 -0500] "HEAD / HTTP/1.1" 200 -
192.168.175.240 - - [19/Mar/2023:20:46:40 -0500] "GET / HTTP/1.1" 200 4720
192.168.175.240 - - [19/Mar/2023:20:47:40 -0500] "GET / HTTP/1.1" 200 4720
186.102.18.61 - - [19/Mar/2023:20:47:52 -0500] "GET /kwssiamovil/sm/ldap/au?x=U2FsdGVkX1+quZYBeWhFjUqZLcJM0oY7rKLCXNNCQ7WG5g7GMZ+0zkgyTYlWg2uc&y=U2FsdGVkX1+2qSqvEpFvapnVql/M4ANNgMbVOIHzXhK5vpTthn5NcmBGw8rGiKjz HTTP/1.1" 200 30
186.102.18.61 - - [19/Mar/2023:20:47:52 -0500] "GET /kwssiamovil/sm/acme/s?s=U2FsdGVkX1/XkHKu9m9/fIGEvhouVQFkQKggx9BCtFDCS99KneaTz5zcHuKY0V7W4wDw0v3NuSHNzLBvNewLISmV9E1Qs3a8xpSFyBzRXQY=&u=U2FsdGVkX1+ISNjnduALax7BeOchX/WmIkQBZF0ijIW3/gk0SMqGBz+e6S6NGq2C&y=U2FsdGVkX1+2qSqvEpFvapnVql/M4ANNgMbVOIHzXhK5vpTthn5NcmBGw8rGiKjz HTTP/1.1" 200 97
186.102.18.61 - - [19/Mar/2023:20:47:52 -0500] "GET /kwssiamovil/sm/acme/s?s=U2FsdGVkX1+/hXRvGUE2chkYOPj/YKqvjLOnIcpYQEVsgjiQF78DX60ugZkEnkQkeBmcup2ZS54shAzubeY7wVRR60UQHY6pyfyWXFXJ/ehlm7Td2ytuCw+pSk9UnZJo4v6BhO+RYeboMU1CiA3QM9NvRNxfI/p31+QDHdG1LwHyBle4Ct3/QeZXHsTB/iHddA0fquWMjgK7YNMiz1jyR1htJ2N16eNv9Aw0eM35JdTvDf5QegkFVj9XC1eiv5JTbPr34U96LLSuqVRejk5BxaaBGFPzqO4Sl5gp6rIA9TBUvm+ZLRZUXGDUa/uWyVfOACeW9abG4t0NT4wIL+Nxz/fI1MQmDCMKa6S9n5wgYuJQAovyHoZqC9SJ9Nd+WBVNxpsqyC+1Ef9e6jfZwqt6ZynqFEVPzyESE1rfMWqYaS98oVSMTtPQY/JIa8Ue4rc43b4HVZCMf5Xqbwa/KKyhjh9xv4YiSZXsRESiKQVv1lZozZHHTzANVkA+tNneWihAGlD046OPufgwIcFXJZsw11v2ZmdWp5bWvOXSoyET/QGpjAWG3W3uUpkzWMj6AhRx2PNcNtwe0xnejZnGO4Uxp87bNLrwSQHHASWLtlT31npxDu68L9f5DbHLJsvmib9YFhr/37SO5hsRPEmeYYgj1FYGE9OIzo8yrbOQ/2Y3Z9ryAupxkVEtY4Q4Eus0x0D98KCSg10vHYq2pRjjQUIm1JfM7cJo72QDj/3hFai2fMGLkwOuNDTIrt9HoyfrOEnB2f4RqfjmDAxUlll9qSK0znjD1bXTd4LD3WJL/dxRg+7TJGH/AL46N6S/U5cdn4yL1uFUYIfQ3/Pfx/sd/eYQOL3x7yCZTE47bqI+w+zhAtuTOQSxLQuEgVXe8BsYhRrw1Ek06AH3EItSCfrRAeK/cq/mYETxqPK0JF8iRmje0o6hScAfLYD09+8zNN8Jg8/k3B4VJShxnMeimGPiK7A9+843DJXRAf/lJPX5VsSllofVrOo2rfp2YYgiaMFCgtfwXeiGz/SSTt860b+NxLAl8o4zJdxBAX6WJzzJDUc1Rr8LrMDfn91dJfthH/bVOJraor76xH0LPsXu3qt4HVCLO7Oz/4vyVeyOID0Na6taqVBPczbOZS3jaEEboqVKEwDDVmYtUKst6L8pd8nvCFixm5aqS5bKxzUm+J5ZUxl5eCOX1/xdbRNPJVlvz7yOiE2mmKQfdAH7+V82Td4trpORi1Q4eVFX+Rr/J5lP4SnyT68JHQkOY2BnoaydPZHK++FgBn/Zjk/1Y6NdqOjZEFMmDt3nKs6Yd4LCW2tBdcM5fApolJbVvZ7VGfi9VfB/yl48CzdYc4saDil3QwUtRB8RfndQAqdYf/NMgdkN7KGUpI0Wa8Yx+XCzvRZebH26Vs+gMRDIZMVaQrt8XpJWj7qlSDK/hu6vlwYihWdh/K/AcoE=&u=U2FsdGVkX1+ISNjnduALax7BeOchX/WmIkQBZF0ijIW3/gk0SMqGBz+e6S6NGq2C&y=U2FsdGVkX1+2qSqvEpFvapnVql/M4ANNgMbVOIHzXhK5vpTthn5NcmBGw8rGiKjz HTTP/1.1" 200 337
186.102.18.61 - - [19/Mar/2023:20:47:52 -0500] "GET /kwssiamovil/sm/acme/s?s=U2FsdGVkX1+3xVvIprOSTJQI/CfP/pyV8/PKRIm5ZZ0KLEA3AdWUD1JTYDiHG2m/VGkbyUl1nkZbdRnsPYjHypih0fOIdqMawrjwMTwAIG9zYmyXVfy3CV5KorS6ihuoNRpoy1rC+NPD5yLmPuDZHThcOJ9832xWdpGbW2Du6Ue7S3wsjtwf4DNsCwDJ0qtexOEZa7G3igCns/IpUbOOtNnf2BVxXKoOzqTZ7WQ8VFpnG4N20Yy/3gX4NMsB3HBy4UnaF3u1ZENURFIge/JjQwo4UvGQtH//wHY0+TQDylM/xj586vg/jYVXjWml8at65MxNhhQpcV+E/yNDy0E/CNNBhPKFXWK2aqiwzVxutvQ=&u=U2FsdGVkX1+ISNjnduALax7BeOchX/WmIkQBZF0ijIW3/gk0SMqGBz+e6S6NGq2C&y=U2FsdGVkX1+2qSqvEpFvapnVql/M4ANNgMbVOIHzXhK5vpTthn5NcmBGw8rGiKjz HTTP/1.1" 200 196
186.102.18.61 - - [19/Mar/2023:20:47:52 -0500] "GET /kwssiamovil/sm/cjson/pre?f=1&x=U2FsdGVkX1+quZYBeWhFjUqZLcJM0oY7rKLCXNNCQ7WG5g7GMZ+0zkgyTYlWg2uc HTTP/1.1" 200 31032
201.245.192.253 - - [19/Mar/2023:20:48:05 -0500] "POST /kwsrmcab/Wsrmcab  HTTP/1.1" 200 42239
34.132.200.251 - - [19/Mar/2023:20:48:37 -0500] "GET /galeria/galeria/fotos/mico1P.jpg HTTP/1.1" 200 28110
192.168.175.240 - - [19/Mar/2023:20:48:40 -0500] "GET / HTTP/1.1" 200 4720
192.168.175.240 - - [19/Mar/2023:20:49:40 -0500] "GET / HTTP/1.1" 200 4720
34.132.200.251 - - [19/Mar/2023:20:49:40 -0500] "GET /galeria/galeria/fotos/micos7P.jpg HTTP/1.1" 200 30212
186.84.88.82 - - [19/Mar/2023:20:49:52 -0500] "GET /galeria/galeria/jquery.fancybox.css?v=2.1.5 HTTP/1.1" 200 4895
186.84.88.82 - - [19/Mar/2023:20:49:54 -0500] "GET /BLA/boletinlegal/js/jquery.scrollShow.js HTTP/1.1" 200 4586
186.84.88.82 - - [19/Mar/2023:20:49:54 -0500] "GET /galeria/galeria/jquery.fancybox.js?v=2.1.5 HTTP/1.1" 200 48706
192.168.175.240 - - [19/Mar/2023:20:50:40 -0500] "GET / HTTP/1.1" 200 4720
186.86.32.202 - - [19/Mar/2023:20:51:13 -0500] "GET /images/jardines-verticales_optimized.jpeg HTTP/1.1" 200 138197
216.245.221.92 - - [19/Mar/2023:20:51:34 -0500] "HEAD / HTTP/1.1" 200 -
192.168.175.240 - - [19/Mar/2023:20:51:40 -0500] "GET / HTTP/1.1" 200 4720
185.119.81.105 - - [19/Mar/2023:20:52:19 -0500] "GET /portaldeninos/wp-login.php HTTP/1.1" 200 2592
185.119.81.105 - - [19/Mar/2023:20:52:21 -0500] "POST /portaldeninos/wp-login.php HTTP/1.1" 200 3605
172.22.2.4 - - [19/Mar/2023:20:50:53 -0500] "GET /BLA/boletinlegal/ HTTP/1.1" 200 62202
192.168.175.240 - - [19/Mar/2023:20:52:40 -0500] "GET / HTTP/1.1" 200 4720
201.245.192.253 - - [19/Mar/2023:20:53:04 -0500] "POST /kwsrmcab/Wsrmcab  HTTP/1.1" 200 42239
172.22.2.4 - - [19/Mar/2023:20:53:39 -0500] "GET /BLA/boletinlegal/.env HTTP/1.1" 404 1018
192.168.175.240 - - [19/Mar/2023:20:53:40 -0500] "GET / HTTP/1.1" 200 4720
190.156.56.34 - - [19/Mar/2023:20:54:38 -0500] "GET /images/jardines-verticales_optimized.jpeg HTTP/1.1" 200 138197
192.168.175.240 - - [19/Mar/2023:20:54:40 -0500] "GET / HTTP/1.1" 200 4720
185.119.81.105 - - [19/Mar/2023:20:55:11 -0500] "GET /portaldeninos/wp-login.php HTTP/1.1" 200 2592
185.119.81.105 - - [19/Mar/2023:20:55:12 -0500] "POST /portaldeninos/wp-login.php HTTP/1.1" 200 3650
192.168.175.240 - - [19/Mar/2023:20:55:40 -0500] "GET / HTTP/1.1" 200 4720
216.245.221.92 - - [19/Mar/2023:20:56:34 -0500] "HEAD / HTTP/1.1" 200 -
192.168.175.240 - - [19/Mar/2023:20:56:40 -0500] "GET / HTTP/1.1" 200 4720
172.22.2.4 - - [19/Mar/2023:20:55:53 -0500] "HEAD /BLA/boletinlegal/ HTTP/1.1" 200 -
192.168.175.240 - - [19/Mar/2023:20:57:40 -0500] "GET / HTTP/1.1" 200 4720
201.245.192.253 - - [19/Mar/2023:20:58:04 -0500] "POST /kwsrmcab/Wsrmcab  HTTP/1.1" 200 42239
172.22.2.4 - - [19/Mar/2023:20:56:43 -0500] "GET /BLA/boletinlegal/ HTTP/1.1" 200 58297
34.132.200.251 - - [19/Mar/2023:20:58:30 -0500] "GET /galeria/galeria/fotos/micos6P.jpg HTTP/1.1" 200 31809
186.155.8.227 - - [19/Mar/2023:20:58:34 -0500] "GET /sipse/faces/javax.faces.resource/images/ui-bg_flat_0_2d5972_40x100.png?ln=primefaces-aristo HTTP/1.1" 304 -
186.155.8.227 - - [19/Mar/2023:20:58:34 -0500] "POST /sipse/faces/presentacion/financiero/solicitudProceso/consultarSolicitudProceso.xhtml HTTP/1.1" 200 42049
186.155.8.227 - - [19/Mar/2023:20:58:34 -0500] "GET /sipse/faces/javax.faces.resource/theme.css?ln=primefaces-sipse HTTP/1.1" 304 -
186.155.8.227 - - [19/Mar/2023:20:58:34 -0500] "GET /sipse/faces/javax.faces.resource/primefaces.css?ln=primefaces&v=4.0 HTTP/1.1" 304 -
186.155.8.227 - - [19/Mar/2023:20:58:34 -0500] "GET /sipse/faces/javax.faces.resource/layout/layout.css?ln=primefaces&v=4.0 HTTP/1.1" 304 -
186.155.8.227 - - [19/Mar/2023:20:58:34 -0500] "GET /sipse/faces/javax.faces.resource/jquery/jquery.js?ln=primefaces&v=4.0 HTTP/1.1" 304 -
186.155.8.227 - - [19/Mar/2023:20:58:34 -0500] "GET /sipse/faces/javax.faces.resource/jquery/jquery-plugins.js?ln=primefaces&v=4.0 HTTP/1.1" 304 -
186.155.8.227 - - [19/Mar/2023:20:58:34 -0500] "GET /sipse/faces/javax.faces.resource/primefaces.js?ln=primefaces&v=4.0 HTTP/1.1" 304 -
186.155.8.227 - - [19/Mar/2023:20:58:34 -0500] "GET /sipse/faces/javax.faces.resource/layout/layout.js?ln=primefaces&v=4.0 HTTP/1.1" 304 -
186.155.8.227 - - [19/Mar/2023:20:58:34 -0500] "POST /sipse/faces/presentacion/financiero/solicitudProceso/consultar.xhtml HTTP/1.1" 200 35417
186.155.8.227 - - [19/Mar/2023:20:58:34 -0500] "POST /sipse/faces/presentacion/financiero/solicitudProceso/consultar.xhtml HTTP/1.1" 200 35417
186.155.8.227 - - [19/Mar/2023:20:58:35 -0500] "POST /sipse/faces/presentacion/financiero/solicitudProceso/consultar.xhtml HTTP/1.1" 200 35417
186.155.8.227 - - [19/Mar/2023:20:58:35 -0500] "POST /sipse/faces/presentacion/financiero/solicitudProceso/consultar.xhtml HTTP/1.1" 200 35417
186.155.8.227 - - [19/Mar/2023:20:58:35 -0500] "POST /sipse/faces/presentacion/financiero/solicitudProceso/consultar.xhtml HTTP/1.1" 200 35417
186.155.8.227 - - [19/Mar/2023:20:58:35 -0500] "POST /sipse/faces/presentacion/financiero/solicitudProceso/consultar.xhtml HTTP/1.1" 200 35417
186.155.8.227 - - [19/Mar/2023:20:58:35 -0500] "POST /sipse/faces/presentacion/financiero/solicitudProceso/consultar.xhtml HTTP/1.1" 200 35417
186.155.8.227 - - [19/Mar/2023:20:58:36 -0500] "POST /sipse/faces/presentacion/financiero/solicitudProceso/consultar.xhtml HTTP/1.1" 200 35417
186.155.8.227 - - [19/Mar/2023:20:58:39 -0500] "POST /sipse/faces/presentacion/financiero/solicitudProceso/consultar.xhtml HTTP/1.1" 200 12855
192.168.175.240 - - [19/Mar/2023:20:58:40 -0500] "GET / HTTP/1.1" 200 4720
186.155.8.227 - - [19/Mar/2023:20:58:43 -0500] "POST /sipse/faces/presentacion/financiero/solicitudProceso/consultar.xhtml HTTP/1.1" 200 159908
186.155.8.227 - - [19/Mar/2023:20:58:44 -0500] "GET /sipse/faces/javax.faces.resource/theme.css?ln=primefaces-sipse HTTP/1.1" 304 -
186.155.8.227 - - [19/Mar/2023:20:58:44 -0500] "GET /sipse/faces/javax.faces.resource/layout/layout.css?ln=primefaces&v=4.0 HTTP/1.1" 304 -
186.155.8.227 - - [19/Mar/2023:20:58:44 -0500] "GET /sipse/faces/javax.faces.resource/primefaces.css?ln=primefaces&v=4.0 HTTP/1.1" 304 -
186.155.8.227 - - [19/Mar/2023:20:58:44 -0500] "GET /sipse/faces/javax.faces.resource/jquery/jquery.js?ln=primefaces&v=4.0 HTTP/1.1" 304 -
186.155.8.227 - - [19/Mar/2023:20:58:44 -0500] "GET /sipse/faces/javax.faces.resource/jquery/jquery-plugins.js?ln=primefaces&v=4.0 HTTP/1.1" 304 -
186.155.8.227 - - [19/Mar/2023:20:58:44 -0500] "GET /sipse/faces/javax.faces.resource/primefaces.js?ln=primefaces&v=4.0 HTTP/1.1" 304 -
186.155.8.227 - - [19/Mar/2023:20:58:44 -0500] "GET /sipse/faces/javax.faces.resource/layout/layout.js?ln=primefaces&v=4.0 HTTP/1.1" 304 -
186.155.8.227 - - [19/Mar/2023:20:58:44 -0500] "GET /sipse/faces/javax.faces.resource/dynamiccontent.properties?ln=primefaces&pfdrid=XjOR5%2F%2FfPAZAuY9TpWQeCiM0BhlXxYRBGKi%2FQcXXfeA%3D&pfdrid_c=false HTTP/1.1" 500 383
186.155.8.227 - - [19/Mar/2023:20:58:50 -0500] "POST /sipse/faces/presentacion/financiero/solicitudProceso/consultarSolicitudProceso.xhtml HTTP/1.1" 200 160140
192.168.175.240 - - [19/Mar/2023:20:59:40 -0500] "GET / HTTP/1.1" 200 4720
181.61.205.1 - - [19/Mar/2023:20:59:58 -0500] "GET /mujeres-que-reverdecen-secretaria-de-ambiente-anuncia-el-inicio-de-la-tercera-fase.html HTTP/1.1" 200 954
192.168.175.240 - - [19/Mar/2023:21:00:40 -0500] "GET / HTTP/1.1" 200 4720
34.132.200.251 - - [19/Mar/2023:21:01:17 -0500] "GET /galeria/galeria/fotos/loro3P.jpg HTTP/1.1" 200 24900
216.245.221.92 - - [19/Mar/2023:21:01:34 -0500] "HEAD / HTTP/1.1" 200 -
40.77.167.188 - - [19/Mar/2023:21:01:39 -0500] "GET /BLA/resoluciones/AUTOS%202018/0501.pdf HTTP/1.1" 200 733048
192.168.175.240 - - [19/Mar/2023:21:01:40 -0500] "GET / HTTP/1.1" 200 4720
186.154.138.8 - - [19/Mar/2023:21:01:47 -0500] "GET /images/jardines-verticales_optimized.jpeg HTTP/1.1" 200 138197
34.132.200.251 - - [19/Mar/2023:21:02:28 -0500] "GET /galeria/galeria/fotos/boa11P.jpg HTTP/1.1" 200 25099
186.102.18.61 - - [19/Mar/2023:21:02:29 -0500] "GET /kwssiamovil/sm/acme/a?s=U2FsdGVkX1/o24IDUsoq7te/7HLjAxbqF2PbsE8EQ+hIZCgn5EUqiPuGuqktbAMZnmsYNMeuK2s0KHl7wsBAI6c1KtlCSqxuzu7bx8ZUXh8LY+Ehz6e+CocjltlRZ+7y1L9sXlPuLtW0EcB3vcVpdMbLN6h7MObKwxTVtmTi1V07RLVLJY33r/HbSotyxmQXrOga2jU6YgAxH+g7HcaEkiL2te0MQCJsRoIAHdfcZyHYGUcdmOnG0CUnQYBIM7KjwgC4ITKJpRCkaTH1x7Sy/g==&u=U2FsdGVkX1+ISNjnduALax7BeOchX/WmIkQBZF0ijIW3/gk0SMqGBz+e6S6NGq2C&y=U2FsdGVkX1+2qSqvEpFvapnVql/M4ANNgMbVOIHzXhK5vpTthn5NcmBGw8rGiKjz HTTP/1.1" 200 26
186.102.18.61 - - [19/Mar/2023:21:02:29 -0500] "GET /kwssiamovil/sm/acme/a?s=U2FsdGVkX19zXWJgq0bmMX+BWi4fKoyb7uRhSS791b1B3sdmU0LvA0dZWEEoS80fxA0wCKohmZTBHcvQ+/1MUwacCLTQ+Ktvg0pT/tnCTaYoN9IIAkiMSal6Z5WRgigcXYOnY7h6WH7eXVCzi+Y9NmrDVezzS56Ptr2jRnmBlB2yB97skvEaLe9ixo9+wFUvO9bKXjQKNuHWwKKk3aACQKCkCjbowpczAilZ0Q/TWphyJpV776w5vsD9pzTqOsD49+mNV+JhuvuYWwUdL9dXrqk8B0V2dNGzf5zpSRR9XBlHyiOR/gLiLUL+3PoVGgnizO2wq0q/aFOnMU5sdQ9aOWtmdPmNw6Z/HLmdC0bQCdBXbu35pGbJfexnFD6nrn+HIBafi/B3Ivqyvns9JvXaVKVKx0yJSSdpj3iCLtZZDJt2AxlVTiQOXe2xVncI72JSgmsIcVQ4vQYXs43Atd44eeZWrldal4X3YJBm4/myM8lKOU/9MEeHjSe2KTRY4wr5Bx7tMdw3UqRsDFJ5R+B2tNEXXT9xO95JtAgl63YpSOhDjHoy8dxdH2PGmmODSSoAHJ3xP9v6RApyl0stvwyqCloDjCJxBfBj0LnXSh7MhlriP+VUwXfBJUVsao8fCXg4SXrLzeg5fiA+WSSEAbu5I5AS+yjzK1mc5DxthoAkKmKR8V2+C6hAyA4AUbCEa/BOTCGPwWfPOty47vSacvFNmfBWqQIrZXSC294Wxs8URVVlWWs8vI/HZp6ZpEFE35MI4vK9dZ8+cIM4rPFMZ14SRQpb+jPHGgbWXllbXYxTlIv9FKqSRXfFGaIoWCCaMoyuXuNlDxAyMgTwqndPWBOK5Mw33+PZeJYngYap/4oEPEeGHUJcMv1Y4S9egRGmvRx6Pk5jsctbGvDg/bnxoAE/35Xnndb00F0cJGz8oQLakSgMm2/ygsoCOUgVBeHYPn1QA8zzvRgdrnAJRaKaudpUT0/1oLdrzv/9rD85942uFrSvnJPTVIgeYp4U5WwljWgLffHcZQu3Eref+IvUbLcerVv48fDOvgx7RgKK8vAEF9ksd8b+xDqDpVmT9EH6BlGS+z24JlWBUAG+g415FR3b5ze6Vo+wdOtbe0X9liMtc3zue6fihjAK3ECcSjpFR2lZRo4ykFcfebOTDZG+Mhu3A5esQ8kMEd9Acy0icchh4h91NY2ZrlK/n1Ftdgs+hUCLBcbUOWqOk7FTqFZDc8bY4CfGrx5PLQgNt8t84avWwVgqhqP3hpXModZ9uy+ZCpW0c2B8X3Kz7sDz4CJDdLKk5u5nDvmXaKTXC0arOxrPkxlS9Xg1+1z4FKJZfKWJbturl5MS8OfhDlXBLM5fF4c+IRr6WYqX0zIagMi9A7N2Pf8u8TxQJYAh59MhBwgp3h24y/Xf9VUw0pBszHWpWpTc4TxWE66kuz3SkFKKbcKc4aUvoTBbhi8yCgocdNhAT8V1D3n2oJ3XZd2iinsmFKxOXsyAjiH9L5u+ZBBbc7VqkkWM+SWtOcCTI7x3AZoBgh9c2j0faya2v6wJx+rswF7pTkVHBZ4SLsqnljqMD7BBvSoKnBG0gbz+hnmm0/SNrnSknuwphda6SbjS80f+O/2ayLTsi6qI8NjRgnlYGA3FsromIGLRfp7ldUawfx0vRkeXxlAWAo8mZO9o2wXeGSl+mR4L1F4jheev+MVVT3qbdkL8nWMlw/aRdo1Hi2yZiwsYj5rRtQJ2Zg7zmY2eZ+3o7WybmtmwsbRDuBNCHS1XIm+kVKrXEH8iNZZf8BMinINS9SAdTYd+WN0UIKqmtY6PjsA/pQWRc0uLD364jJMuiUcPiZNGqjaiI3labWVgZgsASP1l0R6+flSZvDTYNwRIsD5kWAN3eH9VEF8H0Z9+lc7DKH+SZY+DxFMr0ySQWew8vo/lk+F5YDQ/UYd7kQqdbbHCNdz15Eo2mMmKUfJ2kinV5XFFTsYofPmkBaqynNouIidABtZATwMAbO4Ljq13n2YAiOb59A0GSmHG6lkqjM3sWKdihug6WhnsLNV5uT1eHsQ60D5z6wIIgetCmHBtijqjYTK+XBWpu9AHBgbThozIFJfyGR/k2sVXluyU8XEX8v3QkU85sRcfN9bhRYnsUloVCi8FDMK1RJ5Oi65h42E=&u=U2FsdGVkX1+ISNjnduALax7BeOchX/WmIkQBZF0ijIW3/gk0SMqGBz+e6S6NGq2C&y=U2FsdGVkX1+2qSqvEpFvapnVql/M4ANNgMbVOIHzXhK5vpTthn5NcmBGw8rGiKjz HTTP/1.1" 200 26
186.102.18.61 - - [19/Mar/2023:21:02:30 -0500] "GET /kwssiamovil/sm/acme/a?s=U2FsdGVkX1/DF2nU25PiDGbEpRMT4pGjR80Oct7Z5hGXshS4NKT0d6V3GTvbLgS5mdUsAdDJM3ChPka2jElMfvh3JpE0gdkNgiESamleAoyX9oHO76OH54257DC4T6WOSgguHzvkKTZUf2FnaKcSKglUbg8KD347zq7vKuH/ANo=&u=U2FsdGVkX1+ISNjnduALax7BeOchX/WmIkQBZF0ijIW3/gk0SMqGBz+e6S6NGq2C&y=U2FsdGVkX1+2qSqvEpFvapnVql/M4ANNgMbVOIHzXhK5vpTthn5NcmBGw8rGiKjz HTTP/1.1" 200 26
186.102.18.61 - - [19/Mar/2023:21:02:30 -0500] "GET /kwssiamovil/sm/acme/a?s=U2FsdGVkX18rwkYe/RF3GD9ovmDBQ2ixTDWQJqX+cgeH/km7LFVjunxl/i7/QV/CjlfdE7ZSdz3/ox0mCGk0ndnipczz9sNmGp3MLNjybQP8VIedMjfmELAlEIIOYmVL5DL4S7OVNt5CR+64mDm/qNUgdSfVFwBzB1mUsdihsAw=&u=U2FsdGVkX1+ISNjnduALax7BeOchX/WmIkQBZF0ijIW3/gk0SMqGBz+e6S6NGq2C&y=U2FsdGVkX1+2qSqvEpFvapnVql/M4ANNgMbVOIHzXhK5vpTthn5NcmBGw8rGiKjz HTTP/1.1" 200 26
186.102.18.61 - - [19/Mar/2023:21:02:31 -0500] "GET /kwssiamovil/sm/acme/a?s=U2FsdGVkX1+E+Z/A6LGom2xwTtnSkjhvfN720ajqiJR+r1j78hiFcGEYwIQFgazqU9hRESq6O/0hmOWrT1Lk1rZ0GSdBD23uT8TsUvqMzBwh2D2BOyZ8qluBi2k9LKNbvkXyZ2CORvjq0XRpA4VB2zf9CPXrEV8MQPVEZl+KXAY=&u=U2FsdGVkX1+ISNjnduALax7BeOchX/WmIkQBZF0ijIW3/gk0SMqGBz+e6S6NGq2C&y=U2FsdGVkX1+2qSqvEpFvapnVql/M4ANNgMbVOIHzXhK5vpTthn5NcmBGw8rGiKjz HTTP/1.1" 200 26
186.102.18.61 - - [19/Mar/2023:21:02:31 -0500] "GET /kwssiamovil/sm/acme/a?s=U2FsdGVkX18jLHQ8SsL0e3hheufCiUQ/xqWcYHWpDs5GSSoSjS3WivsnhZxIZChoPHWZqEYwN4Z4YHwF0hg2jv3jbFiQXdA90LXHL7atbAA/yxI0DWN/UbjSYN+JOEPOeZlb6VD3X6Jk/4rBjFOoh2E25bdD9/FGUueqHT+Rf9B6pxsTf3W/JwNV9xngg/ooj02scGK6Ur+vpl1Q7TymOw==&u=U2FsdGVkX1+ISNjnduALax7BeOchX/WmIkQBZF0ijIW3/gk0SMqGBz+e6S6NGq2C&y=U2FsdGVkX1+2qSqvEpFvapnVql/M4ANNgMbVOIHzXhK5vpTthn5NcmBGw8rGiKjz HTTP/1.1" 200 26
192.168.175.240 - - [19/Mar/2023:21:02:40 -0500] "GET / HTTP/1.1" 200 4720
201.245.192.253 - - [19/Mar/2023:21:03:02 -0500] "POST /kwsrmcab/Wsrmcab  HTTP/1.1" 200 42239
172.22.2.4 - - [19/Mar/2023:21:01:42 -0500] "HEAD /BLA/boletinlegal/ HTTP/1.1" 200 -
173.252.107.23 - - [19/Mar/2023:21:03:38 -0500] "GET /si-eres-mujer-y-te-gusta-el-cuidado-de-los-humedales-este-proceso-de-formacion-es-para-ti.html HTTP/1.1" 206 1025
192.168.175.240 - - [19/Mar/2023:21:03:40 -0500] "GET / HTTP/1.1" 200 4720
172.22.2.4 - - [19/Mar/2023:21:02:33 -0500] "GET /BLA/boletinlegal/ HTTP/1.1" 200 54414
66.249.79.113 - - [19/Mar/2023:21:04:34 -0500] "-" 408 -
192.168.175.240 - - [19/Mar/2023:21:04:40 -0500] "GET / HTTP/1.1" 200 4720
34.132.200.251 - - [19/Mar/2023:21:05:13 -0500] "GET /galeria/galeria/fotos/tortuga2P.jpg HTTP/1.1" 200 33472
192.168.175.240 - - [19/Mar/2023:21:05:40 -0500] "GET / HTTP/1.1" 200 4720
18.212.100.191 - - [19/Mar/2023:21:06:02 -0500] "GET /distrito-levanta-alerta-fase-1-por-calidad-del-aire-en-bogota-llamado-a-no-bajar-la-guardia-y-seguir-reduciendo-emisiones.html HTTP/1.1" 200 908
216.245.221.92 - - [19/Mar/2023:21:06:34 -0500] "HEAD / HTTP/1.1" 200 -
192.168.175.240 - - [19/Mar/2023:21:06:40 -0500] "GET / HTTP/1.1" 200 4720
192.168.175.240 - - [19/Mar/2023:21:07:40 -0500] "GET / HTTP/1.1" 200 4720
201.245.192.253 - - [19/Mar/2023:21:08:02 -0500] "POST /kwsrmcab/Wsrmcab  HTTP/1.1" 200 42239
181.237.22.95 - - [19/Mar/2023:21:08:05 -0500] "GET /images/jardines-verticales_optimized.jpeg HTTP/1.1" 200 138197
186.155.8.227 - - [19/Mar/2023:21:08:17 -0500] "POST /sipse/faces/presentacion/financiero/solicitudProceso/consultarSolicitudProceso.xhtml HTTP/1.1" 200 42091
186.155.8.227 - - [19/Mar/2023:21:08:17 -0500] "GET /sipse/faces/javax.faces.resource/theme.css?ln=primefaces-sipse HTTP/1.1" 304 -
186.155.8.227 - - [19/Mar/2023:21:08:17 -0500] "GET /sipse/faces/javax.faces.resource/primefaces.css?ln=primefaces&v=4.0 HTTP/1.1" 304 -
186.155.8.227 - - [19/Mar/2023:21:08:17 -0500] "GET /sipse/faces/javax.faces.resource/layout/layout.css?ln=primefaces&v=4.0 HTTP/1.1" 304 -
186.155.8.227 - - [19/Mar/2023:21:08:17 -0500] "GET /sipse/faces/javax.faces.resource/jquery/jquery.js?ln=primefaces&v=4.0 HTTP/1.1" 304 -
186.155.8.227 - - [19/Mar/2023:21:08:17 -0500] "GET /sipse/faces/javax.faces.resource/jquery/jquery-plugins.js?ln=primefaces&v=4.0 HTTP/1.1" 304 -
186.155.8.227 - - [19/Mar/2023:21:08:18 -0500] "GET /sipse/faces/javax.faces.resource/primefaces.js?ln=primefaces&v=4.0 HTTP/1.1" 304 -
186.155.8.227 - - [19/Mar/2023:21:08:18 -0500] "GET /sipse/faces/javax.faces.resource/layout/layout.js?ln=primefaces&v=4.0 HTTP/1.1" 304 -
186.155.8.227 - - [19/Mar/2023:21:08:18 -0500] "POST /sipse/faces/presentacion/financiero/solicitudProceso/consultar.xhtml HTTP/1.1" 200 35459
186.155.8.227 - - [19/Mar/2023:21:08:18 -0500] "POST /sipse/faces/presentacion/financiero/solicitudProceso/consultar.xhtml HTTP/1.1" 200 35459
186.155.8.227 - - [19/Mar/2023:21:08:18 -0500] "POST /sipse/faces/presentacion/financiero/solicitudProceso/consultar.xhtml HTTP/1.1" 200 35459
186.155.8.227 - - [19/Mar/2023:21:08:18 -0500] "POST /sipse/faces/presentacion/financiero/solicitudProceso/consultar.xhtml HTTP/1.1" 200 35459
186.155.8.227 - - [19/Mar/2023:21:08:18 -0500] "POST /sipse/faces/presentacion/financiero/solicitudProceso/consultar.xhtml HTTP/1.1" 200 35459
186.155.8.227 - - [19/Mar/2023:21:08:18 -0500] "POST /sipse/faces/presentacion/financiero/solicitudProceso/consultar.xhtml HTTP/1.1" 200 35459
186.155.8.227 - - [19/Mar/2023:21:08:19 -0500] "POST /sipse/faces/presentacion/financiero/solicitudProceso/consultar.xhtml HTTP/1.1" 200 35459
186.155.8.227 - - [19/Mar/2023:21:08:19 -0500] "POST /sipse/faces/presentacion/financiero/solicitudProceso/consultar.xhtml HTTP/1.1" 200 35459
186.155.8.227 - - [19/Mar/2023:21:08:19 -0500] "POST /sipse/faces/presentacion/financiero/solicitudProceso/consultar.xhtml HTTP/1.1" 200 35459
186.155.8.227 - - [19/Mar/2023:21:08:19 -0500] "POST /sipse/faces/presentacion/financiero/solicitudProceso/consultar.xhtml HTTP/1.1" 200 35459
186.155.8.227 - - [19/Mar/2023:21:08:23 -0500] "POST /sipse/faces/presentacion/financiero/solicitudProceso/consultar.xhtml HTTP/1.1" 200 12867
186.155.8.227 - - [19/Mar/2023:21:08:27 -0500] "POST /sipse/faces/presentacion/financiero/solicitudProceso/consultar.xhtml HTTP/1.1" 200 165226
186.155.8.227 - - [19/Mar/2023:21:08:28 -0500] "GET /sipse/faces/javax.faces.resource/theme.css?ln=primefaces-sipse HTTP/1.1" 304 -
186.155.8.227 - - [19/Mar/2023:21:08:28 -0500] "GET /sipse/faces/javax.faces.resource/primefaces.css?ln=primefaces&v=4.0 HTTP/1.1" 304 -
186.155.8.227 - - [19/Mar/2023:21:08:28 -0500] "GET /sipse/faces/javax.faces.resource/layout/layout.css?ln=primefaces&v=4.0 HTTP/1.1" 304 -
186.155.8.227 - - [19/Mar/2023:21:08:28 -0500] "GET /sipse/faces/javax.faces.resource/jquery/jquery.js?ln=primefaces&v=4.0 HTTP/1.1" 304 -
186.155.8.227 - - [19/Mar/2023:21:08:28 -0500] "GET /sipse/faces/javax.faces.resource/jquery/jquery-plugins.js?ln=primefaces&v=4.0 HTTP/1.1" 304 -
186.155.8.227 - - [19/Mar/2023:21:08:28 -0500] "GET /sipse/faces/javax.faces.resource/primefaces.js?ln=primefaces&v=4.0 HTTP/1.1" 304 -
186.155.8.227 - - [19/Mar/2023:21:08:28 -0500] "GET /sipse/faces/javax.faces.resource/layout/layout.js?ln=primefaces&v=4.0 HTTP/1.1" 304 -
186.155.8.227 - - [19/Mar/2023:21:08:29 -0500] "GET /sipse/faces/javax.faces.resource/dynamiccontent.properties?ln=primefaces&pfdrid=XjOR5%2F%2FfPAZAuY9TpWQeCiM0BhlXxYRBGKi%2FQcXXfeA%3D&pfdrid_c=false HTTP/1.1" 500 383
173.252.95.12 - - [19/Mar/2023:21:08:36 -0500] "GET /unidos-por-un-nuevo-aire-un-ano-de-pacto-del-compromiso-por-bogota.html HTTP/1.1" 206 764
186.155.8.227 - - [19/Mar/2023:21:08:37 -0500] "POST /sipse/faces/presentacion/financiero/solicitudProceso/consultarSolicitudProceso.xhtml HTTP/1.1" 200 160140
192.168.175.240 - - [19/Mar/2023:21:08:40 -0500] "GET / HTTP/1.1" 200 4720
190.93.141.249 - - [19/Mar/2023:21:08:45 -0500] "GET /mujeres-que-reverdecen-secretaria-de-ambiente-anuncia-el-inicio-de-la-tercera-fase.html HTTP/1.1" 200 954
104.47.73.126 - - [19/Mar/2023:21:08:51 -0500] "HEAD /%C3%82%C2%BFquieres-aprender-sobre-jardines-verticales-esta-es-tu-oportunidad.html HTTP/1.1" 200 -
181.237.22.95 - - [19/Mar/2023:21:08:52 -0500] "GET /%C3%82%C2%BFquieres-aprender-sobre-jardines-verticales-esta-es-tu-oportunidad.html HTTP/1.1" 200 925
34.132.200.251 - - [19/Mar/2023:21:09:02 -0500] "GET /galeria/galeria/fotos/cusumbo4P.jpg HTTP/1.1" 200 34990
172.22.2.4 - - [19/Mar/2023:21:07:32 -0500] "HEAD /BLA/boletinlegal/ HTTP/1.1" 200 -
13.68.195.135 - - [19/Mar/2023:21:09:13 -0500] "GET /%C3%82%C2%BFquieres-aprender-sobre-jardines-verticales-esta-es-tu-oportunidad.html HTTP/1.1" 200 925
192.168.175.240 - - [19/Mar/2023:21:09:40 -0500] "GET / HTTP/1.1" 200 4720
172.22.2.4 - - [19/Mar/2023:21:08:23 -0500] "GET /BLA/boletinlegal/ HTTP/1.1" 200 53104
34.132.200.251 - - [19/Mar/2023:21:10:18 -0500] "GET /galeria/galeria/fotos/boa10P.jpg HTTP/1.1" 200 19337
192.168.175.240 - - [19/Mar/2023:21:10:40 -0500] "GET / HTTP/1.1" 200 4720
31.13.127.119 - - [19/Mar/2023:21:11:24 -0500] "GET /images/Puntos%20calientes%2024%20de%20febrero.jpeg HTTP/1.1" 200 42626
216.245.221.92 - - [19/Mar/2023:21:11:34 -0500] "HEAD / HTTP/1.1" 200 -
66.249.70.180 - - [19/Mar/2023:21:11:36 -0500] "-" 408 -
192.168.175.240 - - [19/Mar/2023:21:11:40 -0500] "GET / HTTP/1.1" 200 4720
20.15.133.166 - - [19/Mar/2023:21:11:52 -0500] "-" 408 -
192.168.175.240 - - [19/Mar/2023:21:12:40 -0500] "GET / HTTP/1.1" 200 4720
168.119.252.243 - - [19/Mar/2023:21:12:56 -0500] "GET / HTTP/1.1" 200 4720
168.119.252.243 - - [19/Mar/2023:21:12:56 -0500] "GET / HTTP/1.1" 200 319
201.245.192.253 - - [19/Mar/2023:21:13:01 -0500] "POST /kwsrmcab/Wsrmcab  HTTP/1.1" 200 42239
192.168.175.240 - - [19/Mar/2023:21:13:40 -0500] "GET / HTTP/1.1" 200 4720
192.168.175.240 - - [19/Mar/2023:21:14:40 -0500] "GET / HTTP/1.1" 200 4720
172.22.2.4 - - [19/Mar/2023:21:13:22 -0500] "HEAD /BLA/boletinlegal/ HTTP/1.1" 200 -
192.168.175.240 - - [19/Mar/2023:21:15:40 -0500] "GET / HTTP/1.1" 200 4720
172.22.2.4 - - [19/Mar/2023:21:14:13 -0500] "GET /BLA/boletinlegal/ HTTP/1.1" 200 57551
52.125.136.232 - - [19/Mar/2023:21:16:02 -0500] "GET /images/jardines-verticales_optimized.jpeg HTTP/1.1" 200 138197
181.139.142.182 - - [19/Mar/2023:21:16:15 -0500] "GET /%C3%82%C2%BFquieres-aprender-sobre-jardines-verticales-esta-es-tu-oportunidad.html HTTP/1.1" 200 925
216.245.221.92 - - [19/Mar/2023:21:16:34 -0500] "HEAD / HTTP/1.1" 200 -
192.168.175.240 - - [19/Mar/2023:21:16:40 -0500] "GET / HTTP/1.1" 200 4720
34.91.217.223 - - [19/Mar/2023:21:16:48 -0500] "GET /inventario-de-emisiones-2020-transporte-publico-sitp-redujo-emisiones-de-pm-2-5-en-un-37.html HTTP/1.1" 200 925
192.168.175.240 - - [19/Mar/2023:21:17:40 -0500] "GET / HTTP/1.1" 200 4720
201.245.192.253 - - [19/Mar/2023:21:18:00 -0500] "POST /kwsrmcab/Wsrmcab  HTTP/1.1" 200 42239
172.22.2.4 - - [19/Mar/2023:21:18:34 -0500] "GET /BLA/boletinlegal/actos.php HTTP/1.1" 200 9672
192.168.175.240 - - [19/Mar/2023:21:18:40 -0500] "GET / HTTP/1.1" 200 4720
172.22.2.4 - - [19/Mar/2023:21:18:55 -0500] "GET /BLA/boletinlegal/actos.php HTTP/1.1" 200 9672
192.168.175.240 - - [19/Mar/2023:21:19:40 -0500] "GET / HTTP/1.1" 200 4720
201.245.192.253 - - [19/Mar/2023:21:20:36 -0500] "POST /kwsrmcab/Wsrmcab HTTP/1.1" 200 41338
192.168.175.240 - - [19/Mar/2023:21:20:40 -0500] "GET / HTTP/1.1" 200 4720
201.245.192.253 - - [19/Mar/2023:21:20:39 -0500] "POST /kwsrmcab/Wsrmcab HTTP/1.1" 200 43764
198.199.107.16 - - [19/Mar/2023:21:20:47 -0500] "MGLNDD_190.27.245.106_80" 501 953
172.22.2.4 - - [19/Mar/2023:21:19:12 -0500] "HEAD /BLA/boletinlegal/ HTTP/1.1" 200 -
216.245.221.92 - - [19/Mar/2023:21:21:34 -0500] "HEAD / HTTP/1.1" 200 -
192.168.175.240 - - [19/Mar/2023:21:21:40 -0500] "GET / HTTP/1.1" 200 4720
172.22.2.4 - - [19/Mar/2023:21:20:03 -0500] "GET /BLA/boletinlegal/ HTTP/1.1" 200 57141
192.168.175.240 - - [19/Mar/2023:21:22:40 -0500] "GET / HTTP/1.1" 200 4720
201.245.192.253 - - [19/Mar/2023:21:22:59 -0500] "POST /kwsrmcab/Wsrmcab  HTTP/1.1" 200 42239
172.22.2.4 - - [19/Mar/2023:21:23:14 -0500] "GET /BLA/boletinlegal/actos.php HTTP/1.1" 200 9672
192.168.175.240 - - [19/Mar/2023:21:23:40 -0500] "GET / HTTP/1.1" 200 4720
172.22.2.4 - - [19/Mar/2023:21:23:51 -0500] "GET /BLA/boletinlegal/actos.php HTTP/1.1" 200 9672
192.168.175.240 - - [19/Mar/2023:21:24:40 -0500] "GET / HTTP/1.1" 200 4720
69.171.249.13 - - [19/Mar/2023:21:24:50 -0500] "GET /images/24%20de%20febrero%20Sendero%20guadalupe%202.jpeg HTTP/1.1" 200 70964
192.168.175.240 - - [19/Mar/2023:21:25:40 -0500] "GET / HTTP/1.1" 200 4720
216.245.221.92 - - [19/Mar/2023:21:26:34 -0500] "HEAD / HTTP/1.1" 200 -
192.168.175.240 - - [19/Mar/2023:21:26:40 -0500] "GET / HTTP/1.1" 200 4720
172.22.2.4 - - [19/Mar/2023:21:25:02 -0500] "HEAD /BLA/boletinlegal/ HTTP/1.1" 200 -
172.22.2.4 - - [19/Mar/2023:21:27:01 -0500] "GET /BLA/boletinlegal/actos.php HTTP/1.1" 200 9672
172.22.2.4 - - [19/Mar/2023:21:25:53 -0500] "GET /BLA/boletinlegal/ HTTP/1.1" 200 53551
192.168.175.240 - - [19/Mar/2023:21:27:40 -0500] "GET / HTTP/1.1" 200 4720
201.245.192.253 - - [19/Mar/2023:21:27:58 -0500] "POST /kwsrmcab/Wsrmcab  HTTP/1.1" 200 42239
192.168.175.240 - - [19/Mar/2023:21:28:40 -0500] "GET / HTTP/1.1" 200 4720
172.22.2.4 - - [19/Mar/2023:21:29:11 -0500] "GET /BLA/boletinlegal/actos.php HTTP/1.1" 200 9672
192.168.175.240 - - [19/Mar/2023:21:29:40 -0500] "GET / HTTP/1.1" 200 4720
201.245.192.253 - - [19/Mar/2023:21:30:37 -0500] "POST /kwsrmcab/Wsrmcab HTTP/1.1" 200 41338
51.159.164.227 - - [19/Mar/2023:21:30:38 -0500] "GET /portaldeninos/ HTTP/1.1" 200 110197
192.168.175.240 - - [19/Mar/2023:21:30:40 -0500] "GET / HTTP/1.1" 200 4720
201.245.192.253 - - [19/Mar/2023:21:30:39 -0500] "POST /kwsrmcab/Wsrmcab HTTP/1.1" 200 43764
172.22.2.4 - - [19/Mar/2023:21:31:22 -0500] "GET /BLA/boletinlegal/Directivas/2011/Directiva%20No.%202%20del%2017%20de%20Mayo%20de%202011.pdf HTTP/1.1" 304 -
216.245.221.92 - - [19/Mar/2023:21:31:34 -0500] "HEAD / HTTP/1.1" 200 -
192.168.175.240 - - [19/Mar/2023:21:31:40 -0500] "GET / HTTP/1.1" 200 4720
172.22.2.4 - - [19/Mar/2023:21:30:52 -0500] "HEAD /BLA/boletinlegal/ HTTP/1.1" 200 -
192.168.175.240 - - [19/Mar/2023:21:32:40 -0500] "GET / HTTP/1.1" 200 4720
201.245.192.253 - - [19/Mar/2023:21:32:57 -0500] "POST /kwsrmcab/Wsrmcab  HTTP/1.1" 200 42239
172.22.2.4 - - [19/Mar/2023:21:31:43 -0500] "GET /BLA/boletinlegal/ HTTP/1.1" 200 51022
192.168.175.240 - - [19/Mar/2023:21:33:40 -0500] "GET / HTTP/1.1" 200 4720
192.168.175.240 - - [19/Mar/2023:21:34:40 -0500] "GET / HTTP/1.1" 200 4720
172.22.2.4 - - [19/Mar/2023:21:33:08 -0500] "GET /BLA/boletinlegal/ HTTP/1.1" 200 60876
192.168.175.240 - - [19/Mar/2023:21:35:40 -0500] "GET / HTTP/1.1" 200 4720
216.245.221.92 - - [19/Mar/2023:21:36:34 -0500] "HEAD / HTTP/1.1" 200 -
192.168.175.240 - - [19/Mar/2023:21:36:40 -0500] "GET / HTTP/1.1" 200 4720
186.155.8.227 - - [19/Mar/2023:21:36:47 -0500] "POST /sipse/faces/presentacion/financiero/solicitudProceso/consultarSolicitudProceso.xhtml HTTP/1.1" 200 42103
186.155.8.227 - - [19/Mar/2023:21:36:47 -0500] "GET /sipse/faces/javax.faces.resource/theme.css?ln=primefaces-sipse HTTP/1.1" 304 -
186.155.8.227 - - [19/Mar/2023:21:36:47 -0500] "GET /sipse/faces/javax.faces.resource/jquery/jquery.js?ln=primefaces&v=4.0 HTTP/1.1" 304 -
186.155.8.227 - - [19/Mar/2023:21:36:47 -0500] "GET /sipse/faces/javax.faces.resource/jquery/jquery-plugins.js?ln=primefaces&v=4.0 HTTP/1.1" 304 -
186.155.8.227 - - [19/Mar/2023:21:36:47 -0500] "GET /sipse/faces/javax.faces.resource/layout/layout.css?ln=primefaces&v=4.0 HTTP/1.1" 304 -
186.155.8.227 - - [19/Mar/2023:21:36:47 -0500] "GET /sipse/faces/javax.faces.resource/primefaces.css?ln=primefaces&v=4.0 HTTP/1.1" 304 -
186.155.8.227 - - [19/Mar/2023:21:36:47 -0500] "GET /sipse/faces/javax.faces.resource/primefaces.js?ln=primefaces&v=4.0 HTTP/1.1" 304 -
186.155.8.227 - - [19/Mar/2023:21:36:47 -0500] "GET /sipse/faces/javax.faces.resource/layout/layout.js?ln=primefaces&v=4.0 HTTP/1.1" 304 -
186.155.8.227 - - [19/Mar/2023:21:36:47 -0500] "POST /sipse/faces/presentacion/financiero/solicitudProceso/consultar.xhtml HTTP/1.1" 200 35471
186.155.8.227 - - [19/Mar/2023:21:36:47 -0500] "POST /sipse/faces/presentacion/financiero/solicitudProceso/consultar.xhtml HTTP/1.1" 200 35471
186.155.8.227 - - [19/Mar/2023:21:36:48 -0500] "POST /sipse/faces/presentacion/financiero/solicitudProceso/consultar.xhtml HTTP/1.1" 200 35471
186.155.8.227 - - [19/Mar/2023:21:36:48 -0500] "POST /sipse/faces/presentacion/financiero/solicitudProceso/consultar.xhtml HTTP/1.1" 200 35471
186.155.8.227 - - [19/Mar/2023:21:36:48 -0500] "POST /sipse/faces/presentacion/financiero/solicitudProceso/consultar.xhtml HTTP/1.1" 200 35471
186.155.8.227 - - [19/Mar/2023:21:36:48 -0500] "POST /sipse/faces/presentacion/financiero/solicitudProceso/consultar.xhtml HTTP/1.1" 200 35471
186.155.8.227 - - [19/Mar/2023:21:36:48 -0500] "POST /sipse/faces/presentacion/financiero/solicitudProceso/consultar.xhtml HTTP/1.1" 200 35471
186.155.8.227 - - [19/Mar/2023:21:36:49 -0500] "POST /sipse/faces/presentacion/financiero/solicitudProceso/consultar.xhtml HTTP/1.1" 200 35471
186.155.8.227 - - [19/Mar/2023:21:36:49 -0500] "POST /sipse/faces/presentacion/financiero/solicitudProceso/consultar.xhtml HTTP/1.1" 200 35471
186.155.8.227 - - [19/Mar/2023:21:36:49 -0500] "POST /sipse/faces/presentacion/financiero/solicitudProceso/consultar.xhtml HTTP/1.1" 200 35471
186.155.8.227 - - [19/Mar/2023:21:36:49 -0500] "POST /sipse/faces/presentacion/financiero/solicitudProceso/consultar.xhtml HTTP/1.1" 200 35471
186.155.8.227 - - [19/Mar/2023:21:36:49 -0500] "POST /sipse/faces/presentacion/financiero/solicitudProceso/consultar.xhtml HTTP/1.1" 200 35471
172.22.2.4 - - [19/Mar/2023:21:37:00 -0500] "GET /BLA/boletinlegal/Circulares/2019/.pdf HTTP/1.1" 404 1218
186.155.8.227 - - [19/Mar/2023:21:37:02 -0500] "POST /sipse/faces/presentacion/financiero/solicitudProceso/consultar.xhtml HTTP/1.1" 200 12921
186.155.8.227 - - [19/Mar/2023:21:37:07 -0500] "POST /sipse/faces/presentacion/financiero/solicitudProceso/consultar.xhtml HTTP/1.1" 200 170654
186.155.8.227 - - [19/Mar/2023:21:37:08 -0500] "GET /sipse/faces/javax.faces.resource/theme.css?ln=primefaces-sipse HTTP/1.1" 304 -
186.155.8.227 - - [19/Mar/2023:21:37:08 -0500] "GET /sipse/faces/javax.faces.resource/primefaces.css?ln=primefaces&v=4.0 HTTP/1.1" 304 -
186.155.8.227 - - [19/Mar/2023:21:37:08 -0500] "GET /sipse/faces/javax.faces.resource/layout/layout.css?ln=primefaces&v=4.0 HTTP/1.1" 304 -
186.155.8.227 - - [19/Mar/2023:21:37:08 -0500] "GET /sipse/faces/javax.faces.resource/jquery/jquery.js?ln=primefaces&v=4.0 HTTP/1.1" 304 -
186.155.8.227 - - [19/Mar/2023:21:37:08 -0500] "GET /sipse/faces/javax.faces.resource/jquery/jquery-plugins.js?ln=primefaces&v=4.0 HTTP/1.1" 304 -
186.155.8.227 - - [19/Mar/2023:21:37:08 -0500] "GET /sipse/faces/javax.faces.resource/primefaces.js?ln=primefaces&v=4.0 HTTP/1.1" 304 -
186.155.8.227 - - [19/Mar/2023:21:37:08 -0500] "GET /sipse/faces/javax.faces.resource/layout/layout.js?ln=primefaces&v=4.0 HTTP/1.1" 304 -
186.155.8.227 - - [19/Mar/2023:21:37:08 -0500] "GET /sipse/faces/javax.faces.resource/dynamiccontent.properties?ln=primefaces&pfdrid=XjOR5%2F%2FfPAZAuY9TpWQeCiM0BhlXxYRBGKi%2FQcXXfeA%3D&pfdrid_c=false HTTP/1.1" 500 383
172.22.2.4 - - [19/Mar/2023:21:37:09 -0500] "GET /BLA/boletinlegal/Circulares/2012/Circular%20No.%2010%20del%2026%20de%20Enero%20de%202012.pdf HTTP/1.1" 404 1218
186.155.8.227 - - [19/Mar/2023:21:37:20 -0500] "POST /sipse/faces/presentacion/financiero/solicitudProceso/consultarSolicitudProceso.xhtml HTTP/1.1" 200 160140
52.167.144.149 - - [19/Mar/2023:21:37:35 -0500] "GET /galeria/carrusel/Carrusel/jquery.thumbnailScroller.js HTTP/1.1" 200 8157
192.168.175.240 - - [19/Mar/2023:21:37:40 -0500] "GET / HTTP/1.1" 200 4720
52.167.144.167 - - [19/Mar/2023:21:37:54 -0500] "GET /galeria/carrusel/Carrusel/jquery-ui-1.8.13.custom.min.js HTTP/1.1" 200 10800
201.245.192.253 - - [19/Mar/2023:21:37:56 -0500] "POST /kwsrmcab/Wsrmcab  HTTP/1.1" 200 42239
40.77.167.211 - - [19/Mar/2023:21:38:17 -0500] "GET /galeria/carrusel/Carrusel/jquery.thumbnailScroller.css HTTP/1.1" 200 2066
40.77.167.211 - - [19/Mar/2023:21:38:17 -0500] "GET /galeria/nivo-slider/demo/banner.html HTTP/1.1" 200 5446
172.22.2.4 - - [19/Mar/2023:21:36:42 -0500] "HEAD /BLA/boletinlegal/ HTTP/1.1" 200 -
192.168.175.240 - - [19/Mar/2023:21:38:40 -0500] "GET / HTTP/1.1" 200 4720
172.22.2.4 - - [19/Mar/2023:21:37:33 -0500] "GET /BLA/boletinlegal/ HTTP/1.1" 200 53104
192.168.175.240 - - [19/Mar/2023:21:39:40 -0500] "GET / HTTP/1.1" 200 4720
201.245.192.253 - - [19/Mar/2023:21:40:36 -0500] "POST /kwsrmcab/Wsrmcab HTTP/1.1" 200 41338
192.168.175.240 - - [19/Mar/2023:21:40:40 -0500] "GET / HTTP/1.1" 200 4720
201.245.192.253 - - [19/Mar/2023:21:40:39 -0500] "POST /kwsrmcab/Wsrmcab HTTP/1.1" 200 43764
216.245.221.92 - - [19/Mar/2023:21:41:34 -0500] "HEAD / HTTP/1.1" 200 -
192.168.175.240 - - [19/Mar/2023:21:41:40 -0500] "GET / HTTP/1.1" 200 4720
192.168.175.240 - - [19/Mar/2023:21:42:40 -0500] "GET / HTTP/1.1" 200 4720
201.245.192.253 - - [19/Mar/2023:21:42:56 -0500] "POST /kwsrmcab/Wsrmcab  HTTP/1.1" 200 42239
192.168.175.240 - - [19/Mar/2023:21:43:40 -0500] "GET / HTTP/1.1" 200 4720
172.22.2.4 - - [19/Mar/2023:21:42:32 -0500] "HEAD /BLA/boletinlegal/ HTTP/1.1" 200 -
192.168.175.240 - - [19/Mar/2023:21:44:40 -0500] "GET / HTTP/1.1" 200 4720
172.22.2.4 - - [19/Mar/2023:21:43:23 -0500] "GET /BLA/boletinlegal/ HTTP/1.1" 200 57551
192.168.175.240 - - [19/Mar/2023:21:45:40 -0500] "GET / HTTP/1.1" 200 4720
186.155.8.227 - - [19/Mar/2023:21:45:46 -0500] "POST /sipse/faces/presentacion/financiero/solicitudProceso/consultarSolicitudProceso.xhtml HTTP/1.1" 200 42157
186.155.8.227 - - [19/Mar/2023:21:45:46 -0500] "GET /sipse/faces/javax.faces.resource/theme.css?ln=primefaces-sipse HTTP/1.1" 304 -
186.155.8.227 - - [19/Mar/2023:21:45:46 -0500] "GET /sipse/faces/javax.faces.resource/layout/layout.css?ln=primefaces&v=4.0 HTTP/1.1" 304 -
186.155.8.227 - - [19/Mar/2023:21:45:46 -0500] "GET /sipse/faces/javax.faces.resource/primefaces.css?ln=primefaces&v=4.0 HTTP/1.1" 304 -
186.155.8.227 - - [19/Mar/2023:21:45:46 -0500] "GET /sipse/faces/javax.faces.resource/jquery/jquery.js?ln=primefaces&v=4.0 HTTP/1.1" 304 -
186.155.8.227 - - [19/Mar/2023:21:45:46 -0500] "GET /sipse/faces/javax.faces.resource/jquery/jquery-plugins.js?ln=primefaces&v=4.0 HTTP/1.1" 304 -
186.155.8.227 - - [19/Mar/2023:21:45:46 -0500] "GET /sipse/faces/javax.faces.resource/primefaces.js?ln=primefaces&v=4.0 HTTP/1.1" 304 -
186.155.8.227 - - [19/Mar/2023:21:45:46 -0500] "GET /sipse/faces/javax.faces.resource/layout/layout.js?ln=primefaces&v=4.0 HTTP/1.1" 304 -
186.155.8.227 - - [19/Mar/2023:21:45:46 -0500] "POST /sipse/faces/presentacion/financiero/solicitudProceso/consultar.xhtml HTTP/1.1" 200 35525
186.155.8.227 - - [19/Mar/2023:21:45:46 -0500] "POST /sipse/faces/presentacion/financiero/solicitudProceso/consultar.xhtml HTTP/1.1" 200 35525
186.155.8.227 - - [19/Mar/2023:21:45:47 -0500] "POST /sipse/faces/presentacion/financiero/solicitudProceso/consultar.xhtml HTTP/1.1" 200 35525
186.155.8.227 - - [19/Mar/2023:21:45:47 -0500] "POST /sipse/faces/presentacion/financiero/solicitudProceso/consultar.xhtml HTTP/1.1" 200 35525
186.155.8.227 - - [19/Mar/2023:21:45:47 -0500] "POST /sipse/faces/presentacion/financiero/solicitudProceso/consultar.xhtml HTTP/1.1" 200 35525
186.155.8.227 - - [19/Mar/2023:21:45:47 -0500] "POST /sipse/faces/presentacion/financiero/solicitudProceso/consultar.xhtml HTTP/1.1" 200 35525
186.155.8.227 - - [19/Mar/2023:21:45:47 -0500] "POST /sipse/faces/presentacion/financiero/solicitudProceso/consultar.xhtml HTTP/1.1" 200 35525
186.155.8.227 - - [19/Mar/2023:21:45:48 -0500] "POST /sipse/faces/presentacion/financiero/solicitudProceso/consultar.xhtml HTTP/1.1" 200 35525
186.155.8.227 - - [19/Mar/2023:21:45:48 -0500] "POST /sipse/faces/presentacion/financiero/solicitudProceso/consultar.xhtml HTTP/1.1" 200 35525
186.155.8.227 - - [19/Mar/2023:21:45:48 -0500] "POST /sipse/faces/presentacion/financiero/solicitudProceso/consultar.xhtml HTTP/1.1" 200 35525
186.155.8.227 - - [19/Mar/2023:21:45:48 -0500] "POST /sipse/faces/presentacion/financiero/solicitudProceso/consultar.xhtml HTTP/1.1" 200 35525
186.155.8.227 - - [19/Mar/2023:21:45:48 -0500] "POST /sipse/faces/presentacion/financiero/solicitudProceso/consultar.xhtml HTTP/1.1" 200 35525
186.155.8.227 - - [19/Mar/2023:21:45:48 -0500] "POST /sipse/faces/presentacion/financiero/solicitudProceso/consultar.xhtml HTTP/1.1" 200 35525
