201.244.229.212 - - [19/Mar/2023:19:12:50 -0500] "POST /sipse/faces/presentacion/financiero/solicitudProceso/consultar.xhtml HTTP/1.1" 200 34362
201.244.229.212 - - [19/Mar/2023:19:12:50 -0500] "POST /sipse/faces/presentacion/financiero/solicitudProceso/consultar.xhtml HTTP/1.1" 200 34362
201.244.229.212 - - [19/Mar/2023:19:12:51 -0500] "POST /sipse/faces/presentacion/financiero/solicitudProceso/consultar.xhtml HTTP/1.1" 200 34362
201.244.229.212 - - [19/Mar/2023:19:12:51 -0500] "POST /sipse/faces/presentacion/financiero/solicitudProceso/consultar.xhtml HTTP/1.1" 200 34362
201.244.229.212 - - [19/Mar/2023:19:12:51 -0500] "POST /sipse/faces/presentacion/financiero/solicitudProceso/consultar.xhtml HTTP/1.1" 200 34362
201.244.229.212 - - [19/Mar/2023:19:12:51 -0500] "POST /sipse/faces/presentacion/financiero/solicitudProceso/consultar.xhtml HTTP/1.1" 200 34362
201.244.229.212 - - [19/Mar/2023:19:12:57 -0500] "POST /sipse/faces/presentacion/financiero/solicitudProceso/consultar.xhtml HTTP/1.1" 200 13041
201.244.229.212 - - [19/Mar/2023:19:13:03 -0500] "POST /sipse/faces/presentacion/financiero/solicitudProceso/consultar.xhtml HTTP/1.1" 200 150204
201.244.229.212 - - [19/Mar/2023:19:13:04 -0500] "GET /sipse/faces/javax.faces.resource/theme.css?ln=primefaces-sipse HTTP/1.1" 304 -
201.244.229.212 - - [19/Mar/2023:19:13:04 -0500] "GET /sipse/faces/javax.faces.resource/primefaces.css?ln=primefaces&v=4.0 HTTP/1.1" 304 -
201.244.229.212 - - [19/Mar/2023:19:13:04 -0500] "GET /sipse/faces/javax.faces.resource/layout/layout.css?ln=primefaces&v=4.0 HTTP/1.1" 304 -
201.244.229.212 - - [19/Mar/2023:19:13:05 -0500] "GET /sipse/faces/javax.faces.resource/jquery/jquery.js?ln=primefaces&v=4.0 HTTP/1.1" 304 -
201.244.229.212 - - [19/Mar/2023:19:13:05 -0500] "GET /sipse/faces/javax.faces.resource/jquery/jquery-plugins.js?ln=primefaces&v=4.0 HTTP/1.1" 304 -
201.244.229.212 - - [19/Mar/2023:19:13:05 -0500] "GET /sipse/faces/javax.faces.resource/primefaces.js?ln=primefaces&v=4.0 HTTP/1.1" 304 -
201.244.229.212 - - [19/Mar/2023:19:13:05 -0500] "GET /sipse/faces/javax.faces.resource/layout/layout.js?ln=primefaces&v=4.0 HTTP/1.1" 304 -
172.22.2.4 - - [19/Mar/2023:19:13:08 -0500] "GET /BLA/boletinlegal/actos.php HTTP/1.1" 200 9672
157.55.39.206 - - [19/Mar/2023:19:13:21 -0500] "GET /distrito-inicia-pavimentacion-de-vias-para-mejorar-la-calidad-del-aire-de-bogota.html HTTP/1.1" 304 -
201.245.192.253 - - [19/Mar/2023:19:13:29 -0500] "POST /kwsrmcab/Wsrmcab  HTTP/1.1" 200 42239
216.245.221.92 - - [19/Mar/2023:19:13:36 -0500] "HEAD / HTTP/1.1" 200 -
192.168.175.240 - - [19/Mar/2023:19:13:39 -0500] "GET / HTTP/1.1" 200 4720
192.168.175.240 - - [19/Mar/2023:19:14:39 -0500] "GET / HTTP/1.1" 200 4720
172.22.2.4 - - [19/Mar/2023:19:14:44 -0500] "GET /BLA/boletinlegal/actos.php HTTP/1.1" 200 9672
201.244.229.212 - - [19/Mar/2023:19:15:12 -0500] "POST /sipse/faces/presentacion/financiero/solicitudProceso/consultarSolicitudProceso.xhtml HTTP/1.1" 200 41069
201.244.229.212 - - [19/Mar/2023:19:15:13 -0500] "GET /sipse/faces/javax.faces.resource/theme.css?ln=primefaces-sipse HTTP/1.1" 304 -
201.244.229.212 - - [19/Mar/2023:19:15:13 -0500] "GET /sipse/faces/javax.faces.resource/primefaces.css?ln=primefaces&v=4.0 HTTP/1.1" 304 -
201.244.229.212 - - [19/Mar/2023:19:15:13 -0500] "GET /sipse/faces/javax.faces.resource/layout/layout.css?ln=primefaces&v=4.0 HTTP/1.1" 304 -
201.244.229.212 - - [19/Mar/2023:19:15:13 -0500] "GET /sipse/faces/javax.faces.resource/jquery/jquery.js?ln=primefaces&v=4.0 HTTP/1.1" 304 -
201.244.229.212 - - [19/Mar/2023:19:15:13 -0500] "GET /sipse/faces/javax.faces.resource/jquery/jquery-plugins.js?ln=primefaces&v=4.0 HTTP/1.1" 304 -
201.244.229.212 - - [19/Mar/2023:19:15:13 -0500] "GET /sipse/faces/javax.faces.resource/primefaces.js?ln=primefaces&v=4.0 HTTP/1.1" 304 -
201.244.229.212 - - [19/Mar/2023:19:15:13 -0500] "GET /sipse/faces/javax.faces.resource/layout/layout.js?ln=primefaces&v=4.0 HTTP/1.1" 304 -
201.244.229.212 - - [19/Mar/2023:19:15:13 -0500] "POST /sipse/faces/presentacion/financiero/solicitudProceso/consultar.xhtml HTTP/1.1" 200 34436
201.244.229.212 - - [19/Mar/2023:19:15:13 -0500] "POST /sipse/faces/presentacion/financiero/solicitudProceso/consultar.xhtml HTTP/1.1" 200 34436
201.244.229.212 - - [19/Mar/2023:19:15:14 -0500] "POST /sipse/faces/presentacion/financiero/solicitudProceso/consultar.xhtml HTTP/1.1" 200 34436
201.244.229.212 - - [19/Mar/2023:19:15:14 -0500] "POST /sipse/faces/presentacion/financiero/solicitudProceso/consultar.xhtml HTTP/1.1" 200 34436
201.244.229.212 - - [19/Mar/2023:19:15:14 -0500] "POST /sipse/faces/presentacion/financiero/solicitudProceso/consultar.xhtml HTTP/1.1" 200 34436
201.244.229.212 - - [19/Mar/2023:19:15:14 -0500] "POST /sipse/faces/presentacion/financiero/solicitudProceso/consultar.xhtml HTTP/1.1" 200 34436
201.244.229.212 - - [19/Mar/2023:19:15:15 -0500] "POST /sipse/faces/presentacion/financiero/solicitudProceso/consultar.xhtml HTTP/1.1" 200 34436
201.244.229.212 - - [19/Mar/2023:19:15:15 -0500] "POST /sipse/faces/presentacion/financiero/solicitudProceso/consultar.xhtml HTTP/1.1" 200 34436
201.244.229.212 - - [19/Mar/2023:19:15:15 -0500] "POST /sipse/faces/presentacion/financiero/solicitudProceso/consultar.xhtml HTTP/1.1" 200 34436
201.244.229.212 - - [19/Mar/2023:19:15:16 -0500] "POST /sipse/faces/presentacion/financiero/solicitudProceso/consultar.xhtml HTTP/1.1" 200 34436
201.244.229.212 - - [19/Mar/2023:19:15:16 -0500] "POST /sipse/faces/presentacion/financiero/solicitudProceso/consultar.xhtml HTTP/1.1" 200 34436
201.244.229.212 - - [19/Mar/2023:19:15:16 -0500] "POST /sipse/faces/presentacion/financiero/solicitudProceso/consultar.xhtml HTTP/1.1" 200 34436
172.22.2.4 - - [19/Mar/2023:19:13:37 -0500] "HEAD /BLA/boletinlegal/ HTTP/1.1" 200 -
201.244.229.212 - - [19/Mar/2023:19:15:16 -0500] "POST /sipse/faces/presentacion/financiero/solicitudProceso/consultar.xhtml HTTP/1.1" 200 34436
201.244.229.212 - - [19/Mar/2023:19:15:17 -0500] "POST /sipse/faces/presentacion/financiero/solicitudProceso/consultar.xhtml HTTP/1.1" 200 34436
201.244.229.212 - - [19/Mar/2023:19:15:17 -0500] "POST /sipse/faces/presentacion/financiero/solicitudProceso/consultar.xhtml HTTP/1.1" 200 34436
201.244.229.212 - - [19/Mar/2023:19:15:17 -0500] "POST /sipse/faces/presentacion/financiero/solicitudProceso/consultar.xhtml HTTP/1.1" 200 34436
201.244.229.212 - - [19/Mar/2023:19:15:18 -0500] "POST /sipse/faces/presentacion/financiero/solicitudProceso/consultar.xhtml HTTP/1.1" 200 34436
201.244.229.212 - - [19/Mar/2023:19:15:18 -0500] "POST /sipse/faces/presentacion/financiero/solicitudProceso/consultar.xhtml HTTP/1.1" 200 34436
201.244.229.212 - - [19/Mar/2023:19:15:18 -0500] "POST /sipse/faces/presentacion/financiero/solicitudProceso/consultar.xhtml HTTP/1.1" 200 34436
201.244.229.212 - - [19/Mar/2023:19:15:18 -0500] "POST /sipse/faces/presentacion/financiero/solicitudProceso/consultar.xhtml HTTP/1.1" 200 34436
201.244.229.212 - - [19/Mar/2023:19:15:19 -0500] "POST /sipse/faces/presentacion/financiero/solicitudProceso/consultar.xhtml HTTP/1.1" 200 34436
201.244.229.212 - - [19/Mar/2023:19:15:19 -0500] "POST /sipse/faces/presentacion/financiero/solicitudProceso/consultar.xhtml HTTP/1.1" 200 34436
201.244.229.212 - - [19/Mar/2023:19:15:19 -0500] "POST /sipse/faces/presentacion/financiero/solicitudProceso/consultar.xhtml HTTP/1.1" 200 34436
201.244.229.212 - - [19/Mar/2023:19:15:19 -0500] "POST /sipse/faces/presentacion/financiero/solicitudProceso/consultar.xhtml HTTP/1.1" 200 34436
201.244.229.212 - - [19/Mar/2023:19:15:20 -0500] "POST /sipse/faces/presentacion/financiero/solicitudProceso/consultar.xhtml HTTP/1.1" 200 34436
201.244.229.212 - - [19/Mar/2023:19:15:20 -0500] "POST /sipse/faces/presentacion/financiero/solicitudProceso/consultar.xhtml HTTP/1.1" 200 34436
201.244.229.212 - - [19/Mar/2023:19:15:20 -0500] "POST /sipse/faces/presentacion/financiero/solicitudProceso/consultar.xhtml HTTP/1.1" 200 34436
201.244.229.212 - - [19/Mar/2023:19:15:20 -0500] "POST /sipse/faces/presentacion/financiero/solicitudProceso/consultar.xhtml HTTP/1.1" 200 34436
201.244.229.212 - - [19/Mar/2023:19:15:21 -0500] "POST /sipse/faces/presentacion/financiero/solicitudProceso/consultar.xhtml HTTP/1.1" 200 34436
201.244.229.212 - - [19/Mar/2023:19:15:21 -0500] "POST /sipse/faces/presentacion/financiero/solicitudProceso/consultar.xhtml HTTP/1.1" 200 34436
201.244.229.212 - - [19/Mar/2023:19:15:21 -0500] "POST /sipse/faces/presentacion/financiero/solicitudProceso/consultar.xhtml HTTP/1.1" 200 34436
201.244.229.212 - - [19/Mar/2023:19:15:22 -0500] "POST /sipse/faces/presentacion/financiero/solicitudProceso/consultar.xhtml HTTP/1.1" 200 34436
201.244.229.212 - - [19/Mar/2023:19:15:22 -0500] "POST /sipse/faces/presentacion/financiero/solicitudProceso/consultar.xhtml HTTP/1.1" 200 34436
201.244.229.212 - - [19/Mar/2023:19:15:22 -0500] "POST /sipse/faces/presentacion/financiero/solicitudProceso/consultar.xhtml HTTP/1.1" 200 34436
201.244.229.212 - - [19/Mar/2023:19:15:22 -0500] "POST /sipse/faces/presentacion/financiero/solicitudProceso/consultar.xhtml HTTP/1.1" 200 34436
201.244.229.212 - - [19/Mar/2023:19:15:23 -0500] "POST /sipse/faces/presentacion/financiero/solicitudProceso/consultar.xhtml HTTP/1.1" 200 34436
201.244.229.212 - - [19/Mar/2023:19:15:23 -0500] "POST /sipse/faces/presentacion/financiero/solicitudProceso/consultar.xhtml HTTP/1.1" 200 34436
201.244.229.212 - - [19/Mar/2023:19:15:23 -0500] "POST /sipse/faces/presentacion/financiero/solicitudProceso/consultar.xhtml HTTP/1.1" 200 34436
201.244.229.212 - - [19/Mar/2023:19:15:23 -0500] "POST /sipse/faces/presentacion/financiero/solicitudProceso/consultar.xhtml HTTP/1.1" 200 34436
201.244.229.212 - - [19/Mar/2023:19:15:24 -0500] "POST /sipse/faces/presentacion/financiero/solicitudProceso/consultar.xhtml HTTP/1.1" 200 34436
201.244.229.212 - - [19/Mar/2023:19:15:24 -0500] "POST /sipse/faces/presentacion/financiero/solicitudProceso/consultar.xhtml HTTP/1.1" 200 34436
201.244.229.212 - - [19/Mar/2023:19:15:24 -0500] "POST /sipse/faces/presentacion/financiero/solicitudProceso/consultar.xhtml HTTP/1.1" 200 34436
201.244.229.212 - - [19/Mar/2023:19:15:24 -0500] "POST /sipse/faces/presentacion/financiero/solicitudProceso/consultar.xhtml HTTP/1.1" 200 34436
201.244.229.212 - - [19/Mar/2023:19:15:25 -0500] "POST /sipse/faces/presentacion/financiero/solicitudProceso/consultar.xhtml HTTP/1.1" 200 34436
201.244.229.212 - - [19/Mar/2023:19:15:25 -0500] "POST /sipse/faces/presentacion/financiero/solicitudProceso/consultar.xhtml HTTP/1.1" 200 34436
201.244.229.212 - - [19/Mar/2023:19:15:25 -0500] "POST /sipse/faces/presentacion/financiero/solicitudProceso/consultar.xhtml HTTP/1.1" 200 34436
201.244.229.212 - - [19/Mar/2023:19:15:26 -0500] "POST /sipse/faces/presentacion/financiero/solicitudProceso/consultar.xhtml HTTP/1.1" 200 34436
201.244.229.212 - - [19/Mar/2023:19:15:26 -0500] "POST /sipse/faces/presentacion/financiero/solicitudProceso/consultar.xhtml HTTP/1.1" 200 34436
201.244.229.212 - - [19/Mar/2023:19:15:26 -0500] "POST /sipse/faces/presentacion/financiero/solicitudProceso/consultar.xhtml HTTP/1.1" 200 34436
201.244.229.212 - - [19/Mar/2023:19:15:26 -0500] "POST /sipse/faces/presentacion/financiero/solicitudProceso/consultar.xhtml HTTP/1.1" 200 34436
201.244.229.212 - - [19/Mar/2023:19:15:27 -0500] "POST /sipse/faces/presentacion/financiero/solicitudProceso/consultar.xhtml HTTP/1.1" 200 34436
201.244.229.212 - - [19/Mar/2023:19:15:27 -0500] "POST /sipse/faces/presentacion/financiero/solicitudProceso/consultar.xhtml HTTP/1.1" 200 34436
201.244.229.212 - - [19/Mar/2023:19:15:35 -0500] "POST /sipse/faces/presentacion/financiero/solicitudProceso/consultar.xhtml HTTP/1.1" 200 13041
192.168.175.240 - - [19/Mar/2023:19:15:39 -0500] "GET / HTTP/1.1" 200 4720
201.244.229.212 - - [19/Mar/2023:19:15:41 -0500] "POST /sipse/faces/presentacion/financiero/solicitudProceso/consultar.xhtml HTTP/1.1" 200 144754
201.244.229.212 - - [19/Mar/2023:19:15:42 -0500] "GET /sipse/faces/javax.faces.resource/theme.css?ln=primefaces-sipse HTTP/1.1" 304 -
201.244.229.212 - - [19/Mar/2023:19:15:42 -0500] "GET /sipse/faces/javax.faces.resource/primefaces.css?ln=primefaces&v=4.0 HTTP/1.1" 304 -
201.244.229.212 - - [19/Mar/2023:19:15:42 -0500] "GET /sipse/faces/javax.faces.resource/layout/layout.css?ln=primefaces&v=4.0 HTTP/1.1" 304 -
201.244.229.212 - - [19/Mar/2023:19:15:42 -0500] "GET /sipse/faces/javax.faces.resource/jquery/jquery.js?ln=primefaces&v=4.0 HTTP/1.1" 304 -
201.244.229.212 - - [19/Mar/2023:19:15:42 -0500] "GET /sipse/faces/javax.faces.resource/jquery/jquery-plugins.js?ln=primefaces&v=4.0 HTTP/1.1" 304 -
201.244.229.212 - - [19/Mar/2023:19:15:42 -0500] "GET /sipse/faces/javax.faces.resource/primefaces.js?ln=primefaces&v=4.0 HTTP/1.1" 304 -
201.244.229.212 - - [19/Mar/2023:19:15:42 -0500] "GET /sipse/faces/javax.faces.resource/layout/layout.js?ln=primefaces&v=4.0 HTTP/1.1" 304 -
172.22.2.4 - - [19/Mar/2023:19:14:27 -0500] "GET /BLA/boletinlegal/ HTTP/1.1" 200 53104
192.168.175.240 - - [19/Mar/2023:19:16:39 -0500] "GET / HTTP/1.1" 200 4720
52.167.144.167 - - [19/Mar/2023:19:17:15 -0500] "GET / HTTP/1.1" 200 319
192.168.175.240 - - [19/Mar/2023:19:17:39 -0500] "GET / HTTP/1.1" 200 4720
201.245.192.253 - - [19/Mar/2023:19:18:28 -0500] "POST /kwsrmcab/Wsrmcab  HTTP/1.1" 200 42239
216.245.221.92 - - [19/Mar/2023:19:18:36 -0500] "HEAD / HTTP/1.1" 200 -
192.168.175.240 - - [19/Mar/2023:19:18:39 -0500] "GET / HTTP/1.1" 200 4720
192.168.175.240 - - [19/Mar/2023:19:19:39 -0500] "GET / HTTP/1.1" 200 4720
201.245.192.253 - - [19/Mar/2023:19:20:37 -0500] "POST /kwsrmcab/Wsrmcab HTTP/1.1" 200 42845
192.168.175.240 - - [19/Mar/2023:19:20:39 -0500] "GET / HTTP/1.1" 200 4720
201.245.192.253 - - [19/Mar/2023:19:20:39 -0500] "POST /kwsrmcab/Wsrmcab HTTP/1.1" 200 43771
201.244.229.212 - - [19/Mar/2023:19:20:44 -0500] "POST /sipse/faces/presentacion/financiero/solicitudProceso/consultarSolicitudProceso.xhtml HTTP/1.1" 200 41069
201.244.229.212 - - [19/Mar/2023:19:20:44 -0500] "GET /sipse/faces/javax.faces.resource/theme.css?ln=primefaces-sipse HTTP/1.1" 304 -
201.244.229.212 - - [19/Mar/2023:19:20:44 -0500] "GET /sipse/faces/javax.faces.resource/primefaces.css?ln=primefaces&v=4.0 HTTP/1.1" 304 -
201.244.229.212 - - [19/Mar/2023:19:20:44 -0500] "GET /sipse/faces/javax.faces.resource/layout/layout.css?ln=primefaces&v=4.0 HTTP/1.1" 304 -
201.244.229.212 - - [19/Mar/2023:19:20:44 -0500] "GET /sipse/faces/javax.faces.resource/jquery/jquery.js?ln=primefaces&v=4.0 HTTP/1.1" 304 -
201.244.229.212 - - [19/Mar/2023:19:20:44 -0500] "GET /sipse/faces/javax.faces.resource/jquery/jquery-plugins.js?ln=primefaces&v=4.0 HTTP/1.1" 304 -
201.244.229.212 - - [19/Mar/2023:19:20:44 -0500] "GET /sipse/faces/javax.faces.resource/primefaces.js?ln=primefaces&v=4.0 HTTP/1.1" 304 -
201.244.229.212 - - [19/Mar/2023:19:20:44 -0500] "GET /sipse/faces/javax.faces.resource/layout/layout.js?ln=primefaces&v=4.0 HTTP/1.1" 304 -
201.244.229.212 - - [19/Mar/2023:19:20:45 -0500] "POST /sipse/faces/presentacion/financiero/solicitudProceso/consultar.xhtml HTTP/1.1" 200 34436
201.244.229.212 - - [19/Mar/2023:19:20:45 -0500] "POST /sipse/faces/presentacion/financiero/solicitudProceso/consultar.xhtml HTTP/1.1" 200 34436
201.244.229.212 - - [19/Mar/2023:19:20:45 -0500] "POST /sipse/faces/presentacion/financiero/solicitudProceso/consultar.xhtml HTTP/1.1" 200 34436
201.244.229.212 - - [19/Mar/2023:19:20:46 -0500] "POST /sipse/faces/presentacion/financiero/solicitudProceso/consultar.xhtml HTTP/1.1" 200 34436
201.244.229.212 - - [19/Mar/2023:19:20:46 -0500] "POST /sipse/faces/presentacion/financiero/solicitudProceso/consultar.xhtml HTTP/1.1" 200 34436
201.244.229.212 - - [19/Mar/2023:19:20:46 -0500] "POST /sipse/faces/presentacion/financiero/solicitudProceso/consultar.xhtml HTTP/1.1" 200 34436
201.244.229.212 - - [19/Mar/2023:19:20:47 -0500] "POST /sipse/faces/presentacion/financiero/solicitudProceso/consultar.xhtml HTTP/1.1" 200 34436
201.244.229.212 - - [19/Mar/2023:19:20:47 -0500] "POST /sipse/faces/presentacion/financiero/solicitudProceso/consultar.xhtml HTTP/1.1" 200 34436
201.244.229.212 - - [19/Mar/2023:19:20:47 -0500] "POST /sipse/faces/presentacion/financiero/solicitudProceso/consultar.xhtml HTTP/1.1" 200 34436
201.244.229.212 - - [19/Mar/2023:19:20:47 -0500] "POST /sipse/faces/presentacion/financiero/solicitudProceso/consultar.xhtml HTTP/1.1" 200 34436
201.244.229.212 - - [19/Mar/2023:19:20:48 -0500] "POST /sipse/faces/presentacion/financiero/solicitudProceso/consultar.xhtml HTTP/1.1" 200 34436
201.244.229.212 - - [19/Mar/2023:19:20:48 -0500] "POST /sipse/faces/presentacion/financiero/solicitudProceso/consultar.xhtml HTTP/1.1" 200 34436
201.244.229.212 - - [19/Mar/2023:19:20:48 -0500] "POST /sipse/faces/presentacion/financiero/solicitudProceso/consultar.xhtml HTTP/1.1" 200 34436
201.244.229.212 - - [19/Mar/2023:19:20:48 -0500] "POST /sipse/faces/presentacion/financiero/solicitudProceso/consultar.xhtml HTTP/1.1" 200 34436
201.244.229.212 - - [19/Mar/2023:19:20:49 -0500] "POST /sipse/faces/presentacion/financiero/solicitudProceso/consultar.xhtml HTTP/1.1" 200 34436
201.244.229.212 - - [19/Mar/2023:19:20:49 -0500] "POST /sipse/faces/presentacion/financiero/solicitudProceso/consultar.xhtml HTTP/1.1" 200 34436
201.244.229.212 - - [19/Mar/2023:19:20:49 -0500] "POST /sipse/faces/presentacion/financiero/solicitudProceso/consultar.xhtml HTTP/1.1" 200 34436
201.244.229.212 - - [19/Mar/2023:19:20:49 -0500] "POST /sipse/faces/presentacion/financiero/solicitudProceso/consultar.xhtml HTTP/1.1" 200 34436
201.244.229.212 - - [19/Mar/2023:19:20:50 -0500] "POST /sipse/faces/presentacion/financiero/solicitudProceso/consultar.xhtml HTTP/1.1" 200 34436
201.244.229.212 - - [19/Mar/2023:19:20:50 -0500] "POST /sipse/faces/presentacion/financiero/solicitudProceso/consultar.xhtml HTTP/1.1" 200 34436
201.244.229.212 - - [19/Mar/2023:19:20:50 -0500] "POST /sipse/faces/presentacion/financiero/solicitudProceso/consultar.xhtml HTTP/1.1" 200 34436
201.244.229.212 - - [19/Mar/2023:19:20:51 -0500] "POST /sipse/faces/presentacion/financiero/solicitudProceso/consultar.xhtml HTTP/1.1" 200 34436
201.244.229.212 - - [19/Mar/2023:19:20:51 -0500] "POST /sipse/faces/presentacion/financiero/solicitudProceso/consultar.xhtml HTTP/1.1" 200 34436
201.244.229.212 - - [19/Mar/2023:19:20:51 -0500] "POST /sipse/faces/presentacion/financiero/solicitudProceso/consultar.xhtml HTTP/1.1" 200 34436
201.244.229.212 - - [19/Mar/2023:19:20:51 -0500] "POST /sipse/faces/presentacion/financiero/solicitudProceso/consultar.xhtml HTTP/1.1" 200 34436
201.244.229.212 - - [19/Mar/2023:19:20:52 -0500] "POST /sipse/faces/presentacion/financiero/solicitudProceso/consultar.xhtml HTTP/1.1" 200 34436
201.244.229.212 - - [19/Mar/2023:19:20:52 -0500] "POST /sipse/faces/presentacion/financiero/solicitudProceso/consultar.xhtml HTTP/1.1" 200 34436
201.244.229.212 - - [19/Mar/2023:19:20:52 -0500] "POST /sipse/faces/presentacion/financiero/solicitudProceso/consultar.xhtml HTTP/1.1" 200 34436
201.244.229.212 - - [19/Mar/2023:19:20:53 -0500] "POST /sipse/faces/presentacion/financiero/solicitudProceso/consultar.xhtml HTTP/1.1" 200 34436
201.244.229.212 - - [19/Mar/2023:19:20:53 -0500] "POST /sipse/faces/presentacion/financiero/solicitudProceso/consultar.xhtml HTTP/1.1" 200 34436
201.244.229.212 - - [19/Mar/2023:19:20:53 -0500] "POST /sipse/faces/presentacion/financiero/solicitudProceso/consultar.xhtml HTTP/1.1" 200 34436
201.244.229.212 - - [19/Mar/2023:19:20:54 -0500] "POST /sipse/faces/presentacion/financiero/solicitudProceso/consultar.xhtml HTTP/1.1" 200 34436
201.244.229.212 - - [19/Mar/2023:19:20:54 -0500] "POST /sipse/faces/presentacion/financiero/solicitudProceso/consultar.xhtml HTTP/1.1" 200 34436
201.244.229.212 - - [19/Mar/2023:19:20:54 -0500] "POST /sipse/faces/presentacion/financiero/solicitudProceso/consultar.xhtml HTTP/1.1" 200 34436
201.244.229.212 - - [19/Mar/2023:19:20:55 -0500] "POST /sipse/faces/presentacion/financiero/solicitudProceso/consultar.xhtml HTTP/1.1" 200 34436
201.244.229.212 - - [19/Mar/2023:19:20:55 -0500] "POST /sipse/faces/presentacion/financiero/solicitudProceso/consultar.xhtml HTTP/1.1" 200 34436
201.244.229.212 - - [19/Mar/2023:19:20:55 -0500] "POST /sipse/faces/presentacion/financiero/solicitudProceso/consultar.xhtml HTTP/1.1" 200 34436
201.244.229.212 - - [19/Mar/2023:19:20:55 -0500] "POST /sipse/faces/presentacion/financiero/solicitudProceso/consultar.xhtml HTTP/1.1" 200 34436
201.244.229.212 - - [19/Mar/2023:19:20:56 -0500] "POST /sipse/faces/presentacion/financiero/solicitudProceso/consultar.xhtml HTTP/1.1" 200 34436
201.244.229.212 - - [19/Mar/2023:19:20:56 -0500] "POST /sipse/faces/presentacion/financiero/solicitudProceso/consultar.xhtml HTTP/1.1" 200 34436
201.244.229.212 - - [19/Mar/2023:19:20:56 -0500] "POST /sipse/faces/presentacion/financiero/solicitudProceso/consultar.xhtml HTTP/1.1" 200 34436
201.244.229.212 - - [19/Mar/2023:19:20:56 -0500] "POST /sipse/faces/presentacion/financiero/solicitudProceso/consultar.xhtml HTTP/1.1" 200 34436
201.244.229.212 - - [19/Mar/2023:19:20:57 -0500] "POST /sipse/faces/presentacion/financiero/solicitudProceso/consultar.xhtml HTTP/1.1" 200 34436
201.244.229.212 - - [19/Mar/2023:19:20:57 -0500] "POST /sipse/faces/presentacion/financiero/solicitudProceso/consultar.xhtml HTTP/1.1" 200 34436
201.244.229.212 - - [19/Mar/2023:19:20:57 -0500] "POST /sipse/faces/presentacion/financiero/solicitudProceso/consultar.xhtml HTTP/1.1" 200 34436
201.244.229.212 - - [19/Mar/2023:19:20:58 -0500] "POST /sipse/faces/presentacion/financiero/solicitudProceso/consultar.xhtml HTTP/1.1" 200 34436
201.244.229.212 - - [19/Mar/2023:19:20:58 -0500] "POST /sipse/faces/presentacion/financiero/solicitudProceso/consultar.xhtml HTTP/1.1" 200 34436
201.244.229.212 - - [19/Mar/2023:19:20:58 -0500] "POST /sipse/faces/presentacion/financiero/solicitudProceso/consultar.xhtml HTTP/1.1" 200 34436
201.244.229.212 - - [19/Mar/2023:19:20:58 -0500] "POST /sipse/faces/presentacion/financiero/solicitudProceso/consultar.xhtml HTTP/1.1" 200 34436
201.244.229.212 - - [19/Mar/2023:19:20:59 -0500] "POST /sipse/faces/presentacion/financiero/solicitudProceso/consultar.xhtml HTTP/1.1" 200 34436
201.244.229.212 - - [19/Mar/2023:19:20:59 -0500] "POST /sipse/faces/presentacion/financiero/solicitudProceso/consultar.xhtml HTTP/1.1" 200 34436
201.244.229.212 - - [19/Mar/2023:19:20:59 -0500] "POST /sipse/faces/presentacion/financiero/solicitudProceso/consultar.xhtml HTTP/1.1" 200 34436
201.244.229.212 - - [19/Mar/2023:19:21:00 -0500] "POST /sipse/faces/presentacion/financiero/solicitudProceso/consultar.xhtml HTTP/1.1" 200 34436
201.244.229.212 - - [19/Mar/2023:19:21:00 -0500] "POST /sipse/faces/presentacion/financiero/solicitudProceso/consultar.xhtml HTTP/1.1" 200 34436
201.244.229.212 - - [19/Mar/2023:19:21:03 -0500] "POST /sipse/faces/presentacion/financiero/solicitudProceso/consultar.xhtml HTTP/1.1" 200 12896
172.22.2.4 - - [19/Mar/2023:19:19:27 -0500] "HEAD /BLA/boletinlegal/ HTTP/1.1" 200 -
201.244.229.212 - - [19/Mar/2023:19:21:22 -0500] "POST /sipse/faces/presentacion/financiero/solicitudProceso/consultar.xhtml HTTP/1.1" 200 12824
201.244.229.212 - - [19/Mar/2023:19:21:38 -0500] "POST /sipse/faces/presentacion/financiero/solicitudProceso/consultar.xhtml HTTP/1.1" 200 12918
192.168.175.240 - - [19/Mar/2023:19:21:39 -0500] "GET / HTTP/1.1" 200 4720
201.244.229.212 - - [19/Mar/2023:19:21:54 -0500] "POST /sipse/faces/presentacion/financiero/solicitudProceso/consultar.xhtml HTTP/1.1" 200 12850
172.22.2.4 - - [19/Mar/2023:19:20:17 -0500] "GET /BLA/boletinlegal/ HTTP/1.1" 200 55924
201.244.229.212 - - [19/Mar/2023:19:22:11 -0500] "POST /sipse/faces/presentacion/financiero/solicitudProceso/consultar.xhtml HTTP/1.1" 200 12904
168.232.12.206 - - [19/Mar/2023:19:22:19 -0500] "GET / HTTP/1.1" 200 319
161.18.209.11 - - [19/Mar/2023:19:22:23 -0500] "GET /BLA/resoluciones/index.php?dir=AUTOS+2015%2F HTTP/1.1" 200 580256
201.244.229.212 - - [19/Mar/2023:19:22:32 -0500] "POST /sipse/faces/presentacion/financiero/solicitudProceso/consultar.xhtml HTTP/1.1" 200 12903
161.18.209.11 - - [19/Mar/2023:19:22:38 -0500] "GET /BLA/resoluciones/AUTOS%202015/0916.pdf HTTP/1.1" 200 708076
192.168.175.240 - - [19/Mar/2023:19:22:39 -0500] "GET / HTTP/1.1" 200 4720
191.95.58.104 - - [19/Mar/2023:19:22:40 -0500] "GET /mujeres-que-reverdecen-secretaria-de-ambiente-anuncia-el-inicio-de-la-tercera-fase.html HTTP/1.1" 200 954
52.167.144.149 - - [19/Mar/2023:19:22:42 -0500] "GET /BLA/resoluciones/AUTOS%202021/6795.pdf HTTP/1.1" 304 -
201.244.229.212 - - [19/Mar/2023:19:22:58 -0500] "POST /sipse/faces/presentacion/financiero/solicitudProceso/consultar.xhtml HTTP/1.1" 200 13015
173.252.79.21 - - [19/Mar/2023:19:23:05 -0500] "GET /images/calidad-aire-2-marzo-1_optimized.jpeg HTTP/1.1" 200 51562
201.245.192.253 - - [19/Mar/2023:19:23:27 -0500] "POST /kwsrmcab/Wsrmcab  HTTP/1.1" 200 42239
216.245.221.92 - - [19/Mar/2023:19:23:36 -0500] "HEAD / HTTP/1.1" 200 -
192.168.175.240 - - [19/Mar/2023:19:23:39 -0500] "GET / HTTP/1.1" 200 4720
192.168.175.240 - - [19/Mar/2023:19:24:39 -0500] "GET / HTTP/1.1" 200 4720
192.168.175.240 - - [19/Mar/2023:19:25:39 -0500] "GET / HTTP/1.1" 200 4720
186.102.89.189 - - [19/Mar/2023:19:26:07 -0500] "GET /mujeres-que-reverdecen-secretaria-de-ambiente-anuncia-el-inicio-de-la-tercera-fase.html HTTP/1.1" 200 954
74.125.210.165 - - [19/Mar/2023:19:26:18 -0500] "GET /images/jardines-verticales_optimized.jpeg HTTP/1.1" 200 138197
152.200.191.51 - - [19/Mar/2023:19:26:39 -0500] "GET /%C3%82%C2%BFquieres-aprender-sobre-jardines-verticales-esta-es-tu-oportunidad.html HTTP/1.1" 200 925
192.168.175.240 - - [19/Mar/2023:19:26:39 -0500] "GET / HTTP/1.1" 200 4720
172.22.2.4 - - [19/Mar/2023:19:25:17 -0500] "HEAD /BLA/boletinlegal/ HTTP/1.1" 200 -
192.168.175.240 - - [19/Mar/2023:19:27:39 -0500] "GET / HTTP/1.1" 200 4720
172.22.2.4 - - [19/Mar/2023:19:26:07 -0500] "GET /BLA/boletinlegal/ HTTP/1.1" 200 52316
179.43.177.242 - - [19/Mar/2023:19:28:02 -0500] "GET / HTTP/1.1" 200 319
201.245.192.253 - - [19/Mar/2023:19:28:26 -0500] "POST /kwsrmcab/Wsrmcab  HTTP/1.1" 200 42239
216.245.221.92 - - [19/Mar/2023:19:28:36 -0500] "HEAD / HTTP/1.1" 200 -
192.168.175.240 - - [19/Mar/2023:19:28:39 -0500] "GET / HTTP/1.1" 200 4720
161.18.209.11 - - [19/Mar/2023:19:29:20 -0500] "GET /BLA/resoluciones/index.php?dir=AUTOS+2015%2F HTTP/1.1" 200 580256
192.168.175.240 - - [19/Mar/2023:19:29:40 -0500] "GET / HTTP/1.1" 200 4720
201.245.192.253 - - [19/Mar/2023:19:30:37 -0500] "POST /kwsrmcab/Wsrmcab HTTP/1.1" 200 42845
192.168.175.240 - - [19/Mar/2023:19:30:40 -0500] "GET / HTTP/1.1" 200 4720
201.245.192.253 - - [19/Mar/2023:19:30:40 -0500] "POST /kwsrmcab/Wsrmcab HTTP/1.1" 200 43771
181.54.207.158 - - [19/Mar/2023:19:30:48 -0500] "GET /%C3%82%C2%BFquieres-aprender-sobre-jardines-verticales-esta-es-tu-oportunidad.html HTTP/1.1" 200 925
201.184.30.170 - - [19/Mar/2023:19:31:11 -0500] "GET /BLA/resoluciones/AUTOS%202022/5446.pdf HTTP/1.1" 200 774060
192.168.175.240 - - [19/Mar/2023:19:31:40 -0500] "GET / HTTP/1.1" 200 4720
20.15.133.174 - - [19/Mar/2023:19:32:06 -0500] "GET /reporte-calidad-del-aire-martes.html HTTP/1.1" 200 885
192.168.175.240 - - [19/Mar/2023:19:32:40 -0500] "GET / HTTP/1.1" 200 4720
172.22.2.4 - - [19/Mar/2023:19:31:08 -0500] "HEAD /BLA/boletinlegal/ HTTP/1.1" 200 -
116.202.20.140 - - [19/Mar/2023:19:32:54 -0500] "GET / HTTP/1.1" 200 4720
116.202.20.140 - - [19/Mar/2023:19:32:54 -0500] "GET / HTTP/1.1" 200 319
168.119.253.85 - - [19/Mar/2023:19:33:04 -0500] "GET / HTTP/1.1" 200 4720
168.119.253.85 - - [19/Mar/2023:19:33:05 -0500] "GET / HTTP/1.1" 200 319
201.245.192.253 - - [19/Mar/2023:19:33:24 -0500] "POST /kwsrmcab/Wsrmcab  HTTP/1.1" 200 42239
216.245.221.92 - - [19/Mar/2023:19:33:36 -0500] "HEAD / HTTP/1.1" 200 -
172.22.2.4 - - [19/Mar/2023:19:31:58 -0500] "GET /BLA/boletinlegal/ HTTP/1.1" 200 57141
192.168.175.240 - - [19/Mar/2023:19:33:40 -0500] "GET / HTTP/1.1" 200 4720
185.119.81.105 - - [19/Mar/2023:19:33:46 -0500] "GET /portaldeninos/wp-login.php HTTP/1.1" 200 2592
185.119.81.105 - - [19/Mar/2023:19:33:46 -0500] "POST /portaldeninos/wp-login.php HTTP/1.1" 200 3670
52.167.144.142 - - [19/Mar/2023:19:33:52 -0500] "GET /BLA/resoluciones/RESOLUCIONES%202021/5651.pdf HTTP/1.1" 200 401325
201.244.141.117 - - [19/Mar/2023:19:34:15 -0500] "GET /catalogoisis/ HTTP/1.1" 200 8575
201.244.141.117 - - [19/Mar/2023:19:34:15 -0500] "GET /catalogoisis/Css/Busqueda.css HTTP/1.1" 200 1995
201.244.141.117 - - [19/Mar/2023:19:34:15 -0500] "GET /catalogoisis/Js/CriterioCombinada.js HTTP/1.1" 200 1843
201.244.141.117 - - [19/Mar/2023:19:34:15 -0500] "GET /catalogoisis/Js/AceptarLimpiar.js HTTP/1.1" 200 331
201.244.141.117 - - [19/Mar/2023:19:34:15 -0500] "GET /catalogoisis/Js/Go.js HTTP/1.1" 200 364
201.244.141.117 - - [19/Mar/2023:19:34:15 -0500] "GET /catalogoisis/Js/LimpiarCombinada.js HTTP/1.1" 200 207
201.244.141.117 - - [19/Mar/2023:19:34:15 -0500] "GET /catalogoisis/Js/Remote.js HTTP/1.1" 200 436
201.244.141.117 - - [19/Mar/2023:19:34:15 -0500] "GET /catalogoisis/Js/Cookies.js HTTP/1.1" 200 1369
201.244.141.117 - - [19/Mar/2023:19:34:15 -0500] "GET /catalogoisis/Js/Enter.js HTTP/1.1" 200 1208
201.244.141.117 - - [19/Mar/2023:19:34:15 -0500] "GET /catalogoisis/Js/Numero.js HTTP/1.1" 200 398
201.244.141.117 - - [19/Mar/2023:19:34:15 -0500] "GET /catalogoisis/imagenes/br1c1.gif HTTP/1.1" 200 172
201.244.141.117 - - [19/Mar/2023:19:34:15 -0500] "GET /catalogoisis/imagenes/limpiar1.gif HTTP/1.1" 200 606
201.244.141.117 - - [19/Mar/2023:19:34:15 -0500] "GET /catalogoisis/imagenes/Turnbo1.gif HTTP/1.1" 200 227
201.244.141.117 - - [19/Mar/2023:19:34:15 -0500] "GET /catalogoisis/imagenes/aceptar1.gif HTTP/1.1" 200 604
201.244.141.117 - - [19/Mar/2023:19:34:15 -0500] "GET /catalogoisis/imagenes/br1c3.gif HTTP/1.1" 200 302
201.244.141.117 - - [19/Mar/2023:19:34:15 -0500] "GET /catalogoisis/imagenes/br3c1.gif HTTP/1.1" 200 177
201.244.141.117 - - [19/Mar/2023:19:34:15 -0500] "GET /catalogoisis/imagenes/Header.gif HTTP/1.1" 200 30313
201.244.141.117 - - [19/Mar/2023:19:34:15 -0500] "GET /catalogoisis/imagenes/br3c3.gif HTTP/1.1" 200 186
201.244.141.117 - - [19/Mar/2023:19:34:15 -0500] "GET /catalogoisis/imagenes/br2c1.gif HTTP/1.1" 200 297
201.244.141.117 - - [19/Mar/2023:19:34:15 -0500] "GET /catalogoisis/imagenes/br1c2.gif HTTP/1.1" 200 297
201.244.141.117 - - [19/Mar/2023:19:34:15 -0500] "GET /catalogoisis/imagenes/br3c2.gif HTTP/1.1" 200 285
201.244.141.117 - - [19/Mar/2023:19:34:15 -0500] "GET /catalogoisis/imagenes/br2c2.gif HTTP/1.1" 200 302
201.244.141.117 - - [19/Mar/2023:19:34:15 -0500] "GET /catalogoisis/imagenes/br2c3.gif HTTP/1.1" 200 416
201.244.141.117 - - [19/Mar/2023:19:34:15 -0500] "GET /favicon.ico HTTP/1.1" 200 7782
66.249.79.111 - - [19/Mar/2023:19:34:33 -0500] "-" 408 -
192.168.175.240 - - [19/Mar/2023:19:34:40 -0500] "GET / HTTP/1.1" 200 4720
192.168.175.240 - - [19/Mar/2023:19:35:40 -0500] "GET / HTTP/1.1" 200 4720
192.168.175.240 - - [19/Mar/2023:19:36:40 -0500] "GET / HTTP/1.1" 200 4720
192.168.175.240 - - [19/Mar/2023:19:37:40 -0500] "GET / HTTP/1.1" 200 4720
190.157.100.145 - - [19/Mar/2023:19:38:08 -0500] "GET /images/jardines-verticales_optimized.jpeg HTTP/1.1" 200 138197
201.245.192.253 - - [19/Mar/2023:19:38:23 -0500] "POST /kwsrmcab/Wsrmcab  HTTP/1.1" 200 42239
216.245.221.92 - - [19/Mar/2023:19:38:36 -0500] "HEAD / HTTP/1.1" 200 -
172.22.2.4 - - [19/Mar/2023:19:36:58 -0500] "HEAD /BLA/boletinlegal/ HTTP/1.1" 200 -
192.168.175.240 - - [19/Mar/2023:19:38:40 -0500] "GET / HTTP/1.1" 200 4720
172.22.2.4 - - [19/Mar/2023:19:37:48 -0500] "GET /BLA/boletinlegal/ HTTP/1.1" 200 53551
192.168.175.240 - - [19/Mar/2023:19:39:40 -0500] "GET / HTTP/1.1" 200 4720
201.245.192.253 - - [19/Mar/2023:19:40:37 -0500] "POST /kwsrmcab/Wsrmcab HTTP/1.1" 200 42845
192.168.175.240 - - [19/Mar/2023:19:40:40 -0500] "GET / HTTP/1.1" 200 4720
201.245.192.253 - - [19/Mar/2023:19:40:40 -0500] "POST /kwsrmcab/Wsrmcab HTTP/1.1" 200 43771
192.168.175.240 - - [19/Mar/2023:19:41:40 -0500] "GET / HTTP/1.1" 200 4720
52.167.144.149 - - [19/Mar/2023:19:41:55 -0500] "GET /BLA/resoluciones/AUTOS%202022/3469.pdf HTTP/1.1" 200 411203
201.244.141.117 - - [19/Mar/2023:19:42:27 -0500] "GET /catalogoisis/ HTTP/1.1" 200 8575
192.168.175.240 - - [19/Mar/2023:19:42:40 -0500] "GET / HTTP/1.1" 200 4720
201.245.192.253 - - [19/Mar/2023:19:43:21 -0500] "POST /kwsrmcab/Wsrmcab  HTTP/1.1" 200 42239
216.245.221.92 - - [19/Mar/2023:19:43:36 -0500] "HEAD / HTTP/1.1" 200 -
192.168.175.240 - - [19/Mar/2023:19:43:40 -0500] "GET / HTTP/1.1" 200 4720
172.22.2.4 - - [19/Mar/2023:19:42:47 -0500] "HEAD /BLA/boletinlegal/ HTTP/1.1" 200 -
192.168.175.240 - - [19/Mar/2023:19:44:40 -0500] "GET / HTTP/1.1" 200 4720
172.22.2.4 - - [19/Mar/2023:19:43:38 -0500] "GET /BLA/boletinlegal/ HTTP/1.1" 200 57551
192.168.175.240 - - [19/Mar/2023:19:45:40 -0500] "GET / HTTP/1.1" 200 4720
192.168.175.240 - - [19/Mar/2023:19:46:40 -0500] "GET / HTTP/1.1" 200 4720
192.168.175.240 - - [19/Mar/2023:19:47:40 -0500] "GET / HTTP/1.1" 200 4720
201.245.192.253 - - [19/Mar/2023:19:48:16 -0500] "POST /kwsrmcab/Wsrmcab  HTTP/1.1" 200 42239
216.245.221.92 - - [19/Mar/2023:19:48:36 -0500] "HEAD / HTTP/1.1" 200 -
192.168.175.240 - - [19/Mar/2023:19:48:40 -0500] "GET / HTTP/1.1" 200 4720
192.168.175.240 - - [19/Mar/2023:19:49:40 -0500] "GET / HTTP/1.1" 200 4720
172.22.2.4 - - [19/Mar/2023:19:48:38 -0500] "HEAD /BLA/boletinlegal/ HTTP/1.1" 200 -
52.167.144.167 - - [19/Mar/2023:19:50:39 -0500] "GET /Publicaciones/2022EE241164.pdf HTTP/1.1" 404 228
192.168.175.240 - - [19/Mar/2023:19:50:40 -0500] "GET / HTTP/1.1" 200 4720
172.22.2.4 - - [19/Mar/2023:19:49:28 -0500] "GET /BLA/boletinlegal/ HTTP/1.1" 200 57551
213.180.203.2 - - [19/Mar/2023:19:51:20 -0500] "-" 408 -
192.168.175.240 - - [19/Mar/2023:19:51:40 -0500] "GET / HTTP/1.1" 200 4720
192.168.175.240 - - [19/Mar/2023:19:52:40 -0500] "GET / HTTP/1.1" 200 4720
201.245.192.253 - - [19/Mar/2023:19:53:19 -0500] "POST /kwsrmcab/Wsrmcab  HTTP/1.1" 200 42239
216.245.221.92 - - [19/Mar/2023:19:53:36 -0500] "HEAD / HTTP/1.1" 200 -
192.168.175.240 - - [19/Mar/2023:19:53:40 -0500] "GET / HTTP/1.1" 200 4720
201.244.229.212 - - [19/Mar/2023:19:53:41 -0500] "POST /sipse/faces/presentacion/financiero/solicitudProceso/consultar.xhtml HTTP/1.1" 200 2675
201.244.229.212 - - [19/Mar/2023:19:53:42 -0500] "POST /sipse/faces/presentacion/financiero/solicitudProceso/consultar.xhtml HTTP/1.1" 200 58574
201.244.229.212 - - [19/Mar/2023:19:53:42 -0500] "GET /sipse/faces/javax.faces.resource/theme.css?ln=primefaces-sipse HTTP/1.1" 304 -
201.244.229.212 - - [19/Mar/2023:19:53:42 -0500] "GET /sipse/faces/javax.faces.resource/layout/layout.css?ln=primefaces&v=4.0 HTTP/1.1" 304 -
201.244.229.212 - - [19/Mar/2023:19:53:42 -0500] "GET /sipse/faces/javax.faces.resource/primefaces.css?ln=primefaces&v=4.0 HTTP/1.1" 304 -
201.244.229.212 - - [19/Mar/2023:19:53:42 -0500] "GET /sipse/faces/javax.faces.resource/jquery/jquery.js?ln=primefaces&v=4.0 HTTP/1.1" 304 -
201.244.229.212 - - [19/Mar/2023:19:53:43 -0500] "GET /sipse/faces/javax.faces.resource/jquery/jquery-plugins.js?ln=primefaces&v=4.0 HTTP/1.1" 304 -
201.244.229.212 - - [19/Mar/2023:19:53:43 -0500] "GET /sipse/faces/javax.faces.resource/primefaces.js?ln=primefaces&v=4.0 HTTP/1.1" 304 -
201.244.229.212 - - [19/Mar/2023:19:53:43 -0500] "GET /sipse/faces/javax.faces.resource/layout/layout.js?ln=primefaces&v=4.0 HTTP/1.1" 304 -
201.244.229.212 - - [19/Mar/2023:19:53:43 -0500] "POST /sipse/faces/presentacion/financiero/solicitudProceso/listarSolicitudProceso.xhtml HTTP/1.1" 200 51915
201.244.229.212 - - [19/Mar/2023:19:53:44 -0500] "POST /sipse/faces/presentacion/financiero/solicitudProceso/listarSolicitudProceso.xhtml HTTP/1.1" 200 51915
201.244.229.212 - - [19/Mar/2023:19:53:45 -0500] "POST /sipse/faces/presentacion/financiero/solicitudProceso/listarSolicitudProceso.xhtml HTTP/1.1" 200 51915
201.244.229.212 - - [19/Mar/2023:19:53:45 -0500] "POST /sipse/faces/presentacion/financiero/solicitudProceso/listarSolicitudProceso.xhtml HTTP/1.1" 200 51915
201.244.229.212 - - [19/Mar/2023:19:53:45 -0500] "POST /sipse/faces/presentacion/financiero/solicitudProceso/listarSolicitudProceso.xhtml HTTP/1.1" 200 51915
201.244.229.212 - - [19/Mar/2023:19:53:46 -0500] "POST /sipse/faces/presentacion/financiero/solicitudProceso/listarSolicitudProceso.xhtml HTTP/1.1" 200 51915
201.244.229.212 - - [19/Mar/2023:19:53:46 -0500] "POST /sipse/faces/presentacion/financiero/solicitudProceso/listarSolicitudProceso.xhtml HTTP/1.1" 200 51915
201.244.229.212 - - [19/Mar/2023:19:53:47 -0500] "POST /sipse/faces/presentacion/financiero/solicitudProceso/listarSolicitudProceso.xhtml HTTP/1.1" 200 51915
201.244.229.212 - - [19/Mar/2023:19:53:47 -0500] "POST /sipse/faces/presentacion/financiero/solicitudProceso/listarSolicitudProceso.xhtml HTTP/1.1" 200 51915
201.244.229.212 - - [19/Mar/2023:19:53:47 -0500] "POST /sipse/faces/presentacion/financiero/solicitudProceso/listarSolicitudProceso.xhtml HTTP/1.1" 200 51915
201.244.229.212 - - [19/Mar/2023:19:53:48 -0500] "POST /sipse/faces/presentacion/financiero/solicitudProceso/listarSolicitudProceso.xhtml HTTP/1.1" 200 51915
201.244.229.212 - - [19/Mar/2023:19:53:48 -0500] "POST /sipse/faces/presentacion/financiero/solicitudProceso/listarSolicitudProceso.xhtml HTTP/1.1" 200 51915
201.244.229.212 - - [19/Mar/2023:19:53:48 -0500] "POST /sipse/faces/presentacion/financiero/solicitudProceso/listarSolicitudProceso.xhtml HTTP/1.1" 200 51915
201.244.229.212 - - [19/Mar/2023:19:53:49 -0500] "POST /sipse/faces/presentacion/financiero/solicitudProceso/listarSolicitudProceso.xhtml HTTP/1.1" 200 51915
201.244.229.212 - - [19/Mar/2023:19:53:49 -0500] "POST /sipse/faces/presentacion/financiero/solicitudProceso/listarSolicitudProceso.xhtml HTTP/1.1" 200 51915
201.244.229.212 - - [19/Mar/2023:19:53:50 -0500] "POST /sipse/faces/presentacion/financiero/solicitudProceso/listarSolicitudProceso.xhtml HTTP/1.1" 200 51915
201.244.229.212 - - [19/Mar/2023:19:53:50 -0500] "POST /sipse/faces/presentacion/financiero/solicitudProceso/listarSolicitudProceso.xhtml HTTP/1.1" 200 51915
201.244.229.212 - - [19/Mar/2023:19:53:50 -0500] "POST /sipse/faces/presentacion/financiero/solicitudProceso/listarSolicitudProceso.xhtml HTTP/1.1" 200 51915
201.244.229.212 - - [19/Mar/2023:19:53:51 -0500] "POST /sipse/faces/presentacion/financiero/solicitudProceso/listarSolicitudProceso.xhtml HTTP/1.1" 200 51915
200.118.60.77 - - [19/Mar/2023:19:53:51 -0500] "GET /mujeres-que-reverdecen-secretaria-de-ambiente-anuncia-el-inicio-de-la-tercera-fase.html HTTP/1.1" 200 954
201.244.229.212 - - [19/Mar/2023:19:53:51 -0500] "POST /sipse/faces/presentacion/financiero/solicitudProceso/listarSolicitudProceso.xhtml HTTP/1.1" 200 51915
201.244.229.212 - - [19/Mar/2023:19:53:52 -0500] "POST /sipse/faces/presentacion/financiero/solicitudProceso/listarSolicitudProceso.xhtml HTTP/1.1" 200 51915
201.244.229.212 - - [19/Mar/2023:19:53:52 -0500] "POST /sipse/faces/presentacion/financiero/solicitudProceso/listarSolicitudProceso.xhtml HTTP/1.1" 200 51915
201.244.229.212 - - [19/Mar/2023:19:53:52 -0500] "POST /sipse/faces/presentacion/financiero/solicitudProceso/listarSolicitudProceso.xhtml HTTP/1.1" 200 51915
201.244.229.212 - - [19/Mar/2023:19:53:53 -0500] "POST /sipse/faces/presentacion/financiero/solicitudProceso/listarSolicitudProceso.xhtml HTTP/1.1" 200 51915
201.244.229.212 - - [19/Mar/2023:19:53:53 -0500] "POST /sipse/faces/presentacion/financiero/solicitudProceso/listarSolicitudProceso.xhtml HTTP/1.1" 200 51915
201.244.229.212 - - [19/Mar/2023:19:53:53 -0500] "POST /sipse/faces/presentacion/financiero/solicitudProceso/listarSolicitudProceso.xhtml HTTP/1.1" 200 51915
201.244.229.212 - - [19/Mar/2023:19:53:54 -0500] "POST /sipse/faces/presentacion/financiero/solicitudProceso/listarSolicitudProceso.xhtml HTTP/1.1" 200 51915
201.244.229.212 - - [19/Mar/2023:19:53:54 -0500] "POST /sipse/faces/presentacion/financiero/solicitudProceso/listarSolicitudProceso.xhtml HTTP/1.1" 200 51915
201.244.229.212 - - [19/Mar/2023:19:53:55 -0500] "POST /sipse/faces/presentacion/financiero/solicitudProceso/listarSolicitudProceso.xhtml HTTP/1.1" 200 51915
201.244.229.212 - - [19/Mar/2023:19:53:55 -0500] "POST /sipse/faces/presentacion/financiero/solicitudProceso/listarSolicitudProceso.xhtml HTTP/1.1" 200 51915
201.244.229.212 - - [19/Mar/2023:19:53:55 -0500] "POST /sipse/faces/presentacion/financiero/solicitudProceso/listarSolicitudProceso.xhtml HTTP/1.1" 200 51915
201.244.229.212 - - [19/Mar/2023:19:53:56 -0500] "POST /sipse/faces/presentacion/financiero/solicitudProceso/listarSolicitudProceso.xhtml HTTP/1.1" 200 51915
201.244.229.212 - - [19/Mar/2023:19:53:56 -0500] "POST /sipse/faces/presentacion/financiero/solicitudProceso/listarSolicitudProceso.xhtml HTTP/1.1" 200 51915
201.244.229.212 - - [19/Mar/2023:19:53:57 -0500] "POST /sipse/faces/presentacion/financiero/solicitudProceso/listarSolicitudProceso.xhtml HTTP/1.1" 200 51915
201.244.229.212 - - [19/Mar/2023:19:53:57 -0500] "POST /sipse/faces/presentacion/financiero/solicitudProceso/listarSolicitudProceso.xhtml HTTP/1.1" 200 51915
201.244.229.212 - - [19/Mar/2023:19:53:57 -0500] "POST /sipse/faces/presentacion/financiero/solicitudProceso/listarSolicitudProceso.xhtml HTTP/1.1" 200 51915
201.244.229.212 - - [19/Mar/2023:19:53:58 -0500] "POST /sipse/faces/presentacion/financiero/solicitudProceso/listarSolicitudProceso.xhtml HTTP/1.1" 200 51915
201.244.229.212 - - [19/Mar/2023:19:53:58 -0500] "POST /sipse/faces/presentacion/financiero/solicitudProceso/listarSolicitudProceso.xhtml HTTP/1.1" 200 51915
201.244.229.212 - - [19/Mar/2023:19:53:59 -0500] "POST /sipse/faces/presentacion/financiero/solicitudProceso/listarSolicitudProceso.xhtml HTTP/1.1" 200 51915
201.244.229.212 - - [19/Mar/2023:19:53:59 -0500] "POST /sipse/faces/presentacion/financiero/solicitudProceso/listarSolicitudProceso.xhtml HTTP/1.1" 200 51915
201.244.229.212 - - [19/Mar/2023:19:54:01 -0500] "POST /sipse/faces/presentacion/financiero/solicitudProceso/listarSolicitudProceso.xhtml HTTP/1.1" 200 51915
201.244.229.212 - - [19/Mar/2023:19:54:01 -0500] "POST /sipse/faces/presentacion/financiero/solicitudProceso/listarSolicitudProceso.xhtml HTTP/1.1" 200 51915
201.244.229.212 - - [19/Mar/2023:19:54:02 -0500] "POST /sipse/faces/presentacion/financiero/solicitudProceso/listarSolicitudProceso.xhtml HTTP/1.1" 200 51915
201.244.229.212 - - [19/Mar/2023:19:54:02 -0500] "POST /sipse/faces/presentacion/financiero/solicitudProceso/listarSolicitudProceso.xhtml HTTP/1.1" 200 51915
201.244.229.212 - - [19/Mar/2023:19:54:02 -0500] "POST /sipse/faces/presentacion/financiero/solicitudProceso/listarSolicitudProceso.xhtml HTTP/1.1" 200 51915
201.244.229.212 - - [19/Mar/2023:19:54:03 -0500] "POST /sipse/faces/presentacion/financiero/solicitudProceso/listarSolicitudProceso.xhtml HTTP/1.1" 200 51915
201.244.229.212 - - [19/Mar/2023:19:54:03 -0500] "POST /sipse/faces/presentacion/financiero/solicitudProceso/listarSolicitudProceso.xhtml HTTP/1.1" 200 51915
201.244.229.212 - - [19/Mar/2023:19:54:03 -0500] "POST /sipse/faces/presentacion/financiero/solicitudProceso/listarSolicitudProceso.xhtml HTTP/1.1" 200 51915
201.244.229.212 - - [19/Mar/2023:19:54:04 -0500] "POST /sipse/faces/presentacion/financiero/solicitudProceso/listarSolicitudProceso.xhtml HTTP/1.1" 200 51915
201.244.229.212 - - [19/Mar/2023:19:54:04 -0500] "POST /sipse/faces/presentacion/financiero/solicitudProceso/listarSolicitudProceso.xhtml HTTP/1.1" 200 51915
201.244.229.212 - - [19/Mar/2023:19:54:05 -0500] "POST /sipse/faces/presentacion/financiero/solicitudProceso/listarSolicitudProceso.xhtml HTTP/1.1" 200 51915
201.244.229.212 - - [19/Mar/2023:19:54:05 -0500] "POST /sipse/faces/presentacion/financiero/solicitudProceso/listarSolicitudProceso.xhtml HTTP/1.1" 200 51915
186.84.88.82 - - [19/Mar/2023:19:54:06 -0500] "GET /galeria/galeria/jquery.fancybox.css?v=2.1.5 HTTP/1.1" 200 4895
186.84.88.82 - - [19/Mar/2023:19:54:06 -0500] "GET /BLA/boletinlegal/js/jquery.scrollShow.js HTTP/1.1" 200 4586
186.84.88.82 - - [19/Mar/2023:19:54:06 -0500] "GET /galeria/galeria/jquery.fancybox.js?v=2.1.5 HTTP/1.1" 200 48706
201.244.229.212 - - [19/Mar/2023:19:54:06 -0500] "POST /sipse/faces/presentacion/financiero/solicitudProceso/listarSolicitudProceso.xhtml HTTP/1.1" 200 51915
201.244.229.212 - - [19/Mar/2023:19:54:06 -0500] "POST /sipse/faces/presentacion/financiero/solicitudProceso/listarSolicitudProceso.xhtml HTTP/1.1" 200 51915
201.244.229.212 - - [19/Mar/2023:19:54:06 -0500] "POST /sipse/faces/presentacion/financiero/solicitudProceso/listarSolicitudProceso.xhtml HTTP/1.1" 200 51915
201.244.229.212 - - [19/Mar/2023:19:54:07 -0500] "POST /sipse/faces/presentacion/financiero/solicitudProceso/listarSolicitudProceso.xhtml HTTP/1.1" 200 1560
201.244.229.212 - - [19/Mar/2023:19:54:07 -0500] "POST /sipse/faces/presentacion/financiero/solicitudProceso/listarSolicitudProceso.xhtml HTTP/1.1" 200 1552
201.244.229.212 - - [19/Mar/2023:19:54:08 -0500] "POST /sipse/faces/presentacion/financiero/solicitudProceso/listarSolicitudProceso.xhtml HTTP/1.1" 200 1564
201.244.229.212 - - [19/Mar/2023:19:54:08 -0500] "POST /sipse/faces/presentacion/financiero/solicitudProceso/listarSolicitudProceso.xhtml HTTP/1.1" 200 1552
201.244.229.212 - - [19/Mar/2023:19:54:09 -0500] "POST /sipse/faces/presentacion/financiero/solicitudProceso/listarSolicitudProceso.xhtml HTTP/1.1" 200 1564
201.244.229.212 - - [19/Mar/2023:19:54:09 -0500] "POST /sipse/faces/presentacion/financiero/solicitudProceso/listarSolicitudProceso.xhtml HTTP/1.1" 200 1552
201.244.229.212 - - [19/Mar/2023:19:54:09 -0500] "POST /sipse/faces/presentacion/financiero/solicitudProceso/listarSolicitudProceso.xhtml HTTP/1.1" 200 1564
201.244.229.212 - - [19/Mar/2023:19:54:10 -0500] "POST /sipse/faces/presentacion/financiero/solicitudProceso/listarSolicitudProceso.xhtml HTTP/1.1" 200 1552
201.244.229.212 - - [19/Mar/2023:19:54:10 -0500] "POST /sipse/faces/presentacion/financiero/solicitudProceso/listarSolicitudProceso.xhtml HTTP/1.1" 200 1564
201.244.229.212 - - [19/Mar/2023:19:54:10 -0500] "POST /sipse/faces/presentacion/financiero/solicitudProceso/listarSolicitudProceso.xhtml HTTP/1.1" 200 1552
201.244.229.212 - - [19/Mar/2023:19:54:10 -0500] "POST /sipse/faces/presentacion/financiero/solicitudProceso/listarSolicitudProceso.xhtml HTTP/1.1" 200 1564
201.244.229.212 - - [19/Mar/2023:19:54:10 -0500] "POST /sipse/faces/presentacion/financiero/solicitudProceso/listarSolicitudProceso.xhtml HTTP/1.1" 200 1552
201.244.229.212 - - [19/Mar/2023:19:54:11 -0500] "POST /sipse/faces/presentacion/financiero/solicitudProceso/listarSolicitudProceso.xhtml HTTP/1.1" 200 1564
201.244.229.212 - - [19/Mar/2023:19:54:11 -0500] "POST /sipse/faces/presentacion/financiero/solicitudProceso/listarSolicitudProceso.xhtml HTTP/1.1" 200 1552
201.244.229.212 - - [19/Mar/2023:19:54:11 -0500] "POST /sipse/faces/presentacion/financiero/solicitudProceso/listarSolicitudProceso.xhtml HTTP/1.1" 200 1564
201.244.229.212 - - [19/Mar/2023:19:54:11 -0500] "POST /sipse/faces/presentacion/financiero/solicitudProceso/listarSolicitudProceso.xhtml HTTP/1.1" 200 1552
201.244.229.212 - - [19/Mar/2023:19:54:11 -0500] "POST /sipse/faces/presentacion/financiero/solicitudProceso/listarSolicitudProceso.xhtml HTTP/1.1" 200 1564
201.244.229.212 - - [19/Mar/2023:19:54:11 -0500] "POST /sipse/faces/presentacion/financiero/solicitudProceso/listarSolicitudProceso.xhtml HTTP/1.1" 200 1552
201.244.229.212 - - [19/Mar/2023:19:54:12 -0500] "POST /sipse/faces/presentacion/financiero/solicitudProceso/listarSolicitudProceso.xhtml HTTP/1.1" 200 1564
201.244.229.212 - - [19/Mar/2023:19:54:12 -0500] "POST /sipse/faces/presentacion/financiero/solicitudProceso/listarSolicitudProceso.xhtml HTTP/1.1" 200 1552
201.244.229.212 - - [19/Mar/2023:19:54:12 -0500] "POST /sipse/faces/presentacion/financiero/solicitudProceso/listarSolicitudProceso.xhtml HTTP/1.1" 200 1564
201.244.229.212 - - [19/Mar/2023:19:54:12 -0500] "POST /sipse/faces/presentacion/financiero/solicitudProceso/listarSolicitudProceso.xhtml HTTP/1.1" 200 1552
201.244.229.212 - - [19/Mar/2023:19:54:12 -0500] "POST /sipse/faces/presentacion/financiero/solicitudProceso/listarSolicitudProceso.xhtml HTTP/1.1" 200 1564
201.244.229.212 - - [19/Mar/2023:19:54:13 -0500] "POST /sipse/faces/presentacion/financiero/solicitudProceso/listarSolicitudProceso.xhtml HTTP/1.1" 200 1552
201.244.229.212 - - [19/Mar/2023:19:54:13 -0500] "POST /sipse/faces/presentacion/financiero/solicitudProceso/listarSolicitudProceso.xhtml HTTP/1.1" 200 1564
201.244.229.212 - - [19/Mar/2023:19:54:13 -0500] "POST /sipse/faces/presentacion/financiero/solicitudProceso/listarSolicitudProceso.xhtml HTTP/1.1" 200 1552
201.244.229.212 - - [19/Mar/2023:19:54:13 -0500] "POST /sipse/faces/presentacion/financiero/solicitudProceso/listarSolicitudProceso.xhtml HTTP/1.1" 200 1564
201.244.229.212 - - [19/Mar/2023:19:54:13 -0500] "POST /sipse/faces/presentacion/financiero/solicitudProceso/listarSolicitudProceso.xhtml HTTP/1.1" 200 1556
201.244.229.212 - - [19/Mar/2023:19:54:13 -0500] "POST /sipse/faces/presentacion/financiero/solicitudProceso/listarSolicitudProceso.xhtml HTTP/1.1" 200 1564
201.244.229.212 - - [19/Mar/2023:19:54:14 -0500] "POST /sipse/faces/presentacion/financiero/solicitudProceso/listarSolicitudProceso.xhtml HTTP/1.1" 200 1556
201.244.229.212 - - [19/Mar/2023:19:54:14 -0500] "POST /sipse/faces/presentacion/financiero/solicitudProceso/listarSolicitudProceso.xhtml HTTP/1.1" 200 1564
201.244.229.212 - - [19/Mar/2023:19:54:14 -0500] "POST /sipse/faces/presentacion/financiero/solicitudProceso/listarSolicitudProceso.xhtml HTTP/1.1" 200 1552
201.244.229.212 - - [19/Mar/2023:19:54:14 -0500] "POST /sipse/faces/presentacion/financiero/solicitudProceso/listarSolicitudProceso.xhtml HTTP/1.1" 200 1564
201.244.229.212 - - [19/Mar/2023:19:54:14 -0500] "POST /sipse/faces/presentacion/financiero/solicitudProceso/listarSolicitudProceso.xhtml HTTP/1.1" 200 1552
