201.244.244.234 - - [19/Mar/2023:13:22:18 -0500] "POST /sipse/faces/presentacion/proyectos/proyecto/listarProyecto.xhtml HTTP/1.1" 200 4899
201.244.244.234 - - [19/Mar/2023:13:22:19 -0500] "POST /sipse/faces/presentacion/proyectos/proyecto/listarProyecto.xhtml HTTP/1.1" 200 163
201.244.244.234 - - [19/Mar/2023:13:22:22 -0500] "GET /sipse/faces/javax.faces.resource/theme.css?ln=primefaces-sipse HTTP/1.1" 304 -
201.244.244.234 - - [19/Mar/2023:13:22:22 -0500] "GET /sipse/faces/javax.faces.resource/primefaces.css?ln=primefaces&v=4.0 HTTP/1.1" 304 -
201.244.244.234 - - [19/Mar/2023:13:22:22 -0500] "GET /sipse/faces/javax.faces.resource/layout/layout.css?ln=primefaces&v=4.0 HTTP/1.1" 304 -
201.244.244.234 - - [19/Mar/2023:13:22:22 -0500] "GET /sipse/faces/javax.faces.resource/jquery/jquery.js?ln=primefaces&v=4.0 HTTP/1.1" 304 -
201.244.244.234 - - [19/Mar/2023:13:22:22 -0500] "GET /sipse/faces/javax.faces.resource/jquery/jquery-plugins.js?ln=primefaces&v=4.0 HTTP/1.1" 304 -
201.244.244.234 - - [19/Mar/2023:13:22:22 -0500] "GET /sipse/faces/javax.faces.resource/primefaces.js?ln=primefaces&v=4.0 HTTP/1.1" 304 -
201.244.244.234 - - [19/Mar/2023:13:22:22 -0500] "GET /sipse/faces/javax.faces.resource/layout/layout.js?ln=primefaces&v=4.0 HTTP/1.1" 304 -
201.244.244.234 - - [19/Mar/2023:13:22:21 -0500] "GET /sipse/faces/presentacion/proyectos/proyecto/proyecto.xhtml HTTP/1.1" 200 91581
201.244.244.234 - - [19/Mar/2023:13:22:22 -0500] "GET /sipse/faces/javax.faces.resource/images/ui-icons_898989_256x240.png?ln=primefaces-aristo HTTP/1.1" 304 -
201.244.244.234 - - [19/Mar/2023:13:22:22 -0500] "GET /sipse/faces/javax.faces.resource/images/ui-bg_flat_0_2d5972_40x100.png?ln=primefaces-aristo HTTP/1.1" 304 -
201.244.244.234 - - [19/Mar/2023:13:22:23 -0500] "POST /sipse/faces/presentacion/proyectos/proyecto/proyecto.xhtml HTTP/1.1" 200 3261
201.244.244.234 - - [19/Mar/2023:13:22:25 -0500] "POST /sipse/faces/presentacion/proyectos/proyecto/proyecto.xhtml HTTP/1.1" 200 44187
201.244.244.234 - - [19/Mar/2023:13:22:28 -0500] "GET /sipse/faces/javax.faces.resource/spacer/dot_clear.gif?ln=primefaces&v=4.0 HTTP/1.1" 304 -
201.244.244.234 - - [19/Mar/2023:13:22:28 -0500] "POST /sipse/faces/presentacion/proyectos/proyecto/proyecto.xhtml HTTP/1.1" 200 3942
201.244.244.234 - - [19/Mar/2023:13:22:31 -0500] "POST /sipse/faces/presentacion/proyectos/proyecto/proyecto.xhtml HTTP/1.1" 200 62185
192.168.175.240 - - [19/Mar/2023:13:22:40 -0500] "GET / HTTP/1.1" 200 4720
201.244.244.234 - - [19/Mar/2023:13:22:38 -0500] "POST /sipse/faces/presentacion/proyectos/proyecto/proyecto.xhtml HTTP/1.1" 200 190149
201.244.244.234 - - [19/Mar/2023:13:22:41 -0500] "GET /sipse/faces/javax.faces.resource/jquery/jquery.js?ln=primefaces&v=4.0 HTTP/1.1" 304 -
201.244.244.234 - - [19/Mar/2023:13:22:41 -0500] "GET /sipse/faces/javax.faces.resource/jquery/jquery-plugins.js?ln=primefaces&v=4.0 HTTP/1.1" 304 -
201.244.244.234 - - [19/Mar/2023:13:22:41 -0500] "GET /sipse/faces/javax.faces.resource/primefaces.js?ln=primefaces&v=4.0 HTTP/1.1" 304 -
201.244.244.234 - - [19/Mar/2023:13:22:42 -0500] "GET /sipse/faces/javax.faces.resource/layout/layout.js?ln=primefaces&v=4.0 HTTP/1.1" 304 -
201.244.244.234 - - [19/Mar/2023:13:22:45 -0500] "POST /sipse/faces/presentacion/proyectos/proyecto/actividad/crearActividad.xhtml HTTP/1.1" 200 25855
201.244.244.234 - - [19/Mar/2023:13:22:46 -0500] "GET /sipse/faces/javax.faces.resource/jquery/jquery.js?ln=primefaces&v=4.0 HTTP/1.1" 304 -
201.244.244.234 - - [19/Mar/2023:13:22:46 -0500] "GET /sipse/faces/javax.faces.resource/jquery/jquery-plugins.js?ln=primefaces&v=4.0 HTTP/1.1" 304 -
201.244.244.234 - - [19/Mar/2023:13:22:46 -0500] "GET /sipse/faces/javax.faces.resource/primefaces.js?ln=primefaces&v=4.0 HTTP/1.1" 304 -
201.244.244.234 - - [19/Mar/2023:13:22:46 -0500] "GET /sipse/faces/javax.faces.resource/layout/layout.js?ln=primefaces&v=4.0 HTTP/1.1" 304 -
216.245.221.92 - - [19/Mar/2023:13:23:37 -0500] "HEAD / HTTP/1.1" 200 -
192.168.175.240 - - [19/Mar/2023:13:23:40 -0500] "GET / HTTP/1.1" 200 4720
192.168.175.240 - - [19/Mar/2023:13:24:40 -0500] "GET / HTTP/1.1" 200 4720
201.245.192.253 - - [19/Mar/2023:13:24:48 -0500] "POST /kwsrmcab/Wsrmcab  HTTP/1.1" 200 42239
172.22.2.4 - - [19/Mar/2023:13:23:37 -0500] "HEAD /BLA/boletinlegal/ HTTP/1.1" 200 -
192.168.175.240 - - [19/Mar/2023:13:25:40 -0500] "GET / HTTP/1.1" 200 4720
31.13.115.119 - - [19/Mar/2023:13:25:59 -0500] "GET /images/Puntos%20calientes%2024%20de%20febrero.jpeg HTTP/1.1" 200 42626
172.22.2.4 - - [19/Mar/2023:13:24:28 -0500] "GET /BLA/boletinlegal/ HTTP/1.1" 200 57551
200.118.62.212 - - [19/Mar/2023:13:26:23 -0500] "GET /sipse/faces/index.xhtml HTTP/1.1" 200 677
200.118.62.212 - - [19/Mar/2023:13:26:24 -0500] "GET /sipse/faces/javax.faces.resource/theme.css?ln=primefaces-sipse HTTP/1.1" 200 50058
200.118.62.212 - - [19/Mar/2023:13:26:25 -0500] "GET /sipse/faces/faces/autenticacion.xhtml HTTP/1.1" 200 12168
200.118.62.212 - - [19/Mar/2023:13:26:25 -0500] "GET /sipse/js/disable_browser_buttons.js HTTP/1.1" 200 3230
200.118.62.212 - - [19/Mar/2023:13:26:25 -0500] "GET /sipse/js/funciones.js HTTP/1.1" 200 12592
200.118.62.212 - - [19/Mar/2023:13:26:25 -0500] "GET /sipse/css/custom_css_sg.css HTTP/1.1" 200 9694
200.118.62.212 - - [19/Mar/2023:13:26:25 -0500] "GET /sipse/css/custom_css_sg_prime_login.css HTTP/1.1" 200 443
200.118.62.212 - - [19/Mar/2023:13:26:25 -0500] "GET /sipse/faces/javax.faces.resource/layout/layout.css?ln=primefaces&v=4.0 HTTP/1.1" 200 542
200.118.62.212 - - [19/Mar/2023:13:26:25 -0500] "GET /sipse/faces/javax.faces.resource/primefaces.css?ln=primefaces&v=4.0 HTTP/1.1" 200 53295
200.118.62.212 - - [19/Mar/2023:13:26:25 -0500] "GET /sipse/faces/javax.faces.resource/jquery/jquery.js?ln=primefaces&v=4.0 HTTP/1.1" 200 105384
200.118.62.212 - - [19/Mar/2023:13:26:25 -0500] "GET /sipse/faces/javax.faces.resource/jquery/jquery-plugins.js?ln=primefaces&v=4.0 HTTP/1.1" 200 220526
200.118.62.212 - - [19/Mar/2023:13:26:25 -0500] "GET /sipse/faces/javax.faces.resource/layout/layout.js?ln=primefaces&v=4.0 HTTP/1.1" 200 87560
200.118.62.212 - - [19/Mar/2023:13:26:25 -0500] "GET /sipse/faces/javax.faces.resource/primefaces.js?ln=primefaces&v=4.0 HTTP/1.1" 200 276924
200.118.62.212 - - [19/Mar/2023:13:26:29 -0500] "GET /sipse/faces/javax.faces.resource/images/ui-icons_898989_256x240.png?ln=primefaces-aristo HTTP/1.1" 200 5355
200.118.62.212 - - [19/Mar/2023:13:26:29 -0500] "GET /sipse/css/imagen/loginimg.png HTTP/1.1" 200 71635
200.118.62.212 - - [19/Mar/2023:13:26:29 -0500] "GET /sipse/css/imagen/logoSDG.png HTTP/1.1" 200 53064
192.168.175.240 - - [19/Mar/2023:13:26:40 -0500] "GET / HTTP/1.1" 200 4720
201.244.235.74 - - [19/Mar/2023:13:26:56 -0500] "GET /sipse/faces/index.xhtml HTTP/1.1" 200 677
201.244.235.74 - - [19/Mar/2023:13:26:56 -0500] "GET /sipse/faces/javax.faces.resource/theme.css?ln=primefaces-sipse HTTP/1.1" 304 -
201.244.235.74 - - [19/Mar/2023:13:26:56 -0500] "GET /sipse/faces/faces/autenticacion.xhtml HTTP/1.1" 200 12168
201.244.235.74 - - [19/Mar/2023:13:26:56 -0500] "GET /sipse/js/funciones.js HTTP/1.1" 304 -
201.244.235.74 - - [19/Mar/2023:13:26:56 -0500] "GET /sipse/css/custom_css_sg.css HTTP/1.1" 304 -
201.244.235.74 - - [19/Mar/2023:13:26:56 -0500] "GET /sipse/faces/javax.faces.resource/layout/layout.css?ln=primefaces&v=4.0 HTTP/1.1" 304 -
201.244.235.74 - - [19/Mar/2023:13:26:56 -0500] "GET /sipse/css/custom_css_sg_prime_login.css HTTP/1.1" 304 -
201.244.235.74 - - [19/Mar/2023:13:26:56 -0500] "GET /sipse/faces/javax.faces.resource/theme.css?ln=primefaces-sipse HTTP/1.1" 304 -
201.244.235.74 - - [19/Mar/2023:13:26:56 -0500] "GET /sipse/faces/javax.faces.resource/primefaces.css?ln=primefaces&v=4.0 HTTP/1.1" 304 -
201.244.235.74 - - [19/Mar/2023:13:26:56 -0500] "GET /sipse/js/disable_browser_buttons.js HTTP/1.1" 304 -
201.244.235.74 - - [19/Mar/2023:13:26:56 -0500] "GET /sipse/faces/javax.faces.resource/jquery/jquery-plugins.js?ln=primefaces&v=4.0 HTTP/1.1" 304 -
201.244.235.74 - - [19/Mar/2023:13:26:56 -0500] "GET /sipse/faces/javax.faces.resource/jquery/jquery.js?ln=primefaces&v=4.0 HTTP/1.1" 304 -
201.244.235.74 - - [19/Mar/2023:13:26:56 -0500] "GET /sipse/faces/javax.faces.resource/layout/layout.js?ln=primefaces&v=4.0 HTTP/1.1" 304 -
201.244.235.74 - - [19/Mar/2023:13:26:56 -0500] "GET /sipse/faces/javax.faces.resource/primefaces.js?ln=primefaces&v=4.0 HTTP/1.1" 304 -
201.244.235.74 - - [19/Mar/2023:13:26:57 -0500] "GET /sipse/css/imagen/logoSDG.png HTTP/1.1" 304 -
201.244.235.74 - - [19/Mar/2023:13:26:57 -0500] "GET /sipse/css/imagen/loginimg.png HTTP/1.1" 304 -
201.244.235.74 - - [19/Mar/2023:13:26:57 -0500] "GET /sipse/faces/javax.faces.resource/images/ui-icons_898989_256x240.png?ln=primefaces-aristo HTTP/1.1" 304 -
201.244.235.74 - - [19/Mar/2023:13:27:01 -0500] "POST /sipse/faces/autenticacion.xhtml HTTP/1.1" 200 16118
201.244.235.74 - - [19/Mar/2023:13:27:01 -0500] "GET /sipse/css/custom_css_sg_prime.css HTTP/1.1" 304 -
201.244.235.74 - - [19/Mar/2023:13:27:01 -0500] "GET /sipse/faces/javax.faces.resource/primefaces.css?ln=primefaces&v=4.0 HTTP/1.1" 304 -
201.244.235.74 - - [19/Mar/2023:13:27:01 -0500] "GET /sipse/faces/javax.faces.resource/theme.css?ln=primefaces-sipse HTTP/1.1" 304 -
201.244.235.74 - - [19/Mar/2023:13:27:01 -0500] "GET /sipse/js/jquery.min.js HTTP/1.1" 304 -
201.244.235.74 - - [19/Mar/2023:13:27:01 -0500] "GET /sipse/faces/javax.faces.resource/layout/layout.css?ln=primefaces&v=4.0 HTTP/1.1" 304 -
201.244.235.74 - - [19/Mar/2023:13:27:01 -0500] "GET /sipse/faces/javax.faces.resource/jquery/jquery.js?ln=primefaces&v=4.0 HTTP/1.1" 304 -
201.244.235.74 - - [19/Mar/2023:13:27:01 -0500] "GET /sipse/faces/javax.faces.resource/jquery/jquery-plugins.js?ln=primefaces&v=4.0 HTTP/1.1" 304 -
201.244.235.74 - - [19/Mar/2023:13:27:01 -0500] "GET /sipse/faces/javax.faces.resource/primefaces.js?ln=primefaces&v=4.0 HTTP/1.1" 304 -
201.244.235.74 - - [19/Mar/2023:13:27:01 -0500] "GET /sipse/faces/javax.faces.resource/layout/layout.js?ln=primefaces&v=4.0 HTTP/1.1" 304 -
201.244.235.74 - - [19/Mar/2023:13:27:01 -0500] "GET /sipse/css/imagen/contrasena.png HTTP/1.1" 404 383
201.244.235.74 - - [19/Mar/2023:13:27:01 -0500] "GET /sipse/imagenes/logoAplicacion.jpg HTTP/1.1" 304 -
201.244.235.74 - - [19/Mar/2023:13:27:01 -0500] "GET /sipse/imagenes/cargando.gif HTTP/1.1" 304 -
201.244.235.74 - - [19/Mar/2023:13:27:01 -0500] "GET /sipse/faces/javax.faces.resource/messages/messages.png?ln=primefaces&v=4.0 HTTP/1.1" 304 -
201.244.235.74 - - [19/Mar/2023:13:27:04 -0500] "GET /sipse/faces/javax.faces.resource/images/ui-bg_flat_0_2d5972_40x100.png?ln=primefaces-aristo HTTP/1.1" 304 -
201.244.235.74 - - [19/Mar/2023:13:27:04 -0500] "POST /sipse/faces/bienvenido.xhtml HTTP/1.1" 200 1473
201.244.235.74 - - [19/Mar/2023:13:27:06 -0500] "POST /sipse/faces/bienvenido.xhtml HTTP/1.1" 200 37802
201.244.235.74 - - [19/Mar/2023:13:27:06 -0500] "GET /sipse/faces/javax.faces.resource/layout/layout.css?ln=primefaces&v=4.0 HTTP/1.1" 304 -
201.244.235.74 - - [19/Mar/2023:13:27:06 -0500] "GET /sipse/faces/javax.faces.resource/theme.css?ln=primefaces-sipse HTTP/1.1" 304 -
201.244.235.74 - - [19/Mar/2023:13:27:06 -0500] "GET /sipse/faces/javax.faces.resource/primefaces.css?ln=primefaces&v=4.0 HTTP/1.1" 304 -
201.244.235.74 - - [19/Mar/2023:13:27:06 -0500] "GET /sipse/faces/javax.faces.resource/jquery/jquery.js?ln=primefaces&v=4.0 HTTP/1.1" 304 -
201.244.235.74 - - [19/Mar/2023:13:27:06 -0500] "GET /sipse/faces/javax.faces.resource/jquery/jquery-plugins.js?ln=primefaces&v=4.0 HTTP/1.1" 304 -
201.244.235.74 - - [19/Mar/2023:13:27:06 -0500] "GET /sipse/faces/javax.faces.resource/primefaces.js?ln=primefaces&v=4.0 HTTP/1.1" 304 -
201.244.235.74 - - [19/Mar/2023:13:27:06 -0500] "GET /sipse/faces/javax.faces.resource/layout/layout.js?ln=primefaces&v=4.0 HTTP/1.1" 304 -
200.118.62.212 - - [19/Mar/2023:13:27:15 -0500] "GET /reportes_sipse/jsp/inicio.jsp HTTP/1.1" 200 2935
200.118.62.212 - - [19/Mar/2023:13:27:15 -0500] "GET /reportes_sipse/css/estilos.css HTTP/1.1" 200 9135
200.118.62.212 - - [19/Mar/2023:13:27:15 -0500] "GET /reportes_sipse/imagenes/logoAplicacion.jpg HTTP/1.1" 200 26872
200.118.62.212 - - [19/Mar/2023:13:27:16 -0500] "GET /reportes_sipse/imagenes/fondo.jpg HTTP/1.1" 200 20235
54.167.221.224 - - [19/Mar/2023:13:27:22 -0500] "-" 408 -
192.168.175.240 - - [19/Mar/2023:13:27:40 -0500] "GET / HTTP/1.1" 200 4720
216.245.221.92 - - [19/Mar/2023:13:28:37 -0500] "HEAD / HTTP/1.1" 200 -
201.244.235.74 - - [19/Mar/2023:13:28:38 -0500] "POST /sipse/faces/presentacion/financiero/solicitudProceso/consultar.xhtml HTTP/1.1" 200 12891
192.168.175.240 - - [19/Mar/2023:13:28:40 -0500] "GET / HTTP/1.1" 200 4720
201.244.235.74 - - [19/Mar/2023:13:28:42 -0500] "POST /sipse/faces/presentacion/financiero/solicitudProceso/consultar.xhtml HTTP/1.1" 200 165767
201.244.235.74 - - [19/Mar/2023:13:28:44 -0500] "GET /sipse/faces/javax.faces.resource/theme.css?ln=primefaces-sipse HTTP/1.1" 304 -
201.244.235.74 - - [19/Mar/2023:13:28:44 -0500] "GET /sipse/faces/javax.faces.resource/layout/layout.css?ln=primefaces&v=4.0 HTTP/1.1" 304 -
201.244.235.74 - - [19/Mar/2023:13:28:44 -0500] "GET /sipse/faces/javax.faces.resource/primefaces.css?ln=primefaces&v=4.0 HTTP/1.1" 304 -
201.244.235.74 - - [19/Mar/2023:13:28:44 -0500] "GET /sipse/faces/javax.faces.resource/jquery/jquery.js?ln=primefaces&v=4.0 HTTP/1.1" 304 -
201.244.235.74 - - [19/Mar/2023:13:28:44 -0500] "GET /sipse/faces/javax.faces.resource/jquery/jquery-plugins.js?ln=primefaces&v=4.0 HTTP/1.1" 304 -
201.244.235.74 - - [19/Mar/2023:13:28:44 -0500] "GET /sipse/faces/javax.faces.resource/primefaces.js?ln=primefaces&v=4.0 HTTP/1.1" 304 -
201.244.235.74 - - [19/Mar/2023:13:28:44 -0500] "GET /sipse/faces/javax.faces.resource/layout/layout.js?ln=primefaces&v=4.0 HTTP/1.1" 304 -
181.59.3.235 - - [19/Mar/2023:13:28:53 -0500] "GET /sipse/faces/index.xhtml HTTP/1.1" 200 677
181.59.3.235 - - [19/Mar/2023:13:28:54 -0500] "GET /sipse/faces/javax.faces.resource/theme.css?ln=primefaces-sipse HTTP/1.1" 304 -
201.244.235.74 - - [19/Mar/2023:13:28:53 -0500] "POST /sipse/faces/presentacion/financiero/solicitudProceso/consultarSolicitudProceso.xhtml HTTP/1.1" 200 1754521
201.244.235.74 - - [19/Mar/2023:13:28:54 -0500] "POST /sipse/faces/presentacion/financiero/solicitudProceso/consultarSolicitudProceso.xhtml HTTP/1.1" 200 300562
181.59.3.235 - - [19/Mar/2023:13:28:55 -0500] "GET /sipse/faces/faces/autenticacion.xhtml HTTP/1.1" 200 12168
181.59.3.235 - - [19/Mar/2023:13:28:56 -0500] "GET /sipse/js/disable_browser_buttons.js HTTP/1.1" 304 -
201.244.235.74 - - [19/Mar/2023:13:28:56 -0500] "POST /sipse/faces/presentacion/financiero/solicitudProceso/consultarSolicitudProceso.xhtml HTTP/1.1" 200 133110
181.59.3.235 - - [19/Mar/2023:13:28:57 -0500] "GET /sipse/css/custom_css_sg.css HTTP/1.1" 304 -
181.59.3.235 - - [19/Mar/2023:13:28:57 -0500] "GET /sipse/js/funciones.js HTTP/1.1" 304 -
181.59.3.235 - - [19/Mar/2023:13:28:57 -0500] "GET /sipse/faces/javax.faces.resource/theme.css?ln=primefaces-sipse HTTP/1.1" 304 -
181.59.3.235 - - [19/Mar/2023:13:28:57 -0500] "GET /sipse/faces/javax.faces.resource/primefaces.css?ln=primefaces&v=4.0 HTTP/1.1" 304 -
181.59.3.235 - - [19/Mar/2023:13:28:57 -0500] "GET /sipse/faces/javax.faces.resource/jquery/jquery-plugins.js?ln=primefaces&v=4.0 HTTP/1.1" 304 -
181.59.3.235 - - [19/Mar/2023:13:28:57 -0500] "GET /sipse/faces/javax.faces.resource/layout/layout.css?ln=primefaces&v=4.0 HTTP/1.1" 304 -
181.59.3.235 - - [19/Mar/2023:13:28:57 -0500] "GET /sipse/css/custom_css_sg_prime_login.css HTTP/1.1" 304 -
181.59.3.235 - - [19/Mar/2023:13:28:57 -0500] "GET /sipse/faces/javax.faces.resource/primefaces.js?ln=primefaces&v=4.0 HTTP/1.1" 304 -
181.59.3.235 - - [19/Mar/2023:13:28:57 -0500] "GET /sipse/faces/javax.faces.resource/jquery/jquery.js?ln=primefaces&v=4.0 HTTP/1.1" 304 -
181.59.3.235 - - [19/Mar/2023:13:28:57 -0500] "GET /sipse/faces/javax.faces.resource/layout/layout.js?ln=primefaces&v=4.0 HTTP/1.1" 304 -
181.59.3.235 - - [19/Mar/2023:13:29:02 -0500] "GET /sipse/css/imagen/logoSDG.png HTTP/1.1" 304 -
181.59.3.235 - - [19/Mar/2023:13:29:03 -0500] "GET /sipse/faces/javax.faces.resource/images/ui-icons_898989_256x240.png?ln=primefaces-aristo HTTP/1.1" 304 -
181.59.3.235 - - [19/Mar/2023:13:29:03 -0500] "GET /sipse/css/imagen/loginimg.png HTTP/1.1" 304 -
192.168.175.240 - - [19/Mar/2023:13:29:40 -0500] "GET / HTTP/1.1" 200 4720
201.245.192.253 - - [19/Mar/2023:13:29:48 -0500] "POST /kwsrmcab/Wsrmcab  HTTP/1.1" 200 42239
201.245.192.253 - - [19/Mar/2023:13:30:38 -0500] "POST /kwsrmcab/Wsrmcab HTTP/1.1" 200 41417
192.168.175.240 - - [19/Mar/2023:13:30:40 -0500] "GET / HTTP/1.1" 200 4720
201.245.192.253 - - [19/Mar/2023:13:30:40 -0500] "POST /kwsrmcab/Wsrmcab HTTP/1.1" 200 43473
172.22.2.4 - - [19/Mar/2023:13:29:27 -0500] "HEAD /BLA/boletinlegal/ HTTP/1.1" 200 -
192.168.175.240 - - [19/Mar/2023:13:31:40 -0500] "GET / HTTP/1.1" 200 4720
172.22.2.4 - - [19/Mar/2023:13:30:18 -0500] "GET /BLA/boletinlegal/ HTTP/1.1" 200 57551
192.168.175.240 - - [19/Mar/2023:13:32:40 -0500] "GET / HTTP/1.1" 200 4720
216.245.221.92 - - [19/Mar/2023:13:33:37 -0500] "HEAD / HTTP/1.1" 200 -
192.168.175.240 - - [19/Mar/2023:13:33:40 -0500] "GET / HTTP/1.1" 200 4720
201.221.172.228 - - [19/Mar/2023:13:34:36 -0500] "GET /mujeres-que-reverdecen-secretaria-de-ambiente-anuncia-el-inicio-de-la-tercera-fase.html HTTP/1.1" 200 954
192.168.175.240 - - [19/Mar/2023:13:34:40 -0500] "GET / HTTP/1.1" 200 4720
201.245.192.253 - - [19/Mar/2023:13:34:47 -0500] "POST /kwsrmcab/Wsrmcab  HTTP/1.1" 200 42239
192.168.175.240 - - [19/Mar/2023:13:35:40 -0500] "GET / HTTP/1.1" 200 4720
172.22.2.4 - - [19/Mar/2023:13:36:29 -0500] "GET /BLA/boletinlegal/style.css HTTP/1.1" 200 9406
172.22.2.4 - - [19/Mar/2023:13:36:29 -0500] "GET /BLA/boletinlegal/styles2.css HTTP/1.1" 200 1838
172.22.2.4 - - [19/Mar/2023:13:36:29 -0500] "GET /BLA/boletinlegal/js/jquery.scrollShow.js HTTP/1.1" 200 4586
172.22.2.4 - - [19/Mar/2023:13:36:29 -0500] "GET /BLA/boletinlegal/js/jquery.js HTTP/1.1" 200 57254
172.22.2.4 - - [19/Mar/2023:13:36:29 -0500] "GET /BLA/boletinlegal/js/jquery.scrollTo-min.js HTTP/1.1" 200 1150
172.22.2.4 - - [19/Mar/2023:13:36:30 -0500] "GET /BLA/boletinlegal/images/cabezote%20BLEGAL.jpg HTTP/1.1" 200 118164
172.22.2.4 - - [19/Mar/2023:13:36:30 -0500] "GET /BLA/boletinlegal/images/registro-usuarios.png HTTP/1.1" 200 8106
172.22.2.4 - - [19/Mar/2023:13:36:30 -0500] "GET /BLA/boletinlegal/images/subscribe-icon-big.png HTTP/1.1" 200 47702
172.22.2.4 - - [19/Mar/2023:13:36:30 -0500] "GET /BLA/boletinlegal/images/historia.png HTTP/1.1" 200 52775
172.22.2.4 - - [19/Mar/2023:13:36:30 -0500] "GET /BLA/boletinlegal/images/arr_l.jpg HTTP/1.1" 200 1979
172.22.2.4 - - [19/Mar/2023:13:36:30 -0500] "GET /BLA/boletinlegal/images/screen_1.png HTTP/1.1" 200 202547
172.22.2.4 - - [19/Mar/2023:13:36:30 -0500] "GET /BLA/boletinlegal/images/launch.jpg HTTP/1.1" 200 14577
172.22.2.4 - - [19/Mar/2023:13:36:39 -0500] "GET /BLA/boletinlegal/images/screen_3.png HTTP/1.1" 200 210620
172.22.2.4 - - [19/Mar/2023:13:36:39 -0500] "GET /BLA/boletinlegal/images/screen_2.png HTTP/1.1" 200 362502
172.22.2.4 - - [19/Mar/2023:13:36:39 -0500] "GET /BLA/boletinlegal/images/screen_5.png HTTP/1.1" 200 368876
172.22.2.4 - - [19/Mar/2023:13:36:39 -0500] "GET /BLA/boletinlegal/images/arr_r.jpg HTTP/1.1" 200 1998
201.244.235.74 - - [19/Mar/2023:13:36:40 -0500] "POST /sipse/faces/presentacion/financiero/solicitudProceso/consultarSolicitudProceso.xhtml HTTP/1.1" 200 40918
201.244.235.74 - - [19/Mar/2023:13:36:40 -0500] "GET /sipse/faces/javax.faces.resource/theme.css?ln=primefaces-sipse HTTP/1.1" 304 -
201.244.235.74 - - [19/Mar/2023:13:36:40 -0500] "GET /sipse/faces/javax.faces.resource/jquery/jquery.js?ln=primefaces&v=4.0 HTTP/1.1" 304 -
201.244.235.74 - - [19/Mar/2023:13:36:40 -0500] "GET /sipse/faces/javax.faces.resource/primefaces.css?ln=primefaces&v=4.0 HTTP/1.1" 304 -
201.244.235.74 - - [19/Mar/2023:13:36:40 -0500] "GET /sipse/faces/javax.faces.resource/layout/layout.css?ln=primefaces&v=4.0 HTTP/1.1" 304 -
201.244.235.74 - - [19/Mar/2023:13:36:40 -0500] "GET /sipse/faces/javax.faces.resource/jquery/jquery-plugins.js?ln=primefaces&v=4.0 HTTP/1.1" 304 -
201.244.235.74 - - [19/Mar/2023:13:36:40 -0500] "GET /sipse/faces/javax.faces.resource/primefaces.js?ln=primefaces&v=4.0 HTTP/1.1" 304 -
201.244.235.74 - - [19/Mar/2023:13:36:40 -0500] "GET /sipse/faces/javax.faces.resource/layout/layout.js?ln=primefaces&v=4.0 HTTP/1.1" 304 -
201.244.235.74 - - [19/Mar/2023:13:36:40 -0500] "POST /sipse/faces/presentacion/financiero/solicitudProceso/consultar.xhtml HTTP/1.1" 200 34286
192.168.175.240 - - [19/Mar/2023:13:36:40 -0500] "GET / HTTP/1.1" 200 4720
201.244.235.74 - - [19/Mar/2023:13:36:40 -0500] "POST /sipse/faces/presentacion/financiero/solicitudProceso/consultar.xhtml HTTP/1.1" 200 34286
201.244.235.74 - - [19/Mar/2023:13:36:44 -0500] "POST /sipse/faces/presentacion/financiero/solicitudProceso/consultar.xhtml HTTP/1.1" 200 12842
201.244.235.74 - - [19/Mar/2023:13:36:48 -0500] "POST /sipse/faces/presentacion/financiero/solicitudProceso/consultar.xhtml HTTP/1.1" 200 167484
201.244.235.74 - - [19/Mar/2023:13:36:50 -0500] "GET /sipse/faces/javax.faces.resource/theme.css?ln=primefaces-sipse HTTP/1.1" 304 -
201.244.235.74 - - [19/Mar/2023:13:36:50 -0500] "GET /sipse/faces/javax.faces.resource/layout/layout.css?ln=primefaces&v=4.0 HTTP/1.1" 304 -
201.244.235.74 - - [19/Mar/2023:13:36:50 -0500] "GET /sipse/faces/javax.faces.resource/primefaces.css?ln=primefaces&v=4.0 HTTP/1.1" 304 -
201.244.235.74 - - [19/Mar/2023:13:36:50 -0500] "GET /sipse/faces/javax.faces.resource/jquery/jquery.js?ln=primefaces&v=4.0 HTTP/1.1" 304 -
201.244.235.74 - - [19/Mar/2023:13:36:50 -0500] "GET /sipse/faces/javax.faces.resource/jquery/jquery-plugins.js?ln=primefaces&v=4.0 HTTP/1.1" 304 -
201.244.235.74 - - [19/Mar/2023:13:36:50 -0500] "GET /sipse/faces/javax.faces.resource/primefaces.js?ln=primefaces&v=4.0 HTTP/1.1" 304 -
201.244.235.74 - - [19/Mar/2023:13:36:50 -0500] "GET /sipse/faces/javax.faces.resource/layout/layout.js?ln=primefaces&v=4.0 HTTP/1.1" 304 -
172.22.2.4 - - [19/Mar/2023:13:36:50 -0500] "GET /BLA/boletinlegal/images/pdf.gif HTTP/1.1" 200 567
201.244.235.74 - - [19/Mar/2023:13:36:54 -0500] "POST /sipse/faces/presentacion/financiero/solicitudProceso/consultarSolicitudProceso.xhtml HTTP/1.1" 200 163520
172.22.2.4 - - [19/Mar/2023:13:35:17 -0500] "HEAD /BLA/boletinlegal/ HTTP/1.1" 200 -
201.244.235.74 - - [19/Mar/2023:13:37:00 -0500] "POST /sipse/faces/presentacion/financiero/solicitudProceso/consultarSolicitudProceso.xhtml HTTP/1.1" 200 159885
192.168.175.240 - - [19/Mar/2023:13:37:40 -0500] "GET / HTTP/1.1" 200 4720
172.22.2.4 - - [19/Mar/2023:13:36:08 -0500] "GET /BLA/boletinlegal/ HTTP/1.1" 200 47189
172.22.2.4 - - [19/Mar/2023:13:36:29 -0500] "GET /BLA/boletinlegal/ HTTP/1.1" 200 49744
216.245.221.92 - - [19/Mar/2023:13:38:37 -0500] "HEAD / HTTP/1.1" 200 -
192.168.175.240 - - [19/Mar/2023:13:38:40 -0500] "GET / HTTP/1.1" 200 4720
192.168.175.240 - - [19/Mar/2023:13:39:40 -0500] "GET / HTTP/1.1" 200 4720
201.245.192.253 - - [19/Mar/2023:13:39:46 -0500] "POST /kwsrmcab/Wsrmcab  HTTP/1.1" 200 42239
201.245.192.253 - - [19/Mar/2023:13:40:38 -0500] "POST /kwsrmcab/Wsrmcab HTTP/1.1" 200 41417
192.168.175.240 - - [19/Mar/2023:13:40:40 -0500] "GET / HTTP/1.1" 200 4720
201.245.192.253 - - [19/Mar/2023:13:40:41 -0500] "POST /kwsrmcab/Wsrmcab HTTP/1.1" 200 43473
201.244.235.74 - - [19/Mar/2023:13:41:08 -0500] "POST /sipse/faces/presentacion/financiero/solicitudProceso/consultarSolicitudProceso.xhtml HTTP/1.1" 200 40869
201.244.235.74 - - [19/Mar/2023:13:41:08 -0500] "GET /sipse/faces/javax.faces.resource/theme.css?ln=primefaces-sipse HTTP/1.1" 304 -
201.244.235.74 - - [19/Mar/2023:13:41:08 -0500] "GET /sipse/faces/javax.faces.resource/primefaces.css?ln=primefaces&v=4.0 HTTP/1.1" 304 -
201.244.235.74 - - [19/Mar/2023:13:41:08 -0500] "GET /sipse/faces/javax.faces.resource/layout/layout.css?ln=primefaces&v=4.0 HTTP/1.1" 304 -
201.244.235.74 - - [19/Mar/2023:13:41:08 -0500] "GET /sipse/faces/javax.faces.resource/jquery/jquery.js?ln=primefaces&v=4.0 HTTP/1.1" 304 -
201.244.235.74 - - [19/Mar/2023:13:41:09 -0500] "GET /sipse/faces/javax.faces.resource/jquery/jquery-plugins.js?ln=primefaces&v=4.0 HTTP/1.1" 304 -
201.244.235.74 - - [19/Mar/2023:13:41:09 -0500] "GET /sipse/faces/javax.faces.resource/primefaces.js?ln=primefaces&v=4.0 HTTP/1.1" 304 -
45.140.212.183 - - [19/Mar/2023:13:41:09 -0500] "GET /w00tw00t.at.blackhats.romanian.anti-sec:) HTTP/1.1" 403 1006
201.244.235.74 - - [19/Mar/2023:13:41:09 -0500] "GET /sipse/faces/javax.faces.resource/layout/layout.js?ln=primefaces&v=4.0 HTTP/1.1" 304 -
45.140.212.183 - - [19/Mar/2023:13:41:09 -0500] "GET /phpMyAdmin/scripts/setup.php HTTP/1.1" 403 1165
201.244.235.74 - - [19/Mar/2023:13:41:09 -0500] "POST /sipse/faces/presentacion/financiero/solicitudProceso/consultar.xhtml HTTP/1.1" 200 34237
201.244.235.74 - - [19/Mar/2023:13:41:09 -0500] "POST /sipse/faces/presentacion/financiero/solicitudProceso/consultar.xhtml HTTP/1.1" 200 34237
201.244.235.74 - - [19/Mar/2023:13:41:10 -0500] "POST /sipse/faces/presentacion/financiero/solicitudProceso/consultar.xhtml HTTP/1.1" 200 34237
201.244.235.74 - - [19/Mar/2023:13:41:10 -0500] "POST /sipse/faces/presentacion/financiero/solicitudProceso/consultar.xhtml HTTP/1.1" 200 34237
201.244.235.74 - - [19/Mar/2023:13:41:13 -0500] "POST /sipse/faces/presentacion/financiero/solicitudProceso/consultar.xhtml HTTP/1.1" 200 13056
201.244.235.74 - - [19/Mar/2023:13:41:17 -0500] "POST /sipse/faces/presentacion/financiero/solicitudProceso/consultar.xhtml HTTP/1.1" 200 171616
201.244.235.74 - - [19/Mar/2023:13:41:21 -0500] "GET /sipse/faces/javax.faces.resource/primefaces.css?ln=primefaces&v=4.0 HTTP/1.1" 304 -
201.244.235.74 - - [19/Mar/2023:13:41:21 -0500] "GET /sipse/faces/javax.faces.resource/theme.css?ln=primefaces-sipse HTTP/1.1" 304 -
201.244.235.74 - - [19/Mar/2023:13:41:21 -0500] "GET /sipse/faces/javax.faces.resource/layout/layout.css?ln=primefaces&v=4.0 HTTP/1.1" 304 -
201.244.235.74 - - [19/Mar/2023:13:41:21 -0500] "GET /sipse/faces/javax.faces.resource/jquery/jquery.js?ln=primefaces&v=4.0 HTTP/1.1" 304 -
201.244.235.74 - - [19/Mar/2023:13:41:21 -0500] "GET /sipse/faces/javax.faces.resource/jquery/jquery-plugins.js?ln=primefaces&v=4.0 HTTP/1.1" 304 -
201.244.235.74 - - [19/Mar/2023:13:41:21 -0500] "GET /sipse/faces/javax.faces.resource/primefaces.js?ln=primefaces&v=4.0 HTTP/1.1" 304 -
201.244.235.74 - - [19/Mar/2023:13:41:21 -0500] "GET /sipse/faces/javax.faces.resource/layout/layout.js?ln=primefaces&v=4.0 HTTP/1.1" 304 -
191.156.59.81 - - [19/Mar/2023:13:41:26 -0500] "GET /images/jardines-verticales_optimized.jpeg HTTP/1.1" 200 138197
201.244.235.74 - - [19/Mar/2023:13:41:25 -0500] "POST /sipse/faces/presentacion/financiero/solicitudProceso/consultarSolicitudProceso.xhtml HTTP/1.1" 200 241813
201.244.235.74 - - [19/Mar/2023:13:41:27 -0500] "POST /sipse/faces/presentacion/financiero/solicitudProceso/consultarSolicitudProceso.xhtml HTTP/1.1" 200 160395
192.168.175.240 - - [19/Mar/2023:13:41:40 -0500] "GET / HTTP/1.1" 200 4720
191.156.49.173 - - [19/Mar/2023:13:41:50 -0500] "GET /%C3%82%C2%BFquieres-aprender-sobre-jardines-verticales-esta-es-tu-oportunidad.html HTTP/1.1" 200 925
192.168.175.240 - - [19/Mar/2023:13:42:40 -0500] "GET / HTTP/1.1" 200 4720
172.22.2.4 - - [19/Mar/2023:13:41:07 -0500] "HEAD /BLA/boletinlegal/ HTTP/1.1" 200 -
216.245.221.92 - - [19/Mar/2023:13:43:37 -0500] "HEAD / HTTP/1.1" 200 -
172.22.2.4 - - [19/Mar/2023:13:41:58 -0500] "GET /BLA/boletinlegal/ HTTP/1.1" 200 55211
192.168.175.240 - - [19/Mar/2023:13:43:40 -0500] "GET / HTTP/1.1" 200 4720
192.168.175.240 - - [19/Mar/2023:13:44:40 -0500] "GET / HTTP/1.1" 200 4720
201.245.192.253 - - [19/Mar/2023:13:44:45 -0500] "POST /kwsrmcab/Wsrmcab  HTTP/1.1" 200 42239
191.95.55.9 - - [19/Mar/2023:13:45:22 -0500] "GET /mujeres-que-reverdecen-secretaria-de-ambiente-anuncia-el-inicio-de-la-tercera-fase.html HTTP/1.1" 200 954
192.168.175.240 - - [19/Mar/2023:13:45:40 -0500] "GET / HTTP/1.1" 200 4720
192.168.175.240 - - [19/Mar/2023:13:46:40 -0500] "GET / HTTP/1.1" 200 4720
192.168.175.240 - - [19/Mar/2023:13:47:40 -0500] "GET / HTTP/1.1" 200 4720
216.245.221.92 - - [19/Mar/2023:13:48:37 -0500] "HEAD / HTTP/1.1" 200 -
172.22.2.4 - - [19/Mar/2023:13:46:57 -0500] "HEAD /BLA/boletinlegal/ HTTP/1.1" 200 -
192.168.175.240 - - [19/Mar/2023:13:48:40 -0500] "GET / HTTP/1.1" 200 4720
172.22.2.4 - - [19/Mar/2023:13:47:48 -0500] "GET /BLA/boletinlegal/ HTTP/1.1" 200 57551
192.168.175.240 - - [19/Mar/2023:13:49:40 -0500] "GET / HTTP/1.1" 200 4720
201.245.192.253 - - [19/Mar/2023:13:49:44 -0500] "POST /kwsrmcab/Wsrmcab  HTTP/1.1" 200 42239
52.167.144.71 - - [19/Mar/2023:13:49:50 -0500] "GET /autoliquidacion/index.php?dir=cobro+evaluacion+certificaci\xc3\xb3n+para+la+deducci\xc3\xb3n+por+inversi\xc3\xb3n+en+medio+ambiente HTTP/1.1" 200 7033
192.168.175.240 - - [19/Mar/2023:13:50:40 -0500] "GET / HTTP/1.1" 200 4720
192.168.175.240 - - [19/Mar/2023:13:51:40 -0500] "GET / HTTP/1.1" 200 4720
192.168.175.240 - - [19/Mar/2023:13:52:40 -0500] "GET / HTTP/1.1" 200 4720
216.245.221.92 - - [19/Mar/2023:13:53:37 -0500] "HEAD / HTTP/1.1" 200 -
192.168.175.240 - - [19/Mar/2023:13:53:40 -0500] "GET / HTTP/1.1" 200 4720
172.22.2.4 - - [19/Mar/2023:13:52:47 -0500] "HEAD /BLA/boletinlegal/ HTTP/1.1" 200 -
192.168.175.240 - - [19/Mar/2023:13:54:40 -0500] "GET / HTTP/1.1" 200 4720
201.245.192.253 - - [19/Mar/2023:13:54:43 -0500] "POST /kwsrmcab/Wsrmcab  HTTP/1.1" 200 42239
172.22.2.4 - - [19/Mar/2023:13:53:38 -0500] "GET /BLA/boletinlegal/ HTTP/1.1" 200 59296
192.168.175.240 - - [19/Mar/2023:13:55:40 -0500] "GET / HTTP/1.1" 200 4720
14.29.181.90 - - [19/Mar/2023:13:56:32 -0500] "GET / HTTP/1.1" 200 319
192.168.175.240 - - [19/Mar/2023:13:56:40 -0500] "GET / HTTP/1.1" 200 4720
175.178.33.83 - - [19/Mar/2023:13:57:19 -0500] "GET /xmlrpc.php HTTP/1.1" 404 1034
192.168.175.240 - - [19/Mar/2023:13:57:40 -0500] "GET / HTTP/1.1" 200 4720
172.22.2.4 - - [19/Mar/2023:13:57:50 -0500] "GET /BLA/boletinlegal/favicon.ico HTTP/1.1" 404 1038
216.245.221.92 - - [19/Mar/2023:13:58:37 -0500] "HEAD / HTTP/1.1" 200 -
192.168.175.240 - - [19/Mar/2023:13:58:40 -0500] "GET / HTTP/1.1" 200 4720
201.244.235.74 - - [19/Mar/2023:13:59:02 -0500] "POST /sipse/faces/presentacion/financiero/solicitudProceso/consultarSolicitudProceso.xhtml HTTP/1.1" 200 41083
201.244.235.74 - - [19/Mar/2023:13:59:03 -0500] "GET /sipse/faces/javax.faces.resource/theme.css?ln=primefaces-sipse HTTP/1.1" 304 -
201.244.235.74 - - [19/Mar/2023:13:59:03 -0500] "GET /sipse/faces/javax.faces.resource/layout/layout.css?ln=primefaces&v=4.0 HTTP/1.1" 304 -
201.244.235.74 - - [19/Mar/2023:13:59:03 -0500] "GET /sipse/faces/javax.faces.resource/primefaces.css?ln=primefaces&v=4.0 HTTP/1.1" 304 -
201.244.235.74 - - [19/Mar/2023:13:59:03 -0500] "GET /sipse/faces/javax.faces.resource/jquery/jquery.js?ln=primefaces&v=4.0 HTTP/1.1" 304 -
201.244.235.74 - - [19/Mar/2023:13:59:03 -0500] "GET /sipse/faces/javax.faces.resource/jquery/jquery-plugins.js?ln=primefaces&v=4.0 HTTP/1.1" 304 -
201.244.235.74 - - [19/Mar/2023:13:59:03 -0500] "GET /sipse/faces/javax.faces.resource/primefaces.js?ln=primefaces&v=4.0 HTTP/1.1" 304 -
201.244.235.74 - - [19/Mar/2023:13:59:03 -0500] "GET /sipse/faces/javax.faces.resource/layout/layout.js?ln=primefaces&v=4.0 HTTP/1.1" 304 -
201.244.235.74 - - [19/Mar/2023:13:59:03 -0500] "POST /sipse/faces/presentacion/financiero/solicitudProceso/consultar.xhtml HTTP/1.1" 200 34451
201.244.235.74 - - [19/Mar/2023:13:59:03 -0500] "POST /sipse/faces/presentacion/financiero/solicitudProceso/consultar.xhtml HTTP/1.1" 200 34451
201.244.235.74 - - [19/Mar/2023:13:59:03 -0500] "POST /sipse/faces/presentacion/financiero/solicitudProceso/consultar.xhtml HTTP/1.1" 200 34451
201.244.235.74 - - [19/Mar/2023:13:59:03 -0500] "POST /sipse/faces/presentacion/financiero/solicitudProceso/consultar.xhtml HTTP/1.1" 200 34451
201.244.235.74 - - [19/Mar/2023:13:59:03 -0500] "POST /sipse/faces/presentacion/financiero/solicitudProceso/consultar.xhtml HTTP/1.1" 200 34451
201.244.235.74 - - [19/Mar/2023:13:59:04 -0500] "POST /sipse/faces/presentacion/financiero/solicitudProceso/consultar.xhtml HTTP/1.1" 200 34451
201.244.235.74 - - [19/Mar/2023:13:59:05 -0500] "POST /sipse/faces/presentacion/financiero/solicitudProceso/consultar.xhtml HTTP/1.1" 200 12773
201.244.235.74 - - [19/Mar/2023:13:59:09 -0500] "POST /sipse/faces/presentacion/financiero/solicitudProceso/consultar.xhtml HTTP/1.1" 200 149724
201.244.235.74 - - [19/Mar/2023:13:59:10 -0500] "GET /sipse/faces/javax.faces.resource/primefaces.css?ln=primefaces&v=4.0 HTTP/1.1" 304 -
201.244.235.74 - - [19/Mar/2023:13:59:10 -0500] "GET /sipse/faces/javax.faces.resource/layout/layout.css?ln=primefaces&v=4.0 HTTP/1.1" 304 -
201.244.235.74 - - [19/Mar/2023:13:59:10 -0500] "GET /sipse/faces/javax.faces.resource/theme.css?ln=primefaces-sipse HTTP/1.1" 304 -
201.244.235.74 - - [19/Mar/2023:13:59:10 -0500] "GET /sipse/faces/javax.faces.resource/jquery/jquery.js?ln=primefaces&v=4.0 HTTP/1.1" 304 -
201.244.235.74 - - [19/Mar/2023:13:59:10 -0500] "GET /sipse/faces/javax.faces.resource/jquery/jquery-plugins.js?ln=primefaces&v=4.0 HTTP/1.1" 304 -
201.244.235.74 - - [19/Mar/2023:13:59:10 -0500] "GET /sipse/faces/javax.faces.resource/primefaces.js?ln=primefaces&v=4.0 HTTP/1.1" 304 -
201.244.235.74 - - [19/Mar/2023:13:59:10 -0500] "GET /sipse/faces/javax.faces.resource/layout/layout.js?ln=primefaces&v=4.0 HTTP/1.1" 304 -
201.244.235.74 - - [19/Mar/2023:13:59:15 -0500] "POST /sipse/faces/presentacion/financiero/solicitudProceso/consultarSolicitudProceso.xhtml HTTP/1.1" 200 159885
201.244.235.74 - - [19/Mar/2023:13:59:16 -0500] "POST /sipse/faces/presentacion/financiero/solicitudProceso/consultarSolicitudProceso.xhtml HTTP/1.1" 200 72259
192.168.175.240 - - [19/Mar/2023:13:59:40 -0500] "GET / HTTP/1.1" 200 4720
201.245.192.253 - - [19/Mar/2023:13:59:44 -0500] "POST /kwsrmcab/Wsrmcab  HTTP/1.1" 200 42239
172.22.2.4 - - [19/Mar/2023:13:58:37 -0500] "HEAD /BLA/boletinlegal/ HTTP/1.1" 200 -
192.168.175.240 - - [19/Mar/2023:14:00:40 -0500] "GET / HTTP/1.1" 200 4720
172.22.2.4 - - [19/Mar/2023:13:59:28 -0500] "GET /BLA/boletinlegal/ HTTP/1.1" 200 53104
45.140.212.183 - - [19/Mar/2023:14:01:10 -0500] "GET /w00tw00t.at.blackhats.romanian.anti-sec:) HTTP/1.1" 403 1006
45.140.212.183 - - [19/Mar/2023:14:01:11 -0500] "GET /phpMyAdmin/scripts/setup.php HTTP/1.1" 403 1165
192.168.175.240 - - [19/Mar/2023:14:01:40 -0500] "GET / HTTP/1.1" 200 4720
192.168.175.240 - - [19/Mar/2023:14:02:40 -0500] "GET / HTTP/1.1" 200 4720
69.63.184.3 - - [19/Mar/2023:14:03:04 -0500] "GET /conoce-las-medidas-de-prevencion-y-mitigacion-contempladas-en-la-alerta-fase-1-por-calidad-del-aire.html HTTP/1.1" 206 917
216.245.221.92 - - [19/Mar/2023:14:03:37 -0500] "HEAD / HTTP/1.1" 200 -
192.168.175.240 - - [19/Mar/2023:14:03:40 -0500] "GET / HTTP/1.1" 200 4720
192.168.175.240 - - [19/Mar/2023:14:04:40 -0500] "GET / HTTP/1.1" 200 4720
201.245.192.253 - - [19/Mar/2023:14:04:43 -0500] "POST /kwsrmcab/Wsrmcab  HTTP/1.1" 200 42239
192.168.175.240 - - [19/Mar/2023:14:05:40 -0500] "GET / HTTP/1.1" 200 4720
172.22.2.4 - - [19/Mar/2023:14:04:27 -0500] "HEAD /BLA/boletinlegal/ HTTP/1.1" 200 -
192.168.175.240 - - [19/Mar/2023:14:06:40 -0500] "GET / HTTP/1.1" 200 4720
172.22.2.4 - - [19/Mar/2023:14:05:18 -0500] "GET /BLA/boletinlegal/ HTTP/1.1" 200 52720
192.168.175.240 - - [19/Mar/2023:14:07:40 -0500] "GET / HTTP/1.1" 200 4720
216.245.221.92 - - [19/Mar/2023:14:08:37 -0500] "HEAD / HTTP/1.1" 200 -
192.168.175.240 - - [19/Mar/2023:14:08:40 -0500] "GET / HTTP/1.1" 200 4720
201.244.240.169 - - [19/Mar/2023:14:08:42 -0500] "GET /galeria/galeria/jquery.fancybox.css?v=2.1.5 HTTP/1.1" 200 4895
201.244.240.169 - - [19/Mar/2023:14:08:43 -0500] "GET /BLA/boletinlegal/js/jquery.scrollShow.js HTTP/1.1" 200 4586
201.244.240.169 - - [19/Mar/2023:14:08:43 -0500] "GET /galeria/galeria/jquery.fancybox.js?v=2.1.5 HTTP/1.1" 200 48706
192.168.175.240 - - [19/Mar/2023:14:09:40 -0500] "GET / HTTP/1.1" 200 4720
201.245.192.253 - - [19/Mar/2023:14:09:42 -0500] "POST /kwsrmcab/Wsrmcab  HTTP/1.1" 200 42239
192.168.175.240 - - [19/Mar/2023:14:10:40 -0500] "GET / HTTP/1.1" 200 4720
192.168.175.240 - - [19/Mar/2023:14:11:40 -0500] "GET / HTTP/1.1" 200 4720
69.147.95.10 - - [19/Mar/2023:14:11:50 -0500] "GET /images/jardines-verticales_optimized.jpeg HTTP/1.1" 200 138197
172.22.2.4 - - [19/Mar/2023:14:10:17 -0500] "HEAD /BLA/boletinlegal/ HTTP/1.1" 200 -
192.168.175.240 - - [19/Mar/2023:14:12:40 -0500] "GET / HTTP/1.1" 200 4720
172.22.2.4 - - [19/Mar/2023:14:11:08 -0500] "GET /BLA/boletinlegal/ HTTP/1.1" 200 56744
216.245.221.92 - - [19/Mar/2023:14:13:37 -0500] "HEAD / HTTP/1.1" 200 -
192.168.175.240 - - [19/Mar/2023:14:13:40 -0500] "GET / HTTP/1.1" 200 4720
64.124.8.53 - - [19/Mar/2023:14:13:44 -0500] "GET /galeria/nivo-slider/demo/images/bannerbolsas.jpg HTTP/1.1" 304 -
64.124.8.53 - - [19/Mar/2023:14:13:44 -0500] "GET /galeria/galeria/fotos/2GuaymaralTorcaG2.jpg HTTP/1.1" 304 -
64.124.8.53 - - [19/Mar/2023:14:13:44 -0500] "GET /galeria/galeria/fotos/Huemdal-Cordoba2G.jpg HTTP/1.1" 304 -
64.124.8.53 - - [19/Mar/2023:14:14:16 -0500] "GET /galeria/galeria/fotos/Capellania3P.jpg HTTP/1.1" 304 -
192.168.175.240 - - [19/Mar/2023:14:14:40 -0500] "GET / HTTP/1.1" 200 4720
201.245.192.253 - - [19/Mar/2023:14:14:41 -0500] "POST /kwsrmcab/Wsrmcab  HTTP/1.1" 200 42239
173.252.79.14 - - [19/Mar/2023:14:14:48 -0500] "GET /images/Puntos%20calientes%2024%20de%20febrero.jpeg HTTP/1.1" 200 42626
192.168.175.240 - - [19/Mar/2023:14:15:40 -0500] "GET / HTTP/1.1" 200 4720
186.28.200.141 - - [19/Mar/2023:14:15:55 -0500] "GET /appsia/controlador HTTP/1.1" 200 4799
186.28.200.141 - - [19/Mar/2023:14:15:55 -0500] "GET /appsia/css/estilos.css HTTP/1.1" 304 -
186.28.200.141 - - [19/Mar/2023:14:15:55 -0500] "GET /appsia/scripts/validarIngreso.js HTTP/1.1" 304 -
186.28.200.141 - - [19/Mar/2023:14:15:55 -0500] "GET /appsia/images/logo_bogota_p.png HTTP/1.1" 304 -
186.28.200.141 - - [19/Mar/2023:14:15:55 -0500] "GET /appsia/images/cabezoteHojaVida.png HTTP/1.1" 200 32493
192.168.175.240 - - [19/Mar/2023:14:16:40 -0500] "GET / HTTP/1.1" 200 4720
192.168.175.240 - - [19/Mar/2023:14:17:40 -0500] "GET / HTTP/1.1" 200 4720
172.22.2.4 - - [19/Mar/2023:14:16:07 -0500] "HEAD /BLA/boletinlegal/ HTTP/1.1" 200 -
162.55.38.160 - - [19/Mar/2023:14:18:23 -0500] "GET / HTTP/1.1" 200 319
162.55.38.160 - - [19/Mar/2023:14:18:25 -0500] "GET / HTTP/1.1" 200 4720
168.119.252.243 - - [19/Mar/2023:14:18:34 -0500] "GET / HTTP/1.1" 200 4720
168.119.252.243 - - [19/Mar/2023:14:18:34 -0500] "GET / HTTP/1.1" 200 319
172.22.2.4 - - [19/Mar/2023:14:18:36 -0500] "OPTIONS /BLA/boletinlegal/js/lib.js HTTP/1.1" 200 -
172.22.2.4 - - [19/Mar/2023:14:18:36 -0500] "OPTIONS /BLA/boletinlegal/niceforms.js HTTP/1.1" 200 -
172.22.2.4 - - [19/Mar/2023:14:18:36 -0500] "OPTIONS /BLA/boletinlegal/niceforms-default.css HTTP/1.1" 200 -
172.22.2.4 - - [19/Mar/2023:14:18:36 -0500] "OPTIONS /BLA/boletinlegal/js/ajax_actos.js HTTP/1.1" 200 -
172.22.2.4 - - [19/Mar/2023:14:18:36 -0500] "OPTIONS /BLA/boletinlegal/js/popup.js HTTP/1.1" 200 -
172.22.2.4 - - [19/Mar/2023:14:18:36 -0500] "OPTIONS /BLA/boletinlegal/js/jquery1.js HTTP/1.1" 200 -
172.22.2.4 - - [19/Mar/2023:14:18:36 -0500] "OPTIONS /BLA/boletinlegal/images/tel.png HTTP/1.1" 200 -
172.22.2.4 - - [19/Mar/2023:14:18:36 -0500] "OPTIONS /BLA/boletinlegal/images/menu_rght.gif HTTP/1.1" 200 -
172.22.2.4 - - [19/Mar/2023:14:18:36 -0500] "OPTIONS /BLA/boletinlegal/images/menu_lft.gif HTTP/1.1" 200 -
172.22.2.4 - - [19/Mar/2023:14:18:36 -0500] "OPTIONS /BLA/boletinlegal/images/icono-email.png HTTP/1.1" 200 -
172.22.2.4 - - [19/Mar/2023:14:18:36 -0500] "OPTIONS /BLA/boletinlegal/images/body_bg.jpg HTTP/1.1" 200 -
172.22.2.4 - - [19/Mar/2023:14:18:36 -0500] "OPTIONS /BLA/boletinlegal/images/bg_top.jpg HTTP/1.1" 200 -
172.22.2.4 - - [19/Mar/2023:14:18:36 -0500] "OPTIONS /BLA/boletinlegal/images/green-yellow-blue-pink-th.png HTTP/1.1" 200 -
172.22.2.4 - - [19/Mar/2023:14:18:36 -0500] "OPTIONS /BLA/boletinlegal/images/hover.jpg HTTP/1.1" 200 -
172.22.2.4 - - [19/Mar/2023:14:18:36 -0500] "OPTIONS /BLA/boletinlegal/images/menu_bg.jpg HTTP/1.1" 200 -
172.22.2.4 - - [19/Mar/2023:14:18:36 -0500] "OPTIONS /BLA/boletinlegal/images/footer_bg.jpg HTTP/1.1" 200 -
172.22.2.4 - - [19/Mar/2023:14:18:36 -0500] "OPTIONS /BLA/boletinlegal/images/text.jpg HTTP/1.1" 200 -
172.22.2.4 - - [19/Mar/2023:14:18:36 -0500] "OPTIONS /BLA/boletinlegal/images/footer_bg_l.jpg HTTP/1.1" 200 -
172.22.2.4 - - [19/Mar/2023:14:18:36 -0500] "OPTIONS /BLA/boletinlegal/img/0.png HTTP/1.1" 200 -
172.22.2.4 - - [19/Mar/2023:14:18:36 -0500] "OPTIONS /BLA/boletinlegal/img/button-left.png HTTP/1.1" 200 -
172.22.2.4 - - [19/Mar/2023:14:18:36 -0500] "OPTIONS /BLA/boletinlegal/img/select-right.png HTTP/1.1" 200 -
172.22.2.4 - - [19/Mar/2023:14:18:36 -0500] "OPTIONS /BLA/boletinlegal/img/button-right.png HTTP/1.1" 200 -
172.22.2.4 - - [19/Mar/2023:14:18:36 -0500] "OPTIONS /BLA/boletinlegal/img/button.png HTTP/1.1" 200 -
172.22.2.4 - - [19/Mar/2023:14:18:36 -0500] "OPTIONS /BLA/boletinlegal/img/select-left.png HTTP/1.1" 200 -
216.245.221.92 - - [19/Mar/2023:14:18:37 -0500] "HEAD / HTTP/1.1" 200 -
172.22.2.4 - - [19/Mar/2023:14:16:58 -0500] "GET /BLA/boletinlegal/ HTTP/1.1" 200 57551
192.168.175.240 - - [19/Mar/2023:14:18:40 -0500] "GET / HTTP/1.1" 200 4720
192.168.175.240 - - [19/Mar/2023:14:19:40 -0500] "GET / HTTP/1.1" 200 4720
201.245.192.253 - - [19/Mar/2023:14:19:40 -0500] "POST /kwsrmcab/Wsrmcab  HTTP/1.1" 200 42239
173.252.95.2 - - [19/Mar/2023:14:20:27 -0500] "GET /ya-llegan-las-aves-migratorias-bogota-se-alista-para-recibirlas.html HTTP/1.1" 206 892
173.252.95.117 - - [19/Mar/2023:14:20:27 -0500] "GET /images/tinguas-26-octubre.jpg HTTP/1.1" 200 105485
173.252.79.16 - - [19/Mar/2023:14:20:28 -0500] "GET /images/tinguas-26-octubre.jpg HTTP/1.1" 200 105485
201.245.192.253 - - [19/Mar/2023:14:20:38 -0500] "POST /kwsrmcab/Wsrmcab HTTP/1.1" 200 42568
192.168.175.240 - - [19/Mar/2023:14:20:40 -0500] "GET / HTTP/1.1" 200 4720
201.245.192.253 - - [19/Mar/2023:14:20:41 -0500] "POST /kwsrmcab/Wsrmcab HTTP/1.1" 200 43317
191.156.144.179 - - [19/Mar/2023:14:21:29 -0500] "GET /%C3%82%C2%BFquieres-aprender-sobre-jardines-verticales-esta-es-tu-oportunidad.html HTTP/1.1" 200 925
192.168.175.240 - - [19/Mar/2023:14:21:40 -0500] "GET / HTTP/1.1" 200 4720
192.168.175.240 - - [19/Mar/2023:14:22:40 -0500] "GET / HTTP/1.1" 200 4720
34.250.24.75 - - [19/Mar/2023:14:22:47 -0500] "GET /BLA/resoluciones/AUTOS%202021/3735.pdf HTTP/1.1" 200 350230
216.245.221.92 - - [19/Mar/2023:14:23:37 -0500] "HEAD / HTTP/1.1" 200 -
172.22.2.4 - - [19/Mar/2023:14:21:57 -0500] "HEAD /BLA/boletinlegal/ HTTP/1.1" 200 -
192.168.175.240 - - [19/Mar/2023:14:23:40 -0500] "GET / HTTP/1.1" 200 4720
172.22.2.4 - - [19/Mar/2023:14:22:48 -0500] "GET /BLA/boletinlegal/ HTTP/1.1" 200 55211
201.245.192.253 - - [19/Mar/2023:14:24:36 -0500] "POST /kwsrmcab/Wsrmcab  HTTP/1.1" 200 42239
192.168.175.240 - - [19/Mar/2023:14:24:40 -0500] "GET / HTTP/1.1" 200 4720
192.168.175.240 - - [19/Mar/2023:14:25:40 -0500] "GET / HTTP/1.1" 200 4720
192.168.175.240 - - [19/Mar/2023:14:26:40 -0500] "GET / HTTP/1.1" 200 4720
192.168.175.240 - - [19/Mar/2023:14:27:40 -0500] "GET / HTTP/1.1" 200 4720
52.167.144.149 - - [19/Mar/2023:14:27:47 -0500] "GET /BLA/resoluciones/AUTOS%202021/5786.pdf HTTP/1.1" 200 349752
216.245.221.92 - - [19/Mar/2023:14:28:37 -0500] "HEAD / HTTP/1.1" 200 -
192.168.175.240 - - [19/Mar/2023:14:28:40 -0500] "GET / HTTP/1.1" 200 4720
66.249.70.180 - - [19/Mar/2023:14:28:43 -0500] "-" 408 -
172.22.2.4 - - [19/Mar/2023:14:27:47 -0500] "HEAD /BLA/boletinlegal/ HTTP/1.1" 200 -
201.245.192.253 - - [19/Mar/2023:14:29:33 -0500] "POST /kwsrmcab/Wsrmcab  HTTP/1.1" 200 42239
192.168.175.240 - - [19/Mar/2023:14:29:40 -0500] "GET / HTTP/1.1" 200 4720
185.119.81.105 - - [19/Mar/2023:14:29:42 -0500] "GET /portaldeninos/wp-login.php HTTP/1.1" 200 2592
185.119.81.105 - - [19/Mar/2023:14:29:43 -0500] "POST /portaldeninos/wp-login.php HTTP/1.1" 200 3650
172.22.2.4 - - [19/Mar/2023:14:28:38 -0500] "GET /BLA/boletinlegal/ HTTP/1.1" 200 58653
192.168.175.240 - - [19/Mar/2023:14:30:40 -0500] "GET / HTTP/1.1" 200 4720
201.245.192.253 - - [19/Mar/2023:14:30:38 -0500] "POST /kwsrmcab/Wsrmcab HTTP/1.1" 200 42568
201.245.192.253 - - [19/Mar/2023:14:30:41 -0500] "POST /kwsrmcab/Wsrmcab HTTP/1.1" 200 43317
172.22.2.4 - - [19/Mar/2023:14:30:45 -0500] "GET /BLA/boletinlegal/robots.txt HTTP/1.1" 404 1140
52.167.144.142 - - [19/Mar/2023:14:31:05 -0500] "GET /forest/ HTTP/1.1" 200 12041
191.156.38.232 - - [19/Mar/2023:14:31:24 -0500] "GET /images/jardines-verticales_optimized.jpeg HTTP/1.1" 200 138197
192.168.175.240 - - [19/Mar/2023:14:31:40 -0500] "GET / HTTP/1.1" 200 4720
77.91.70.139 - - [19/Mar/2023:14:32:11 -0500] "GET http://ip-api.com/json/ HTTP/1.1" 404 1014
192.168.175.240 - - [19/Mar/2023:14:32:40 -0500] "GET / HTTP/1.1" 200 4720
186.102.5.74 - - [19/Mar/2023:14:33:16 -0500] "GET /%C3%82%C2%BFquieres-aprender-sobre-jardines-verticales-esta-es-tu-oportunidad.html HTTP/1.1" 200 925
216.245.221.92 - - [19/Mar/2023:14:33:37 -0500] "HEAD / HTTP/1.1" 200 -
192.168.175.240 - - [19/Mar/2023:14:33:40 -0500] "GET / HTTP/1.1" 200 4720
201.245.192.253 - - [19/Mar/2023:14:34:32 -0500] "POST /kwsrmcab/Wsrmcab  HTTP/1.1" 200 42239
192.168.175.240 - - [19/Mar/2023:14:34:40 -0500] "GET / HTTP/1.1" 200 4720
95.217.144.247 - - [19/Mar/2023:14:35:14 -0500] "-" 408 -
172.22.2.4 - - [19/Mar/2023:14:33:37 -0500] "HEAD /BLA/boletinlegal/ HTTP/1.1" 200 -
192.168.175.240 - - [19/Mar/2023:14:35:40 -0500] "GET / HTTP/1.1" 200 4720
172.22.2.4 - - [19/Mar/2023:14:34:28 -0500] "GET /BLA/boletinlegal/ HTTP/1.1" 200 57141
192.168.175.240 - - [19/Mar/2023:14:36:40 -0500] "GET / HTTP/1.1" 200 4720
168.119.51.200 - - [19/Mar/2023:14:37:11 -0500] "GET / HTTP/1.1" 200 319
168.119.51.200 - - [19/Mar/2023:14:37:12 -0500] "GET / HTTP/1.1" 200 4720
192.168.175.240 - - [19/Mar/2023:14:37:40 -0500] "GET / HTTP/1.1" 200 4720
186.28.134.227 - - [19/Mar/2023:14:38:20 -0500] "GET /galeria/galeria/jquery.fancybox.js?v=2.1.5 HTTP/1.1" 200 48706
186.28.134.227 - - [19/Mar/2023:14:38:20 -0500] "GET /galeria/galeria/jquery.fancybox.css?v=2.1.5 HTTP/1.1" 200 4895
186.28.134.227 - - [19/Mar/2023:14:38:20 -0500] "GET /BLA/boletinlegal/js/jquery.scrollShow.js HTTP/1.1" 200 4586
216.245.221.92 - - [19/Mar/2023:14:38:37 -0500] "HEAD / HTTP/1.1" 200 -
192.168.175.240 - - [19/Mar/2023:14:38:40 -0500] "GET / HTTP/1.1" 200 4720
201.245.192.253 - - [19/Mar/2023:14:39:31 -0500] "POST /kwsrmcab/Wsrmcab  HTTP/1.1" 200 42239
192.168.175.240 - - [19/Mar/2023:14:39:40 -0500] "GET / HTTP/1.1" 200 4720
201.245.192.253 - - [19/Mar/2023:14:40:37 -0500] "POST /kwsrmcab/Wsrmcab HTTP/1.1" 200 42568
192.168.175.240 - - [19/Mar/2023:14:40:40 -0500] "GET / HTTP/1.1" 200 4720
201.245.192.253 - - [19/Mar/2023:14:40:40 -0500] "POST /kwsrmcab/Wsrmcab HTTP/1.1" 200 43317
172.22.2.4 - - [19/Mar/2023:14:39:27 -0500] "HEAD /BLA/boletinlegal/ HTTP/1.1" 200 -
192.168.175.240 - - [19/Mar/2023:14:41:40 -0500] "GET / HTTP/1.1" 200 4720
172.22.2.4 - - [19/Mar/2023:14:40:18 -0500] "GET /BLA/boletinlegal/ HTTP/1.1" 200 52316
192.168.175.240 - - [19/Mar/2023:14:42:40 -0500] "GET / HTTP/1.1" 200 4720
173.252.95.4 - - [19/Mar/2023:14:42:51 -0500] "GET /si-te-gusta-la-pintura-el-dibujo-o-la-fotografia-el-concurso-a-vuelo-de-pajaro-es-para-ti.html HTTP/1.1" 206 861
216.245.221.92 - - [19/Mar/2023:14:43:37 -0500] "HEAD / HTTP/1.1" 200 -
192.168.175.240 - - [19/Mar/2023:14:43:40 -0500] "GET / HTTP/1.1" 200 4720
201.245.192.253 - - [19/Mar/2023:14:44:32 -0500] "POST /kwsrmcab/Wsrmcab  HTTP/1.1" 200 42239
192.168.175.240 - - [19/Mar/2023:14:44:40 -0500] "GET / HTTP/1.1" 200 4720
186.102.2.144 - - [19/Mar/2023:14:44:41 -0500] "GET /kwssiamovil/sm/ldap/au?x=U2FsdGVkX18WjHi+BhO/Vdt1TIy9fWh/DHxWtn+xXc08gX0rbKUTcsY9NvHl4GKV&y=U2FsdGVkX18J/lnQqh+Sj0s1RFVyysmBFZqsP2oZUs+LdeqI66JH/QX9iysoldiQ HTTP/1.1" 200 30
186.102.2.144 - - [19/Mar/2023:14:44:42 -0500] "GET /kwssiamovil/sm/acme/s?s=U2FsdGVkX193glV1oE8owpJC21qEquCEj4AJsZygpuH9BEMBcB68aWk3DM+SyW+F9DkJUpoFeZN2zORlqCyoYwwHxOiqMflgjAnycUFMXnM=&u=U2FsdGVkX1/5eNvxBfRGLZV1WLoxUnzOY2xQz7nUf9CktpZQda1SZqkUeSQfokYH&y=U2FsdGVkX18J/lnQqh+Sj0s1RFVyysmBFZqsP2oZUs+LdeqI66JH/QX9iysoldiQ HTTP/1.1" 200 97
