173.252.95.120 - - [19/Mar/2023:12:00:48 -0500] "GET /images/camino-a-los-cerros-1_optimized.jpeg HTTP/1.1" 200 222279
173.252.95.19 - - [19/Mar/2023:12:00:48 -0500] "GET /images/empresas-alertas_optimized.jpeg HTTP/1.1" 200 142365
173.252.95.8 - - [19/Mar/2023:12:00:48 -0500] "GET /images/28%20de%20febrero%20operativo.jpeg HTTP/1.1" 200 62220
173.252.95.16 - - [19/Mar/2023:12:00:48 -0500] "GET /images/20%20de%20febrero%20panor\xc3\xa1mica%20de%20Bogot\xc3\xa1%20(1)%20(1).jpeg HTTP/1.1" 404 1034
173.252.95.3 - - [19/Mar/2023:12:00:48 -0500] "GET /images/idpyba-4-marzo-1_optimized.jpeg HTTP/1.1" 200 115318
173.252.95.11 - - [19/Mar/2023:12:00:48 -0500] "GET /images/24%20de%20febrero%20Sendero%20guadalupe%202.jpeg HTTP/1.1" 200 70964
173.252.95.13 - - [19/Mar/2023:12:00:53 -0500] "GET /images/2%20de%20febrero%20liberaci\xc3\xb3n%20Tunjo.jpeg HTTP/1.1" 404 1034
173.252.95.21 - - [19/Mar/2023:12:00:53 -0500] "GET /images/WhatsApp%20Image%202023-02-15%20at%205.07.25%20PM.jpeg HTTP/1.1" 200 50573
173.252.95.14 - - [19/Mar/2023:12:00:53 -0500] "GET /images/vertimiento-Comprimida%20(1).png HTTP/1.1" 200 22870
173.252.95.21 - - [19/Mar/2023:12:00:53 -0500] "GET /images/Conversatorio%20aire%201%20(1).jpeg HTTP/1.1" 200 72040
173.252.95.2 - - [19/Mar/2023:12:00:53 -0500] "GET /images/Secretarias%20Fondo%20carga%206%20de%20febrero.jpeg HTTP/1.1" 200 55460
173.252.95.19 - - [19/Mar/2023:12:00:53 -0500] "GET /images/8%20de%20febrero%20incendio%20forestal.jpeg HTTP/1.1" 200 56283
173.252.95.13 - - [19/Mar/2023:12:00:53 -0500] "GET /images/Rmasar%2018%20de%20febrero%20Grupo.jpg HTTP/1.1" 200 68398
173.252.95.23 - - [19/Mar/2023:12:00:53 -0500] "GET /images/1%20de%20febrero%20Humedal%20El%20Tunjo.jpeg HTTP/1.1" 200 52973
173.252.95.18 - - [19/Mar/2023:12:00:53 -0500] "GET /images/Secretaria%20Urrutia%20evento%20h\xc3\xa1bitat%20Francia%2024%20de%20enero.jpeg HTTP/1.1" 404 1034
173.252.95.18 - - [19/Mar/2023:12:00:53 -0500] "GET /images/1%20de%20febrero%20D\xc3\xada%20sin%20carro.jpeg HTTP/1.1" 404 1034
173.252.95.120 - - [19/Mar/2023:12:00:53 -0500] "GET /images/19%20de%20enero%20\xc3\xa1rbol%20bosque%20San%20Carlos.jpg HTTP/1.1" 404 1034
173.252.95.2 - - [19/Mar/2023:12:00:53 -0500] "GET /images/Juan%20Rey%20febrero%2013.jpg HTTP/1.1" 200 55934
173.252.95.13 - - [19/Mar/2023:12:00:54 -0500] "GET /images/1%20de%20febrer%20Operativo%20hornos.jpg HTTP/1.1" 200 69569
172.22.2.4 - - [19/Mar/2023:11:59:17 -0500] "HEAD /BLA/boletinlegal/ HTTP/1.1" 200 -
192.168.175.240 - - [19/Mar/2023:12:01:41 -0500] "GET / HTTP/1.1" 200 4720
172.22.2.4 - - [19/Mar/2023:12:00:07 -0500] "GET /BLA/boletinlegal/ HTTP/1.1" 200 52316
192.168.175.240 - - [19/Mar/2023:12:02:41 -0500] "GET / HTTP/1.1" 200 4720
172.22.2.4 - - [19/Mar/2023:12:02:43 -0500] "GET /BLA/boletinlegal/actos.php HTTP/1.1" 200 9672
216.245.221.92 - - [19/Mar/2023:12:03:38 -0500] "HEAD / HTTP/1.1" 200 -
192.168.175.240 - - [19/Mar/2023:12:03:41 -0500] "GET / HTTP/1.1" 200 4720
186.154.33.37 - - [19/Mar/2023:12:04:37 -0500] "GET /BLA/resoluciones/index.php?dir=AUTOS+2015%2F HTTP/1.1" 200 580256
192.168.175.240 - - [19/Mar/2023:12:04:41 -0500] "GET / HTTP/1.1" 200 4720
186.154.33.37 - - [19/Mar/2023:12:04:42 -0500] "GET /BLA/resoluciones/AUTOS%202015/1684.pdf HTTP/1.1" 200 685392
201.245.192.253 - - [19/Mar/2023:12:05:13 -0500] "POST /kwsrmcab/Wsrmcab  HTTP/1.1" 200 42239
192.168.175.240 - - [19/Mar/2023:12:05:41 -0500] "GET / HTTP/1.1" 200 4720
192.168.175.240 - - [19/Mar/2023:12:06:41 -0500] "GET / HTTP/1.1" 200 4720
172.22.2.4 - - [19/Mar/2023:12:05:07 -0500] "HEAD /BLA/boletinlegal/ HTTP/1.1" 200 -
172.22.2.4 - - [19/Mar/2023:12:05:57 -0500] "GET /BLA/boletinlegal/ HTTP/1.1" 200 54798
192.168.175.240 - - [19/Mar/2023:12:07:41 -0500] "GET / HTTP/1.1" 200 4720
216.245.221.92 - - [19/Mar/2023:12:08:38 -0500] "HEAD / HTTP/1.1" 200 -
192.168.175.240 - - [19/Mar/2023:12:08:41 -0500] "GET / HTTP/1.1" 200 4720
186.154.33.37 - - [19/Mar/2023:12:08:41 -0500] "GET /BLA/resoluciones/ HTTP/1.1" 200 13502
201.244.229.212 - - [19/Mar/2023:12:08:45 -0500] "POST /sipse/faces/presentacion/financiero/solicitudProceso/consultarSolicitudProceso.xhtml HTTP/1.1" 200 40849
201.244.229.212 - - [19/Mar/2023:12:08:45 -0500] "GET /sipse/faces/javax.faces.resource/theme.css?ln=primefaces-sipse HTTP/1.1" 304 -
201.244.229.212 - - [19/Mar/2023:12:08:45 -0500] "GET /sipse/faces/javax.faces.resource/primefaces.css?ln=primefaces&v=4.0 HTTP/1.1" 304 -
201.244.229.212 - - [19/Mar/2023:12:08:45 -0500] "GET /sipse/faces/javax.faces.resource/layout/layout.css?ln=primefaces&v=4.0 HTTP/1.1" 304 -
201.244.229.212 - - [19/Mar/2023:12:08:45 -0500] "GET /sipse/faces/javax.faces.resource/jquery/jquery.js?ln=primefaces&v=4.0 HTTP/1.1" 304 -
201.244.229.212 - - [19/Mar/2023:12:08:45 -0500] "GET /sipse/faces/javax.faces.resource/jquery/jquery-plugins.js?ln=primefaces&v=4.0 HTTP/1.1" 304 -
201.244.229.212 - - [19/Mar/2023:12:08:45 -0500] "GET /sipse/faces/javax.faces.resource/primefaces.js?ln=primefaces&v=4.0 HTTP/1.1" 304 -
201.244.229.212 - - [19/Mar/2023:12:08:45 -0500] "GET /sipse/faces/javax.faces.resource/layout/layout.js?ln=primefaces&v=4.0 HTTP/1.1" 304 -
201.244.229.212 - - [19/Mar/2023:12:08:45 -0500] "POST /sipse/faces/presentacion/financiero/solicitudProceso/consultar.xhtml HTTP/1.1" 200 34216
201.244.229.212 - - [19/Mar/2023:12:08:45 -0500] "POST /sipse/faces/presentacion/financiero/solicitudProceso/consultar.xhtml HTTP/1.1" 200 34216
201.244.229.212 - - [19/Mar/2023:12:08:46 -0500] "POST /sipse/faces/presentacion/financiero/solicitudProceso/consultar.xhtml HTTP/1.1" 200 34216
201.244.229.212 - - [19/Mar/2023:12:08:46 -0500] "POST /sipse/faces/presentacion/financiero/solicitudProceso/consultar.xhtml HTTP/1.1" 200 34216
201.244.229.212 - - [19/Mar/2023:12:08:46 -0500] "POST /sipse/faces/presentacion/financiero/solicitudProceso/consultar.xhtml HTTP/1.1" 200 34216
186.154.33.37 - - [19/Mar/2023:12:08:46 -0500] "GET /BLA/resoluciones/index.php?dir=AUTOS+2015%2F HTTP/1.1" 200 580256
201.244.229.212 - - [19/Mar/2023:12:08:47 -0500] "POST /sipse/faces/presentacion/financiero/solicitudProceso/consultar.xhtml HTTP/1.1" 200 34216
201.244.229.212 - - [19/Mar/2023:12:08:47 -0500] "POST /sipse/faces/presentacion/financiero/solicitudProceso/consultar.xhtml HTTP/1.1" 200 34216
201.244.229.212 - - [19/Mar/2023:12:08:47 -0500] "POST /sipse/faces/presentacion/financiero/solicitudProceso/consultar.xhtml HTTP/1.1" 200 34216
201.244.229.212 - - [19/Mar/2023:12:08:47 -0500] "POST /sipse/faces/presentacion/financiero/solicitudProceso/consultar.xhtml HTTP/1.1" 200 34216
201.244.229.212 - - [19/Mar/2023:12:08:48 -0500] "POST /sipse/faces/presentacion/financiero/solicitudProceso/consultar.xhtml HTTP/1.1" 200 34216
201.244.229.212 - - [19/Mar/2023:12:08:48 -0500] "POST /sipse/faces/presentacion/financiero/solicitudProceso/consultar.xhtml HTTP/1.1" 200 34216
201.244.229.212 - - [19/Mar/2023:12:08:48 -0500] "POST /sipse/faces/presentacion/financiero/solicitudProceso/consultar.xhtml HTTP/1.1" 200 34216
201.244.229.212 - - [19/Mar/2023:12:08:48 -0500] "POST /sipse/faces/presentacion/financiero/solicitudProceso/consultar.xhtml HTTP/1.1" 200 34216
201.244.229.212 - - [19/Mar/2023:12:08:49 -0500] "POST /sipse/faces/presentacion/financiero/solicitudProceso/consultar.xhtml HTTP/1.1" 200 34216
201.244.229.212 - - [19/Mar/2023:12:08:52 -0500] "POST /sipse/faces/presentacion/financiero/solicitudProceso/consultar.xhtml HTTP/1.1" 200 12939
201.244.229.212 - - [19/Mar/2023:12:09:36 -0500] "POST /sipse/faces/presentacion/financiero/solicitudProceso/consultar.xhtml HTTP/1.1" 200 34334
201.244.229.212 - - [19/Mar/2023:12:09:37 -0500] "POST /sipse/faces/presentacion/financiero/solicitudProceso/consultar.xhtml HTTP/1.1" 200 34334
201.244.229.212 - - [19/Mar/2023:12:09:37 -0500] "POST /sipse/faces/presentacion/financiero/solicitudProceso/consultar.xhtml HTTP/1.1" 200 34334
201.244.229.212 - - [19/Mar/2023:12:09:37 -0500] "POST /sipse/faces/presentacion/financiero/solicitudProceso/consultar.xhtml HTTP/1.1" 200 34334
201.244.229.212 - - [19/Mar/2023:12:09:37 -0500] "POST /sipse/faces/presentacion/financiero/solicitudProceso/consultar.xhtml HTTP/1.1" 200 34334
201.244.229.212 - - [19/Mar/2023:12:09:38 -0500] "POST /sipse/faces/presentacion/financiero/solicitudProceso/consultar.xhtml HTTP/1.1" 200 34334
201.244.229.212 - - [19/Mar/2023:12:09:38 -0500] "POST /sipse/faces/presentacion/financiero/solicitudProceso/consultar.xhtml HTTP/1.1" 200 34334
201.244.229.212 - - [19/Mar/2023:12:09:38 -0500] "POST /sipse/faces/presentacion/financiero/solicitudProceso/consultar.xhtml HTTP/1.1" 200 34334
201.244.229.212 - - [19/Mar/2023:12:09:39 -0500] "POST /sipse/faces/presentacion/financiero/solicitudProceso/consultar.xhtml HTTP/1.1" 200 34334
201.244.229.212 - - [19/Mar/2023:12:09:39 -0500] "POST /sipse/faces/presentacion/financiero/solicitudProceso/consultar.xhtml HTTP/1.1" 200 34334
201.244.229.212 - - [19/Mar/2023:12:09:39 -0500] "POST /sipse/faces/presentacion/financiero/solicitudProceso/consultar.xhtml HTTP/1.1" 200 34334
201.244.229.212 - - [19/Mar/2023:12:09:39 -0500] "POST /sipse/faces/presentacion/financiero/solicitudProceso/consultar.xhtml HTTP/1.1" 200 34334
201.244.229.212 - - [19/Mar/2023:12:09:40 -0500] "POST /sipse/faces/presentacion/financiero/solicitudProceso/consultar.xhtml HTTP/1.1" 200 34334
201.244.229.212 - - [19/Mar/2023:12:09:40 -0500] "POST /sipse/faces/presentacion/financiero/solicitudProceso/consultar.xhtml HTTP/1.1" 200 34334
201.244.229.212 - - [19/Mar/2023:12:09:40 -0500] "POST /sipse/faces/presentacion/financiero/solicitudProceso/consultar.xhtml HTTP/1.1" 200 34334
201.244.229.212 - - [19/Mar/2023:12:09:40 -0500] "POST /sipse/faces/presentacion/financiero/solicitudProceso/consultar.xhtml HTTP/1.1" 200 34334
192.168.175.240 - - [19/Mar/2023:12:09:41 -0500] "GET / HTTP/1.1" 200 4720
201.244.229.212 - - [19/Mar/2023:12:09:46 -0500] "POST /sipse/faces/presentacion/financiero/solicitudProceso/consultar.xhtml HTTP/1.1" 200 12939
201.244.229.212 - - [19/Mar/2023:12:09:50 -0500] "POST /sipse/faces/presentacion/financiero/solicitudProceso/consultar.xhtml HTTP/1.1" 200 155249
201.244.229.212 - - [19/Mar/2023:12:09:51 -0500] "GET /sipse/faces/javax.faces.resource/theme.css?ln=primefaces-sipse HTTP/1.1" 304 -
201.244.229.212 - - [19/Mar/2023:12:09:51 -0500] "GET /sipse/faces/javax.faces.resource/layout/layout.css?ln=primefaces&v=4.0 HTTP/1.1" 304 -
201.244.229.212 - - [19/Mar/2023:12:09:51 -0500] "GET /sipse/faces/javax.faces.resource/primefaces.css?ln=primefaces&v=4.0 HTTP/1.1" 304 -
201.244.229.212 - - [19/Mar/2023:12:09:51 -0500] "GET /sipse/faces/javax.faces.resource/jquery/jquery.js?ln=primefaces&v=4.0 HTTP/1.1" 304 -
201.244.229.212 - - [19/Mar/2023:12:09:51 -0500] "GET /sipse/faces/javax.faces.resource/jquery/jquery-plugins.js?ln=primefaces&v=4.0 HTTP/1.1" 304 -
201.244.229.212 - - [19/Mar/2023:12:09:51 -0500] "GET /sipse/faces/javax.faces.resource/primefaces.js?ln=primefaces&v=4.0 HTTP/1.1" 304 -
201.244.229.212 - - [19/Mar/2023:12:09:51 -0500] "GET /sipse/faces/javax.faces.resource/layout/layout.js?ln=primefaces&v=4.0 HTTP/1.1" 304 -
66.249.70.180 - - [19/Mar/2023:12:10:00 -0500] "-" 408 -
201.245.192.253 - - [19/Mar/2023:12:10:12 -0500] "POST /kwsrmcab/Wsrmcab  HTTP/1.1" 200 42239
192.168.175.240 - - [19/Mar/2023:12:10:41 -0500] "GET / HTTP/1.1" 200 4720
192.168.175.240 - - [19/Mar/2023:12:11:41 -0500] "GET / HTTP/1.1" 200 4720
172.22.2.4 - - [19/Mar/2023:12:10:57 -0500] "HEAD /BLA/boletinlegal/ HTTP/1.1" 200 -
192.168.175.240 - - [19/Mar/2023:12:12:41 -0500] "GET / HTTP/1.1" 200 4720
172.22.2.4 - - [19/Mar/2023:12:11:47 -0500] "GET /BLA/boletinlegal/ HTTP/1.1" 200 57551
216.245.221.92 - - [19/Mar/2023:12:13:38 -0500] "HEAD / HTTP/1.1" 200 -
192.168.175.240 - - [19/Mar/2023:12:13:41 -0500] "GET / HTTP/1.1" 200 4720
201.244.229.212 - - [19/Mar/2023:12:14:18 -0500] "POST /sipse/faces/presentacion/financiero/solicitudProceso/consultarSolicitudProceso.xhtml HTTP/1.1" 200 40967
201.244.229.212 - - [19/Mar/2023:12:14:18 -0500] "GET /sipse/faces/javax.faces.resource/theme.css?ln=primefaces-sipse HTTP/1.1" 304 -
201.244.229.212 - - [19/Mar/2023:12:14:18 -0500] "GET /sipse/faces/javax.faces.resource/primefaces.css?ln=primefaces&v=4.0 HTTP/1.1" 304 -
201.244.229.212 - - [19/Mar/2023:12:14:18 -0500] "GET /sipse/faces/javax.faces.resource/layout/layout.css?ln=primefaces&v=4.0 HTTP/1.1" 304 -
201.244.229.212 - - [19/Mar/2023:12:14:18 -0500] "GET /sipse/faces/javax.faces.resource/jquery/jquery.js?ln=primefaces&v=4.0 HTTP/1.1" 304 -
201.244.229.212 - - [19/Mar/2023:12:14:18 -0500] "GET /sipse/faces/javax.faces.resource/jquery/jquery-plugins.js?ln=primefaces&v=4.0 HTTP/1.1" 304 -
201.244.229.212 - - [19/Mar/2023:12:14:18 -0500] "GET /sipse/faces/javax.faces.resource/primefaces.js?ln=primefaces&v=4.0 HTTP/1.1" 304 -
201.244.229.212 - - [19/Mar/2023:12:14:18 -0500] "GET /sipse/faces/javax.faces.resource/layout/layout.js?ln=primefaces&v=4.0 HTTP/1.1" 304 -
201.244.229.212 - - [19/Mar/2023:12:14:19 -0500] "POST /sipse/faces/presentacion/financiero/solicitudProceso/consultar.xhtml HTTP/1.1" 200 34334
201.244.229.212 - - [19/Mar/2023:12:14:19 -0500] "POST /sipse/faces/presentacion/financiero/solicitudProceso/consultar.xhtml HTTP/1.1" 200 34334
201.244.229.212 - - [19/Mar/2023:12:14:19 -0500] "POST /sipse/faces/presentacion/financiero/solicitudProceso/consultar.xhtml HTTP/1.1" 200 34334
201.244.229.212 - - [19/Mar/2023:12:14:19 -0500] "POST /sipse/faces/presentacion/financiero/solicitudProceso/consultar.xhtml HTTP/1.1" 200 34334
201.244.229.212 - - [19/Mar/2023:12:14:20 -0500] "POST /sipse/faces/presentacion/financiero/solicitudProceso/consultar.xhtml HTTP/1.1" 200 34334
201.244.229.212 - - [19/Mar/2023:12:14:20 -0500] "POST /sipse/faces/presentacion/financiero/solicitudProceso/consultar.xhtml HTTP/1.1" 200 34334
201.244.229.212 - - [19/Mar/2023:12:14:20 -0500] "POST /sipse/faces/presentacion/financiero/solicitudProceso/consultar.xhtml HTTP/1.1" 200 34334
201.244.229.212 - - [19/Mar/2023:12:14:21 -0500] "POST /sipse/faces/presentacion/financiero/solicitudProceso/consultar.xhtml HTTP/1.1" 200 34334
201.244.229.212 - - [19/Mar/2023:12:14:21 -0500] "POST /sipse/faces/presentacion/financiero/solicitudProceso/consultar.xhtml HTTP/1.1" 200 34334
201.244.229.212 - - [19/Mar/2023:12:14:21 -0500] "POST /sipse/faces/presentacion/financiero/solicitudProceso/consultar.xhtml HTTP/1.1" 200 34334
201.244.229.212 - - [19/Mar/2023:12:14:21 -0500] "POST /sipse/faces/presentacion/financiero/solicitudProceso/consultar.xhtml HTTP/1.1" 200 34334
201.244.229.212 - - [19/Mar/2023:12:14:22 -0500] "POST /sipse/faces/presentacion/financiero/solicitudProceso/consultar.xhtml HTTP/1.1" 200 34334
201.244.229.212 - - [19/Mar/2023:12:14:22 -0500] "POST /sipse/faces/presentacion/financiero/solicitudProceso/consultar.xhtml HTTP/1.1" 200 34334
201.244.229.212 - - [19/Mar/2023:12:14:22 -0500] "POST /sipse/faces/presentacion/financiero/solicitudProceso/consultar.xhtml HTTP/1.1" 200 34334
201.244.229.212 - - [19/Mar/2023:12:14:22 -0500] "POST /sipse/faces/presentacion/financiero/solicitudProceso/consultar.xhtml HTTP/1.1" 200 34334
201.244.229.212 - - [19/Mar/2023:12:14:23 -0500] "POST /sipse/faces/presentacion/financiero/solicitudProceso/consultar.xhtml HTTP/1.1" 200 34334
201.244.229.212 - - [19/Mar/2023:12:14:26 -0500] "POST /sipse/faces/presentacion/financiero/solicitudProceso/consultar.xhtml HTTP/1.1" 200 12925
201.244.229.212 - - [19/Mar/2023:12:14:30 -0500] "POST /sipse/faces/presentacion/financiero/solicitudProceso/consultar.xhtml HTTP/1.1" 200 131553
201.244.229.212 - - [19/Mar/2023:12:14:31 -0500] "GET /sipse/faces/javax.faces.resource/theme.css?ln=primefaces-sipse HTTP/1.1" 304 -
201.244.229.212 - - [19/Mar/2023:12:14:31 -0500] "GET /sipse/faces/javax.faces.resource/layout/layout.css?ln=primefaces&v=4.0 HTTP/1.1" 304 -
201.244.229.212 - - [19/Mar/2023:12:14:31 -0500] "GET /sipse/faces/javax.faces.resource/primefaces.css?ln=primefaces&v=4.0 HTTP/1.1" 304 -
201.244.229.212 - - [19/Mar/2023:12:14:31 -0500] "GET /sipse/faces/javax.faces.resource/jquery/jquery.js?ln=primefaces&v=4.0 HTTP/1.1" 304 -
201.244.229.212 - - [19/Mar/2023:12:14:31 -0500] "GET /sipse/faces/javax.faces.resource/jquery/jquery-plugins.js?ln=primefaces&v=4.0 HTTP/1.1" 304 -
201.244.229.212 - - [19/Mar/2023:12:14:31 -0500] "GET /sipse/faces/javax.faces.resource/primefaces.js?ln=primefaces&v=4.0 HTTP/1.1" 304 -
201.244.229.212 - - [19/Mar/2023:12:14:31 -0500] "GET /sipse/faces/javax.faces.resource/layout/layout.js?ln=primefaces&v=4.0 HTTP/1.1" 304 -
192.168.175.240 - - [19/Mar/2023:12:14:41 -0500] "GET / HTTP/1.1" 200 4720
201.244.229.212 - - [19/Mar/2023:12:14:45 -0500] "POST /sipse/faces/presentacion/financiero/solicitudProceso/consultarSolicitudProceso.xhtml HTTP/1.1" 200 20285
201.244.229.212 - - [19/Mar/2023:12:14:45 -0500] "GET /sipse/faces/javax.faces.resource/primefaces.css?ln=primefaces&v=4.0 HTTP/1.1" 304 -
201.244.229.212 - - [19/Mar/2023:12:14:45 -0500] "GET /sipse/faces/javax.faces.resource/theme.css?ln=primefaces-sipse HTTP/1.1" 304 -
201.244.229.212 - - [19/Mar/2023:12:14:46 -0500] "GET /sipse/faces/javax.faces.resource/layout/layout.css?ln=primefaces&v=4.0 HTTP/1.1" 304 -
201.244.229.212 - - [19/Mar/2023:12:14:46 -0500] "GET /sipse/faces/javax.faces.resource/jquery/jquery-plugins.js?ln=primefaces&v=4.0 HTTP/1.1" 304 -
201.244.229.212 - - [19/Mar/2023:12:14:46 -0500] "GET /sipse/faces/javax.faces.resource/jquery/jquery.js?ln=primefaces&v=4.0 HTTP/1.1" 304 -
201.244.229.212 - - [19/Mar/2023:12:14:46 -0500] "GET /sipse/faces/javax.faces.resource/primefaces.js?ln=primefaces&v=4.0 HTTP/1.1" 304 -
201.244.229.212 - - [19/Mar/2023:12:14:46 -0500] "GET /sipse/faces/javax.faces.resource/layout/layout.js?ln=primefaces&v=4.0 HTTP/1.1" 304 -
201.244.229.212 - - [19/Mar/2023:12:14:50 -0500] "POST /sipse/faces/presentacion/financiero/solicitudProceso/registrarAnotacion.xhtml HTTP/1.1" 200 177587
201.244.229.212 - - [19/Mar/2023:12:14:51 -0500] "GET /sipse/faces/javax.faces.resource/theme.css?ln=primefaces-sipse HTTP/1.1" 304 -
201.244.229.212 - - [19/Mar/2023:12:14:51 -0500] "GET /sipse/faces/javax.faces.resource/primefaces.css?ln=primefaces&v=4.0 HTTP/1.1" 304 -
201.244.229.212 - - [19/Mar/2023:12:14:51 -0500] "GET /sipse/faces/javax.faces.resource/layout/layout.css?ln=primefaces&v=4.0 HTTP/1.1" 304 -
201.244.229.212 - - [19/Mar/2023:12:14:51 -0500] "GET /sipse/faces/javax.faces.resource/jquery/jquery.js?ln=primefaces&v=4.0 HTTP/1.1" 304 -
201.244.229.212 - - [19/Mar/2023:12:14:51 -0500] "GET /sipse/faces/javax.faces.resource/jquery/jquery-plugins.js?ln=primefaces&v=4.0 HTTP/1.1" 304 -
201.244.229.212 - - [19/Mar/2023:12:14:51 -0500] "GET /sipse/faces/javax.faces.resource/primefaces.js?ln=primefaces&v=4.0 HTTP/1.1" 304 -
201.244.229.212 - - [19/Mar/2023:12:14:51 -0500] "GET /sipse/faces/javax.faces.resource/layout/layout.js?ln=primefaces&v=4.0 HTTP/1.1" 304 -
201.244.229.212 - - [19/Mar/2023:12:14:57 -0500] "POST /sipse/faces/presentacion/financiero/solicitudProceso/consultarSolicitudProceso.xhtml HTTP/1.1" 200 46077
201.244.229.212 - - [19/Mar/2023:12:14:58 -0500] "GET /sipse/faces/javax.faces.resource/jquery/jquery-plugins.js?ln=primefaces&v=4.0 HTTP/1.1" 304 -
201.244.229.212 - - [19/Mar/2023:12:14:58 -0500] "GET /sipse/faces/javax.faces.resource/primefaces.js?ln=primefaces&v=4.0 HTTP/1.1" 304 -
201.244.229.212 - - [19/Mar/2023:12:14:58 -0500] "GET /sipse/faces/javax.faces.resource/primefaces.css?ln=primefaces&v=4.0 HTTP/1.1" 304 -
201.244.229.212 - - [19/Mar/2023:12:14:58 -0500] "GET /sipse/faces/javax.faces.resource/theme.css?ln=primefaces-sipse HTTP/1.1" 304 -
201.244.229.212 - - [19/Mar/2023:12:14:58 -0500] "GET /sipse/faces/javax.faces.resource/jquery/jquery.js?ln=primefaces&v=4.0 HTTP/1.1" 304 -
201.244.229.212 - - [19/Mar/2023:12:14:58 -0500] "GET /sipse/faces/javax.faces.resource/layout/layout.css?ln=primefaces&v=4.0 HTTP/1.1" 304 -
201.244.229.212 - - [19/Mar/2023:12:14:58 -0500] "GET /sipse/faces/javax.faces.resource/layout/layout.js?ln=primefaces&v=4.0 HTTP/1.1" 304 -
201.245.192.253 - - [19/Mar/2023:12:15:08 -0500] "POST /kwsrmcab/Wsrmcab  HTTP/1.1" 200 42239
161.18.161.224 - - [19/Mar/2023:12:15:18 -0500] "GET /%C3%82%C2%BFquieres-aprender-sobre-jardines-verticales-esta-es-tu-oportunidad.html HTTP/1.1" 200 925
192.168.175.240 - - [19/Mar/2023:12:15:41 -0500] "GET / HTTP/1.1" 200 4720
201.244.229.212 - - [19/Mar/2023:12:16:07 -0500] "POST /sipse/faces/presentacion/financiero/solicitudProceso/consultarHistorialSolProceso.xhtml HTTP/1.1" 200 40953
201.244.229.212 - - [19/Mar/2023:12:16:07 -0500] "GET /sipse/faces/javax.faces.resource/theme.css?ln=primefaces-sipse HTTP/1.1" 304 -
201.244.229.212 - - [19/Mar/2023:12:16:07 -0500] "GET /sipse/faces/javax.faces.resource/primefaces.css?ln=primefaces&v=4.0 HTTP/1.1" 304 -
201.244.229.212 - - [19/Mar/2023:12:16:07 -0500] "GET /sipse/faces/javax.faces.resource/layout/layout.css?ln=primefaces&v=4.0 HTTP/1.1" 304 -
201.244.229.212 - - [19/Mar/2023:12:16:07 -0500] "GET /sipse/faces/javax.faces.resource/jquery/jquery.js?ln=primefaces&v=4.0 HTTP/1.1" 304 -
201.244.229.212 - - [19/Mar/2023:12:16:07 -0500] "GET /sipse/faces/javax.faces.resource/jquery/jquery-plugins.js?ln=primefaces&v=4.0 HTTP/1.1" 304 -
201.244.229.212 - - [19/Mar/2023:12:16:07 -0500] "GET /sipse/faces/javax.faces.resource/primefaces.js?ln=primefaces&v=4.0 HTTP/1.1" 304 -
201.244.229.212 - - [19/Mar/2023:12:16:07 -0500] "GET /sipse/faces/javax.faces.resource/layout/layout.js?ln=primefaces&v=4.0 HTTP/1.1" 304 -
201.244.229.212 - - [19/Mar/2023:12:16:11 -0500] "POST /sipse/faces/presentacion/financiero/solicitudProceso/consultar.xhtml HTTP/1.1" 200 12838
52.167.144.142 - - [19/Mar/2023:12:16:14 -0500] "GET /BLA/resoluciones/index.php?dir=RESOLUCIONES+2019%2F HTTP/1.1" 200 250856
181.60.99.247 - - [19/Mar/2023:12:16:25 -0500] "GET /mujeres-que-reverdecen-secretaria-de-ambiente-anuncia-el-inicio-de-la-tercera-fase.html HTTP/1.1" 200 954
186.84.140.118 - - [19/Mar/2023:12:16:33 -0500] "GET /mujeres-que-reverdecen-secretaria-de-ambiente-anuncia-el-inicio-de-la-tercera-fase.html HTTP/1.1" 200 954
192.168.175.240 - - [19/Mar/2023:12:16:41 -0500] "GET / HTTP/1.1" 200 4720
192.168.175.240 - - [19/Mar/2023:12:17:41 -0500] "GET / HTTP/1.1" 200 4720
157.55.39.216 - - [19/Mar/2023:12:17:58 -0500] "GET /camino-guadalupe-aguanoso-abierto-de-nuevo-al-publico.html HTTP/1.1" 200 879
172.22.2.4 - - [19/Mar/2023:12:16:47 -0500] "HEAD /BLA/boletinlegal/ HTTP/1.1" 200 -
216.245.221.92 - - [19/Mar/2023:12:18:37 -0500] "HEAD / HTTP/1.1" 200 -
192.168.175.240 - - [19/Mar/2023:12:18:41 -0500] "GET / HTTP/1.1" 200 4720
192.168.175.240 - - [19/Mar/2023:12:19:41 -0500] "GET / HTTP/1.1" 200 4720
201.245.192.253 - - [19/Mar/2023:12:20:06 -0500] "POST /kwsrmcab/Wsrmcab  HTTP/1.1" 200 42239
201.245.192.253 - - [19/Mar/2023:12:20:38 -0500] "POST /kwsrmcab/Wsrmcab HTTP/1.1" 200 40960
192.168.175.240 - - [19/Mar/2023:12:20:41 -0500] "GET / HTTP/1.1" 200 4720
201.245.192.253 - - [19/Mar/2023:12:20:41 -0500] "POST /kwsrmcab/Wsrmcab HTTP/1.1" 200 43492
192.168.175.240 - - [19/Mar/2023:12:21:41 -0500] "GET / HTTP/1.1" 200 4720
190.145.240.24 - - [19/Mar/2023:12:21:45 -0500] "GET /mujeres-que-reverdecen-secretaria-de-ambiente-anuncia-el-inicio-de-la-tercera-fase.html HTTP/1.1" 200 954
52.167.144.142 - - [19/Mar/2023:12:22:05 -0500] "GET /BLA/resoluciones/index.php?dir=AUTOS+2013%2F HTTP/1.1" 200 407265
40.77.167.188 - - [19/Mar/2023:12:22:31 -0500] "GET /sipse/faces/index.xhtml HTTP/1.1" 200 677
192.168.175.240 - - [19/Mar/2023:12:22:41 -0500] "GET / HTTP/1.1" 200 4720
216.245.221.92 - - [19/Mar/2023:12:23:37 -0500] "HEAD / HTTP/1.1" 200 -
192.168.175.240 - - [19/Mar/2023:12:23:41 -0500] "GET / HTTP/1.1" 200 4720
190.145.240.24 - - [19/Mar/2023:12:23:41 -0500] "GET /cooperacion-internacional-postulate-para-la-coordinacion-ambiental-de-proyecto-con-la-union-europea-avantia.html HTTP/1.1" 200 1020
52.167.144.167 - - [19/Mar/2023:12:24:01 -0500] "GET /BLA/resoluciones/index.php?dir=RESOLUCIONES+2023%2F HTTP/1.1" 200 10037
162.55.171.138 - - [19/Mar/2023:12:24:27 -0500] "GET / HTTP/1.1" 200 319
162.55.171.138 - - [19/Mar/2023:12:24:28 -0500] "GET / HTTP/1.1" 200 4720
162.55.173.23 - - [19/Mar/2023:12:24:38 -0500] "GET / HTTP/1.1" 200 4720
162.55.173.23 - - [19/Mar/2023:12:24:39 -0500] "GET / HTTP/1.1" 200 319
192.168.175.240 - - [19/Mar/2023:12:24:41 -0500] "GET / HTTP/1.1" 200 4720
201.245.192.253 - - [19/Mar/2023:12:25:03 -0500] "POST /kwsrmcab/Wsrmcab  HTTP/1.1" 200 42239
172.22.2.4 - - [19/Mar/2023:12:23:54 -0500] "HEAD /BLA/boletinlegal/ HTTP/1.1" 200 -
192.168.175.240 - - [19/Mar/2023:12:25:41 -0500] "GET / HTTP/1.1" 200 4720
172.22.2.4 - - [19/Mar/2023:12:24:45 -0500] "GET /BLA/boletinlegal/ HTTP/1.1" 200 57551
172.225.250.109 - - [19/Mar/2023:12:26:36 -0500] "GET /images/jardines-verticales_optimized.jpeg HTTP/1.1" 200 138197
192.168.175.240 - - [19/Mar/2023:12:26:41 -0500] "GET / HTTP/1.1" 200 4720
66.249.70.180 - - [19/Mar/2023:12:26:42 -0500] "-" 408 -
192.168.175.240 - - [19/Mar/2023:12:27:41 -0500] "GET / HTTP/1.1" 200 4720
173.252.95.9 - - [19/Mar/2023:12:28:12 -0500] "GET /cuando-un-humedal-es-tu-oficina-la-labor-de-los-administradores-de-estos-ecosistemas.html HTTP/1.1" 206 957
177.93.43.82 - - [19/Mar/2023:12:28:21 -0500] "GET /%C3%82%C2%BFquieres-aprender-sobre-jardines-verticales-esta-es-tu-oportunidad.html HTTP/1.1" 200 925
173.252.95.19 - - [19/Mar/2023:12:28:32 -0500] "GET /dia-mundial-de-los-humedales-mas-de-60-aves-alzaron-vuelo-en-el-humedal-el-tunjo.html HTTP/1.1" 206 885
192.168.175.240 - - [19/Mar/2023:12:28:41 -0500] "GET / HTTP/1.1" 200 4720
52.167.144.149 - - [19/Mar/2023:12:29:26 -0500] "GET /BLA/resoluciones/index.php?dir=AUTOS+2016%2F HTTP/1.1" 200 328199
192.168.175.240 - - [19/Mar/2023:12:29:41 -0500] "GET / HTTP/1.1" 200 4720
104.47.57.126 - - [19/Mar/2023:12:29:47 -0500] "HEAD /%C3%82%C2%BFquieres-aprender-sobre-jardines-verticales-esta-es-tu-oportunidad.html HTTP/1.1" 200 -
181.53.12.103 - - [19/Mar/2023:12:29:47 -0500] "GET /%C3%82%C2%BFquieres-aprender-sobre-jardines-verticales-esta-es-tu-oportunidad.html HTTP/1.1" 200 925
40.94.27.56 - - [19/Mar/2023:12:30:00 -0500] "GET /%C3%82%C2%BFquieres-aprender-sobre-jardines-verticales-esta-es-tu-oportunidad.html HTTP/1.1" 200 925
201.245.192.253 - - [19/Mar/2023:12:30:01 -0500] "POST /kwsrmcab/Wsrmcab  HTTP/1.1" 200 42239
35.204.51.63 - - [19/Mar/2023:12:30:12 -0500] "GET /inventario-de-emisiones-2020-transporte-publico-sitp-redujo-emisiones-de-pm-2-5-en-un-37.html HTTP/1.1" 200 925
201.245.192.253 - - [19/Mar/2023:12:30:38 -0500] "POST /kwsrmcab/Wsrmcab HTTP/1.1" 200 40960
192.168.175.240 - - [19/Mar/2023:12:30:41 -0500] "GET / HTTP/1.1" 200 4720
201.245.192.253 - - [19/Mar/2023:12:30:41 -0500] "POST /kwsrmcab/Wsrmcab HTTP/1.1" 200 43492
34.91.118.0 - - [19/Mar/2023:12:30:53 -0500] "GET /inventario-de-emisiones-2020-transporte-publico-sitp-redujo-emisiones-de-pm-2-5-en-un-37.html HTTP/1.1" 200 925
172.22.2.4 - - [19/Mar/2023:12:29:45 -0500] "HEAD /BLA/boletinlegal/ HTTP/1.1" 200 -
192.168.175.240 - - [19/Mar/2023:12:31:41 -0500] "GET / HTTP/1.1" 200 4720
186.80.52.3 - - [19/Mar/2023:12:31:44 -0500] "GET /mujeres-que-reverdecen-secretaria-de-ambiente-anuncia-el-inicio-de-la-tercera-fase.html HTTP/1.1" 200 954
172.22.2.4 - - [19/Mar/2023:12:30:35 -0500] "GET /BLA/boletinlegal/ HTTP/1.1" 200 56744
192.168.175.240 - - [19/Mar/2023:12:32:41 -0500] "GET / HTTP/1.1" 200 4720
52.167.144.71 - - [19/Mar/2023:12:33:11 -0500] "GET /sipse/faces/autenticacion.xhtml HTTP/1.1" 200 12490
192.168.175.240 - - [19/Mar/2023:12:33:41 -0500] "GET / HTTP/1.1" 200 4720
66.249.79.115 - - [19/Mar/2023:12:34:31 -0500] "-" 408 -
192.168.175.240 - - [19/Mar/2023:12:34:41 -0500] "GET / HTTP/1.1" 200 4720
201.245.192.253 - - [19/Mar/2023:12:34:59 -0500] "POST /kwsrmcab/Wsrmcab  HTTP/1.1" 200 42239
192.168.175.240 - - [19/Mar/2023:12:35:41 -0500] "GET / HTTP/1.1" 200 4720
181.61.204.240 - - [19/Mar/2023:12:35:50 -0500] "GET /%C3%82%C2%BFquieres-aprender-sobre-jardines-verticales-esta-es-tu-oportunidad.html HTTP/1.1" 200 925
181.50.237.60 - - [19/Mar/2023:12:36:17 -0500] "GET /%C3%82%C2%BFquieres-aprender-sobre-jardines-verticales-esta-es-tu-oportunidad.html HTTP/1.1" 200 925
192.168.175.240 - - [19/Mar/2023:12:36:41 -0500] "GET / HTTP/1.1" 200 4720
172.22.2.4 - - [19/Mar/2023:12:36:42 -0500] "GET /BLA/boletinlegal/actos.php HTTP/1.1" 200 9672
40.77.167.211 - - [19/Mar/2023:12:37:00 -0500] "GET /bla/resoluciones/autos%202021/2048.pdf HTTP/1.1" 200 362011
172.22.2.4 - - [19/Mar/2023:12:35:35 -0500] "HEAD /BLA/boletinlegal/ HTTP/1.1" 200 -
172.22.2.4 - - [19/Mar/2023:12:37:38 -0500] "GET /BLA/boletinlegal/actos.php HTTP/1.1" 200 9672
192.168.175.240 - - [19/Mar/2023:12:37:41 -0500] "GET / HTTP/1.1" 200 4720
66.249.70.180 - - [19/Mar/2023:12:37:52 -0500] "-" 408 -
5.78.80.200 - - [19/Mar/2023:12:38:15 -0500] "GET /bogota-mantiene-alerta-fase-1-por-calidad-del-aire-y-adopta-algunas-medidas.html HTTP/1.1" 200 1023
216.245.221.92 - - [19/Mar/2023:12:38:37 -0500] "HEAD / HTTP/1.1" 200 -
192.168.175.240 - - [19/Mar/2023:12:38:41 -0500] "GET / HTTP/1.1" 200 4720
192.168.175.240 - - [19/Mar/2023:12:39:41 -0500] "GET / HTTP/1.1" 200 4720
201.245.192.253 - - [19/Mar/2023:12:40:00 -0500] "POST /kwsrmcab/Wsrmcab  HTTP/1.1" 200 42239
201.245.192.253 - - [19/Mar/2023:12:40:38 -0500] "POST /kwsrmcab/Wsrmcab HTTP/1.1" 200 40960
192.168.175.240 - - [19/Mar/2023:12:40:41 -0500] "GET / HTTP/1.1" 200 4720
201.245.192.253 - - [19/Mar/2023:12:40:41 -0500] "POST /kwsrmcab/Wsrmcab HTTP/1.1" 200 43492
52.167.144.149 - - [19/Mar/2023:12:41:37 -0500] "GET /BLA/resoluciones/AUTOS%202022/3054.pdf HTTP/1.1" 200 360984
192.168.175.240 - - [19/Mar/2023:12:41:41 -0500] "GET / HTTP/1.1" 200 4720
40.77.167.211 - - [19/Mar/2023:12:42:09 -0500] "GET /BLA/resoluciones/index.php?dir=AUTOS+2018%2F HTTP/1.1" 200 448826
40.77.167.211 - - [19/Mar/2023:12:42:30 -0500] "GET /BLA/resoluciones/index.php?dir=AUTOS+2014%2F HTTP/1.1" 200 887591
192.168.175.240 - - [19/Mar/2023:12:42:41 -0500] "GET / HTTP/1.1" 200 4720
52.167.144.167 - - [19/Mar/2023:12:42:39 -0500] "GET /BLA/resoluciones/index.php?dir=RESOLUCIONES+2010%2F HTTP/1.1" 200 1307967
216.245.221.92 - - [19/Mar/2023:12:43:37 -0500] "HEAD / HTTP/1.1" 200 -
192.168.175.240 - - [19/Mar/2023:12:43:41 -0500] "GET / HTTP/1.1" 200 4720
172.22.2.4 - - [19/Mar/2023:12:42:48 -0500] "HEAD /BLA/boletinlegal/ HTTP/1.1" 200 -
52.167.144.71 - - [19/Mar/2023:12:44:32 -0500] "GET /sipse/faces/autenticacion.xhtml HTTP/1.1" 200 12490
192.168.175.240 - - [19/Mar/2023:12:44:41 -0500] "GET / HTTP/1.1" 200 4720
69.171.231.118 - - [19/Mar/2023:12:44:49 -0500] "GET /images/24%20de%20febrero%20Sendero%20guadalupe%202.jpeg HTTP/1.1" 200 70964
201.245.192.253 - - [19/Mar/2023:12:44:59 -0500] "POST /kwsrmcab/Wsrmcab  HTTP/1.1" 200 42239
172.22.2.4 - - [19/Mar/2023:12:43:38 -0500] "GET /BLA/boletinlegal/ HTTP/1.1" 200 56277
192.168.175.240 - - [19/Mar/2023:12:45:41 -0500] "GET / HTTP/1.1" 200 4720
192.168.175.240 - - [19/Mar/2023:12:46:41 -0500] "GET / HTTP/1.1" 200 4720
172.22.2.4 - - [19/Mar/2023:12:47:12 -0500] "GET /BLA/boletinlegal/actos.php HTTP/1.1" 200 9672
52.167.144.142 - - [19/Mar/2023:12:47:27 -0500] "GET /BLA/resoluciones/index.php?dir=RESOLUCIONES+2019%2F HTTP/1.1" 200 250856
192.168.175.240 - - [19/Mar/2023:12:47:41 -0500] "GET / HTTP/1.1" 200 4720
52.167.144.71 - - [19/Mar/2023:12:47:53 -0500] "GET /BLA/resoluciones/index.php?dir=AUTOS+2015%2F HTTP/1.1" 200 580256
40.77.167.211 - - [19/Mar/2023:12:48:21 -0500] "GET /BLA/resoluciones/index.php?dir=AUTOS+2018%2F HTTP/1.1" 200 448826
66.220.149.10 - - [19/Mar/2023:12:48:24 -0500] "GET /images/Puntos%20calientes%2024%20de%20febrero.jpeg HTTP/1.1" 200 42626
35.204.254.224 - - [19/Mar/2023:12:48:33 -0500] "GET /inventario-de-emisiones-2020-transporte-publico-sitp-redujo-emisiones-de-pm-2-5-en-un-37.html HTTP/1.1" 200 925
216.245.221.92 - - [19/Mar/2023:12:48:37 -0500] "HEAD / HTTP/1.1" 200 -
192.168.175.240 - - [19/Mar/2023:12:48:41 -0500] "GET / HTTP/1.1" 200 4720
186.102.13.245 - - [19/Mar/2023:12:49:10 -0500] "GET /%C3%82%C2%BFquieres-aprender-sobre-jardines-verticales-esta-es-tu-oportunidad.html HTTP/1.1" 304 -
192.168.175.240 - - [19/Mar/2023:12:49:41 -0500] "GET / HTTP/1.1" 200 4720
201.245.192.253 - - [19/Mar/2023:12:49:57 -0500] "POST /kwsrmcab/Wsrmcab  HTTP/1.1" 200 42239
190.84.116.228 - - [19/Mar/2023:12:50:12 -0500] "GET /galeria/galeria/jquery.fancybox.css?v=2.1.5 HTTP/1.1" 200 4895
190.84.116.228 - - [19/Mar/2023:12:50:12 -0500] "GET /BLA/boletinlegal/js/jquery.scrollShow.js HTTP/1.1" 200 4586
190.84.116.228 - - [19/Mar/2023:12:50:12 -0500] "GET /galeria/galeria/jquery.fancybox.js?v=2.1.5 HTTP/1.1" 200 48706
40.77.167.188 - - [19/Mar/2023:12:50:13 -0500] "GET /sipse/faces/index.xhtml HTTP/1.1" 200 677
172.22.2.4 - - [19/Mar/2023:12:48:38 -0500] "HEAD /BLA/boletinlegal/ HTTP/1.1" 200 -
192.168.175.240 - - [19/Mar/2023:12:50:41 -0500] "GET / HTTP/1.1" 200 4720
172.22.2.4 - - [19/Mar/2023:12:49:28 -0500] "GET /BLA/boletinlegal/ HTTP/1.1" 200 57141
35.204.254.224 - - [19/Mar/2023:12:51:28 -0500] "GET /inventario-de-emisiones-2020-transporte-publico-sitp-redujo-emisiones-de-pm-2-5-en-un-37.html HTTP/1.1" 200 925
192.168.175.240 - - [19/Mar/2023:12:51:41 -0500] "GET / HTTP/1.1" 200 4720
186.31.146.143 - - [19/Mar/2023:12:51:56 -0500] "-" 408 -
186.31.146.143 - - [19/Mar/2023:12:51:56 -0500] "-" 408 -
192.168.175.240 - - [19/Mar/2023:12:52:41 -0500] "GET / HTTP/1.1" 200 4720
173.252.95.19 - - [19/Mar/2023:12:53:20 -0500] "GET /cinco-humedales-cerrados-por-fuertes-lluvias.html HTTP/1.1" 206 785
173.252.87.20 - - [19/Mar/2023:12:53:25 -0500] "GET /images/Humedal%20SDA%2001.jpeg HTTP/1.1" 200 80229
216.245.221.92 - - [19/Mar/2023:12:53:37 -0500] "HEAD / HTTP/1.1" 200 -
192.168.175.240 - - [19/Mar/2023:12:53:41 -0500] "GET / HTTP/1.1" 200 4720
52.167.144.149 - - [19/Mar/2023:12:54:28 -0500] "GET /BLA/resoluciones/index.php?dir=AUTOS+2016%2F HTTP/1.1" 200 328199
172.22.2.4 - - [19/Mar/2023:12:54:38 -0500] "GET /BLA/boletinlegal/actos.php HTTP/1.1" 200 9672
172.22.2.4 - - [19/Mar/2023:12:54:38 -0500] "GET /BLA/boletinlegal/styles2.css HTTP/1.1" 200 1838
172.22.2.4 - - [19/Mar/2023:12:54:38 -0500] "GET /BLA/boletinlegal/js/ajax_actos.js HTTP/1.1" 200 1322
172.22.2.4 - - [19/Mar/2023:12:54:38 -0500] "GET /BLA/boletinlegal/style.css HTTP/1.1" 200 9406
172.22.2.4 - - [19/Mar/2023:12:54:38 -0500] "GET /BLA/boletinlegal/niceforms-default.css HTTP/1.1" 200 6694
172.22.2.4 - - [19/Mar/2023:12:54:38 -0500] "GET /BLA/boletinlegal/niceforms.js HTTP/1.1" 200 22876
172.22.2.4 - - [19/Mar/2023:12:54:38 -0500] "GET /BLA/boletinlegal/js/lib.js HTTP/1.1" 200 6474
172.22.2.4 - - [19/Mar/2023:12:54:38 -0500] "GET /BLA/boletinlegal/js/popup.js HTTP/1.1" 200 1270
172.22.2.4 - - [19/Mar/2023:12:54:38 -0500] "GET /BLA/boletinlegal/js/jquery1.js HTTP/1.1" 200 29846
172.22.2.4 - - [19/Mar/2023:12:54:38 -0500] "GET /BLA/boletinlegal/images/cabezote%20BLEGAL.jpg HTTP/1.1" 200 118164
172.22.2.4 - - [19/Mar/2023:12:54:38 -0500] "GET /BLA/boletinlegal/images/subscribe-icon-big.png HTTP/1.1" 200 47702
172.22.2.4 - - [19/Mar/2023:12:54:38 -0500] "GET /BLA/boletinlegal/images/historia.png HTTP/1.1" 200 52775
172.22.2.4 - - [19/Mar/2023:12:54:38 -0500] "GET /BLA/boletinlegal/images/registro-usuarios.png HTTP/1.1" 200 8106
172.22.2.4 - - [19/Mar/2023:12:54:38 -0500] "GET /BLA/boletinlegal/images/tel.png HTTP/1.1" 200 14477
172.22.2.4 - - [19/Mar/2023:12:54:38 -0500] "GET /BLA/boletinlegal/images/green-yellow-blue-pink-th.png HTTP/1.1" 200 7394
172.22.2.4 - - [19/Mar/2023:12:54:38 -0500] "GET /BLA/boletinlegal/images/body_bg.jpg HTTP/1.1" 200 1601
172.22.2.4 - - [19/Mar/2023:12:54:38 -0500] "GET /BLA/boletinlegal/images/icono-email.png HTTP/1.1" 200 5544
172.22.2.4 - - [19/Mar/2023:12:54:38 -0500] "GET /BLA/boletinlegal/images/menu_lft.gif HTTP/1.1" 200 1713
172.22.2.4 - - [19/Mar/2023:12:54:38 -0500] "GET /BLA/boletinlegal/images/menu_rght.gif HTTP/1.1" 200 1627
172.22.2.4 - - [19/Mar/2023:12:54:38 -0500] "GET /BLA/boletinlegal/images/footer_bg.jpg HTTP/1.1" 200 586
172.22.2.4 - - [19/Mar/2023:12:54:38 -0500] "GET /BLA/boletinlegal/images/bg_top.jpg HTTP/1.1" 200 522
172.22.2.4 - - [19/Mar/2023:12:54:38 -0500] "GET /BLA/boletinlegal/images/hover.jpg HTTP/1.1" 200 640
172.22.2.4 - - [19/Mar/2023:12:54:38 -0500] "GET /BLA/boletinlegal/images/menu_bg.jpg HTTP/1.1" 200 620
172.22.2.4 - - [19/Mar/2023:12:54:38 -0500] "GET /BLA/boletinlegal/images/text.jpg HTTP/1.1" 200 568
172.22.2.4 - - [19/Mar/2023:12:54:38 -0500] "GET /BLA/boletinlegal/images/footer_bg_l.jpg HTTP/1.1" 200 776
172.22.2.4 - - [19/Mar/2023:12:54:38 -0500] "GET /BLA/boletinlegal/img/select-left.png HTTP/1.1" 200 263
172.22.2.4 - - [19/Mar/2023:12:54:38 -0500] "GET /BLA/boletinlegal/img/select-right.png HTTP/1.1" 200 44019
172.22.2.4 - - [19/Mar/2023:12:54:38 -0500] "GET /BLA/boletinlegal/img/button.png HTTP/1.1" 200 43241
172.22.2.4 - - [19/Mar/2023:12:54:38 -0500] "GET /BLA/boletinlegal/img/button-left.png HTTP/1.1" 200 57071
172.22.2.4 - - [19/Mar/2023:12:54:38 -0500] "GET /BLA/boletinlegal/img/button-right.png HTTP/1.1" 200 57878
172.22.2.4 - - [19/Mar/2023:12:54:38 -0500] "GET /BLA/boletinlegal/img/0.png HTTP/1.1" 200 110
172.22.2.4 - - [19/Mar/2023:12:54:38 -0500] "GET /BLA/boletinlegal/favicon.ico HTTP/1.1" 404 1326
192.168.175.240 - - [19/Mar/2023:12:54:41 -0500] "GET / HTTP/1.1" 200 4720
172.22.2.4 - - [19/Mar/2023:12:54:43 -0500] "GET /BLA/boletinlegal/consulta_actos.php?tipo=resoluciones&no=&usuario=&sector=&fecha=2023&resuelve= HTTP/1.1" 200 29874
172.22.2.4 - - [19/Mar/2023:12:54:43 -0500] "GET /BLA/boletinlegal/images/background.gif HTTP/1.1" 200 -
172.22.2.4 - - [19/Mar/2023:12:54:43 -0500] "GET /BLA/boletinlegal/images/pdf.gif HTTP/1.1" 200 567
201.245.192.253 - - [19/Mar/2023:12:54:52 -0500] "GET / HTTP/1.1" 200 319
186.154.33.37 - - [19/Mar/2023:12:54:55 -0500] "GET /BLA/resoluciones/RESOLUCIONES%202023/0390.pdf HTTP/1.1" 200 353959
201.245.192.253 - - [19/Mar/2023:12:54:56 -0500] "POST /kwsrmcab/Wsrmcab  HTTP/1.1" 200 42239
172.22.2.4 - - [19/Mar/2023:12:53:52 -0500] "GET /BLA/boletinlegal/ HTTP/1.1" 200 57141
172.22.2.4 - - [19/Mar/2023:12:55:40 -0500] "GET /BLA/boletinlegal/consulta_actos.php?tipo=resoluciones&no=&usuario=&sector=&fecha=2022&resuelve=FLORA HTTP/1.1" 200 1537
192.168.175.240 - - [19/Mar/2023:12:55:41 -0500] "GET / HTTP/1.1" 200 4720
186.154.33.37 - - [19/Mar/2023:12:55:46 -0500] "GET /BLA/resoluciones/RESOLUCIONES%202022/1080.pdf HTTP/1.1" 200 5868462
172.22.2.4 - - [19/Mar/2023:12:54:28 -0500] "HEAD /BLA/boletinlegal/ HTTP/1.1" 200 -
192.168.175.240 - - [19/Mar/2023:12:56:41 -0500] "GET / HTTP/1.1" 200 4720
172.22.2.4 - - [19/Mar/2023:12:55:18 -0500] "GET /BLA/boletinlegal/ HTTP/1.1" 200 56744
192.168.175.240 - - [19/Mar/2023:12:57:41 -0500] "GET / HTTP/1.1" 200 4720
216.245.221.92 - - [19/Mar/2023:12:58:37 -0500] "HEAD / HTTP/1.1" 200 -
192.168.175.240 - - [19/Mar/2023:12:58:41 -0500] "GET / HTTP/1.1" 200 4720
66.249.79.113 - - [19/Mar/2023:12:58:50 -0500] "-" 408 -
192.168.175.240 - - [19/Mar/2023:12:59:41 -0500] "GET / HTTP/1.1" 200 4720
40.77.167.211 - - [19/Mar/2023:12:59:43 -0500] "GET /sipse/faces/presentacion/sistema/anexos/cargarAnexoSolicitudProceso.xhtml HTTP/1.1" 302 -
40.77.167.211 - - [19/Mar/2023:12:59:44 -0500] "GET /sipse/faces/autenticacion.xhtml HTTP/1.1" 200 12168
201.245.192.253 - - [19/Mar/2023:12:59:54 -0500] "POST /kwsrmcab/Wsrmcab  HTTP/1.1" 200 42239
172.22.2.4 - - [19/Mar/2023:12:59:59 -0500] "GET /BLA/boletinlegal/actos.php HTTP/1.1" 200 9672
172.22.2.4 - - [19/Mar/2023:13:00:00 -0500] "GET /BLA/boletinlegal/images/cabezote%20BLEGAL.jpg HTTP/1.1" 200 118164
172.22.2.4 - - [19/Mar/2023:13:00:02 -0500] "GET /BLA/boletinlegal/niceforms.js HTTP/1.1" 200 22876
172.22.2.4 - - [19/Mar/2023:13:00:03 -0500] "GET /BLA/boletinlegal/style.css HTTP/1.1" 200 9406
172.22.2.4 - - [19/Mar/2023:13:00:03 -0500] "GET /BLA/boletinlegal/js/lib.js HTTP/1.1" 200 6474
172.22.2.4 - - [19/Mar/2023:13:00:04 -0500] "GET /BLA/boletinlegal/js/jquery1.js HTTP/1.1" 200 29846
192.168.175.240 - - [19/Mar/2023:13:00:41 -0500] "GET / HTTP/1.1" 200 4720
192.168.175.240 - - [19/Mar/2023:13:01:41 -0500] "GET / HTTP/1.1" 200 4720
172.22.2.4 - - [19/Mar/2023:13:00:17 -0500] "HEAD /BLA/boletinlegal/ HTTP/1.1" 200 -
52.167.144.167 - - [19/Mar/2023:13:02:13 -0500] "GET /BLA/resoluciones/index.php?dir=RESOLUCIONES+2023%2F HTTP/1.1" 200 10037
192.168.175.240 - - [19/Mar/2023:13:02:41 -0500] "GET / HTTP/1.1" 200 4720
40.77.167.188 - - [19/Mar/2023:13:02:45 -0500] "GET /BLA/resoluciones/RESOLUCIONES%202016/2355.pdf HTTP/1.1" 304 -
172.22.2.4 - - [19/Mar/2023:13:01:08 -0500] "GET /BLA/boletinlegal/ HTTP/1.1" 200 56744
173.252.87.11 - - [19/Mar/2023:13:03:36 -0500] "GET /images/Secretarias%20Fondo%20carga%206%20de%20febrero.jpeg HTTP/1.1" 200 55460
216.245.221.92 - - [19/Mar/2023:13:03:37 -0500] "HEAD / HTTP/1.1" 200 -
192.168.175.240 - - [19/Mar/2023:13:03:41 -0500] "GET / HTTP/1.1" 200 4720
170.78.42.69 - - [19/Mar/2023:13:03:52 -0500] "GET /mujeres-que-reverdecen-secretaria-de-ambiente-anuncia-el-inicio-de-la-tercera-fase.html HTTP/1.1" 200 954
191.156.190.88 - - [19/Mar/2023:13:03:58 -0500] "GET /%C3%82%C2%BFquieres-aprender-sobre-jardines-verticales-esta-es-tu-oportunidad.html HTTP/1.1" 304 -
172.22.2.4 - - [19/Mar/2023:13:04:02 -0500] "GET /BLA/boletinlegal/actos.php HTTP/1.1" 200 9672
52.167.144.142 - - [19/Mar/2023:13:04:08 -0500] "GET /BLA/resoluciones/index.php?dir=AUTOS+2013%2F HTTP/1.1" 200 407265
192.168.175.240 - - [19/Mar/2023:13:04:41 -0500] "GET / HTTP/1.1" 200 4720
207.46.13.209 - - [19/Mar/2023:13:04:50 -0500] "GET /portaldeninos/2021/06/05/celebracion-del-dia-mundial-del-medio-ambiente-comenzo-desde-uno-de-los-pulmones-de-bogota/ HTTP/1.1" 200 104357
201.245.192.253 - - [19/Mar/2023:13:04:53 -0500] "POST /kwsrmcab/Wsrmcab  HTTP/1.1" 200 42239
191.156.230.190 - - [19/Mar/2023:13:05:34 -0500] "GET /mujeres-que-reverdecen-secretaria-de-ambiente-anuncia-el-inicio-de-la-tercera-fase.html HTTP/1.1" 200 954
192.168.175.240 - - [19/Mar/2023:13:05:41 -0500] "GET / HTTP/1.1" 200 4720
173.252.87.3 - - [19/Mar/2023:13:05:46 -0500] "GET /images/calidad-aire-2-marzo-1_optimized.jpeg HTTP/1.1" 200 51562
201.244.244.234 - - [19/Mar/2023:13:05:46 -0500] "POST /sipse/faces/presentacion/proyectos/proyecto/actividad/modificacionPresupuesto.xhtml HTTP/1.1" 200 5029
201.244.244.234 - - [19/Mar/2023:13:05:48 -0500] "POST /sipse/faces/presentacion/proyectos/proyecto/actividad/modificacionPresupuesto.xhtml HTTP/1.1" 200 193
201.244.244.234 - - [19/Mar/2023:13:05:48 -0500] "POST /sipse/faces/presentacion/proyectos/proyecto/actividad/modificacionPresupuesto.xhtml HTTP/1.1" 200 193
201.244.244.234 - - [19/Mar/2023:13:05:48 -0500] "POST /sipse/faces/presentacion/proyectos/proyecto/actividad/modificacionPresupuesto.xhtml HTTP/1.1" 200 193
201.244.244.234 - - [19/Mar/2023:13:05:48 -0500] "GET /sipse/faces/presentacion/financiero/solicitudAnulacion/consultarSolicitudAnulacion.xhtml HTTP/1.1" 200 15757
201.244.244.234 - - [19/Mar/2023:13:05:48 -0500] "GET /sipse/faces/presentacion/financiero/solicitudAnulacion/consultarSolicitudAnulacion.xhtml HTTP/1.1" 200 40638
201.244.244.234 - - [19/Mar/2023:13:05:49 -0500] "GET /sipse/faces/presentacion/financiero/solicitudAnulacion/consultarSolicitudAnulacion.xhtml HTTP/1.1" 200 40638
201.244.244.234 - - [19/Mar/2023:13:05:49 -0500] "GET /sipse/faces/javax.faces.resource/theme.css?ln=primefaces-sipse HTTP/1.1" 304 -
201.244.244.234 - - [19/Mar/2023:13:05:49 -0500] "GET /sipse/faces/javax.faces.resource/primefaces.css?ln=primefaces&v=4.0 HTTP/1.1" 304 -
201.244.244.234 - - [19/Mar/2023:13:05:49 -0500] "GET /sipse/faces/javax.faces.resource/layout/layout.css?ln=primefaces&v=4.0 HTTP/1.1" 304 -
201.244.244.234 - - [19/Mar/2023:13:05:49 -0500] "GET /sipse/faces/javax.faces.resource/jquery/jquery.js?ln=primefaces&v=4.0 HTTP/1.1" 304 -
201.244.244.234 - - [19/Mar/2023:13:05:49 -0500] "GET /sipse/faces/javax.faces.resource/layout/layout.js?ln=primefaces&v=4.0 HTTP/1.1" 304 -
201.244.244.234 - - [19/Mar/2023:13:05:49 -0500] "GET /sipse/faces/javax.faces.resource/jquery/jquery-plugins.js?ln=primefaces&v=4.0 HTTP/1.1" 304 -
201.244.244.234 - - [19/Mar/2023:13:05:49 -0500] "GET /sipse/faces/javax.faces.resource/primefaces.js?ln=primefaces&v=4.0 HTTP/1.1" 304 -
201.244.244.234 - - [19/Mar/2023:13:05:49 -0500] "GET /sipse/faces/javax.faces.resource/images/ui-icons_898989_256x240.png?ln=primefaces-aristo HTTP/1.1" 304 -
201.244.244.234 - - [19/Mar/2023:13:05:49 -0500] "GET /sipse/faces/javax.faces.resource/images/ui-bg_flat_0_2d5972_40x100.png?ln=primefaces-aristo HTTP/1.1" 304 -
201.244.244.234 - - [19/Mar/2023:13:05:49 -0500] "POST /sipse/faces/presentacion/financiero/solicitudAnulacion/consultarSolicitudAnulacion.xhtml HTTP/1.1" 200 10620
201.244.244.234 - - [19/Mar/2023:13:05:51 -0500] "POST /sipse/faces/presentacion/financiero/solicitudAnulacion/consultarSolicitudAnulacion.xhtml HTTP/1.1" 200 16999
201.244.244.234 - - [19/Mar/2023:13:06:02 -0500] "POST /sipse/faces/presentacion/financiero/solicitudAnulacion/consultarSolicitudAnulacion.xhtml HTTP/1.1" 200 16999
201.244.244.234 - - [19/Mar/2023:13:06:09 -0500] "POST /sipse/faces/presentacion/financiero/solicitudAnulacion/consultarSolicitudAnulacion.xhtml HTTP/1.1" 200 14817
201.244.244.234 - - [19/Mar/2023:13:06:09 -0500] "GET /sipse/faces/javax.faces.resource/messages/messages.png?ln=primefaces&v=4.0 HTTP/1.1" 304 -
201.244.244.234 - - [19/Mar/2023:13:06:12 -0500] "POST /sipse/faces/presentacion/financiero/solicitudAnulacion/consultarSolicitudAnulacion.xhtml HTTP/1.1" 200 16999
192.168.175.240 - - [19/Mar/2023:13:06:41 -0500] "GET / HTTP/1.1" 200 4720
192.168.175.240 - - [19/Mar/2023:13:07:41 -0500] "GET / HTTP/1.1" 200 4720
172.22.2.4 - - [19/Mar/2023:13:06:07 -0500] "HEAD /BLA/boletinlegal/ HTTP/1.1" 200 -
216.245.221.92 - - [19/Mar/2023:13:08:37 -0500] "HEAD / HTTP/1.1" 200 -
172.22.2.4 - - [19/Mar/2023:13:06:58 -0500] "GET /BLA/boletinlegal/ HTTP/1.1" 200 52316
192.168.175.240 - - [19/Mar/2023:13:08:41 -0500] "GET / HTTP/1.1" 200 4720
192.168.175.240 - - [19/Mar/2023:13:09:41 -0500] "GET / HTTP/1.1" 200 4720
52.167.144.142 - - [19/Mar/2023:13:09:48 -0500] "GET /BLA/resoluciones/index.php?dir=Decretos%2F HTTP/1.1" 200 6804
201.245.192.253 - - [19/Mar/2023:13:09:51 -0500] "POST /kwsrmcab/Wsrmcab  HTTP/1.1" 200 42239
192.168.175.240 - - [19/Mar/2023:13:10:41 -0500] "GET / HTTP/1.1" 200 4720
192.168.175.240 - - [19/Mar/2023:13:11:40 -0500] "GET / HTTP/1.1" 200 4720
172.22.2.4 - - [19/Mar/2023:13:11:25 -0500] "GET /BLA/boletinlegal/ HTTP/1.1" 200 36811
192.168.175.240 - - [19/Mar/2023:13:12:41 -0500] "GET / HTTP/1.1" 200 4720
172.22.2.4 - - [19/Mar/2023:13:12:45 -0500] "GET /BLA/boletinlegal/autodiscover/autodiscover.json?@zdi/Powershell HTTP/1.1" 404 1018
216.245.221.92 - - [19/Mar/2023:13:13:37 -0500] "HEAD / HTTP/1.1" 200 -
172.22.2.4 - - [19/Mar/2023:13:11:57 -0500] "HEAD /BLA/boletinlegal/ HTTP/1.1" 200 -
192.168.175.240 - - [19/Mar/2023:13:13:40 -0500] "GET / HTTP/1.1" 200 4720
185.119.81.105 - - [19/Mar/2023:13:13:56 -0500] "GET /portaldeninos/wp-login.php HTTP/1.1" 200 2592
185.119.81.105 - - [19/Mar/2023:13:13:57 -0500] "POST /portaldeninos/wp-login.php HTTP/1.1" 200 3605
172.22.2.4 - - [19/Mar/2023:13:12:48 -0500] "GET /BLA/boletinlegal/ HTTP/1.1" 200 57551
192.168.175.240 - - [19/Mar/2023:13:14:40 -0500] "GET / HTTP/1.1" 200 4720
201.245.192.253 - - [19/Mar/2023:13:14:51 -0500] "POST /kwsrmcab/Wsrmcab  HTTP/1.1" 200 42239
192.168.175.240 - - [19/Mar/2023:13:15:40 -0500] "GET / HTTP/1.1" 200 4720
192.168.175.240 - - [19/Mar/2023:13:16:40 -0500] "GET / HTTP/1.1" 200 4720
192.168.175.240 - - [19/Mar/2023:13:17:40 -0500] "GET / HTTP/1.1" 200 4720
216.245.221.92 - - [19/Mar/2023:13:18:37 -0500] "HEAD / HTTP/1.1" 200 -
192.168.175.240 - - [19/Mar/2023:13:18:40 -0500] "GET / HTTP/1.1" 200 4720
172.22.2.4 - - [19/Mar/2023:13:17:47 -0500] "HEAD /BLA/boletinlegal/ HTTP/1.1" 200 -
192.168.175.240 - - [19/Mar/2023:13:19:40 -0500] "GET / HTTP/1.1" 200 4720
201.245.192.253 - - [19/Mar/2023:13:19:50 -0500] "POST /kwsrmcab/Wsrmcab  HTTP/1.1" 200 42239
172.22.2.4 - - [19/Mar/2023:13:18:38 -0500] "GET /BLA/boletinlegal/ HTTP/1.1" 200 57551
199.16.157.180 - - [19/Mar/2023:13:20:21 -0500] "GET /images/prendas-1_optimized.jpeg HTTP/1.1" 200 65869
66.249.70.180 - - [19/Mar/2023:13:20:26 -0500] "-" 408 -
201.245.192.253 - - [19/Mar/2023:13:20:38 -0500] "POST /kwsrmcab/Wsrmcab HTTP/1.1" 200 41417
192.168.175.240 - - [19/Mar/2023:13:20:40 -0500] "GET / HTTP/1.1" 200 4720
201.245.192.253 - - [19/Mar/2023:13:20:41 -0500] "POST /kwsrmcab/Wsrmcab HTTP/1.1" 200 43473
192.168.175.240 - - [19/Mar/2023:13:21:40 -0500] "GET / HTTP/1.1" 200 4720
201.244.244.234 - - [19/Mar/2023:13:22:10 -0500] "POST /sipse/faces/presentacion/financiero/solicitudAnulacion/consultarSolicitudAnulacion.xhtml HTTP/1.1" 200 85782
201.244.244.234 - - [19/Mar/2023:13:22:10 -0500] "GET /sipse/faces/javax.faces.resource/jquery/jquery.js?ln=primefaces&v=4.0 HTTP/1.1" 304 -
201.244.244.234 - - [19/Mar/2023:13:22:10 -0500] "GET /sipse/faces/javax.faces.resource/jquery/jquery-plugins.js?ln=primefaces&v=4.0 HTTP/1.1" 304 -
201.244.244.234 - - [19/Mar/2023:13:22:10 -0500] "GET /sipse/faces/javax.faces.resource/primefaces.js?ln=primefaces&v=4.0 HTTP/1.1" 304 -
201.244.244.234 - - [19/Mar/2023:13:22:11 -0500] "GET /sipse/faces/javax.faces.resource/layout/layout.js?ln=primefaces&v=4.0 HTTP/1.1" 304 -
201.244.244.234 - - [19/Mar/2023:13:22:14 -0500] "POST /sipse/faces/presentacion/proyectos/proyecto/listarProyecto.xhtml HTTP/1.1" 200 15990
201.244.244.234 - - [19/Mar/2023:13:22:15 -0500] "POST /sipse/faces/presentacion/proyectos/proyecto/listarProyecto.xhtml HTTP/1.1" 200 15994
201.244.244.234 - - [19/Mar/2023:13:22:16 -0500] "POST /sipse/faces/presentacion/proyectos/proyecto/listarProyecto.xhtml HTTP/1.1" 200 58364
