216.245.221.92 - - [19/Mar/2023:07:13:38 -0500] "HEAD / HTTP/1.1" 200 -
192.168.175.240 - - [19/Mar/2023:07:13:41 -0500] "GET / HTTP/1.1" 200 4720
192.168.175.240 - - [19/Mar/2023:07:14:41 -0500] "GET / HTTP/1.1" 200 4720
172.22.2.4 - - [19/Mar/2023:07:13:27 -0500] "HEAD /BLA/boletinlegal/ HTTP/1.1" 200 -
192.168.175.240 - - [19/Mar/2023:07:15:41 -0500] "GET / HTTP/1.1" 200 4720
172.22.2.4 - - [19/Mar/2023:07:14:18 -0500] "GET /BLA/boletinlegal/ HTTP/1.1" 200 59296
201.245.192.253 - - [19/Mar/2023:07:16:20 -0500] "POST /kwsrmcab/Wsrmcab  HTTP/1.1" 200 42239
192.168.175.240 - - [19/Mar/2023:07:16:41 -0500] "GET / HTTP/1.1" 200 4720
192.168.175.240 - - [19/Mar/2023:07:17:41 -0500] "GET / HTTP/1.1" 200 4720
216.245.221.92 - - [19/Mar/2023:07:18:38 -0500] "HEAD / HTTP/1.1" 200 -
192.168.175.240 - - [19/Mar/2023:07:18:41 -0500] "GET / HTTP/1.1" 200 4720
192.168.175.240 - - [19/Mar/2023:07:19:41 -0500] "GET / HTTP/1.1" 200 4720
190.27.120.201 - - [19/Mar/2023:07:20:30 -0500] "GET /reportes_sipse/jsp/inicio.jsp HTTP/1.1" 200 2935
190.27.120.201 - - [19/Mar/2023:07:20:30 -0500] "GET /reportes_sipse/css/estilos.css HTTP/1.1" 304 -
190.27.120.201 - - [19/Mar/2023:07:20:30 -0500] "GET /reportes_sipse/imagenes/logoAplicacion.jpg HTTP/1.1" 304 -
190.27.120.201 - - [19/Mar/2023:07:20:30 -0500] "GET /reportes_sipse/imagenes/fondo.jpg HTTP/1.1" 304 -
190.27.120.201 - - [19/Mar/2023:07:20:37 -0500] "POST /reportes_sipse/sdg/ServletReporte?saldo_actividades_contratacion_columnas& HTTP/1.1" 200 5986
190.27.120.201 - - [19/Mar/2023:07:20:37 -0500] "GET /reportes_sipse/js/funciones.js HTTP/1.1" 304 -
190.27.120.201 - - [19/Mar/2023:07:20:37 -0500] "GET /reportes_sipse/js/date-picker.js HTTP/1.1" 304 -
190.27.120.201 - - [19/Mar/2023:07:20:37 -0500] "GET /reportes_sipse/imagenes/calendario.gif HTTP/1.1" 304 -
190.27.120.201 - - [19/Mar/2023:07:20:37 -0500] "GET /reportes_sipse/imagenes/pdf.gif HTTP/1.1" 304 -
190.27.120.201 - - [19/Mar/2023:07:20:37 -0500] "GET /reportes_sipse/imagenes/excel.gif HTTP/1.1" 304 -
190.27.120.201 - - [19/Mar/2023:07:20:39 -0500] "GET /reportes_sipse/imagenes/retrocedeAgno.gif HTTP/1.1" 304 -
190.27.120.201 - - [19/Mar/2023:07:20:39 -0500] "GET /reportes_sipse/imagenes/retrocedeMes.gif HTTP/1.1" 304 -
190.27.120.201 - - [19/Mar/2023:07:20:40 -0500] "GET /reportes_sipse/imagenes/avanzaMes.gif HTTP/1.1" 304 -
190.27.120.201 - - [19/Mar/2023:07:20:40 -0500] "GET /reportes_sipse/imagenes/avanzaAgno.gif HTTP/1.1" 304 -
192.168.175.240 - - [19/Mar/2023:07:20:41 -0500] "GET / HTTP/1.1" 200 4720
201.245.192.253 - - [19/Mar/2023:07:20:39 -0500] "POST /kwsrmcab/Wsrmcab HTTP/1.1" 200 42293
201.245.192.253 - - [19/Mar/2023:07:20:42 -0500] "POST /kwsrmcab/Wsrmcab HTTP/1.1" 200 43519
172.22.2.4 - - [19/Mar/2023:07:19:17 -0500] "HEAD /BLA/boletinlegal/ HTTP/1.1" 200 -
190.27.120.201 - - [19/Mar/2023:07:20:43 -0500] "POST /reportes_sipse/sdg/ServletControlador HTTP/1.1" 200 54416
201.245.192.253 - - [19/Mar/2023:07:21:19 -0500] "POST /kwsrmcab/Wsrmcab  HTTP/1.1" 200 42239
192.168.175.240 - - [19/Mar/2023:07:21:41 -0500] "GET / HTTP/1.1" 200 4720
172.22.2.4 - - [19/Mar/2023:07:20:08 -0500] "GET /BLA/boletinlegal/ HTTP/1.1" 200 53104
192.168.175.240 - - [19/Mar/2023:07:22:41 -0500] "GET / HTTP/1.1" 200 4720
64.124.8.23 - - [19/Mar/2023:07:23:20 -0500] "GET /BLA/boletinlegal/jurisprudencia/analisis/AnalisisC-273-11.docx HTTP/1.1" 304 -
216.245.221.92 - - [19/Mar/2023:07:23:38 -0500] "HEAD / HTTP/1.1" 200 -
192.168.175.240 - - [19/Mar/2023:07:23:41 -0500] "GET / HTTP/1.1" 200 4720
191.95.169.225 - - [19/Mar/2023:07:24:32 -0500] "GET /images/jardines-verticales_optimized.jpeg HTTP/1.1" 200 138197
192.168.175.240 - - [19/Mar/2023:07:24:41 -0500] "GET / HTTP/1.1" 200 4720
94.102.61.10 - - [19/Mar/2023:07:25:12 -0500] "GET /portaldeninos/ HTTP/1.1" 200 110197
192.168.175.240 - - [19/Mar/2023:07:25:41 -0500] "GET / HTTP/1.1" 200 4720
201.245.192.253 - - [19/Mar/2023:07:26:17 -0500] "POST /kwsrmcab/Wsrmcab  HTTP/1.1" 200 42239
203.209.251.45 - - [19/Mar/2023:07:26:38 -0500] "GET /galeria/galeria/fotos/Humedal-Vaca3P.jpg HTTP/1.1" 200 38460
192.168.175.240 - - [19/Mar/2023:07:26:41 -0500] "GET / HTTP/1.1" 200 4720
172.22.2.4 - - [19/Mar/2023:07:25:07 -0500] "HEAD /BLA/boletinlegal/ HTTP/1.1" 200 -
172.22.2.4 - - [19/Mar/2023:07:25:58 -0500] "GET /BLA/boletinlegal/ HTTP/1.1" 200 57141
192.168.175.240 - - [19/Mar/2023:07:27:41 -0500] "GET / HTTP/1.1" 200 4720
52.167.144.167 - - [19/Mar/2023:07:27:49 -0500] "GET /bla/resoluciones/resoluciones%202009/3956.pdf HTTP/1.1" 200 864001
216.245.221.92 - - [19/Mar/2023:07:28:38 -0500] "HEAD / HTTP/1.1" 200 -
192.168.175.240 - - [19/Mar/2023:07:28:41 -0500] "GET / HTTP/1.1" 200 4720
192.168.175.240 - - [19/Mar/2023:07:29:41 -0500] "GET / HTTP/1.1" 200 4720
66.249.70.182 - - [19/Mar/2023:07:29:50 -0500] "-" 408 -
201.245.192.253 - - [19/Mar/2023:07:30:39 -0500] "POST /kwsrmcab/Wsrmcab HTTP/1.1" 200 42293
192.168.175.240 - - [19/Mar/2023:07:30:41 -0500] "GET / HTTP/1.1" 200 4720
201.245.192.253 - - [19/Mar/2023:07:30:42 -0500] "POST /kwsrmcab/Wsrmcab HTTP/1.1" 200 43519
201.245.192.253 - - [19/Mar/2023:07:31:16 -0500] "POST /kwsrmcab/Wsrmcab  HTTP/1.1" 200 42239
208.100.26.244 - - [19/Mar/2023:07:31:32 -0500] "GET / HTTP/1.1" 200 319
40.77.167.188 - - [19/Mar/2023:07:31:35 -0500] "GET /sipse/faces/faces/autenticacion.xhtml HTTP/1.1" 200 12490
192.168.175.240 - - [19/Mar/2023:07:31:41 -0500] "GET / HTTP/1.1" 200 4720
52.167.144.167 - - [19/Mar/2023:07:32:27 -0500] "GET /galeria/nivo-slider/themes/default/default.css HTTP/1.1" 200 1569
172.22.2.4 - - [19/Mar/2023:07:30:57 -0500] "HEAD /BLA/boletinlegal/ HTTP/1.1" 200 -
192.168.175.240 - - [19/Mar/2023:07:32:41 -0500] "GET / HTTP/1.1" 200 4720
172.22.2.4 - - [19/Mar/2023:07:31:48 -0500] "GET /BLA/boletinlegal/ HTTP/1.1" 200 53551
216.245.221.92 - - [19/Mar/2023:07:33:38 -0500] "HEAD / HTTP/1.1" 200 -
192.168.175.240 - - [19/Mar/2023:07:33:41 -0500] "GET / HTTP/1.1" 200 4720
192.168.175.240 - - [19/Mar/2023:07:34:41 -0500] "GET / HTTP/1.1" 200 4720
192.168.175.240 - - [19/Mar/2023:07:35:41 -0500] "GET / HTTP/1.1" 200 4720
201.245.192.253 - - [19/Mar/2023:07:36:14 -0500] "POST /kwsrmcab/Wsrmcab  HTTP/1.1" 200 42239
192.168.175.240 - - [19/Mar/2023:07:36:41 -0500] "GET / HTTP/1.1" 200 4720
192.168.175.240 - - [19/Mar/2023:07:37:41 -0500] "GET / HTTP/1.1" 200 4720
186.81.108.152 - - [19/Mar/2023:07:38:07 -0500] "GET /%C3%82%C2%BFquieres-aprender-sobre-jardines-verticales-esta-es-tu-oportunidad.html HTTP/1.1" 200 925
172.22.2.4 - - [19/Mar/2023:07:36:47 -0500] "HEAD /BLA/boletinlegal/ HTTP/1.1" 200 -
172.22.2.4 - - [19/Mar/2023:07:38:35 -0500] "OPTIONS /BLA/boletinlegal/niceforms-default.css HTTP/1.1" 200 -
172.22.2.4 - - [19/Mar/2023:07:38:35 -0500] "OPTIONS /BLA/boletinlegal/js/ajax_actos.js HTTP/1.1" 200 -
172.22.2.4 - - [19/Mar/2023:07:38:35 -0500] "OPTIONS /BLA/boletinlegal/niceforms.js HTTP/1.1" 200 -
172.22.2.4 - - [19/Mar/2023:07:38:35 -0500] "OPTIONS /BLA/boletinlegal/js/popup.js HTTP/1.1" 200 -
172.22.2.4 - - [19/Mar/2023:07:38:35 -0500] "OPTIONS /BLA/boletinlegal/js/jquery1.js HTTP/1.1" 200 -
172.22.2.4 - - [19/Mar/2023:07:38:35 -0500] "OPTIONS /BLA/boletinlegal/js/lib.js HTTP/1.1" 200 -
172.22.2.4 - - [19/Mar/2023:07:38:35 -0500] "OPTIONS /BLA/boletinlegal/images/green-yellow-blue-pink-th.png HTTP/1.1" 200 -
172.22.2.4 - - [19/Mar/2023:07:38:35 -0500] "OPTIONS /BLA/boletinlegal/images/icono-email.png HTTP/1.1" 200 -
172.22.2.4 - - [19/Mar/2023:07:38:35 -0500] "OPTIONS /BLA/boletinlegal/images/body_bg.jpg HTTP/1.1" 200 -
172.22.2.4 - - [19/Mar/2023:07:38:35 -0500] "OPTIONS /BLA/boletinlegal/images/tel.png HTTP/1.1" 200 -
172.22.2.4 - - [19/Mar/2023:07:38:35 -0500] "OPTIONS /BLA/boletinlegal/images/menu_lft.gif HTTP/1.1" 200 -
172.22.2.4 - - [19/Mar/2023:07:38:35 -0500] "OPTIONS /BLA/boletinlegal/images/menu_rght.gif HTTP/1.1" 200 -
172.22.2.4 - - [19/Mar/2023:07:38:35 -0500] "OPTIONS /BLA/boletinlegal/images/text.jpg HTTP/1.1" 200 -
172.22.2.4 - - [19/Mar/2023:07:38:35 -0500] "OPTIONS /BLA/boletinlegal/images/bg_top.jpg HTTP/1.1" 200 -
172.22.2.4 - - [19/Mar/2023:07:38:35 -0500] "OPTIONS /BLA/boletinlegal/images/menu_bg.jpg HTTP/1.1" 200 -
172.22.2.4 - - [19/Mar/2023:07:38:35 -0500] "OPTIONS /BLA/boletinlegal/images/hover.jpg HTTP/1.1" 200 -
172.22.2.4 - - [19/Mar/2023:07:38:35 -0500] "OPTIONS /BLA/boletinlegal/images/footer_bg.jpg HTTP/1.1" 200 -
172.22.2.4 - - [19/Mar/2023:07:38:35 -0500] "OPTIONS /BLA/boletinlegal/images/footer_bg_l.jpg HTTP/1.1" 200 -
172.22.2.4 - - [19/Mar/2023:07:38:36 -0500] "OPTIONS /BLA/boletinlegal/img/0.png HTTP/1.1" 200 -
172.22.2.4 - - [19/Mar/2023:07:38:36 -0500] "OPTIONS /BLA/boletinlegal/img/select-right.png HTTP/1.1" 200 -
172.22.2.4 - - [19/Mar/2023:07:38:36 -0500] "OPTIONS /BLA/boletinlegal/img/button.png HTTP/1.1" 200 -
172.22.2.4 - - [19/Mar/2023:07:38:36 -0500] "OPTIONS /BLA/boletinlegal/img/button-right.png HTTP/1.1" 200 -
172.22.2.4 - - [19/Mar/2023:07:38:36 -0500] "OPTIONS /BLA/boletinlegal/img/select-left.png HTTP/1.1" 200 -
172.22.2.4 - - [19/Mar/2023:07:38:36 -0500] "OPTIONS /BLA/boletinlegal/img/button-left.png HTTP/1.1" 200 -
216.245.221.92 - - [19/Mar/2023:07:38:38 -0500] "HEAD / HTTP/1.1" 200 -
192.168.175.240 - - [19/Mar/2023:07:38:41 -0500] "GET / HTTP/1.1" 200 4720
172.22.2.4 - - [19/Mar/2023:07:37:38 -0500] "GET /BLA/boletinlegal/ HTTP/1.1" 200 57551
192.168.175.240 - - [19/Mar/2023:07:39:41 -0500] "GET / HTTP/1.1" 200 4720
69.63.189.120 - - [19/Mar/2023:07:40:32 -0500] "GET /en-semana-santa-no-uses-palmas-ni-traigas-o-consumas-animales-silvestres.html HTTP/1.1" 206 959
128.14.136.18 - - [19/Mar/2023:07:40:38 -0500] "GET /portaldeninos/ HTTP/1.1" 200 110197
201.245.192.253 - - [19/Mar/2023:07:40:39 -0500] "POST /kwsrmcab/Wsrmcab HTTP/1.1" 200 42293
192.168.175.240 - - [19/Mar/2023:07:40:41 -0500] "GET / HTTP/1.1" 200 4720
201.245.192.253 - - [19/Mar/2023:07:40:42 -0500] "POST /kwsrmcab/Wsrmcab HTTP/1.1" 200 43519
201.245.192.253 - - [19/Mar/2023:07:41:13 -0500] "POST /kwsrmcab/Wsrmcab  HTTP/1.1" 200 42239
159.203.208.9 - - [19/Mar/2023:07:41:32 -0500] "GET /actuator/health HTTP/1.1" 404 1018
66.249.70.185 - - [19/Mar/2023:07:41:38 -0500] "-" 408 -
192.168.175.240 - - [19/Mar/2023:07:41:41 -0500] "GET / HTTP/1.1" 200 4720
192.168.175.240 - - [19/Mar/2023:07:42:41 -0500] "GET / HTTP/1.1" 200 4720
216.245.221.92 - - [19/Mar/2023:07:43:38 -0500] "HEAD / HTTP/1.1" 200 -
192.168.175.240 - - [19/Mar/2023:07:43:41 -0500] "GET / HTTP/1.1" 200 4720
186.29.180.46 - - [19/Mar/2023:07:43:58 -0500] "GET /BLA/resoluciones/index.php HTTP/1.1" 200 13502
186.29.180.46 - - [19/Mar/2023:07:44:00 -0500] "GET /BLA/resoluciones/index.php?dir=RESOLUCIONES+2008%2F HTTP/1.1" 200 976272
186.29.180.46 - - [19/Mar/2023:07:44:04 -0500] "GET /BLA/resoluciones/RESOLUCIONES%202008/3368.pdf HTTP/1.1" 200 501985
172.22.2.4 - - [19/Mar/2023:07:42:37 -0500] "HEAD /BLA/boletinlegal/ HTTP/1.1" 200 -
172.22.2.4 - - [19/Mar/2023:07:44:27 -0500] "GET /BLA/boletinlegal/actos.php HTTP/1.1" 200 9672
172.22.2.4 - - [19/Mar/2023:07:44:29 -0500] "GET /BLA/boletinlegal/actos.php HTTP/1.1" 200 9672
192.168.175.240 - - [19/Mar/2023:07:44:41 -0500] "GET / HTTP/1.1" 200 4720
172.22.2.4 - - [19/Mar/2023:07:43:28 -0500] "GET /BLA/boletinlegal/ HTTP/1.1" 200 54414
191.156.153.71 - - [19/Mar/2023:07:45:22 -0500] "GET /images/jardines-verticales_optimized.jpeg HTTP/1.1" 200 138197
191.156.149.217 - - [19/Mar/2023:07:45:22 -0500] "GET /images/jardines-verticales_optimized.jpeg HTTP/1.1" 200 138197
192.168.175.240 - - [19/Mar/2023:07:45:41 -0500] "GET / HTTP/1.1" 200 4720
35.204.156.22 - - [19/Mar/2023:07:45:50 -0500] "GET /inventario-de-emisiones-2020-transporte-publico-sitp-redujo-emisiones-de-pm-2-5-en-un-37.html HTTP/1.1" 200 925
201.245.192.253 - - [19/Mar/2023:07:46:13 -0500] "POST /kwsrmcab/Wsrmcab  HTTP/1.1" 200 42239
66.249.70.182 - - [19/Mar/2023:07:46:38 -0500] "-" 408 -
192.168.175.240 - - [19/Mar/2023:07:46:41 -0500] "GET / HTTP/1.1" 200 4720
192.168.175.240 - - [19/Mar/2023:07:47:41 -0500] "GET / HTTP/1.1" 200 4720
216.245.221.92 - - [19/Mar/2023:07:48:38 -0500] "HEAD / HTTP/1.1" 200 -
192.168.175.240 - - [19/Mar/2023:07:48:41 -0500] "GET / HTTP/1.1" 200 4720
52.167.144.142 - - [19/Mar/2023:07:48:41 -0500] "GET /bla/resoluciones/resoluciones%202021/2303.pdf HTTP/1.1" 200 380647
190.27.120.201 - - [19/Mar/2023:07:49:22 -0500] "GET /sipse/faces/index.xhtml HTTP/1.1" 200 677
190.27.120.201 - - [19/Mar/2023:07:49:22 -0500] "GET /sipse/faces/javax.faces.resource/theme.css?ln=primefaces-sipse HTTP/1.1" 304 -
190.27.120.201 - - [19/Mar/2023:07:49:22 -0500] "GET /sipse/faces/faces/autenticacion.xhtml HTTP/1.1" 200 12168
190.27.120.201 - - [19/Mar/2023:07:49:22 -0500] "GET /sipse/js/disable_browser_buttons.js HTTP/1.1" 304 -
190.27.120.201 - - [19/Mar/2023:07:49:22 -0500] "GET /sipse/js/funciones.js HTTP/1.1" 304 -
190.27.120.201 - - [19/Mar/2023:07:49:22 -0500] "GET /sipse/css/custom_css_sg.css HTTP/1.1" 304 -
190.27.120.201 - - [19/Mar/2023:07:49:22 -0500] "GET /sipse/css/custom_css_sg_prime_login.css HTTP/1.1" 304 -
190.27.120.201 - - [19/Mar/2023:07:49:22 -0500] "GET /sipse/faces/javax.faces.resource/primefaces.css?ln=primefaces&v=4.0 HTTP/1.1" 304 -
190.27.120.201 - - [19/Mar/2023:07:49:22 -0500] "GET /sipse/faces/javax.faces.resource/theme.css?ln=primefaces-sipse HTTP/1.1" 304 -
190.27.120.201 - - [19/Mar/2023:07:49:22 -0500] "GET /sipse/faces/javax.faces.resource/layout/layout.css?ln=primefaces&v=4.0 HTTP/1.1" 304 -
190.27.120.201 - - [19/Mar/2023:07:49:22 -0500] "GET /sipse/faces/javax.faces.resource/jquery/jquery.js?ln=primefaces&v=4.0 HTTP/1.1" 304 -
190.27.120.201 - - [19/Mar/2023:07:49:22 -0500] "GET /sipse/faces/javax.faces.resource/jquery/jquery-plugins.js?ln=primefaces&v=4.0 HTTP/1.1" 304 -
190.27.120.201 - - [19/Mar/2023:07:49:22 -0500] "GET /sipse/faces/javax.faces.resource/primefaces.js?ln=primefaces&v=4.0 HTTP/1.1" 304 -
190.27.120.201 - - [19/Mar/2023:07:49:22 -0500] "GET /sipse/faces/javax.faces.resource/layout/layout.js?ln=primefaces&v=4.0 HTTP/1.1" 304 -
190.27.120.201 - - [19/Mar/2023:07:49:23 -0500] "GET /sipse/css/imagen/loginimg.png HTTP/1.1" 304 -
190.27.120.201 - - [19/Mar/2023:07:49:23 -0500] "GET /sipse/css/imagen/logoSDG.png HTTP/1.1" 304 -
190.27.120.201 - - [19/Mar/2023:07:49:23 -0500] "GET /sipse/faces/javax.faces.resource/images/ui-icons_898989_256x240.png?ln=primefaces-aristo HTTP/1.1" 304 -
190.27.120.201 - - [19/Mar/2023:07:49:25 -0500] "POST /sipse/faces/autenticacion.xhtml HTTP/1.1" 200 12789
190.27.120.201 - - [19/Mar/2023:07:49:25 -0500] "GET /sipse/css/custom_css_sg_prime.css HTTP/1.1" 304 -
190.27.120.201 - - [19/Mar/2023:07:49:25 -0500] "GET /sipse/faces/javax.faces.resource/theme.css?ln=primefaces-sipse HTTP/1.1" 304 -
190.27.120.201 - - [19/Mar/2023:07:49:25 -0500] "GET /sipse/faces/javax.faces.resource/layout/layout.css?ln=primefaces&v=4.0 HTTP/1.1" 304 -
190.27.120.201 - - [19/Mar/2023:07:49:25 -0500] "GET /sipse/faces/javax.faces.resource/primefaces.css?ln=primefaces&v=4.0 HTTP/1.1" 304 -
190.27.120.201 - - [19/Mar/2023:07:49:25 -0500] "GET /sipse/faces/javax.faces.resource/jquery/jquery.js?ln=primefaces&v=4.0 HTTP/1.1" 304 -
190.27.120.201 - - [19/Mar/2023:07:49:25 -0500] "GET /sipse/faces/javax.faces.resource/jquery/jquery-plugins.js?ln=primefaces&v=4.0 HTTP/1.1" 304 -
190.27.120.201 - - [19/Mar/2023:07:49:25 -0500] "GET /sipse/faces/javax.faces.resource/primefaces.js?ln=primefaces&v=4.0 HTTP/1.1" 304 -
190.27.120.201 - - [19/Mar/2023:07:49:25 -0500] "GET /sipse/faces/javax.faces.resource/layout/layout.js?ln=primefaces&v=4.0 HTTP/1.1" 304 -
190.27.120.201 - - [19/Mar/2023:07:49:25 -0500] "GET /sipse/faces/javax.faces.resource/messages/messages.png?ln=primefaces&v=4.0 HTTP/1.1" 304 -
190.27.120.201 - - [19/Mar/2023:07:49:30 -0500] "POST /sipse/faces/presentacion/sistema/seguridad/seleccionRol.xhtml HTTP/1.1" 200 7225
190.27.120.201 - - [19/Mar/2023:07:49:31 -0500] "POST /sipse/faces/presentacion/sistema/seguridad/seleccionRol.xhtml HTTP/1.1" 200 17527
190.27.120.201 - - [19/Mar/2023:07:49:31 -0500] "GET /sipse/faces/javax.faces.resource/theme.css?ln=primefaces-sipse HTTP/1.1" 304 -
190.27.120.201 - - [19/Mar/2023:07:49:31 -0500] "GET /sipse/faces/javax.faces.resource/primefaces.css?ln=primefaces&v=4.0 HTTP/1.1" 304 -
190.27.120.201 - - [19/Mar/2023:07:49:31 -0500] "GET /sipse/faces/javax.faces.resource/layout/layout.css?ln=primefaces&v=4.0 HTTP/1.1" 304 -
190.27.120.201 - - [19/Mar/2023:07:49:31 -0500] "GET /sipse/js/jquery.min.js HTTP/1.1" 304 -
190.27.120.201 - - [19/Mar/2023:07:49:31 -0500] "GET /sipse/faces/javax.faces.resource/jquery/jquery.js?ln=primefaces&v=4.0 HTTP/1.1" 304 -
190.27.120.201 - - [19/Mar/2023:07:49:31 -0500] "GET /sipse/faces/javax.faces.resource/jquery/jquery-plugins.js?ln=primefaces&v=4.0 HTTP/1.1" 304 -
190.27.120.201 - - [19/Mar/2023:07:49:31 -0500] "GET /sipse/faces/javax.faces.resource/primefaces.js?ln=primefaces&v=4.0 HTTP/1.1" 304 -
190.27.120.201 - - [19/Mar/2023:07:49:31 -0500] "GET /sipse/faces/javax.faces.resource/layout/layout.js?ln=primefaces&v=4.0 HTTP/1.1" 304 -
190.27.120.201 - - [19/Mar/2023:07:49:31 -0500] "GET /sipse/imagenes/cargando.gif HTTP/1.1" 304 -
190.27.120.201 - - [19/Mar/2023:07:49:31 -0500] "GET /sipse/imagenes/logoAplicacion.jpg HTTP/1.1" 304 -
190.27.120.201 - - [19/Mar/2023:07:49:31 -0500] "GET /sipse/css/imagen/contrasena.png HTTP/1.1" 404 383
190.27.120.201 - - [19/Mar/2023:07:49:33 -0500] "GET /sipse/faces/javax.faces.resource/images/ui-bg_flat_0_2d5972_40x100.png?ln=primefaces-aristo HTTP/1.1" 304 -
190.27.120.201 - - [19/Mar/2023:07:49:33 -0500] "POST /sipse/faces/bienvenido.xhtml HTTP/1.1" 200 3843
190.27.120.201 - - [19/Mar/2023:07:49:34 -0500] "POST /sipse/faces/bienvenido.xhtml HTTP/1.1" 200 35502
190.27.120.201 - - [19/Mar/2023:07:49:34 -0500] "GET /sipse/faces/javax.faces.resource/primefaces.css?ln=primefaces&v=4.0 HTTP/1.1" 304 -
190.27.120.201 - - [19/Mar/2023:07:49:34 -0500] "GET /sipse/faces/javax.faces.resource/theme.css?ln=primefaces-sipse HTTP/1.1" 304 -
190.27.120.201 - - [19/Mar/2023:07:49:34 -0500] "GET /sipse/faces/javax.faces.resource/layout/layout.css?ln=primefaces&v=4.0 HTTP/1.1" 304 -
190.27.120.201 - - [19/Mar/2023:07:49:34 -0500] "GET /sipse/faces/javax.faces.resource/jquery/jquery.js?ln=primefaces&v=4.0 HTTP/1.1" 304 -
190.27.120.201 - - [19/Mar/2023:07:49:34 -0500] "GET /sipse/faces/javax.faces.resource/jquery/jquery-plugins.js?ln=primefaces&v=4.0 HTTP/1.1" 304 -
190.27.120.201 - - [19/Mar/2023:07:49:34 -0500] "GET /sipse/faces/javax.faces.resource/primefaces.js?ln=primefaces&v=4.0 HTTP/1.1" 304 -
190.27.120.201 - - [19/Mar/2023:07:49:34 -0500] "GET /sipse/faces/javax.faces.resource/layout/layout.js?ln=primefaces&v=4.0 HTTP/1.1" 304 -
190.27.120.201 - - [19/Mar/2023:07:49:35 -0500] "POST /sipse/faces/presentacion/financiero/solicitudProceso/listarSolicitudProceso.xhtml HTTP/1.1" 200 1376
190.27.120.201 - - [19/Mar/2023:07:49:36 -0500] "POST /sipse/faces/presentacion/financiero/solicitudProceso/listarSolicitudProceso.xhtml HTTP/1.1" 200 5629
190.27.120.201 - - [19/Mar/2023:07:49:38 -0500] "POST /sipse/faces/presentacion/financiero/solicitudProceso/listarSolicitudProceso.xhtml HTTP/1.1" 200 46151
190.27.120.201 - - [19/Mar/2023:07:49:38 -0500] "GET /sipse/faces/javax.faces.resource/theme.css?ln=primefaces-sipse HTTP/1.1" 304 -
190.27.120.201 - - [19/Mar/2023:07:49:38 -0500] "GET /sipse/faces/javax.faces.resource/primefaces.css?ln=primefaces&v=4.0 HTTP/1.1" 304 -
190.27.120.201 - - [19/Mar/2023:07:49:38 -0500] "GET /sipse/faces/javax.faces.resource/layout/layout.css?ln=primefaces&v=4.0 HTTP/1.1" 304 -
190.27.120.201 - - [19/Mar/2023:07:49:38 -0500] "GET /sipse/faces/javax.faces.resource/jquery/jquery.js?ln=primefaces&v=4.0 HTTP/1.1" 304 -
190.27.120.201 - - [19/Mar/2023:07:49:38 -0500] "GET /sipse/faces/javax.faces.resource/jquery/jquery-plugins.js?ln=primefaces&v=4.0 HTTP/1.1" 304 -
190.27.120.201 - - [19/Mar/2023:07:49:38 -0500] "GET /sipse/faces/javax.faces.resource/primefaces.js?ln=primefaces&v=4.0 HTTP/1.1" 304 -
190.27.120.201 - - [19/Mar/2023:07:49:38 -0500] "GET /sipse/faces/javax.faces.resource/layout/layout.js?ln=primefaces&v=4.0 HTTP/1.1" 304 -
190.27.120.201 - - [19/Mar/2023:07:49:38 -0500] "POST /sipse/faces/presentacion/financiero/solicitudProceso/consultar.xhtml HTTP/1.1" 200 39509
190.27.120.201 - - [19/Mar/2023:07:49:39 -0500] "POST /sipse/faces/presentacion/financiero/solicitudProceso/consultar.xhtml HTTP/1.1" 200 12810
192.168.175.240 - - [19/Mar/2023:07:49:41 -0500] "GET / HTTP/1.1" 200 4720
190.27.120.201 - - [19/Mar/2023:07:49:42 -0500] "POST /sipse/faces/presentacion/financiero/solicitudProceso/consultar.xhtml HTTP/1.1" 200 193
190.27.120.201 - - [19/Mar/2023:07:49:42 -0500] "POST /sipse/faces/presentacion/financiero/solicitudProceso/consultar.xhtml HTTP/1.1" 200 193
190.27.120.201 - - [19/Mar/2023:07:49:42 -0500] "POST /sipse/faces/presentacion/financiero/solicitudProceso/consultar.xhtml HTTP/1.1" 200 193
190.27.120.201 - - [19/Mar/2023:07:49:42 -0500] "GET /sipse/faces/presentacion/financiero/solicitudAnulacion/consultarSolicitudAnulacion.xhtml HTTP/1.1" 200 20277
190.27.120.201 - - [19/Mar/2023:07:49:42 -0500] "GET /sipse/faces/presentacion/financiero/solicitudAnulacion/consultarSolicitudAnulacion.xhtml HTTP/1.1" 200 42426
190.27.120.201 - - [19/Mar/2023:07:49:42 -0500] "GET /sipse/faces/presentacion/financiero/solicitudAnulacion/consultarSolicitudAnulacion.xhtml HTTP/1.1" 200 15757
190.27.120.201 - - [19/Mar/2023:07:49:42 -0500] "GET /sipse/faces/javax.faces.resource/theme.css?ln=primefaces-sipse HTTP/1.1" 304 -
190.27.120.201 - - [19/Mar/2023:07:49:42 -0500] "GET /sipse/faces/javax.faces.resource/primefaces.css?ln=primefaces&v=4.0 HTTP/1.1" 304 -
190.27.120.201 - - [19/Mar/2023:07:49:42 -0500] "GET /sipse/faces/javax.faces.resource/layout/layout.css?ln=primefaces&v=4.0 HTTP/1.1" 304 -
190.27.120.201 - - [19/Mar/2023:07:49:42 -0500] "GET /sipse/faces/javax.faces.resource/jquery/jquery-plugins.js?ln=primefaces&v=4.0 HTTP/1.1" 304 -
190.27.120.201 - - [19/Mar/2023:07:49:42 -0500] "GET /sipse/faces/javax.faces.resource/jquery/jquery.js?ln=primefaces&v=4.0 HTTP/1.1" 304 -
190.27.120.201 - - [19/Mar/2023:07:49:42 -0500] "GET /sipse/faces/javax.faces.resource/layout/layout.js?ln=primefaces&v=4.0 HTTP/1.1" 304 -
190.27.120.201 - - [19/Mar/2023:07:49:42 -0500] "GET /sipse/faces/javax.faces.resource/primefaces.js?ln=primefaces&v=4.0 HTTP/1.1" 304 -
190.27.120.201 - - [19/Mar/2023:07:49:42 -0500] "POST /sipse/faces/presentacion/financiero/solicitudAnulacion/consultarSolicitudAnulacion.xhtml HTTP/1.1" 200 10620
190.27.120.201 - - [19/Mar/2023:07:49:43 -0500] "POST /sipse/faces/presentacion/financiero/solicitudAnulacion/consultarSolicitudAnulacion.xhtml HTTP/1.1" 200 16989
190.27.120.201 - - [19/Mar/2023:07:49:54 -0500] "POST /sipse/faces/presentacion/financiero/solicitudAnulacion/consultarSolicitudAnulacion.xhtml HTTP/1.1" 200 16988
190.27.120.201 - - [19/Mar/2023:07:50:00 -0500] "POST /sipse/faces/presentacion/financiero/solicitudAnulacion/consultarSolicitudAnulacion.xhtml HTTP/1.1" 200 16988
190.27.120.201 - - [19/Mar/2023:07:50:06 -0500] "POST /sipse/faces/presentacion/financiero/solicitudAnulacion/consultarSolicitudAnulacion.xhtml HTTP/1.1" 200 16989
172.22.2.4 - - [19/Mar/2023:07:48:27 -0500] "HEAD /BLA/boletinlegal/ HTTP/1.1" 200 -
192.168.175.240 - - [19/Mar/2023:07:50:41 -0500] "GET / HTTP/1.1" 200 4720
172.22.2.4 - - [19/Mar/2023:07:49:18 -0500] "GET /BLA/boletinlegal/ HTTP/1.1" 200 52316
201.245.192.253 - - [19/Mar/2023:07:51:12 -0500] "POST /kwsrmcab/Wsrmcab  HTTP/1.1" 200 42239
172.22.2.4 - - [19/Mar/2023:07:51:15 -0500] "GET /BLA/boletinlegal/actos.php HTTP/1.1" 200 9672
34.91.118.0 - - [19/Mar/2023:07:51:40 -0500] "GET /inventario-de-emisiones-2020-transporte-publico-sitp-redujo-emisiones-de-pm-2-5-en-un-37.html HTTP/1.1" 200 925
192.168.175.240 - - [19/Mar/2023:07:51:41 -0500] "GET / HTTP/1.1" 200 4720
66.249.79.115 - - [19/Mar/2023:07:52:06 -0500] "-" 408 -
190.27.120.201 - - [19/Mar/2023:07:52:13 -0500] "POST /sipse/faces/presentacion/financiero/solicitudAnulacion/consultarSolicitudAnulacion.xhtml HTTP/1.1" 200 16989
192.168.175.240 - - [19/Mar/2023:07:52:41 -0500] "GET / HTTP/1.1" 200 4720
66.249.93.57 - - [19/Mar/2023:07:53:19 -0500] "GET /images/jardines-verticales_optimized.jpeg HTTP/1.1" 200 138197
186.29.180.46 - - [19/Mar/2023:07:53:30 -0500] "GET /BLA/resoluciones/ HTTP/1.1" 200 13502
186.29.180.46 - - [19/Mar/2023:07:53:34 -0500] "GET /BLA/resoluciones/index.php?dir=RESOLUCIONES+2004%2F HTTP/1.1" 200 31994
216.245.221.92 - - [19/Mar/2023:07:53:38 -0500] "HEAD / HTTP/1.1" 200 -
186.29.180.46 - - [19/Mar/2023:07:53:40 -0500] "GET /BLA/resoluciones/index.php?dir=RESOLUCIONES+2004%2FRES+2004+1951-2000%2F HTTP/1.1" 200 12355
192.168.175.240 - - [19/Mar/2023:07:53:41 -0500] "GET / HTTP/1.1" 200 4720
201.245.192.253 - - [19/Mar/2023:07:53:52 -0500] "GET / HTTP/1.1" 200 319
190.9.215.140 - - [19/Mar/2023:07:53:55 -0500] "GET /%C3%82%C2%BFquieres-aprender-sobre-jardines-verticales-esta-es-tu-oportunidad.html HTTP/1.1" 304 -
190.27.120.201 - - [19/Mar/2023:07:54:01 -0500] "POST /sipse/faces/presentacion/financiero/solicitudAnulacion/consultarSolicitudAnulacion.xhtml HTTP/1.1" 200 16996
190.27.120.201 - - [19/Mar/2023:07:54:07 -0500] "POST /sipse/faces/presentacion/financiero/solicitudAnulacion/consultarSolicitudAnulacion.xhtml HTTP/1.1" 200 16996
190.27.120.201 - - [19/Mar/2023:07:54:10 -0500] "POST /sipse/faces/presentacion/financiero/solicitudAnulacion/consultarSolicitudAnulacion.xhtml HTTP/1.1" 200 16996
190.27.120.201 - - [19/Mar/2023:07:54:15 -0500] "POST /sipse/faces/presentacion/financiero/solicitudAnulacion/consultarSolicitudAnulacion.xhtml HTTP/1.1" 200 16996
190.27.120.201 - - [19/Mar/2023:07:54:19 -0500] "POST /sipse/faces/presentacion/financiero/solicitudAnulacion/consultarSolicitudAnulacion.xhtml HTTP/1.1" 200 16996
190.27.120.201 - - [19/Mar/2023:07:54:23 -0500] "POST /sipse/faces/presentacion/financiero/solicitudAnulacion/consultarSolicitudAnulacion.xhtml HTTP/1.1" 200 16996
190.27.120.201 - - [19/Mar/2023:07:54:30 -0500] "POST /sipse/faces/presentacion/financiero/solicitudAnulacion/consultarSolicitudAnulacion.xhtml HTTP/1.1" 200 16996
172.22.2.4 - - [19/Mar/2023:07:54:35 -0500] "GET /BLA/boletinlegal/Circulares/2012/Circular%20No.%207%20del%2008%20de%20Agosto%20de%202012.pdf HTTP/1.1" 304 -
190.27.120.201 - - [19/Mar/2023:07:54:35 -0500] "POST /sipse/faces/presentacion/financiero/solicitudAnulacion/consultarSolicitudAnulacion.xhtml HTTP/1.1" 200 16996
190.27.120.201 - - [19/Mar/2023:07:54:40 -0500] "POST /sipse/faces/presentacion/financiero/solicitudAnulacion/consultarSolicitudAnulacion.xhtml HTTP/1.1" 200 16996
192.168.175.240 - - [19/Mar/2023:07:54:41 -0500] "GET / HTTP/1.1" 200 4720
213.180.203.207 - - [19/Mar/2023:07:55:29 -0500] "-" 408 -
192.168.175.240 - - [19/Mar/2023:07:55:41 -0500] "GET / HTTP/1.1" 200 4720
172.22.2.4 - - [19/Mar/2023:07:54:17 -0500] "HEAD /BLA/boletinlegal/ HTTP/1.1" 200 -
201.245.192.253 - - [19/Mar/2023:07:56:11 -0500] "POST /kwsrmcab/Wsrmcab  HTTP/1.1" 200 42239
192.168.175.240 - - [19/Mar/2023:07:56:41 -0500] "GET / HTTP/1.1" 200 4720
172.22.2.4 - - [19/Mar/2023:07:55:08 -0500] "GET /BLA/boletinlegal/ HTTP/1.1" 200 52720
192.168.175.240 - - [19/Mar/2023:07:57:41 -0500] "GET / HTTP/1.1" 200 4720
216.245.221.92 - - [19/Mar/2023:07:58:38 -0500] "HEAD / HTTP/1.1" 200 -
192.168.175.240 - - [19/Mar/2023:07:58:41 -0500] "GET / HTTP/1.1" 200 4720
192.168.175.240 - - [19/Mar/2023:07:59:41 -0500] "GET / HTTP/1.1" 200 4720
157.55.39.218 - - [19/Mar/2023:07:59:45 -0500] "GET /incendios-forestales-como-prevenirlos-y-aportar-al-cuidado-de-los-ecosistemas.html HTTP/1.1" 200 883
173.252.107.116 - - [19/Mar/2023:08:00:08 -0500] "GET /images/Sello%201%20JA-2.jpeg HTTP/1.1" 200 42236
173.252.107.7 - - [19/Mar/2023:08:00:10 -0500] "GET /images/foto%202.jpg HTTP/1.1" 200 63300
192.168.175.240 - - [19/Mar/2023:08:00:41 -0500] "GET / HTTP/1.1" 200 4720
52.167.144.149 - - [19/Mar/2023:08:01:01 -0500] "GET /BLA/resoluciones/RESOLUCIONES%202023/0374.pdf HTTP/1.1" 200 481999
201.245.192.253 - - [19/Mar/2023:08:01:07 -0500] "POST /kwsrmcab/Wsrmcab  HTTP/1.1" 200 42239
192.168.175.240 - - [19/Mar/2023:08:01:41 -0500] "GET / HTTP/1.1" 200 4720
172.22.2.4 - - [19/Mar/2023:08:00:07 -0500] "HEAD /BLA/boletinlegal/ HTTP/1.1" 200 -
172.22.2.4 - - [19/Mar/2023:08:00:58 -0500] "GET /BLA/boletinlegal/ HTTP/1.1" 200 57141
192.168.175.240 - - [19/Mar/2023:08:02:41 -0500] "GET / HTTP/1.1" 200 4720
172.22.2.4 - - [19/Mar/2023:08:02:47 -0500] "GET /BLA/boletinlegal/robots.txt HTTP/1.1" 404 1038
172.22.2.4 - - [19/Mar/2023:08:02:48 -0500] "GET /BLA/boletinlegal/Circulares/2011/Circular%20No.%203%20del%2023%20de%20Junio%20de%202011.pdf HTTP/1.1" 304 -
45.8.165.58 - - [19/Mar/2023:08:03:18 -0500] "GET /170-animales-fueron-rescatados-por-el-distrito-en-la-localidad-de-antonio-narino.html HTTP/1.1" 200 1003
216.245.221.92 - - [19/Mar/2023:08:03:38 -0500] "HEAD / HTTP/1.1" 200 -
45.8.165.88 - - [19/Mar/2023:08:03:39 -0500] "GET /170-animales-fueron-rescatados-por-el-distrito-en-la-localidad-de-antonio-narino.html HTTP/1.1" 200 1003
192.168.175.240 - - [19/Mar/2023:08:03:41 -0500] "GET / HTTP/1.1" 200 4720
185.232.6.65 - - [19/Mar/2023:08:04:19 -0500] "GET /images/animales-rescatados-1_optimized.jpeg HTTP/1.1" 200 98566
192.168.175.240 - - [19/Mar/2023:08:04:41 -0500] "GET / HTTP/1.1" 200 4720
181.56.229.76 - - [19/Mar/2023:08:05:06 -0500] "GET /%C3%82%C2%BFquieres-aprender-sobre-jardines-verticales-esta-es-tu-oportunidad.html HTTP/1.1" 200 925
192.168.175.240 - - [19/Mar/2023:08:05:41 -0500] "GET / HTTP/1.1" 200 4720
190.27.120.201 - - [19/Mar/2023:08:05:43 -0500] "POST /sipse/faces/presentacion/financiero/solicitudAnulacion/consultarSolicitudAnulacion.xhtml HTTP/1.1" 200 16992
190.27.120.201 - - [19/Mar/2023:08:05:48 -0500] "POST /sipse/faces/presentacion/financiero/solicitudAnulacion/consultarSolicitudAnulacion.xhtml HTTP/1.1" 200 16992
190.27.120.201 - - [19/Mar/2023:08:05:52 -0500] "POST /sipse/faces/presentacion/financiero/solicitudAnulacion/consultarSolicitudAnulacion.xhtml HTTP/1.1" 200 16992
190.27.120.201 - - [19/Mar/2023:08:05:56 -0500] "POST /sipse/faces/presentacion/financiero/solicitudAnulacion/consultarSolicitudAnulacion.xhtml HTTP/1.1" 200 16992
190.27.120.201 - - [19/Mar/2023:08:06:00 -0500] "POST /sipse/faces/presentacion/financiero/solicitudAnulacion/consultarSolicitudAnulacion.xhtml HTTP/1.1" 200 16992
190.27.120.201 - - [19/Mar/2023:08:06:04 -0500] "POST /sipse/faces/presentacion/financiero/solicitudAnulacion/consultarSolicitudAnulacion.xhtml HTTP/1.1" 200 16992
201.245.192.253 - - [19/Mar/2023:08:06:04 -0500] "POST /kwsrmcab/Wsrmcab  HTTP/1.1" 200 42239
190.27.120.201 - - [19/Mar/2023:08:06:08 -0500] "POST /sipse/faces/presentacion/financiero/solicitudAnulacion/consultarSolicitudAnulacion.xhtml HTTP/1.1" 200 16992
190.27.120.201 - - [19/Mar/2023:08:06:11 -0500] "POST /sipse/faces/presentacion/financiero/solicitudAnulacion/consultarSolicitudAnulacion.xhtml HTTP/1.1" 200 16992
190.27.120.201 - - [19/Mar/2023:08:06:15 -0500] "POST /sipse/faces/presentacion/financiero/solicitudAnulacion/consultarSolicitudAnulacion.xhtml HTTP/1.1" 200 16992
190.27.120.201 - - [19/Mar/2023:08:06:19 -0500] "POST /sipse/faces/presentacion/financiero/solicitudAnulacion/consultarSolicitudAnulacion.xhtml HTTP/1.1" 200 16992
190.27.120.201 - - [19/Mar/2023:08:06:23 -0500] "POST /sipse/faces/presentacion/financiero/solicitudAnulacion/consultarSolicitudAnulacion.xhtml HTTP/1.1" 200 16992
190.27.120.201 - - [19/Mar/2023:08:06:26 -0500] "POST /sipse/faces/presentacion/financiero/solicitudAnulacion/consultarSolicitudAnulacion.xhtml HTTP/1.1" 200 16996
190.27.120.201 - - [19/Mar/2023:08:06:29 -0500] "POST /sipse/faces/presentacion/financiero/solicitudAnulacion/consultarSolicitudAnulacion.xhtml HTTP/1.1" 200 16996
190.27.120.201 - - [19/Mar/2023:08:06:33 -0500] "POST /sipse/faces/presentacion/financiero/solicitudAnulacion/consultarSolicitudAnulacion.xhtml HTTP/1.1" 200 16996
190.27.120.201 - - [19/Mar/2023:08:06:37 -0500] "POST /sipse/faces/presentacion/financiero/solicitudAnulacion/consultarSolicitudAnulacion.xhtml HTTP/1.1" 200 16996
192.168.175.240 - - [19/Mar/2023:08:06:41 -0500] "GET / HTTP/1.1" 200 4720
190.27.120.201 - - [19/Mar/2023:08:06:41 -0500] "POST /sipse/faces/presentacion/financiero/solicitudAnulacion/consultarSolicitudAnulacion.xhtml HTTP/1.1" 200 16992
172.22.2.4 - - [19/Mar/2023:08:05:57 -0500] "HEAD /BLA/boletinlegal/ HTTP/1.1" 200 -
192.168.175.240 - - [19/Mar/2023:08:07:41 -0500] "GET / HTTP/1.1" 200 4720
172.22.2.4 - - [19/Mar/2023:08:06:48 -0500] "GET /BLA/boletinlegal/ HTTP/1.1" 200 52720
216.245.221.92 - - [19/Mar/2023:08:08:38 -0500] "HEAD / HTTP/1.1" 200 -
192.168.175.240 - - [19/Mar/2023:08:08:41 -0500] "GET / HTTP/1.1" 200 4720
191.156.190.88 - - [19/Mar/2023:08:08:59 -0500] "GET /mujeres-que-reverdecen-secretaria-de-ambiente-anuncia-el-inicio-de-la-tercera-fase.html HTTP/1.1" 200 954
192.168.175.240 - - [19/Mar/2023:08:09:41 -0500] "GET / HTTP/1.1" 200 4720
192.168.175.240 - - [19/Mar/2023:08:10:41 -0500] "GET / HTTP/1.1" 200 4720
201.245.192.253 - - [19/Mar/2023:08:11:03 -0500] "POST /kwsrmcab/Wsrmcab  HTTP/1.1" 200 42239
192.168.175.240 - - [19/Mar/2023:08:11:41 -0500] "GET / HTTP/1.1" 200 4720
52.167.144.167 - - [19/Mar/2023:08:12:06 -0500] "GET /autoliquidacion/index.php?dir=tr\xc3\x81mites+aguas+superficiales HTTP/1.1" 200 6871
192.168.175.240 - - [19/Mar/2023:08:12:41 -0500] "GET / HTTP/1.1" 200 4720
190.27.120.201 - - [19/Mar/2023:08:13:08 -0500] "POST /sipse/faces/presentacion/financiero/solicitudAnulacion/consultarSolicitudAnulacion.xhtml HTTP/1.1" 200 39631
190.27.120.201 - - [19/Mar/2023:08:13:08 -0500] "GET /sipse/faces/javax.faces.resource/theme.css?ln=primefaces-sipse HTTP/1.1" 304 -
190.27.120.201 - - [19/Mar/2023:08:13:08 -0500] "GET /sipse/faces/javax.faces.resource/primefaces.css?ln=primefaces&v=4.0 HTTP/1.1" 304 -
190.27.120.201 - - [19/Mar/2023:08:13:08 -0500] "GET /sipse/faces/javax.faces.resource/layout/layout.css?ln=primefaces&v=4.0 HTTP/1.1" 304 -
190.27.120.201 - - [19/Mar/2023:08:13:08 -0500] "GET /sipse/faces/javax.faces.resource/jquery/jquery.js?ln=primefaces&v=4.0 HTTP/1.1" 304 -
190.27.120.201 - - [19/Mar/2023:08:13:08 -0500] "GET /sipse/faces/javax.faces.resource/jquery/jquery-plugins.js?ln=primefaces&v=4.0 HTTP/1.1" 304 -
190.27.120.201 - - [19/Mar/2023:08:13:08 -0500] "GET /sipse/faces/javax.faces.resource/primefaces.js?ln=primefaces&v=4.0 HTTP/1.1" 304 -
190.27.120.201 - - [19/Mar/2023:08:13:08 -0500] "GET /sipse/faces/javax.faces.resource/layout/layout.js?ln=primefaces&v=4.0 HTTP/1.1" 304 -
190.27.120.201 - - [19/Mar/2023:08:13:08 -0500] "GET /sipse/css/imagen/contrasena.png HTTP/1.1" 404 383
190.27.120.201 - - [19/Mar/2023:08:13:08 -0500] "GET /sipse/faces/javax.faces.resource/images/ui-icons_898989_256x240.png?ln=primefaces-aristo HTTP/1.1" 304 -
190.27.120.201 - - [19/Mar/2023:08:13:08 -0500] "GET /sipse/faces/javax.faces.resource/images/ui-bg_flat_0_2d5972_40x100.png?ln=primefaces-aristo HTTP/1.1" 304 -
190.27.120.201 - - [19/Mar/2023:08:13:08 -0500] "POST /sipse/faces/presentacion/financiero/solicitudProceso/listarSolicitudProceso.xhtml HTTP/1.1" 200 1376
190.27.120.201 - - [19/Mar/2023:08:13:10 -0500] "POST /sipse/faces/presentacion/financiero/solicitudProceso/listarSolicitudProceso.xhtml HTTP/1.1" 200 37289
190.27.120.201 - - [19/Mar/2023:08:13:11 -0500] "GET /sipse/faces/javax.faces.resource/theme.css?ln=primefaces-sipse HTTP/1.1" 304 -
190.27.120.201 - - [19/Mar/2023:08:13:11 -0500] "GET /sipse/faces/javax.faces.resource/layout/layout.css?ln=primefaces&v=4.0 HTTP/1.1" 304 -
190.27.120.201 - - [19/Mar/2023:08:13:11 -0500] "GET /sipse/faces/javax.faces.resource/primefaces.css?ln=primefaces&v=4.0 HTTP/1.1" 304 -
190.27.120.201 - - [19/Mar/2023:08:13:11 -0500] "GET /sipse/faces/javax.faces.resource/jquery/jquery.js?ln=primefaces&v=4.0 HTTP/1.1" 304 -
190.27.120.201 - - [19/Mar/2023:08:13:11 -0500] "GET /sipse/faces/javax.faces.resource/jquery/jquery-plugins.js?ln=primefaces&v=4.0 HTTP/1.1" 304 -
190.27.120.201 - - [19/Mar/2023:08:13:11 -0500] "GET /sipse/faces/javax.faces.resource/primefaces.js?ln=primefaces&v=4.0 HTTP/1.1" 304 -
190.27.120.201 - - [19/Mar/2023:08:13:11 -0500] "GET /sipse/faces/javax.faces.resource/layout/layout.js?ln=primefaces&v=4.0 HTTP/1.1" 304 -
190.27.120.201 - - [19/Mar/2023:08:13:11 -0500] "POST /sipse/faces/presentacion/financiero/solicitudProceso/solicitudProcesoOtrosPagos.xhtml HTTP/1.1" 200 30613
172.22.2.4 - - [19/Mar/2023:08:11:47 -0500] "HEAD /BLA/boletinlegal/ HTTP/1.1" 200 -
216.245.221.92 - - [19/Mar/2023:08:13:38 -0500] "HEAD / HTTP/1.1" 200 -
192.168.175.240 - - [19/Mar/2023:08:13:41 -0500] "GET / HTTP/1.1" 200 4720
191.106.134.21 - - [19/Mar/2023:08:14:07 -0500] "GET /kwssiamovil/sm/acme/a?s=U2FsdGVkX18zmVExa4r0QKwr2qhANhLcaKidUfTLqfWL5ZqhNNqSbdk/sJJzwXW3eIJ0kln0os3nvEbNRiTIbZSF9//wiwl/8PhrNBoEm7Cx5bs44jBNTaeq6ZPYb4G64gkCh002vP8+Bpu+/7cz7K73lCZ/8agNZk3XCKpGK2hAUXGpHGgeUPUgaaed1a95BLLAyRKL6E3CwFTqCKjhVOacNtSi5U+NSCSkJyL2ifWO45HB4d/4UuIZI3rgIyf0Wa4Mj7fwkgRKit/DtrfLPQ==&u=U2FsdGVkX1+TLNAcls+AOLjukogdgT7Asvrua3Dl15M=&y=U2FsdGVkX18PdejoJkbRipdomwHKCZHEclMFNzkQaZxkQmni/ZYGpwSSfjSmFE+I HTTP/1.1" 200 26
191.106.134.21 - - [19/Mar/2023:08:14:07 -0500] "GET /kwssiamovil/sm/acme/a?s=U2FsdGVkX1/jFzVqknkaONpGAGZa1F7xWq6ATxv4Eh40lFIBYkyUAyNM/ETbtig6zKj1UXDg0EA/7YLXTYNyovfkv1uqEzaETuFRj4AiGtwvz6hbnQzGiYJvzO0fHhEBJhNpSCbguE1I/Wg6h5pUXkuEi0bZA+78fXRwpd/ocK+Akq6JVdgqNxbXcu6SX+U5j0D3D0I9BRsWom3026e7Q0jQt8kDwB/tUbHZBhhXw+r/dd/g9nVUUIE5sl95S5jjGeGC1gwzW/LK8xMQctKxeU2DWl5titIIgB3YcT8fNgkRmmMqzq4dtRC7r0Ol0P+g46tlLvuuKazgGzEqgPxxMhec2BI+s5M+MWrDKTKzTblkbgxHr4H+awZI6xmgr1JQw8cfYRvglVi+eKyw+4W6o3nwWJupJsgJJrzb3aeGKYQgiHu99x83k+4lo0px5vjDU+z4sJ2L0+RpD7Up1d0WN1ru5IblXBEPlJo7Vhj/FNiyLNqtwHJRtvbeahW7S+UyyxvE1eh3PoDdK5ammdQLDnhS3HK8nAw6yez5N0DFS15F+wsEFtwiDINhGwbEnxx28+Jc4bnU3+TISvOqHoJm/JvyB5+YKUyujsHEGl4X41bIht33ohWmWqmNd+G0KlSZzpcVRAad+Mn6u1NKjDWQQlDUeclDAMZngffyvf2WUmKTn6Wx3XKwgNRVlQYUKP1lyjmwMkbqdNBpExwa10ig4DfXFm0jaKbnUiJZCy7131SY1ylGzA1OsFWmUuJJfveVxOkcvlDYTC0MdkfhJjop4HsNtENvH+z4Mhe9bP+c4pa9UZNyMn0K1syHc9lvUuaxKZPsMw7HPPSgkj9Bdri5n0OEOBVkCP+1RJf1vBAeQtvbDEiTk6Xib64ayT+4u3NnWHIT0Jt8y5js29B5a6VRdFfFQbwFyz96wMuG9T32nM+vZH2GvSV02BY5uEPWI9zKp6ivAaM/F3afuvnbz4reJfgdlrDdZvTg3bqowo1o6ocMVXdaEOKM7A606wUuA7jysvpnK0pNcP8e7uEqSAbjUYxvhLTu85vKpjPJe1rtOHonhO74SVvFk93R6d6hjTfRY+HIcDXUhvlN3Jh4HbBwmScRZtywLHVzNl2cPh0b5uk8DTfuP8knYuHIg/Td6lq7aqHm9MvR6PTcUTO257rShbrQoyhVSX+/6yqySg/AymfsHCqd9wbM9uYj5+jzkYKNBvCVahMDZnh4RPlaCGbTHTENRus7+XQU8UnsIeN2HUQbezRpzWD2Xxllk5PbMv03LBFTso3nVDIFwFIacP3Qtw==&u=U2FsdGVkX1+TLNAcls+AOLjukogdgT7Asvrua3Dl15M=&y=U2FsdGVkX18PdejoJkbRipdomwHKCZHEclMFNzkQaZxkQmni/ZYGpwSSfjSmFE+I HTTP/1.1" 200 26
191.106.134.21 - - [19/Mar/2023:08:14:08 -0500] "GET /kwssiamovil/sm/acme/a?s=U2FsdGVkX192OG7FUc66IkYg9YkhQEn7/xtMm94r5cX8yK63F1af7yJgbzgREt2wjKQ4nDahqqdsrc5KdDIIKuOWfqnGCFJqmiLnnxsCrcseIgna+1d2eKgeGKke2LY3KmQwFwIlOuHe8PS/hIvVFku7xrQ4jSMa2bKzFCn94Zo=&u=U2FsdGVkX1+TLNAcls+AOLjukogdgT7Asvrua3Dl15M=&y=U2FsdGVkX18PdejoJkbRipdomwHKCZHEclMFNzkQaZxkQmni/ZYGpwSSfjSmFE+I HTTP/1.1" 200 26
191.106.134.21 - - [19/Mar/2023:08:14:08 -0500] "GET /kwssiamovil/sm/acme/a?s=U2FsdGVkX19hZGm+zeHveCTXs7hL5fGJ5mfjLw8in/82BRE+PHzvI8BIXQRiTTZ/75msLw9p+iCeQ/QKgJoauwZvKyhLOw53zbu524Dne58Dz97eBLvc65KdOJpTLtY0fzFG0AktqBzgKRExDGC70bouobq05EtXMepnSeY25KQ=&u=U2FsdGVkX1+TLNAcls+AOLjukogdgT7Asvrua3Dl15M=&y=U2FsdGVkX18PdejoJkbRipdomwHKCZHEclMFNzkQaZxkQmni/ZYGpwSSfjSmFE+I HTTP/1.1" 200 26
191.106.134.21 - - [19/Mar/2023:08:14:09 -0500] "GET /kwssiamovil/sm/acme/a?s=U2FsdGVkX1/YL4dEY3Hx2g1c4LqXvVixNT0tTQ/RxnasADlF7hSCmvShsdLqU4BUypykgKdzklkddBcGKwKeQDFqtY/0qrNRTwxWWC0QQF71wJy/AqoubHVXgej2p+Wxpj0zF4mltqw7gsoXUhqeBRwHrpIYAIi9v4tjTRCN5MI=&u=U2FsdGVkX1+TLNAcls+AOLjukogdgT7Asvrua3Dl15M=&y=U2FsdGVkX18PdejoJkbRipdomwHKCZHEclMFNzkQaZxkQmni/ZYGpwSSfjSmFE+I HTTP/1.1" 200 26
191.106.134.21 - - [19/Mar/2023:08:14:09 -0500] "GET /kwssiamovil/sm/acme/a?s=U2FsdGVkX1/JY9JOOSlvMRgk/GKsUD9bBKdKIZFgowpNCsrjQmFxBjZjnnRFB97ffgnk0GKr9MTP7i5++FFh7wWQtzXlUGjAZcO0VwQ220zum69hF79N35jX3GxI+p9ff4UjPsyCIdNr0gha85LQEh5VIiNr3NSopuygBUfMLbFWbJPtnshRLZExmy1lS3wV&u=U2FsdGVkX1+TLNAcls+AOLjukogdgT7Asvrua3Dl15M=&y=U2FsdGVkX18PdejoJkbRipdomwHKCZHEclMFNzkQaZxkQmni/ZYGpwSSfjSmFE+I HTTP/1.1" 200 26
172.22.2.4 - - [19/Mar/2023:08:12:38 -0500] "GET /BLA/boletinlegal/ HTTP/1.1" 200 52316
186.155.18.103 - - [19/Mar/2023:08:14:40 -0500] "GET /images/jardines-verticales_optimized.jpeg HTTP/1.1" 200 138197
192.168.175.240 - - [19/Mar/2023:08:14:41 -0500] "GET / HTTP/1.1" 200 4720
192.168.175.240 - - [19/Mar/2023:08:15:41 -0500] "GET / HTTP/1.1" 200 4720
201.245.192.253 - - [19/Mar/2023:08:16:03 -0500] "POST /kwsrmcab/Wsrmcab  HTTP/1.1" 200 42239
186.155.73.220 - - [19/Mar/2023:08:16:26 -0500] "GET /mujeres-que-reverdecen-secretaria-de-ambiente-anuncia-el-inicio-de-la-tercera-fase.html HTTP/1.1" 200 954
192.168.175.240 - - [19/Mar/2023:08:16:41 -0500] "GET / HTTP/1.1" 200 4720
192.168.175.240 - - [19/Mar/2023:08:17:41 -0500] "GET / HTTP/1.1" 200 4720
216.245.221.92 - - [19/Mar/2023:08:18:38 -0500] "HEAD / HTTP/1.1" 200 -
192.168.175.240 - - [19/Mar/2023:08:18:41 -0500] "GET / HTTP/1.1" 200 4720
172.22.2.4 - - [19/Mar/2023:08:17:37 -0500] "HEAD /BLA/boletinlegal/ HTTP/1.1" 200 -
191.106.134.21 - - [19/Mar/2023:08:19:19 -0500] "GET /kwssiamovil/sm/acme/u?s=U2FsdGVkX1/shQge95QHd8Lgn4zRlFbpj6WRbxyRgs7a3uY+pE8v6o2NrNOcDAGfGHGcilmhna+c1x/OzfzNl2LZWlqLnUrG2chllt5sxHrsLg8HvWIbaKINqSlpsOsHGkLiqGiiOj82BR46TrLCfe8sKuTpFQ+squrTyX/P9ZU=&u=U2FsdGVkX1+TLNAcls+AOLjukogdgT7Asvrua3Dl15M=&y=U2FsdGVkX18PdejoJkbRipdomwHKCZHEclMFNzkQaZxkQmni/ZYGpwSSfjSmFE+I HTTP/1.1" 200 60
192.168.175.240 - - [19/Mar/2023:08:19:41 -0500] "GET / HTTP/1.1" 200 4720
172.22.2.4 - - [19/Mar/2023:08:18:28 -0500] "GET /BLA/boletinlegal/ HTTP/1.1" 200 54414
190.27.120.201 - - [19/Mar/2023:08:20:14 -0500] "POST /sipse/faces/presentacion/financiero/solicitudProceso/solicitudProcesoOtrosPagos.xhtml HTTP/1.1" 200 184
190.27.120.201 - - [19/Mar/2023:08:20:14 -0500] "POST /sipse/faces/presentacion/financiero/solicitudProceso/solicitudProcesoOtrosPagos.xhtml HTTP/1.1" 200 184
190.27.120.201 - - [19/Mar/2023:08:20:14 -0500] "POST /sipse/faces/presentacion/financiero/solicitudProceso/solicitudProcesoOtrosPagos.xhtml HTTP/1.1" 200 184
190.27.120.201 - - [19/Mar/2023:08:20:14 -0500] "GET /sipse/faces/presentacion/financiero/solicitudAnulacion/solicitudAnulacion.xhtml HTTP/1.1" 200 12285
190.27.120.201 - - [19/Mar/2023:08:20:14 -0500] "GET /sipse/faces/presentacion/financiero/solicitudAnulacion/solicitudAnulacion.xhtml HTTP/1.1" 200 17805
190.27.120.201 - - [19/Mar/2023:08:20:14 -0500] "GET /sipse/faces/presentacion/financiero/solicitudAnulacion/solicitudAnulacion.xhtml HTTP/1.1" 200 40664
190.27.120.201 - - [19/Mar/2023:08:20:14 -0500] "GET /sipse/faces/javax.faces.resource/theme.css?ln=primefaces-sipse HTTP/1.1" 304 -
190.27.120.201 - - [19/Mar/2023:08:20:14 -0500] "GET /sipse/faces/javax.faces.resource/primefaces.css?ln=primefaces&v=4.0 HTTP/1.1" 304 -
190.27.120.201 - - [19/Mar/2023:08:20:14 -0500] "GET /sipse/faces/javax.faces.resource/layout/layout.css?ln=primefaces&v=4.0 HTTP/1.1" 304 -
190.27.120.201 - - [19/Mar/2023:08:20:14 -0500] "GET /sipse/faces/javax.faces.resource/jquery/jquery-plugins.js?ln=primefaces&v=4.0 HTTP/1.1" 304 -
190.27.120.201 - - [19/Mar/2023:08:20:14 -0500] "GET /sipse/faces/javax.faces.resource/jquery/jquery.js?ln=primefaces&v=4.0 HTTP/1.1" 304 -
190.27.120.201 - - [19/Mar/2023:08:20:14 -0500] "GET /sipse/faces/javax.faces.resource/primefaces.js?ln=primefaces&v=4.0 HTTP/1.1" 304 -
190.27.120.201 - - [19/Mar/2023:08:20:14 -0500] "GET /sipse/faces/javax.faces.resource/layout/layout.js?ln=primefaces&v=4.0 HTTP/1.1" 304 -
190.27.120.201 - - [19/Mar/2023:08:20:14 -0500] "GET /sipse/css/imagen/contrasena.png HTTP/1.1" 404 383
190.27.120.201 - - [19/Mar/2023:08:20:14 -0500] "POST /sipse/faces/presentacion/financiero/solicitudAnulacion/solicitudAnulacion.xhtml HTTP/1.1" 200 10472
190.27.120.201 - - [19/Mar/2023:08:20:14 -0500] "GET /sipse/faces/javax.faces.resource/messages/messages.png?ln=primefaces&v=4.0 HTTP/1.1" 304 -
190.27.120.201 - - [19/Mar/2023:08:20:17 -0500] "POST /sipse/faces/presentacion/financiero/solicitudAnulacion/solicitudAnulacion.xhtml HTTP/1.1" 200 193
190.27.120.201 - - [19/Mar/2023:08:20:17 -0500] "GET /sipse/faces/presentacion/financiero/solicitudAnulacion/consultarSolicitudAnulacion.xhtml HTTP/1.1" 200 42426
190.27.120.201 - - [19/Mar/2023:08:20:17 -0500] "GET /sipse/faces/javax.faces.resource/theme.css?ln=primefaces-sipse HTTP/1.1" 304 -
190.27.120.201 - - [19/Mar/2023:08:20:17 -0500] "GET /sipse/faces/javax.faces.resource/primefaces.js?ln=primefaces&v=4.0 HTTP/1.1" 304 -
190.27.120.201 - - [19/Mar/2023:08:20:17 -0500] "GET /sipse/faces/javax.faces.resource/jquery/jquery.js?ln=primefaces&v=4.0 HTTP/1.1" 304 -
190.27.120.201 - - [19/Mar/2023:08:20:17 -0500] "GET /sipse/faces/javax.faces.resource/primefaces.css?ln=primefaces&v=4.0 HTTP/1.1" 304 -
190.27.120.201 - - [19/Mar/2023:08:20:17 -0500] "GET /sipse/faces/javax.faces.resource/layout/layout.css?ln=primefaces&v=4.0 HTTP/1.1" 304 -
190.27.120.201 - - [19/Mar/2023:08:20:17 -0500] "GET /sipse/faces/javax.faces.resource/jquery/jquery-plugins.js?ln=primefaces&v=4.0 HTTP/1.1" 304 -
190.27.120.201 - - [19/Mar/2023:08:20:17 -0500] "GET /sipse/faces/javax.faces.resource/layout/layout.js?ln=primefaces&v=4.0 HTTP/1.1" 304 -
190.27.120.201 - - [19/Mar/2023:08:20:17 -0500] "POST /sipse/faces/presentacion/financiero/solicitudAnulacion/consultarSolicitudAnulacion.xhtml HTTP/1.1" 200 10620
190.27.120.201 - - [19/Mar/2023:08:20:19 -0500] "POST /sipse/faces/presentacion/financiero/solicitudAnulacion/consultarSolicitudAnulacion.xhtml HTTP/1.1" 200 14805
190.27.120.201 - - [19/Mar/2023:08:20:24 -0500] "POST /sipse/faces/presentacion/financiero/solicitudAnulacion/consultarSolicitudAnulacion.xhtml HTTP/1.1" 200 19470
190.27.120.201 - - [19/Mar/2023:08:20:35 -0500] "POST /sipse/faces/presentacion/financiero/solicitudAnulacion/consultarSolicitudAnulacion.xhtml HTTP/1.1" 200 17003
190.27.120.201 - - [19/Mar/2023:08:20:39 -0500] "POST /sipse/faces/presentacion/financiero/solicitudAnulacion/consultarSolicitudAnulacion.xhtml HTTP/1.1" 200 17003
201.245.192.253 - - [19/Mar/2023:08:20:39 -0500] "POST /kwsrmcab/Wsrmcab HTTP/1.1" 200 42444
192.168.175.240 - - [19/Mar/2023:08:20:41 -0500] "GET / HTTP/1.1" 200 4720
190.27.120.201 - - [19/Mar/2023:08:20:44 -0500] "POST /sipse/faces/presentacion/financiero/solicitudAnulacion/consultarSolicitudAnulacion.xhtml HTTP/1.1" 200 17002
201.245.192.253 - - [19/Mar/2023:08:20:42 -0500] "POST /kwsrmcab/Wsrmcab HTTP/1.1" 200 43499
190.27.120.201 - - [19/Mar/2023:08:20:48 -0500] "POST /sipse/faces/presentacion/financiero/solicitudAnulacion/consultarSolicitudAnulacion.xhtml HTTP/1.1" 200 16998
190.27.120.201 - - [19/Mar/2023:08:20:52 -0500] "POST /sipse/faces/presentacion/financiero/solicitudAnulacion/consultarSolicitudAnulacion.xhtml HTTP/1.1" 200 17002
190.27.120.201 - - [19/Mar/2023:08:20:55 -0500] "POST /sipse/faces/presentacion/financiero/solicitudAnulacion/consultarSolicitudAnulacion.xhtml HTTP/1.1" 200 17002
190.27.120.201 - - [19/Mar/2023:08:20:59 -0500] "POST /sipse/faces/presentacion/financiero/solicitudAnulacion/consultarSolicitudAnulacion.xhtml HTTP/1.1" 200 16998
190.27.120.201 - - [19/Mar/2023:08:21:03 -0500] "POST /sipse/faces/presentacion/financiero/solicitudAnulacion/consultarSolicitudAnulacion.xhtml HTTP/1.1" 200 24437
201.245.192.253 - - [19/Mar/2023:08:21:03 -0500] "POST /kwsrmcab/Wsrmcab  HTTP/1.1" 200 42239
190.27.120.201 - - [19/Mar/2023:08:21:07 -0500] "POST /sipse/faces/presentacion/financiero/solicitudAnulacion/consultarSolicitudAnulacion.xhtml HTTP/1.1" 200 17010
173.252.107.24 - - [19/Mar/2023:08:21:13 -0500] "GET /images/foto%202.jpg HTTP/1.1" 200 63300
190.27.120.201 - - [19/Mar/2023:08:21:15 -0500] "POST /sipse/faces/presentacion/financiero/solicitudAnulacion/consultarSolicitudAnulacion.xhtml HTTP/1.1" 200 17010
190.27.120.201 - - [19/Mar/2023:08:21:19 -0500] "POST /sipse/faces/presentacion/financiero/solicitudAnulacion/consultarSolicitudAnulacion.xhtml HTTP/1.1" 200 17011
192.168.175.240 - - [19/Mar/2023:08:21:41 -0500] "GET / HTTP/1.1" 200 4720
192.168.175.240 - - [19/Mar/2023:08:22:41 -0500] "GET / HTTP/1.1" 200 4720
216.245.221.92 - - [19/Mar/2023:08:23:38 -0500] "HEAD / HTTP/1.1" 200 -
192.168.175.240 - - [19/Mar/2023:08:23:41 -0500] "GET / HTTP/1.1" 200 4720
186.102.13.197 - - [19/Mar/2023:08:23:45 -0500] "GET /images/jardines-verticales_optimized.jpeg HTTP/1.1" 200 138197
192.168.175.240 - - [19/Mar/2023:08:24:41 -0500] "GET / HTTP/1.1" 200 4720
172.22.2.4 - - [19/Mar/2023:08:23:27 -0500] "HEAD /BLA/boletinlegal/ HTTP/1.1" 200 -
192.168.175.240 - - [19/Mar/2023:08:25:41 -0500] "GET / HTTP/1.1" 200 4720
172.22.2.4 - - [19/Mar/2023:08:24:18 -0500] "GET /BLA/boletinlegal/ HTTP/1.1" 200 57141
201.245.192.253 - - [19/Mar/2023:08:26:02 -0500] "POST /kwsrmcab/Wsrmcab  HTTP/1.1" 200 42239
192.168.175.240 - - [19/Mar/2023:08:26:41 -0500] "GET / HTTP/1.1" 200 4720
192.168.175.240 - - [19/Mar/2023:08:27:41 -0500] "GET / HTTP/1.1" 200 4720
216.245.221.92 - - [19/Mar/2023:08:28:38 -0500] "HEAD / HTTP/1.1" 200 -
192.168.175.240 - - [19/Mar/2023:08:28:41 -0500] "GET / HTTP/1.1" 200 4720
192.168.175.240 - - [19/Mar/2023:08:29:41 -0500] "GET / HTTP/1.1" 200 4720
66.249.70.180 - - [19/Mar/2023:08:30:05 -0500] "-" 408 -
201.245.192.253 - - [19/Mar/2023:08:30:39 -0500] "POST /kwsrmcab/Wsrmcab HTTP/1.1" 200 42444
192.168.175.240 - - [19/Mar/2023:08:30:41 -0500] "GET / HTTP/1.1" 200 4720
201.245.192.253 - - [19/Mar/2023:08:30:41 -0500] "POST /kwsrmcab/Wsrmcab HTTP/1.1" 200 43499
172.22.2.4 - - [19/Mar/2023:08:29:17 -0500] "HEAD /BLA/boletinlegal/ HTTP/1.1" 200 -
201.245.192.253 - - [19/Mar/2023:08:31:00 -0500] "POST /kwsrmcab/Wsrmcab  HTTP/1.1" 200 42239
