201.244.229.212 - - [19/Mar/2023:15:45:49 -0500] "POST /sipse/faces/presentacion/financiero/solicitudProceso/consultar.xhtml HTTP/1.1" 200 34332
201.244.229.212 - - [19/Mar/2023:15:45:50 -0500] "POST /sipse/faces/presentacion/financiero/solicitudProceso/consultar.xhtml HTTP/1.1" 200 34332
201.244.229.212 - - [19/Mar/2023:15:45:54 -0500] "POST /sipse/faces/presentacion/financiero/solicitudProceso/consultar.xhtml HTTP/1.1" 200 12937
201.244.229.212 - - [19/Mar/2023:15:45:59 -0500] "POST /sipse/faces/presentacion/financiero/solicitudProceso/consultar.xhtml HTTP/1.1" 200 160357
201.244.229.212 - - [19/Mar/2023:15:46:00 -0500] "GET /sipse/faces/javax.faces.resource/theme.css?ln=primefaces-sipse HTTP/1.1" 304 -
201.244.229.212 - - [19/Mar/2023:15:46:00 -0500] "GET /sipse/faces/javax.faces.resource/layout/layout.css?ln=primefaces&v=4.0 HTTP/1.1" 304 -
201.244.229.212 - - [19/Mar/2023:15:46:00 -0500] "GET /sipse/faces/javax.faces.resource/primefaces.css?ln=primefaces&v=4.0 HTTP/1.1" 304 -
201.244.229.212 - - [19/Mar/2023:15:46:00 -0500] "GET /sipse/faces/javax.faces.resource/jquery/jquery.js?ln=primefaces&v=4.0 HTTP/1.1" 304 -
201.244.229.212 - - [19/Mar/2023:15:46:00 -0500] "GET /sipse/faces/javax.faces.resource/jquery/jquery-plugins.js?ln=primefaces&v=4.0 HTTP/1.1" 304 -
201.244.229.212 - - [19/Mar/2023:15:46:00 -0500] "GET /sipse/faces/javax.faces.resource/primefaces.js?ln=primefaces&v=4.0 HTTP/1.1" 304 -
201.244.229.212 - - [19/Mar/2023:15:46:00 -0500] "GET /sipse/faces/javax.faces.resource/layout/layout.js?ln=primefaces&v=4.0 HTTP/1.1" 304 -
172.22.2.4 - - [19/Mar/2023:15:44:28 -0500] "GET /BLA/boletinlegal/ HTTP/1.1" 200 57141
192.168.175.240 - - [19/Mar/2023:15:46:40 -0500] "GET / HTTP/1.1" 200 4720
201.244.229.212 - - [19/Mar/2023:15:46:46 -0500] "POST /sipse/faces/presentacion/financiero/solicitudProceso/consultarSolicitudProceso.xhtml HTTP/1.1" 200 182805
201.244.229.212 - - [19/Mar/2023:15:47:16 -0500] "POST /sipse/faces/presentacion/financiero/solicitudProceso/consultarSolicitudProceso.xhtml HTTP/1.1" 200 355166
201.244.229.212 - - [19/Mar/2023:15:47:38 -0500] "POST /sipse/faces/presentacion/financiero/solicitudProceso/consultarSolicitudProceso.xhtml HTTP/1.1" 200 148665
192.168.175.240 - - [19/Mar/2023:15:47:40 -0500] "GET / HTTP/1.1" 200 4720
190.27.120.201 - - [19/Mar/2023:15:48:03 -0500] "GET /reportes_sipse/jsp/inicio.jsp HTTP/1.1" 200 2935
216.245.221.92 - - [19/Mar/2023:15:48:37 -0500] "HEAD / HTTP/1.1" 200 -
192.168.175.240 - - [19/Mar/2023:15:48:39 -0500] "GET / HTTP/1.1" 200 4720
66.249.70.180 - - [19/Mar/2023:15:48:49 -0500] "-" 408 -
201.245.192.253 - - [19/Mar/2023:15:49:15 -0500] "POST /kwsrmcab/Wsrmcab  HTTP/1.1" 200 42239
192.168.175.240 - - [19/Mar/2023:15:49:40 -0500] "GET / HTTP/1.1" 200 4720
190.27.120.201 - - [19/Mar/2023:15:49:41 -0500] "GET /reportes_sipse/jsp/inicio.jsp HTTP/1.1" 200 2935
192.168.175.240 - - [19/Mar/2023:15:50:39 -0500] "GET / HTTP/1.1" 200 4720
172.22.2.4 - - [19/Mar/2023:15:49:27 -0500] "HEAD /BLA/boletinlegal/ HTTP/1.1" 200 -
201.244.229.212 - - [19/Mar/2023:15:51:22 -0500] "POST /sipse/faces/presentacion/financiero/solicitudProceso/consultarSolicitudProceso.xhtml HTTP/1.1" 200 40965
201.244.229.212 - - [19/Mar/2023:15:51:23 -0500] "GET /sipse/faces/javax.faces.resource/theme.css?ln=primefaces-sipse HTTP/1.1" 304 -
201.244.229.212 - - [19/Mar/2023:15:51:23 -0500] "GET /sipse/faces/javax.faces.resource/layout/layout.css?ln=primefaces&v=4.0 HTTP/1.1" 304 -
201.244.229.212 - - [19/Mar/2023:15:51:23 -0500] "GET /sipse/faces/javax.faces.resource/primefaces.css?ln=primefaces&v=4.0 HTTP/1.1" 304 -
201.244.229.212 - - [19/Mar/2023:15:51:23 -0500] "GET /sipse/faces/javax.faces.resource/jquery/jquery.js?ln=primefaces&v=4.0 HTTP/1.1" 304 -
201.244.229.212 - - [19/Mar/2023:15:51:23 -0500] "GET /sipse/faces/javax.faces.resource/jquery/jquery-plugins.js?ln=primefaces&v=4.0 HTTP/1.1" 304 -
201.244.229.212 - - [19/Mar/2023:15:51:23 -0500] "GET /sipse/faces/javax.faces.resource/primefaces.js?ln=primefaces&v=4.0 HTTP/1.1" 304 -
201.244.229.212 - - [19/Mar/2023:15:51:23 -0500] "GET /sipse/faces/javax.faces.resource/layout/layout.js?ln=primefaces&v=4.0 HTTP/1.1" 304 -
201.244.229.212 - - [19/Mar/2023:15:51:23 -0500] "POST /sipse/faces/presentacion/financiero/solicitudProceso/consultar.xhtml HTTP/1.1" 200 34332
201.244.229.212 - - [19/Mar/2023:15:51:23 -0500] "POST /sipse/faces/presentacion/financiero/solicitudProceso/consultar.xhtml HTTP/1.1" 200 34332
201.244.229.212 - - [19/Mar/2023:15:51:24 -0500] "POST /sipse/faces/presentacion/financiero/solicitudProceso/consultar.xhtml HTTP/1.1" 200 34332
201.244.229.212 - - [19/Mar/2023:15:51:24 -0500] "POST /sipse/faces/presentacion/financiero/solicitudProceso/consultar.xhtml HTTP/1.1" 200 34332
201.244.229.212 - - [19/Mar/2023:15:51:24 -0500] "POST /sipse/faces/presentacion/financiero/solicitudProceso/consultar.xhtml HTTP/1.1" 200 34332
201.244.229.212 - - [19/Mar/2023:15:51:24 -0500] "POST /sipse/faces/presentacion/financiero/solicitudProceso/consultar.xhtml HTTP/1.1" 200 34332
201.244.229.212 - - [19/Mar/2023:15:51:25 -0500] "POST /sipse/faces/presentacion/financiero/solicitudProceso/consultar.xhtml HTTP/1.1" 200 34332
201.244.229.212 - - [19/Mar/2023:15:51:25 -0500] "POST /sipse/faces/presentacion/financiero/solicitudProceso/consultar.xhtml HTTP/1.1" 200 34332
201.244.229.212 - - [19/Mar/2023:15:51:29 -0500] "POST /sipse/faces/presentacion/financiero/solicitudProceso/consultar.xhtml HTTP/1.1" 200 13030
201.244.229.212 - - [19/Mar/2023:15:51:35 -0500] "POST /sipse/faces/presentacion/financiero/solicitudProceso/consultar.xhtml HTTP/1.1" 200 160428
201.244.229.212 - - [19/Mar/2023:15:51:36 -0500] "GET /sipse/faces/javax.faces.resource/theme.css?ln=primefaces-sipse HTTP/1.1" 304 -
201.244.229.212 - - [19/Mar/2023:15:51:36 -0500] "GET /sipse/faces/javax.faces.resource/primefaces.css?ln=primefaces&v=4.0 HTTP/1.1" 304 -
201.244.229.212 - - [19/Mar/2023:15:51:36 -0500] "GET /sipse/faces/javax.faces.resource/layout/layout.css?ln=primefaces&v=4.0 HTTP/1.1" 304 -
201.244.229.212 - - [19/Mar/2023:15:51:36 -0500] "GET /sipse/faces/javax.faces.resource/jquery/jquery.js?ln=primefaces&v=4.0 HTTP/1.1" 304 -
201.244.229.212 - - [19/Mar/2023:15:51:36 -0500] "GET /sipse/faces/javax.faces.resource/jquery/jquery-plugins.js?ln=primefaces&v=4.0 HTTP/1.1" 304 -
201.244.229.212 - - [19/Mar/2023:15:51:36 -0500] "GET /sipse/faces/javax.faces.resource/primefaces.js?ln=primefaces&v=4.0 HTTP/1.1" 304 -
201.244.229.212 - - [19/Mar/2023:15:51:36 -0500] "GET /sipse/faces/javax.faces.resource/layout/layout.js?ln=primefaces&v=4.0 HTTP/1.1" 304 -
192.168.175.240 - - [19/Mar/2023:15:51:39 -0500] "GET / HTTP/1.1" 200 4720
172.22.2.4 - - [19/Mar/2023:15:50:18 -0500] "GET /BLA/boletinlegal/ HTTP/1.1" 200 53104
201.244.229.212 - - [19/Mar/2023:15:52:20 -0500] "POST /sipse/faces/presentacion/financiero/solicitudProceso/consultarSolicitudProceso.xhtml HTTP/1.1" 200 161678
201.244.229.212 - - [19/Mar/2023:15:52:33 -0500] "POST /sipse/faces/presentacion/financiero/solicitudProceso/consultarSolicitudProceso.xhtml HTTP/1.1" 200 353167
192.168.175.240 - - [19/Mar/2023:15:52:39 -0500] "GET / HTTP/1.1" 200 4720
201.244.229.212 - - [19/Mar/2023:15:52:44 -0500] "POST /sipse/faces/presentacion/financiero/solicitudProceso/consultarSolicitudProceso.xhtml HTTP/1.1" 200 133110
216.245.221.92 - - [19/Mar/2023:15:53:37 -0500] "HEAD / HTTP/1.1" 200 -
192.168.175.240 - - [19/Mar/2023:15:53:39 -0500] "GET / HTTP/1.1" 200 4720
52.167.144.43 - - [19/Mar/2023:15:54:12 -0500] "GET / HTTP/1.1" 200 4720
201.245.192.253 - - [19/Mar/2023:15:54:15 -0500] "POST /kwsrmcab/Wsrmcab  HTTP/1.1" 200 42239
172.22.2.4 - - [19/Mar/2023:15:54:19 -0500] "GET /BLA/boletinlegal/jurisprudencia/analisis/Analisis%20jurisprudencial%20Sentencia%20C-366-11.doc HTTP/1.1" 304 -
192.168.175.240 - - [19/Mar/2023:15:54:39 -0500] "GET / HTTP/1.1" 200 4720
192.168.175.240 - - [19/Mar/2023:15:55:39 -0500] "GET / HTTP/1.1" 200 4720
79.110.73.82 - - [19/Mar/2023:15:55:50 -0500] "GET /BLA/resoluciones/AUTOS%202022/5336.pdf HTTP/1.1" 200 429516
201.244.235.74 - - [19/Mar/2023:15:56:07 -0500] "POST /sipse/faces/presentacion/financiero/solicitudProceso/consultarSolicitudProceso.xhtml HTTP/1.1" 200 40943
201.244.235.74 - - [19/Mar/2023:15:56:08 -0500] "GET /sipse/faces/javax.faces.resource/theme.css?ln=primefaces-sipse HTTP/1.1" 304 -
201.244.235.74 - - [19/Mar/2023:15:56:08 -0500] "GET /sipse/faces/javax.faces.resource/jquery/jquery.js?ln=primefaces&v=4.0 HTTP/1.1" 304 -
201.244.235.74 - - [19/Mar/2023:15:56:08 -0500] "GET /sipse/faces/javax.faces.resource/primefaces.css?ln=primefaces&v=4.0 HTTP/1.1" 304 -
201.244.235.74 - - [19/Mar/2023:15:56:08 -0500] "GET /sipse/faces/javax.faces.resource/layout/layout.css?ln=primefaces&v=4.0 HTTP/1.1" 304 -
201.244.235.74 - - [19/Mar/2023:15:56:08 -0500] "GET /sipse/faces/javax.faces.resource/jquery/jquery-plugins.js?ln=primefaces&v=4.0 HTTP/1.1" 304 -
201.244.235.74 - - [19/Mar/2023:15:56:08 -0500] "GET /sipse/faces/javax.faces.resource/primefaces.js?ln=primefaces&v=4.0 HTTP/1.1" 304 -
201.244.235.74 - - [19/Mar/2023:15:56:08 -0500] "GET /sipse/faces/javax.faces.resource/layout/layout.js?ln=primefaces&v=4.0 HTTP/1.1" 304 -
201.244.235.74 - - [19/Mar/2023:15:56:08 -0500] "POST /sipse/faces/presentacion/financiero/solicitudProceso/consultar.xhtml HTTP/1.1" 200 34311
201.244.235.74 - - [19/Mar/2023:15:56:08 -0500] "POST /sipse/faces/presentacion/financiero/solicitudProceso/consultar.xhtml HTTP/1.1" 200 34311
201.244.235.74 - - [19/Mar/2023:15:56:08 -0500] "POST /sipse/faces/presentacion/financiero/solicitudProceso/consultar.xhtml HTTP/1.1" 200 34311
201.244.235.74 - - [19/Mar/2023:15:56:09 -0500] "POST /sipse/faces/presentacion/financiero/solicitudProceso/consultar.xhtml HTTP/1.1" 200 34311
201.244.235.74 - - [19/Mar/2023:15:56:10 -0500] "POST /sipse/faces/presentacion/financiero/solicitudProceso/consultar.xhtml HTTP/1.1" 200 34311
201.244.235.74 - - [19/Mar/2023:15:56:10 -0500] "POST /sipse/faces/presentacion/financiero/solicitudProceso/consultar.xhtml HTTP/1.1" 200 34311
201.244.235.74 - - [19/Mar/2023:15:56:10 -0500] "POST /sipse/faces/presentacion/financiero/solicitudProceso/consultar.xhtml HTTP/1.1" 200 34311
201.244.235.74 - - [19/Mar/2023:15:56:10 -0500] "POST /sipse/faces/presentacion/financiero/solicitudProceso/consultar.xhtml HTTP/1.1" 200 34311
201.244.235.74 - - [19/Mar/2023:15:56:10 -0500] "POST /sipse/faces/presentacion/financiero/solicitudProceso/consultar.xhtml HTTP/1.1" 200 34311
201.244.235.74 - - [19/Mar/2023:15:56:11 -0500] "POST /sipse/faces/presentacion/financiero/solicitudProceso/consultar.xhtml HTTP/1.1" 200 34311
201.244.235.74 - - [19/Mar/2023:15:56:11 -0500] "POST /sipse/faces/presentacion/financiero/solicitudProceso/consultar.xhtml HTTP/1.1" 200 34311
201.244.235.74 - - [19/Mar/2023:15:56:11 -0500] "POST /sipse/faces/presentacion/financiero/solicitudProceso/consultar.xhtml HTTP/1.1" 200 34311
201.244.235.74 - - [19/Mar/2023:15:56:11 -0500] "POST /sipse/faces/presentacion/financiero/solicitudProceso/consultar.xhtml HTTP/1.1" 200 34311
201.244.235.74 - - [19/Mar/2023:15:56:11 -0500] "POST /sipse/faces/presentacion/financiero/solicitudProceso/consultar.xhtml HTTP/1.1" 200 34311
201.244.235.74 - - [19/Mar/2023:15:56:14 -0500] "POST /sipse/faces/presentacion/financiero/solicitudProceso/consultar.xhtml HTTP/1.1" 200 12805
201.244.235.74 - - [19/Mar/2023:15:56:18 -0500] "POST /sipse/faces/presentacion/financiero/solicitudProceso/consultar.xhtml HTTP/1.1" 200 144506
201.244.235.74 - - [19/Mar/2023:15:56:19 -0500] "GET /sipse/faces/javax.faces.resource/theme.css?ln=primefaces-sipse HTTP/1.1" 304 -
201.244.235.74 - - [19/Mar/2023:15:56:19 -0500] "GET /sipse/faces/javax.faces.resource/layout/layout.css?ln=primefaces&v=4.0 HTTP/1.1" 304 -
201.244.235.74 - - [19/Mar/2023:15:56:19 -0500] "GET /sipse/faces/javax.faces.resource/primefaces.css?ln=primefaces&v=4.0 HTTP/1.1" 304 -
201.244.235.74 - - [19/Mar/2023:15:56:19 -0500] "GET /sipse/faces/javax.faces.resource/jquery/jquery.js?ln=primefaces&v=4.0 HTTP/1.1" 304 -
201.244.235.74 - - [19/Mar/2023:15:56:19 -0500] "GET /sipse/faces/javax.faces.resource/jquery/jquery-plugins.js?ln=primefaces&v=4.0 HTTP/1.1" 304 -
201.244.235.74 - - [19/Mar/2023:15:56:19 -0500] "GET /sipse/faces/javax.faces.resource/primefaces.js?ln=primefaces&v=4.0 HTTP/1.1" 304 -
201.244.235.74 - - [19/Mar/2023:15:56:19 -0500] "GET /sipse/faces/javax.faces.resource/layout/layout.js?ln=primefaces&v=4.0 HTTP/1.1" 304 -
201.244.235.74 - - [19/Mar/2023:15:56:22 -0500] "POST /sipse/faces/presentacion/financiero/solicitudProceso/consultarSolicitudProceso.xhtml HTTP/1.1" 200 97482
201.244.235.74 - - [19/Mar/2023:15:56:24 -0500] "POST /sipse/faces/presentacion/financiero/solicitudProceso/consultarSolicitudProceso.xhtml HTTP/1.1" 200 132855
192.168.175.240 - - [19/Mar/2023:15:56:39 -0500] "GET / HTTP/1.1" 200 4720
172.22.2.4 - - [19/Mar/2023:15:55:17 -0500] "HEAD /BLA/boletinlegal/ HTTP/1.1" 200 -
201.244.229.212 - - [19/Mar/2023:15:57:08 -0500] "POST /sipse/faces/presentacion/financiero/solicitudProceso/consultarSolicitudProceso.xhtml HTTP/1.1" 200 133110
192.168.175.240 - - [19/Mar/2023:15:57:39 -0500] "GET / HTTP/1.1" 200 4720
172.22.2.4 - - [19/Mar/2023:15:56:08 -0500] "GET /BLA/boletinlegal/ HTTP/1.1" 200 55561
181.32.217.250 - - [19/Mar/2023:15:58:18 -0500] "GET /images/jardines-verticales_optimized.jpeg HTTP/1.1" 200 138197
181.32.217.250 - - [19/Mar/2023:15:58:23 -0500] "GET /images/jardines-verticales_optimized.jpeg HTTP/1.1" 200 138197
191.91.59.104 - - [19/Mar/2023:15:58:35 -0500] "GET /%C3%82%C2%BFquieres-aprender-sobre-jardines-verticales-esta-es-tu-oportunidad.html HTTP/1.1" 200 925
216.245.221.92 - - [19/Mar/2023:15:58:37 -0500] "HEAD / HTTP/1.1" 200 -
192.168.175.240 - - [19/Mar/2023:15:58:39 -0500] "GET / HTTP/1.1" 200 4720
52.167.144.149 - - [19/Mar/2023:15:57:25 -0500] "GET /BLA/boletinlegal/index.php HTTP/1.1" 200 59646
201.245.192.253 - - [19/Mar/2023:15:59:13 -0500] "POST /kwsrmcab/Wsrmcab  HTTP/1.1" 200 42239
52.167.144.149 - - [19/Mar/2023:15:59:24 -0500] "GET /BLA/boletinlegal/js/jquery.js HTTP/1.1" 200 57254
52.167.144.149 - - [19/Mar/2023:15:59:25 -0500] "GET /BLA/boletinlegal/js/jquery.scrollTo-min.js HTTP/1.1" 200 1150
52.167.144.149 - - [19/Mar/2023:15:59:25 -0500] "GET /BLA/boletinlegal/styles2.css HTTP/1.1" 200 1838
40.77.167.188 - - [19/Mar/2023:15:59:30 -0500] "GET /BLA/boletinlegal/style.css HTTP/1.1" 200 9406
192.168.175.240 - - [19/Mar/2023:15:59:39 -0500] "GET / HTTP/1.1" 200 4720
192.168.175.240 - - [19/Mar/2023:16:00:39 -0500] "GET / HTTP/1.1" 200 4720
192.168.175.240 - - [19/Mar/2023:16:01:39 -0500] "GET / HTTP/1.1" 200 4720
40.77.167.211 - - [19/Mar/2023:16:02:19 -0500] "GET /catalogoisis/ HTTP/1.1" 200 8575
192.168.175.240 - - [19/Mar/2023:16:02:39 -0500] "GET / HTTP/1.1" 200 4720
172.22.2.4 - - [19/Mar/2023:16:01:07 -0500] "HEAD /BLA/boletinlegal/ HTTP/1.1" 200 -
31.13.115.18 - - [19/Mar/2023:16:02:50 -0500] "GET /images/Rmasar%2018%20de%20febrero%20Grupo.jpg HTTP/1.1" 200 68398
201.244.235.74 - - [19/Mar/2023:16:03:03 -0500] "POST /sipse/faces/presentacion/financiero/solicitudProceso/consultarSolicitudProceso.xhtml HTTP/1.1" 200 40832
201.244.235.74 - - [19/Mar/2023:16:03:03 -0500] "GET /sipse/faces/javax.faces.resource/theme.css?ln=primefaces-sipse HTTP/1.1" 304 -
201.244.235.74 - - [19/Mar/2023:16:03:03 -0500] "GET /sipse/faces/javax.faces.resource/jquery/jquery.js?ln=primefaces&v=4.0 HTTP/1.1" 304 -
201.244.235.74 - - [19/Mar/2023:16:03:03 -0500] "GET /sipse/faces/javax.faces.resource/primefaces.css?ln=primefaces&v=4.0 HTTP/1.1" 304 -
201.244.235.74 - - [19/Mar/2023:16:03:03 -0500] "GET /sipse/faces/javax.faces.resource/layout/layout.css?ln=primefaces&v=4.0 HTTP/1.1" 304 -
201.244.235.74 - - [19/Mar/2023:16:03:03 -0500] "GET /sipse/faces/javax.faces.resource/jquery/jquery-plugins.js?ln=primefaces&v=4.0 HTTP/1.1" 304 -
201.244.235.74 - - [19/Mar/2023:16:03:03 -0500] "GET /sipse/faces/javax.faces.resource/primefaces.js?ln=primefaces&v=4.0 HTTP/1.1" 304 -
201.244.235.74 - - [19/Mar/2023:16:03:03 -0500] "GET /sipse/faces/javax.faces.resource/layout/layout.js?ln=primefaces&v=4.0 HTTP/1.1" 304 -
201.244.235.74 - - [19/Mar/2023:16:03:03 -0500] "POST /sipse/faces/presentacion/financiero/solicitudProceso/consultar.xhtml HTTP/1.1" 200 34200
201.244.235.74 - - [19/Mar/2023:16:03:03 -0500] "POST /sipse/faces/presentacion/financiero/solicitudProceso/consultar.xhtml HTTP/1.1" 200 34200
201.244.235.74 - - [19/Mar/2023:16:03:04 -0500] "POST /sipse/faces/presentacion/financiero/solicitudProceso/consultar.xhtml HTTP/1.1" 200 34200
201.244.235.74 - - [19/Mar/2023:16:03:04 -0500] "POST /sipse/faces/presentacion/financiero/solicitudProceso/consultar.xhtml HTTP/1.1" 200 34200
201.244.235.74 - - [19/Mar/2023:16:03:04 -0500] "POST /sipse/faces/presentacion/financiero/solicitudProceso/consultar.xhtml HTTP/1.1" 200 34200
201.244.235.74 - - [19/Mar/2023:16:03:04 -0500] "POST /sipse/faces/presentacion/financiero/solicitudProceso/consultar.xhtml HTTP/1.1" 200 34200
201.244.235.74 - - [19/Mar/2023:16:03:04 -0500] "POST /sipse/faces/presentacion/financiero/solicitudProceso/consultar.xhtml HTTP/1.1" 200 34200
201.244.235.74 - - [19/Mar/2023:16:03:05 -0500] "POST /sipse/faces/presentacion/financiero/solicitudProceso/consultar.xhtml HTTP/1.1" 200 34200
201.244.235.74 - - [19/Mar/2023:16:03:05 -0500] "POST /sipse/faces/presentacion/financiero/solicitudProceso/consultar.xhtml HTTP/1.1" 200 34200
201.244.235.74 - - [19/Mar/2023:16:03:05 -0500] "POST /sipse/faces/presentacion/financiero/solicitudProceso/consultar.xhtml HTTP/1.1" 200 34200
201.244.235.74 - - [19/Mar/2023:16:03:05 -0500] "POST /sipse/faces/presentacion/financiero/solicitudProceso/consultar.xhtml HTTP/1.1" 200 34200
201.244.235.74 - - [19/Mar/2023:16:03:05 -0500] "POST /sipse/faces/presentacion/financiero/solicitudProceso/consultar.xhtml HTTP/1.1" 200 34200
201.244.235.74 - - [19/Mar/2023:16:03:06 -0500] "POST /sipse/faces/presentacion/financiero/solicitudProceso/consultar.xhtml HTTP/1.1" 200 34200
201.244.235.74 - - [19/Mar/2023:16:03:06 -0500] "POST /sipse/faces/presentacion/financiero/solicitudProceso/consultar.xhtml HTTP/1.1" 200 34200
201.244.235.74 - - [19/Mar/2023:16:03:06 -0500] "POST /sipse/faces/presentacion/financiero/solicitudProceso/consultar.xhtml HTTP/1.1" 200 34200
201.244.235.74 - - [19/Mar/2023:16:03:06 -0500] "POST /sipse/faces/presentacion/financiero/solicitudProceso/consultar.xhtml HTTP/1.1" 200 34200
201.244.235.74 - - [19/Mar/2023:16:03:09 -0500] "POST /sipse/faces/presentacion/financiero/solicitudProceso/consultar.xhtml HTTP/1.1" 200 12799
201.244.235.74 - - [19/Mar/2023:16:03:16 -0500] "POST /sipse/faces/presentacion/financiero/solicitudProceso/consultar.xhtml HTTP/1.1" 200 153222
201.244.235.74 - - [19/Mar/2023:16:03:17 -0500] "GET /sipse/faces/javax.faces.resource/theme.css?ln=primefaces-sipse HTTP/1.1" 304 -
201.244.235.74 - - [19/Mar/2023:16:03:17 -0500] "GET /sipse/faces/javax.faces.resource/layout/layout.css?ln=primefaces&v=4.0 HTTP/1.1" 304 -
201.244.235.74 - - [19/Mar/2023:16:03:17 -0500] "GET /sipse/faces/javax.faces.resource/primefaces.css?ln=primefaces&v=4.0 HTTP/1.1" 304 -
201.244.235.74 - - [19/Mar/2023:16:03:17 -0500] "GET /sipse/faces/javax.faces.resource/jquery/jquery.js?ln=primefaces&v=4.0 HTTP/1.1" 304 -
201.244.235.74 - - [19/Mar/2023:16:03:18 -0500] "GET /sipse/faces/javax.faces.resource/jquery/jquery-plugins.js?ln=primefaces&v=4.0 HTTP/1.1" 304 -
201.244.235.74 - - [19/Mar/2023:16:03:18 -0500] "GET /sipse/faces/javax.faces.resource/primefaces.js?ln=primefaces&v=4.0 HTTP/1.1" 304 -
201.244.235.74 - - [19/Mar/2023:16:03:18 -0500] "GET /sipse/faces/javax.faces.resource/layout/layout.js?ln=primefaces&v=4.0 HTTP/1.1" 304 -
201.244.235.74 - - [19/Mar/2023:16:03:23 -0500] "POST /sipse/faces/presentacion/financiero/solicitudProceso/consultarSolicitudProceso.xhtml HTTP/1.1" 200 47786
201.244.235.74 - - [19/Mar/2023:16:03:25 -0500] "POST /sipse/faces/presentacion/financiero/solicitudProceso/consultarSolicitudProceso.xhtml HTTP/1.1" 200 132855
216.245.221.92 - - [19/Mar/2023:16:03:37 -0500] "HEAD / HTTP/1.1" 200 -
172.22.2.4 - - [19/Mar/2023:16:01:58 -0500] "GET /BLA/boletinlegal/ HTTP/1.1" 200 57141
192.168.175.240 - - [19/Mar/2023:16:03:39 -0500] "GET / HTTP/1.1" 200 4720
201.244.235.74 - - [19/Mar/2023:16:04:06 -0500] "POST /sipse/faces/presentacion/financiero/solicitudProceso/consultarSolicitudProceso.xhtml HTTP/1.1" 200 257391
173.252.87.22 - - [19/Mar/2023:16:04:12 -0500] "GET /images/cr\xc3\xb3nica-29-nov-1_optimized.jpeg HTTP/1.1" 404 1034
201.245.192.253 - - [19/Mar/2023:16:04:12 -0500] "POST /kwsrmcab/Wsrmcab  HTTP/1.1" 200 42239
192.168.175.240 - - [19/Mar/2023:16:04:39 -0500] "GET / HTTP/1.1" 200 4720
192.168.175.240 - - [19/Mar/2023:16:05:39 -0500] "GET / HTTP/1.1" 200 4720
198.100.144.147 - - [19/Mar/2023:16:06:14 -0500] "GET /secretaria-de-ambiente-advierte-sobre-falso-mensaje-para-inscripciones-al-programa-mujeres-que-reverdecen.html HTTP/1.1" 200 1039
192.168.175.240 - - [19/Mar/2023:16:06:39 -0500] "GET / HTTP/1.1" 200 4720
181.130.48.79 - - [19/Mar/2023:16:07:36 -0500] "GET /%C3%82%C2%BFquieres-aprender-sobre-jardines-verticales-esta-es-tu-oportunidad.html HTTP/1.1" 200 925
192.168.175.240 - - [19/Mar/2023:16:07:39 -0500] "GET / HTTP/1.1" 200 4720
216.245.221.92 - - [19/Mar/2023:16:08:37 -0500] "HEAD / HTTP/1.1" 200 -
172.22.2.4 - - [19/Mar/2023:16:06:57 -0500] "HEAD /BLA/boletinlegal/ HTTP/1.1" 200 -
192.168.175.240 - - [19/Mar/2023:16:08:39 -0500] "GET / HTTP/1.1" 200 4720
201.245.192.253 - - [19/Mar/2023:16:09:10 -0500] "POST /kwsrmcab/Wsrmcab  HTTP/1.1" 200 42239
172.22.2.4 - - [19/Mar/2023:16:07:48 -0500] "GET /BLA/boletinlegal/ HTTP/1.1" 200 57551
192.168.175.240 - - [19/Mar/2023:16:09:39 -0500] "GET / HTTP/1.1" 200 4720
192.168.175.240 - - [19/Mar/2023:16:10:39 -0500] "GET / HTTP/1.1" 200 4720
168.119.252.253 - - [19/Mar/2023:16:11:39 -0500] "GET / HTTP/1.1" 200 319
192.168.175.240 - - [19/Mar/2023:16:11:39 -0500] "GET / HTTP/1.1" 200 4720
168.119.252.253 - - [19/Mar/2023:16:11:41 -0500] "GET / HTTP/1.1" 200 4720
192.168.175.240 - - [19/Mar/2023:16:12:39 -0500] "GET / HTTP/1.1" 200 4720
181.54.173.6 - - [19/Mar/2023:16:12:53 -0500] "GET /images/jardines-verticales_optimized.jpeg HTTP/1.1" 200 138197
216.245.221.92 - - [19/Mar/2023:16:13:37 -0500] "HEAD / HTTP/1.1" 200 -
192.168.175.240 - - [19/Mar/2023:16:13:39 -0500] "GET / HTTP/1.1" 200 4720
201.245.192.253 - - [19/Mar/2023:16:14:10 -0500] "POST /kwsrmcab/Wsrmcab  HTTP/1.1" 200 42239
172.22.2.4 - - [19/Mar/2023:16:12:47 -0500] "HEAD /BLA/boletinlegal/ HTTP/1.1" 200 -
192.168.175.240 - - [19/Mar/2023:16:14:39 -0500] "GET / HTTP/1.1" 200 4720
172.22.2.4 - - [19/Mar/2023:16:13:37 -0500] "GET /BLA/boletinlegal/ HTTP/1.1" 200 57551
192.168.175.240 - - [19/Mar/2023:16:15:39 -0500] "GET / HTTP/1.1" 200 4720
192.168.175.240 - - [19/Mar/2023:16:16:39 -0500] "GET / HTTP/1.1" 200 4720
192.168.175.240 - - [19/Mar/2023:16:17:39 -0500] "GET / HTTP/1.1" 200 4720
216.245.221.92 - - [19/Mar/2023:16:18:37 -0500] "HEAD / HTTP/1.1" 200 -
192.168.175.240 - - [19/Mar/2023:16:18:39 -0500] "GET / HTTP/1.1" 200 4720
186.29.65.152 - - [19/Mar/2023:16:19:08 -0500] "GET /%C3%82%C2%BFquieres-aprender-sobre-jardines-verticales-esta-es-tu-oportunidad.html HTTP/1.1" 200 925
201.245.192.253 - - [19/Mar/2023:16:19:10 -0500] "POST /kwsrmcab/Wsrmcab  HTTP/1.1" 200 42239
192.168.175.240 - - [19/Mar/2023:16:19:39 -0500] "GET / HTTP/1.1" 200 4720
186.28.81.120 - - [19/Mar/2023:16:20:11 -0500] "GET /BLA/resoluciones/AUTOS%202019/4395.pdf HTTP/1.1" 200 275298
172.22.2.4 - - [19/Mar/2023:16:18:37 -0500] "HEAD /BLA/boletinlegal/ HTTP/1.1" 200 -
192.168.175.240 - - [19/Mar/2023:16:20:39 -0500] "GET / HTTP/1.1" 200 4720
201.245.192.253 - - [19/Mar/2023:16:20:38 -0500] "POST /kwsrmcab/Wsrmcab HTTP/1.1" 200 42863
201.245.192.253 - - [19/Mar/2023:16:20:41 -0500] "POST /kwsrmcab/Wsrmcab HTTP/1.1" 200 43343
172.22.2.4 - - [19/Mar/2023:16:19:28 -0500] "GET /BLA/boletinlegal/ HTTP/1.1" 200 52316
217.160.185.204 - - [19/Mar/2023:16:21:37 -0500] "GET / HTTP/1.0" 200 319
192.168.175.240 - - [19/Mar/2023:16:21:39 -0500] "GET / HTTP/1.1" 200 4720
192.168.175.240 - - [19/Mar/2023:16:22:39 -0500] "GET / HTTP/1.1" 200 4720
52.167.144.165 - - [19/Mar/2023:16:23:09 -0500] "GET /BLA/resoluciones/AUTOS%202017/2361.pdf HTTP/1.1" 200 748798
74.125.210.203 - - [19/Mar/2023:16:23:23 -0500] "GET /galeria/galeria/fotos/Humedal-Tibanica4G.jpg HTTP/1.1" 200 442374
216.245.221.92 - - [19/Mar/2023:16:23:37 -0500] "HEAD / HTTP/1.1" 200 -
192.168.175.240 - - [19/Mar/2023:16:23:39 -0500] "GET / HTTP/1.1" 200 4720
201.245.192.253 - - [19/Mar/2023:16:24:09 -0500] "POST /kwsrmcab/Wsrmcab  HTTP/1.1" 200 42239
192.168.175.240 - - [19/Mar/2023:16:24:39 -0500] "GET / HTTP/1.1" 200 4720
192.168.175.240 - - [19/Mar/2023:16:25:39 -0500] "GET / HTTP/1.1" 200 4720
172.22.2.4 - - [19/Mar/2023:16:24:27 -0500] "HEAD /BLA/boletinlegal/ HTTP/1.1" 200 -
201.244.235.74 - - [19/Mar/2023:16:26:20 -0500] "GET /sipse/faces/javax.faces.resource/images/ui-bg_flat_0_2d5972_40x100.png?ln=primefaces-aristo HTTP/1.1" 304 -
201.244.235.74 - - [19/Mar/2023:16:26:20 -0500] "POST /sipse/faces/presentacion/financiero/solicitudProceso/consultarSolicitudProceso.xhtml HTTP/1.1" 200 40826
201.244.235.74 - - [19/Mar/2023:16:26:21 -0500] "GET /sipse/faces/javax.faces.resource/primefaces.css?ln=primefaces&v=4.0 HTTP/1.1" 304 -
201.244.235.74 - - [19/Mar/2023:16:26:21 -0500] "GET /sipse/faces/javax.faces.resource/theme.css?ln=primefaces-sipse HTTP/1.1" 304 -
201.244.235.74 - - [19/Mar/2023:16:26:21 -0500] "GET /sipse/faces/javax.faces.resource/layout/layout.css?ln=primefaces&v=4.0 HTTP/1.1" 304 -
201.244.235.74 - - [19/Mar/2023:16:26:21 -0500] "GET /sipse/faces/javax.faces.resource/jquery/jquery.js?ln=primefaces&v=4.0 HTTP/1.1" 304 -
201.244.235.74 - - [19/Mar/2023:16:26:21 -0500] "GET /sipse/faces/javax.faces.resource/jquery/jquery-plugins.js?ln=primefaces&v=4.0 HTTP/1.1" 304 -
201.244.235.74 - - [19/Mar/2023:16:26:21 -0500] "GET /sipse/faces/javax.faces.resource/primefaces.js?ln=primefaces&v=4.0 HTTP/1.1" 304 -
201.244.235.74 - - [19/Mar/2023:16:26:21 -0500] "GET /sipse/faces/javax.faces.resource/layout/layout.js?ln=primefaces&v=4.0 HTTP/1.1" 304 -
201.244.235.74 - - [19/Mar/2023:16:26:22 -0500] "POST /sipse/faces/presentacion/financiero/solicitudProceso/consultar.xhtml HTTP/1.1" 200 34194
201.244.235.74 - - [19/Mar/2023:16:26:23 -0500] "POST /sipse/faces/presentacion/financiero/solicitudProceso/consultar.xhtml HTTP/1.1" 200 34194
201.244.235.74 - - [19/Mar/2023:16:26:23 -0500] "POST /sipse/faces/presentacion/financiero/solicitudProceso/consultar.xhtml HTTP/1.1" 200 34194
201.244.235.74 - - [19/Mar/2023:16:26:25 -0500] "POST /sipse/faces/presentacion/financiero/solicitudProceso/consultar.xhtml HTTP/1.1" 200 34194
201.244.235.74 - - [19/Mar/2023:16:26:25 -0500] "POST /sipse/faces/presentacion/financiero/solicitudProceso/consultar.xhtml HTTP/1.1" 200 34194
201.244.235.74 - - [19/Mar/2023:16:26:26 -0500] "POST /sipse/faces/presentacion/financiero/solicitudProceso/consultar.xhtml HTTP/1.1" 200 34194
201.244.235.74 - - [19/Mar/2023:16:26:26 -0500] "POST /sipse/faces/presentacion/financiero/solicitudProceso/consultar.xhtml HTTP/1.1" 200 34194
201.244.235.74 - - [19/Mar/2023:16:26:26 -0500] "POST /sipse/faces/presentacion/financiero/solicitudProceso/consultar.xhtml HTTP/1.1" 200 34194
201.244.235.74 - - [19/Mar/2023:16:26:26 -0500] "POST /sipse/faces/presentacion/financiero/solicitudProceso/consultar.xhtml HTTP/1.1" 200 34194
201.244.235.74 - - [19/Mar/2023:16:26:27 -0500] "POST /sipse/faces/presentacion/financiero/solicitudProceso/consultar.xhtml HTTP/1.1" 200 34194
201.244.235.74 - - [19/Mar/2023:16:26:27 -0500] "POST /sipse/faces/presentacion/financiero/solicitudProceso/consultar.xhtml HTTP/1.1" 200 34194
201.244.235.74 - - [19/Mar/2023:16:26:27 -0500] "POST /sipse/faces/presentacion/financiero/solicitudProceso/consultar.xhtml HTTP/1.1" 200 34194
201.244.235.74 - - [19/Mar/2023:16:26:27 -0500] "POST /sipse/faces/presentacion/financiero/solicitudProceso/consultar.xhtml HTTP/1.1" 200 34194
201.244.235.74 - - [19/Mar/2023:16:26:28 -0500] "POST /sipse/faces/presentacion/financiero/solicitudProceso/consultar.xhtml HTTP/1.1" 200 34194
201.244.235.74 - - [19/Mar/2023:16:26:28 -0500] "POST /sipse/faces/presentacion/financiero/solicitudProceso/consultar.xhtml HTTP/1.1" 200 34194
201.244.235.74 - - [19/Mar/2023:16:26:28 -0500] "POST /sipse/faces/presentacion/financiero/solicitudProceso/consultar.xhtml HTTP/1.1" 200 34194
201.244.235.74 - - [19/Mar/2023:16:26:28 -0500] "POST /sipse/faces/presentacion/financiero/solicitudProceso/consultar.xhtml HTTP/1.1" 200 34194
201.244.235.74 - - [19/Mar/2023:16:26:28 -0500] "POST /sipse/faces/presentacion/financiero/solicitudProceso/consultar.xhtml HTTP/1.1" 200 34194
201.244.235.74 - - [19/Mar/2023:16:26:32 -0500] "POST /sipse/faces/presentacion/financiero/solicitudProceso/consultar.xhtml HTTP/1.1" 200 12940
192.168.175.240 - - [19/Mar/2023:16:26:39 -0500] "GET / HTTP/1.1" 200 4720
201.244.235.74 - - [19/Mar/2023:16:26:42 -0500] "POST /sipse/faces/presentacion/financiero/solicitudProceso/consultar.xhtml HTTP/1.1" 200 156663
201.244.235.74 - - [19/Mar/2023:16:26:45 -0500] "GET /sipse/faces/javax.faces.resource/theme.css?ln=primefaces-sipse HTTP/1.1" 304 -
201.244.235.74 - - [19/Mar/2023:16:26:45 -0500] "GET /sipse/faces/javax.faces.resource/primefaces.css?ln=primefaces&v=4.0 HTTP/1.1" 304 -
201.244.235.74 - - [19/Mar/2023:16:26:45 -0500] "GET /sipse/faces/javax.faces.resource/jquery/jquery.js?ln=primefaces&v=4.0 HTTP/1.1" 304 -
201.244.235.74 - - [19/Mar/2023:16:26:45 -0500] "GET /sipse/faces/javax.faces.resource/layout/layout.css?ln=primefaces&v=4.0 HTTP/1.1" 304 -
201.244.235.74 - - [19/Mar/2023:16:26:45 -0500] "GET /sipse/faces/javax.faces.resource/jquery/jquery-plugins.js?ln=primefaces&v=4.0 HTTP/1.1" 304 -
201.244.235.74 - - [19/Mar/2023:16:26:45 -0500] "GET /sipse/faces/javax.faces.resource/primefaces.js?ln=primefaces&v=4.0 HTTP/1.1" 304 -
201.244.235.74 - - [19/Mar/2023:16:26:45 -0500] "GET /sipse/faces/javax.faces.resource/layout/layout.js?ln=primefaces&v=4.0 HTTP/1.1" 304 -
201.244.235.74 - - [19/Mar/2023:16:26:50 -0500] "POST /sipse/faces/presentacion/financiero/solicitudProceso/consultarSolicitudProceso.xhtml HTTP/1.1" 200 353457
201.244.235.74 - - [19/Mar/2023:16:26:53 -0500] "POST /sipse/faces/presentacion/financiero/solicitudProceso/consultarSolicitudProceso.xhtml HTTP/1.1" 200 371977
172.22.2.4 - - [19/Mar/2023:16:25:17 -0500] "GET /BLA/boletinlegal/ HTTP/1.1" 200 53551
192.168.175.240 - - [19/Mar/2023:16:27:39 -0500] "GET / HTTP/1.1" 200 4720
66.249.70.180 - - [19/Mar/2023:16:28:05 -0500] "-" 408 -
216.245.221.92 - - [19/Mar/2023:16:28:37 -0500] "HEAD / HTTP/1.1" 200 -
192.168.175.240 - - [19/Mar/2023:16:28:39 -0500] "GET / HTTP/1.1" 200 4720
201.245.192.253 - - [19/Mar/2023:16:29:09 -0500] "POST /kwsrmcab/Wsrmcab  HTTP/1.1" 200 42239
192.168.175.240 - - [19/Mar/2023:16:29:39 -0500] "GET / HTTP/1.1" 200 4720
172.22.2.4 - - [19/Mar/2023:16:30:12 -0500] "GET /BLA/boletinlegal/actos.php HTTP/1.1" 200 9672
172.22.2.4 - - [19/Mar/2023:16:30:12 -0500] "GET /BLA/boletinlegal/styles2.css HTTP/1.1" 200 1838
172.22.2.4 - - [19/Mar/2023:16:30:12 -0500] "GET /BLA/boletinlegal/js/ajax_actos.js HTTP/1.1" 200 1322
172.22.2.4 - - [19/Mar/2023:16:30:12 -0500] "GET /BLA/boletinlegal/niceforms-default.css HTTP/1.1" 200 6694
172.22.2.4 - - [19/Mar/2023:16:30:12 -0500] "GET /BLA/boletinlegal/style.css HTTP/1.1" 200 9406
172.22.2.4 - - [19/Mar/2023:16:30:12 -0500] "GET /BLA/boletinlegal/niceforms.js HTTP/1.1" 200 22876
172.22.2.4 - - [19/Mar/2023:16:30:12 -0500] "GET /BLA/boletinlegal/js/lib.js HTTP/1.1" 200 6474
172.22.2.4 - - [19/Mar/2023:16:30:12 -0500] "GET /BLA/boletinlegal/js/popup.js HTTP/1.1" 200 1270
172.22.2.4 - - [19/Mar/2023:16:30:12 -0500] "GET /BLA/boletinlegal/js/jquery1.js HTTP/1.1" 200 29846
172.22.2.4 - - [19/Mar/2023:16:30:12 -0500] "GET /BLA/boletinlegal/images/cabezote%20BLEGAL.jpg HTTP/1.1" 200 118164
172.22.2.4 - - [19/Mar/2023:16:30:13 -0500] "GET /BLA/boletinlegal/images/historia.png HTTP/1.1" 200 52775
172.22.2.4 - - [19/Mar/2023:16:30:13 -0500] "GET /BLA/boletinlegal/images/subscribe-icon-big.png HTTP/1.1" 200 47702
172.22.2.4 - - [19/Mar/2023:16:30:13 -0500] "GET /BLA/boletinlegal/images/registro-usuarios.png HTTP/1.1" 200 8106
172.22.2.4 - - [19/Mar/2023:16:30:13 -0500] "GET /BLA/boletinlegal/images/green-yellow-blue-pink-th.png HTTP/1.1" 200 7394
172.22.2.4 - - [19/Mar/2023:16:30:13 -0500] "GET /BLA/boletinlegal/images/icono-email.png HTTP/1.1" 200 5544
172.22.2.4 - - [19/Mar/2023:16:30:13 -0500] "GET /BLA/boletinlegal/images/tel.png HTTP/1.1" 200 14477
172.22.2.4 - - [19/Mar/2023:16:30:13 -0500] "GET /BLA/boletinlegal/images/body_bg.jpg HTTP/1.1" 200 1601
172.22.2.4 - - [19/Mar/2023:16:30:13 -0500] "GET /BLA/boletinlegal/images/menu_lft.gif HTTP/1.1" 200 1713
172.22.2.4 - - [19/Mar/2023:16:30:13 -0500] "GET /BLA/boletinlegal/images/menu_rght.gif HTTP/1.1" 200 1627
172.22.2.4 - - [19/Mar/2023:16:30:13 -0500] "GET /BLA/boletinlegal/images/bg_top.jpg HTTP/1.1" 200 522
172.22.2.4 - - [19/Mar/2023:16:30:13 -0500] "GET /BLA/boletinlegal/images/menu_bg.jpg HTTP/1.1" 200 620
172.22.2.4 - - [19/Mar/2023:16:30:13 -0500] "GET /BLA/boletinlegal/images/hover.jpg HTTP/1.1" 200 640
172.22.2.4 - - [19/Mar/2023:16:30:13 -0500] "GET /BLA/boletinlegal/images/footer_bg_l.jpg HTTP/1.1" 200 776
172.22.2.4 - - [19/Mar/2023:16:30:13 -0500] "GET /BLA/boletinlegal/images/text.jpg HTTP/1.1" 200 568
172.22.2.4 - - [19/Mar/2023:16:30:13 -0500] "GET /BLA/boletinlegal/images/footer_bg.jpg HTTP/1.1" 200 586
172.22.2.4 - - [19/Mar/2023:16:30:14 -0500] "GET /BLA/boletinlegal/img/0.png HTTP/1.1" 200 110
172.22.2.4 - - [19/Mar/2023:16:30:14 -0500] "GET /BLA/boletinlegal/img/select-right.png HTTP/1.1" 200 44019
172.22.2.4 - - [19/Mar/2023:16:30:14 -0500] "GET /BLA/boletinlegal/img/select-left.png HTTP/1.1" 200 263
172.22.2.4 - - [19/Mar/2023:16:30:14 -0500] "GET /BLA/boletinlegal/favicon.ico HTTP/1.1" 404 1326
172.22.2.4 - - [19/Mar/2023:16:30:14 -0500] "GET /BLA/boletinlegal/img/button-left.png HTTP/1.1" 200 57071
172.22.2.4 - - [19/Mar/2023:16:30:14 -0500] "GET /BLA/boletinlegal/img/button-right.png HTTP/1.1" 200 57878
172.22.2.4 - - [19/Mar/2023:16:30:14 -0500] "GET /BLA/boletinlegal/img/button.png HTTP/1.1" 200 43241
192.168.175.240 - - [19/Mar/2023:16:30:39 -0500] "GET / HTTP/1.1" 200 4720
201.245.192.253 - - [19/Mar/2023:16:30:37 -0500] "POST /kwsrmcab/Wsrmcab HTTP/1.1" 200 42863
172.22.2.4 - - [19/Mar/2023:16:30:41 -0500] "GET /BLA/boletinlegal/consulta_actos.php?tipo=autos&no=&usuario=&sector=&fecha=2022&resuelve= HTTP/1.1" 200 1655664
201.245.192.253 - - [19/Mar/2023:16:30:40 -0500] "POST /kwsrmcab/Wsrmcab HTTP/1.1" 200 43343
172.22.2.4 - - [19/Mar/2023:16:30:43 -0500] "GET /BLA/boletinlegal/images/pdf.gif HTTP/1.1" 200 567
172.22.2.4 - - [19/Mar/2023:16:30:43 -0500] "GET /BLA/boletinlegal/images/background.gif HTTP/1.1" 200 -
166.0.218.23 - - [19/Mar/2023:16:30:46 -0500] "GET / HTTP/1.1" 200 319
172.22.2.4 - - [19/Mar/2023:16:30:54 -0500] "GET /BLA/boletinlegal/consulta_actos.php?tipo=autos&no=&usuario=&sector=RESIDUOS&fecha=2022&resuelve= HTTP/1.1" 200 90421
201.184.30.170 - - [19/Mar/2023:16:31:02 -0500] "GET /BLA/resoluciones/AUTOS%202022/8156.pdf HTTP/1.1" 200 409557
201.184.30.170 - - [19/Mar/2023:16:31:02 -0500] "GET /favicon.ico HTTP/1.1" 200 7782
201.184.30.170 - - [19/Mar/2023:16:31:08 -0500] "GET /BLA/resoluciones/AUTOS%202022/7938.pdf HTTP/1.1" 200 412766
192.168.175.240 - - [19/Mar/2023:16:31:39 -0500] "GET / HTTP/1.1" 200 4720
172.22.2.4 - - [19/Mar/2023:16:30:17 -0500] "HEAD /BLA/boletinlegal/ HTTP/1.1" 200 -
192.168.175.240 - - [19/Mar/2023:16:32:39 -0500] "GET / HTTP/1.1" 200 4720
172.22.2.4 - - [19/Mar/2023:16:31:08 -0500] "GET /BLA/boletinlegal/ HTTP/1.1" 200 57551
216.245.221.92 - - [19/Mar/2023:16:33:37 -0500] "HEAD / HTTP/1.1" 200 -
192.168.175.240 - - [19/Mar/2023:16:33:39 -0500] "GET / HTTP/1.1" 200 4720
201.245.192.253 - - [19/Mar/2023:16:34:09 -0500] "POST /kwsrmcab/Wsrmcab  HTTP/1.1" 200 42239
192.168.175.240 - - [19/Mar/2023:16:34:39 -0500] "GET / HTTP/1.1" 200 4720
172.22.2.4 - - [19/Mar/2023:16:33:04 -0500] "GET /BLA/boletinlegal/ HTTP/1.1" 200 62202
172.22.2.4 - - [19/Mar/2023:16:34:45 -0500] "GET /BLA/boletinlegal/Circulares/2012/Circular%20No.%207%20del%2008%20de%20Agosto%20de%202012.pdf HTTP/1.1" 304 -
172.22.2.4 - - [19/Mar/2023:16:35:25 -0500] "GET /BLA/boletinlegal/owa/auth/logon.aspx?url=https%3a%2f%2f1%2fecp%2f HTTP/1.1" 404 1018
201.184.30.170 - - [19/Mar/2023:16:35:38 -0500] "GET /BLA/resoluciones/AUTOS%202022/7936.pdf HTTP/1.1" 200 549411
192.168.175.240 - - [19/Mar/2023:16:35:39 -0500] "GET / HTTP/1.1" 200 4720
201.244.229.212 - - [19/Mar/2023:16:36:08 -0500] "POST /sipse/faces/presentacion/financiero/solicitudProceso/consultarSolicitudProceso.xhtml HTTP/1.1" 200 41058
201.244.229.212 - - [19/Mar/2023:16:36:08 -0500] "GET /sipse/faces/javax.faces.resource/theme.css?ln=primefaces-sipse HTTP/1.1" 304 -
201.244.229.212 - - [19/Mar/2023:16:36:08 -0500] "GET /sipse/faces/javax.faces.resource/primefaces.css?ln=primefaces&v=4.0 HTTP/1.1" 304 -
201.244.229.212 - - [19/Mar/2023:16:36:08 -0500] "GET /sipse/faces/javax.faces.resource/jquery/jquery.js?ln=primefaces&v=4.0 HTTP/1.1" 304 -
201.244.229.212 - - [19/Mar/2023:16:36:08 -0500] "GET /sipse/faces/javax.faces.resource/layout/layout.css?ln=primefaces&v=4.0 HTTP/1.1" 304 -
201.244.229.212 - - [19/Mar/2023:16:36:08 -0500] "GET /sipse/faces/javax.faces.resource/jquery/jquery-plugins.js?ln=primefaces&v=4.0 HTTP/1.1" 304 -
201.244.229.212 - - [19/Mar/2023:16:36:08 -0500] "GET /sipse/faces/javax.faces.resource/primefaces.js?ln=primefaces&v=4.0 HTTP/1.1" 304 -
201.244.229.212 - - [19/Mar/2023:16:36:08 -0500] "GET /sipse/faces/javax.faces.resource/layout/layout.js?ln=primefaces&v=4.0 HTTP/1.1" 304 -
201.244.229.212 - - [19/Mar/2023:16:36:09 -0500] "POST /sipse/faces/presentacion/financiero/solicitudProceso/consultar.xhtml HTTP/1.1" 200 34425
201.244.229.212 - - [19/Mar/2023:16:36:09 -0500] "POST /sipse/faces/presentacion/financiero/solicitudProceso/consultar.xhtml HTTP/1.1" 200 34425
201.244.229.212 - - [19/Mar/2023:16:36:09 -0500] "POST /sipse/faces/presentacion/financiero/solicitudProceso/consultar.xhtml HTTP/1.1" 200 34425
201.244.229.212 - - [19/Mar/2023:16:36:09 -0500] "POST /sipse/faces/presentacion/financiero/solicitudProceso/consultar.xhtml HTTP/1.1" 200 34425
201.244.229.212 - - [19/Mar/2023:16:36:10 -0500] "POST /sipse/faces/presentacion/financiero/solicitudProceso/consultar.xhtml HTTP/1.1" 200 34425
201.244.229.212 - - [19/Mar/2023:16:36:10 -0500] "POST /sipse/faces/presentacion/financiero/solicitudProceso/consultar.xhtml HTTP/1.1" 200 34425
201.244.229.212 - - [19/Mar/2023:16:36:10 -0500] "POST /sipse/faces/presentacion/financiero/solicitudProceso/consultar.xhtml HTTP/1.1" 200 34425
201.244.229.212 - - [19/Mar/2023:16:36:10 -0500] "POST /sipse/faces/presentacion/financiero/solicitudProceso/consultar.xhtml HTTP/1.1" 200 34425
201.244.229.212 - - [19/Mar/2023:16:36:11 -0500] "POST /sipse/faces/presentacion/financiero/solicitudProceso/consultar.xhtml HTTP/1.1" 200 34425
201.244.229.212 - - [19/Mar/2023:16:36:11 -0500] "POST /sipse/faces/presentacion/financiero/solicitudProceso/consultar.xhtml HTTP/1.1" 200 34425
201.244.229.212 - - [19/Mar/2023:16:36:18 -0500] "POST /sipse/faces/presentacion/financiero/solicitudProceso/consultar.xhtml HTTP/1.1" 200 12932
201.244.229.212 - - [19/Mar/2023:16:36:21 -0500] "POST /sipse/faces/presentacion/financiero/solicitudProceso/consultar.xhtml HTTP/1.1" 200 12940
201.244.229.212 - - [19/Mar/2023:16:36:25 -0500] "POST /sipse/faces/presentacion/financiero/solicitudProceso/consultar.xhtml HTTP/1.1" 200 140913
201.244.229.212 - - [19/Mar/2023:16:36:26 -0500] "GET /sipse/faces/javax.faces.resource/primefaces.css?ln=primefaces&v=4.0 HTTP/1.1" 304 -
201.244.229.212 - - [19/Mar/2023:16:36:26 -0500] "GET /sipse/faces/javax.faces.resource/theme.css?ln=primefaces-sipse HTTP/1.1" 304 -
201.244.229.212 - - [19/Mar/2023:16:36:26 -0500] "GET /sipse/faces/javax.faces.resource/layout/layout.css?ln=primefaces&v=4.0 HTTP/1.1" 304 -
201.244.229.212 - - [19/Mar/2023:16:36:26 -0500] "GET /sipse/faces/javax.faces.resource/jquery/jquery.js?ln=primefaces&v=4.0 HTTP/1.1" 304 -
201.244.229.212 - - [19/Mar/2023:16:36:27 -0500] "GET /sipse/faces/javax.faces.resource/jquery/jquery-plugins.js?ln=primefaces&v=4.0 HTTP/1.1" 304 -
201.244.229.212 - - [19/Mar/2023:16:36:27 -0500] "GET /sipse/faces/javax.faces.resource/primefaces.js?ln=primefaces&v=4.0 HTTP/1.1" 304 -
201.244.229.212 - - [19/Mar/2023:16:36:27 -0500] "GET /sipse/faces/javax.faces.resource/layout/layout.js?ln=primefaces&v=4.0 HTTP/1.1" 304 -
190.0.246.158 - - [19/Mar/2023:16:36:28 -0500] "GET /%C3%82%C2%BFquieres-aprender-sobre-jardines-verticales-esta-es-tu-oportunidad.html HTTP/1.1" 200 925
192.168.175.240 - - [19/Mar/2023:16:36:39 -0500] "GET / HTTP/1.1" 200 4720
172.22.2.4 - - [19/Mar/2023:16:36:56 -0500] "GET /BLA/boletinlegal/Circulares/2019/.pdf HTTP/1.1" 404 1218
172.22.2.4 - - [19/Mar/2023:16:37:05 -0500] "GET /BLA/boletinlegal/Circulares/2012/Circular%20No.%2010%20del%2026%20de%20Enero%20de%202012.pdf HTTP/1.1" 404 1218
172.22.2.4 - - [19/Mar/2023:16:36:43 -0500] "GET /BLA/boletinlegal/ HTTP/1.1" 200 20427
192.168.175.240 - - [19/Mar/2023:16:37:39 -0500] "GET / HTTP/1.1" 200 4720
172.22.2.4 - - [19/Mar/2023:16:36:07 -0500] "HEAD /BLA/boletinlegal/ HTTP/1.1" 200 -
201.184.30.170 - - [19/Mar/2023:16:38:34 -0500] "GET /BLA/resoluciones/AUTOS%202022/7927.pdf HTTP/1.1" 200 419778
216.245.221.92 - - [19/Mar/2023:16:38:37 -0500] "HEAD / HTTP/1.1" 200 -
172.22.2.4 - - [19/Mar/2023:16:36:57 -0500] "GET /BLA/boletinlegal/ HTTP/1.1" 200 57935
192.168.175.240 - - [19/Mar/2023:16:38:39 -0500] "GET / HTTP/1.1" 200 4720
201.245.192.253 - - [19/Mar/2023:16:39:08 -0500] "POST /kwsrmcab/Wsrmcab  HTTP/1.1" 200 42239
192.168.175.240 - - [19/Mar/2023:16:39:39 -0500] "GET / HTTP/1.1" 200 4720
201.184.30.170 - - [19/Mar/2023:16:39:42 -0500] "GET /BLA/resoluciones/AUTOS%202022/7925.pdf HTTP/1.1" 200 528581
201.244.229.212 - - [19/Mar/2023:16:39:43 -0500] "GET /sipse/faces/javax.faces.resource/images/ui-bg_flat_0_2d5972_40x100.png?ln=primefaces-aristo HTTP/1.1" 304 -
201.244.229.212 - - [19/Mar/2023:16:39:43 -0500] "POST /sipse/faces/presentacion/financiero/solicitudProceso/consultarSolicitudProceso.xhtml HTTP/1.1" 200 40960
201.244.229.212 - - [19/Mar/2023:16:39:43 -0500] "GET /sipse/faces/javax.faces.resource/theme.css?ln=primefaces-sipse HTTP/1.1" 304 -
201.244.229.212 - - [19/Mar/2023:16:39:43 -0500] "GET /sipse/faces/javax.faces.resource/primefaces.css?ln=primefaces&v=4.0 HTTP/1.1" 304 -
201.244.229.212 - - [19/Mar/2023:16:39:43 -0500] "GET /sipse/faces/javax.faces.resource/layout/layout.css?ln=primefaces&v=4.0 HTTP/1.1" 304 -
201.244.229.212 - - [19/Mar/2023:16:39:43 -0500] "GET /sipse/faces/javax.faces.resource/jquery/jquery.js?ln=primefaces&v=4.0 HTTP/1.1" 304 -
201.244.229.212 - - [19/Mar/2023:16:39:43 -0500] "GET /sipse/faces/javax.faces.resource/jquery/jquery-plugins.js?ln=primefaces&v=4.0 HTTP/1.1" 304 -
201.244.229.212 - - [19/Mar/2023:16:39:43 -0500] "GET /sipse/faces/javax.faces.resource/primefaces.js?ln=primefaces&v=4.0 HTTP/1.1" 304 -
201.244.229.212 - - [19/Mar/2023:16:39:43 -0500] "GET /sipse/faces/javax.faces.resource/layout/layout.js?ln=primefaces&v=4.0 HTTP/1.1" 304 -
201.244.229.212 - - [19/Mar/2023:16:39:44 -0500] "POST /sipse/faces/presentacion/financiero/solicitudProceso/consultar.xhtml HTTP/1.1" 200 34327
201.244.229.212 - - [19/Mar/2023:16:39:44 -0500] "POST /sipse/faces/presentacion/financiero/solicitudProceso/consultar.xhtml HTTP/1.1" 200 34327
201.244.229.212 - - [19/Mar/2023:16:39:44 -0500] "POST /sipse/faces/presentacion/financiero/solicitudProceso/consultar.xhtml HTTP/1.1" 200 34327
201.244.229.212 - - [19/Mar/2023:16:39:44 -0500] "POST /sipse/faces/presentacion/financiero/solicitudProceso/consultar.xhtml HTTP/1.1" 200 34327
201.244.229.212 - - [19/Mar/2023:16:39:45 -0500] "POST /sipse/faces/presentacion/financiero/solicitudProceso/consultar.xhtml HTTP/1.1" 200 34327
201.244.229.212 - - [19/Mar/2023:16:39:45 -0500] "POST /sipse/faces/presentacion/financiero/solicitudProceso/consultar.xhtml HTTP/1.1" 200 34327
201.244.229.212 - - [19/Mar/2023:16:39:45 -0500] "POST /sipse/faces/presentacion/financiero/solicitudProceso/consultar.xhtml HTTP/1.1" 200 34327
201.244.229.212 - - [19/Mar/2023:16:39:46 -0500] "POST /sipse/faces/presentacion/financiero/solicitudProceso/consultar.xhtml HTTP/1.1" 200 34327
201.244.229.212 - - [19/Mar/2023:16:39:46 -0500] "POST /sipse/faces/presentacion/financiero/solicitudProceso/consultar.xhtml HTTP/1.1" 200 34327
201.244.229.212 - - [19/Mar/2023:16:39:47 -0500] "POST /sipse/faces/presentacion/financiero/solicitudProceso/consultar.xhtml HTTP/1.1" 200 34327
201.244.229.212 - - [19/Mar/2023:16:39:47 -0500] "POST /sipse/faces/presentacion/financiero/solicitudProceso/consultar.xhtml HTTP/1.1" 200 34327
201.244.229.212 - - [19/Mar/2023:16:39:47 -0500] "POST /sipse/faces/presentacion/financiero/solicitudProceso/consultar.xhtml HTTP/1.1" 200 34327
201.184.30.170 - - [19/Mar/2023:16:39:51 -0500] "GET /BLA/resoluciones/AUTOS%202022/7766.pdf HTTP/1.1" 200 408312
201.244.229.212 - - [19/Mar/2023:16:39:52 -0500] "POST /sipse/faces/presentacion/financiero/solicitudProceso/consultar.xhtml HTTP/1.1" 200 12871
201.244.229.212 - - [19/Mar/2023:16:39:58 -0500] "POST /sipse/faces/presentacion/financiero/solicitudProceso/consultar.xhtml HTTP/1.1" 200 146380
201.244.229.212 - - [19/Mar/2023:16:39:59 -0500] "GET /sipse/faces/javax.faces.resource/theme.css?ln=primefaces-sipse HTTP/1.1" 304 -
201.244.229.212 - - [19/Mar/2023:16:39:59 -0500] "GET /sipse/faces/javax.faces.resource/layout/layout.css?ln=primefaces&v=4.0 HTTP/1.1" 304 -
201.244.229.212 - - [19/Mar/2023:16:39:59 -0500] "GET /sipse/faces/javax.faces.resource/primefaces.css?ln=primefaces&v=4.0 HTTP/1.1" 304 -
201.244.229.212 - - [19/Mar/2023:16:39:59 -0500] "GET /sipse/faces/javax.faces.resource/jquery/jquery.js?ln=primefaces&v=4.0 HTTP/1.1" 304 -
201.244.229.212 - - [19/Mar/2023:16:39:59 -0500] "GET /sipse/faces/javax.faces.resource/jquery/jquery-plugins.js?ln=primefaces&v=4.0 HTTP/1.1" 304 -
201.244.229.212 - - [19/Mar/2023:16:39:59 -0500] "GET /sipse/faces/javax.faces.resource/primefaces.js?ln=primefaces&v=4.0 HTTP/1.1" 304 -
201.244.229.212 - - [19/Mar/2023:16:39:59 -0500] "GET /sipse/faces/javax.faces.resource/layout/layout.js?ln=primefaces&v=4.0 HTTP/1.1" 304 -
190.0.246.158 - - [19/Mar/2023:16:40:35 -0500] "GET /%C3%82%C2%BFquieres-aprender-sobre-jardines-verticales-esta-es-tu-oportunidad.html HTTP/1.1" 200 925
190.0.246.158 - - [19/Mar/2023:16:40:36 -0500] "GET /images/jardines-verticales_optimized.jpeg HTTP/1.1" 200 138197
201.245.192.253 - - [19/Mar/2023:16:40:37 -0500] "POST /kwsrmcab/Wsrmcab HTTP/1.1" 200 42863
192.168.175.240 - - [19/Mar/2023:16:40:39 -0500] "GET / HTTP/1.1" 200 4720
201.245.192.253 - - [19/Mar/2023:16:40:40 -0500] "POST /kwsrmcab/Wsrmcab HTTP/1.1" 200 43343
172.22.2.4 - - [19/Mar/2023:16:41:01 -0500] "GET /BLA/boletinlegal/consulta_actos.php?tipo=autos&no=&usuario=&sector=RESIDUOS&fecha=2023&resuelve= HTTP/1.1" 200 1123
192.168.175.240 - - [19/Mar/2023:16:41:39 -0500] "GET / HTTP/1.1" 200 4720
201.184.30.170 - - [19/Mar/2023:16:42:30 -0500] "GET /BLA/resoluciones/AUTOS%202023/0246.pdf HTTP/1.1" 200 351533
192.168.175.240 - - [19/Mar/2023:16:42:39 -0500] "GET / HTTP/1.1" 200 4720
201.184.30.170 - - [19/Mar/2023:16:43:29 -0500] "GET /catalogoisis/ HTTP/1.1" 200 8575
201.184.30.170 - - [19/Mar/2023:16:43:30 -0500] "GET /catalogoisis/Css/Busqueda.css HTTP/1.1" 200 1995
201.184.30.170 - - [19/Mar/2023:16:43:30 -0500] "GET /catalogoisis/Js/AceptarLimpiar.js HTTP/1.1" 200 331
201.184.30.170 - - [19/Mar/2023:16:43:30 -0500] "GET /catalogoisis/Js/CriterioCombinada.js HTTP/1.1" 200 1843
201.184.30.170 - - [19/Mar/2023:16:43:30 -0500] "GET /catalogoisis/Js/Cookies.js HTTP/1.1" 200 1369
201.184.30.170 - - [19/Mar/2023:16:43:30 -0500] "GET /catalogoisis/Js/LimpiarCombinada.js HTTP/1.1" 200 207
201.184.30.170 - - [19/Mar/2023:16:43:30 -0500] "GET /catalogoisis/Js/Remote.js HTTP/1.1" 200 436
201.184.30.170 - - [19/Mar/2023:16:43:30 -0500] "GET /catalogoisis/Js/Go.js HTTP/1.1" 200 364
201.184.30.170 - - [19/Mar/2023:16:43:30 -0500] "GET /catalogoisis/Js/Numero.js HTTP/1.1" 200 398
201.184.30.170 - - [19/Mar/2023:16:43:30 -0500] "GET /catalogoisis/Js/Enter.js HTTP/1.1" 200 1208
201.184.30.170 - - [19/Mar/2023:16:43:30 -0500] "GET /catalogoisis/imagenes/br1c1.gif HTTP/1.1" 200 172
201.184.30.170 - - [19/Mar/2023:16:43:30 -0500] "GET /catalogoisis/imagenes/br1c3.gif HTTP/1.1" 200 302
201.184.30.170 - - [19/Mar/2023:16:43:30 -0500] "GET /catalogoisis/imagenes/Turnbo1.gif HTTP/1.1" 200 227
201.184.30.170 - - [19/Mar/2023:16:43:30 -0500] "GET /catalogoisis/imagenes/aceptar1.gif HTTP/1.1" 200 604
201.184.30.170 - - [19/Mar/2023:16:43:30 -0500] "GET /catalogoisis/imagenes/limpiar1.gif HTTP/1.1" 200 606
201.184.30.170 - - [19/Mar/2023:16:43:30 -0500] "GET /catalogoisis/imagenes/Header.gif HTTP/1.1" 200 30313
201.184.30.170 - - [19/Mar/2023:16:43:30 -0500] "GET /catalogoisis/imagenes/br3c2.gif HTTP/1.1" 200 285
201.184.30.170 - - [19/Mar/2023:16:43:30 -0500] "GET /catalogoisis/imagenes/br1c2.gif HTTP/1.1" 200 297
201.184.30.170 - - [19/Mar/2023:16:43:30 -0500] "GET /catalogoisis/imagenes/br3c1.gif HTTP/1.1" 200 177
201.184.30.170 - - [19/Mar/2023:16:43:30 -0500] "GET /catalogoisis/imagenes/br2c1.gif HTTP/1.1" 200 297
201.184.30.170 - - [19/Mar/2023:16:43:30 -0500] "GET /catalogoisis/imagenes/br2c3.gif HTTP/1.1" 200 416
201.184.30.170 - - [19/Mar/2023:16:43:30 -0500] "GET /catalogoisis/imagenes/br3c3.gif HTTP/1.1" 200 186
201.184.30.170 - - [19/Mar/2023:16:43:30 -0500] "GET /catalogoisis/imagenes/br2c2.gif HTTP/1.1" 200 302
