201.184.96.253 - - [20/Mar/2023:14:26:39 -0500] "GET /sipse/faces/javax.faces.resource/layout/layout.js?ln=primefaces&v=4.0 HTTP/1.1" 304 -
157.55.39.218 - - [20/Mar/2023:14:26:43 -0500] "GET /incendios-forestales-como-prevenirlos-y-aportar-al-cuidado-de-los-ecosistemas.html HTTP/1.1" 200 883
201.184.96.253 - - [20/Mar/2023:14:26:45 -0500] "POST /sipse/faces/presentacion/financiero/solicitudProceso/consultarSolicitudProceso.xhtml HTTP/1.1" 200 48425
52.167.144.142 - - [20/Mar/2023:14:27:05 -0500] "GET /portalsiaccapacitaciones/Listas%20de%20Asistencia%202017/Lista%20de%20asistencia-%2005-06-2017.pdf HTTP/1.1" 200 1681994
172.22.2.4 - - [20/Mar/2023:14:25:28 -0500] "GET /BLA/boletinlegal/ HTTP/1.1" 200 52720
192.168.175.240 - - [20/Mar/2023:14:27:38 -0500] "GET / HTTP/1.1" 200 4720
173.252.79.1 - - [20/Mar/2023:14:28:06 -0500] "GET /conoce-las-medidas-de-prevencion-y-mitigacion-contempladas-en-la-alerta-fase-1-por-calidad-del-aire.htmli HTTP/1.1" 404 1034
192.168.175.240 - - [20/Mar/2023:14:28:38 -0500] "GET / HTTP/1.1" 200 4720
190.250.233.152 - - [20/Mar/2023:14:29:30 -0500] "GET /galeria/galeria/jquery.fancybox.css?v=2.1.5 HTTP/1.1" 200 4895
190.250.233.152 - - [20/Mar/2023:14:29:30 -0500] "GET /BLA/boletinlegal/js/jquery.scrollShow.js HTTP/1.1" 200 4586
190.250.233.152 - - [20/Mar/2023:14:29:30 -0500] "GET /galeria/galeria/jquery.fancybox.js?v=2.1.5 HTTP/1.1" 200 48706
192.168.175.240 - - [20/Mar/2023:14:29:38 -0500] "GET / HTTP/1.1" 200 4720
201.245.192.253 - - [20/Mar/2023:14:30:33 -0500] "POST /kwsrmcab/Wsrmcab HTTP/1.1" 200 42614
192.168.175.240 - - [20/Mar/2023:14:30:38 -0500] "GET / HTTP/1.1" 200 4720
201.245.192.253 - - [20/Mar/2023:14:30:36 -0500] "POST /kwsrmcab/Wsrmcab HTTP/1.1" 200 43636
201.245.192.253 - - [20/Mar/2023:14:31:13 -0500] "POST /kwsrmcab/Wsrmcab  HTTP/1.1" 200 42239
216.245.221.92 - - [20/Mar/2023:14:31:32 -0500] "HEAD / HTTP/1.1" 200 -
192.168.175.240 - - [20/Mar/2023:14:31:38 -0500] "GET / HTTP/1.1" 200 4720
172.22.2.4 - - [20/Mar/2023:14:30:28 -0500] "HEAD /BLA/boletinlegal/ HTTP/1.1" 200 -
193.142.146.214 - - [20/Mar/2023:14:32:13 -0500] "GET / HTTP/1.1" 200 319
192.168.175.240 - - [20/Mar/2023:14:32:38 -0500] "GET / HTTP/1.1" 200 4720
172.22.2.4 - - [20/Mar/2023:14:31:18 -0500] "GET /BLA/boletinlegal/ HTTP/1.1" 200 53914
191.156.254.52 - - [20/Mar/2023:14:32:59 -0500] "GET /%C3%82%C2%BFquieres-aprender-sobre-jardines-verticales-esta-es-tu-oportunidad.html HTTP/1.1" 200 925
192.168.175.240 - - [20/Mar/2023:14:33:38 -0500] "GET / HTTP/1.1" 200 4720
40.77.167.188 - - [20/Mar/2023:14:33:44 -0500] "GET /BLA/resoluciones/AUTOS%202018/6502.pdf HTTP/1.1" 200 3775662
192.168.175.240 - - [20/Mar/2023:14:34:38 -0500] "GET / HTTP/1.1" 200 4720
66.249.79.113 - - [20/Mar/2023:14:34:46 -0500] "-" 408 -
192.168.175.240 - - [20/Mar/2023:14:35:38 -0500] "GET / HTTP/1.1" 200 4720
66.249.70.184 - - [20/Mar/2023:14:35:39 -0500] "GET /mujeres-que-reverdecen-secretaria-de-ambiente-anuncia-el-inicio-de-la-tercera-fase.html HTTP/1.1" 200 954
201.245.192.253 - - [20/Mar/2023:14:36:12 -0500] "POST /kwsrmcab/Wsrmcab  HTTP/1.1" 200 42239
216.245.221.92 - - [20/Mar/2023:14:36:32 -0500] "HEAD / HTTP/1.1" 200 -
192.168.175.240 - - [20/Mar/2023:14:36:38 -0500] "GET / HTTP/1.1" 200 4720
192.168.175.240 - - [20/Mar/2023:14:37:38 -0500] "GET / HTTP/1.1" 200 4720
172.22.2.4 - - [20/Mar/2023:14:36:18 -0500] "HEAD /BLA/boletinlegal/ HTTP/1.1" 200 -
192.168.175.240 - - [20/Mar/2023:14:38:38 -0500] "GET / HTTP/1.1" 200 4720
172.22.2.4 - - [20/Mar/2023:14:37:08 -0500] "GET /BLA/boletinlegal/ HTTP/1.1" 200 57141
181.61.216.170 - - [20/Mar/2023:14:39:23 -0500] "GET /catalogoisis/ HTTP/1.1" 200 8575
181.61.216.170 - - [20/Mar/2023:14:39:24 -0500] "GET /catalogoisis/Css/Busqueda.css HTTP/1.1" 200 1995
181.61.216.170 - - [20/Mar/2023:14:39:24 -0500] "GET /catalogoisis/Js/AceptarLimpiar.js HTTP/1.1" 200 331
181.61.216.170 - - [20/Mar/2023:14:39:24 -0500] "GET /catalogoisis/Js/CriterioCombinada.js HTTP/1.1" 200 1843
181.61.216.170 - - [20/Mar/2023:14:39:24 -0500] "GET /catalogoisis/Js/Cookies.js HTTP/1.1" 200 1369
181.61.216.170 - - [20/Mar/2023:14:39:24 -0500] "GET /catalogoisis/Js/Remote.js HTTP/1.1" 200 436
181.61.216.170 - - [20/Mar/2023:14:39:24 -0500] "GET /catalogoisis/Js/LimpiarCombinada.js HTTP/1.1" 200 207
181.61.216.170 - - [20/Mar/2023:14:39:24 -0500] "GET /catalogoisis/Js/Go.js HTTP/1.1" 200 364
181.61.216.170 - - [20/Mar/2023:14:39:24 -0500] "GET /catalogoisis/Js/Numero.js HTTP/1.1" 200 398
181.61.216.170 - - [20/Mar/2023:14:39:24 -0500] "GET /catalogoisis/Js/Enter.js HTTP/1.1" 200 1208
181.61.216.170 - - [20/Mar/2023:14:39:24 -0500] "GET /catalogoisis/imagenes/br1c1.gif HTTP/1.1" 200 172
181.61.216.170 - - [20/Mar/2023:14:39:24 -0500] "GET /catalogoisis/imagenes/Turnbo1.gif HTTP/1.1" 200 227
181.61.216.170 - - [20/Mar/2023:14:39:24 -0500] "GET /catalogoisis/imagenes/aceptar1.gif HTTP/1.1" 200 604
181.61.216.170 - - [20/Mar/2023:14:39:24 -0500] "GET /catalogoisis/imagenes/br1c3.gif HTTP/1.1" 200 302
181.61.216.170 - - [20/Mar/2023:14:39:24 -0500] "GET /catalogoisis/imagenes/limpiar1.gif HTTP/1.1" 200 606
181.61.216.170 - - [20/Mar/2023:14:39:24 -0500] "GET /catalogoisis/imagenes/Header.gif HTTP/1.1" 200 30313
181.61.216.170 - - [20/Mar/2023:14:39:24 -0500] "GET /catalogoisis/imagenes/br3c1.gif HTTP/1.1" 200 177
181.61.216.170 - - [20/Mar/2023:14:39:24 -0500] "GET /catalogoisis/imagenes/br3c2.gif HTTP/1.1" 200 285
181.61.216.170 - - [20/Mar/2023:14:39:24 -0500] "GET /catalogoisis/imagenes/br3c3.gif HTTP/1.1" 200 186
181.61.216.170 - - [20/Mar/2023:14:39:24 -0500] "GET /catalogoisis/imagenes/br1c2.gif HTTP/1.1" 200 297
181.61.216.170 - - [20/Mar/2023:14:39:24 -0500] "GET /catalogoisis/imagenes/br2c1.gif HTTP/1.1" 200 297
181.61.216.170 - - [20/Mar/2023:14:39:24 -0500] "GET /catalogoisis/imagenes/br2c2.gif HTTP/1.1" 200 302
181.61.216.170 - - [20/Mar/2023:14:39:25 -0500] "GET /catalogoisis/imagenes/br2c3.gif HTTP/1.1" 200 416
181.61.216.170 - - [20/Mar/2023:14:39:25 -0500] "GET /favicon.ico HTTP/1.1" 200 7782
192.168.175.240 - - [20/Mar/2023:14:39:38 -0500] "GET / HTTP/1.1" 200 4720
172.22.2.4 - - [20/Mar/2023:14:40:02 -0500] "GET /BLA/boletinlegal/actos.php HTTP/1.1" 200 9672
172.22.2.4 - - [20/Mar/2023:14:40:02 -0500] "GET /BLA/boletinlegal/js/ajax_actos.js HTTP/1.1" 200 1322
172.22.2.4 - - [20/Mar/2023:14:40:02 -0500] "GET /BLA/boletinlegal/js/lib.js HTTP/1.1" 200 6474
172.22.2.4 - - [20/Mar/2023:14:40:02 -0500] "GET /BLA/boletinlegal/js/popup.js HTTP/1.1" 200 1270
172.22.2.4 - - [20/Mar/2023:14:40:02 -0500] "GET /BLA/boletinlegal/js/jquery1.js HTTP/1.1" 200 29846
172.22.2.4 - - [20/Mar/2023:14:40:02 -0500] "GET /BLA/boletinlegal/images/green-yellow-blue-pink-th.png HTTP/1.1" 200 7394
64.124.8.24 - - [20/Mar/2023:14:40:14 -0500] "GET /catalogoisis/imagenes/br1c1.gif HTTP/1.1" 304 -
64.124.8.24 - - [20/Mar/2023:14:40:16 -0500] "GET /galeria/galeria/fotos/3humedal-Burro3G.jpg HTTP/1.1" 304 -
64.124.8.24 - - [20/Mar/2023:14:40:16 -0500] "GET /BLA/boletinlegal/images/img_3.jpg HTTP/1.1" 304 -
64.124.8.24 - - [20/Mar/2023:14:40:19 -0500] "GET /galeria/galeria/fotos/Humedal-Vaca3G.jpg HTTP/1.1" 304 -
64.124.8.24 - - [20/Mar/2023:14:40:20 -0500] "GET /galeria/galeria/fotos/mirador2P.jpg HTTP/1.1" 304 -
64.124.8.24 - - [20/Mar/2023:14:40:21 -0500] "GET /catalogoisis/imagenes/Header.gif HTTP/1.1" 304 -
172.22.2.4 - - [20/Mar/2023:14:40:26 -0500] "GET /BLA/boletinlegal/consulta_actos.php?tipo=resoluciones&no=&usuario=&sector=&fecha=2021&resuelve= HTTP/1.1" 200 2528107
172.22.2.4 - - [20/Mar/2023:14:40:28 -0500] "GET /BLA/boletinlegal/images/background.gif HTTP/1.1" 200 -
201.245.192.253 - - [20/Mar/2023:14:40:33 -0500] "POST /kwsrmcab/Wsrmcab HTTP/1.1" 200 42614
172.22.2.4 - - [20/Mar/2023:14:40:35 -0500] "GET /BLA/boletinlegal/consulta_actos.php?tipo=resoluciones&no=&usuario=&sector=&fecha=2021&resuelve= HTTP/1.1" 200 2528107
64.124.8.24 - - [20/Mar/2023:14:40:37 -0500] "GET /galeria/nivo-slider/demo/images/bannerconstruccionsostenible.jpg HTTP/1.1" 304 -
201.245.192.253 - - [20/Mar/2023:14:40:36 -0500] "POST /kwsrmcab/Wsrmcab HTTP/1.1" 200 43636
192.168.175.240 - - [20/Mar/2023:14:40:38 -0500] "GET / HTTP/1.1" 200 4720
201.245.192.253 - - [20/Mar/2023:14:41:12 -0500] "POST /kwsrmcab/Wsrmcab  HTTP/1.1" 200 42239
186.155.72.195 - - [20/Mar/2023:14:41:21 -0500] "GET /cooperacion-internacional-postulate-para-la-coordinacion-ambiental-de-proyecto-con-la-union-europea-avantia.html HTTP/1.1" 200 1020
216.245.221.92 - - [20/Mar/2023:14:41:32 -0500] "HEAD / HTTP/1.1" 200 -
192.168.175.240 - - [20/Mar/2023:14:41:38 -0500] "GET / HTTP/1.1" 200 4720
192.168.175.240 - - [20/Mar/2023:14:42:38 -0500] "GET / HTTP/1.1" 200 4720
192.168.175.240 - - [20/Mar/2023:14:43:38 -0500] "GET / HTTP/1.1" 200 4720
172.22.2.4 - - [20/Mar/2023:14:42:08 -0500] "HEAD /BLA/boletinlegal/ HTTP/1.1" 200 -
181.59.3.64 - - [20/Mar/2023:14:44:03 -0500] "GET /mujeres-que-reverdecen-secretaria-de-ambiente-anuncia-el-inicio-de-la-tercera-fase.html HTTP/1.1" 200 954
192.168.175.240 - - [20/Mar/2023:14:44:38 -0500] "GET / HTTP/1.1" 200 4720
172.22.2.4 - - [20/Mar/2023:14:42:58 -0500] "GET /BLA/boletinlegal/ HTTP/1.1" 200 57551
192.168.175.240 - - [20/Mar/2023:14:45:38 -0500] "GET / HTTP/1.1" 200 4720
201.245.192.253 - - [20/Mar/2023:14:46:11 -0500] "POST /kwsrmcab/Wsrmcab  HTTP/1.1" 200 42239
216.245.221.92 - - [20/Mar/2023:14:46:32 -0500] "HEAD / HTTP/1.1" 200 -
192.168.175.240 - - [20/Mar/2023:14:46:38 -0500] "GET / HTTP/1.1" 200 4720
192.168.175.240 - - [20/Mar/2023:14:47:38 -0500] "GET / HTTP/1.1" 200 4720
192.168.175.240 - - [20/Mar/2023:14:48:38 -0500] "GET / HTTP/1.1" 200 4720
179.43.177.242 - - [20/Mar/2023:14:48:46 -0500] "GET /home.asp HTTP/1.1" 404 1018
181.204.226.82 - - [20/Mar/2023:14:49:30 -0500] "POST /sipse/faces/presentacion/financiero/solicitudProceso/consultarSolicitudProceso.xhtml HTTP/1.1" 200 43837
181.204.226.82 - - [20/Mar/2023:14:49:31 -0500] "GET /sipse/faces/javax.faces.resource/jquery/jquery.js?ln=primefaces&v=4.0 HTTP/1.1" 304 -
181.204.226.82 - - [20/Mar/2023:14:49:31 -0500] "GET /sipse/faces/javax.faces.resource/jquery/jquery-plugins.js?ln=primefaces&v=4.0 HTTP/1.1" 304 -
181.204.226.82 - - [20/Mar/2023:14:49:32 -0500] "GET /sipse/faces/javax.faces.resource/primefaces.js?ln=primefaces&v=4.0 HTTP/1.1" 304 -
181.204.226.82 - - [20/Mar/2023:14:49:32 -0500] "GET /sipse/faces/javax.faces.resource/layout/layout.js?ln=primefaces&v=4.0 HTTP/1.1" 304 -
181.204.226.82 - - [20/Mar/2023:14:49:32 -0500] "POST /sipse/faces/presentacion/financiero/solicitudProceso/consultar.xhtml HTTP/1.1" 200 37205
181.204.226.82 - - [20/Mar/2023:14:49:33 -0500] "POST /sipse/faces/presentacion/financiero/solicitudProceso/consultar.xhtml HTTP/1.1" 200 37205
181.204.226.82 - - [20/Mar/2023:14:49:33 -0500] "POST /sipse/faces/presentacion/financiero/solicitudProceso/consultar.xhtml HTTP/1.1" 200 37205
181.204.226.82 - - [20/Mar/2023:14:49:34 -0500] "POST /sipse/faces/presentacion/financiero/solicitudProceso/consultar.xhtml HTTP/1.1" 200 37205
181.204.226.82 - - [20/Mar/2023:14:49:34 -0500] "POST /sipse/faces/presentacion/financiero/solicitudProceso/consultar.xhtml HTTP/1.1" 200 37205
181.204.226.82 - - [20/Mar/2023:14:49:34 -0500] "POST /sipse/faces/presentacion/financiero/solicitudProceso/consultar.xhtml HTTP/1.1" 200 37205
181.204.226.82 - - [20/Mar/2023:14:49:35 -0500] "POST /sipse/faces/presentacion/financiero/solicitudProceso/consultar.xhtml HTTP/1.1" 200 37205
181.204.226.82 - - [20/Mar/2023:14:49:37 -0500] "POST /sipse/faces/presentacion/financiero/solicitudProceso/consultar.xhtml HTTP/1.1" 200 12825
172.22.2.4 - - [20/Mar/2023:14:47:58 -0500] "HEAD /BLA/boletinlegal/ HTTP/1.1" 200 -
192.168.175.240 - - [20/Mar/2023:14:49:38 -0500] "GET / HTTP/1.1" 200 4720
181.204.226.82 - - [20/Mar/2023:14:49:42 -0500] "POST /sipse/faces/presentacion/financiero/solicitudProceso/consultar.xhtml HTTP/1.1" 200 152677
181.204.226.82 - - [20/Mar/2023:14:49:44 -0500] "GET /sipse/faces/javax.faces.resource/jquery/jquery.js?ln=primefaces&v=4.0 HTTP/1.1" 304 -
181.204.226.82 - - [20/Mar/2023:14:49:44 -0500] "GET /sipse/faces/javax.faces.resource/jquery/jquery-plugins.js?ln=primefaces&v=4.0 HTTP/1.1" 304 -
181.204.226.82 - - [20/Mar/2023:14:49:44 -0500] "GET /sipse/faces/javax.faces.resource/primefaces.js?ln=primefaces&v=4.0 HTTP/1.1" 304 -
181.204.226.82 - - [20/Mar/2023:14:49:44 -0500] "GET /sipse/faces/javax.faces.resource/layout/layout.js?ln=primefaces&v=4.0 HTTP/1.1" 304 -
201.244.238.63 - - [20/Mar/2023:14:49:56 -0500] "GET /BLA/resoluciones/AUTOS%202014/0381.pdf HTTP/1.1" 200 899209
181.204.226.82 - - [20/Mar/2023:14:49:59 -0500] "POST /sipse/faces/presentacion/financiero/solicitudProceso/consultarSolicitudProceso.xhtml HTTP/1.1" 200 47627
181.204.226.82 - - [20/Mar/2023:14:50:24 -0500] "POST /sipse/faces/presentacion/financiero/solicitudProceso/consultarSolicitudProceso.xhtml HTTP/1.1" 200 43819
181.204.226.82 - - [20/Mar/2023:14:50:25 -0500] "GET /sipse/faces/javax.faces.resource/jquery/jquery.js?ln=primefaces&v=4.0 HTTP/1.1" 304 -
181.204.226.82 - - [20/Mar/2023:14:50:25 -0500] "GET /sipse/faces/javax.faces.resource/jquery/jquery-plugins.js?ln=primefaces&v=4.0 HTTP/1.1" 304 -
181.204.226.82 - - [20/Mar/2023:14:50:25 -0500] "GET /sipse/faces/javax.faces.resource/primefaces.js?ln=primefaces&v=4.0 HTTP/1.1" 304 -
181.204.226.82 - - [20/Mar/2023:14:50:26 -0500] "GET /sipse/faces/javax.faces.resource/layout/layout.js?ln=primefaces&v=4.0 HTTP/1.1" 304 -
181.204.226.82 - - [20/Mar/2023:14:50:26 -0500] "POST /sipse/faces/presentacion/financiero/solicitudProceso/consultar.xhtml HTTP/1.1" 200 37187
181.204.226.82 - - [20/Mar/2023:14:50:27 -0500] "POST /sipse/faces/presentacion/financiero/solicitudProceso/consultar.xhtml HTTP/1.1" 200 37187
181.204.226.82 - - [20/Mar/2023:14:50:27 -0500] "POST /sipse/faces/presentacion/financiero/solicitudProceso/consultar.xhtml HTTP/1.1" 200 37187
181.204.226.82 - - [20/Mar/2023:14:50:27 -0500] "POST /sipse/faces/presentacion/financiero/solicitudProceso/consultar.xhtml HTTP/1.1" 200 37187
181.204.226.82 - - [20/Mar/2023:14:50:28 -0500] "POST /sipse/faces/presentacion/financiero/solicitudProceso/consultar.xhtml HTTP/1.1" 200 37187
172.22.2.4 - - [20/Mar/2023:14:48:48 -0500] "GET /BLA/boletinlegal/ HTTP/1.1" 200 57551
181.204.226.82 - - [20/Mar/2023:14:50:28 -0500] "POST /sipse/faces/presentacion/financiero/solicitudProceso/consultar.xhtml HTTP/1.1" 200 37187
181.204.226.82 - - [20/Mar/2023:14:50:28 -0500] "POST /sipse/faces/presentacion/financiero/solicitudProceso/consultar.xhtml HTTP/1.1" 200 37187
181.204.226.82 - - [20/Mar/2023:14:50:29 -0500] "POST /sipse/faces/presentacion/financiero/solicitudProceso/consultar.xhtml HTTP/1.1" 200 37187
181.204.226.82 - - [20/Mar/2023:14:50:30 -0500] "POST /sipse/faces/presentacion/financiero/solicitudProceso/consultar.xhtml HTTP/1.1" 200 37187
181.204.226.82 - - [20/Mar/2023:14:50:33 -0500] "POST /sipse/faces/presentacion/financiero/solicitudProceso/consultar.xhtml HTTP/1.1" 200 12927
192.168.175.240 - - [20/Mar/2023:14:50:38 -0500] "GET / HTTP/1.1" 200 4720
181.204.226.82 - - [20/Mar/2023:14:50:45 -0500] "POST /sipse/faces/presentacion/financiero/solicitudProceso/consultar.xhtml HTTP/1.1" 200 2294
181.204.226.82 - - [20/Mar/2023:14:50:48 -0500] "POST /sipse/faces/presentacion/financiero/solicitudProceso/consultar.xhtml HTTP/1.1" 200 10074
181.204.226.82 - - [20/Mar/2023:14:50:51 -0500] "POST /sipse/faces/presentacion/financiero/solicitudProceso/consultar.xhtml HTTP/1.1" 200 4977
181.204.226.82 - - [20/Mar/2023:14:50:51 -0500] "POST /sipse/faces/presentacion/financiero/solicitudProceso/consultar.xhtml HTTP/1.1" 200 12918
181.204.226.82 - - [20/Mar/2023:14:50:54 -0500] "POST /sipse/faces/presentacion/financiero/solicitudProceso/consultar.xhtml HTTP/1.1" 200 150982
181.204.226.82 - - [20/Mar/2023:14:50:56 -0500] "GET /sipse/faces/javax.faces.resource/jquery/jquery.js?ln=primefaces&v=4.0 HTTP/1.1" 304 -
181.204.226.82 - - [20/Mar/2023:14:50:56 -0500] "GET /sipse/faces/javax.faces.resource/jquery/jquery-plugins.js?ln=primefaces&v=4.0 HTTP/1.1" 304 -
181.204.226.82 - - [20/Mar/2023:14:50:56 -0500] "GET /sipse/faces/javax.faces.resource/primefaces.js?ln=primefaces&v=4.0 HTTP/1.1" 304 -
181.204.226.82 - - [20/Mar/2023:14:50:56 -0500] "GET /sipse/faces/javax.faces.resource/layout/layout.js?ln=primefaces&v=4.0 HTTP/1.1" 304 -
181.204.226.82 - - [20/Mar/2023:14:51:09 -0500] "POST /sipse/faces/presentacion/financiero/solicitudProceso/consultarSolicitudProceso.xhtml HTTP/1.1" 200 45459
201.245.192.253 - - [20/Mar/2023:14:51:10 -0500] "POST /kwsrmcab/Wsrmcab  HTTP/1.1" 200 42239
216.245.221.92 - - [20/Mar/2023:14:51:32 -0500] "HEAD / HTTP/1.1" 200 -
192.168.175.240 - - [20/Mar/2023:14:51:38 -0500] "GET / HTTP/1.1" 200 4720
186.84.88.103 - - [20/Mar/2023:14:51:50 -0500] "GET /BLA/boletinlegal/style.css HTTP/1.1" 200 9406
186.84.88.103 - - [20/Mar/2023:14:51:50 -0500] "GET /BLA/boletinlegal/styles2.css HTTP/1.1" 200 1838
186.84.88.103 - - [20/Mar/2023:14:51:50 -0500] "GET /BLA/boletinlegal/js/jquery.scrollTo-min.js HTTP/1.1" 200 1150
186.84.88.103 - - [20/Mar/2023:14:51:50 -0500] "GET /BLA/boletinlegal/js/jquery.scrollShow.js HTTP/1.1" 200 4586
186.84.88.103 - - [20/Mar/2023:14:51:50 -0500] "GET /BLA/boletinlegal/js/jquery.js HTTP/1.1" 200 57254
186.84.88.103 - - [20/Mar/2023:14:51:51 -0500] "GET /BLA/boletinlegal/images/cabezote%20BLEGAL.jpg HTTP/1.1" 200 118164
186.84.88.103 - - [20/Mar/2023:14:51:51 -0500] "GET /BLA/boletinlegal/images/subscribe-icon-big.png HTTP/1.1" 200 47702
186.84.88.103 - - [20/Mar/2023:14:51:51 -0500] "GET /BLA/boletinlegal/images/historia.png HTTP/1.1" 200 52775
186.84.88.103 - - [20/Mar/2023:14:51:51 -0500] "GET /BLA/boletinlegal/images/registro-usuarios.png HTTP/1.1" 200 8106
186.84.88.103 - - [20/Mar/2023:14:51:51 -0500] "GET /BLA/boletinlegal/images/arr_l.jpg HTTP/1.1" 200 1979
186.84.88.103 - - [20/Mar/2023:14:51:51 -0500] "GET /BLA/boletinlegal/images/screen_1.png HTTP/1.1" 200 202547
186.84.88.103 - - [20/Mar/2023:14:51:51 -0500] "GET /BLA/boletinlegal/images/launch.jpg HTTP/1.1" 200 14577
186.84.88.103 - - [20/Mar/2023:14:51:51 -0500] "GET /BLA/boletinlegal/images/body_bg.jpg HTTP/1.1" 200 1601
186.84.88.103 - - [20/Mar/2023:14:51:51 -0500] "GET /BLA/boletinlegal/images/menu_lft.gif HTTP/1.1" 200 1713
186.84.88.103 - - [20/Mar/2023:14:51:51 -0500] "GET /BLA/boletinlegal/images/menu_rght.gif HTTP/1.1" 200 1627
186.84.88.103 - - [20/Mar/2023:14:51:51 -0500] "GET /BLA/boletinlegal/images/bg_top.jpg HTTP/1.1" 200 522
186.84.88.103 - - [20/Mar/2023:14:51:51 -0500] "GET /BLA/boletinlegal/images/menu_bg.jpg HTTP/1.1" 200 620
186.84.88.103 - - [20/Mar/2023:14:51:51 -0500] "GET /BLA/boletinlegal/images/text.jpg HTTP/1.1" 200 568
186.84.88.103 - - [20/Mar/2023:14:51:51 -0500] "GET /BLA/boletinlegal/images/hover.jpg HTTP/1.1" 200 640
201.184.96.253 - - [20/Mar/2023:14:51:53 -0500] "POST /sipse/faces/presentacion/financiero/solicitudProceso/consultarSolicitudProceso.xhtml HTTP/1.1" 200 43864
201.184.96.253 - - [20/Mar/2023:14:51:54 -0500] "GET /sipse/faces/javax.faces.resource/jquery/jquery.js?ln=primefaces&v=4.0 HTTP/1.1" 304 -
201.184.96.253 - - [20/Mar/2023:14:51:54 -0500] "GET /sipse/faces/javax.faces.resource/jquery/jquery-plugins.js?ln=primefaces&v=4.0 HTTP/1.1" 304 -
201.184.96.253 - - [20/Mar/2023:14:51:54 -0500] "GET /sipse/faces/javax.faces.resource/primefaces.js?ln=primefaces&v=4.0 HTTP/1.1" 304 -
201.184.96.253 - - [20/Mar/2023:14:51:54 -0500] "GET /sipse/faces/javax.faces.resource/layout/layout.js?ln=primefaces&v=4.0 HTTP/1.1" 304 -
201.184.96.253 - - [20/Mar/2023:14:51:54 -0500] "POST /sipse/faces/presentacion/financiero/solicitudProceso/consultar.xhtml HTTP/1.1" 200 37232
201.184.96.253 - - [20/Mar/2023:14:51:55 -0500] "POST /sipse/faces/presentacion/financiero/solicitudProceso/consultar.xhtml HTTP/1.1" 200 37232
201.184.96.253 - - [20/Mar/2023:14:51:55 -0500] "POST /sipse/faces/presentacion/financiero/solicitudProceso/consultar.xhtml HTTP/1.1" 200 37232
201.184.96.253 - - [20/Mar/2023:14:51:56 -0500] "POST /sipse/faces/presentacion/financiero/solicitudProceso/consultar.xhtml HTTP/1.1" 200 37232
201.184.96.253 - - [20/Mar/2023:14:51:56 -0500] "POST /sipse/faces/presentacion/financiero/solicitudProceso/consultar.xhtml HTTP/1.1" 200 37232
201.184.96.253 - - [20/Mar/2023:14:51:56 -0500] "POST /sipse/faces/presentacion/financiero/solicitudProceso/consultar.xhtml HTTP/1.1" 200 37232
201.184.96.253 - - [20/Mar/2023:14:51:56 -0500] "POST /sipse/faces/presentacion/financiero/solicitudProceso/consultar.xhtml HTTP/1.1" 200 37232
201.184.96.253 - - [20/Mar/2023:14:51:57 -0500] "POST /sipse/faces/presentacion/financiero/solicitudProceso/consultar.xhtml HTTP/1.1" 200 37232
201.184.96.253 - - [20/Mar/2023:14:51:57 -0500] "POST /sipse/faces/presentacion/financiero/solicitudProceso/consultar.xhtml HTTP/1.1" 200 37232
186.84.88.103 - - [20/Mar/2023:14:51:58 -0500] "GET /BLA/boletinlegal/images/screen_3.png HTTP/1.1" 200 210620
186.84.88.103 - - [20/Mar/2023:14:51:58 -0500] "GET /BLA/boletinlegal/images/screen_5.png HTTP/1.1" 200 368876
186.84.88.103 - - [20/Mar/2023:14:51:58 -0500] "GET /BLA/boletinlegal/images/screen_2.png HTTP/1.1" 200 362502
186.84.88.103 - - [20/Mar/2023:14:51:58 -0500] "GET /BLA/boletinlegal/images/arr_r.jpg HTTP/1.1" 200 1998
186.84.88.103 - - [20/Mar/2023:14:51:58 -0500] "GET /BLA/boletinlegal/images/footer_bg.jpg HTTP/1.1" 200 586
201.184.96.253 - - [20/Mar/2023:14:51:58 -0500] "POST /sipse/faces/presentacion/financiero/solicitudProceso/consultar.xhtml HTTP/1.1" 200 37232
201.184.96.253 - - [20/Mar/2023:14:51:59 -0500] "POST /sipse/faces/presentacion/financiero/solicitudProceso/consultar.xhtml HTTP/1.1" 200 37232
201.184.96.253 - - [20/Mar/2023:14:52:03 -0500] "POST /sipse/faces/presentacion/financiero/solicitudProceso/consultar.xhtml HTTP/1.1" 200 12870
186.84.88.103 - - [20/Mar/2023:14:52:06 -0500] "GET /BLA/boletinlegal/images/pdf.gif HTTP/1.1" 200 567
201.184.96.253 - - [20/Mar/2023:14:52:16 -0500] "POST /sipse/faces/presentacion/financiero/solicitudProceso/consultar.xhtml HTTP/1.1" 200 151005
201.184.96.253 - - [20/Mar/2023:14:52:17 -0500] "GET /sipse/faces/javax.faces.resource/jquery/jquery.js?ln=primefaces&v=4.0 HTTP/1.1" 304 -
201.184.96.253 - - [20/Mar/2023:14:52:17 -0500] "GET /sipse/faces/javax.faces.resource/jquery/jquery-plugins.js?ln=primefaces&v=4.0 HTTP/1.1" 304 -
201.184.96.253 - - [20/Mar/2023:14:52:17 -0500] "GET /sipse/faces/javax.faces.resource/primefaces.js?ln=primefaces&v=4.0 HTTP/1.1" 304 -
201.184.96.253 - - [20/Mar/2023:14:52:17 -0500] "GET /sipse/faces/javax.faces.resource/layout/layout.js?ln=primefaces&v=4.0 HTTP/1.1" 304 -
201.184.96.253 - - [20/Mar/2023:14:52:21 -0500] "POST /sipse/faces/presentacion/financiero/solicitudProceso/consultarSolicitudProceso.xhtml HTTP/1.1" 200 38990
192.168.175.240 - - [20/Mar/2023:14:52:38 -0500] "GET / HTTP/1.1" 200 4720
186.84.88.103 - - [20/Mar/2023:14:51:50 -0500] "GET /BLA/boletinlegal/index.php HTTP/1.1" 200 40907
181.204.226.82 - - [20/Mar/2023:14:53:13 -0500] "POST /sipse/faces/presentacion/financiero/solicitudProceso/consultarSolicitudProceso.xhtml HTTP/1.1" 200 43864
181.204.226.82 - - [20/Mar/2023:14:53:13 -0500] "GET /sipse/faces/javax.faces.resource/jquery/jquery.js?ln=primefaces&v=4.0 HTTP/1.1" 304 -
181.204.226.82 - - [20/Mar/2023:14:53:13 -0500] "GET /sipse/faces/javax.faces.resource/jquery/jquery-plugins.js?ln=primefaces&v=4.0 HTTP/1.1" 304 -
181.204.226.82 - - [20/Mar/2023:14:53:14 -0500] "GET /sipse/faces/javax.faces.resource/primefaces.js?ln=primefaces&v=4.0 HTTP/1.1" 304 -
181.204.226.82 - - [20/Mar/2023:14:53:14 -0500] "GET /sipse/faces/javax.faces.resource/layout/layout.js?ln=primefaces&v=4.0 HTTP/1.1" 304 -
181.204.226.82 - - [20/Mar/2023:14:53:14 -0500] "POST /sipse/faces/presentacion/financiero/solicitudProceso/consultar.xhtml HTTP/1.1" 200 37232
181.204.226.82 - - [20/Mar/2023:14:53:15 -0500] "POST /sipse/faces/presentacion/financiero/solicitudProceso/consultar.xhtml HTTP/1.1" 200 37232
181.204.226.82 - - [20/Mar/2023:14:53:15 -0500] "POST /sipse/faces/presentacion/financiero/solicitudProceso/consultar.xhtml HTTP/1.1" 200 37232
181.204.226.82 - - [20/Mar/2023:14:53:16 -0500] "POST /sipse/faces/presentacion/financiero/solicitudProceso/consultar.xhtml HTTP/1.1" 200 37232
181.204.226.82 - - [20/Mar/2023:14:53:16 -0500] "POST /sipse/faces/presentacion/financiero/solicitudProceso/consultar.xhtml HTTP/1.1" 200 37232
181.204.226.82 - - [20/Mar/2023:14:53:17 -0500] "POST /sipse/faces/presentacion/financiero/solicitudProceso/consultar.xhtml HTTP/1.1" 200 37232
181.204.226.82 - - [20/Mar/2023:14:53:17 -0500] "POST /sipse/faces/presentacion/financiero/solicitudProceso/consultar.xhtml HTTP/1.1" 200 37232
181.204.226.82 - - [20/Mar/2023:14:53:18 -0500] "POST /sipse/faces/presentacion/financiero/solicitudProceso/consultar.xhtml HTTP/1.1" 200 37232
181.204.226.82 - - [20/Mar/2023:14:53:18 -0500] "POST /sipse/faces/presentacion/financiero/solicitudProceso/consultar.xhtml HTTP/1.1" 200 37232
181.204.226.82 - - [20/Mar/2023:14:53:18 -0500] "POST /sipse/faces/presentacion/financiero/solicitudProceso/consultar.xhtml HTTP/1.1" 200 37232
181.204.226.82 - - [20/Mar/2023:14:53:19 -0500] "POST /sipse/faces/presentacion/financiero/solicitudProceso/consultar.xhtml HTTP/1.1" 200 37232
181.204.226.82 - - [20/Mar/2023:14:53:19 -0500] "POST /sipse/faces/presentacion/financiero/solicitudProceso/consultar.xhtml HTTP/1.1" 200 37232
181.204.226.82 - - [20/Mar/2023:14:53:20 -0500] "POST /sipse/faces/presentacion/financiero/solicitudProceso/consultar.xhtml HTTP/1.1" 200 37232
181.204.226.82 - - [20/Mar/2023:14:53:23 -0500] "POST /sipse/faces/presentacion/financiero/solicitudProceso/consultar.xhtml HTTP/1.1" 200 12870
181.204.226.82 - - [20/Mar/2023:14:53:26 -0500] "POST /sipse/faces/presentacion/financiero/solicitudProceso/consultar.xhtml HTTP/1.1" 200 151003
181.204.226.82 - - [20/Mar/2023:14:53:27 -0500] "GET /sipse/faces/javax.faces.resource/jquery/jquery.js?ln=primefaces&v=4.0 HTTP/1.1" 304 -
181.204.226.82 - - [20/Mar/2023:14:53:28 -0500] "GET /sipse/faces/javax.faces.resource/jquery/jquery-plugins.js?ln=primefaces&v=4.0 HTTP/1.1" 304 -
181.204.226.82 - - [20/Mar/2023:14:53:28 -0500] "GET /sipse/faces/javax.faces.resource/primefaces.js?ln=primefaces&v=4.0 HTTP/1.1" 304 -
181.204.226.82 - - [20/Mar/2023:14:53:28 -0500] "GET /sipse/faces/javax.faces.resource/layout/layout.js?ln=primefaces&v=4.0 HTTP/1.1" 304 -
181.204.226.82 - - [20/Mar/2023:14:53:33 -0500] "POST /sipse/faces/presentacion/financiero/solicitudProceso/consultarSolicitudProceso.xhtml HTTP/1.1" 200 43924
192.168.175.240 - - [20/Mar/2023:14:53:38 -0500] "GET / HTTP/1.1" 200 4720
181.204.226.82 - - [20/Mar/2023:14:54:37 -0500] "POST /sipse/faces/presentacion/financiero/solicitudProceso/consultarSolicitudProceso.xhtml HTTP/1.1" 200 43864
181.204.226.82 - - [20/Mar/2023:14:54:38 -0500] "GET /sipse/faces/javax.faces.resource/jquery/jquery.js?ln=primefaces&v=4.0 HTTP/1.1" 304 -
181.204.226.82 - - [20/Mar/2023:14:54:38 -0500] "GET /sipse/faces/javax.faces.resource/jquery/jquery-plugins.js?ln=primefaces&v=4.0 HTTP/1.1" 304 -
181.204.226.82 - - [20/Mar/2023:14:54:38 -0500] "GET /sipse/faces/javax.faces.resource/primefaces.js?ln=primefaces&v=4.0 HTTP/1.1" 304 -
181.204.226.82 - - [20/Mar/2023:14:54:38 -0500] "GET /sipse/faces/javax.faces.resource/layout/layout.js?ln=primefaces&v=4.0 HTTP/1.1" 304 -
192.168.175.240 - - [20/Mar/2023:14:54:38 -0500] "GET / HTTP/1.1" 200 4720
181.204.226.82 - - [20/Mar/2023:14:54:38 -0500] "POST /sipse/faces/presentacion/financiero/solicitudProceso/consultar.xhtml HTTP/1.1" 200 37232
181.204.226.82 - - [20/Mar/2023:14:54:39 -0500] "POST /sipse/faces/presentacion/financiero/solicitudProceso/consultar.xhtml HTTP/1.1" 200 37232
181.204.226.82 - - [20/Mar/2023:14:54:39 -0500] "POST /sipse/faces/presentacion/financiero/solicitudProceso/consultar.xhtml HTTP/1.1" 200 37232
181.204.226.82 - - [20/Mar/2023:14:54:40 -0500] "POST /sipse/faces/presentacion/financiero/solicitudProceso/consultar.xhtml HTTP/1.1" 200 37232
181.204.226.82 - - [20/Mar/2023:14:54:41 -0500] "POST /sipse/faces/presentacion/financiero/solicitudProceso/consultar.xhtml HTTP/1.1" 200 37232
181.204.226.82 - - [20/Mar/2023:14:54:41 -0500] "POST /sipse/faces/presentacion/financiero/solicitudProceso/consultar.xhtml HTTP/1.1" 200 37232
181.204.226.82 - - [20/Mar/2023:14:54:41 -0500] "POST /sipse/faces/presentacion/financiero/solicitudProceso/consultar.xhtml HTTP/1.1" 200 37232
181.204.226.82 - - [20/Mar/2023:14:54:42 -0500] "POST /sipse/faces/presentacion/financiero/solicitudProceso/consultar.xhtml HTTP/1.1" 200 37232
181.204.226.82 - - [20/Mar/2023:14:54:42 -0500] "POST /sipse/faces/presentacion/financiero/solicitudProceso/consultar.xhtml HTTP/1.1" 200 37232
181.204.226.82 - - [20/Mar/2023:14:54:43 -0500] "POST /sipse/faces/presentacion/financiero/solicitudProceso/consultar.xhtml HTTP/1.1" 200 37232
181.204.226.82 - - [20/Mar/2023:14:54:43 -0500] "POST /sipse/faces/presentacion/financiero/solicitudProceso/consultar.xhtml HTTP/1.1" 200 37232
181.204.226.82 - - [20/Mar/2023:14:54:43 -0500] "POST /sipse/faces/presentacion/financiero/solicitudProceso/consultar.xhtml HTTP/1.1" 200 37232
181.204.226.82 - - [20/Mar/2023:14:54:44 -0500] "POST /sipse/faces/presentacion/financiero/solicitudProceso/consultar.xhtml HTTP/1.1" 200 37232
181.204.226.82 - - [20/Mar/2023:14:54:44 -0500] "POST /sipse/faces/presentacion/financiero/solicitudProceso/consultar.xhtml HTTP/1.1" 200 37232
181.204.226.82 - - [20/Mar/2023:14:54:47 -0500] "POST /sipse/faces/presentacion/financiero/solicitudProceso/consultar.xhtml HTTP/1.1" 200 37232
172.22.2.4 - - [20/Mar/2023:14:53:48 -0500] "HEAD /BLA/boletinlegal/ HTTP/1.1" 200 -
192.168.175.240 - - [20/Mar/2023:14:55:38 -0500] "GET / HTTP/1.1" 200 4720
201.245.192.253 - - [20/Mar/2023:14:56:14 -0500] "POST /kwsrmcab/Wsrmcab  HTTP/1.1" 200 42239
172.22.2.4 - - [20/Mar/2023:14:54:38 -0500] "GET /BLA/boletinlegal/ HTTP/1.1" 200 56744
216.245.221.92 - - [20/Mar/2023:14:56:32 -0500] "HEAD / HTTP/1.1" 200 -
192.168.175.240 - - [20/Mar/2023:14:56:38 -0500] "GET / HTTP/1.1" 200 4720
192.168.175.240 - - [20/Mar/2023:14:57:38 -0500] "GET / HTTP/1.1" 200 4720
199.16.157.181 - - [20/Mar/2023:14:58:13 -0500] "GET /images/1%20de%20febrer%20Operativo%20hornos.jpg HTTP/1.1" 200 69569
201.244.238.63 - - [20/Mar/2023:14:58:33 -0500] "GET /BLA/resoluciones/AUTOS%202014/0078.pdf HTTP/1.1" 200 939949
173.252.79.8 - - [20/Mar/2023:14:58:36 -0500] "GET /images/IMG_3028%20(1).jpg HTTP/1.1" 200 435206
192.168.175.240 - - [20/Mar/2023:14:58:38 -0500] "GET / HTTP/1.1" 200 4720
52.167.144.71 - - [20/Mar/2023:14:59:18 -0500] "GET /sipse/faces/autenticacion.xhtml HTTP/1.1" 200 12488
192.168.175.240 - - [20/Mar/2023:14:59:38 -0500] "GET / HTTP/1.1" 200 4720
192.168.175.240 - - [20/Mar/2023:15:00:38 -0500] "GET / HTTP/1.1" 200 4720
201.245.192.253 - - [20/Mar/2023:15:01:12 -0500] "POST /kwsrmcab/Wsrmcab  HTTP/1.1" 200 42239
172.22.2.4 - - [20/Mar/2023:14:59:38 -0500] "HEAD /BLA/boletinlegal/ HTTP/1.1" 200 -
216.245.221.92 - - [20/Mar/2023:15:01:32 -0500] "HEAD / HTTP/1.1" 200 -
192.168.175.240 - - [20/Mar/2023:15:01:38 -0500] "GET / HTTP/1.1" 200 4720
172.22.2.4 - - [20/Mar/2023:15:00:28 -0500] "GET /BLA/boletinlegal/ HTTP/1.1" 200 52720
192.168.175.240 - - [20/Mar/2023:15:02:38 -0500] "GET / HTTP/1.1" 200 4720
181.61.206.17 - - [20/Mar/2023:15:02:58 -0500] "GET /mujeres-que-reverdecen-secretaria-de-ambiente-anuncia-el-inicio-de-la-tercera-fase.html HTTP/1.1" 200 954
192.168.175.240 - - [20/Mar/2023:15:03:38 -0500] "GET / HTTP/1.1" 200 4720
172.22.2.4 - - [20/Mar/2023:15:04:19 -0500] "GET /BLA/boletinlegal/Circulares/2011/Circular%20No.%202%20del%2031%20de%20Mayo%20de%202011.pdf HTTP/1.1" 200 496778
172.22.2.4 - - [20/Mar/2023:15:04:20 -0500] "GET /BLA/boletinlegal/favicon.ico HTTP/1.1" 404 1486
192.168.175.240 - - [20/Mar/2023:15:04:38 -0500] "GET / HTTP/1.1" 200 4720
52.167.144.149 - - [20/Mar/2023:15:05:01 -0500] "GET /BLA/resoluciones/AUTOS%202018/5847.pdf HTTP/1.1" 200 363983
192.168.175.240 - - [20/Mar/2023:15:05:38 -0500] "GET / HTTP/1.1" 200 4720
201.245.192.253 - - [20/Mar/2023:15:06:09 -0500] "POST /kwsrmcab/Wsrmcab  HTTP/1.1" 200 42239
216.245.221.92 - - [20/Mar/2023:15:06:32 -0500] "HEAD / HTTP/1.1" 200 -
192.168.175.240 - - [20/Mar/2023:15:06:38 -0500] "GET / HTTP/1.1" 200 4720
172.22.2.4 - - [20/Mar/2023:15:05:28 -0500] "HEAD /BLA/boletinlegal/ HTTP/1.1" 200 -
192.168.175.240 - - [20/Mar/2023:15:07:38 -0500] "GET / HTTP/1.1" 200 4720
172.22.2.4 - - [20/Mar/2023:15:06:18 -0500] "GET /BLA/boletinlegal/ HTTP/1.1" 200 55924
181.61.206.17 - - [20/Mar/2023:15:08:07 -0500] "GET /cooperacion-internacional-postulate-para-la-coordinacion-ambiental-de-proyecto-con-la-union-europea-avantia.html HTTP/1.1" 200 1020
181.50.63.78 - - [20/Mar/2023:15:08:34 -0500] "GET /galeria/galeria/jquery.fancybox.css?v=2.1.5 HTTP/1.1" 200 4895
181.50.63.78 - - [20/Mar/2023:15:08:34 -0500] "GET /BLA/boletinlegal/js/jquery.scrollShow.js HTTP/1.1" 200 4586
181.50.63.78 - - [20/Mar/2023:15:08:34 -0500] "GET /galeria/galeria/jquery.fancybox.js?v=2.1.5 HTTP/1.1" 200 48706
192.168.175.240 - - [20/Mar/2023:15:08:38 -0500] "GET / HTTP/1.1" 200 4720
152.203.141.122 - - [20/Mar/2023:15:08:48 -0500] "GET /BLA/resoluciones/ HTTP/1.1" 200 13502
152.203.141.122 - - [20/Mar/2023:15:08:49 -0500] "GET /BLA/resoluciones/index.php?dir=AUTOS+2018%2F HTTP/1.1" 200 448826
152.203.141.122 - - [20/Mar/2023:15:08:55 -0500] "GET /BLA/resoluciones/AUTOS%202018/1177.pdf HTTP/1.1" 200 775859
192.168.175.240 - - [20/Mar/2023:15:09:38 -0500] "GET / HTTP/1.1" 200 4720
192.168.175.240 - - [20/Mar/2023:15:10:38 -0500] "GET / HTTP/1.1" 200 4720
201.245.192.253 - - [20/Mar/2023:15:11:06 -0500] "POST /kwsrmcab/Wsrmcab  HTTP/1.1" 200 42239
216.245.221.92 - - [20/Mar/2023:15:11:32 -0500] "HEAD / HTTP/1.1" 200 -
192.168.175.240 - - [20/Mar/2023:15:11:38 -0500] "GET / HTTP/1.1" 200 4720
52.167.144.149 - - [20/Mar/2023:15:12:21 -0500] "GET /BLA/resoluciones/ HTTP/1.1" 200 13502
52.167.144.71 - - [20/Mar/2023:15:12:37 -0500] "GET /BLA/resoluciones/dlf/styles.css HTTP/1.1" 200 3049
192.168.175.240 - - [20/Mar/2023:15:12:38 -0500] "GET / HTTP/1.1" 200 4720
181.59.2.228 - - [20/Mar/2023:15:12:54 -0500] "GET /images/jardines-verticales_optimized.jpeg HTTP/1.1" 200 138197
172.22.2.4 - - [20/Mar/2023:15:11:18 -0500] "HEAD /BLA/boletinlegal/ HTTP/1.1" 200 -
192.168.175.240 - - [20/Mar/2023:15:13:38 -0500] "GET / HTTP/1.1" 200 4720
172.22.2.4 - - [20/Mar/2023:15:12:08 -0500] "GET /BLA/boletinlegal/ HTTP/1.1" 200 50654
172.22.2.4 - - [20/Mar/2023:15:12:46 -0500] "GET /BLA/boletinlegal/ HTTP/1.1" 200 57935
192.168.175.240 - - [20/Mar/2023:15:14:38 -0500] "GET / HTTP/1.1" 200 4720
31.13.115.120 - - [20/Mar/2023:15:15:17 -0500] "GET /images/Puntos%20calientes%2024%20de%20febrero.jpeg HTTP/1.1" 200 42626
192.168.175.240 - - [20/Mar/2023:15:15:38 -0500] "GET / HTTP/1.1" 200 4720
201.245.192.253 - - [20/Mar/2023:15:16:03 -0500] "POST /kwsrmcab/Wsrmcab  HTTP/1.1" 200 42239
172.22.2.4 - - [20/Mar/2023:15:15:41 -0500] "OPTIONS /BLA/boletinlegal/ HTTP/1.1" 200 36811
216.245.221.92 - - [20/Mar/2023:15:16:32 -0500] "HEAD / HTTP/1.1" 200 -
192.168.175.240 - - [20/Mar/2023:15:16:38 -0500] "GET / HTTP/1.1" 200 4720
186.28.153.59 - - [20/Mar/2023:15:16:45 -0500] "GET /%C3%82%C2%BFquieres-aprender-sobre-jardines-verticales-esta-es-tu-oportunidad.html HTTP/1.1" 200 925
192.168.175.240 - - [20/Mar/2023:15:17:38 -0500] "GET / HTTP/1.1" 200 4720
35.204.218.129 - - [20/Mar/2023:15:18:11 -0500] "GET /inventario-de-emisiones-2020-transporte-publico-sitp-redujo-emisiones-de-pm-2-5-en-un-37.html HTTP/1.1" 200 925
192.168.175.240 - - [20/Mar/2023:15:18:38 -0500] "GET / HTTP/1.1" 200 4720
172.22.2.4 - - [20/Mar/2023:15:17:08 -0500] "HEAD /BLA/boletinlegal/ HTTP/1.1" 200 -
192.168.175.240 - - [20/Mar/2023:15:19:38 -0500] "GET / HTTP/1.1" 200 4720
172.22.2.4 - - [20/Mar/2023:15:17:58 -0500] "GET /BLA/boletinlegal/ HTTP/1.1" 200 52316
172.22.2.4 - - [20/Mar/2023:15:20:26 -0500] "GET /BLA/boletinlegal/actos.php HTTP/1.1" 200 9672
201.245.192.253 - - [20/Mar/2023:15:20:32 -0500] "POST /kwsrmcab/Wsrmcab HTTP/1.1" 200 42759
201.245.192.253 - - [20/Mar/2023:15:20:35 -0500] "POST /kwsrmcab/Wsrmcab HTTP/1.1" 200 43501
192.168.175.240 - - [20/Mar/2023:15:20:38 -0500] "GET / HTTP/1.1" 200 4720
64.227.27.193 - - [20/Mar/2023:15:20:42 -0500] "\x16\x03\x01" 400 226
64.227.27.193 - - [20/Mar/2023:15:20:42 -0500] "\x16\x03\x01" 400 226
64.227.27.193 - - [20/Mar/2023:15:20:42 -0500] "GET / HTTP/1.1" 200 319
64.227.27.193 - - [20/Mar/2023:15:20:43 -0500] "GET /client/get_targets HTTP/1.1" 404 1018
64.227.27.193 - - [20/Mar/2023:15:20:43 -0500] "GET /upl.php HTTP/1.1" 404 1018
66.249.70.180 - - [20/Mar/2023:15:20:59 -0500] "GET /favicon.ico HTTP/1.1" 404 1034
186.29.180.126 - - [20/Mar/2023:15:20:59 -0500] "GET /BLA/resoluciones/ HTTP/1.1" 200 13502
201.245.192.253 - - [20/Mar/2023:15:21:01 -0500] "POST /kwsrmcab/Wsrmcab  HTTP/1.1" 200 42239
186.29.180.126 - - [20/Mar/2023:15:21:06 -0500] "GET /BLA/resoluciones/index.php?dir=RESOLUCIONES+2016%2F HTTP/1.1" 200 171136
186.29.180.126 - - [20/Mar/2023:15:21:31 -0500] "GET /BLA/resoluciones/index.php?dir=RESOLUCIONES+2016%2F HTTP/1.1" 200 171136
216.245.221.92 - - [20/Mar/2023:15:21:31 -0500] "HEAD / HTTP/1.1" 200 -
192.168.175.240 - - [20/Mar/2023:15:21:38 -0500] "GET / HTTP/1.1" 200 4720
35.204.51.63 - - [20/Mar/2023:15:21:44 -0500] "GET /inventario-de-emisiones-2020-transporte-publico-sitp-redujo-emisiones-de-pm-2-5-en-un-37.html HTTP/1.1" 200 925
34.91.41.0 - - [20/Mar/2023:15:21:44 -0500] "GET /inventario-de-emisiones-2020-transporte-publico-sitp-redujo-emisiones-de-pm-2-5-en-un-37.html HTTP/1.1" 200 925
34.91.131.134 - - [20/Mar/2023:15:22:17 -0500] "GET /inventario-de-emisiones-2020-transporte-publico-sitp-redujo-emisiones-de-pm-2-5-en-un-37.html HTTP/1.1" 200 925
192.168.175.240 - - [20/Mar/2023:15:22:38 -0500] "GET / HTTP/1.1" 200 4720
192.168.175.240 - - [20/Mar/2023:15:23:38 -0500] "GET / HTTP/1.1" 200 4720
201.244.253.100 - - [20/Mar/2023:15:23:55 -0500] "GET /%C3%82%C2%BFquieres-aprender-sobre-jardines-verticales-esta-es-tu-oportunidad.html HTTP/1.1" 200 925
172.22.2.4 - - [20/Mar/2023:15:22:58 -0500] "HEAD /BLA/boletinlegal/ HTTP/1.1" 200 -
192.168.175.240 - - [20/Mar/2023:15:24:38 -0500] "GET / HTTP/1.1" 200 4720
104.47.57.126 - - [20/Mar/2023:15:25:01 -0500] "HEAD /%C3%82%C2%BFquieres-aprender-sobre-jardines-verticales-esta-es-tu-oportunidad.html HTTP/1.1" 200 -
181.53.14.154 - - [20/Mar/2023:15:25:02 -0500] "GET /%C3%82%C2%BFquieres-aprender-sobre-jardines-verticales-esta-es-tu-oportunidad.html HTTP/1.1" 200 925
34.91.131.134 - - [20/Mar/2023:15:25:10 -0500] "GET /inventario-de-emisiones-2020-transporte-publico-sitp-redujo-emisiones-de-pm-2-5-en-un-37.html HTTP/1.1" 200 925
40.94.25.25 - - [20/Mar/2023:15:25:14 -0500] "GET /%C3%82%C2%BFquieres-aprender-sobre-jardines-verticales-esta-es-tu-oportunidad.html HTTP/1.1" 200 925
172.22.2.4 - - [20/Mar/2023:15:23:48 -0500] "GET /BLA/boletinlegal/ HTTP/1.1" 200 59296
192.168.175.240 - - [20/Mar/2023:15:25:38 -0500] "GET / HTTP/1.1" 200 4720
201.245.192.253 - - [20/Mar/2023:15:25:59 -0500] "POST /kwsrmcab/Wsrmcab  HTTP/1.1" 200 42239
201.244.238.63 - - [20/Mar/2023:15:26:12 -0500] "GET /BLA/resoluciones/AUTOS%202014/1877.pdf HTTP/1.1" 200 414747
216.245.221.92 - - [20/Mar/2023:15:26:31 -0500] "HEAD / HTTP/1.1" 200 -
192.168.175.240 - - [20/Mar/2023:15:26:38 -0500] "GET / HTTP/1.1" 200 4720
104.47.57.126 - - [20/Mar/2023:15:26:55 -0500] "HEAD /%C3%82%C2%BFquieres-aprender-sobre-jardines-verticales-esta-es-tu-oportunidad.html HTTP/1.1" 200 -
181.53.13.68 - - [20/Mar/2023:15:26:59 -0500] "GET /%C3%82%C2%BFquieres-aprender-sobre-jardines-verticales-esta-es-tu-oportunidad.html HTTP/1.1" 200 925
192.168.175.240 - - [20/Mar/2023:15:27:38 -0500] "GET / HTTP/1.1" 200 4720
34.147.123.254 - - [20/Mar/2023:15:28:26 -0500] "GET /inventario-de-emisiones-2020-transporte-publico-sitp-redujo-emisiones-de-pm-2-5-en-un-37.html HTTP/1.1" 200 925
192.168.175.240 - - [20/Mar/2023:15:28:38 -0500] "GET / HTTP/1.1" 200 4720
192.168.175.240 - - [20/Mar/2023:15:29:38 -0500] "GET / HTTP/1.1" 200 4720
34.90.24.60 - - [20/Mar/2023:15:29:49 -0500] "GET /inventario-de-emisiones-2020-transporte-publico-sitp-redujo-emisiones-de-pm-2-5-en-un-37.html HTTP/1.1" 200 925
172.22.2.4 - - [20/Mar/2023:15:28:48 -0500] "HEAD /BLA/boletinlegal/ HTTP/1.1" 200 -
201.245.192.253 - - [20/Mar/2023:15:30:32 -0500] "POST /kwsrmcab/Wsrmcab HTTP/1.1" 200 42759
201.245.192.253 - - [20/Mar/2023:15:30:35 -0500] "POST /kwsrmcab/Wsrmcab HTTP/1.1" 200 43501
192.168.175.240 - - [20/Mar/2023:15:30:38 -0500] "GET / HTTP/1.1" 200 4720
66.249.70.180 - - [20/Mar/2023:15:30:39 -0500] "GET /palmas-silvestres-secretaria-de-ambiente-inicia-campana-de-proteccion.html HTTP/1.1" 200 851
201.245.192.253 - - [20/Mar/2023:15:30:57 -0500] "POST /kwsrmcab/Wsrmcab  HTTP/1.1" 200 42239
172.22.2.4 - - [20/Mar/2023:15:29:38 -0500] "GET /BLA/boletinlegal/ HTTP/1.1" 200 53551
216.245.221.92 - - [20/Mar/2023:15:31:31 -0500] "HEAD / HTTP/1.1" 200 -
34.90.32.60 - - [20/Mar/2023:15:31:32 -0500] "GET /inventario-de-emisiones-2020-transporte-publico-sitp-redujo-emisiones-de-pm-2-5-en-un-37.html HTTP/1.1" 200 925
192.168.175.240 - - [20/Mar/2023:15:31:38 -0500] "GET / HTTP/1.1" 200 4720
34.141.171.67 - - [20/Mar/2023:15:32:05 -0500] "GET /inventario-de-emisiones-2020-transporte-publico-sitp-redujo-emisiones-de-pm-2-5-en-un-37.html HTTP/1.1" 200 925
34.91.217.223 - - [20/Mar/2023:15:32:19 -0500] "GET /inventario-de-emisiones-2020-transporte-publico-sitp-redujo-emisiones-de-pm-2-5-en-un-37.html HTTP/1.1" 200 925
192.168.175.240 - - [20/Mar/2023:15:32:38 -0500] "GET / HTTP/1.1" 200 4720
34.147.123.254 - - [20/Mar/2023:15:33:02 -0500] "GET /inventario-de-emisiones-2020-transporte-publico-sitp-redujo-emisiones-de-pm-2-5-en-un-37.html HTTP/1.1" 200 925
172.22.2.4 - - [20/Mar/2023:15:33:30 -0500] "GET /BLA/boletinlegal/actos.php HTTP/1.1" 200 9672
192.168.175.240 - - [20/Mar/2023:15:33:38 -0500] "GET / HTTP/1.1" 200 4720
192.168.175.240 - - [20/Mar/2023:15:34:38 -0500] "GET / HTTP/1.1" 200 4720
172.22.2.4 - - [20/Mar/2023:15:33:15 -0500] "GET /BLA/boletinlegal/ HTTP/1.1" 200 60876
192.168.175.240 - - [20/Mar/2023:15:35:38 -0500] "GET / HTTP/1.1" 200 4720
201.245.192.253 - - [20/Mar/2023:15:35:56 -0500] "POST /kwsrmcab/Wsrmcab  HTTP/1.1" 200 42239
172.22.2.4 - - [20/Mar/2023:15:34:38 -0500] "HEAD /BLA/boletinlegal/ HTTP/1.1" 200 -
191.95.59.83 - - [20/Mar/2023:15:36:25 -0500] "-" 408 -
191.95.59.83 - - [20/Mar/2023:15:36:25 -0500] "-" 408 -
216.245.221.92 - - [20/Mar/2023:15:36:31 -0500] "HEAD / HTTP/1.1" 200 -
192.168.175.240 - - [20/Mar/2023:15:36:38 -0500] "GET / HTTP/1.1" 200 4720
181.59.2.56 - - [20/Mar/2023:15:36:58 -0500] "-" 408 -
181.59.2.56 - - [20/Mar/2023:15:36:58 -0500] "-" 408 -
172.22.2.4 - - [20/Mar/2023:15:35:28 -0500] "GET /BLA/boletinlegal/ HTTP/1.1" 200 53914
172.22.2.4 - - [20/Mar/2023:15:37:10 -0500] "GET /BLA/boletinlegal/Circulares/2019/.pdf HTTP/1.1" 404 1218
172.22.2.4 - - [20/Mar/2023:15:37:18 -0500] "GET /BLA/boletinlegal/Circulares/2012/Circular%20No.%2010%20del%2026%20de%20Enero%20de%202012.pdf HTTP/1.1" 404 1218
192.168.175.240 - - [20/Mar/2023:15:37:38 -0500] "GET / HTTP/1.1" 200 4720
186.84.90.181 - - [20/Mar/2023:15:37:44 -0500] "GET /mujeres-que-reverdecen-secretaria-de-ambiente-anuncia-el-inicio-de-la-tercera-fase.html HTTP/1.1" 200 954
190.121.236.68 - - [20/Mar/2023:15:38:19 -0500] "GET /BLA/boletinlegal/js/jquery.scrollShow.js HTTP/1.1" 200 4586
190.121.236.68 - - [20/Mar/2023:15:38:19 -0500] "GET /galeria/galeria/jquery.fancybox.js?v=2.1.5 HTTP/1.1" 200 48706
190.121.236.68 - - [20/Mar/2023:15:38:19 -0500] "GET /galeria/galeria/jquery.fancybox.css?v=2.1.5 HTTP/1.1" 200 4895
192.168.175.240 - - [20/Mar/2023:15:38:38 -0500] "GET / HTTP/1.1" 200 4720
186.28.77.200 - - [20/Mar/2023:15:38:52 -0500] "GET /mujeres-que-reverdecen-secretaria-de-ambiente-anuncia-el-inicio-de-la-tercera-fase.html HTTP/1.1" 200 954
192.168.175.240 - - [20/Mar/2023:15:39:38 -0500] "GET / HTTP/1.1" 200 4720
201.245.192.253 - - [20/Mar/2023:15:40:33 -0500] "POST /kwsrmcab/Wsrmcab HTTP/1.1" 200 42759
201.245.192.253 - - [20/Mar/2023:15:40:36 -0500] "POST /kwsrmcab/Wsrmcab HTTP/1.1" 200 43501
192.168.175.240 - - [20/Mar/2023:15:40:38 -0500] "GET / HTTP/1.1" 200 4720
191.156.53.136 - - [20/Mar/2023:15:40:52 -0500] "GET /mujeres-que-reverdecen-secretaria-de-ambiente-anuncia-el-inicio-de-la-tercera-fase.html HTTP/1.1" 200 954
201.245.192.253 - - [20/Mar/2023:15:40:55 -0500] "POST /kwsrmcab/Wsrmcab  HTTP/1.1" 200 42239
186.84.90.19 - - [20/Mar/2023:15:41:31 -0500] "GET / HTTP/1.1" 200 4720
216.245.221.92 - - [20/Mar/2023:15:41:31 -0500] "HEAD / HTTP/1.1" 200 -
69.171.230.5 - - [20/Mar/2023:15:41:31 -0500] "GET /images/Puntos%20calientes%2024%20de%20febrero.jpeg HTTP/1.1" 200 42626
186.84.90.19 - - [20/Mar/2023:15:41:32 -0500] "GET /css/style.css HTTP/1.1" 200 3473
186.84.90.19 - - [20/Mar/2023:15:41:32 -0500] "GET /fonts/icomoon/style.css HTTP/1.1" 200 79820
186.84.90.19 - - [20/Mar/2023:15:41:32 -0500] "GET /css/bootstrap.min.css HTTP/1.1" 200 178212
186.84.90.19 - - [20/Mar/2023:15:41:33 -0500] "GET /js/url.js HTTP/1.1" 404 1294
192.168.175.240 - - [20/Mar/2023:15:41:38 -0500] "GET / HTTP/1.1" 200 4720
172.22.2.4 - - [20/Mar/2023:15:40:28 -0500] "HEAD /BLA/boletinlegal/ HTTP/1.1" 200 -
192.168.175.240 - - [20/Mar/2023:15:42:38 -0500] "GET / HTTP/1.1" 200 4720
186.84.90.19 - - [20/Mar/2023:15:42:43 -0500] "GET /%C3%82%C2%BFquieres-aprender-sobre-jardines-verticales-esta-es-tu-oportunidad.html HTTP/1.1" 200 925
52.167.144.149 - - [20/Mar/2023:15:42:45 -0500] "GET /bla/resoluciones/resoluciones%202021/0506.pdf HTTP/1.1" 200 352855
172.22.2.4 - - [20/Mar/2023:15:41:18 -0500] "GET /BLA/boletinlegal/ HTTP/1.1" 200 57141
186.84.90.19 - - [20/Mar/2023:15:43:15 -0500] "GET /favicon.ico HTTP/1.1" 404 1294
192.168.175.240 - - [20/Mar/2023:15:43:38 -0500] "GET / HTTP/1.1" 200 4720
192.168.175.240 - - [20/Mar/2023:15:44:38 -0500] "GET / HTTP/1.1" 200 4720
192.168.175.240 - - [20/Mar/2023:15:45:38 -0500] "GET / HTTP/1.1" 200 4720
201.245.192.253 - - [20/Mar/2023:15:45:54 -0500] "POST /kwsrmcab/Wsrmcab  HTTP/1.1" 200 42239
216.245.221.92 - - [20/Mar/2023:15:46:31 -0500] "HEAD / HTTP/1.1" 200 -
192.168.175.240 - - [20/Mar/2023:15:46:38 -0500] "GET / HTTP/1.1" 200 4720
192.168.175.240 - - [20/Mar/2023:15:47:38 -0500] "GET / HTTP/1.1" 200 4720
201.244.235.74 - - [20/Mar/2023:15:47:48 -0500] "GET /sipse/faces/index.xhtml HTTP/1.1" 200 677
201.244.235.74 - - [20/Mar/2023:15:47:48 -0500] "GET /sipse/faces/javax.faces.resource/theme.css?ln=primefaces-sipse HTTP/1.1" 304 -
201.244.235.74 - - [20/Mar/2023:15:47:48 -0500] "GET /sipse/faces/faces/autenticacion.xhtml HTTP/1.1" 200 12166
201.244.235.74 - - [20/Mar/2023:15:47:49 -0500] "GET /sipse/faces/javax.faces.resource/theme.css?ln=primefaces-sipse HTTP/1.1" 304 -
201.244.235.74 - - [20/Mar/2023:15:47:49 -0500] "GET /sipse/faces/javax.faces.resource/primefaces.css?ln=primefaces&v=4.0 HTTP/1.1" 304 -
201.244.235.74 - - [20/Mar/2023:15:47:49 -0500] "GET /sipse/faces/javax.faces.resource/layout/layout.css?ln=primefaces&v=4.0 HTTP/1.1" 304 -
201.244.235.74 - - [20/Mar/2023:15:47:49 -0500] "GET /sipse/faces/javax.faces.resource/jquery/jquery-plugins.js?ln=primefaces&v=4.0 HTTP/1.1" 304 -
201.244.235.74 - - [20/Mar/2023:15:47:49 -0500] "GET /sipse/faces/javax.faces.resource/layout/layout.js?ln=primefaces&v=4.0 HTTP/1.1" 304 -
201.244.235.74 - - [20/Mar/2023:15:47:49 -0500] "GET /sipse/faces/javax.faces.resource/jquery/jquery.js?ln=primefaces&v=4.0 HTTP/1.1" 304 -
201.244.235.74 - - [20/Mar/2023:15:47:49 -0500] "GET /sipse/faces/javax.faces.resource/primefaces.js?ln=primefaces&v=4.0 HTTP/1.1" 304 -
201.244.235.74 - - [20/Mar/2023:15:47:49 -0500] "GET /sipse/faces/javax.faces.resource/images/ui-icons_898989_256x240.png?ln=primefaces-aristo HTTP/1.1" 304 -
66.240.236.116 - - [20/Mar/2023:15:47:54 -0500] "GET / HTTP/1.1" 200 319
201.244.235.74 - - [20/Mar/2023:15:47:55 -0500] "POST /sipse/faces/autenticacion.xhtml HTTP/1.1" 200 16116
201.244.235.74 - - [20/Mar/2023:15:47:55 -0500] "GET /sipse/faces/javax.faces.resource/theme.css?ln=primefaces-sipse HTTP/1.1" 304 -
201.244.235.74 - - [20/Mar/2023:15:47:55 -0500] "GET /sipse/faces/javax.faces.resource/primefaces.css?ln=primefaces&v=4.0 HTTP/1.1" 304 -
201.244.235.74 - - [20/Mar/2023:15:47:55 -0500] "GET /sipse/faces/javax.faces.resource/layout/layout.css?ln=primefaces&v=4.0 HTTP/1.1" 304 -
201.244.235.74 - - [20/Mar/2023:15:47:56 -0500] "GET /sipse/faces/javax.faces.resource/jquery/jquery.js?ln=primefaces&v=4.0 HTTP/1.1" 304 -
201.244.235.74 - - [20/Mar/2023:15:47:56 -0500] "GET /sipse/faces/javax.faces.resource/jquery/jquery-plugins.js?ln=primefaces&v=4.0 HTTP/1.1" 304 -
201.244.235.74 - - [20/Mar/2023:15:47:56 -0500] "GET /sipse/faces/javax.faces.resource/primefaces.js?ln=primefaces&v=4.0 HTTP/1.1" 304 -
201.244.235.74 - - [20/Mar/2023:15:47:56 -0500] "GET /sipse/faces/javax.faces.resource/layout/layout.js?ln=primefaces&v=4.0 HTTP/1.1" 304 -
201.244.235.74 - - [20/Mar/2023:15:47:56 -0500] "GET /sipse/css/imagen/contrasena.png HTTP/1.1" 404 383
201.244.235.74 - - [20/Mar/2023:15:47:56 -0500] "GET /sipse/faces/javax.faces.resource/messages/messages.png?ln=primefaces&v=4.0 HTTP/1.1" 304 -
172.22.2.4 - - [20/Mar/2023:15:46:17 -0500] "HEAD /BLA/boletinlegal/ HTTP/1.1" 200 -
201.244.235.74 - - [20/Mar/2023:15:48:02 -0500] "GET /sipse/faces/javax.faces.resource/images/ui-bg_flat_0_2d5972_40x100.png?ln=primefaces-aristo HTTP/1.1" 304 -
201.244.235.74 - - [20/Mar/2023:15:48:02 -0500] "POST /sipse/faces/bienvenido.xhtml HTTP/1.1" 200 1473
201.244.235.74 - - [20/Mar/2023:15:48:03 -0500] "POST /sipse/faces/bienvenido.xhtml HTTP/1.1" 200 37800
201.244.235.74 - - [20/Mar/2023:15:48:03 -0500] "GET /sipse/faces/javax.faces.resource/primefaces.css?ln=primefaces&v=4.0 HTTP/1.1" 304 -
