!C99Shell v. 1.0 pre-release build #13!

Software: Apache. PHP/5.5.15 

uname -a: Windows NT SVR-DMZ 6.1 build 7600 (Windows Server 2008 R2 Enterprise Edition) i586 

SYSTEM 

Safe-mode: OFF (not secure)

E:\nuevo\apache\logs\   drwxrwxrwx
Free 9.41 GB of 239.26 GB (3.93%)
Detected drives: [ a ] [ c ] [ d ] [ e ] [ f ]
Home    Back    Forward    UPDIR    Refresh    Search    Buffer    Encoder    Tools    Proc.    FTP brute    Sec.    SQL    PHP-code    Update    Feedback    Self remove    Logout    


Viewing file:     access.2023.03.20.log (1.59 MB)      -rw-rw-rw-
Select action/file-type:
(+) | (+) | (+) | Code (+) | Session (+) | (+) | SDB (+) | (+) | (+) | (+) | (+) | (+) |
192.168.175.240 - - [20/Mar/2023:00:00:39 -0500] "GET / HTTP/1.1" 200 4720
191.156.227.226 - - [20/Mar/2023:00:01:10 -0500] "-" 408 -
216.245.221.92 - - [20/Mar/2023:00:01:34 -0500] "HEAD / HTTP/1.1" 200 -
192.168.175.240 - - [20/Mar/2023:00:01:39 -0500] "GET / HTTP/1.1" 200 4720
66.249.70.182 - - [20/Mar/2023:00:02:00 -0500] "-" 408 -
201.245.192.253 - - [20/Mar/2023:00:02:18 -0500] "POST /kwsrmcab/Wsrmcab  HTTP/1.1" 200 42239
192.168.175.240 - - [20/Mar/2023:00:02:39 -0500] "GET / HTTP/1.1" 200 4720
192.168.175.240 - - [20/Mar/2023:00:03:39 -0500] "GET / HTTP/1.1" 200 4720
172.22.2.4 - - [20/Mar/2023:00:02:32 -0500] "HEAD /BLA/boletinlegal/ HTTP/1.1" 200 -
66.249.79.113 - - [20/Mar/2023:00:04:36 -0500] "-" 408 -
192.168.175.240 - - [20/Mar/2023:00:04:39 -0500] "GET / HTTP/1.1" 200 4720
52.167.144.167 - - [20/Mar/2023:00:04:42 -0500] "GET /BLA/resoluciones/AUTOS%202018/4629.pdf HTTP/1.1" 200 230055
201.244.235.74 - - [20/Mar/2023:00:04:49 -0500] "POST /sipse/faces/presentacion/financiero/solicitudProceso/consultarSolicitudProceso.xhtml HTTP/1.1" 200 40890
201.244.235.74 - - [20/Mar/2023:00:04:49 -0500] "GET /sipse/faces/javax.faces.resource/theme.css?ln=primefaces-sipse HTTP/1.1" 304 -
201.244.235.74 - - [20/Mar/2023:00:04:49 -0500] "GET /sipse/faces/javax.faces.resource/primefaces.css?ln=primefaces&v=4.0 HTTP/1.1" 304 -
201.244.235.74 - - [20/Mar/2023:00:04:49 -0500] "GET /sipse/faces/javax.faces.resource/layout/layout.css?ln=primefaces&v=4.0 HTTP/1.1" 304 -
201.244.235.74 - - [20/Mar/2023:00:04:49 -0500] "GET /sipse/faces/javax.faces.resource/jquery/jquery.js?ln=primefaces&v=4.0 HTTP/1.1" 304 -
201.244.235.74 - - [20/Mar/2023:00:04:49 -0500] "GET /sipse/faces/javax.faces.resource/jquery/jquery-plugins.js?ln=primefaces&v=4.0 HTTP/1.1" 304 -
201.244.235.74 - - [20/Mar/2023:00:04:49 -0500] "GET /sipse/faces/javax.faces.resource/primefaces.js?ln=primefaces&v=4.0 HTTP/1.1" 304 -
201.244.235.74 - - [20/Mar/2023:00:04:49 -0500] "GET /sipse/faces/javax.faces.resource/layout/layout.js?ln=primefaces&v=4.0 HTTP/1.1" 304 -
201.244.235.74 - - [20/Mar/2023:00:04:49 -0500] "POST /sipse/faces/presentacion/financiero/solicitudProceso/consultar.xhtml HTTP/1.1" 200 34260
201.244.235.74 - - [20/Mar/2023:00:04:50 -0500] "POST /sipse/faces/presentacion/financiero/solicitudProceso/consultar.xhtml HTTP/1.1" 200 34260
201.244.235.74 - - [20/Mar/2023:00:04:50 -0500] "POST /sipse/faces/presentacion/financiero/solicitudProceso/consultar.xhtml HTTP/1.1" 200 34260
201.244.235.74 - - [20/Mar/2023:00:04:50 -0500] "POST /sipse/faces/presentacion/financiero/solicitudProceso/consultar.xhtml HTTP/1.1" 200 34260
201.244.235.74 - - [20/Mar/2023:00:04:50 -0500] "POST /sipse/faces/presentacion/financiero/solicitudProceso/consultar.xhtml HTTP/1.1" 200 34260
201.244.235.74 - - [20/Mar/2023:00:04:51 -0500] "POST /sipse/faces/presentacion/financiero/solicitudProceso/consultar.xhtml HTTP/1.1" 200 34260
201.244.235.74 - - [20/Mar/2023:00:04:51 -0500] "POST /sipse/faces/presentacion/financiero/solicitudProceso/consultar.xhtml HTTP/1.1" 200 34260
201.244.235.74 - - [20/Mar/2023:00:04:51 -0500] "POST /sipse/faces/presentacion/financiero/solicitudProceso/consultar.xhtml HTTP/1.1" 200 34260
201.244.235.74 - - [20/Mar/2023:00:04:54 -0500] "POST /sipse/faces/presentacion/financiero/solicitudProceso/consultar.xhtml HTTP/1.1" 200 12869
201.244.235.74 - - [20/Mar/2023:00:05:00 -0500] "POST /sipse/faces/presentacion/financiero/solicitudProceso/consultar.xhtml HTTP/1.1" 200 162468
201.244.235.74 - - [20/Mar/2023:00:05:02 -0500] "GET /sipse/faces/javax.faces.resource/theme.css?ln=primefaces-sipse HTTP/1.1" 304 -
201.244.235.74 - - [20/Mar/2023:00:05:02 -0500] "GET /sipse/faces/javax.faces.resource/primefaces.css?ln=primefaces&v=4.0 HTTP/1.1" 304 -
201.244.235.74 - - [20/Mar/2023:00:05:02 -0500] "GET /sipse/faces/javax.faces.resource/layout/layout.css?ln=primefaces&v=4.0 HTTP/1.1" 304 -
201.244.235.74 - - [20/Mar/2023:00:05:02 -0500] "GET /sipse/faces/javax.faces.resource/jquery/jquery.js?ln=primefaces&v=4.0 HTTP/1.1" 304 -
201.244.235.74 - - [20/Mar/2023:00:05:02 -0500] "GET /sipse/faces/javax.faces.resource/jquery/jquery-plugins.js?ln=primefaces&v=4.0 HTTP/1.1" 304 -
201.244.235.74 - - [20/Mar/2023:00:05:02 -0500] "GET /sipse/faces/javax.faces.resource/primefaces.js?ln=primefaces&v=4.0 HTTP/1.1" 304 -
201.244.235.74 - - [20/Mar/2023:00:05:02 -0500] "GET /sipse/faces/javax.faces.resource/layout/layout.js?ln=primefaces&v=4.0 HTTP/1.1" 304 -
201.244.235.74 - - [20/Mar/2023:00:05:02 -0500] "GET /sipse/faces/javax.faces.resource/dynamiccontent.properties?ln=primefaces&pfdrid=XjOR5%2F%2FfPAZAuY9TpWQeCiM0BhlXxYRBGKi%2FQcXXfeA%3D&pfdrid_c=false HTTP/1.1" 500 383
172.22.2.4 - - [20/Mar/2023:00:03:22 -0500] "GET /BLA/boletinlegal/ HTTP/1.1" 200 53104
201.244.235.74 - - [20/Mar/2023:00:05:06 -0500] "POST /sipse/faces/presentacion/financiero/solicitudProceso/consultarSolicitudProceso.xhtml HTTP/1.1" 200 239183
201.244.235.74 - - [20/Mar/2023:00:05:15 -0500] "POST /sipse/faces/presentacion/financiero/solicitudProceso/consultarSolicitudProceso.xhtml HTTP/1.1" 200 160140
192.168.175.240 - - [20/Mar/2023:00:05:39 -0500] "GET / HTTP/1.1" 200 4720
216.245.221.92 - - [20/Mar/2023:00:06:34 -0500] "HEAD / HTTP/1.1" 200 -
192.168.175.240 - - [20/Mar/2023:00:06:39 -0500] "GET / HTTP/1.1" 200 4720
186.119.107.85 - - [20/Mar/2023:00:06:55 -0500] "GET /%C3%82%C2%BFquieres-aprender-sobre-jardines-verticales-esta-es-tu-oportunidad.html HTTP/1.1" 200 925
201.245.192.253 - - [20/Mar/2023:00:07:17 -0500] "POST /kwsrmcab/Wsrmcab  HTTP/1.1" 200 42239
192.168.175.240 - - [20/Mar/2023:00:07:39 -0500] "GET / HTTP/1.1" 200 4720
152.61.192.232 - - [20/Mar/2023:00:07:47 -0500] "GET / HTTP/1.1" 200 319
172.22.2.4 - - [20/Mar/2023:00:06:35 -0500] "HEAD /BLA/boletinlegal/ HTTP/1.1" 200 -
192.168.175.240 - - [20/Mar/2023:00:08:39 -0500] "GET / HTTP/1.1" 200 4720
192.168.175.240 - - [20/Mar/2023:00:09:39 -0500] "GET / HTTP/1.1" 200 4720
172.22.2.4 - - [20/Mar/2023:00:08:22 -0500] "HEAD /BLA/boletinlegal/ HTTP/1.1" 200 -
192.168.175.240 - - [20/Mar/2023:00:10:39 -0500] "GET / HTTP/1.1" 200 4720
172.22.2.4 - - [20/Mar/2023:00:09:12 -0500] "GET /BLA/boletinlegal/ HTTP/1.1" 200 57551
162.55.173.23 - - [20/Mar/2023:00:11:07 -0500] "GET / HTTP/1.1" 200 4720
162.55.173.23 - - [20/Mar/2023:00:11:08 -0500] "GET / HTTP/1.1" 200 319
216.245.221.92 - - [20/Mar/2023:00:11:34 -0500] "HEAD / HTTP/1.1" 200 -
186.31.218.169 - - [20/Mar/2023:00:11:36 -0500] "GET /images/jardines-verticales_optimized.jpeg HTTP/1.1" 200 138197
192.168.175.240 - - [20/Mar/2023:00:11:39 -0500] "GET / HTTP/1.1" 200 4720
201.245.192.253 - - [20/Mar/2023:00:12:22 -0500] "POST /kwsrmcab/Wsrmcab  HTTP/1.1" 200 42239
192.168.175.240 - - [20/Mar/2023:00:12:39 -0500] "GET / HTTP/1.1" 200 4720
5.78.75.189 - - [20/Mar/2023:00:13:13 -0500] "GET /el-plan-de-accion-climatica-de-bogota-inspirador-para-otras-ciudades-del-mundo.html HTTP/1.1" 200 876
201.244.235.74 - - [20/Mar/2023:00:13:34 -0500] "POST /sipse/faces/presentacion/financiero/solicitudProceso/consultarSolicitudProceso.xhtml HTTP/1.1" 200 40894
201.244.235.74 - - [20/Mar/2023:00:13:35 -0500] "GET /sipse/faces/javax.faces.resource/theme.css?ln=primefaces-sipse HTTP/1.1" 304 -
201.244.235.74 - - [20/Mar/2023:00:13:35 -0500] "GET /sipse/faces/javax.faces.resource/layout/layout.css?ln=primefaces&v=4.0 HTTP/1.1" 304 -
201.244.235.74 - - [20/Mar/2023:00:13:35 -0500] "GET /sipse/faces/javax.faces.resource/primefaces.css?ln=primefaces&v=4.0 HTTP/1.1" 304 -
201.244.235.74 - - [20/Mar/2023:00:13:35 -0500] "GET /sipse/faces/javax.faces.resource/jquery/jquery.js?ln=primefaces&v=4.0 HTTP/1.1" 304 -
201.244.235.74 - - [20/Mar/2023:00:13:35 -0500] "GET /sipse/faces/javax.faces.resource/jquery/jquery-plugins.js?ln=primefaces&v=4.0 HTTP/1.1" 304 -
201.244.235.74 - - [20/Mar/2023:00:13:35 -0500] "GET /sipse/faces/javax.faces.resource/primefaces.js?ln=primefaces&v=4.0 HTTP/1.1" 304 -
201.244.235.74 - - [20/Mar/2023:00:13:35 -0500] "GET /sipse/faces/javax.faces.resource/layout/layout.js?ln=primefaces&v=4.0 HTTP/1.1" 304 -
201.244.235.74 - - [20/Mar/2023:00:13:35 -0500] "POST /sipse/faces/presentacion/financiero/solicitudProceso/consultar.xhtml HTTP/1.1" 200 34264
201.244.235.74 - - [20/Mar/2023:00:13:36 -0500] "POST /sipse/faces/presentacion/financiero/solicitudProceso/consultar.xhtml HTTP/1.1" 200 34264
201.244.235.74 - - [20/Mar/2023:00:13:36 -0500] "POST /sipse/faces/presentacion/financiero/solicitudProceso/consultar.xhtml HTTP/1.1" 200 34264
201.244.235.74 - - [20/Mar/2023:00:13:36 -0500] "POST /sipse/faces/presentacion/financiero/solicitudProceso/consultar.xhtml HTTP/1.1" 200 34264
201.244.235.74 - - [20/Mar/2023:00:13:37 -0500] "POST /sipse/faces/presentacion/financiero/solicitudProceso/consultar.xhtml HTTP/1.1" 200 34264
201.244.235.74 - - [20/Mar/2023:00:13:37 -0500] "POST /sipse/faces/presentacion/financiero/solicitudProceso/consultar.xhtml HTTP/1.1" 200 34264
201.244.235.74 - - [20/Mar/2023:00:13:37 -0500] "POST /sipse/faces/presentacion/financiero/solicitudProceso/consultar.xhtml HTTP/1.1" 200 34264
201.244.235.74 - - [20/Mar/2023:00:13:37 -0500] "POST /sipse/faces/presentacion/financiero/solicitudProceso/consultar.xhtml HTTP/1.1" 200 34264
201.244.235.74 - - [20/Mar/2023:00:13:38 -0500] "POST /sipse/faces/presentacion/financiero/solicitudProceso/consultar.xhtml HTTP/1.1" 200 34264
201.244.235.74 - - [20/Mar/2023:00:13:38 -0500] "POST /sipse/faces/presentacion/financiero/solicitudProceso/consultar.xhtml HTTP/1.1" 200 34264
192.168.175.240 - - [20/Mar/2023:00:13:39 -0500] "GET / HTTP/1.1" 200 4720
201.244.235.74 - - [20/Mar/2023:00:13:40 -0500] "POST /sipse/faces/presentacion/financiero/solicitudProceso/consultar.xhtml HTTP/1.1" 200 12935
201.244.235.74 - - [20/Mar/2023:00:13:44 -0500] "POST /sipse/faces/presentacion/financiero/solicitudProceso/consultar.xhtml HTTP/1.1" 200 167767
201.244.235.74 - - [20/Mar/2023:00:13:45 -0500] "GET /sipse/faces/javax.faces.resource/layout/layout.css?ln=primefaces&v=4.0 HTTP/1.1" 304 -
201.244.235.74 - - [20/Mar/2023:00:13:45 -0500] "GET /sipse/faces/javax.faces.resource/theme.css?ln=primefaces-sipse HTTP/1.1" 304 -
201.244.235.74 - - [20/Mar/2023:00:13:45 -0500] "GET /sipse/faces/javax.faces.resource/primefaces.css?ln=primefaces&v=4.0 HTTP/1.1" 304 -
201.244.235.74 - - [20/Mar/2023:00:13:46 -0500] "GET /sipse/faces/javax.faces.resource/jquery/jquery.js?ln=primefaces&v=4.0 HTTP/1.1" 304 -
201.244.235.74 - - [20/Mar/2023:00:13:46 -0500] "GET /sipse/faces/javax.faces.resource/jquery/jquery-plugins.js?ln=primefaces&v=4.0 HTTP/1.1" 304 -
201.244.235.74 - - [20/Mar/2023:00:13:46 -0500] "GET /sipse/faces/javax.faces.resource/primefaces.js?ln=primefaces&v=4.0 HTTP/1.1" 304 -
201.244.235.74 - - [20/Mar/2023:00:13:46 -0500] "GET /sipse/faces/javax.faces.resource/layout/layout.js?ln=primefaces&v=4.0 HTTP/1.1" 304 -
201.244.235.74 - - [20/Mar/2023:00:13:46 -0500] "GET /sipse/faces/javax.faces.resource/dynamiccontent.properties?ln=primefaces&pfdrid=XjOR5%2F%2FfPAZAuY9TpWQeCiM0BhlXxYRBGKi%2FQcXXfeA%3D&pfdrid_c=false HTTP/1.1" 500 383
201.244.235.74 - - [20/Mar/2023:00:13:52 -0500] "POST /sipse/faces/presentacion/financiero/solicitudProceso/consultarSolicitudProceso.xhtml HTTP/1.1" 200 383029
201.244.235.74 - - [20/Mar/2023:00:13:55 -0500] "POST /sipse/faces/presentacion/financiero/solicitudProceso/consultarSolicitudProceso.xhtml HTTP/1.1" 200 160140
199.16.157.180 - - [20/Mar/2023:00:14:15 -0500] "GET /secretaria-de-ambiente-impone-medidas-preventivas-a-un-privado-que-utilizaba-un-area-protegida-para-promocionar-proyectos.html HTTP/1.1" 200 866
199.16.157.180 - - [20/Mar/2023:00:14:15 -0500] "GET /images/Sello%201%20-2-2.jpg HTTP/1.1" 200 81559
199.16.157.181 - - [20/Mar/2023:00:14:17 -0500] "GET /secretaria-de-ambiente-hace-seguimiento-a-la-calidad-del-aire-producto-de-incendio-a-las-afueras-de-bogota.html HTTP/1.1" 200 922
199.16.157.182 - - [20/Mar/2023:00:14:17 -0500] "GET /images/Incendio%20(1)%20(1).png HTTP/1.1" 200 189748
192.168.175.240 - - [20/Mar/2023:00:14:39 -0500] "GET / HTTP/1.1" 200 4720
66.249.70.180 - - [20/Mar/2023:00:15:23 -0500] "-" 408 -
192.168.175.240 - - [20/Mar/2023:00:15:39 -0500] "GET / HTTP/1.1" 200 4720
172.22.2.4 - - [20/Mar/2023:00:14:12 -0500] "HEAD /BLA/boletinlegal/ HTTP/1.1" 200 -
216.245.221.92 - - [20/Mar/2023:00:16:34 -0500] "HEAD / HTTP/1.1" 200 -
192.168.175.240 - - [20/Mar/2023:00:16:39 -0500] "GET / HTTP/1.1" 200 4720
172.22.2.4 - - [20/Mar/2023:00:15:02 -0500] "GET /BLA/boletinlegal/ HTTP/1.1" 200 53551
181.53.13.186 - - [20/Mar/2023:00:16:59 -0500] "GET /images/jardines-verticales_optimized.jpeg HTTP/1.1" 200 138197
181.53.13.186 - - [20/Mar/2023:00:16:59 -0500] "GET /%C3%82%C2%BFquieres-aprender-sobre-jardines-verticales-esta-es-tu-oportunidad.html HTTP/1.1" 200 925
201.245.192.253 - - [20/Mar/2023:00:17:18 -0500] "POST /kwsrmcab/Wsrmcab  HTTP/1.1" 200 42239
192.168.175.240 - - [20/Mar/2023:00:17:39 -0500] "GET / HTTP/1.1" 200 4720
52.167.144.165 - - [20/Mar/2023:00:18:33 -0500] "GET /BLA/resoluciones/AUTOS%202021/3891.pdf HTTP/1.1" 200 418984
192.168.175.240 - - [20/Mar/2023:00:18:39 -0500] "GET / HTTP/1.1" 200 4720
192.168.175.240 - - [20/Mar/2023:00:19:39 -0500] "GET / HTTP/1.1" 200 4720
201.245.192.253 - - [20/Mar/2023:00:20:36 -0500] "POST /kwsrmcab/Wsrmcab HTTP/1.1" 200 42417
192.168.175.240 - - [20/Mar/2023:00:20:39 -0500] "GET / HTTP/1.1" 200 4720
201.245.192.253 - - [20/Mar/2023:00:20:39 -0500] "POST /kwsrmcab/Wsrmcab HTTP/1.1" 200 43335
177.131.121.246 - - [20/Mar/2023:00:21:28 -0500] "GET / HTTP/1.1" 200 319
201.244.235.74 - - [20/Mar/2023:00:21:28 -0500] "POST /sipse/faces/presentacion/financiero/solicitudProceso/consultarSolicitudProceso.xhtml HTTP/1.1" 200 40960
201.244.235.74 - - [20/Mar/2023:00:21:28 -0500] "GET /sipse/faces/javax.faces.resource/theme.css?ln=primefaces-sipse HTTP/1.1" 304 -
201.244.235.74 - - [20/Mar/2023:00:21:28 -0500] "GET /sipse/faces/javax.faces.resource/layout/layout.css?ln=primefaces&v=4.0 HTTP/1.1" 304 -
201.244.235.74 - - [20/Mar/2023:00:21:28 -0500] "GET /sipse/faces/javax.faces.resource/primefaces.css?ln=primefaces&v=4.0 HTTP/1.1" 304 -
201.244.235.74 - - [20/Mar/2023:00:21:28 -0500] "GET /sipse/faces/javax.faces.resource/jquery/jquery.js?ln=primefaces&v=4.0 HTTP/1.1" 304 -
201.244.235.74 - - [20/Mar/2023:00:21:28 -0500] "GET /sipse/faces/javax.faces.resource/jquery/jquery-plugins.js?ln=primefaces&v=4.0 HTTP/1.1" 304 -
201.244.235.74 - - [20/Mar/2023:00:21:29 -0500] "GET /sipse/faces/javax.faces.resource/primefaces.js?ln=primefaces&v=4.0 HTTP/1.1" 304 -
201.244.235.74 - - [20/Mar/2023:00:21:29 -0500] "GET /sipse/faces/javax.faces.resource/layout/layout.js?ln=primefaces&v=4.0 HTTP/1.1" 304 -
201.244.235.74 - - [20/Mar/2023:00:21:29 -0500] "POST /sipse/faces/presentacion/financiero/solicitudProceso/consultar.xhtml HTTP/1.1" 200 34330
201.244.235.74 - - [20/Mar/2023:00:21:29 -0500] "POST /sipse/faces/presentacion/financiero/solicitudProceso/consultar.xhtml HTTP/1.1" 200 34330
201.244.235.74 - - [20/Mar/2023:00:21:29 -0500] "POST /sipse/faces/presentacion/financiero/solicitudProceso/consultar.xhtml HTTP/1.1" 200 34330
201.244.235.74 - - [20/Mar/2023:00:21:29 -0500] "POST /sipse/faces/presentacion/financiero/solicitudProceso/consultar.xhtml HTTP/1.1" 200 34330
201.244.235.74 - - [20/Mar/2023:00:21:30 -0500] "POST /sipse/faces/presentacion/financiero/solicitudProceso/consultar.xhtml HTTP/1.1" 200 34330
201.244.235.74 - - [20/Mar/2023:00:21:30 -0500] "POST /sipse/faces/presentacion/financiero/solicitudProceso/consultar.xhtml HTTP/1.1" 200 34330
201.244.235.74 - - [20/Mar/2023:00:21:30 -0500] "POST /sipse/faces/presentacion/financiero/solicitudProceso/consultar.xhtml HTTP/1.1" 200 34330
201.244.235.74 - - [20/Mar/2023:00:21:30 -0500] "POST /sipse/faces/presentacion/financiero/solicitudProceso/consultar.xhtml HTTP/1.1" 200 34330
201.244.235.74 - - [20/Mar/2023:00:21:31 -0500] "POST /sipse/faces/presentacion/financiero/solicitudProceso/consultar.xhtml HTTP/1.1" 200 34330
201.244.235.74 - - [20/Mar/2023:00:21:31 -0500] "POST /sipse/faces/presentacion/financiero/solicitudProceso/consultar.xhtml HTTP/1.1" 200 34330
201.244.235.74 - - [20/Mar/2023:00:21:31 -0500] "POST /sipse/faces/presentacion/financiero/solicitudProceso/consultar.xhtml HTTP/1.1" 200 34330
201.244.235.74 - - [20/Mar/2023:00:21:31 -0500] "POST /sipse/faces/presentacion/financiero/solicitudProceso/consultar.xhtml HTTP/1.1" 200 34330
216.245.221.92 - - [20/Mar/2023:00:21:34 -0500] "HEAD / HTTP/1.1" 200 -
201.244.235.74 - - [20/Mar/2023:00:21:34 -0500] "POST /sipse/faces/presentacion/financiero/solicitudProceso/consultar.xhtml HTTP/1.1" 200 12819
192.168.175.240 - - [20/Mar/2023:00:21:39 -0500] "GET / HTTP/1.1" 200 4720
201.244.235.74 - - [20/Mar/2023:00:21:39 -0500] "POST /sipse/faces/presentacion/financiero/solicitudProceso/consultar.xhtml HTTP/1.1" 200 147949
201.244.235.74 - - [20/Mar/2023:00:21:40 -0500] "GET /sipse/faces/javax.faces.resource/primefaces.css?ln=primefaces&v=4.0 HTTP/1.1" 304 -
201.244.235.74 - - [20/Mar/2023:00:21:40 -0500] "GET /sipse/faces/javax.faces.resource/layout/layout.css?ln=primefaces&v=4.0 HTTP/1.1" 304 -
201.244.235.74 - - [20/Mar/2023:00:21:40 -0500] "GET /sipse/faces/javax.faces.resource/theme.css?ln=primefaces-sipse HTTP/1.1" 304 -
201.244.235.74 - - [20/Mar/2023:00:21:40 -0500] "GET /sipse/faces/javax.faces.resource/jquery/jquery.js?ln=primefaces&v=4.0 HTTP/1.1" 304 -
201.244.235.74 - - [20/Mar/2023:00:21:41 -0500] "GET /sipse/faces/javax.faces.resource/jquery/jquery-plugins.js?ln=primefaces&v=4.0 HTTP/1.1" 304 -
201.244.235.74 - - [20/Mar/2023:00:21:41 -0500] "GET /sipse/faces/javax.faces.resource/primefaces.js?ln=primefaces&v=4.0 HTTP/1.1" 304 -
201.244.235.74 - - [20/Mar/2023:00:21:41 -0500] "GET /sipse/faces/javax.faces.resource/layout/layout.js?ln=primefaces&v=4.0 HTTP/1.1" 304 -
201.244.235.74 - - [20/Mar/2023:00:21:41 -0500] "GET /sipse/faces/javax.faces.resource/dynamiccontent.properties?ln=primefaces&pfdrid=XjOR5%2F%2FfPAZAuY9TpWQeCiM0BhlXxYRBGKi%2FQcXXfeA%3D&pfdrid_c=false HTTP/1.1" 500 383
172.22.2.4 - - [20/Mar/2023:00:20:02 -0500] "HEAD /BLA/boletinlegal/ HTTP/1.1" 200 -
201.244.235.74 - - [20/Mar/2023:00:21:44 -0500] "POST /sipse/faces/presentacion/financiero/solicitudProceso/consultarSolicitudProceso.xhtml HTTP/1.1" 200 176489
201.244.235.74 - - [20/Mar/2023:00:21:46 -0500] "POST /sipse/faces/presentacion/financiero/solicitudProceso/consultarSolicitudProceso.xhtml HTTP/1.1" 200 132855
201.245.192.253 - - [20/Mar/2023:00:22:15 -0500] "POST /kwsrmcab/Wsrmcab  HTTP/1.1" 200 42239
172.22.2.4 - - [20/Mar/2023:00:20:52 -0500] "GET /BLA/boletinlegal/ HTTP/1.1" 200 53551
192.168.175.240 - - [20/Mar/2023:00:22:39 -0500] "GET / HTTP/1.1" 200 4720
152.61.128.50 - - [20/Mar/2023:00:23:21 -0500] "GET / HTTP/1.1" 200 319
192.168.175.240 - - [20/Mar/2023:00:23:39 -0500] "GET / HTTP/1.1" 200 4720
66.249.70.187 - - [20/Mar/2023:00:24:39 -0500] "-" 408 -
192.168.175.240 - - [20/Mar/2023:00:24:39 -0500] "GET / HTTP/1.1" 200 4720
192.168.175.240 - - [20/Mar/2023:00:25:39 -0500] "GET / HTTP/1.1" 200 4720
216.245.221.92 - - [20/Mar/2023:00:26:34 -0500] "HEAD / HTTP/1.1" 200 -
192.168.175.240 - - [20/Mar/2023:00:26:39 -0500] "GET / HTTP/1.1" 200 4720
201.245.192.253 - - [20/Mar/2023:00:27:14 -0500] "POST /kwsrmcab/Wsrmcab  HTTP/1.1" 200 42239
201.244.229.212 - - [20/Mar/2023:00:27:25 -0500] "POST /sipse/faces/presentacion/financiero/solicitudProceso/consultarSolicitudProceso.xhtml HTTP/1.1" 200 52322
201.244.229.212 - - [20/Mar/2023:00:27:28 -0500] "GET /sipse/faces/javax.faces.resource/theme.css?ln=primefaces-sipse HTTP/1.1" 304 -
201.244.229.212 - - [20/Mar/2023:00:27:28 -0500] "GET /sipse/faces/javax.faces.resource/primefaces.css?ln=primefaces&v=4.0 HTTP/1.1" 304 -
201.244.229.212 - - [20/Mar/2023:00:27:28 -0500] "GET /sipse/faces/javax.faces.resource/layout/layout.css?ln=primefaces&v=4.0 HTTP/1.1" 304 -
201.244.229.212 - - [20/Mar/2023:00:27:28 -0500] "GET /sipse/faces/javax.faces.resource/jquery/jquery.js?ln=primefaces&v=4.0 HTTP/1.1" 304 -
201.244.229.212 - - [20/Mar/2023:00:27:28 -0500] "GET /sipse/faces/javax.faces.resource/jquery/jquery-plugins.js?ln=primefaces&v=4.0 HTTP/1.1" 304 -
201.244.229.212 - - [20/Mar/2023:00:27:28 -0500] "GET /sipse/faces/javax.faces.resource/primefaces.js?ln=primefaces&v=4.0 HTTP/1.1" 304 -
201.244.229.212 - - [20/Mar/2023:00:27:28 -0500] "GET /sipse/faces/javax.faces.resource/layout/layout.js?ln=primefaces&v=4.0 HTTP/1.1" 304 -
201.244.229.212 - - [20/Mar/2023:00:27:29 -0500] "POST /sipse/faces/presentacion/financiero/solicitudProceso/listarSolicitudProceso.xhtml HTTP/1.1" 200 1528
172.22.2.4 - - [20/Mar/2023:00:25:52 -0500] "HEAD /BLA/boletinlegal/ HTTP/1.1" 200 -
192.168.175.240 - - [20/Mar/2023:00:27:39 -0500] "GET / HTTP/1.1" 200 4720
201.244.229.212 - - [20/Mar/2023:00:28:15 -0500] "POST /sipse/faces/presentacion/financiero/solicitudProceso/listarSolicitudProceso.xhtml HTTP/1.1" 200 16194
172.22.2.4 - - [20/Mar/2023:00:26:42 -0500] "GET /BLA/boletinlegal/ HTTP/1.1" 200 52720
192.168.175.240 - - [20/Mar/2023:00:28:39 -0500] "GET / HTTP/1.1" 200 4720
192.168.175.240 - - [20/Mar/2023:00:29:39 -0500] "GET / HTTP/1.1" 200 4720
172.22.2.4 - - [20/Mar/2023:00:29:04 -0500] "GET /BLA/boletinlegal/ HTTP/1.1" 200 40907
201.245.192.253 - - [20/Mar/2023:00:30:36 -0500] "POST /kwsrmcab/Wsrmcab HTTP/1.1" 200 42417
192.168.175.240 - - [20/Mar/2023:00:30:39 -0500] "GET / HTTP/1.1" 200 4720
201.245.192.253 - - [20/Mar/2023:00:30:39 -0500] "POST /kwsrmcab/Wsrmcab HTTP/1.1" 200 43335
201.244.229.212 - - [20/Mar/2023:00:31:21 -0500] "POST /sipse/faces/presentacion/financiero/solicitudProceso/listarSolicitudProceso.xhtml HTTP/1.1" 200 148211
201.244.229.212 - - [20/Mar/2023:00:31:23 -0500] "GET /sipse/faces/javax.faces.resource/theme.css?ln=primefaces-sipse HTTP/1.1" 304 -
201.244.229.212 - - [20/Mar/2023:00:31:23 -0500] "GET /sipse/faces/javax.faces.resource/primefaces.css?ln=primefaces&v=4.0 HTTP/1.1" 304 -
201.244.229.212 - - [20/Mar/2023:00:31:23 -0500] "GET /sipse/faces/javax.faces.resource/layout/layout.css?ln=primefaces&v=4.0 HTTP/1.1" 304 -
201.244.229.212 - - [20/Mar/2023:00:31:23 -0500] "GET /sipse/faces/javax.faces.resource/jquery/jquery.js?ln=primefaces&v=4.0 HTTP/1.1" 304 -
201.244.229.212 - - [20/Mar/2023:00:31:23 -0500] "GET /sipse/faces/javax.faces.resource/jquery/jquery-plugins.js?ln=primefaces&v=4.0 HTTP/1.1" 304 -
201.244.229.212 - - [20/Mar/2023:00:31:23 -0500] "GET /sipse/faces/javax.faces.resource/primefaces.js?ln=primefaces&v=4.0 HTTP/1.1" 304 -
201.244.229.212 - - [20/Mar/2023:00:31:23 -0500] "GET /sipse/faces/javax.faces.resource/layout/layout.js?ln=primefaces&v=4.0 HTTP/1.1" 304 -
201.244.229.212 - - [20/Mar/2023:00:31:24 -0500] "GET /sipse/faces/javax.faces.resource/dynamiccontent.properties?ln=primefaces&pfdrid=XjOR5%2F%2FfPAZAuY9TpWQeCiM0BhlXxYRBGKi%2FQcXXfeA%3D&pfdrid_c=false HTTP/1.1" 500 383
216.245.221.92 - - [20/Mar/2023:00:31:34 -0500] "HEAD / HTTP/1.1" 200 -
201.244.229.212 - - [20/Mar/2023:00:31:36 -0500] "POST /sipse/faces/presentacion/financiero/solicitudProceso/consultarSolicitudProceso.xhtml HTTP/1.1" 200 547499
192.168.175.240 - - [20/Mar/2023:00:31:39 -0500] "GET / HTTP/1.1" 200 4720
201.244.229.212 - - [20/Mar/2023:00:31:54 -0500] "POST /sipse/faces/presentacion/financiero/solicitudProceso/consultarSolicitudProceso.xhtml HTTP/1.1" 200 267832
201.245.192.253 - - [20/Mar/2023:00:32:13 -0500] "POST /kwsrmcab/Wsrmcab  HTTP/1.1" 200 42239
192.168.175.240 - - [20/Mar/2023:00:32:39 -0500] "GET / HTTP/1.1" 200 4720
172.22.2.4 - - [20/Mar/2023:00:31:42 -0500] "HEAD /BLA/boletinlegal/ HTTP/1.1" 200 -
34.31.4.152 - - [20/Mar/2023:00:33:21 -0500] "GET /portaldeninos/wp-content/uploads/2020/11/Capellan%C3%ADa-B-1024x576.jpg HTTP/1.1" 200 100158
192.168.175.240 - - [20/Mar/2023:00:33:39 -0500] "GET / HTTP/1.1" 200 4720
172.22.2.4 - - [20/Mar/2023:00:32:32 -0500] "GET /BLA/boletinlegal/ HTTP/1.1" 200 57141
34.31.4.152 - - [20/Mar/2023:00:34:25 -0500] "GET /portaldeninos/wp-content/uploads/2019/08/Logo-Ambientic.png HTTP/1.1" 200 22941
201.244.229.212 - - [20/Mar/2023:00:34:35 -0500] "POST /sipse/faces/presentacion/financiero/solicitudProceso/consultarSolicitudProceso.xhtml HTTP/1.1" 200 5510
192.168.175.240 - - [20/Mar/2023:00:34:39 -0500] "GET / HTTP/1.1" 200 4720
168.119.252.242 - - [20/Mar/2023:00:34:40 -0500] "GET / HTTP/1.1" 200 319
168.119.252.242 - - [20/Mar/2023:00:34:40 -0500] "GET / HTTP/1.1" 200 4720
168.119.253.69 - - [20/Mar/2023:00:34:49 -0500] "GET / HTTP/1.1" 200 319
168.119.253.69 - - [20/Mar/2023:00:34:49 -0500] "GET / HTTP/1.1" 200 4720
66.249.79.111 - - [20/Mar/2023:00:35:12 -0500] "-" 408 -
192.168.175.240 - - [20/Mar/2023:00:35:39 -0500] "GET / HTTP/1.1" 200 4720
216.245.221.92 - - [20/Mar/2023:00:36:34 -0500] "HEAD / HTTP/1.1" 200 -
192.168.175.240 - - [20/Mar/2023:00:36:39 -0500] "GET / HTTP/1.1" 200 4720
201.245.192.253 - - [20/Mar/2023:00:37:11 -0500] "POST /kwsrmcab/Wsrmcab  HTTP/1.1" 200 42239
192.168.175.240 - - [20/Mar/2023:00:37:39 -0500] "GET / HTTP/1.1" 200 4720
192.168.175.240 - - [20/Mar/2023:00:38:39 -0500] "GET / HTTP/1.1" 200 4720
172.22.2.4 - - [20/Mar/2023:00:37:32 -0500] "HEAD /BLA/boletinlegal/ HTTP/1.1" 200 -
201.244.235.74 - - [20/Mar/2023:00:39:37 -0500] "GET /sipse/faces/javax.faces.resource/images/ui-bg_flat_0_2d5972_40x100.png?ln=primefaces-aristo HTTP/1.1" 304 -
201.244.235.74 - - [20/Mar/2023:00:39:37 -0500] "POST /sipse/faces/presentacion/financiero/solicitudProceso/consultarSolicitudProceso.xhtml HTTP/1.1" 200 40844
201.244.235.74 - - [20/Mar/2023:00:39:37 -0500] "GET /sipse/faces/javax.faces.resource/primefaces.css?ln=primefaces&v=4.0 HTTP/1.1" 304 -
201.244.235.74 - - [20/Mar/2023:00:39:37 -0500] "GET /sipse/faces/javax.faces.resource/theme.css?ln=primefaces-sipse HTTP/1.1" 304 -
201.244.235.74 - - [20/Mar/2023:00:39:37 -0500] "GET /sipse/faces/javax.faces.resource/layout/layout.css?ln=primefaces&v=4.0 HTTP/1.1" 304 -
201.244.235.74 - - [20/Mar/2023:00:39:37 -0500] "GET /sipse/faces/javax.faces.resource/jquery/jquery.js?ln=primefaces&v=4.0 HTTP/1.1" 304 -
201.244.235.74 - - [20/Mar/2023:00:39:37 -0500] "GET /sipse/faces/javax.faces.resource/jquery/jquery-plugins.js?ln=primefaces&v=4.0 HTTP/1.1" 304 -
201.244.235.74 - - [20/Mar/2023:00:39:37 -0500] "GET /sipse/faces/javax.faces.resource/primefaces.js?ln=primefaces&v=4.0 HTTP/1.1" 304 -
201.244.235.74 - - [20/Mar/2023:00:39:37 -0500] "GET /sipse/faces/javax.faces.resource/layout/layout.js?ln=primefaces&v=4.0 HTTP/1.1" 304 -
201.244.235.74 - - [20/Mar/2023:00:39:37 -0500] "POST /sipse/faces/presentacion/financiero/solicitudProceso/consultar.xhtml HTTP/1.1" 200 34214
201.244.235.74 - - [20/Mar/2023:00:39:38 -0500] "POST /sipse/faces/presentacion/financiero/solicitudProceso/consultar.xhtml HTTP/1.1" 200 34214
201.244.235.74 - - [20/Mar/2023:00:39:38 -0500] "POST /sipse/faces/presentacion/financiero/solicitudProceso/consultar.xhtml HTTP/1.1" 200 34214
201.244.235.74 - - [20/Mar/2023:00:39:38 -0500] "POST /sipse/faces/presentacion/financiero/solicitudProceso/consultar.xhtml HTTP/1.1" 200 34214
201.244.235.74 - - [20/Mar/2023:00:39:38 -0500] "POST /sipse/faces/presentacion/financiero/solicitudProceso/consultar.xhtml HTTP/1.1" 200 34214
201.244.235.74 - - [20/Mar/2023:00:39:39 -0500] "POST /sipse/faces/presentacion/financiero/solicitudProceso/consultar.xhtml HTTP/1.1" 200 34214
192.168.175.240 - - [20/Mar/2023:00:39:39 -0500] "GET / HTTP/1.1" 200 4720
201.244.235.74 - - [20/Mar/2023:00:39:39 -0500] "POST /sipse/faces/presentacion/financiero/solicitudProceso/consultar.xhtml HTTP/1.1" 200 34214
201.244.235.74 - - [20/Mar/2023:00:39:39 -0500] "POST /sipse/faces/presentacion/financiero/solicitudProceso/consultar.xhtml HTTP/1.1" 200 34214
201.244.235.74 - - [20/Mar/2023:00:39:39 -0500] "POST /sipse/faces/presentacion/financiero/solicitudProceso/consultar.xhtml HTTP/1.1" 200 34214
201.244.235.74 - - [20/Mar/2023:00:39:40 -0500] "POST /sipse/faces/presentacion/financiero/solicitudProceso/consultar.xhtml HTTP/1.1" 200 34214
201.244.235.74 - - [20/Mar/2023:00:39:40 -0500] "POST /sipse/faces/presentacion/financiero/solicitudProceso/consultar.xhtml HTTP/1.1" 200 34214
52.167.144.142 - - [20/Mar/2023:00:39:40 -0500] "GET /BLA/resoluciones/AUTOS%202021/1626.pdf HTTP/1.1" 304 -
201.244.235.74 - - [20/Mar/2023:00:39:40 -0500] "POST /sipse/faces/presentacion/financiero/solicitudProceso/consultar.xhtml HTTP/1.1" 200 34214
201.244.235.74 - - [20/Mar/2023:00:39:41 -0500] "POST /sipse/faces/presentacion/financiero/solicitudProceso/consultar.xhtml HTTP/1.1" 200 34214
201.244.235.74 - - [20/Mar/2023:00:39:41 -0500] "POST /sipse/faces/presentacion/financiero/solicitudProceso/consultar.xhtml HTTP/1.1" 200 34214
201.244.235.74 - - [20/Mar/2023:00:39:49 -0500] "POST /sipse/faces/presentacion/financiero/solicitudProceso/consultar.xhtml HTTP/1.1" 200 12923
201.244.235.74 - - [20/Mar/2023:00:39:59 -0500] "POST /sipse/faces/presentacion/financiero/solicitudProceso/consultar.xhtml HTTP/1.1" 200 148027
201.244.235.74 - - [20/Mar/2023:00:40:00 -0500] "GET /sipse/faces/javax.faces.resource/theme.css?ln=primefaces-sipse HTTP/1.1" 304 -
201.244.235.74 - - [20/Mar/2023:00:40:00 -0500] "GET /sipse/faces/javax.faces.resource/primefaces.css?ln=primefaces&v=4.0 HTTP/1.1" 304 -
201.244.235.74 - - [20/Mar/2023:00:40:00 -0500] "GET /sipse/faces/javax.faces.resource/layout/layout.css?ln=primefaces&v=4.0 HTTP/1.1" 304 -
201.244.235.74 - - [20/Mar/2023:00:40:00 -0500] "GET /sipse/faces/javax.faces.resource/jquery/jquery.js?ln=primefaces&v=4.0 HTTP/1.1" 304 -
201.244.235.74 - - [20/Mar/2023:00:40:00 -0500] "GET /sipse/faces/javax.faces.resource/jquery/jquery-plugins.js?ln=primefaces&v=4.0 HTTP/1.1" 304 -
201.244.235.74 - - [20/Mar/2023:00:40:01 -0500] "GET /sipse/faces/javax.faces.resource/primefaces.js?ln=primefaces&v=4.0 HTTP/1.1" 304 -
201.244.235.74 - - [20/Mar/2023:00:40:01 -0500] "GET /sipse/faces/javax.faces.resource/layout/layout.js?ln=primefaces&v=4.0 HTTP/1.1" 304 -
172.22.2.4 - - [20/Mar/2023:00:38:23 -0500] "GET /BLA/boletinlegal/ HTTP/1.1" 200 57551
201.244.235.74 - - [20/Mar/2023:00:40:07 -0500] "POST /sipse/faces/presentacion/financiero/solicitudProceso/consultarSolicitudProceso.xhtml HTTP/1.1" 200 388921
201.244.235.74 - - [20/Mar/2023:00:40:08 -0500] "POST /sipse/faces/presentacion/financiero/solicitudProceso/consultarSolicitudProceso.xhtml HTTP/1.1" 200 133110
201.245.192.253 - - [20/Mar/2023:00:40:36 -0500] "POST /kwsrmcab/Wsrmcab HTTP/1.1" 200 42417
192.168.175.240 - - [20/Mar/2023:00:40:39 -0500] "GET / HTTP/1.1" 200 4720
201.245.192.253 - - [20/Mar/2023:00:40:39 -0500] "POST /kwsrmcab/Wsrmcab HTTP/1.1" 200 43335
216.245.221.92 - - [20/Mar/2023:00:41:34 -0500] "HEAD / HTTP/1.1" 200 -
192.168.175.240 - - [20/Mar/2023:00:41:39 -0500] "GET / HTTP/1.1" 200 4720
201.245.192.253 - - [20/Mar/2023:00:42:10 -0500] "POST /kwsrmcab/Wsrmcab  HTTP/1.1" 200 42239
192.168.175.240 - - [20/Mar/2023:00:42:39 -0500] "GET / HTTP/1.1" 200 4720
192.168.175.240 - - [20/Mar/2023:00:43:39 -0500] "GET / HTTP/1.1" 200 4720
192.168.175.240 - - [20/Mar/2023:00:44:39 -0500] "GET / HTTP/1.1" 200 4720
172.22.2.4 - - [20/Mar/2023:00:43:23 -0500] "HEAD /BLA/boletinlegal/ HTTP/1.1" 200 -
192.168.175.240 - - [20/Mar/2023:00:45:39 -0500] "GET / HTTP/1.1" 200 4720
172.22.2.4 - - [20/Mar/2023:00:44:13 -0500] "GET /BLA/boletinlegal/ HTTP/1.1" 200 55924
52.16.60.102 - - [20/Mar/2023:00:46:18 -0500] "-" 408 -
216.245.221.92 - - [20/Mar/2023:00:46:34 -0500] "HEAD / HTTP/1.1" 200 -
192.168.175.240 - - [20/Mar/2023:00:46:39 -0500] "GET / HTTP/1.1" 200 4720
193.58.108.208 - - [20/Mar/2023:00:46:39 -0500] "HEAD /cooperacion-internacional-postulate-para-la-coordinacion-ambiental-de-proyecto-con-la-union-europea-avantia.html HTTP/1.1" 200 -
5.157.28.180 - - [20/Mar/2023:00:46:40 -0500] "GET /cooperacion-internacional-postulate-para-la-coordinacion-ambiental-de-proyecto-con-la-union-europea-avantia.html HTTP/1.1" 200 1020
34.91.217.223 - - [20/Mar/2023:00:46:54 -0500] "GET /inventario-de-emisiones-2020-transporte-publico-sitp-redujo-emisiones-de-pm-2-5-en-un-37.html HTTP/1.1" 200 925
201.245.192.253 - - [20/Mar/2023:00:47:10 -0500] "POST /kwsrmcab/Wsrmcab  HTTP/1.1" 200 42239
192.168.175.240 - - [20/Mar/2023:00:47:39 -0500] "GET / HTTP/1.1" 200 4720
192.168.175.240 - - [20/Mar/2023:00:48:39 -0500] "GET / HTTP/1.1" 200 4720
152.61.192.232 - - [20/Mar/2023:00:48:48 -0500] "GET /arcgis/services/Calidad_del_Agua_WQI/MapServer/WMSServer?request=GetCapabilities&service=WMS HTTP/1.1" 503 1020
152.61.192.232 - - [20/Mar/2023:00:48:49 -0500] "GET /arcgis/services/Calidad_del_Agua_WQI/MapServer/WMSServer?SERVICE=WMS&REQUEST=GetCapabilities HTTP/1.1" 503 1020
152.61.192.232 - - [20/Mar/2023:00:48:49 -0500] "GET /arcgis/services/Calidad_del_Agua_WQI/MapServer/WMSServer?WMTVER=1.0.0&REQUEST=capabilities HTTP/1.1" 503 1020
66.249.79.111 - - [20/Mar/2023:00:49:36 -0500] "-" 408 -
192.168.175.240 - - [20/Mar/2023:00:49:39 -0500] "GET / HTTP/1.1" 200 4720
201.244.229.212 - - [20/Mar/2023:00:50:12 -0500] "POST /sipse/faces/presentacion/financiero/solicitudProceso/consultarSolicitudProceso.xhtml HTTP/1.1" 200 46448
201.244.229.212 - - [20/Mar/2023:00:50:14 -0500] "GET /sipse/faces/javax.faces.resource/theme.css?ln=primefaces-sipse HTTP/1.1" 304 -
201.244.229.212 - - [20/Mar/2023:00:50:14 -0500] "GET /sipse/faces/javax.faces.resource/primefaces.css?ln=primefaces&v=4.0 HTTP/1.1" 304 -
201.244.229.212 - - [20/Mar/2023:00:50:14 -0500] "GET /sipse/faces/javax.faces.resource/layout/layout.css?ln=primefaces&v=4.0 HTTP/1.1" 304 -
201.244.229.212 - - [20/Mar/2023:00:50:14 -0500] "GET /sipse/faces/javax.faces.resource/jquery/jquery.js?ln=primefaces&v=4.0 HTTP/1.1" 304 -
201.244.229.212 - - [20/Mar/2023:00:50:14 -0500] "GET /sipse/faces/javax.faces.resource/jquery/jquery-plugins.js?ln=primefaces&v=4.0 HTTP/1.1" 304 -
201.244.229.212 - - [20/Mar/2023:00:50:15 -0500] "GET /sipse/faces/javax.faces.resource/primefaces.js?ln=primefaces&v=4.0 HTTP/1.1" 304 -
201.244.229.212 - - [20/Mar/2023:00:50:15 -0500] "GET /sipse/faces/javax.faces.resource/layout/layout.js?ln=primefaces&v=4.0 HTTP/1.1" 304 -
201.244.229.212 - - [20/Mar/2023:00:50:15 -0500] "GET /sipse/faces/javax.faces.resource/messages/messages.png?ln=primefaces&v=4.0 HTTP/1.1" 304 -
201.244.229.212 - - [20/Mar/2023:00:50:15 -0500] "POST /sipse/faces/presentacion/financiero/solicitudProceso/listarSolicitudProceso.xhtml HTTP/1.1" 200 1480
201.244.229.212 - - [20/Mar/2023:00:50:20 -0500] "POST /sipse/faces/presentacion/financiero/solicitudProceso/listarSolicitudProceso.xhtml HTTP/1.1" 200 13320
192.168.175.240 - - [20/Mar/2023:00:50:39 -0500] "GET / HTTP/1.1" 200 4720
172.22.2.4 - - [20/Mar/2023:00:49:13 -0500] "HEAD /BLA/boletinlegal/ HTTP/1.1" 200 -
201.244.229.212 - - [20/Mar/2023:00:50:57 -0500] "POST /sipse/faces/presentacion/financiero/solicitudProceso/listarSolicitudProceso.xhtml HTTP/1.1" 200 153047
201.244.229.212 - - [20/Mar/2023:00:50:58 -0500] "GET /sipse/faces/javax.faces.resource/theme.css?ln=primefaces-sipse HTTP/1.1" 304 -
201.244.229.212 - - [20/Mar/2023:00:50:58 -0500] "GET /sipse/faces/javax.faces.resource/layout/layout.css?ln=primefaces&v=4.0 HTTP/1.1" 304 -
201.244.229.212 - - [20/Mar/2023:00:50:58 -0500] "GET /sipse/faces/javax.faces.resource/primefaces.css?ln=primefaces&v=4.0 HTTP/1.1" 304 -
201.244.229.212 - - [20/Mar/2023:00:50:58 -0500] "GET /sipse/faces/javax.faces.resource/jquery/jquery.js?ln=primefaces&v=4.0 HTTP/1.1" 304 -
201.244.229.212 - - [20/Mar/2023:00:50:58 -0500] "GET /sipse/faces/javax.faces.resource/jquery/jquery-plugins.js?ln=primefaces&v=4.0 HTTP/1.1" 304 -
201.244.229.212 - - [20/Mar/2023:00:50:58 -0500] "GET /sipse/faces/javax.faces.resource/primefaces.js?ln=primefaces&v=4.0 HTTP/1.1" 304 -
201.244.229.212 - - [20/Mar/2023:00:50:58 -0500] "GET /sipse/faces/javax.faces.resource/layout/layout.js?ln=primefaces&v=4.0 HTTP/1.1" 304 -
216.245.221.92 - - [20/Mar/2023:00:51:34 -0500] "HEAD / HTTP/1.1" 200 -
192.168.175.240 - - [20/Mar/2023:00:51:39 -0500] "GET / HTTP/1.1" 200 4720
172.22.2.4 - - [20/Mar/2023:00:50:03 -0500] "GET /BLA/boletinlegal/ HTTP/1.1" 200 51967
201.244.235.74 - - [20/Mar/2023:00:51:48 -0500] "GET /sipse/faces/javax.faces.resource/images/ui-bg_flat_0_2d5972_40x100.png?ln=primefaces-aristo HTTP/1.1" 304 -
201.244.235.74 - - [20/Mar/2023:00:51:48 -0500] "POST /sipse/faces/presentacion/financiero/solicitudProceso/consultarSolicitudProceso.xhtml HTTP/1.1" 200 40948
201.244.235.74 - - [20/Mar/2023:00:51:49 -0500] "GET /sipse/faces/javax.faces.resource/theme.css?ln=primefaces-sipse HTTP/1.1" 304 -
201.244.235.74 - - [20/Mar/2023:00:51:49 -0500] "GET /sipse/faces/javax.faces.resource/primefaces.css?ln=primefaces&v=4.0 HTTP/1.1" 304 -
201.244.235.74 - - [20/Mar/2023:00:51:49 -0500] "GET /sipse/faces/javax.faces.resource/layout/layout.css?ln=primefaces&v=4.0 HTTP/1.1" 304 -
201.244.235.74 - - [20/Mar/2023:00:51:49 -0500] "GET /sipse/faces/javax.faces.resource/jquery/jquery.js?ln=primefaces&v=4.0 HTTP/1.1" 304 -
201.244.235.74 - - [20/Mar/2023:00:51:49 -0500] "GET /sipse/faces/javax.faces.resource/jquery/jquery-plugins.js?ln=primefaces&v=4.0 HTTP/1.1" 304 -
201.244.235.74 - - [20/Mar/2023:00:51:49 -0500] "GET /sipse/faces/javax.faces.resource/primefaces.js?ln=primefaces&v=4.0 HTTP/1.1" 304 -
201.244.235.74 - - [20/Mar/2023:00:51:49 -0500] "GET /sipse/faces/javax.faces.resource/layout/layout.js?ln=primefaces&v=4.0 HTTP/1.1" 304 -
201.244.235.74 - - [20/Mar/2023:00:51:49 -0500] "POST /sipse/faces/presentacion/financiero/solicitudProceso/consultar.xhtml HTTP/1.1" 200 34318
201.244.235.74 - - [20/Mar/2023:00:51:49 -0500] "POST /sipse/faces/presentacion/financiero/solicitudProceso/consultar.xhtml HTTP/1.1" 200 34318
201.244.235.74 - - [20/Mar/2023:00:51:50 -0500] "POST /sipse/faces/presentacion/financiero/solicitudProceso/consultar.xhtml HTTP/1.1" 200 34318
201.244.235.74 - - [20/Mar/2023:00:51:50 -0500] "POST /sipse/faces/presentacion/financiero/solicitudProceso/consultar.xhtml HTTP/1.1" 200 34318
201.244.235.74 - - [20/Mar/2023:00:51:50 -0500] "POST /sipse/faces/presentacion/financiero/solicitudProceso/consultar.xhtml HTTP/1.1" 200 34318
201.244.235.74 - - [20/Mar/2023:00:51:50 -0500] "POST /sipse/faces/presentacion/financiero/solicitudProceso/consultar.xhtml HTTP/1.1" 200 34318
201.244.235.74 - - [20/Mar/2023:00:51:51 -0500] "POST /sipse/faces/presentacion/financiero/solicitudProceso/consultar.xhtml HTTP/1.1" 200 34318
201.244.235.74 - - [20/Mar/2023:00:51:51 -0500] "POST /sipse/faces/presentacion/financiero/solicitudProceso/consultar.xhtml HTTP/1.1" 200 34318
201.244.235.74 - - [20/Mar/2023:00:51:51 -0500] "POST /sipse/faces/presentacion/financiero/solicitudProceso/consultar.xhtml HTTP/1.1" 200 34318
201.244.235.74 - - [20/Mar/2023:00:51:51 -0500] "POST /sipse/faces/presentacion/financiero/solicitudProceso/consultar.xhtml HTTP/1.1" 200 34318
201.244.235.74 - - [20/Mar/2023:00:51:52 -0500] "POST /sipse/faces/presentacion/financiero/solicitudProceso/consultar.xhtml HTTP/1.1" 200 34318
201.244.235.74 - - [20/Mar/2023:00:51:52 -0500] "POST /sipse/faces/presentacion/financiero/solicitudProceso/consultar.xhtml HTTP/1.1" 200 34318
201.244.235.74 - - [20/Mar/2023:00:51:52 -0500] "POST /sipse/faces/presentacion/financiero/solicitudProceso/consultar.xhtml HTTP/1.1" 200 34318
201.244.235.74 - - [20/Mar/2023:00:51:52 -0500] "POST /sipse/faces/presentacion/financiero/solicitudProceso/consultar.xhtml HTTP/1.1" 200 34318
201.244.235.74 - - [20/Mar/2023:00:51:53 -0500] "POST /sipse/faces/presentacion/financiero/solicitudProceso/consultar.xhtml HTTP/1.1" 200 34318
201.244.235.74 - - [20/Mar/2023:00:51:53 -0500] "POST /sipse/faces/presentacion/financiero/solicitudProceso/consultar.xhtml HTTP/1.1" 200 34318
172.22.2.4 - - [20/Mar/2023:00:50:14 -0500] "GET /BLA/boletinlegal/ HTTP/1.1" 200 54414
201.244.235.74 - - [20/Mar/2023:00:51:57 -0500] "POST /sipse/faces/presentacion/financiero/solicitudProceso/consultar.xhtml HTTP/1.1" 200 13033
201.244.235.74 - - [20/Mar/2023:00:52:05 -0500] "POST /sipse/faces/presentacion/financiero/solicitudProceso/consultar.xhtml HTTP/1.1" 200 153750
201.244.235.74 - - [20/Mar/2023:00:52:06 -0500] "GET /sipse/faces/javax.faces.resource/theme.css?ln=primefaces-sipse HTTP/1.1" 304 -
201.244.235.74 - - [20/Mar/2023:00:52:06 -0500] "GET /sipse/faces/javax.faces.resource/layout/layout.css?ln=primefaces&v=4.0 HTTP/1.1" 304 -
201.244.235.74 - - [20/Mar/2023:00:52:06 -0500] "GET /sipse/faces/javax.faces.resource/primefaces.css?ln=primefaces&v=4.0 HTTP/1.1" 304 -
201.244.235.74 - - [20/Mar/2023:00:52:06 -0500] "GET /sipse/faces/javax.faces.resource/jquery/jquery.js?ln=primefaces&v=4.0 HTTP/1.1" 304 -
201.244.235.74 - - [20/Mar/2023:00:52:06 -0500] "GET /sipse/faces/javax.faces.resource/jquery/jquery-plugins.js?ln=primefaces&v=4.0 HTTP/1.1" 304 -
201.244.235.74 - - [20/Mar/2023:00:52:06 -0500] "GET /sipse/faces/javax.faces.resource/primefaces.js?ln=primefaces&v=4.0 HTTP/1.1" 304 -
201.244.235.74 - - [20/Mar/2023:00:52:06 -0500] "GET /sipse/faces/javax.faces.resource/layout/layout.js?ln=primefaces&v=4.0 HTTP/1.1" 304 -
201.244.235.74 - - [20/Mar/2023:00:52:10 -0500] "POST /sipse/faces/presentacion/financiero/solicitudProceso/consultarSolicitudProceso.xhtml HTTP/1.1" 200 424202
201.244.229.212 - - [20/Mar/2023:00:52:11 -0500] "POST /sipse/faces/presentacion/financiero/solicitudProceso/consultarSolicitudProceso.xhtml HTTP/1.1" 200 111088
201.244.235.74 - - [20/Mar/2023:00:52:12 -0500] "POST /sipse/faces/presentacion/financiero/solicitudProceso/consultarSolicitudProceso.xhtml HTTP/1.1" 200 160395
201.245.192.253 - - [20/Mar/2023:00:52:10 -0500] "POST /kwsrmcab/Wsrmcab  HTTP/1.1" 200 42239
192.168.175.240 - - [20/Mar/2023:00:52:39 -0500] "GET / HTTP/1.1" 200 4720
192.168.175.240 - - [20/Mar/2023:00:53:39 -0500] "GET / HTTP/1.1" 200 4720
201.244.229.212 - - [20/Mar/2023:00:54:00 -0500] "POST /sipse/faces/presentacion/financiero/solicitudProceso/consultarSolicitudProceso.xhtml HTTP/1.1" 200 463917
201.244.229.212 - - [20/Mar/2023:00:54:14 -0500] "POST /sipse/faces/presentacion/financiero/solicitudProceso/consultarSolicitudProceso.xhtml HTTP/1.1" 200 751656
192.168.175.240 - - [20/Mar/2023:00:54:39 -0500] "GET / HTTP/1.1" 200 4720
192.168.175.240 - - [20/Mar/2023:00:55:39 -0500] "GET / HTTP/1.1" 200 4720
216.245.221.92 - - [20/Mar/2023:00:56:34 -0500] "HEAD / HTTP/1.1" 200 -
192.168.175.240 - - [20/Mar/2023:00:56:39 -0500] "GET / HTTP/1.1" 200 4720
172.22.2.4 - - [20/Mar/2023:00:55:03 -0500] "HEAD /BLA/boletinlegal/ HTTP/1.1" 200 -
201.245.192.253 - - [20/Mar/2023:00:57:10 -0500] "POST /kwsrmcab/Wsrmcab  HTTP/1.1" 200 42239
172.22.2.4 - - [20/Mar/2023:00:55:53 -0500] "GET /BLA/boletinlegal/ HTTP/1.1" 200 57551
192.168.175.240 - - [20/Mar/2023:00:57:39 -0500] "GET / HTTP/1.1" 200 4720
68.183.186.124 - - [20/Mar/2023:00:57:41 -0500] "GET /portaldeninos/ HTTP/1.1" 200 110197
192.168.175.240 - - [20/Mar/2023:00:58:39 -0500] "GET / HTTP/1.1" 200 4720
192.168.175.240 - - [20/Mar/2023:00:59:39 -0500] "GET / HTTP/1.1" 200 4720
201.244.235.74 - - [20/Mar/2023:01:00:32 -0500] "GET /sipse/faces/javax.faces.resource/images/ui-bg_flat_0_2d5972_40x100.png?ln=primefaces-aristo HTTP/1.1" 304 -
201.244.235.74 - - [20/Mar/2023:01:00:32 -0500] "POST /sipse/faces/presentacion/financiero/solicitudProceso/consultarSolicitudProceso.xhtml HTTP/1.1" 200 41058
201.244.235.74 - - [20/Mar/2023:01:00:32 -0500] "GET /sipse/faces/javax.faces.resource/theme.css?ln=primefaces-sipse HTTP/1.1" 304 -
201.244.235.74 - - [20/Mar/2023:01:00:32 -0500] "GET /sipse/faces/javax.faces.resource/primefaces.css?ln=primefaces&v=4.0 HTTP/1.1" 304 -
201.244.235.74 - - [20/Mar/2023:01:00:32 -0500] "GET /sipse/faces/javax.faces.resource/jquery/jquery.js?ln=primefaces&v=4.0 HTTP/1.1" 304 -
201.244.235.74 - - [20/Mar/2023:01:00:32 -0500] "GET /sipse/faces/javax.faces.resource/layout/layout.css?ln=primefaces&v=4.0 HTTP/1.1" 304 -
201.244.235.74 - - [20/Mar/2023:01:00:32 -0500] "GET /sipse/faces/javax.faces.resource/jquery/jquery-plugins.js?ln=primefaces&v=4.0 HTTP/1.1" 304 -
201.244.235.74 - - [20/Mar/2023:01:00:32 -0500] "GET /sipse/faces/javax.faces.resource/primefaces.js?ln=primefaces&v=4.0 HTTP/1.1" 304 -
201.244.235.74 - - [20/Mar/2023:01:00:32 -0500] "GET /sipse/faces/javax.faces.resource/layout/layout.js?ln=primefaces&v=4.0 HTTP/1.1" 304 -
201.244.235.74 - - [20/Mar/2023:01:00:33 -0500] "POST /sipse/faces/presentacion/financiero/solicitudProceso/consultar.xhtml HTTP/1.1" 200 34428
201.244.235.74 - - [20/Mar/2023:01:00:33 -0500] "POST /sipse/faces/presentacion/financiero/solicitudProceso/consultar.xhtml HTTP/1.1" 200 34428
201.244.235.74 - - [20/Mar/2023:01:00:33 -0500] "POST /sipse/faces/presentacion/financiero/solicitudProceso/consultar.xhtml HTTP/1.1" 200 34428
201.244.235.74 - - [20/Mar/2023:01:00:33 -0500] "POST /sipse/faces/presentacion/financiero/solicitudProceso/consultar.xhtml HTTP/1.1" 200 34428
201.244.235.74 - - [20/Mar/2023:01:00:34 -0500] "POST /sipse/faces/presentacion/financiero/solicitudProceso/consultar.xhtml HTTP/1.1" 200 34428
201.244.235.74 - - [20/Mar/2023:01:00:34 -0500] "POST /sipse/faces/presentacion/financiero/solicitudProceso/consultar.xhtml HTTP/1.1" 200 34428
201.244.235.74 - - [20/Mar/2023:01:00:34 -0500] "POST /sipse/faces/presentacion/financiero/solicitudProceso/consultar.xhtml HTTP/1.1" 200 34428
201.244.235.74 - - [20/Mar/2023:01:00:35 -0500] "POST /sipse/faces/presentacion/financiero/solicitudProceso/consultar.xhtml HTTP/1.1" 200 34428
201.244.235.74 - - [20/Mar/2023:01:00:35 -0500] "POST /sipse/faces/presentacion/financiero/solicitudProceso/consultar.xhtml HTTP/1.1" 200 34428
201.244.235.74 - - [20/Mar/2023:01:00:35 -0500] "POST /sipse/faces/presentacion/financiero/solicitudProceso/consultar.xhtml HTTP/1.1" 200 34428
201.244.235.74 - - [20/Mar/2023:01:00:35 -0500] "POST /sipse/faces/presentacion/financiero/solicitudProceso/consultar.xhtml HTTP/1.1" 200 34428
201.244.235.74 - - [20/Mar/2023:01:00:36 -0500] "POST /sipse/faces/presentacion/financiero/solicitudProceso/consultar.xhtml HTTP/1.1" 200 34428
201.244.235.74 - - [20/Mar/2023:01:00:36 -0500] "POST /sipse/faces/presentacion/financiero/solicitudProceso/consultar.xhtml HTTP/1.1" 200 34428
201.244.235.74 - - [20/Mar/2023:01:00:36 -0500] "POST /sipse/faces/presentacion/financiero/solicitudProceso/consultar.xhtml HTTP/1.1" 200 34428
201.244.235.74 - - [20/Mar/2023:01:00:36 -0500] "POST /sipse/faces/presentacion/financiero/solicitudProceso/consultar.xhtml HTTP/1.1" 200 34428
201.244.235.74 - - [20/Mar/2023:01:00:37 -0500] "POST /sipse/faces/presentacion/financiero/solicitudProceso/consultar.xhtml HTTP/1.1" 200 34428
201.244.235.74 - - [20/Mar/2023:01:00:37 -0500] "POST /sipse/faces/presentacion/financiero/solicitudProceso/consultar.xhtml HTTP/1.1" 200 34428
201.244.235.74 - - [20/Mar/2023:01:00:37 -0500] "POST /sipse/faces/presentacion/financiero/solicitudProceso/consultar.xhtml HTTP/1.1" 200 34428
192.168.175.240 - - [20/Mar/2023:01:00:39 -0500] "GET / HTTP/1.1" 200 4720
201.244.235.74 - - [20/Mar/2023:01:00:40 -0500] "POST /sipse/faces/presentacion/financiero/solicitudProceso/consultar.xhtml HTTP/1.1" 200 12911
201.244.235.74 - - [20/Mar/2023:01:00:46 -0500] "POST /sipse/faces/presentacion/financiero/solicitudProceso/consultar.xhtml HTTP/1.1" 200 155022
201.244.235.74 - - [20/Mar/2023:01:00:47 -0500] "GET /sipse/faces/javax.faces.resource/primefaces.css?ln=primefaces&v=4.0 HTTP/1.1" 304 -
201.244.235.74 - - [20/Mar/2023:01:00:47 -0500] "GET /sipse/faces/javax.faces.resource/layout/layout.css?ln=primefaces&v=4.0 HTTP/1.1" 304 -
201.244.235.74 - - [20/Mar/2023:01:00:47 -0500] "GET /sipse/faces/javax.faces.resource/theme.css?ln=primefaces-sipse HTTP/1.1" 304 -
201.244.235.74 - - [20/Mar/2023:01:00:48 -0500] "GET /sipse/faces/javax.faces.resource/jquery/jquery.js?ln=primefaces&v=4.0 HTTP/1.1" 304 -
201.244.235.74 - - [20/Mar/2023:01:00:48 -0500] "GET /sipse/faces/javax.faces.resource/jquery/jquery-plugins.js?ln=primefaces&v=4.0 HTTP/1.1" 304 -
201.244.235.74 - - [20/Mar/2023:01:00:48 -0500] "GET /sipse/faces/javax.faces.resource/primefaces.js?ln=primefaces&v=4.0 HTTP/1.1" 304 -
201.244.235.74 - - [20/Mar/2023:01:00:48 -0500] "GET /sipse/faces/javax.faces.resource/layout/layout.js?ln=primefaces&v=4.0 HTTP/1.1" 304 -
201.244.235.74 - - [20/Mar/2023:01:00:55 -0500] "POST /sipse/faces/presentacion/financiero/solicitudProceso/consultarSolicitudProceso.xhtml HTTP/1.1" 200 381654
69.171.249.9 - - [20/Mar/2023:01:00:56 -0500] "GET /images/calidad-del-aire-suroccidental_optimized.jpeg HTTP/1.1" 200 175446
69.171.251.14 - - [20/Mar/2023:01:00:57 -0500] "GET /images/Secretarias%20Fondo%20carga%206%20de%20febrero.jpeg HTTP/1.1" 200 55460
173.252.87.7 - - [20/Mar/2023:01:00:57 -0500] "GET /images/Sello%201%20JA-2.jpeg HTTP/1.1" 200 42236
201.244.235.74 - - [20/Mar/2023:01:00:56 -0500] "POST /sipse/faces/presentacion/financiero/solicitudProceso/consultarSolicitudProceso.xhtml HTTP/1.1" 200 160140
172.22.2.4 - - [20/Mar/2023:01:01:32 -0500] "GET /BLA/boletinlegal/actos.php HTTP/1.1" 200 9672
216.245.221.92 - - [20/Mar/2023:01:01:34 -0500] "HEAD / HTTP/1.1" 200 -
192.168.175.240 - - [20/Mar/2023:01:01:39 -0500] "GET / HTTP/1.1" 200 4720
201.245.192.253 - - [20/Mar/2023:01:02:09 -0500] "POST /kwsrmcab/Wsrmcab  HTTP/1.1" 200 42239
172.22.2.4 - - [20/Mar/2023:01:00:53 -0500] "HEAD /BLA/boletinlegal/ HTTP/1.1" 200 -
