192.168.175.240 - - [20/Mar/2023:01:02:39 -0500] "GET / HTTP/1.1" 200 4720
172.22.2.4 - - [20/Mar/2023:01:01:43 -0500] "GET /BLA/boletinlegal/ HTTP/1.1" 200 57551
192.168.175.240 - - [20/Mar/2023:01:03:39 -0500] "GET / HTTP/1.1" 200 4720
172.22.2.4 - - [20/Mar/2023:01:04:27 -0500] "GET /BLA/boletinlegal/actos.php HTTP/1.1" 200 9672
66.249.79.111 - - [20/Mar/2023:01:04:36 -0500] "-" 408 -
192.168.175.240 - - [20/Mar/2023:01:04:38 -0500] "GET / HTTP/1.1" 200 4720
199.16.157.181 - - [20/Mar/2023:01:04:59 -0500] "GET /images/Sello%201%20-2-2.jpg HTTP/1.1" 200 81559
192.168.175.240 - - [20/Mar/2023:01:05:38 -0500] "GET / HTTP/1.1" 200 4720
152.61.128.50 - - [20/Mar/2023:01:06:28 -0500] "GET /arcgis/services/Calidad_del_Agua_WQI/MapServer/WMSServer?request=GetCapabilities&service=WMS HTTP/1.1" 503 1020
152.61.128.50 - - [20/Mar/2023:01:06:30 -0500] "GET /arcgis/services/Calidad_del_Agua_WQI/MapServer/WMSServer?SERVICE=WMS&REQUEST=GetCapabilities HTTP/1.1" 503 1020
152.61.128.50 - - [20/Mar/2023:01:06:30 -0500] "GET /arcgis/services/Calidad_del_Agua_WQI/MapServer/WMSServer?WMTVER=1.0.0&REQUEST=capabilities HTTP/1.1" 503 1020
216.245.221.92 - - [20/Mar/2023:01:06:34 -0500] "HEAD / HTTP/1.1" 200 -
192.168.175.240 - - [20/Mar/2023:01:06:38 -0500] "GET / HTTP/1.1" 200 4720
201.245.192.253 - - [20/Mar/2023:01:07:08 -0500] "POST /kwsrmcab/Wsrmcab  HTTP/1.1" 200 42239
192.168.175.240 - - [20/Mar/2023:01:07:38 -0500] "GET / HTTP/1.1" 200 4720
40.77.167.211 - - [20/Mar/2023:01:07:58 -0500] "GET /BLA/resoluciones/AUTOS%202018/3011.pdf HTTP/1.1" 200 274817
172.22.2.4 - - [20/Mar/2023:01:06:43 -0500] "HEAD /BLA/boletinlegal/ HTTP/1.1" 200 -
192.168.175.240 - - [20/Mar/2023:01:08:38 -0500] "GET / HTTP/1.1" 200 4720
172.22.2.4 - - [20/Mar/2023:01:07:33 -0500] "GET /BLA/boletinlegal/ HTTP/1.1" 200 56277
66.249.70.182 - - [20/Mar/2023:01:09:38 -0500] "-" 408 -
192.168.175.240 - - [20/Mar/2023:01:09:38 -0500] "GET / HTTP/1.1" 200 4720
192.168.175.240 - - [20/Mar/2023:01:10:38 -0500] "GET / HTTP/1.1" 200 4720
216.245.221.92 - - [20/Mar/2023:01:11:34 -0500] "HEAD / HTTP/1.1" 200 -
192.168.175.240 - - [20/Mar/2023:01:11:38 -0500] "GET / HTTP/1.1" 200 4720
172.22.2.4 - - [20/Mar/2023:01:11:55 -0500] "GET /BLA/boletinlegal/favicon.ico HTTP/1.1" 404 1018
172.22.2.4 - - [20/Mar/2023:01:11:39 -0500] "GET /BLA/boletinlegal/ HTTP/1.1" 200 20427
201.245.192.253 - - [20/Mar/2023:01:12:07 -0500] "POST /kwsrmcab/Wsrmcab  HTTP/1.1" 200 42239
172.22.2.4 - - [20/Mar/2023:01:11:40 -0500] "GET /BLA/boletinlegal/ HTTP/1.1" 200 28619
192.168.175.240 - - [20/Mar/2023:01:12:38 -0500] "GET / HTTP/1.1" 200 4720
179.43.177.242 - - [20/Mar/2023:01:12:51 -0500] "GET / HTTP/1.1" 200 319
192.168.175.240 - - [20/Mar/2023:01:13:38 -0500] "GET / HTTP/1.1" 200 4720
172.22.2.4 - - [20/Mar/2023:01:12:33 -0500] "HEAD /BLA/boletinlegal/ HTTP/1.1" 200 -
192.168.175.240 - - [20/Mar/2023:01:14:38 -0500] "GET / HTTP/1.1" 200 4720
172.22.2.4 - - [20/Mar/2023:01:13:23 -0500] "GET /BLA/boletinlegal/ HTTP/1.1" 200 52720
192.168.175.240 - - [20/Mar/2023:01:15:38 -0500] "GET / HTTP/1.1" 200 4720
216.245.221.92 - - [20/Mar/2023:01:16:34 -0500] "HEAD / HTTP/1.1" 200 -
192.168.175.240 - - [20/Mar/2023:01:16:38 -0500] "GET / HTTP/1.1" 200 4720
201.245.192.253 - - [20/Mar/2023:01:17:06 -0500] "POST /kwsrmcab/Wsrmcab  HTTP/1.1" 200 42239
192.168.175.240 - - [20/Mar/2023:01:17:38 -0500] "GET / HTTP/1.1" 200 4720
201.244.235.74 - - [20/Mar/2023:01:17:50 -0500] "GET /sipse/faces/javax.faces.resource/images/ui-bg_flat_0_2d5972_40x100.png?ln=primefaces-aristo HTTP/1.1" 304 -
201.244.235.74 - - [20/Mar/2023:01:17:50 -0500] "POST /sipse/faces/presentacion/financiero/solicitudProceso/consultarSolicitudProceso.xhtml HTTP/1.1" 200 40936
201.244.235.74 - - [20/Mar/2023:01:17:51 -0500] "GET /sipse/faces/javax.faces.resource/theme.css?ln=primefaces-sipse HTTP/1.1" 304 -
201.244.235.74 - - [20/Mar/2023:01:17:51 -0500] "GET /sipse/faces/javax.faces.resource/primefaces.css?ln=primefaces&v=4.0 HTTP/1.1" 304 -
201.244.235.74 - - [20/Mar/2023:01:17:51 -0500] "GET /sipse/faces/javax.faces.resource/jquery/jquery.js?ln=primefaces&v=4.0 HTTP/1.1" 304 -
201.244.235.74 - - [20/Mar/2023:01:17:51 -0500] "GET /sipse/faces/javax.faces.resource/layout/layout.css?ln=primefaces&v=4.0 HTTP/1.1" 304 -
201.244.235.74 - - [20/Mar/2023:01:17:51 -0500] "GET /sipse/faces/javax.faces.resource/jquery/jquery-plugins.js?ln=primefaces&v=4.0 HTTP/1.1" 304 -
201.244.235.74 - - [20/Mar/2023:01:17:51 -0500] "GET /sipse/faces/javax.faces.resource/primefaces.js?ln=primefaces&v=4.0 HTTP/1.1" 304 -
201.244.235.74 - - [20/Mar/2023:01:17:51 -0500] "GET /sipse/faces/javax.faces.resource/layout/layout.js?ln=primefaces&v=4.0 HTTP/1.1" 304 -
201.244.235.74 - - [20/Mar/2023:01:17:51 -0500] "POST /sipse/faces/presentacion/financiero/solicitudProceso/consultar.xhtml HTTP/1.1" 200 34306
201.244.235.74 - - [20/Mar/2023:01:17:51 -0500] "POST /sipse/faces/presentacion/financiero/solicitudProceso/consultar.xhtml HTTP/1.1" 200 34306
201.244.235.74 - - [20/Mar/2023:01:17:52 -0500] "POST /sipse/faces/presentacion/financiero/solicitudProceso/consultar.xhtml HTTP/1.1" 200 34306
201.244.235.74 - - [20/Mar/2023:01:17:52 -0500] "POST /sipse/faces/presentacion/financiero/solicitudProceso/consultar.xhtml HTTP/1.1" 200 34306
201.244.235.74 - - [20/Mar/2023:01:17:52 -0500] "POST /sipse/faces/presentacion/financiero/solicitudProceso/consultar.xhtml HTTP/1.1" 200 34306
201.244.235.74 - - [20/Mar/2023:01:17:52 -0500] "POST /sipse/faces/presentacion/financiero/solicitudProceso/consultar.xhtml HTTP/1.1" 200 34306
201.244.235.74 - - [20/Mar/2023:01:17:53 -0500] "POST /sipse/faces/presentacion/financiero/solicitudProceso/consultar.xhtml HTTP/1.1" 200 34306
201.244.235.74 - - [20/Mar/2023:01:17:53 -0500] "POST /sipse/faces/presentacion/financiero/solicitudProceso/consultar.xhtml HTTP/1.1" 200 34306
201.244.235.74 - - [20/Mar/2023:01:17:53 -0500] "POST /sipse/faces/presentacion/financiero/solicitudProceso/consultar.xhtml HTTP/1.1" 200 34306
201.244.235.74 - - [20/Mar/2023:01:17:53 -0500] "POST /sipse/faces/presentacion/financiero/solicitudProceso/consultar.xhtml HTTP/1.1" 200 34306
201.244.235.74 - - [20/Mar/2023:01:17:54 -0500] "POST /sipse/faces/presentacion/financiero/solicitudProceso/consultar.xhtml HTTP/1.1" 200 34306
201.244.235.74 - - [20/Mar/2023:01:17:54 -0500] "POST /sipse/faces/presentacion/financiero/solicitudProceso/consultar.xhtml HTTP/1.1" 200 34306
201.244.235.74 - - [20/Mar/2023:01:17:54 -0500] "POST /sipse/faces/presentacion/financiero/solicitudProceso/consultar.xhtml HTTP/1.1" 200 34306
201.244.235.74 - - [20/Mar/2023:01:17:54 -0500] "POST /sipse/faces/presentacion/financiero/solicitudProceso/consultar.xhtml HTTP/1.1" 200 34306
201.244.235.74 - - [20/Mar/2023:01:17:55 -0500] "POST /sipse/faces/presentacion/financiero/solicitudProceso/consultar.xhtml HTTP/1.1" 200 34306
201.244.235.74 - - [20/Mar/2023:01:17:55 -0500] "POST /sipse/faces/presentacion/financiero/solicitudProceso/consultar.xhtml HTTP/1.1" 200 34306
201.244.235.74 - - [20/Mar/2023:01:17:55 -0500] "POST /sipse/faces/presentacion/financiero/solicitudProceso/consultar.xhtml HTTP/1.1" 200 34306
201.244.235.74 - - [20/Mar/2023:01:17:55 -0500] "POST /sipse/faces/presentacion/financiero/solicitudProceso/consultar.xhtml HTTP/1.1" 200 34306
201.244.235.74 - - [20/Mar/2023:01:17:56 -0500] "POST /sipse/faces/presentacion/financiero/solicitudProceso/consultar.xhtml HTTP/1.1" 200 34306
201.244.235.74 - - [20/Mar/2023:01:17:56 -0500] "POST /sipse/faces/presentacion/financiero/solicitudProceso/consultar.xhtml HTTP/1.1" 200 34306
201.244.235.74 - - [20/Mar/2023:01:17:59 -0500] "POST /sipse/faces/presentacion/financiero/solicitudProceso/consultar.xhtml HTTP/1.1" 200 12982
201.244.235.74 - - [20/Mar/2023:01:18:03 -0500] "POST /sipse/faces/presentacion/financiero/solicitudProceso/consultar.xhtml HTTP/1.1" 200 162395
201.244.235.74 - - [20/Mar/2023:01:18:04 -0500] "GET /sipse/faces/javax.faces.resource/primefaces.css?ln=primefaces&v=4.0 HTTP/1.1" 304 -
201.244.235.74 - - [20/Mar/2023:01:18:04 -0500] "GET /sipse/faces/javax.faces.resource/theme.css?ln=primefaces-sipse HTTP/1.1" 304 -
201.244.235.74 - - [20/Mar/2023:01:18:04 -0500] "GET /sipse/faces/javax.faces.resource/layout/layout.css?ln=primefaces&v=4.0 HTTP/1.1" 304 -
201.244.235.74 - - [20/Mar/2023:01:18:04 -0500] "GET /sipse/faces/javax.faces.resource/jquery/jquery.js?ln=primefaces&v=4.0 HTTP/1.1" 304 -
201.244.235.74 - - [20/Mar/2023:01:18:04 -0500] "GET /sipse/faces/javax.faces.resource/jquery/jquery-plugins.js?ln=primefaces&v=4.0 HTTP/1.1" 304 -
201.244.235.74 - - [20/Mar/2023:01:18:04 -0500] "GET /sipse/faces/javax.faces.resource/primefaces.js?ln=primefaces&v=4.0 HTTP/1.1" 304 -
201.244.235.74 - - [20/Mar/2023:01:18:04 -0500] "GET /sipse/faces/javax.faces.resource/layout/layout.js?ln=primefaces&v=4.0 HTTP/1.1" 304 -
201.244.235.74 - - [20/Mar/2023:01:18:18 -0500] "POST /sipse/faces/presentacion/financiero/solicitudProceso/consultarSolicitudProceso.xhtml HTTP/1.1" 200 99663
201.244.235.74 - - [20/Mar/2023:01:18:20 -0500] "POST /sipse/faces/presentacion/financiero/solicitudProceso/consultarSolicitudProceso.xhtml HTTP/1.1" 200 353162
192.168.175.240 - - [20/Mar/2023:01:18:38 -0500] "GET / HTTP/1.1" 200 4720
172.22.2.4 - - [20/Mar/2023:01:19:02 -0500] "GET /BLA/boletinlegal/Circulares/2017/Circular%20No.%201%20del%2030%20de%20Marzo%20de%202017.pdf HTTP/1.1" 304 -
192.168.175.240 - - [20/Mar/2023:01:19:38 -0500] "GET / HTTP/1.1" 200 4720
172.22.2.4 - - [20/Mar/2023:01:18:23 -0500] "HEAD /BLA/boletinlegal/ HTTP/1.1" 200 -
201.245.192.253 - - [20/Mar/2023:01:20:36 -0500] "POST /kwsrmcab/Wsrmcab HTTP/1.1" 200 42110
192.168.175.240 - - [20/Mar/2023:01:20:38 -0500] "GET / HTTP/1.1" 200 4720
201.245.192.253 - - [20/Mar/2023:01:20:38 -0500] "POST /kwsrmcab/Wsrmcab HTTP/1.1" 200 43335
172.22.2.4 - - [20/Mar/2023:01:19:13 -0500] "GET /BLA/boletinlegal/ HTTP/1.1" 200 52316
216.245.221.92 - - [20/Mar/2023:01:21:34 -0500] "HEAD / HTTP/1.1" 200 -
201.244.235.74 - - [20/Mar/2023:01:21:34 -0500] "POST /sipse/faces/presentacion/financiero/solicitudProceso/consultarSolicitudProceso.xhtml HTTP/1.1" 200 353162
192.168.175.240 - - [20/Mar/2023:01:21:38 -0500] "GET / HTTP/1.1" 200 4720
201.244.235.74 - - [20/Mar/2023:01:21:48 -0500] "POST /sipse/faces/presentacion/financiero/solicitudProceso/consultarSolicitudProceso.xhtml HTTP/1.1" 200 160140
201.245.192.253 - - [20/Mar/2023:01:21:57 -0500] "POST /kwsrmcab/Wsrmcab  HTTP/1.1" 200 42239
192.168.175.240 - - [20/Mar/2023:01:22:38 -0500] "GET / HTTP/1.1" 200 4720
192.168.175.240 - - [20/Mar/2023:01:23:38 -0500] "GET / HTTP/1.1" 200 4720
192.168.175.240 - - [20/Mar/2023:01:24:38 -0500] "GET / HTTP/1.1" 200 4720
192.168.175.240 - - [20/Mar/2023:01:25:38 -0500] "GET / HTTP/1.1" 200 4720
52.167.144.71 - - [20/Mar/2023:01:25:42 -0500] "GET /BLA/resoluciones/RESOLUCIONES%202022/3135.pdf HTTP/1.1" 304 -
172.22.2.4 - - [20/Mar/2023:01:24:13 -0500] "HEAD /BLA/boletinlegal/ HTTP/1.1" 200 -
201.244.235.74 - - [20/Mar/2023:01:26:30 -0500] "GET /sipse/faces/javax.faces.resource/images/ui-bg_flat_0_2d5972_40x100.png?ln=primefaces-aristo HTTP/1.1" 304 -
201.244.235.74 - - [20/Mar/2023:01:26:30 -0500] "POST /sipse/faces/presentacion/financiero/solicitudProceso/consultarSolicitudProceso.xhtml HTTP/1.1" 200 41007
201.244.235.74 - - [20/Mar/2023:01:26:30 -0500] "GET /sipse/faces/javax.faces.resource/theme.css?ln=primefaces-sipse HTTP/1.1" 304 -
201.244.235.74 - - [20/Mar/2023:01:26:30 -0500] "GET /sipse/faces/javax.faces.resource/primefaces.css?ln=primefaces&v=4.0 HTTP/1.1" 304 -
201.244.235.74 - - [20/Mar/2023:01:26:30 -0500] "GET /sipse/faces/javax.faces.resource/layout/layout.css?ln=primefaces&v=4.0 HTTP/1.1" 304 -
201.244.235.74 - - [20/Mar/2023:01:26:30 -0500] "GET /sipse/faces/javax.faces.resource/jquery/jquery.js?ln=primefaces&v=4.0 HTTP/1.1" 304 -
201.244.235.74 - - [20/Mar/2023:01:26:30 -0500] "GET /sipse/faces/javax.faces.resource/jquery/jquery-plugins.js?ln=primefaces&v=4.0 HTTP/1.1" 304 -
201.244.235.74 - - [20/Mar/2023:01:26:30 -0500] "GET /sipse/faces/javax.faces.resource/primefaces.js?ln=primefaces&v=4.0 HTTP/1.1" 304 -
201.244.235.74 - - [20/Mar/2023:01:26:30 -0500] "GET /sipse/faces/javax.faces.resource/layout/layout.js?ln=primefaces&v=4.0 HTTP/1.1" 304 -
201.244.235.74 - - [20/Mar/2023:01:26:31 -0500] "POST /sipse/faces/presentacion/financiero/solicitudProceso/consultar.xhtml HTTP/1.1" 200 34377
201.244.235.74 - - [20/Mar/2023:01:26:31 -0500] "POST /sipse/faces/presentacion/financiero/solicitudProceso/consultar.xhtml HTTP/1.1" 200 34377
201.244.235.74 - - [20/Mar/2023:01:26:31 -0500] "POST /sipse/faces/presentacion/financiero/solicitudProceso/consultar.xhtml HTTP/1.1" 200 34377
201.244.235.74 - - [20/Mar/2023:01:26:31 -0500] "POST /sipse/faces/presentacion/financiero/solicitudProceso/consultar.xhtml HTTP/1.1" 200 34377
201.244.235.74 - - [20/Mar/2023:01:26:31 -0500] "POST /sipse/faces/presentacion/financiero/solicitudProceso/consultar.xhtml HTTP/1.1" 200 34377
201.244.235.74 - - [20/Mar/2023:01:26:32 -0500] "POST /sipse/faces/presentacion/financiero/solicitudProceso/consultar.xhtml HTTP/1.1" 200 34377
201.244.235.74 - - [20/Mar/2023:01:26:32 -0500] "POST /sipse/faces/presentacion/financiero/solicitudProceso/consultar.xhtml HTTP/1.1" 200 34377
201.244.235.74 - - [20/Mar/2023:01:26:32 -0500] "POST /sipse/faces/presentacion/financiero/solicitudProceso/consultar.xhtml HTTP/1.1" 200 34377
201.244.235.74 - - [20/Mar/2023:01:26:32 -0500] "POST /sipse/faces/presentacion/financiero/solicitudProceso/consultar.xhtml HTTP/1.1" 200 34377
201.244.235.74 - - [20/Mar/2023:01:26:33 -0500] "POST /sipse/faces/presentacion/financiero/solicitudProceso/consultar.xhtml HTTP/1.1" 200 34377
201.244.235.74 - - [20/Mar/2023:01:26:33 -0500] "POST /sipse/faces/presentacion/financiero/solicitudProceso/consultar.xhtml HTTP/1.1" 200 34377
201.244.235.74 - - [20/Mar/2023:01:26:33 -0500] "POST /sipse/faces/presentacion/financiero/solicitudProceso/consultar.xhtml HTTP/1.1" 200 34377
201.244.235.74 - - [20/Mar/2023:01:26:33 -0500] "POST /sipse/faces/presentacion/financiero/solicitudProceso/consultar.xhtml HTTP/1.1" 200 34377
216.245.221.92 - - [20/Mar/2023:01:26:34 -0500] "HEAD / HTTP/1.1" 200 -
201.244.235.74 - - [20/Mar/2023:01:26:33 -0500] "POST /sipse/faces/presentacion/financiero/solicitudProceso/consultar.xhtml HTTP/1.1" 200 34377
201.244.235.74 - - [20/Mar/2023:01:26:34 -0500] "POST /sipse/faces/presentacion/financiero/solicitudProceso/consultar.xhtml HTTP/1.1" 200 34377
201.244.235.74 - - [20/Mar/2023:01:26:34 -0500] "POST /sipse/faces/presentacion/financiero/solicitudProceso/consultar.xhtml HTTP/1.1" 200 34377
201.244.235.74 - - [20/Mar/2023:01:26:34 -0500] "POST /sipse/faces/presentacion/financiero/solicitudProceso/consultar.xhtml HTTP/1.1" 200 34377
201.244.235.74 - - [20/Mar/2023:01:26:34 -0500] "POST /sipse/faces/presentacion/financiero/solicitudProceso/consultar.xhtml HTTP/1.1" 200 34377
201.244.235.74 - - [20/Mar/2023:01:26:35 -0500] "POST /sipse/faces/presentacion/financiero/solicitudProceso/consultar.xhtml HTTP/1.1" 200 34377
201.244.235.74 - - [20/Mar/2023:01:26:35 -0500] "POST /sipse/faces/presentacion/financiero/solicitudProceso/consultar.xhtml HTTP/1.1" 200 34377
201.244.235.74 - - [20/Mar/2023:01:26:35 -0500] "POST /sipse/faces/presentacion/financiero/solicitudProceso/consultar.xhtml HTTP/1.1" 200 34377
201.244.235.74 - - [20/Mar/2023:01:26:35 -0500] "POST /sipse/faces/presentacion/financiero/solicitudProceso/consultar.xhtml HTTP/1.1" 200 34377
201.244.235.74 - - [20/Mar/2023:01:26:38 -0500] "POST /sipse/faces/presentacion/financiero/solicitudProceso/consultar.xhtml HTTP/1.1" 200 12919
192.168.175.240 - - [20/Mar/2023:01:26:38 -0500] "GET / HTTP/1.1" 200 4720
201.244.235.74 - - [20/Mar/2023:01:26:41 -0500] "POST /sipse/faces/presentacion/financiero/solicitudProceso/consultar.xhtml HTTP/1.1" 200 162184
201.244.235.74 - - [20/Mar/2023:01:26:42 -0500] "GET /sipse/faces/javax.faces.resource/primefaces.css?ln=primefaces&v=4.0 HTTP/1.1" 304 -
201.244.235.74 - - [20/Mar/2023:01:26:42 -0500] "GET /sipse/faces/javax.faces.resource/theme.css?ln=primefaces-sipse HTTP/1.1" 304 -
201.244.235.74 - - [20/Mar/2023:01:26:42 -0500] "GET /sipse/faces/javax.faces.resource/layout/layout.css?ln=primefaces&v=4.0 HTTP/1.1" 304 -
201.244.235.74 - - [20/Mar/2023:01:26:42 -0500] "GET /sipse/faces/javax.faces.resource/jquery/jquery.js?ln=primefaces&v=4.0 HTTP/1.1" 304 -
201.244.235.74 - - [20/Mar/2023:01:26:42 -0500] "GET /sipse/faces/javax.faces.resource/jquery/jquery-plugins.js?ln=primefaces&v=4.0 HTTP/1.1" 304 -
201.244.235.74 - - [20/Mar/2023:01:26:42 -0500] "GET /sipse/faces/javax.faces.resource/primefaces.js?ln=primefaces&v=4.0 HTTP/1.1" 304 -
201.244.235.74 - - [20/Mar/2023:01:26:42 -0500] "GET /sipse/faces/javax.faces.resource/layout/layout.js?ln=primefaces&v=4.0 HTTP/1.1" 304 -
172.22.2.4 - - [20/Mar/2023:01:25:03 -0500] "GET /BLA/boletinlegal/ HTTP/1.1" 200 52720
201.244.235.74 - - [20/Mar/2023:01:26:50 -0500] "POST /sipse/faces/presentacion/financiero/solicitudProceso/consultarSolicitudProceso.xhtml HTTP/1.1" 200 237978
201.244.235.74 - - [20/Mar/2023:01:26:52 -0500] "POST /sipse/faces/presentacion/financiero/solicitudProceso/consultarSolicitudProceso.xhtml HTTP/1.1" 200 160140
201.245.192.253 - - [20/Mar/2023:01:27:04 -0500] "POST /kwsrmcab/Wsrmcab  HTTP/1.1" 200 42239
192.168.175.240 - - [20/Mar/2023:01:27:38 -0500] "GET / HTTP/1.1" 200 4720
192.168.175.240 - - [20/Mar/2023:01:28:38 -0500] "GET / HTTP/1.1" 200 4720
192.168.175.240 - - [20/Mar/2023:01:29:38 -0500] "GET / HTTP/1.1" 200 4720
192.168.175.240 - - [20/Mar/2023:01:30:38 -0500] "GET / HTTP/1.1" 200 4720
201.245.192.253 - - [20/Mar/2023:01:30:36 -0500] "POST /kwsrmcab/Wsrmcab HTTP/1.1" 200 42110
201.245.192.253 - - [20/Mar/2023:01:30:40 -0500] "POST /kwsrmcab/Wsrmcab HTTP/1.1" 200 43335
216.245.221.92 - - [20/Mar/2023:01:31:34 -0500] "HEAD / HTTP/1.1" 200 -
192.168.175.240 - - [20/Mar/2023:01:31:38 -0500] "GET / HTTP/1.1" 200 4720
172.22.2.4 - - [20/Mar/2023:01:30:03 -0500] "HEAD /BLA/boletinlegal/ HTTP/1.1" 200 -
52.167.144.43 - - [20/Mar/2023:01:31:52 -0500] "GET /cooperacion-internacional-postulate-para-la-coordinacion-ambiental-de-proyecto-con-la-union-europea-avantia.html HTTP/1.1" 200 1020
201.244.229.212 - - [20/Mar/2023:01:32:04 -0500] "GET /sipse/faces/javax.faces.resource/theme.css?ln=primefaces-sipse HTTP/1.1" 304 -
201.244.229.212 - - [20/Mar/2023:01:32:04 -0500] "GET /sipse/faces/javax.faces.resource/primefaces.css?ln=primefaces&v=4.0 HTTP/1.1" 304 -
201.244.229.212 - - [20/Mar/2023:01:32:04 -0500] "GET /sipse/faces/javax.faces.resource/layout/layout.css?ln=primefaces&v=4.0 HTTP/1.1" 304 -
201.244.229.212 - - [20/Mar/2023:01:32:04 -0500] "GET /sipse/faces/javax.faces.resource/jquery/jquery.js?ln=primefaces&v=4.0 HTTP/1.1" 304 -
201.244.229.212 - - [20/Mar/2023:01:32:04 -0500] "GET /sipse/faces/javax.faces.resource/jquery/jquery-plugins.js?ln=primefaces&v=4.0 HTTP/1.1" 304 -
201.244.229.212 - - [20/Mar/2023:01:32:04 -0500] "GET /sipse/faces/javax.faces.resource/primefaces.js?ln=primefaces&v=4.0 HTTP/1.1" 304 -
201.244.229.212 - - [20/Mar/2023:01:32:04 -0500] "GET /sipse/faces/javax.faces.resource/layout/layout.js?ln=primefaces&v=4.0 HTTP/1.1" 304 -
201.244.229.212 - - [20/Mar/2023:01:32:03 -0500] "POST /sipse/faces/presentacion/financiero/solicitudProceso/consultarSolicitudProceso.xhtml HTTP/1.1" 200 199597
201.244.229.212 - - [20/Mar/2023:01:32:04 -0500] "GET /sipse/css/imagen/contrasena.png HTTP/1.1" 404 383
201.244.229.212 - - [20/Mar/2023:01:32:04 -0500] "GET /sipse/faces/javax.faces.resource/images/ui-icons_898989_256x240.png?ln=primefaces-aristo HTTP/1.1" 304 -
201.245.192.253 - - [20/Mar/2023:01:32:02 -0500] "POST /kwsrmcab/Wsrmcab  HTTP/1.1" 200 42239
201.244.229.212 - - [20/Mar/2023:01:32:16 -0500] "GET /sipse/faces/javax.faces.resource/images/ui-bg_flat_0_2d5972_40x100.png?ln=primefaces-aristo HTTP/1.1" 304 -
201.244.229.212 - - [20/Mar/2023:01:32:16 -0500] "POST /sipse/faces/presentacion/financiero/solicitudProceso/consultarSolicitudProceso.xhtml HTTP/1.1" 200 43667
201.244.229.212 - - [20/Mar/2023:01:32:19 -0500] "GET /sipse/faces/javax.faces.resource/theme.css?ln=primefaces-sipse HTTP/1.1" 304 -
201.244.229.212 - - [20/Mar/2023:01:32:19 -0500] "GET /sipse/faces/javax.faces.resource/primefaces.css?ln=primefaces&v=4.0 HTTP/1.1" 304 -
201.244.229.212 - - [20/Mar/2023:01:32:19 -0500] "GET /sipse/faces/javax.faces.resource/layout/layout.css?ln=primefaces&v=4.0 HTTP/1.1" 304 -
201.244.229.212 - - [20/Mar/2023:01:32:19 -0500] "GET /sipse/faces/javax.faces.resource/jquery/jquery.js?ln=primefaces&v=4.0 HTTP/1.1" 304 -
201.244.229.212 - - [20/Mar/2023:01:32:19 -0500] "GET /sipse/faces/javax.faces.resource/jquery/jquery-plugins.js?ln=primefaces&v=4.0 HTTP/1.1" 304 -
201.244.229.212 - - [20/Mar/2023:01:32:19 -0500] "GET /sipse/faces/javax.faces.resource/primefaces.js?ln=primefaces&v=4.0 HTTP/1.1" 304 -
201.244.229.212 - - [20/Mar/2023:01:32:19 -0500] "GET /sipse/faces/javax.faces.resource/layout/layout.js?ln=primefaces&v=4.0 HTTP/1.1" 304 -
201.244.229.212 - - [20/Mar/2023:01:32:20 -0500] "GET /sipse/faces/javax.faces.resource/messages/messages.png?ln=primefaces&v=4.0 HTTP/1.1" 304 -
201.244.229.212 - - [20/Mar/2023:01:32:20 -0500] "POST /sipse/faces/presentacion/financiero/solicitudProceso/listarSolicitudProceso.xhtml HTTP/1.1" 200 1468
201.244.229.212 - - [20/Mar/2023:01:32:27 -0500] "POST /sipse/faces/presentacion/financiero/solicitudProceso/listarSolicitudProceso.xhtml HTTP/1.1" 200 10410
172.22.2.4 - - [20/Mar/2023:01:30:53 -0500] "GET /BLA/boletinlegal/ HTTP/1.1" 200 57551
192.168.175.240 - - [20/Mar/2023:01:32:38 -0500] "GET / HTTP/1.1" 200 4720
201.244.229.212 - - [20/Mar/2023:01:32:38 -0500] "POST /sipse/faces/presentacion/financiero/solicitudProceso/listarSolicitudProceso.xhtml HTTP/1.1" 200 138897
201.244.229.212 - - [20/Mar/2023:01:32:39 -0500] "GET /sipse/faces/javax.faces.resource/theme.css?ln=primefaces-sipse HTTP/1.1" 304 -
201.244.229.212 - - [20/Mar/2023:01:32:39 -0500] "GET /sipse/faces/javax.faces.resource/primefaces.css?ln=primefaces&v=4.0 HTTP/1.1" 304 -
201.244.229.212 - - [20/Mar/2023:01:32:39 -0500] "GET /sipse/faces/javax.faces.resource/layout/layout.css?ln=primefaces&v=4.0 HTTP/1.1" 304 -
201.244.229.212 - - [20/Mar/2023:01:32:39 -0500] "GET /sipse/faces/javax.faces.resource/jquery/jquery.js?ln=primefaces&v=4.0 HTTP/1.1" 304 -
201.244.229.212 - - [20/Mar/2023:01:32:39 -0500] "GET /sipse/faces/javax.faces.resource/jquery/jquery-plugins.js?ln=primefaces&v=4.0 HTTP/1.1" 304 -
201.244.229.212 - - [20/Mar/2023:01:32:39 -0500] "GET /sipse/faces/javax.faces.resource/primefaces.js?ln=primefaces&v=4.0 HTTP/1.1" 304 -
201.244.229.212 - - [20/Mar/2023:01:32:39 -0500] "GET /sipse/faces/javax.faces.resource/layout/layout.js?ln=primefaces&v=4.0 HTTP/1.1" 304 -
201.244.229.212 - - [20/Mar/2023:01:32:55 -0500] "POST /sipse/faces/presentacion/financiero/solicitudProceso/consultarSolicitudProceso.xhtml HTTP/1.1" 200 40250
201.244.229.212 - - [20/Mar/2023:01:32:56 -0500] "GET /sipse/faces/javax.faces.resource/theme.css?ln=primefaces-sipse HTTP/1.1" 304 -
201.244.229.212 - - [20/Mar/2023:01:32:56 -0500] "GET /sipse/faces/javax.faces.resource/layout/layout.css?ln=primefaces&v=4.0 HTTP/1.1" 304 -
201.244.229.212 - - [20/Mar/2023:01:32:56 -0500] "GET /sipse/faces/javax.faces.resource/primefaces.css?ln=primefaces&v=4.0 HTTP/1.1" 304 -
201.244.229.212 - - [20/Mar/2023:01:32:56 -0500] "GET /sipse/faces/javax.faces.resource/jquery/jquery.js?ln=primefaces&v=4.0 HTTP/1.1" 304 -
201.244.229.212 - - [20/Mar/2023:01:32:56 -0500] "GET /sipse/faces/javax.faces.resource/jquery/jquery-plugins.js?ln=primefaces&v=4.0 HTTP/1.1" 304 -
201.244.229.212 - - [20/Mar/2023:01:32:56 -0500] "GET /sipse/faces/javax.faces.resource/primefaces.js?ln=primefaces&v=4.0 HTTP/1.1" 304 -
201.244.229.212 - - [20/Mar/2023:01:32:56 -0500] "GET /sipse/faces/javax.faces.resource/layout/layout.js?ln=primefaces&v=4.0 HTTP/1.1" 304 -
201.244.229.212 - - [20/Mar/2023:01:32:56 -0500] "POST /sipse/faces/presentacion/financiero/solicitudProceso/listarSolicitudProceso.xhtml HTTP/1.1" 200 33593
201.244.229.212 - - [20/Mar/2023:01:32:57 -0500] "POST /sipse/faces/presentacion/financiero/solicitudProceso/listarSolicitudProceso.xhtml HTTP/1.1" 200 33593
201.244.229.212 - - [20/Mar/2023:01:32:57 -0500] "POST /sipse/faces/presentacion/financiero/solicitudProceso/listarSolicitudProceso.xhtml HTTP/1.1" 200 1436
201.244.229.212 - - [20/Mar/2023:01:32:57 -0500] "POST /sipse/faces/presentacion/financiero/solicitudProceso/listarSolicitudProceso.xhtml HTTP/1.1" 200 1436
201.244.229.212 - - [20/Mar/2023:01:32:57 -0500] "POST /sipse/faces/presentacion/financiero/solicitudProceso/listarSolicitudProceso.xhtml HTTP/1.1" 200 1444
201.244.229.212 - - [20/Mar/2023:01:33:03 -0500] "POST /sipse/faces/presentacion/financiero/solicitudProceso/listarSolicitudProceso.xhtml HTTP/1.1" 200 136523
201.244.229.212 - - [20/Mar/2023:01:33:04 -0500] "GET /sipse/faces/javax.faces.resource/theme.css?ln=primefaces-sipse HTTP/1.1" 304 -
201.244.229.212 - - [20/Mar/2023:01:33:04 -0500] "GET /sipse/faces/javax.faces.resource/layout/layout.css?ln=primefaces&v=4.0 HTTP/1.1" 304 -
201.244.229.212 - - [20/Mar/2023:01:33:04 -0500] "GET /sipse/faces/javax.faces.resource/primefaces.css?ln=primefaces&v=4.0 HTTP/1.1" 304 -
201.244.229.212 - - [20/Mar/2023:01:33:04 -0500] "GET /sipse/faces/javax.faces.resource/jquery/jquery.js?ln=primefaces&v=4.0 HTTP/1.1" 304 -
201.244.229.212 - - [20/Mar/2023:01:33:04 -0500] "GET /sipse/faces/javax.faces.resource/jquery/jquery-plugins.js?ln=primefaces&v=4.0 HTTP/1.1" 304 -
201.244.229.212 - - [20/Mar/2023:01:33:05 -0500] "GET /sipse/faces/javax.faces.resource/primefaces.js?ln=primefaces&v=4.0 HTTP/1.1" 304 -
201.244.229.212 - - [20/Mar/2023:01:33:05 -0500] "GET /sipse/faces/javax.faces.resource/layout/layout.js?ln=primefaces&v=4.0 HTTP/1.1" 304 -
192.168.175.240 - - [20/Mar/2023:01:33:38 -0500] "GET / HTTP/1.1" 200 4720
66.249.79.111 - - [20/Mar/2023:01:34:36 -0500] "-" 408 -
192.168.175.240 - - [20/Mar/2023:01:34:38 -0500] "GET / HTTP/1.1" 200 4720
69.171.249.12 - - [20/Mar/2023:01:35:14 -0500] "GET /images/idpyba-4-marzo-1_optimized.jpeg HTTP/1.1" 200 115318
69.171.249.4 - - [20/Mar/2023:01:35:18 -0500] "GET /images/17%20de%20febrero%20mujeres%20que%20reverdecen.jpeg HTTP/1.1" 200 85735
69.171.249.24 - - [20/Mar/2023:01:35:18 -0500] "GET /images/20%20de%20febrero%20panor\xc3\xa1mica%20de%20Bogot\xc3\xa1%20(1)%20(1).jpeg HTTP/1.1" 404 1034
69.171.249.5 - - [20/Mar/2023:01:35:18 -0500] "GET /images/calidad-aire-2-marzo-1_optimized.jpeg HTTP/1.1" 200 51562
69.171.249.22 - - [20/Mar/2023:01:35:18 -0500] "GET /images/Puntos%20calientes%2024%20de%20febrero.jpeg HTTP/1.1" 200 42626
69.171.249.14 - - [20/Mar/2023:01:35:20 -0500] "GET /images/28%20de%20febrero%20operativo.jpeg HTTP/1.1" 200 62220
69.171.249.21 - - [20/Mar/2023:01:35:20 -0500] "GET /images/24%20de%20febrero%20Sendero%20guadalupe%202.jpeg HTTP/1.1" 200 70964
69.171.249.117 - - [20/Mar/2023:01:35:20 -0500] "GET /images/camino-a-los-cerros-1_optimized.jpeg HTTP/1.1" 200 222279
192.168.175.240 - - [20/Mar/2023:01:35:38 -0500] "GET / HTTP/1.1" 200 4720
216.245.221.92 - - [20/Mar/2023:01:36:34 -0500] "HEAD / HTTP/1.1" 200 -
192.168.175.240 - - [20/Mar/2023:01:36:38 -0500] "GET / HTTP/1.1" 200 4720
201.245.192.253 - - [20/Mar/2023:01:37:01 -0500] "POST /kwsrmcab/Wsrmcab  HTTP/1.1" 200 20000
172.22.2.4 - - [20/Mar/2023:01:35:53 -0500] "HEAD /BLA/boletinlegal/ HTTP/1.1" 200 -
192.168.175.240 - - [20/Mar/2023:01:37:38 -0500] "GET / HTTP/1.1" 200 4720
201.245.192.253 - - [20/Mar/2023:01:38:10 -0500] "POST /kwsrmcab/Wsrmcab  HTTP/1.1" 200 42239
172.22.2.4 - - [20/Mar/2023:01:36:43 -0500] "GET /BLA/boletinlegal/ HTTP/1.1" 200 53914
52.167.144.167 - - [20/Mar/2023:01:38:24 -0500] "GET /autoliquidacion2020/Calidad%20del%20aire%20auditiva%20y%20visual-/Registro%20de%20la%20publicidad%20exterior%20visual/PM04-PR16-F1Lista%20de%20Chequeo%20Documentos%20Solicitud%20de%20Registro%20PEV.xls HTTP/1.1" 304 -
192.168.175.240 - - [20/Mar/2023:01:38:38 -0500] "GET / HTTP/1.1" 200 4720
191.95.56.53 - - [20/Mar/2023:01:38:46 -0500] "GET /mujeres-que-reverdecen-secretaria-de-ambiente-anuncia-el-inicio-de-la-tercera-fase.html HTTP/1.1" 304 -
201.245.192.253 - - [20/Mar/2023:01:39:10 -0500] "POST /kwsrmcab/Wsrmcab  HTTP/1.1" 200 42239
192.168.175.240 - - [20/Mar/2023:01:39:38 -0500] "GET / HTTP/1.1" 200 4720
173.252.95.18 - - [20/Mar/2023:01:40:11 -0500] "GET /images/Acuerdos%2001%20(1)%20(1).jpeg HTTP/1.1" 200 32884
201.245.192.253 - - [20/Mar/2023:01:40:35 -0500] "POST /kwsrmcab/Wsrmcab HTTP/1.1" 200 42110
192.168.175.240 - - [20/Mar/2023:01:40:38 -0500] "GET / HTTP/1.1" 200 4720
201.245.192.253 - - [20/Mar/2023:01:40:38 -0500] "POST /kwsrmcab/Wsrmcab HTTP/1.1" 200 43335
34.141.171.67 - - [20/Mar/2023:01:41:26 -0500] "GET /inventario-de-emisiones-2020-transporte-publico-sitp-redujo-emisiones-de-pm-2-5-en-un-37.html HTTP/1.1" 200 925
216.245.221.92 - - [20/Mar/2023:01:41:34 -0500] "HEAD / HTTP/1.1" 200 -
192.168.175.240 - - [20/Mar/2023:01:41:38 -0500] "GET / HTTP/1.1" 200 4720
192.168.175.240 - - [20/Mar/2023:01:42:38 -0500] "GET / HTTP/1.1" 200 4720
172.22.2.4 - - [20/Mar/2023:01:41:43 -0500] "HEAD /BLA/boletinlegal/ HTTP/1.1" 200 -
192.168.175.240 - - [20/Mar/2023:01:43:38 -0500] "GET / HTTP/1.1" 200 4720
201.245.192.253 - - [20/Mar/2023:01:44:09 -0500] "POST /kwsrmcab/Wsrmcab  HTTP/1.1" 200 42239
172.22.2.4 - - [20/Mar/2023:01:42:33 -0500] "GET /BLA/boletinlegal/ HTTP/1.1" 200 48649
66.249.70.182 - - [20/Mar/2023:01:44:24 -0500] "-" 408 -
192.168.175.240 - - [20/Mar/2023:01:44:38 -0500] "GET / HTTP/1.1" 200 4720
172.22.2.4 - - [20/Mar/2023:01:43:36 -0500] "GET /BLA/boletinlegal/index.php HTTP/1.1" 200 58297
192.168.175.240 - - [20/Mar/2023:01:45:38 -0500] "GET / HTTP/1.1" 200 4720
173.252.79.118 - - [20/Mar/2023:01:45:46 -0500] "GET /images/foto%202.jpg HTTP/1.1" 200 63300
172.22.2.4 - - [20/Mar/2023:01:45:52 -0500] "GET /BLA/boletinlegal/style.css HTTP/1.1" 200 9406
40.77.167.211 - - [20/Mar/2023:01:46:19 -0500] "GET /catalogoisis/ HTTP/1.1" 200 8575
216.245.221.92 - - [20/Mar/2023:01:46:34 -0500] "HEAD / HTTP/1.1" 200 -
192.168.175.240 - - [20/Mar/2023:01:46:38 -0500] "GET / HTTP/1.1" 200 4720
34.91.118.0 - - [20/Mar/2023:01:47:26 -0500] "GET /inventario-de-emisiones-2020-transporte-publico-sitp-redujo-emisiones-de-pm-2-5-en-un-37.html HTTP/1.1" 200 925
192.168.175.240 - - [20/Mar/2023:01:47:38 -0500] "GET / HTTP/1.1" 200 4720
192.168.175.240 - - [20/Mar/2023:01:48:38 -0500] "GET / HTTP/1.1" 200 4720
201.245.192.253 - - [20/Mar/2023:01:49:09 -0500] "POST /kwsrmcab/Wsrmcab  HTTP/1.1" 200 42239
172.22.2.4 - - [20/Mar/2023:01:47:33 -0500] "HEAD /BLA/boletinlegal/ HTTP/1.1" 200 -
192.168.175.240 - - [20/Mar/2023:01:49:38 -0500] "GET / HTTP/1.1" 200 4720
172.22.2.4 - - [20/Mar/2023:01:48:23 -0500] "GET /BLA/boletinlegal/ HTTP/1.1" 200 57141
192.168.175.240 - - [20/Mar/2023:01:50:38 -0500] "GET / HTTP/1.1" 200 4720
216.245.221.92 - - [20/Mar/2023:01:51:33 -0500] "HEAD / HTTP/1.1" 200 -
192.168.175.240 - - [20/Mar/2023:01:51:38 -0500] "GET / HTTP/1.1" 200 4720
192.168.175.240 - - [20/Mar/2023:01:52:38 -0500] "GET / HTTP/1.1" 200 4720
35.204.51.63 - - [20/Mar/2023:01:53:26 -0500] "GET /inventario-de-emisiones-2020-transporte-publico-sitp-redujo-emisiones-de-pm-2-5-en-un-37.html HTTP/1.1" 200 925
192.168.175.240 - - [20/Mar/2023:01:53:38 -0500] "GET / HTTP/1.1" 200 4720
201.245.192.253 - - [20/Mar/2023:01:54:08 -0500] "POST /kwsrmcab/Wsrmcab  HTTP/1.1" 200 42239
192.168.175.240 - - [20/Mar/2023:01:54:38 -0500] "GET / HTTP/1.1" 200 4720
66.249.70.180 - - [20/Mar/2023:01:54:38 -0500] "-" 408 -
172.22.2.4 - - [20/Mar/2023:01:53:23 -0500] "HEAD /BLA/boletinlegal/ HTTP/1.1" 200 -
192.168.175.240 - - [20/Mar/2023:01:55:38 -0500] "GET / HTTP/1.1" 200 4720
172.22.2.4 - - [20/Mar/2023:01:54:13 -0500] "GET /BLA/boletinlegal/ HTTP/1.1" 200 56277
216.245.221.92 - - [20/Mar/2023:01:56:34 -0500] "HEAD / HTTP/1.1" 200 -
192.168.175.240 - - [20/Mar/2023:01:56:38 -0500] "GET / HTTP/1.1" 200 4720
192.168.175.240 - - [20/Mar/2023:01:57:38 -0500] "GET / HTTP/1.1" 200 4720
51.222.253.2 - - [20/Mar/2023:01:57:48 -0500] "-" 408 -
192.168.175.240 - - [20/Mar/2023:01:58:38 -0500] "GET / HTTP/1.1" 200 4720
201.245.192.253 - - [20/Mar/2023:01:59:07 -0500] "POST /kwsrmcab/Wsrmcab  HTTP/1.1" 200 42239
192.168.175.240 - - [20/Mar/2023:01:59:38 -0500] "GET / HTTP/1.1" 200 4720
192.168.175.240 - - [20/Mar/2023:02:00:38 -0500] "GET / HTTP/1.1" 200 4720
172.22.2.4 - - [20/Mar/2023:01:59:13 -0500] "HEAD /BLA/boletinlegal/ HTTP/1.1" 200 -
216.245.221.92 - - [20/Mar/2023:02:01:33 -0500] "HEAD / HTTP/1.1" 200 -
192.168.175.240 - - [20/Mar/2023:02:01:38 -0500] "GET / HTTP/1.1" 200 4720
172.22.2.4 - - [20/Mar/2023:02:00:03 -0500] "GET /BLA/boletinlegal/ HTTP/1.1" 200 52720
192.168.175.240 - - [20/Mar/2023:02:02:38 -0500] "GET / HTTP/1.1" 200 4720
192.168.175.240 - - [20/Mar/2023:02:03:38 -0500] "GET / HTTP/1.1" 200 4720
201.245.192.253 - - [20/Mar/2023:02:04:06 -0500] "POST /kwsrmcab/Wsrmcab  HTTP/1.1" 200 42239
192.168.175.240 - - [20/Mar/2023:02:04:38 -0500] "GET / HTTP/1.1" 200 4720
192.168.175.240 - - [20/Mar/2023:02:05:38 -0500] "GET / HTTP/1.1" 200 4720
216.245.221.92 - - [20/Mar/2023:02:06:33 -0500] "HEAD / HTTP/1.1" 200 -
192.168.175.240 - - [20/Mar/2023:02:06:38 -0500] "GET / HTTP/1.1" 200 4720
52.167.144.167 - - [20/Mar/2023:02:06:41 -0500] "GET /BLA/resoluciones/AUTOS%202022/6353.pdf HTTP/1.1" 200 660700
172.22.2.4 - - [20/Mar/2023:02:05:03 -0500] "HEAD /BLA/boletinlegal/ HTTP/1.1" 200 -
172.22.2.4 - - [20/Mar/2023:02:05:53 -0500] "GET /BLA/boletinlegal/ HTTP/1.1" 200 57141
192.168.175.240 - - [20/Mar/2023:02:07:38 -0500] "GET / HTTP/1.1" 200 4720
192.168.175.240 - - [20/Mar/2023:02:08:38 -0500] "GET / HTTP/1.1" 200 4720
201.245.192.253 - - [20/Mar/2023:02:09:05 -0500] "POST /kwsrmcab/Wsrmcab  HTTP/1.1" 200 42239
192.168.175.240 - - [20/Mar/2023:02:09:38 -0500] "GET / HTTP/1.1" 200 4720
192.168.175.240 - - [20/Mar/2023:02:10:38 -0500] "GET / HTTP/1.1" 200 4720
216.245.221.92 - - [20/Mar/2023:02:11:33 -0500] "HEAD / HTTP/1.1" 200 -
192.168.175.240 - - [20/Mar/2023:02:11:38 -0500] "GET / HTTP/1.1" 200 4720
172.22.2.4 - - [20/Mar/2023:02:10:53 -0500] "HEAD /BLA/boletinlegal/ HTTP/1.1" 200 -
192.168.175.240 - - [20/Mar/2023:02:12:38 -0500] "GET / HTTP/1.1" 200 4720
172.22.2.4 - - [20/Mar/2023:02:11:43 -0500] "GET /BLA/boletinlegal/ HTTP/1.1" 200 57141
192.168.175.240 - - [20/Mar/2023:02:13:38 -0500] "GET / HTTP/1.1" 200 4720
201.245.192.253 - - [20/Mar/2023:02:14:05 -0500] "POST /kwsrmcab/Wsrmcab  HTTP/1.1" 200 42239
192.168.175.240 - - [20/Mar/2023:02:14:38 -0500] "GET / HTTP/1.1" 200 4720
172.22.2.4 - - [20/Mar/2023:02:15:10 -0500] "GET /BLA/boletinlegal/actos.php HTTP/1.1" 200 9672
192.168.175.240 - - [20/Mar/2023:02:15:38 -0500] "GET / HTTP/1.1" 200 4720
216.245.221.92 - - [20/Mar/2023:02:16:33 -0500] "HEAD / HTTP/1.1" 200 -
192.168.175.240 - - [20/Mar/2023:02:16:38 -0500] "GET / HTTP/1.1" 200 4720
192.168.175.240 - - [20/Mar/2023:02:17:38 -0500] "GET / HTTP/1.1" 200 4720
172.22.2.4 - - [20/Mar/2023:02:16:43 -0500] "HEAD /BLA/boletinlegal/ HTTP/1.1" 200 -
192.168.175.240 - - [20/Mar/2023:02:18:38 -0500] "GET / HTTP/1.1" 200 4720
201.245.192.253 - - [20/Mar/2023:02:19:03 -0500] "POST /kwsrmcab/Wsrmcab  HTTP/1.1" 200 42239
172.22.2.4 - - [20/Mar/2023:02:17:33 -0500] "GET /BLA/boletinlegal/ HTTP/1.1" 200 55924
66.249.79.113 - - [20/Mar/2023:02:19:36 -0500] "-" 408 -
192.168.175.240 - - [20/Mar/2023:02:19:38 -0500] "GET / HTTP/1.1" 200 4720
201.245.192.253 - - [20/Mar/2023:02:20:35 -0500] "POST /kwsrmcab/Wsrmcab HTTP/1.1" 200 42421
192.168.175.240 - - [20/Mar/2023:02:20:38 -0500] "GET / HTTP/1.1" 200 4720
201.245.192.253 - - [20/Mar/2023:02:20:38 -0500] "GET /kwsrmcab/Wsrmcab?wsdl HTTP/1.1" 200 6948
201.245.192.253 - - [20/Mar/2023:02:20:38 -0500] "POST /kwsrmcab/Wsrmcab HTTP/1.1" 200 43334
216.245.221.92 - - [20/Mar/2023:02:21:33 -0500] "HEAD / HTTP/1.1" 200 -
192.168.175.240 - - [20/Mar/2023:02:21:38 -0500] "GET / HTTP/1.1" 200 4720
192.168.175.240 - - [20/Mar/2023:02:22:38 -0500] "GET / HTTP/1.1" 200 4720
172.22.2.4 - - [20/Mar/2023:02:22:11 -0500] "GET /BLA/boletinlegal/ HTTP/1.1" 200 28619
34.91.118.0 - - [20/Mar/2023:02:22:58 -0500] "GET /inventario-de-emisiones-2020-transporte-publico-sitp-redujo-emisiones-de-pm-2-5-en-un-37.html HTTP/1.1" 200 925
192.168.175.240 - - [20/Mar/2023:02:23:38 -0500] "GET / HTTP/1.1" 200 4720
201.245.192.253 - - [20/Mar/2023:02:24:02 -0500] "POST /kwsrmcab/Wsrmcab  HTTP/1.1" 200 42239
172.22.2.4 - - [20/Mar/2023:02:22:33 -0500] "HEAD /BLA/boletinlegal/ HTTP/1.1" 200 -
192.168.175.240 - - [20/Mar/2023:02:24:38 -0500] "GET / HTTP/1.1" 200 4720
52.167.144.71 - - [20/Mar/2023:02:24:49 -0500] "GET /BLA/resoluciones/AUTOS%202022/3381.pdf HTTP/1.1" 200 698807
172.22.2.4 - - [20/Mar/2023:02:23:23 -0500] "GET /BLA/boletinlegal/ HTTP/1.1" 200 57551
192.168.175.240 - - [20/Mar/2023:02:25:38 -0500] "GET / HTTP/1.1" 200 4720
216.245.221.92 - - [20/Mar/2023:02:26:33 -0500] "HEAD / HTTP/1.1" 200 -
192.168.175.240 - - [20/Mar/2023:02:26:38 -0500] "GET / HTTP/1.1" 200 4720
192.168.175.240 - - [20/Mar/2023:02:27:38 -0500] "GET / HTTP/1.1" 200 4720
172.22.2.4 - - [20/Mar/2023:02:27:16 -0500] "GET /BLA/boletinlegal/ HTTP/1.1" 200 24523
168.119.48.175 - - [20/Mar/2023:02:28:37 -0500] "GET / HTTP/1.1" 200 4720
192.168.175.240 - - [20/Mar/2023:02:28:38 -0500] "GET / HTTP/1.1" 200 4720
168.119.48.175 - - [20/Mar/2023:02:28:39 -0500] "GET / HTTP/1.1" 200 319
162.55.175.158 - - [20/Mar/2023:02:28:50 -0500] "GET / HTTP/1.1" 200 319
162.55.175.158 - - [20/Mar/2023:02:28:50 -0500] "GET / HTTP/1.1" 200 4720
201.245.192.253 - - [20/Mar/2023:02:28:59 -0500] "POST /kwsrmcab/Wsrmcab  HTTP/1.1" 200 42239
192.168.175.240 - - [20/Mar/2023:02:29:38 -0500] "GET / HTTP/1.1" 200 4720
172.22.2.4 - - [20/Mar/2023:02:28:22 -0500] "HEAD /BLA/boletinlegal/ HTTP/1.1" 200 -
66.249.70.184 - - [20/Mar/2023:02:30:31 -0500] "-" 408 -
201.245.192.253 - - [20/Mar/2023:02:30:36 -0500] "POST /kwsrmcab/Wsrmcab HTTP/1.1" 200 42421
192.168.175.240 - - [20/Mar/2023:02:30:38 -0500] "GET / HTTP/1.1" 200 4720
201.245.192.253 - - [20/Mar/2023:02:30:39 -0500] "POST /kwsrmcab/Wsrmcab HTTP/1.1" 200 43334
172.22.2.4 - - [20/Mar/2023:02:29:13 -0500] "GET /BLA/boletinlegal/ HTTP/1.1" 200 57935
114.119.149.92 - - [20/Mar/2023:02:31:28 -0500] "GET /portaldeninos/wp-content/themes/betheme/style.css?ver=20.9.6 HTTP/1.1" 200 287
114.119.149.92 - - [20/Mar/2023:02:31:28 -0500] "GET /portaldeninos/wp-content/uploads/useanyfont/uaf.css?ver=1589905315 HTTP/1.1" 200 408
114.119.149.92 - - [20/Mar/2023:02:31:28 -0500] "GET /portaldeninos/wp-content/plugins/gallery-videos/CSS/totalsoft.css?ver=4.9.8 HTTP/1.1" 200 40622
114.119.149.92 - - [20/Mar/2023:02:31:28 -0500] "GET /portaldeninos/wp-content/plugins/gallery-videos/CSS/Total-Soft-Gallery-Video-Widget.css?ver=4.9.8 HTTP/1.1" 200 51554
114.119.149.92 - - [20/Mar/2023:02:31:28 -0500] "GET /portaldeninos/wp-content/themes/betheme/css/base.css?ver=20.9.6 HTTP/1.1" 200 57283
114.119.149.92 - - [20/Mar/2023:02:31:28 -0500] "GET /portaldeninos/wp-content/themes/betheme/assets/animations/animations.min.css?ver=20.9.6 HTTP/1.1" 200 58508
114.119.149.92 - - [20/Mar/2023:02:31:28 -0500] "GET /portaldeninos/wp-content/themes/betheme/css/layout.css?ver=20.9.6 HTTP/1.1" 200 116639
114.119.149.92 - - [20/Mar/2023:02:31:29 -0500] "GET /portaldeninos/wp-content/themes/betheme/assets/ui/jquery.ui.all.css?ver=20.9.6 HTTP/1.1" 200 18765
114.119.149.92 - - [20/Mar/2023:02:31:30 -0500] "GET /portaldeninos/wp-content/themes/betheme/assets/jplayer/css/jplayer.blue.monday.css?ver=20.9.6 HTTP/1.1" 200 9834
114.119.149.92 - - [20/Mar/2023:02:31:28 -0500] "GET /portaldeninos/wp-content/themes/betheme/css/shortcodes.css?ver=20.9.6 HTTP/1.1" 200 138889
114.119.149.92 - - [20/Mar/2023:02:31:30 -0500] "GET /portaldeninos/wp-includes/js/jquery/jquery-migrate.min.js?ver=1.4.1 HTTP/1.1" 200 10056
114.119.149.92 - - [20/Mar/2023:02:31:30 -0500] "GET /portaldeninos/wp-content/plugins/google-analytics-for-wordpress/assets/js/frontend-gtag.min.js?ver=8.5.0 HTTP/1.1" 200 11801
114.119.149.92 - - [20/Mar/2023:02:31:30 -0500] "GET /portaldeninos/wp-includes/js/jquery/ui/core.min.js?ver=1.11.4 HTTP/1.1" 200 4000
114.119.149.92 - - [20/Mar/2023:02:31:30 -0500] "GET /portaldeninos/wp-content/themes/betheme/css/responsive.css?ver=20.9.6 HTTP/1.1" 200 55740
114.119.149.92 - - [20/Mar/2023:02:31:31 -0500] "GET /portaldeninos/wp-content/plugins/gallery-videos/JS/modernizr.custom.js?ver=4.9.8 HTTP/1.1" 200 9019
114.119.149.92 - - [20/Mar/2023:02:31:31 -0500] "GET /portaldeninos/wp-includes/js/jquery/ui/mouse.min.js?ver=1.11.4 HTTP/1.1" 200 3148
114.119.149.92 - - [20/Mar/2023:02:31:30 -0500] "GET /portaldeninos/wp-includes/js/jquery/jquery.js?ver=1.12.4 HTTP/1.1" 200 97184
114.119.149.92 - - [20/Mar/2023:02:31:31 -0500] "GET /portaldeninos/wp-includes/js/jquery/ui/widget.min.js?ver=1.11.4 HTTP/1.1" 200 6908
114.119.149.92 - - [20/Mar/2023:02:31:31 -0500] "GET /portaldeninos/wp-content/plugins/gallery-videos/JS/Total-Soft-Gallery-Video-Widget.js?ver=4.9.8 HTTP/1.1" 200 80264
114.119.149.92 - - [20/Mar/2023:02:31:31 -0500] "GET /portaldeninos/wp-includes/js/jquery/ui/accordion.min.js?ver=1.11.4 HTTP/1.1" 200 8584
114.119.149.92 - - [20/Mar/2023:02:31:31 -0500] "GET /portaldeninos/wp-content/themes/betheme/js/menu.js?ver=20.9.6 HTTP/1.1" 200 2449
114.119.149.92 - - [20/Mar/2023:02:31:32 -0500] "GET /portaldeninos/wp-content/themes/betheme/assets/animations/animations.min.js?ver=20.9.6 HTTP/1.1" 200 1896
114.119.149.92 - - [20/Mar/2023:02:31:31 -0500] "GET /portaldeninos/wp-includes/js/jquery/ui/tabs.min.js?ver=1.11.4 HTTP/1.1" 200 12110
114.119.149.92 - - [20/Mar/2023:02:31:31 -0500] "GET /portaldeninos/wp-includes/js/jquery/ui/sortable.min.js?ver=1.11.4 HTTP/1.1" 200 24899
114.119.149.92 - - [20/Mar/2023:02:31:32 -0500] "GET /portaldeninos/wp-includes/js/wp-embed.min.js?ver=4.9.8 HTTP/1.1" 200 1398
114.119.149.92 - - [20/Mar/2023:02:31:32 -0500] "GET /portaldeninos/wp-content/themes/betheme/js/scripts.js?ver=20.9.6 HTTP/1.1" 200 77162
114.119.149.92 - - [20/Mar/2023:02:31:32 -0500] "GET /portaldeninos/wp-content/themes/betheme/assets/jplayer/jplayer.min.js?ver=20.9.6 HTTP/1.1" 200 52702
114.119.149.92 - - [20/Mar/2023:02:31:32 -0500] "GET /portaldeninos/wp-content/themes/betheme/js/plugins.js?ver=20.9.6 HTTP/1.1" 200 197151
216.245.221.92 - - [20/Mar/2023:02:31:33 -0500] "HEAD / HTTP/1.1" 200 -
114.119.149.92 - - [20/Mar/2023:02:31:34 -0500] "GET /portaldeninos/wp-includes/js/wp-emoji-release.min.js?ver=4.9.8 HTTP/1.1" 200 12026
192.168.175.240 - - [20/Mar/2023:02:31:38 -0500] "GET / HTTP/1.1" 200 4720
40.77.167.188 - - [20/Mar/2023:02:31:48 -0500] "GET /BLA/resoluciones/index.php?dir=RESOLUCIONES%202006/RES%202006%20351-400/ HTTP/1.1" 200 12234
192.168.175.240 - - [20/Mar/2023:02:32:38 -0500] "GET / HTTP/1.1" 200 4720
192.168.175.240 - - [20/Mar/2023:02:33:38 -0500] "GET / HTTP/1.1" 200 4720
52.167.144.142 - - [20/Mar/2023:02:33:42 -0500] "GET /Autoliquidacion/index.php HTTP/1.1" 200 6629
201.245.192.253 - - [20/Mar/2023:02:33:58 -0500] "POST /kwsrmcab/Wsrmcab  HTTP/1.1" 200 42239
40.77.167.211 - - [20/Mar/2023:02:34:03 -0500] "GET /Autoliquidacion/dlf/styles.css HTTP/1.1" 200 3045
66.249.79.111 - - [20/Mar/2023:02:34:36 -0500] "-" 408 -
192.168.175.240 - - [20/Mar/2023:02:34:38 -0500] "GET / HTTP/1.1" 200 4720
172.22.2.4 - - [20/Mar/2023:02:34:47 -0500] "GET /BLA/boletinlegal/ HTTP/1.1" 200 24523
192.168.175.240 - - [20/Mar/2023:02:35:38 -0500] "GET / HTTP/1.1" 200 4720
172.22.2.4 - - [20/Mar/2023:02:34:12 -0500] "HEAD /BLA/boletinlegal/ HTTP/1.1" 200 -
216.245.221.92 - - [20/Mar/2023:02:36:33 -0500] "HEAD / HTTP/1.1" 200 -
64.15.129.124 - - [20/Mar/2023:02:36:38 -0500] "GET / HTTP/1.1" 200 319
72.55.136.156 - - [20/Mar/2023:02:36:38 -0500] "GET /favicon.ico HTTP/1.1" 200 7782
192.168.175.240 - - [20/Mar/2023:02:36:38 -0500] "GET / HTTP/1.1" 200 4720
172.22.2.4 - - [20/Mar/2023:02:35:03 -0500] "GET /BLA/boletinlegal/ HTTP/1.1" 200 56277
192.175.111.240 - - [20/Mar/2023:02:36:49 -0500] "GET / HTTP/1.1" 200 319
192.168.175.240 - - [20/Mar/2023:02:37:38 -0500] "GET / HTTP/1.1" 200 4720
192.168.175.240 - - [20/Mar/2023:02:38:38 -0500] "GET / HTTP/1.1" 200 4720
201.245.192.253 - - [20/Mar/2023:02:38:56 -0500] "POST /kwsrmcab/Wsrmcab  HTTP/1.1" 200 42239
192.168.175.240 - - [20/Mar/2023:02:39:38 -0500] "GET / HTTP/1.1" 200 4720
201.245.192.253 - - [20/Mar/2023:02:40:35 -0500] "POST /kwsrmcab/Wsrmcab HTTP/1.1" 200 42421
192.168.175.240 - - [20/Mar/2023:02:40:38 -0500] "GET / HTTP/1.1" 200 4720
201.245.192.253 - - [20/Mar/2023:02:40:38 -0500] "POST /kwsrmcab/Wsrmcab HTTP/1.1" 200 43334
216.245.221.92 - - [20/Mar/2023:02:41:33 -0500] "HEAD / HTTP/1.1" 200 -
192.168.175.240 - - [20/Mar/2023:02:41:38 -0500] "GET / HTTP/1.1" 200 4720
172.22.2.4 - - [20/Mar/2023:02:40:02 -0500] "HEAD /BLA/boletinlegal/ HTTP/1.1" 200 -
172.22.2.4 - - [20/Mar/2023:02:40:53 -0500] "GET /BLA/boletinlegal/ HTTP/1.1" 200 53914
192.168.175.240 - - [20/Mar/2023:02:42:38 -0500] "GET / HTTP/1.1" 200 4720
192.168.175.240 - - [20/Mar/2023:02:43:38 -0500] "GET / HTTP/1.1" 200 4720
201.245.192.253 - - [20/Mar/2023:02:43:56 -0500] "POST /kwsrmcab/Wsrmcab  HTTP/1.1" 200 42239
192.168.175.240 - - [20/Mar/2023:02:44:38 -0500] "GET / HTTP/1.1" 200 4720
192.168.175.240 - - [20/Mar/2023:02:45:38 -0500] "GET / HTTP/1.1" 200 4720
216.245.221.92 - - [20/Mar/2023:02:46:33 -0500] "HEAD / HTTP/1.1" 200 -
192.168.175.240 - - [20/Mar/2023:02:46:38 -0500] "GET / HTTP/1.1" 200 4720
172.22.2.4 - - [20/Mar/2023:02:45:52 -0500] "HEAD /BLA/boletinlegal/ HTTP/1.1" 200 -
192.168.175.240 - - [20/Mar/2023:02:47:38 -0500] "GET / HTTP/1.1" 200 4720
172.22.2.4 - - [20/Mar/2023:02:46:43 -0500] "GET /BLA/boletinlegal/ HTTP/1.1" 200 53914
192.168.175.240 - - [20/Mar/2023:02:48:38 -0500] "GET / HTTP/1.1" 200 4720
201.245.192.253 - - [20/Mar/2023:02:48:55 -0500] "POST /kwsrmcab/Wsrmcab  HTTP/1.1" 200 42239
192.168.175.240 - - [20/Mar/2023:02:49:38 -0500] "GET / HTTP/1.1" 200 4720
192.168.175.240 - - [20/Mar/2023:02:50:38 -0500] "GET / HTTP/1.1" 200 4720
216.245.221.92 - - [20/Mar/2023:02:51:33 -0500] "HEAD / HTTP/1.1" 200 -
192.168.175.240 - - [20/Mar/2023:02:51:38 -0500] "GET / HTTP/1.1" 200 4720
52.167.144.167 - - [20/Mar/2023:02:52:07 -0500] "GET / HTTP/1.1" 200 319
192.168.175.240 - - [20/Mar/2023:02:52:38 -0500] "GET / HTTP/1.1" 200 4720
172.22.2.4 - - [20/Mar/2023:02:52:57 -0500] "GET /BLA/boletinlegal/images/registro-usuarios.png HTTP/1.1" 200 8106
172.22.2.4 - - [20/Mar/2023:02:51:42 -0500] "HEAD /BLA/boletinlegal/ HTTP/1.1" 200 -
66.249.70.182 - - [20/Mar/2023:02:53:30 -0500] "-" 408 -
192.168.175.240 - - [20/Mar/2023:02:53:38 -0500] "GET / HTTP/1.1" 200 4720
201.245.192.253 - - [20/Mar/2023:02:53:55 -0500] "POST /kwsrmcab/Wsrmcab  HTTP/1.1" 200 42239
173.252.107.118 - - [20/Mar/2023:02:54:12 -0500] "GET /incautadas-tarantulas-que-iban-a-ser-exportadas-ilegalmente-desde-bogota-hasta-mexico.html HTTP/1.1" 206 899
172.22.2.4 - - [20/Mar/2023:02:52:33 -0500] "GET /BLA/boletinlegal/ HTTP/1.1" 200 58297
192.168.175.240 - - [20/Mar/2023:02:54:38 -0500] "GET / HTTP/1.1" 200 4720
172.22.2.4 - - [20/Mar/2023:02:54:58 -0500] "GET /BLA/boletinlegal/images/cabezote%20BLEGAL.jpg HTTP/1.1" 200 118164
192.168.175.240 - - [20/Mar/2023:02:55:38 -0500] "GET / HTTP/1.1" 200 4720
216.245.221.92 - - [20/Mar/2023:02:56:33 -0500] "HEAD / HTTP/1.1" 200 -
192.168.175.240 - - [20/Mar/2023:02:56:38 -0500] "GET / HTTP/1.1" 200 4720
192.168.175.240 - - [20/Mar/2023:02:57:38 -0500] "GET / HTTP/1.1" 200 4720
172.22.2.4 - - [20/Mar/2023:02:58:16 -0500] "GET /BLA/boletinlegal/images/pdf.gif HTTP/1.1" 200 567
192.168.175.240 - - [20/Mar/2023:02:58:38 -0500] "GET / HTTP/1.1" 200 4720
201.245.192.253 - - [20/Mar/2023:02:58:55 -0500] "POST /kwsrmcab/Wsrmcab  HTTP/1.1" 200 42239
172.22.2.4 - - [20/Mar/2023:02:57:32 -0500] "HEAD /BLA/boletinlegal/ HTTP/1.1" 200 -
192.168.175.240 - - [20/Mar/2023:02:59:38 -0500] "GET / HTTP/1.1" 200 4720
116.202.20.140 - - [20/Mar/2023:02:59:56 -0500] "GET / HTTP/1.1" 200 4720
116.202.20.140 - - [20/Mar/2023:02:59:57 -0500] "GET / HTTP/1.1" 200 319
172.22.2.4 - - [20/Mar/2023:02:58:23 -0500] "GET /BLA/boletinlegal/ HTTP/1.1" 200 53104
192.168.175.240 - - [20/Mar/2023:03:00:38 -0500] "GET / HTTP/1.1" 200 4720
172.22.2.4 - - [20/Mar/2023:03:01:05 -0500] "GET /BLA/boletinlegal/images/screen_5.png HTTP/1.1" 200 368876
216.245.221.92 - - [20/Mar/2023:03:01:33 -0500] "HEAD / HTTP/1.1" 200 -
192.168.175.240 - - [20/Mar/2023:03:01:38 -0500] "GET / HTTP/1.1" 200 4720
172.22.2.4 - - [20/Mar/2023:03:01:42 -0500] "GET /BLA/boletinlegal/images/screen_2.png HTTP/1.1" 200 362502
172.22.2.4 - - [20/Mar/2023:03:01:58 -0500] "GET /BLA/boletinlegal/images/arr_l.jpg HTTP/1.1" 200 1979
172.22.2.4 - - [20/Mar/2023:03:02:05 -0500] "GET /BLA/boletinlegal/images/screen_1.png HTTP/1.1" 200 202547
192.168.175.240 - - [20/Mar/2023:03:02:38 -0500] "GET / HTTP/1.1" 200 4720
172.22.2.4 - - [20/Mar/2023:03:03:09 -0500] "GET /BLA/boletinlegal/images/screen_3.png HTTP/1.1" 200 210620
192.168.175.240 - - [20/Mar/2023:03:03:38 -0500] "GET / HTTP/1.1" 200 4720
201.245.192.253 - - [20/Mar/2023:03:03:54 -0500] "POST /kwsrmcab/Wsrmcab  HTTP/1.1" 200 42239
192.168.175.240 - - [20/Mar/2023:03:04:38 -0500] "GET / HTTP/1.1" 200 4720
172.22.2.4 - - [20/Mar/2023:03:03:22 -0500] "HEAD /BLA/boletinlegal/ HTTP/1.1" 200 -
192.168.175.240 - - [20/Mar/2023:03:05:38 -0500] "GET / HTTP/1.1" 200 4720
172.22.2.4 - - [20/Mar/2023:03:04:13 -0500] "GET /BLA/boletinlegal/ HTTP/1.1" 200 53914
172.22.2.4 - - [20/Mar/2023:03:06:14 -0500] "GET /BLA/boletinlegal/images/launch.jpg HTTP/1.1" 200 14577
216.245.221.92 - - [20/Mar/2023:03:06:33 -0500] "HEAD / HTTP/1.1" 200 -
192.168.175.240 - - [20/Mar/2023:03:06:38 -0500] "GET / HTTP/1.1" 200 4720
