186.155.74.100 - - [20/Mar/2023:10:17:52 -0500] "GET /sipse/faces/javax.faces.resource/jquery/jquery-plugins.js?ln=primefaces&v=4.0 HTTP/1.1" 304 -
186.155.74.100 - - [20/Mar/2023:10:17:52 -0500] "GET /sipse/faces/javax.faces.resource/primefaces.js?ln=primefaces&v=4.0 HTTP/1.1" 304 -
186.155.74.100 - - [20/Mar/2023:10:17:52 -0500] "GET /sipse/faces/javax.faces.resource/layout/layout.js?ln=primefaces&v=4.0 HTTP/1.1" 304 -
186.155.74.100 - - [20/Mar/2023:10:17:52 -0500] "GET /sipse/faces/javax.faces.resource/theme.css?ln=primefaces-sipse HTTP/1.1" 200 50058
186.155.74.100 - - [20/Mar/2023:10:17:52 -0500] "GET /sipse/faces/javax.faces.resource/primefaces.css?ln=primefaces&v=4.0 HTTP/1.1" 200 53295
186.155.74.100 - - [20/Mar/2023:10:17:52 -0500] "GET /sipse/faces/javax.faces.resource/images/ui-icons_898989_256x240.png?ln=primefaces-aristo HTTP/1.1" 200 5355
186.155.74.100 - - [20/Mar/2023:10:17:52 -0500] "GET /favicon.ico HTTP/1.1" 200 7782
186.155.74.100 - - [20/Mar/2023:10:18:02 -0500] "GET /sipse/faces/javax.faces.resource/images/ui-bg_flat_0_2d5972_40x100.png?ln=primefaces-aristo HTTP/1.1" 200 183
186.155.74.100 - - [20/Mar/2023:10:18:02 -0500] "POST /sipse/faces/presentacion/contratacion/contrato/adicionarSupervisor.xhtml HTTP/1.1" 200 16865
186.155.74.100 - - [20/Mar/2023:10:18:11 -0500] "POST /sipse/faces/presentacion/contratacion/contrato/adicionarSupervisor.xhtml HTTP/1.1" 200 16597
186.155.74.100 - - [20/Mar/2023:10:18:28 -0500] "POST /sipse/faces/presentacion/contratacion/contrato/adicionarSupervisor.xhtml HTTP/1.1" 200 16861
192.168.175.240 - - [20/Mar/2023:10:18:38 -0500] "GET / HTTP/1.1" 200 4720
172.22.2.4 - - [20/Mar/2023:10:17:17 -0500] "HEAD /BLA/boletinlegal/ HTTP/1.1" 200 -
186.155.74.100 - - [20/Mar/2023:10:19:06 -0500] "POST /sipse/faces/presentacion/contratacion/contrato/adicionarSupervisor.xhtml HTTP/1.1" 200 41559
186.155.74.100 - - [20/Mar/2023:10:19:06 -0500] "GET /sipse/faces/javax.faces.resource/jquery/jquery.js?ln=primefaces&v=4.0 HTTP/1.1" 304 -
186.155.74.100 - - [20/Mar/2023:10:19:06 -0500] "GET /sipse/faces/javax.faces.resource/jquery/jquery-plugins.js?ln=primefaces&v=4.0 HTTP/1.1" 304 -
186.155.74.100 - - [20/Mar/2023:10:19:06 -0500] "GET /sipse/faces/javax.faces.resource/primefaces.js?ln=primefaces&v=4.0 HTTP/1.1" 304 -
186.155.74.100 - - [20/Mar/2023:10:19:07 -0500] "GET /sipse/faces/javax.faces.resource/layout/layout.js?ln=primefaces&v=4.0 HTTP/1.1" 304 -
192.168.175.240 - - [20/Mar/2023:10:19:38 -0500] "GET / HTTP/1.1" 200 4720
172.22.2.4 - - [20/Mar/2023:10:18:08 -0500] "GET /BLA/boletinlegal/ HTTP/1.1" 200 57141
201.245.192.253 - - [20/Mar/2023:10:20:34 -0500] "POST /kwsrmcab/Wsrmcab HTTP/1.1" 200 41156
192.168.175.240 - - [20/Mar/2023:10:20:38 -0500] "GET / HTTP/1.1" 200 4720
201.245.192.253 - - [20/Mar/2023:10:20:37 -0500] "POST /kwsrmcab/Wsrmcab HTTP/1.1" 200 43789
216.245.221.92 - - [20/Mar/2023:10:21:32 -0500] "HEAD / HTTP/1.1" 200 -
192.168.175.240 - - [20/Mar/2023:10:21:38 -0500] "GET / HTTP/1.1" 200 4720
201.245.192.253 - - [20/Mar/2023:10:22:09 -0500] "POST /kwsrmcab/Wsrmcab  HTTP/1.1" 200 42239
172.22.2.4 - - [20/Mar/2023:10:22:32 -0500] "GET /BLA/boletinlegal/style.css HTTP/1.1" 200 9406
172.22.2.4 - - [20/Mar/2023:10:22:32 -0500] "GET /BLA/boletinlegal/styles2.css HTTP/1.1" 200 1838
172.22.2.4 - - [20/Mar/2023:10:22:32 -0500] "GET /BLA/boletinlegal/js/jquery.js HTTP/1.1" 200 57254
172.22.2.4 - - [20/Mar/2023:10:22:32 -0500] "GET /BLA/boletinlegal/js/jquery.scrollTo-min.js HTTP/1.1" 200 1150
172.22.2.4 - - [20/Mar/2023:10:22:32 -0500] "GET /BLA/boletinlegal/js/jquery.scrollShow.js HTTP/1.1" 200 4586
172.22.2.4 - - [20/Mar/2023:10:22:32 -0500] "GET /BLA/boletinlegal/images/cabezote%20BLEGAL.jpg HTTP/1.1" 200 118164
172.22.2.4 - - [20/Mar/2023:10:22:32 -0500] "GET /BLA/boletinlegal/images/subscribe-icon-big.png HTTP/1.1" 200 47702
172.22.2.4 - - [20/Mar/2023:10:22:32 -0500] "GET /BLA/boletinlegal/images/registro-usuarios.png HTTP/1.1" 200 8106
172.22.2.4 - - [20/Mar/2023:10:22:32 -0500] "GET /BLA/boletinlegal/images/historia.png HTTP/1.1" 200 52775
172.22.2.4 - - [20/Mar/2023:10:22:32 -0500] "GET /BLA/boletinlegal/images/arr_l.jpg HTTP/1.1" 200 1979
172.22.2.4 - - [20/Mar/2023:10:22:32 -0500] "GET /BLA/boletinlegal/images/screen_1.png HTTP/1.1" 200 202547
172.22.2.4 - - [20/Mar/2023:10:22:32 -0500] "GET /BLA/boletinlegal/images/launch.jpg HTTP/1.1" 200 14577
172.22.2.4 - - [20/Mar/2023:10:22:32 -0500] "GET /BLA/boletinlegal/images/body_bg.jpg HTTP/1.1" 200 1601
172.22.2.4 - - [20/Mar/2023:10:22:32 -0500] "GET /BLA/boletinlegal/images/menu_rght.gif HTTP/1.1" 200 1627
172.22.2.4 - - [20/Mar/2023:10:22:32 -0500] "GET /BLA/boletinlegal/images/menu_lft.gif HTTP/1.1" 200 1713
172.22.2.4 - - [20/Mar/2023:10:22:32 -0500] "GET /BLA/boletinlegal/images/bg_top.jpg HTTP/1.1" 200 522
172.22.2.4 - - [20/Mar/2023:10:22:32 -0500] "GET /BLA/boletinlegal/images/menu_bg.jpg HTTP/1.1" 200 620
172.22.2.4 - - [20/Mar/2023:10:22:32 -0500] "GET /BLA/boletinlegal/images/text.jpg HTTP/1.1" 200 568
172.22.2.4 - - [20/Mar/2023:10:22:32 -0500] "GET /BLA/boletinlegal/images/hover.jpg HTTP/1.1" 200 640
192.168.175.240 - - [20/Mar/2023:10:22:38 -0500] "GET / HTTP/1.1" 200 4720
172.22.2.4 - - [20/Mar/2023:10:22:39 -0500] "GET /BLA/boletinlegal/images/screen_2.png HTTP/1.1" 200 362502
172.22.2.4 - - [20/Mar/2023:10:22:39 -0500] "GET /BLA/boletinlegal/images/screen_3.png HTTP/1.1" 200 210620
172.22.2.4 - - [20/Mar/2023:10:22:39 -0500] "GET /BLA/boletinlegal/images/screen_5.png HTTP/1.1" 200 368876
172.22.2.4 - - [20/Mar/2023:10:22:39 -0500] "GET /BLA/boletinlegal/images/arr_r.jpg HTTP/1.1" 200 1998
172.22.2.4 - - [20/Mar/2023:10:22:47 -0500] "GET /BLA/boletinlegal/images/pdf.gif HTTP/1.1" 200 567
192.168.175.240 - - [20/Mar/2023:10:23:38 -0500] "GET / HTTP/1.1" 200 4720
66.249.79.111 - - [20/Mar/2023:10:23:41 -0500] "-" 408 -
172.22.2.4 - - [20/Mar/2023:10:22:32 -0500] "GET /BLA/boletinlegal/ HTTP/1.1" 200 54414
172.22.2.4 - - [20/Mar/2023:10:24:12 -0500] "GET /BLA/boletinlegal/images/footer_bg.jpg HTTP/1.1" 200 586
172.22.2.4 - - [20/Mar/2023:10:24:12 -0500] "GET /BLA/boletinlegal/favicon.ico HTTP/1.1" 404 1308
192.168.175.240 - - [20/Mar/2023:10:24:38 -0500] "GET / HTTP/1.1" 200 4720
172.22.2.4 - - [20/Mar/2023:10:23:07 -0500] "HEAD /BLA/boletinlegal/ HTTP/1.1" 200 -
172.22.2.4 - - [20/Mar/2023:10:24:17 -0500] "GET /BLA/boletinlegal/ HTTP/1.1" 200 24523
152.203.141.122 - - [20/Mar/2023:10:25:22 -0500] "GET /BLA/resoluciones/ HTTP/1.1" 200 13502
152.203.141.122 - - [20/Mar/2023:10:25:25 -0500] "GET /BLA/resoluciones/index.php?dir=AUTOS+2014%2F HTTP/1.1" 200 887591
152.203.141.122 - - [20/Mar/2023:10:25:29 -0500] "GET /BLA/resoluciones/AUTOS%202014/2923.pdf HTTP/1.1" 200 609155
192.168.175.240 - - [20/Mar/2023:10:25:38 -0500] "GET / HTTP/1.1" 200 4720
172.22.2.4 - - [20/Mar/2023:10:23:58 -0500] "GET /BLA/boletinlegal/ HTTP/1.1" 200 53551
216.245.221.92 - - [20/Mar/2023:10:26:32 -0500] "HEAD / HTTP/1.1" 200 -
192.168.175.240 - - [20/Mar/2023:10:26:38 -0500] "GET / HTTP/1.1" 200 4720
191.107.194.235 - - [20/Mar/2023:10:26:41 -0500] "GET / HTTP/1.1" 200 4720
191.107.194.235 - - [20/Mar/2023:10:26:41 -0500] "GET /js/url.js HTTP/1.1" 404 1294
191.107.194.235 - - [20/Mar/2023:10:26:41 -0500] "GET /fonts/icomoon/style.css HTTP/1.1" 200 79820
191.107.194.235 - - [20/Mar/2023:10:26:41 -0500] "GET /css/bootstrap.min.css HTTP/1.1" 200 178212
191.107.194.235 - - [20/Mar/2023:10:26:41 -0500] "GET /css/style.css HTTP/1.1" 200 3473
191.107.194.235 - - [20/Mar/2023:10:26:42 -0500] "GET /favicon.ico HTTP/1.1" 404 1294
201.245.192.253 - - [20/Mar/2023:10:27:07 -0500] "POST /kwsrmcab/Wsrmcab  HTTP/1.1" 200 42239
192.168.175.240 - - [20/Mar/2023:10:27:38 -0500] "GET / HTTP/1.1" 200 4720
192.168.175.240 - - [20/Mar/2023:10:28:38 -0500] "GET / HTTP/1.1" 200 4720
192.168.175.240 - - [20/Mar/2023:10:29:38 -0500] "GET / HTTP/1.1" 200 4720
201.245.192.253 - - [20/Mar/2023:10:30:34 -0500] "POST /kwsrmcab/Wsrmcab HTTP/1.1" 200 41156
172.22.2.4 - - [20/Mar/2023:10:28:57 -0500] "HEAD /BLA/boletinlegal/ HTTP/1.1" 200 -
192.168.175.240 - - [20/Mar/2023:10:30:38 -0500] "GET / HTTP/1.1" 200 4720
201.245.192.253 - - [20/Mar/2023:10:30:36 -0500] "POST /kwsrmcab/Wsrmcab HTTP/1.1" 200 43789
186.84.90.126 - - [20/Mar/2023:10:31:10 -0500] "GET /galeria/galeria/jquery.fancybox.css?v=2.1.5 HTTP/1.1" 200 4895
186.84.90.126 - - [20/Mar/2023:10:31:10 -0500] "GET /BLA/boletinlegal/js/jquery.scrollShow.js HTTP/1.1" 200 4586
186.84.90.126 - - [20/Mar/2023:10:31:10 -0500] "GET /galeria/galeria/jquery.fancybox.js?v=2.1.5 HTTP/1.1" 200 48706
186.84.90.126 - - [20/Mar/2023:10:31:11 -0500] "GET /autoliquidacion2020 HTTP/1.1" 301 250
186.84.90.126 - - [20/Mar/2023:10:31:11 -0500] "GET /autoliquidacion2020/ HTTP/1.1" 200 6146
186.84.90.126 - - [20/Mar/2023:10:31:11 -0500] "GET /autoliquidacion2020/dlf/styles.css HTTP/1.1" 200 3045
186.84.90.126 - - [20/Mar/2023:10:31:11 -0500] "GET /autoliquidacion2020/dlf/folder.png HTTP/1.1" 200 410
186.84.90.126 - - [20/Mar/2023:10:31:11 -0500] "GET /autoliquidacion2020/dlf/bg.gif HTTP/1.1" 200 54
172.22.2.4 - - [20/Mar/2023:10:29:48 -0500] "GET /BLA/boletinlegal/ HTTP/1.1" 200 54798
216.245.221.92 - - [20/Mar/2023:10:31:32 -0500] "HEAD / HTTP/1.1" 200 -
192.168.175.240 - - [20/Mar/2023:10:31:38 -0500] "GET / HTTP/1.1" 200 4720
173.252.107.5 - - [20/Mar/2023:10:31:47 -0500] "GET /images/24%20de%20febrero%20Sendero%20guadalupe%202.jpeg HTTP/1.1" 200 70964
201.245.192.253 - - [20/Mar/2023:10:32:06 -0500] "POST /kwsrmcab/Wsrmcab  HTTP/1.1" 200 42239
192.168.175.240 - - [20/Mar/2023:10:32:38 -0500] "GET / HTTP/1.1" 200 4720
192.168.175.240 - - [20/Mar/2023:10:33:38 -0500] "GET / HTTP/1.1" 200 4720
192.168.175.240 - - [20/Mar/2023:10:34:38 -0500] "GET / HTTP/1.1" 200 4720
172.22.2.4 - - [20/Mar/2023:10:35:32 -0500] "GET /BLA/boletinlegal/actos.php HTTP/1.1" 200 9672
192.168.175.240 - - [20/Mar/2023:10:35:38 -0500] "GET / HTTP/1.1" 200 4720
172.22.2.4 - - [20/Mar/2023:10:34:47 -0500] "HEAD /BLA/boletinlegal/ HTTP/1.1" 200 -
216.245.221.92 - - [20/Mar/2023:10:36:32 -0500] "HEAD / HTTP/1.1" 200 -
192.168.175.240 - - [20/Mar/2023:10:36:37 -0500] "GET / HTTP/1.1" 200 4720
201.245.192.253 - - [20/Mar/2023:10:37:05 -0500] "POST /kwsrmcab/Wsrmcab  HTTP/1.1" 200 42239
172.22.2.4 - - [20/Mar/2023:10:35:38 -0500] "GET /BLA/boletinlegal/ HTTP/1.1" 200 57935
192.168.175.240 - - [20/Mar/2023:10:37:37 -0500] "GET / HTTP/1.1" 200 4720
90.77.172.231 - - [20/Mar/2023:10:38:28 -0500] "GET /cooperacion-internacional-postulate-para-la-coordinacion-ambiental-de-proyecto-con-la-union-europea-avantia.html HTTP/1.1" 200 1020
192.168.175.240 - - [20/Mar/2023:10:38:37 -0500] "GET / HTTP/1.1" 200 4720
52.167.144.142 - - [20/Mar/2023:10:39:18 -0500] "GET /BLA/resoluciones/AUTOS%202018/1136.pdf HTTP/1.1" 200 338487
173.252.107.4 - - [20/Mar/2023:10:39:24 -0500] "GET /images/humedal-agua-lluvias-bogota-18-marzo.jpg HTTP/1.1" 200 146923
192.168.175.240 - - [20/Mar/2023:10:39:37 -0500] "GET / HTTP/1.1" 200 4720
173.252.83.5 - - [20/Mar/2023:10:40:02 -0500] "GET /images/jardines-verticales-4-marzo.jpg HTTP/1.1" 200 54804
201.245.192.253 - - [20/Mar/2023:10:40:34 -0500] "POST /kwsrmcab/Wsrmcab HTTP/1.1" 200 41156
192.168.175.240 - - [20/Mar/2023:10:40:37 -0500] "GET / HTTP/1.1" 200 4720
201.245.192.253 - - [20/Mar/2023:10:40:37 -0500] "POST /kwsrmcab/Wsrmcab HTTP/1.1" 200 43789
216.245.221.92 - - [20/Mar/2023:10:41:32 -0500] "HEAD / HTTP/1.1" 200 -
192.168.175.240 - - [20/Mar/2023:10:41:37 -0500] "GET / HTTP/1.1" 200 4720
34.147.123.254 - - [20/Mar/2023:10:41:43 -0500] "GET /inventario-de-emisiones-2020-transporte-publico-sitp-redujo-emisiones-de-pm-2-5-en-un-37.html HTTP/1.1" 200 925
201.245.192.253 - - [20/Mar/2023:10:42:03 -0500] "POST /kwsrmcab/Wsrmcab  HTTP/1.1" 200 42239
172.22.2.4 - - [20/Mar/2023:10:40:37 -0500] "HEAD /BLA/boletinlegal/ HTTP/1.1" 200 -
192.168.175.240 - - [20/Mar/2023:10:42:37 -0500] "GET / HTTP/1.1" 200 4720
172.22.2.4 - - [20/Mar/2023:10:41:28 -0500] "GET /BLA/boletinlegal/ HTTP/1.1" 200 54798
40.77.167.188 - - [20/Mar/2023:10:43:32 -0500] "GET /sipse/faces/faces/autenticacion.xhtml HTTP/1.1" 200 12488
192.168.175.240 - - [20/Mar/2023:10:43:37 -0500] "GET / HTTP/1.1" 200 4720
40.77.167.211 - - [20/Mar/2023:10:43:58 -0500] "GET /sipse/js/funciones.js HTTP/1.1" 200 12592
52.167.144.167 - - [20/Mar/2023:10:44:06 -0500] "GET /sipse/faces/javax.faces.resource/jquery/jquery-plugins.js;jsessionid=9WUaYqokIKwYb3Vfsv6W4-0m.undefined?ln=primefaces&v=4.0 HTTP/1.1" 200 220526
52.167.144.167 - - [20/Mar/2023:10:44:07 -0500] "GET /sipse/faces/javax.faces.resource/jquery/jquery.js;jsessionid=9WUaYqokIKwYb3Vfsv6W4-0m.undefined?ln=primefaces&v=4.0 HTTP/1.1" 200 105384
52.167.144.71 - - [20/Mar/2023:10:44:12 -0500] "GET /sipse/css/custom_css_sg.css HTTP/1.1" 200 9694
69.171.231.119 - - [20/Mar/2023:10:44:17 -0500] "GET /images/24%20de%20febrero%20Sendero%20guadalupe%202.jpeg HTTP/1.1" 200 70964
52.167.144.142 - - [20/Mar/2023:10:44:17 -0500] "GET /sipse/css/custom_css_sg_prime_login.css HTTP/1.1" 200 443
192.168.175.240 - - [20/Mar/2023:10:44:37 -0500] "GET / HTTP/1.1" 200 4720
191.92.166.26 - - [20/Mar/2023:10:45:35 -0500] "GET /mujeres-que-reverdecen-secretaria-de-ambiente-anuncia-el-inicio-de-la-tercera-fase.html HTTP/1.1" 200 954
192.168.175.240 - - [20/Mar/2023:10:45:37 -0500] "GET / HTTP/1.1" 200 4720
216.245.221.92 - - [20/Mar/2023:10:46:32 -0500] "HEAD / HTTP/1.1" 200 -
192.168.175.240 - - [20/Mar/2023:10:46:37 -0500] "GET / HTTP/1.1" 200 4720
34.91.118.0 - - [20/Mar/2023:10:46:51 -0500] "GET /inventario-de-emisiones-2020-transporte-publico-sitp-redujo-emisiones-de-pm-2-5-en-un-37.html HTTP/1.1" 200 925
201.245.192.253 - - [20/Mar/2023:10:47:03 -0500] "POST /kwsrmcab/Wsrmcab  HTTP/1.1" 200 42239
192.168.175.240 - - [20/Mar/2023:10:47:37 -0500] "GET / HTTP/1.1" 200 4720
64.62.243.165 - - [20/Mar/2023:10:48:05 -0500] "GET / HTTP/1.1" 200 319
172.22.2.4 - - [20/Mar/2023:10:46:27 -0500] "HEAD /BLA/boletinlegal/ HTTP/1.1" 200 -
192.168.175.240 - - [20/Mar/2023:10:48:37 -0500] "GET / HTTP/1.1" 200 4720
75.119.141.84 - - [20/Mar/2023:10:48:51 -0500] "GET /robots.txt HTTP/1.1" 404 1034
172.22.2.4 - - [20/Mar/2023:10:47:18 -0500] "GET /BLA/boletinlegal/ HTTP/1.1" 200 57551
52.167.144.142 - - [20/Mar/2023:10:49:05 -0500] "GET /BLA/resoluciones/RESOLUCIONES%202007/RES%202007%204001%20AL%204100/RESOLUCION%204090%20DE%202007.pdf HTTP/1.1" 304 -
75.119.141.84 - - [20/Mar/2023:10:49:34 -0500] "GET /robots.txt HTTP/1.0" 404 1034
192.168.175.240 - - [20/Mar/2023:10:49:37 -0500] "GET / HTTP/1.1" 200 4720
173.252.95.9 - - [20/Mar/2023:10:49:53 -0500] "GET /images/Rmasar%2018%20de%20febrero%20Grupo.jpg HTTP/1.1" 200 68398
172.22.2.4 - - [20/Mar/2023:10:50:18 -0500] "GET /BLA/boletinlegal/actos.php HTTP/1.1" 200 9672
172.22.2.4 - - [20/Mar/2023:10:50:18 -0500] "GET /BLA/boletinlegal/niceforms.js HTTP/1.1" 200 22876
172.22.2.4 - - [20/Mar/2023:10:50:18 -0500] "GET /BLA/boletinlegal/js/ajax_actos.js HTTP/1.1" 200 1322
172.22.2.4 - - [20/Mar/2023:10:50:18 -0500] "GET /BLA/boletinlegal/niceforms-default.css HTTP/1.1" 200 6694
172.22.2.4 - - [20/Mar/2023:10:50:18 -0500] "GET /BLA/boletinlegal/js/lib.js HTTP/1.1" 200 6474
172.22.2.4 - - [20/Mar/2023:10:50:18 -0500] "GET /BLA/boletinlegal/js/popup.js HTTP/1.1" 200 1270
172.22.2.4 - - [20/Mar/2023:10:50:18 -0500] "GET /BLA/boletinlegal/js/jquery1.js HTTP/1.1" 200 29846
172.22.2.4 - - [20/Mar/2023:10:50:18 -0500] "GET /BLA/boletinlegal/images/green-yellow-blue-pink-th.png HTTP/1.1" 200 7394
172.22.2.4 - - [20/Mar/2023:10:50:18 -0500] "GET /BLA/boletinlegal/images/tel.png HTTP/1.1" 200 14477
172.22.2.4 - - [20/Mar/2023:10:50:18 -0500] "GET /BLA/boletinlegal/images/icono-email.png HTTP/1.1" 200 5544
172.22.2.4 - - [20/Mar/2023:10:50:18 -0500] "GET /BLA/boletinlegal/images/footer_bg_l.jpg HTTP/1.1" 200 776
172.22.2.4 - - [20/Mar/2023:10:50:18 -0500] "GET /BLA/boletinlegal/img/0.png HTTP/1.1" 200 110
172.22.2.4 - - [20/Mar/2023:10:50:18 -0500] "GET /BLA/boletinlegal/img/select-left.png HTTP/1.1" 200 263
172.22.2.4 - - [20/Mar/2023:10:50:18 -0500] "GET /BLA/boletinlegal/img/select-right.png HTTP/1.1" 200 44019
172.22.2.4 - - [20/Mar/2023:10:50:18 -0500] "GET /BLA/boletinlegal/img/button-left.png HTTP/1.1" 200 57071
172.22.2.4 - - [20/Mar/2023:10:50:18 -0500] "GET /BLA/boletinlegal/img/button.png HTTP/1.1" 200 43241
172.22.2.4 - - [20/Mar/2023:10:50:18 -0500] "GET /BLA/boletinlegal/img/button-right.png HTTP/1.1" 200 57878
181.63.236.76 - - [20/Mar/2023:10:50:22 -0500] "GET /BLA/resoluciones/ HTTP/1.1" 200 13502
181.63.236.76 - - [20/Mar/2023:10:50:23 -0500] "GET /BLA/resoluciones/dlf/styles.css HTTP/1.1" 200 3049
181.63.236.76 - - [20/Mar/2023:10:50:23 -0500] "GET /BLA/resoluciones/dlf/folder.png HTTP/1.1" 200 410
181.63.236.76 - - [20/Mar/2023:10:50:23 -0500] "GET /BLA/resoluciones/dlf/bg.gif HTTP/1.1" 200 54
181.63.236.76 - - [20/Mar/2023:10:50:23 -0500] "GET /favicon.ico HTTP/1.1" 200 7782
181.63.236.76 - - [20/Mar/2023:10:50:26 -0500] "GET /BLA/resoluciones/dlf/dirup.png HTTP/1.1" 200 644
181.63.236.76 - - [20/Mar/2023:10:50:26 -0500] "GET /BLA/resoluciones/dlf/pdf.gif HTTP/1.1" 200 272
181.63.236.76 - - [20/Mar/2023:10:50:26 -0500] "GET /BLA/resoluciones/index.php?dir=AUTOS+2014%2F HTTP/1.1" 200 887591
181.63.236.76 - - [20/Mar/2023:10:50:28 -0500] "GET /BLA/resoluciones/dlf/unknown.png HTTP/1.1" 200 266
192.168.175.240 - - [20/Mar/2023:10:50:37 -0500] "GET / HTTP/1.1" 200 4720
181.63.236.76 - - [20/Mar/2023:10:50:53 -0500] "GET /BLA/resoluciones/AUTOS%202014/4554.pdf HTTP/1.1" 200 557485
186.155.99.47 - - [20/Mar/2023:10:51:25 -0500] "GET /%C3%82%C2%BFquieres-aprender-sobre-jardines-verticales-esta-es-tu-oportunidad.html HTTP/1.1" 200 925
216.245.221.92 - - [20/Mar/2023:10:51:32 -0500] "HEAD / HTTP/1.1" 200 -
192.168.175.240 - - [20/Mar/2023:10:51:37 -0500] "GET / HTTP/1.1" 200 4720
201.245.192.253 - - [20/Mar/2023:10:52:02 -0500] "POST /kwsrmcab/Wsrmcab  HTTP/1.1" 200 42239
192.168.175.240 - - [20/Mar/2023:10:52:37 -0500] "GET / HTTP/1.1" 200 4720
192.168.175.240 - - [20/Mar/2023:10:53:37 -0500] "GET / HTTP/1.1" 200 4720
172.22.2.4 - - [20/Mar/2023:10:52:17 -0500] "HEAD /BLA/boletinlegal/ HTTP/1.1" 200 -
192.168.175.240 - - [20/Mar/2023:10:54:37 -0500] "GET / HTTP/1.1" 200 4720
172.22.2.4 - - [20/Mar/2023:10:53:08 -0500] "GET /BLA/boletinlegal/ HTTP/1.1" 200 52316
64.124.8.32 - - [20/Mar/2023:10:55:08 -0500] "GET /BLA/boletinlegal/images/launch.jpg HTTP/1.1" 304 -
192.168.175.240 - - [20/Mar/2023:10:55:37 -0500] "GET / HTTP/1.1" 200 4720
201.221.172.129 - - [20/Mar/2023:10:55:51 -0500] "GET /mujeres-que-reverdecen-secretaria-de-ambiente-anuncia-el-inicio-de-la-tercera-fase.html HTTP/1.1" 200 954
216.245.221.92 - - [20/Mar/2023:10:56:32 -0500] "HEAD / HTTP/1.1" 200 -
192.168.175.240 - - [20/Mar/2023:10:56:37 -0500] "GET / HTTP/1.1" 200 4720
201.245.192.253 - - [20/Mar/2023:10:57:03 -0500] "POST /kwsrmcab/Wsrmcab  HTTP/1.1" 200 42239
190.26.142.195 - - [20/Mar/2023:10:57:33 -0500] "GET /kwssiamovil/sm/ldap/au?x=U2FsdGVkX1+YahibVgYgsUswrvfumX5po89dQWtJEAvcEMGggzvg4x/ssPmveIgM0340fnjqoywSTQyGtDgshw==&y=U2FsdGVkX1/sqIL/X9G8aMhH+epV9+rBCX1juwEiLdFOFxFiFGSgNdZNrdnZNzyp HTTP/1.1" 200 30
190.26.142.195 - - [20/Mar/2023:10:57:33 -0500] "GET /kwssiamovil/sm/acme/s?s=U2FsdGVkX1/ecm5QIhA7eAw8Miq9VLkzNRxC6Au+8B7aEMH/KoQfyROq5E0GAK89F+vVAuBjzUoPwLgvYY2W8jfuZBp3v5Tv4AN9KyGD5FE=&u=U2FsdGVkX199WKWVabJEwhoNa+NZj1+ERWBtW74/YKQAKW6gqsFCAwS043uwdVHc&y=U2FsdGVkX1/sqIL/X9G8aMhH+epV9+rBCX1juwEiLdFOFxFiFGSgNdZNrdnZNzyp HTTP/1.1" 200 97
190.26.142.195 - - [20/Mar/2023:10:57:33 -0500] "GET /kwssiamovil/sm/acme/s?s=U2FsdGVkX1+2r+UPasCV+SYNDNPGXWeRI7oaEzgwGWvcijuOeiKnKa8lSx/68ZBi1FiRV6+mLAY96RC6XcpixcJ6DAWxVk5rMX/J2LN4g6RyA8dsqj/BnjpTlyQzypLb+vVu31FKrVaZwwjV2YM3BuPwy1EBHo/C+LWV5QRlgvmveckRgzMkWkM7IawNl/D0W72Mg8pk3bthSBL6EDWjLzWKfptEHAskWYg8nBt8Ow+kLJDh5A6yMYI1AWe0pS/wJG92oJ+unOvBY/Ks+L0fQCYBAK5VyCa+q4X35dNmZVRUbLK2TS0tIRKoEN2qB7svfgr/nDPrnYnHbBGV3xOWbmSDdxVi49Xq05t28mXVwx/rSRs/PNsEx41nrJILj9bmUanmo+zv0DCk+WlasaUtSsFeafNw+pbWAFfT8+N3ySefhhp80n4I+YLlPBQU0K8dUbZPufkvP4tFnUjik4e0xAQnBZgpb6I8e/SifgQ0onhi0Ldx50s53blwG7Jra0zWssJ47nja/2pmcd8hPw1SGgJuPuEIYqp9kAjPCrCirmzTl8Ifz9NND5NCUzCvhP4FRwnyrLwVBRwFEI7Eu5tQkSUn4jUesbIPbW05likOSCdVpTg/Dx3H1666Sy/3Nznl3pAiY6VSH0c2V7n+53+vKEwPXLUWsPzs/HA3mvHN3z38hcR8hYWrzgH6bepKBOEIgwq1wcQK2mDl2/GN8o9RPK8ZiRUaK9F3NqRCsBTioVOjqgdvPDNOecXyhvebXbec27G8P/vjq3n9+b5LsnMabR3coksx8P51cJDqQJCbuSPOoIMykt0jeiWBPESF6XG7doCYwJpzI3Fs8M2GeDY2FBfrkY0ssau6E5k8AwgvwtLY/g9j1tixviIQZfidaFcyBHIjPWPOFDuyckLM6s0VfRnkY1X/vH8Er+dNcmlwHeMNk+igpE0cmUItDFy0RZ0Eo2O/A1RNOapvfke1cTB3Xhy71SuS7SYh6L08Q1PmhGLZz1HZt/+tcQLcAjQPHXNT4td7YveQMGMDbFg3UWOV8wY8ezdaxHEaT7YcUF8vdij1SbZa1uAVq+/kS8+6cxQRnVXbsaZO60GQhDA8ei886N4/V67KUkv0Ue4YdD+zT4Cs9iH0cs3toLOKModE2qwsjfqzo4X1Nhty/IvQ/q3OQs+V4FSl3ULK+0MSM5CCq+BEaZEcjxXYxYzfhzA3y8zEMDBfqgCSGs/yZTBkHpNo09+IO6Z7p/mpbGXm6cc0oQsZGe6gB/a11XMM0E6Ro2RAleRRYvLTKJbiVY6rL3moxuOe2T//Aur8kG9RIAlB8m53+TmaaOctOwX0csnH9058r74wkpeHM09iKsAIIOCoEjH6yNuDeGQ15huIuf3ipqCo+gqpAN0XUxplL5CcDdWbBq+OoywwoNdPIFS99vyotC/RqBe3evLbuUc03Ps55hI=&u=U2FsdGVkX199WKWVabJEwhoNa+NZj1+ERWBtW74/YKQAKW6gqsFCAwS043uwdVHc&y=U2FsdGVkX1/sqIL/X9G8aMhH+epV9+rBCX1juwEiLdFOFxFiFGSgNdZNrdnZNzyp HTTP/1.1" 200 4664
190.26.142.195 - - [20/Mar/2023:10:57:33 -0500] "GET /kwssiamovil/sm/acme/s?s=U2FsdGVkX19/m1o+Y7fseolmgfuHE3lotUXTswTjE5Ngz6tbZLk4xVZVX+m2vTUw7DEDMOQWLO0waQ2n41DUDDookUfozLC6ClOrdQKUEY8kj0A+6TresJ1yTKpp3NvLlQCHDeVPTsQJ3yaealYGyWTg5Wcgb/pv4LQb9sP+Luk+PWd8vx4PZECzMFehHShiwnH+bqF3+SjEg0dzFBqC4W0ZApoqVkyncwp3B17A1YgnSQSvxIVhUN9MotxVmVMYCKthTgLcKHLbp1A8cOFahWyqA8xYiAkhWLq51XGE9MfKIyZL965wwLgv4fwgZzDm46m1W970TW7VJj/w3C+OYyiivPQlmz6mxK41DiARLTY=&u=U2FsdGVkX199WKWVabJEwhoNa+NZj1+ERWBtW74/YKQAKW6gqsFCAwS043uwdVHc&y=U2FsdGVkX1/sqIL/X9G8aMhH+epV9+rBCX1juwEiLdFOFxFiFGSgNdZNrdnZNzyp HTTP/1.1" 200 196
190.26.142.195 - - [20/Mar/2023:10:57:33 -0500] "GET /kwssiamovil/sm/cjson/pre?f=1&x=U2FsdGVkX1+YahibVgYgsUswrvfumX5po89dQWtJEAvcEMGggzvg4x/ssPmveIgM0340fnjqoywSTQyGtDgshw== HTTP/1.1" 200 31032
192.168.175.240 - - [20/Mar/2023:10:57:37 -0500] "GET / HTTP/1.1" 200 4720
192.168.175.240 - - [20/Mar/2023:10:58:37 -0500] "GET / HTTP/1.1" 200 4720
173.252.111.17 - - [20/Mar/2023:10:58:59 -0500] "GET /images/Acuerdos%2001%20(1)%20(1).jpeg HTTP/1.1" 200 32884
192.168.175.240 - - [20/Mar/2023:10:59:37 -0500] "GET / HTTP/1.1" 200 4720
40.77.188.2 - - [20/Mar/2023:10:59:44 -0500] "GET /sipse/faces/javax.faces.resource/layout/layout.css;jsessionid=9WUaYqokIKwYb3Vfsv6W4-0m.undefined?ln=primefaces&v=4.0 HTTP/1.1" 200 542
40.77.188.2 - - [20/Mar/2023:10:59:44 -0500] "GET /sipse/js/disable_browser_buttons.js HTTP/1.1" 200 3230
40.77.188.2 - - [20/Mar/2023:10:59:44 -0500] "GET /sipse/faces/javax.faces.resource/theme.css?ln=primefaces-sipse HTTP/1.1" 200 50058
40.77.188.2 - - [20/Mar/2023:10:59:44 -0500] "GET /sipse/faces/javax.faces.resource/primefaces.css;jsessionid=9WUaYqokIKwYb3Vfsv6W4-0m.undefined?ln=primefaces&v=4.0 HTTP/1.1" 200 53295
40.77.188.2 - - [20/Mar/2023:10:59:44 -0500] "GET /sipse/faces/javax.faces.resource/layout/layout.js;jsessionid=9WUaYqokIKwYb3Vfsv6W4-0m.undefined?ln=primefaces&v=4.0 HTTP/1.1" 200 87560
40.77.188.2 - - [20/Mar/2023:10:59:44 -0500] "GET /sipse/faces/javax.faces.resource/primefaces.js;jsessionid=9WUaYqokIKwYb3Vfsv6W4-0m.undefined?ln=primefaces&v=4.0 HTTP/1.1" 200 276924
40.77.188.2 - - [20/Mar/2023:10:59:46 -0500] "GET /sipse/faces/faces/index.xhtml HTTP/1.1" 200 677
40.77.188.2 - - [20/Mar/2023:10:59:46 -0500] "GET /sipse/faces/faces/faces/autenticacion.xhtml HTTP/1.1" 200 12166
40.77.188.2 - - [20/Mar/2023:10:59:46 -0500] "GET /sipse/faces/javax.faces.resource/theme.css?ln=primefaces-sipse HTTP/1.1" 304 -
40.77.188.2 - - [20/Mar/2023:10:59:46 -0500] "GET /sipse/faces/javax.faces.resource/layout/layout.css?ln=primefaces&v=4.0 HTTP/1.1" 200 542
40.77.188.2 - - [20/Mar/2023:10:59:46 -0500] "GET /sipse/faces/javax.faces.resource/primefaces.css?ln=primefaces&v=4.0 HTTP/1.1" 200 53295
40.77.188.2 - - [20/Mar/2023:10:59:46 -0500] "GET /sipse/faces/javax.faces.resource/jquery/jquery.js?ln=primefaces&v=4.0 HTTP/1.1" 200 105384
40.77.188.2 - - [20/Mar/2023:10:59:46 -0500] "GET /sipse/faces/javax.faces.resource/layout/layout.js?ln=primefaces&v=4.0 HTTP/1.1" 200 87560
40.77.188.2 - - [20/Mar/2023:10:59:46 -0500] "GET /sipse/faces/javax.faces.resource/jquery/jquery-plugins.js?ln=primefaces&v=4.0 HTTP/1.1" 200 220526
40.77.188.2 - - [20/Mar/2023:10:59:46 -0500] "GET /sipse/faces/javax.faces.resource/primefaces.js?ln=primefaces&v=4.0 HTTP/1.1" 200 276924
40.77.188.2 - - [20/Mar/2023:10:59:47 -0500] "GET /sipse/faces/javax.faces.resource/images/ui-icons_898989_256x240.png?ln=primefaces-aristo HTTP/1.1" 200 5355
172.22.2.4 - - [20/Mar/2023:10:58:07 -0500] "HEAD /BLA/boletinlegal/ HTTP/1.1" 200 -
192.168.175.240 - - [20/Mar/2023:11:00:37 -0500] "GET / HTTP/1.1" 200 4720
172.22.2.4 - - [20/Mar/2023:10:58:58 -0500] "GET /BLA/boletinlegal/ HTTP/1.1" 200 55561
216.245.221.92 - - [20/Mar/2023:11:01:32 -0500] "HEAD / HTTP/1.1" 200 -
192.168.175.240 - - [20/Mar/2023:11:01:37 -0500] "GET / HTTP/1.1" 200 4720
201.245.192.253 - - [20/Mar/2023:11:02:03 -0500] "POST /kwsrmcab/Wsrmcab  HTTP/1.1" 200 42239
192.168.175.240 - - [20/Mar/2023:11:02:37 -0500] "GET / HTTP/1.1" 200 4720
40.77.167.145 - - [20/Mar/2023:11:02:43 -0500] "GET /isolucionsda/FrameSetArticulo.asp?Pagina=/IsolucionSDA/bancoconocimiento/R/Resolucion3074del3deJuniode2011/Resolucion3074del3deJuniode2011.asp?IdArticulo=6538 HTTP/1.1" 200 8086
52.167.144.142 - - [20/Mar/2023:11:02:57 -0500] "GET /isolucionsda/Scripts/customRequired/base64.js HTTP/1.1" 200 3069
52.167.144.142 - - [20/Mar/2023:11:02:57 -0500] "GET /isolucionsda/Scripts/toastr.js HTTP/1.1" 200 15304
52.167.144.149 - - [20/Mar/2023:11:02:58 -0500] "GET /isolucionsda/Arriba.asp?Pagina=/IsolucionSDA/bancoconocimiento/R/Resolucion3074del3deJuniode2011/Resolucion3074del3deJuniode2011.asp&IdArticulo=6538 HTTP/1.1" 500 9068
40.77.167.211 - - [20/Mar/2023:11:03:00 -0500] "GET /isolucionsda/Scripts/jsUtilities.js?fecha=20150217a HTTP/1.1" 200 134322
40.77.167.145 - - [20/Mar/2023:11:03:01 -0500] "GET /isolucionsda/Scripts/jquery.js HTTP/1.1" 200 299461
52.167.144.149 - - [20/Mar/2023:11:03:08 -0500] "GET /isolucionsda/Scripts/customRequired/toasterConfiguration.js HTTP/1.1" 200 1446
192.168.175.240 - - [20/Mar/2023:11:03:37 -0500] "GET / HTTP/1.1" 200 4720
52.167.144.71 - - [20/Mar/2023:11:04:04 -0500] "GET /BLA/resoluciones/AUTOS%202017/3887.pdf HTTP/1.1" 200 261668
192.168.175.240 - - [20/Mar/2023:11:04:37 -0500] "GET / HTTP/1.1" 200 4720
66.249.79.111 - - [20/Mar/2023:11:05:27 -0500] "-" 408 -
172.22.2.4 - - [20/Mar/2023:11:03:57 -0500] "HEAD /BLA/boletinlegal/ HTTP/1.1" 200 -
192.168.175.240 - - [20/Mar/2023:11:05:37 -0500] "GET / HTTP/1.1" 200 4720
162.55.175.138 - - [20/Mar/2023:11:06:21 -0500] "GET / HTTP/1.1" 200 319
162.55.175.138 - - [20/Mar/2023:11:06:21 -0500] "GET / HTTP/1.1" 200 4720
172.22.2.4 - - [20/Mar/2023:11:04:48 -0500] "GET /BLA/boletinlegal/ HTTP/1.1" 200 56744
173.252.83.14 - - [20/Mar/2023:11:06:28 -0500] "GET /images/20%20de%20febrero%20panor\xc3\xa1mica%20de%20Bogot\xc3\xa1%20(1)%20(1).jpeg HTTP/1.1" 404 1034
216.245.221.92 - - [20/Mar/2023:11:06:32 -0500] "HEAD / HTTP/1.1" 200 -
192.168.175.240 - - [20/Mar/2023:11:06:37 -0500] "GET / HTTP/1.1" 200 4720
138.197.127.61 - - [20/Mar/2023:11:06:47 -0500] "GET /portaldeninos/ HTTP/1.1" 200 110197
201.245.192.253 - - [20/Mar/2023:11:07:02 -0500] "POST /kwsrmcab/Wsrmcab  HTTP/1.1" 200 42239
192.168.175.240 - - [20/Mar/2023:11:07:37 -0500] "GET / HTTP/1.1" 200 4720
191.156.177.173 - - [20/Mar/2023:11:07:53 -0500] "GET /images/jardines-verticales_optimized.jpeg HTTP/1.1" 200 138197
192.168.175.240 - - [20/Mar/2023:11:08:37 -0500] "GET / HTTP/1.1" 200 4720
192.168.175.240 - - [20/Mar/2023:11:09:37 -0500] "GET / HTTP/1.1" 200 4720
172.22.2.4 - - [20/Mar/2023:11:10:04 -0500] "GET /BLA/boletinlegal/style.css HTTP/1.1" 200 9406
172.22.2.4 - - [20/Mar/2023:11:10:04 -0500] "GET /BLA/boletinlegal/styles2.css HTTP/1.1" 200 1838
172.22.2.4 - - [20/Mar/2023:11:10:04 -0500] "GET /BLA/boletinlegal/js/jquery.js HTTP/1.1" 200 57254
172.22.2.4 - - [20/Mar/2023:11:10:04 -0500] "GET /BLA/boletinlegal/js/jquery.scrollTo-min.js HTTP/1.1" 200 1150
172.22.2.4 - - [20/Mar/2023:11:10:04 -0500] "GET /BLA/boletinlegal/js/jquery.scrollShow.js HTTP/1.1" 200 4586
172.22.2.4 - - [20/Mar/2023:11:10:04 -0500] "GET /BLA/boletinlegal/images/subscribe-icon-big.png HTTP/1.1" 200 47702
172.22.2.4 - - [20/Mar/2023:11:10:04 -0500] "GET /BLA/boletinlegal/images/launch.jpg HTTP/1.1" 200 14577
172.22.2.4 - - [20/Mar/2023:11:10:04 -0500] "GET /BLA/boletinlegal/images/cabezote%20BLEGAL.jpg HTTP/1.1" 200 118164
172.22.2.4 - - [20/Mar/2023:11:10:04 -0500] "GET /BLA/boletinlegal/images/registro-usuarios.png HTTP/1.1" 200 8106
172.22.2.4 - - [20/Mar/2023:11:10:04 -0500] "GET /BLA/boletinlegal/images/historia.png HTTP/1.1" 200 52775
172.22.2.4 - - [20/Mar/2023:11:10:04 -0500] "GET /BLA/boletinlegal/images/arr_l.jpg HTTP/1.1" 200 1979
172.22.2.4 - - [20/Mar/2023:11:10:04 -0500] "GET /BLA/boletinlegal/images/screen_1.png HTTP/1.1" 200 202547
172.22.2.4 - - [20/Mar/2023:11:10:06 -0500] "GET /BLA/boletinlegal/images/body_bg.jpg HTTP/1.1" 200 1601
172.22.2.4 - - [20/Mar/2023:11:10:07 -0500] "GET /BLA/boletinlegal/images/menu_lft.gif HTTP/1.1" 200 1713
172.22.2.4 - - [20/Mar/2023:11:10:07 -0500] "GET /BLA/boletinlegal/images/menu_rght.gif HTTP/1.1" 200 1627
172.22.2.4 - - [20/Mar/2023:11:10:07 -0500] "GET /BLA/boletinlegal/images/bg_top.jpg HTTP/1.1" 200 522
172.22.2.4 - - [20/Mar/2023:11:10:07 -0500] "GET /BLA/boletinlegal/images/menu_bg.jpg HTTP/1.1" 200 620
172.22.2.4 - - [20/Mar/2023:11:10:07 -0500] "GET /BLA/boletinlegal/images/hover.jpg HTTP/1.1" 200 640
172.22.2.4 - - [20/Mar/2023:11:10:07 -0500] "GET /BLA/boletinlegal/images/text.jpg HTTP/1.1" 200 568
172.22.2.4 - - [20/Mar/2023:11:10:09 -0500] "GET /BLA/boletinlegal/favicon.ico HTTP/1.1" 404 1308
172.22.2.4 - - [20/Mar/2023:11:10:10 -0500] "GET /BLA/boletinlegal/images/screen_2.png HTTP/1.1" 200 362502
172.22.2.4 - - [20/Mar/2023:11:10:10 -0500] "GET /BLA/boletinlegal/images/screen_3.png HTTP/1.1" 200 210620
172.22.2.4 - - [20/Mar/2023:11:10:10 -0500] "GET /BLA/boletinlegal/images/screen_5.png HTTP/1.1" 200 368876
172.22.2.4 - - [20/Mar/2023:11:10:10 -0500] "GET /BLA/boletinlegal/images/arr_r.jpg HTTP/1.1" 200 1998
172.22.2.4 - - [20/Mar/2023:11:10:10 -0500] "GET /BLA/boletinlegal/images/footer_bg.jpg HTTP/1.1" 200 586
192.168.175.240 - - [20/Mar/2023:11:10:37 -0500] "GET / HTTP/1.1" 200 4720
104.47.57.126 - - [20/Mar/2023:11:10:55 -0500] "HEAD /%C3%82%C2%BFquieres-aprender-sobre-jardines-verticales-esta-es-tu-oportunidad.html HTTP/1.1" 200 -
186.154.128.230 - - [20/Mar/2023:11:10:59 -0500] "GET /%C3%82%C2%BFquieres-aprender-sobre-jardines-verticales-esta-es-tu-oportunidad.html HTTP/1.1" 200 925
173.252.87.21 - - [20/Mar/2023:11:11:00 -0500] "GET /sumate-a-las-jornadas-de-recoleccion-de-llantas-de-esta-semana.html HTTP/1.1" 206 787
40.94.33.72 - - [20/Mar/2023:11:11:08 -0500] "GET /%C3%82%C2%BFquieres-aprender-sobre-jardines-verticales-esta-es-tu-oportunidad.html HTTP/1.1" 200 925
172.22.2.4 - - [20/Mar/2023:11:11:15 -0500] "GET /BLA/boletinlegal/actos.php HTTP/1.1" 200 9672
172.22.2.4 - - [20/Mar/2023:11:11:15 -0500] "GET /BLA/boletinlegal/js/ajax_actos.js HTTP/1.1" 200 1322
172.22.2.4 - - [20/Mar/2023:11:11:15 -0500] "GET /BLA/boletinlegal/niceforms.js HTTP/1.1" 200 22876
172.22.2.4 - - [20/Mar/2023:11:11:15 -0500] "GET /BLA/boletinlegal/niceforms-default.css HTTP/1.1" 200 6694
172.22.2.4 - - [20/Mar/2023:11:11:15 -0500] "GET /BLA/boletinlegal/js/lib.js HTTP/1.1" 200 6474
172.22.2.4 - - [20/Mar/2023:11:11:15 -0500] "GET /BLA/boletinlegal/js/popup.js HTTP/1.1" 200 1270
172.22.2.4 - - [20/Mar/2023:11:11:15 -0500] "GET /BLA/boletinlegal/js/jquery1.js HTTP/1.1" 200 29846
172.22.2.4 - - [20/Mar/2023:11:11:15 -0500] "GET /BLA/boletinlegal/images/green-yellow-blue-pink-th.png HTTP/1.1" 200 7394
172.22.2.4 - - [20/Mar/2023:11:11:15 -0500] "GET /BLA/boletinlegal/images/tel.png HTTP/1.1" 200 14477
172.22.2.4 - - [20/Mar/2023:11:11:15 -0500] "GET /BLA/boletinlegal/images/icono-email.png HTTP/1.1" 200 5544
172.22.2.4 - - [20/Mar/2023:11:11:15 -0500] "GET /BLA/boletinlegal/images/footer_bg_l.jpg HTTP/1.1" 200 776
172.22.2.4 - - [20/Mar/2023:11:11:16 -0500] "GET /BLA/boletinlegal/favicon.ico HTTP/1.1" 404 1326
172.22.2.4 - - [20/Mar/2023:11:11:16 -0500] "GET /BLA/boletinlegal/img/0.png HTTP/1.1" 200 110
172.22.2.4 - - [20/Mar/2023:11:11:16 -0500] "GET /BLA/boletinlegal/img/select-left.png HTTP/1.1" 200 263
172.22.2.4 - - [20/Mar/2023:11:11:16 -0500] "GET /BLA/boletinlegal/img/button.png HTTP/1.1" 200 43241
172.22.2.4 - - [20/Mar/2023:11:11:16 -0500] "GET /BLA/boletinlegal/img/select-right.png HTTP/1.1" 200 44019
172.22.2.4 - - [20/Mar/2023:11:11:16 -0500] "GET /BLA/boletinlegal/img/button-left.png HTTP/1.1" 200 57071
172.22.2.4 - - [20/Mar/2023:11:11:16 -0500] "GET /BLA/boletinlegal/img/button-right.png HTTP/1.1" 200 57878
172.22.2.4 - - [20/Mar/2023:11:09:47 -0500] "HEAD /BLA/boletinlegal/ HTTP/1.1" 200 -
216.245.221.92 - - [20/Mar/2023:11:11:32 -0500] "HEAD / HTTP/1.1" 200 -
172.22.2.4 - - [20/Mar/2023:11:11:33 -0500] "GET /BLA/boletinlegal/consulta_actos.php?tipo=resoluciones&no=0462&usuario=&sector=&fecha=2021&resuelve= HTTP/1.1" 200 1155
186.155.74.100 - - [20/Mar/2023:11:11:36 -0500] "GET /BLA/resoluciones/RESOLUCIONES%202021/0462.pdf HTTP/1.1" 200 711994
192.168.175.240 - - [20/Mar/2023:11:11:37 -0500] "GET / HTTP/1.1" 200 4720
186.155.74.100 - - [20/Mar/2023:11:11:40 -0500] "GET /BLA/resoluciones/RESOLUCIONES%202021/0462.pdf HTTP/1.1" 200 711994
172.22.2.4 - - [20/Mar/2023:11:10:01 -0500] "GET /BLA/boletinlegal/ HTTP/1.1" 200 49131
186.155.74.100 - - [20/Mar/2023:11:11:44 -0500] "GET /BLA/resoluciones/RESOLUCIONES%202021/0462.pdf HTTP/1.1" 200 711994
186.155.74.100 - - [20/Mar/2023:11:11:50 -0500] "GET /BLA/resoluciones/RESOLUCIONES%202021/0462.pdf HTTP/1.1" 200 711994
201.245.192.253 - - [20/Mar/2023:11:12:02 -0500] "POST /kwsrmcab/Wsrmcab  HTTP/1.1" 200 42239
52.167.144.71 - - [20/Mar/2023:11:12:16 -0500] "GET /BLA/resoluciones/RESOLUCIONES%202021/1865.pdf HTTP/1.1" 304 -
172.22.2.4 - - [20/Mar/2023:11:10:38 -0500] "GET /BLA/boletinlegal/ HTTP/1.1" 200 51610
192.168.175.240 - - [20/Mar/2023:11:12:37 -0500] "GET / HTTP/1.1" 200 4720
192.168.175.240 - - [20/Mar/2023:11:13:37 -0500] "GET / HTTP/1.1" 200 4720
161.10.104.71 - - [20/Mar/2023:11:14:23 -0500] "GET /galeria/galeria/jquery.fancybox.css?v=2.1.5 HTTP/1.1" 200 4895
161.10.104.71 - - [20/Mar/2023:11:14:23 -0500] "GET /BLA/boletinlegal/js/jquery.scrollShow.js HTTP/1.1" 200 4586
161.10.104.71 - - [20/Mar/2023:11:14:23 -0500] "GET /galeria/galeria/jquery.fancybox.js?v=2.1.5 HTTP/1.1" 200 48706
192.168.175.240 - - [20/Mar/2023:11:14:37 -0500] "GET / HTTP/1.1" 200 4720
66.249.79.111 - - [20/Mar/2023:11:14:40 -0500] "-" 408 -
190.143.109.85 - - [20/Mar/2023:11:15:15 -0500] "GET /sipse/faces/index.xhtml HTTP/1.1" 200 677
190.143.109.85 - - [20/Mar/2023:11:15:16 -0500] "GET /sipse/faces/javax.faces.resource/theme.css?ln=primefaces-sipse HTTP/1.1" 304 -
190.143.109.85 - - [20/Mar/2023:11:15:17 -0500] "GET /sipse/faces/faces/autenticacion.xhtml HTTP/1.1" 200 12166
190.143.109.85 - - [20/Mar/2023:11:15:17 -0500] "GET /sipse/faces/javax.faces.resource/theme.css?ln=primefaces-sipse HTTP/1.1" 304 -
190.143.109.85 - - [20/Mar/2023:11:15:17 -0500] "GET /sipse/faces/javax.faces.resource/jquery/jquery.js?ln=primefaces&v=4.0 HTTP/1.1" 304 -
190.143.109.85 - - [20/Mar/2023:11:15:17 -0500] "GET /sipse/faces/javax.faces.resource/jquery/jquery-plugins.js?ln=primefaces&v=4.0 HTTP/1.1" 304 -
190.143.109.85 - - [20/Mar/2023:11:15:17 -0500] "GET /sipse/faces/javax.faces.resource/primefaces.js?ln=primefaces&v=4.0 HTTP/1.1" 304 -
190.143.109.85 - - [20/Mar/2023:11:15:17 -0500] "GET /sipse/faces/javax.faces.resource/primefaces.css?ln=primefaces&v=4.0 HTTP/1.1" 304 -
190.143.109.85 - - [20/Mar/2023:11:15:17 -0500] "GET /sipse/faces/javax.faces.resource/layout/layout.css?ln=primefaces&v=4.0 HTTP/1.1" 304 -
190.143.109.85 - - [20/Mar/2023:11:15:17 -0500] "GET /sipse/faces/javax.faces.resource/layout/layout.js?ln=primefaces&v=4.0 HTTP/1.1" 304 -
190.143.109.85 - - [20/Mar/2023:11:15:17 -0500] "GET /sipse/faces/javax.faces.resource/images/ui-icons_898989_256x240.png?ln=primefaces-aristo HTTP/1.1" 304 -
186.114.21.98 - - [20/Mar/2023:11:15:31 -0500] "GET /BLA/boletinlegal/js/jquery.scrollShow.js HTTP/1.1" 200 4586
186.114.21.98 - - [20/Mar/2023:11:15:31 -0500] "GET /galeria/galeria/jquery.fancybox.js?v=2.1.5 HTTP/1.1" 200 48706
186.114.21.98 - - [20/Mar/2023:11:15:31 -0500] "GET /galeria/galeria/jquery.fancybox.css?v=2.1.5 HTTP/1.1" 200 4895
192.168.175.240 - - [20/Mar/2023:11:15:37 -0500] "GET / HTTP/1.1" 200 4720
216.245.221.92 - - [20/Mar/2023:11:16:32 -0500] "HEAD / HTTP/1.1" 200 -
192.168.175.240 - - [20/Mar/2023:11:16:37 -0500] "GET / HTTP/1.1" 200 4720
201.245.192.253 - - [20/Mar/2023:11:17:00 -0500] "POST /kwsrmcab/Wsrmcab  HTTP/1.1" 200 42239
172.22.2.4 - - [20/Mar/2023:11:15:37 -0500] "HEAD /BLA/boletinlegal/ HTTP/1.1" 200 -
192.168.175.240 - - [20/Mar/2023:11:17:37 -0500] "GET / HTTP/1.1" 200 4720
34.91.131.134 - - [20/Mar/2023:11:18:01 -0500] "GET /inventario-de-emisiones-2020-transporte-publico-sitp-redujo-emisiones-de-pm-2-5-en-un-37.html HTTP/1.1" 200 925
172.22.2.4 - - [20/Mar/2023:11:18:01 -0500] "GET /BLA/boletinlegal/style.css HTTP/1.1" 200 9406
172.22.2.4 - - [20/Mar/2023:11:18:01 -0500] "GET /BLA/boletinlegal/styles2.css HTTP/1.1" 200 1838
172.22.2.4 - - [20/Mar/2023:11:18:01 -0500] "GET /BLA/boletinlegal/js/jquery.js HTTP/1.1" 200 57254
172.22.2.4 - - [20/Mar/2023:11:18:01 -0500] "GET /BLA/boletinlegal/js/jquery.scrollTo-min.js HTTP/1.1" 200 1150
172.22.2.4 - - [20/Mar/2023:11:18:01 -0500] "GET /BLA/boletinlegal/js/jquery.scrollShow.js HTTP/1.1" 200 4586
172.22.2.4 - - [20/Mar/2023:11:18:01 -0500] "GET /BLA/boletinlegal/images/cabezote%20BLEGAL.jpg HTTP/1.1" 200 118164
172.22.2.4 - - [20/Mar/2023:11:18:01 -0500] "GET /BLA/boletinlegal/images/subscribe-icon-big.png HTTP/1.1" 200 47702
172.22.2.4 - - [20/Mar/2023:11:18:01 -0500] "GET /BLA/boletinlegal/images/registro-usuarios.png HTTP/1.1" 200 8106
172.22.2.4 - - [20/Mar/2023:11:18:01 -0500] "GET /BLA/boletinlegal/images/arr_l.jpg HTTP/1.1" 200 1979
172.22.2.4 - - [20/Mar/2023:11:18:01 -0500] "GET /BLA/boletinlegal/images/historia.png HTTP/1.1" 200 52775
172.22.2.4 - - [20/Mar/2023:11:18:01 -0500] "GET /BLA/boletinlegal/images/launch.jpg HTTP/1.1" 200 14577
172.22.2.4 - - [20/Mar/2023:11:18:01 -0500] "GET /BLA/boletinlegal/images/body_bg.jpg HTTP/1.1" 200 1601
172.22.2.4 - - [20/Mar/2023:11:18:01 -0500] "GET /BLA/boletinlegal/images/menu_lft.gif HTTP/1.1" 200 1713
172.22.2.4 - - [20/Mar/2023:11:18:01 -0500] "GET /BLA/boletinlegal/images/menu_rght.gif HTTP/1.1" 200 1627
172.22.2.4 - - [20/Mar/2023:11:18:01 -0500] "GET /BLA/boletinlegal/images/bg_top.jpg HTTP/1.1" 200 522
172.22.2.4 - - [20/Mar/2023:11:18:01 -0500] "GET /BLA/boletinlegal/images/hover.jpg HTTP/1.1" 200 640
172.22.2.4 - - [20/Mar/2023:11:18:01 -0500] "GET /BLA/boletinlegal/images/menu_bg.jpg HTTP/1.1" 200 620
172.22.2.4 - - [20/Mar/2023:11:18:01 -0500] "GET /BLA/boletinlegal/images/text.jpg HTTP/1.1" 200 568
172.22.2.4 - - [20/Mar/2023:11:18:02 -0500] "GET /BLA/boletinlegal/images/screen_1.png HTTP/1.1" 200 202547
172.22.2.4 - - [20/Mar/2023:11:16:28 -0500] "GET /BLA/boletinlegal/ HTTP/1.1" 200 56744
172.22.2.4 - - [20/Mar/2023:11:18:01 -0500] "GET /BLA/boletinlegal/ HTTP/1.1" 200 24523
192.168.175.240 - - [20/Mar/2023:11:18:37 -0500] "GET / HTTP/1.1" 200 4720
40.77.189.13 - - [20/Mar/2023:11:18:55 -0500] "GET /isolucionsda/IsolucionSDA/bancoconocimiento/R/Resolucion3074del3deJuniode2011/Resolucion3074del3deJuniode2011.asp?IdArticulo=6538 HTTP/1.1" 404 5054
40.77.190.217 - - [20/Mar/2023:11:18:56 -0500] "GET /isolucionsda/StyleSheet/StyleSheet.css HTTP/1.1" 200 28286
192.168.175.240 - - [20/Mar/2023:11:19:37 -0500] "GET / HTTP/1.1" 200 4720
172.22.2.4 - - [20/Mar/2023:11:19:47 -0500] "GET /BLA/boletinlegal/images/cabezote%20BLEGAL.jpg HTTP/1.1" 200 118164
201.245.192.253 - - [20/Mar/2023:11:20:33 -0500] "POST /kwsrmcab/Wsrmcab HTTP/1.1" 200 40354
192.168.175.240 - - [20/Mar/2023:11:20:37 -0500] "GET / HTTP/1.1" 200 4720
201.245.192.253 - - [20/Mar/2023:11:20:36 -0500] "POST /kwsrmcab/Wsrmcab HTTP/1.1" 200 43786
66.249.79.111 - - [20/Mar/2023:11:20:39 -0500] "-" 408 -
216.245.221.92 - - [20/Mar/2023:11:21:32 -0500] "HEAD / HTTP/1.1" 200 -
192.168.175.240 - - [20/Mar/2023:11:21:37 -0500] "GET / HTTP/1.1" 200 4720
201.245.192.253 - - [20/Mar/2023:11:21:57 -0500] "POST /kwsrmcab/Wsrmcab  HTTP/1.1" 200 42239
192.168.175.240 - - [20/Mar/2023:11:22:37 -0500] "GET / HTTP/1.1" 200 4720
52.167.144.44 - - [20/Mar/2023:11:23:06 -0500] "GET /reporte-calidad-del-aire-jueves.html HTTP/1.1" 200 750
172.22.2.4 - - [20/Mar/2023:11:21:27 -0500] "HEAD /BLA/boletinlegal/ HTTP/1.1" 200 -
192.168.175.240 - - [20/Mar/2023:11:23:37 -0500] "GET / HTTP/1.1" 200 4720
172.22.2.4 - - [20/Mar/2023:11:22:18 -0500] "GET /BLA/boletinlegal/ HTTP/1.1" 200 55211
192.168.175.240 - - [20/Mar/2023:11:24:37 -0500] "GET / HTTP/1.1" 200 4720
192.168.175.240 - - [20/Mar/2023:11:25:37 -0500] "GET / HTTP/1.1" 200 4720
186.84.88.82 - - [20/Mar/2023:11:25:58 -0500] "GET /galeria/galeria/jquery.fancybox.css?v=2.1.5 HTTP/1.1" 200 4895
186.84.88.82 - - [20/Mar/2023:11:25:58 -0500] "GET /BLA/boletinlegal/js/jquery.scrollShow.js HTTP/1.1" 200 4586
186.84.88.82 - - [20/Mar/2023:11:25:58 -0500] "GET /galeria/galeria/jquery.fancybox.js?v=2.1.5 HTTP/1.1" 200 48706
216.245.221.92 - - [20/Mar/2023:11:26:32 -0500] "HEAD / HTTP/1.1" 200 -
192.168.175.240 - - [20/Mar/2023:11:26:37 -0500] "GET / HTTP/1.1" 200 4720
186.155.14.90 - - [20/Mar/2023:11:26:45 -0500] "GET /appsia/controlador HTTP/1.1" 200 4799
186.155.14.90 - - [20/Mar/2023:11:26:45 -0500] "GET /appsia/css/estilos.css HTTP/1.1" 200 4804
186.155.14.90 - - [20/Mar/2023:11:26:46 -0500] "GET /appsia/scripts/validarIngreso.js HTTP/1.1" 200 851
186.155.14.90 - - [20/Mar/2023:11:26:46 -0500] "GET /appsia/images/cabezoteHojaVida.png HTTP/1.1" 200 32493
186.155.14.90 - - [20/Mar/2023:11:26:46 -0500] "GET /appsia/images/logo_bogota_p.png HTTP/1.1" 200 14951
186.155.14.90 - - [20/Mar/2023:11:26:46 -0500] "GET /favicon.ico HTTP/1.1" 200 7782
66.249.79.111 - - [20/Mar/2023:11:26:55 -0500] "-" 408 -
186.155.14.90 - - [20/Mar/2023:11:26:56 -0500] "POST /appsia/controlador HTTP/1.1" 200 5437
201.245.192.253 - - [20/Mar/2023:11:26:54 -0500] "POST /kwsrmcab/Wsrmcab  HTTP/1.1" 200 42239
186.155.14.90 - - [20/Mar/2023:11:26:59 -0500] "POST /appsia/controlador HTTP/1.1" 200 7787
186.155.14.90 - - [20/Mar/2023:11:27:02 -0500] "POST /appsia/controlador HTTP/1.1" 200 5246
186.155.14.90 - - [20/Mar/2023:11:27:05 -0500] "GET /appsia/controlador?comando=ingresarMenuPrincipal&id=80418460&funcionario=JORGE+ENRIQUE+HERNANDEZ+LOPEZ&desde=80418460&hasta=80418460&version=80418460&accion=Regresar HTTP/1.1" 200 5437
186.155.14.90 - - [20/Mar/2023:11:27:08 -0500] "POST /appsia/controlador HTTP/1.1" 200 7787
186.155.14.90 - - [20/Mar/2023:11:27:13 -0500] "POST /appsia/controlador HTTP/1.1" 200 6652
186.155.14.90 - - [20/Mar/2023:11:27:15 -0500] "POST /appsia/controlador HTTP/1.1" 200 11754
192.168.175.240 - - [20/Mar/2023:11:27:37 -0500] "GET / HTTP/1.1" 200 4720
192.168.175.240 - - [20/Mar/2023:11:28:37 -0500] "GET / HTTP/1.1" 200 4720
172.22.2.4 - - [20/Mar/2023:11:27:17 -0500] "HEAD /BLA/boletinlegal/ HTTP/1.1" 200 -
35.204.51.63 - - [20/Mar/2023:11:29:11 -0500] "GET /inventario-de-emisiones-2020-transporte-publico-sitp-redujo-emisiones-de-pm-2-5-en-un-37.html HTTP/1.1" 200 925
192.168.175.240 - - [20/Mar/2023:11:29:37 -0500] "GET / HTTP/1.1" 200 4720
172.22.2.4 - - [20/Mar/2023:11:28:08 -0500] "GET /BLA/boletinlegal/ HTTP/1.1" 200 56744
201.245.192.253 - - [20/Mar/2023:11:30:33 -0500] "POST /kwsrmcab/Wsrmcab HTTP/1.1" 200 40354
192.168.175.240 - - [20/Mar/2023:11:30:37 -0500] "GET / HTTP/1.1" 200 4720
112.126.67.201 - - [20/Mar/2023:11:30:38 -0500] "GET http://190.27.245.106:80/phpMyAdmin/scripts/setup.php HTTP/1.0" 403 1165
112.126.67.201 - - [20/Mar/2023:11:30:38 -0500] "GET http://190.27.245.106:80/phpmyadmin/scripts/setup.php HTTP/1.0" 403 1165
201.245.192.253 - - [20/Mar/2023:11:30:36 -0500] "POST /kwsrmcab/Wsrmcab HTTP/1.1" 200 43786
216.245.221.92 - - [20/Mar/2023:11:31:32 -0500] "HEAD / HTTP/1.1" 200 -
192.168.175.240 - - [20/Mar/2023:11:31:37 -0500] "GET / HTTP/1.1" 200 4720
201.245.192.253 - - [20/Mar/2023:11:31:53 -0500] "POST /kwsrmcab/Wsrmcab  HTTP/1.1" 200 42239
192.168.175.240 - - [20/Mar/2023:11:32:37 -0500] "GET / HTTP/1.1" 200 4720
66.249.79.111 - - [20/Mar/2023:11:33:30 -0500] "-" 408 -
192.168.175.240 - - [20/Mar/2023:11:33:37 -0500] "GET / HTTP/1.1" 200 4720
52.167.144.71 - - [20/Mar/2023:11:33:37 -0500] "GET /BLA/resoluciones/RESOLUCIONES%202021/1865.pdf HTTP/1.1" 200 466582
172.22.2.4 - - [20/Mar/2023:11:34:01 -0500] "GET /BLA/boletinlegal/actos.php HTTP/1.1" 200 9672
172.22.2.4 - - [20/Mar/2023:11:34:01 -0500] "GET /BLA/boletinlegal/js/ajax_actos.js HTTP/1.1" 200 1322
172.22.2.4 - - [20/Mar/2023:11:34:01 -0500] "GET /BLA/boletinlegal/niceforms.js HTTP/1.1" 200 22876
172.22.2.4 - - [20/Mar/2023:11:34:01 -0500] "GET /BLA/boletinlegal/js/popup.js HTTP/1.1" 200 1270
172.22.2.4 - - [20/Mar/2023:11:34:01 -0500] "GET /BLA/boletinlegal/js/jquery1.js HTTP/1.1" 200 29846
172.22.2.4 - - [20/Mar/2023:11:34:01 -0500] "GET /BLA/boletinlegal/js/lib.js HTTP/1.1" 200 6474
172.22.2.4 - - [20/Mar/2023:11:34:01 -0500] "GET /BLA/boletinlegal/niceforms-default.css HTTP/1.1" 200 6694
172.22.2.4 - - [20/Mar/2023:11:34:01 -0500] "GET /BLA/boletinlegal/images/green-yellow-blue-pink-th.png HTTP/1.1" 200 7394
172.22.2.4 - - [20/Mar/2023:11:34:01 -0500] "GET /BLA/boletinlegal/images/tel.png HTTP/1.1" 200 14477
172.22.2.4 - - [20/Mar/2023:11:34:01 -0500] "GET /BLA/boletinlegal/images/icono-email.png HTTP/1.1" 200 5544
172.22.2.4 - - [20/Mar/2023:11:34:01 -0500] "GET /BLA/boletinlegal/images/footer_bg.jpg HTTP/1.1" 200 586
172.22.2.4 - - [20/Mar/2023:11:34:01 -0500] "GET /BLA/boletinlegal/images/footer_bg_l.jpg HTTP/1.1" 200 776
172.22.2.4 - - [20/Mar/2023:11:34:01 -0500] "GET /BLA/boletinlegal/img/select-right.png HTTP/1.1" 200 44019
172.22.2.4 - - [20/Mar/2023:11:34:01 -0500] "GET /BLA/boletinlegal/img/0.png HTTP/1.1" 200 110
172.22.2.4 - - [20/Mar/2023:11:34:01 -0500] "GET /BLA/boletinlegal/img/select-left.png HTTP/1.1" 200 263
172.22.2.4 - - [20/Mar/2023:11:34:01 -0500] "GET /BLA/boletinlegal/img/button-right.png HTTP/1.1" 200 57878
172.22.2.4 - - [20/Mar/2023:11:34:01 -0500] "GET /BLA/boletinlegal/img/button.png HTTP/1.1" 200 43241
172.22.2.4 - - [20/Mar/2023:11:34:01 -0500] "GET /BLA/boletinlegal/img/button-left.png HTTP/1.1" 200 57071
172.22.2.4 - - [20/Mar/2023:11:34:01 -0500] "GET /BLA/boletinlegal/favicon.ico HTTP/1.1" 404 1326
190.69.235.242 - - [20/Mar/2023:11:34:03 -0500] "GET /BLA/resoluciones/ HTTP/1.1" 200 13502
190.69.235.242 - - [20/Mar/2023:11:34:03 -0500] "GET /BLA/resoluciones/dlf/folder.png HTTP/1.1" 200 410
190.69.235.242 - - [20/Mar/2023:11:34:03 -0500] "GET /favicon.ico HTTP/1.1" 200 7782
190.69.235.242 - - [20/Mar/2023:11:34:04 -0500] "GET /BLA/resoluciones/index.php?dir=AUTOS+2016%2F HTTP/1.1" 200 328199
190.69.235.242 - - [20/Mar/2023:11:34:09 -0500] "GET /BLA/resoluciones/AUTOS%202016/1031.pdf HTTP/1.1" 200 265432
192.168.175.240 - - [20/Mar/2023:11:34:37 -0500] "GET / HTTP/1.1" 200 4720
172.22.2.4 - - [20/Mar/2023:11:34:40 -0500] "GET /BLA/boletinlegal/robots.txt HTTP/1.1" 404 1038
52.167.144.43 - - [20/Mar/2023:11:34:40 -0500] "GET / HTTP/1.1" 200 4720
172.22.2.4 - - [20/Mar/2023:11:34:41 -0500] "GET /BLA/boletinlegal/Directivas/2017/Directiva%20No.%2002%20del%2017%20de%20Enero%20de%202017.pdf HTTP/1.1" 200 3521427
172.22.2.4 - - [20/Mar/2023:11:33:58 -0500] "GET /BLA/boletinlegal/ HTTP/1.1" 200 24523
172.22.2.4 - - [20/Mar/2023:11:33:07 -0500] "HEAD /BLA/boletinlegal/ HTTP/1.1" 200 -
192.168.175.240 - - [20/Mar/2023:11:35:37 -0500] "GET / HTTP/1.1" 200 4720
172.22.2.4 - - [20/Mar/2023:11:33:58 -0500] "GET /BLA/boletinlegal/ HTTP/1.1" 200 54798
157.55.39.218 - - [20/Mar/2023:11:35:45 -0500] "GET /bogota-se-la-juega-por-las-mujeres-emprendedoras-de-bogota-es-mi-huerta-y-mujeres-que-reverdecen-expusieron-sus-proyectos-productivos.html HTTP/1.1" 200 985
186.80.50.45 - - [20/Mar/2023:11:36:06 -0500] "GET /BLA/resoluciones/AUTOS%202017/1102.pdf HTTP/1.1" 200 284258
216.245.221.92 - - [20/Mar/2023:11:36:32 -0500] "HEAD / HTTP/1.1" 200 -
192.168.175.240 - - [20/Mar/2023:11:36:37 -0500] "GET / HTTP/1.1" 200 4720
152.203.223.79 - - [20/Mar/2023:11:36:38 -0500] "GET /sipse/faces/index.xhtml HTTP/1.1" 200 677
152.203.223.79 - - [20/Mar/2023:11:36:38 -0500] "GET /sipse/faces/javax.faces.resource/theme.css?ln=primefaces-sipse HTTP/1.1" 304 -
152.203.223.79 - - [20/Mar/2023:11:36:39 -0500] "GET /sipse/faces/faces/autenticacion.xhtml HTTP/1.1" 200 12166
152.203.223.79 - - [20/Mar/2023:11:36:39 -0500] "GET /sipse/js/funciones.js HTTP/1.1" 304 -
152.203.223.79 - - [20/Mar/2023:11:36:39 -0500] "GET /sipse/css/custom_css_sg.css HTTP/1.1" 304 -
152.203.223.79 - - [20/Mar/2023:11:36:39 -0500] "GET /sipse/css/custom_css_sg_prime_login.css HTTP/1.1" 304 -
152.203.223.79 - - [20/Mar/2023:11:36:39 -0500] "GET /sipse/faces/javax.faces.resource/layout/layout.css?ln=primefaces&v=4.0 HTTP/1.1" 304 -
152.203.223.79 - - [20/Mar/2023:11:36:39 -0500] "GET /sipse/faces/javax.faces.resource/theme.css?ln=primefaces-sipse HTTP/1.1" 304 -
152.203.223.79 - - [20/Mar/2023:11:36:39 -0500] "GET /sipse/faces/javax.faces.resource/jquery/jquery.js?ln=primefaces&v=4.0 HTTP/1.1" 304 -
152.203.223.79 - - [20/Mar/2023:11:36:39 -0500] "GET /sipse/faces/javax.faces.resource/primefaces.css?ln=primefaces&v=4.0 HTTP/1.1" 304 -
152.203.223.79 - - [20/Mar/2023:11:36:39 -0500] "GET /sipse/faces/javax.faces.resource/jquery/jquery-plugins.js?ln=primefaces&v=4.0 HTTP/1.1" 304 -
