186.84.21.222 - - [22/Mar/2023:01:05:15 -0500] "GET /sipse/faces/javax.faces.resource/jquery/jquery.js?ln=primefaces&v=4.0 HTTP/1.1" 304 -
186.84.21.222 - - [22/Mar/2023:01:05:15 -0500] "GET /sipse/faces/javax.faces.resource/jquery/jquery-plugins.js?ln=primefaces&v=4.0 HTTP/1.1" 304 -
186.84.21.222 - - [22/Mar/2023:01:05:15 -0500] "GET /sipse/faces/javax.faces.resource/primefaces.js?ln=primefaces&v=4.0 HTTP/1.1" 304 -
186.84.21.222 - - [22/Mar/2023:01:05:15 -0500] "GET /sipse/faces/javax.faces.resource/layout/layout.js?ln=primefaces&v=4.0 HTTP/1.1" 304 -
192.168.175.240 - - [22/Mar/2023:01:05:34 -0500] "GET / HTTP/1.1" 200 4720
172.22.2.4 - - [22/Mar/2023:01:05:07 -0500] "GET /BLA/boletinlegal/ HTTP/1.1" 200 24523
172.22.2.4 - - [22/Mar/2023:01:05:40 -0500] "GET /BLA/boletinlegal/consulta_actos.php?tipo=autos&no=6068&usuario=&sector=&fecha=2022&resuelve= HTTP/1.1" 200 1059
172.22.2.4 - - [22/Mar/2023:01:05:40 -0500] "GET /BLA/boletinlegal/images/pdf.gif HTTP/1.1" 200 567
191.156.144.46 - - [22/Mar/2023:01:05:45 -0500] "GET /BLA/resoluciones/ HTTP/1.1" 200 13502
191.156.154.38 - - [22/Mar/2023:01:05:45 -0500] "GET /BLA/resoluciones/dlf/styles.css HTTP/1.1" 200 3049
191.156.144.46 - - [22/Mar/2023:01:05:45 -0500] "GET /BLA/resoluciones/dlf/folder.png HTTP/1.1" 200 410
191.156.154.38 - - [22/Mar/2023:01:05:45 -0500] "GET /BLA/resoluciones/dlf/bg.gif HTTP/1.1" 200 54
191.156.154.38 - - [22/Mar/2023:01:05:46 -0500] "GET /favicon.ico HTTP/1.1" 200 7782
186.84.21.222 - - [22/Mar/2023:01:05:45 -0500] "POST /sipse/faces/presentacion/financiero/solicitudProceso/consultarSolicitudProceso.xhtml HTTP/1.1" 200 9528071
191.156.144.46 - - [22/Mar/2023:01:05:51 -0500] "GET /BLA/resoluciones/dlf/pdf.gif HTTP/1.1" 200 272
191.156.144.46 - - [22/Mar/2023:01:05:51 -0500] "GET /BLA/resoluciones/dlf/dirup.png HTTP/1.1" 200 644
186.84.21.222 - - [22/Mar/2023:01:05:47 -0500] "POST /sipse/faces/presentacion/financiero/solicitudProceso/consultarSolicitudProceso.xhtml HTTP/1.1" 200 9568161
186.84.21.222 - - [22/Mar/2023:01:05:49 -0500] "POST /sipse/faces/presentacion/financiero/solicitudProceso/consultarSolicitudProceso.xhtml HTTP/1.1" 200 7764197
191.156.154.38 - - [22/Mar/2023:01:05:51 -0500] "GET /BLA/resoluciones/index.php?dir=AUTOS+2022%2F HTTP/1.1" 200 452196
186.84.21.222 - - [22/Mar/2023:01:05:54 -0500] "POST /sipse/faces/presentacion/financiero/solicitudProceso/consultarSolicitudProceso.xhtml HTTP/1.1" 200 1108175
186.84.21.222 - - [22/Mar/2023:01:06:26 -0500] "POST /sipse/faces/presentacion/financiero/solicitudProceso/consultarSolicitudProceso.xhtml HTTP/1.1" 200 5534
216.245.221.92 - - [22/Mar/2023:01:06:27 -0500] "HEAD / HTTP/1.1" 200 -
192.168.175.240 - - [22/Mar/2023:01:06:34 -0500] "GET / HTTP/1.1" 200 4720
52.167.144.149 - - [22/Mar/2023:01:06:42 -0500] "GET /BLA/resoluciones/AUTOS%202022/1314.pdf HTTP/1.1" 200 471218
192.168.175.240 - - [22/Mar/2023:01:07:34 -0500] "GET / HTTP/1.1" 200 4720
201.245.192.253 - - [22/Mar/2023:01:08:03 -0500] "POST /kwsrmcab/Wsrmcab  HTTP/1.1" 200 42239
192.168.175.240 - - [22/Mar/2023:01:08:34 -0500] "GET / HTTP/1.1" 200 4720
172.22.2.4 - - [22/Mar/2023:01:07:05 -0500] "HEAD /BLA/boletinlegal/ HTTP/1.1" 200 -
192.168.175.240 - - [22/Mar/2023:01:09:34 -0500] "GET / HTTP/1.1" 200 4720
172.22.2.4 - - [22/Mar/2023:01:07:55 -0500] "GET /BLA/boletinlegal/ HTTP/1.1" 200 57551
192.168.175.240 - - [22/Mar/2023:01:10:34 -0500] "GET / HTTP/1.1" 200 4720
216.245.221.92 - - [22/Mar/2023:01:11:27 -0500] "HEAD / HTTP/1.1" 200 -
186.80.50.45 - - [22/Mar/2023:01:11:32 -0500] "GET /BLA/resoluciones/AUTOS%202017/1605.pdf HTTP/1.1" 200 283798
192.168.175.240 - - [22/Mar/2023:01:11:34 -0500] "GET / HTTP/1.1" 200 4720
192.168.175.240 - - [22/Mar/2023:01:12:34 -0500] "GET / HTTP/1.1" 200 4720
186.84.21.222 - - [22/Mar/2023:01:12:53 -0500] "POST /sipse/faces/presentacion/financiero/solicitudProceso/consultarSolicitudProceso.xhtml HTTP/1.1" 200 5534
201.245.192.253 - - [22/Mar/2023:01:13:02 -0500] "POST /kwsrmcab/Wsrmcab  HTTP/1.1" 200 42239
186.84.21.222 - - [22/Mar/2023:01:13:30 -0500] "POST /sipse/faces/presentacion/financiero/solicitudProceso/consultarSolicitudProceso.xhtml HTTP/1.1" 200 42082
186.84.21.222 - - [22/Mar/2023:01:13:33 -0500] "GET /sipse/faces/javax.faces.resource/jquery/jquery.js?ln=primefaces&v=4.0 HTTP/1.1" 304 -
186.84.21.222 - - [22/Mar/2023:01:13:33 -0500] "GET /sipse/faces/javax.faces.resource/jquery/jquery-plugins.js?ln=primefaces&v=4.0 HTTP/1.1" 304 -
186.84.21.222 - - [22/Mar/2023:01:13:33 -0500] "GET /sipse/faces/javax.faces.resource/primefaces.js?ln=primefaces&v=4.0 HTTP/1.1" 304 -
186.84.21.222 - - [22/Mar/2023:01:13:33 -0500] "GET /sipse/faces/javax.faces.resource/layout/layout.js?ln=primefaces&v=4.0 HTTP/1.1" 304 -
186.84.21.222 - - [22/Mar/2023:01:13:33 -0500] "POST /sipse/faces/presentacion/financiero/solicitudProceso/listarSolicitudProceso.xhtml HTTP/1.1" 200 1436
192.168.175.240 - - [22/Mar/2023:01:13:34 -0500] "GET / HTTP/1.1" 200 4720
186.84.21.222 - - [22/Mar/2023:01:13:35 -0500] "POST /sipse/faces/presentacion/financiero/solicitudProceso/listarSolicitudProceso.xhtml HTTP/1.1" 200 137667
186.84.21.222 - - [22/Mar/2023:01:13:37 -0500] "GET /sipse/faces/javax.faces.resource/jquery/jquery.js?ln=primefaces&v=4.0 HTTP/1.1" 304 -
186.84.21.222 - - [22/Mar/2023:01:13:37 -0500] "GET /sipse/faces/javax.faces.resource/jquery/jquery-plugins.js?ln=primefaces&v=4.0 HTTP/1.1" 304 -
186.84.21.222 - - [22/Mar/2023:01:13:37 -0500] "GET /sipse/faces/javax.faces.resource/primefaces.js?ln=primefaces&v=4.0 HTTP/1.1" 304 -
186.84.21.222 - - [22/Mar/2023:01:13:37 -0500] "GET /sipse/faces/javax.faces.resource/layout/layout.js?ln=primefaces&v=4.0 HTTP/1.1" 304 -
186.84.21.222 - - [22/Mar/2023:01:13:41 -0500] "POST /sipse/faces/presentacion/financiero/solicitudProceso/consultarSolicitudProceso.xhtml HTTP/1.1" 200 45801
186.84.21.222 - - [22/Mar/2023:01:13:42 -0500] "GET /sipse/faces/javax.faces.resource/theme.css?ln=primefaces-sipse HTTP/1.1" 304 -
186.84.21.222 - - [22/Mar/2023:01:13:42 -0500] "GET /sipse/faces/javax.faces.resource/primefaces.css?ln=primefaces&v=4.0 HTTP/1.1" 304 -
186.84.21.222 - - [22/Mar/2023:01:13:42 -0500] "GET /sipse/faces/javax.faces.resource/layout/layout.css?ln=primefaces&v=4.0 HTTP/1.1" 304 -
186.84.21.222 - - [22/Mar/2023:01:13:42 -0500] "GET /sipse/faces/javax.faces.resource/layout/layout.js?ln=primefaces&v=4.0 HTTP/1.1" 304 -
186.84.21.222 - - [22/Mar/2023:01:13:42 -0500] "GET /sipse/faces/javax.faces.resource/jquery/jquery.js?ln=primefaces&v=4.0 HTTP/1.1" 304 -
186.84.21.222 - - [22/Mar/2023:01:13:42 -0500] "GET /sipse/faces/javax.faces.resource/primefaces.js?ln=primefaces&v=4.0 HTTP/1.1" 304 -
186.84.21.222 - - [22/Mar/2023:01:13:42 -0500] "GET /sipse/faces/javax.faces.resource/jquery/jquery-plugins.js?ln=primefaces&v=4.0 HTTP/1.1" 304 -
186.84.21.222 - - [22/Mar/2023:01:13:42 -0500] "GET /sipse/faces/javax.faces.resource/images/ui-icons_898989_256x240.png?ln=primefaces-aristo HTTP/1.1" 304 -
186.84.21.222 - - [22/Mar/2023:01:14:12 -0500] "GET /sipse/faces/javax.faces.resource/images/ui-bg_flat_0_2d5972_40x100.png?ln=primefaces-aristo HTTP/1.1" 304 -
186.84.21.222 - - [22/Mar/2023:01:14:12 -0500] "POST /sipse/faces/presentacion/financiero/solicitudProceso/consultarHistorialSolProceso.xhtml HTTP/1.1" 200 41640
186.84.21.222 - - [22/Mar/2023:01:14:13 -0500] "GET /sipse/faces/javax.faces.resource/jquery/jquery.js?ln=primefaces&v=4.0 HTTP/1.1" 304 -
186.84.21.222 - - [22/Mar/2023:01:14:13 -0500] "GET /sipse/faces/javax.faces.resource/jquery/jquery-plugins.js?ln=primefaces&v=4.0 HTTP/1.1" 304 -
186.84.21.222 - - [22/Mar/2023:01:14:13 -0500] "GET /sipse/faces/javax.faces.resource/primefaces.js?ln=primefaces&v=4.0 HTTP/1.1" 304 -
186.84.21.222 - - [22/Mar/2023:01:14:13 -0500] "GET /sipse/faces/javax.faces.resource/layout/layout.js?ln=primefaces&v=4.0 HTTP/1.1" 304 -
186.84.21.222 - - [22/Mar/2023:01:14:13 -0500] "POST /sipse/faces/presentacion/financiero/solicitudProceso/listarSolicitudProceso.xhtml HTTP/1.1" 200 1436
186.84.21.222 - - [22/Mar/2023:01:14:17 -0500] "POST /sipse/faces/presentacion/financiero/solicitudProceso/listarSolicitudProceso.xhtml HTTP/1.1" 200 8221
192.168.175.240 - - [22/Mar/2023:01:14:34 -0500] "GET / HTTP/1.1" 200 4720
172.22.2.4 - - [22/Mar/2023:01:12:55 -0500] "HEAD /BLA/boletinlegal/ HTTP/1.1" 200 -
152.61.128.50 - - [22/Mar/2023:01:14:36 -0500] "GET /arcgis/services/Calidad_del_Agua_WQI/MapServer/WMSServer?request=GetCapabilities&service=WMS HTTP/1.1" 503 1020
152.61.128.50 - - [22/Mar/2023:01:14:37 -0500] "GET /arcgis/services/Calidad_del_Agua_WQI/MapServer/WMSServer?SERVICE=WMS&REQUEST=GetCapabilities HTTP/1.1" 503 1020
152.61.128.50 - - [22/Mar/2023:01:14:37 -0500] "GET /arcgis/services/Calidad_del_Agua_WQI/MapServer/WMSServer?WMTVER=1.0.0&REQUEST=capabilities HTTP/1.1" 503 1020
186.84.21.222 - - [22/Mar/2023:01:14:54 -0500] "POST /sipse/faces/presentacion/financiero/solicitudProceso/listarSolicitudProceso.xhtml HTTP/1.1" 200 147160
186.84.21.222 - - [22/Mar/2023:01:14:55 -0500] "GET /sipse/faces/javax.faces.resource/jquery/jquery.js?ln=primefaces&v=4.0 HTTP/1.1" 304 -
186.84.21.222 - - [22/Mar/2023:01:14:55 -0500] "GET /sipse/faces/javax.faces.resource/jquery/jquery-plugins.js?ln=primefaces&v=4.0 HTTP/1.1" 304 -
186.84.21.222 - - [22/Mar/2023:01:14:56 -0500] "GET /sipse/faces/javax.faces.resource/primefaces.js?ln=primefaces&v=4.0 HTTP/1.1" 304 -
186.84.21.222 - - [22/Mar/2023:01:14:56 -0500] "GET /sipse/faces/javax.faces.resource/layout/layout.js?ln=primefaces&v=4.0 HTTP/1.1" 304 -
186.84.21.222 - - [22/Mar/2023:01:15:01 -0500] "POST /sipse/faces/presentacion/financiero/solicitudProceso/consultarSolicitudProceso.xhtml HTTP/1.1" 200 5510
186.84.21.222 - - [22/Mar/2023:01:15:08 -0500] "POST /sipse/faces/presentacion/financiero/solicitudProceso/consultarSolicitudProceso.xhtml HTTP/1.1" 200 147568
172.22.2.4 - - [22/Mar/2023:01:13:45 -0500] "GET /BLA/boletinlegal/ HTTP/1.1" 200 52316
192.168.175.240 - - [22/Mar/2023:01:15:34 -0500] "GET / HTTP/1.1" 200 4720
66.249.75.152 - - [22/Mar/2023:01:15:54 -0500] "-" 408 -
186.84.21.222 - - [22/Mar/2023:01:16:02 -0500] "POST /sipse/faces/presentacion/financiero/solicitudProceso/consultarSolicitudProceso.xhtml HTTP/1.1" 200 5510
216.245.221.92 - - [22/Mar/2023:01:16:26 -0500] "HEAD / HTTP/1.1" 200 -
192.168.175.240 - - [22/Mar/2023:01:16:34 -0500] "GET / HTTP/1.1" 200 4720
186.84.21.222 - - [22/Mar/2023:01:17:03 -0500] "POST /sipse/faces/presentacion/financiero/solicitudProceso/consultarSolicitudProceso.xhtml HTTP/1.1" 200 75378
186.84.21.222 - - [22/Mar/2023:01:17:27 -0500] "POST /sipse/faces/presentacion/financiero/solicitudProceso/consultarSolicitudProceso.xhtml HTTP/1.1" 200 195426
186.84.21.222 - - [22/Mar/2023:01:17:28 -0500] "GET /sipse/faces/javax.faces.resource/primefaces.js?ln=primefaces&v=4.0 HTTP/1.1" 304 -
186.84.21.222 - - [22/Mar/2023:01:17:28 -0500] "GET /sipse/faces/javax.faces.resource/theme.css?ln=primefaces-sipse HTTP/1.1" 304 -
186.84.21.222 - - [22/Mar/2023:01:17:28 -0500] "GET /sipse/faces/javax.faces.resource/primefaces.css?ln=primefaces&v=4.0 HTTP/1.1" 304 -
186.84.21.222 - - [22/Mar/2023:01:17:28 -0500] "GET /sipse/faces/javax.faces.resource/jquery/jquery-plugins.js?ln=primefaces&v=4.0 HTTP/1.1" 304 -
186.84.21.222 - - [22/Mar/2023:01:17:28 -0500] "GET /sipse/faces/javax.faces.resource/layout/layout.css?ln=primefaces&v=4.0 HTTP/1.1" 304 -
186.84.21.222 - - [22/Mar/2023:01:17:28 -0500] "GET /sipse/faces/javax.faces.resource/jquery/jquery.js?ln=primefaces&v=4.0 HTTP/1.1" 304 -
186.84.21.222 - - [22/Mar/2023:01:17:28 -0500] "GET /sipse/faces/javax.faces.resource/layout/layout.js?ln=primefaces&v=4.0 HTTP/1.1" 304 -
186.84.21.222 - - [22/Mar/2023:01:17:28 -0500] "GET /sipse/faces/javax.faces.resource/images/ui-icons_898989_256x240.png?ln=primefaces-aristo HTTP/1.1" 304 -
192.168.175.240 - - [22/Mar/2023:01:17:34 -0500] "GET / HTTP/1.1" 200 4720
186.84.21.222 - - [22/Mar/2023:01:17:36 -0500] "GET /sipse/faces/javax.faces.resource/images/ui-bg_flat_0_2d5972_40x100.png?ln=primefaces-aristo HTTP/1.1" 304 -
186.84.21.222 - - [22/Mar/2023:01:17:36 -0500] "POST /sipse/faces/presentacion/financiero/solicitudProceso/consultarSolicitudProceso.xhtml HTTP/1.1" 200 39085
186.84.21.222 - - [22/Mar/2023:01:17:39 -0500] "GET /sipse/faces/javax.faces.resource/jquery/jquery.js?ln=primefaces&v=4.0 HTTP/1.1" 304 -
186.84.21.222 - - [22/Mar/2023:01:17:39 -0500] "GET /sipse/faces/javax.faces.resource/jquery/jquery-plugins.js?ln=primefaces&v=4.0 HTTP/1.1" 304 -
186.84.21.222 - - [22/Mar/2023:01:17:39 -0500] "GET /sipse/faces/javax.faces.resource/primefaces.js?ln=primefaces&v=4.0 HTTP/1.1" 304 -
186.84.21.222 - - [22/Mar/2023:01:17:39 -0500] "GET /sipse/faces/javax.faces.resource/layout/layout.js?ln=primefaces&v=4.0 HTTP/1.1" 304 -
186.84.21.222 - - [22/Mar/2023:01:17:39 -0500] "GET /sipse/faces/javax.faces.resource/messages/messages.png?ln=primefaces&v=4.0 HTTP/1.1" 304 -
186.84.21.222 - - [22/Mar/2023:01:17:39 -0500] "POST /sipse/faces/presentacion/financiero/solicitudProceso/listarSolicitudProceso.xhtml HTTP/1.1" 200 1416
201.245.192.253 - - [22/Mar/2023:01:18:00 -0500] "POST /kwsrmcab/Wsrmcab  HTTP/1.1" 200 42239
192.168.175.240 - - [22/Mar/2023:01:18:34 -0500] "GET / HTTP/1.1" 200 4720
192.168.175.240 - - [22/Mar/2023:01:19:34 -0500] "GET / HTTP/1.1" 200 4720
52.167.144.156 - - [22/Mar/2023:01:19:51 -0500] "GET /bla/resoluciones/index.php?dir=notificaciones%2FAUTOS+2021%2F HTTP/1.1" 200 199888
52.167.144.71 - - [22/Mar/2023:01:20:10 -0500] "GET /bla/resoluciones/dlf/styles.css HTTP/1.1" 200 3049
172.22.2.4 - - [22/Mar/2023:01:18:45 -0500] "HEAD /BLA/boletinlegal/ HTTP/1.1" 200 -
201.245.192.253 - - [22/Mar/2023:01:20:26 -0500] "POST /kwsrmcab/Wsrmcab HTTP/1.1" 200 43337
186.84.21.222 - - [22/Mar/2023:01:20:30 -0500] "POST /sipse/faces/presentacion/financiero/solicitudProceso/listarSolicitudProceso.xhtml HTTP/1.1" 200 142397
201.245.192.253 - - [22/Mar/2023:01:20:29 -0500] "POST /kwsrmcab/Wsrmcab HTTP/1.1" 200 43176
186.84.21.222 - - [22/Mar/2023:01:20:31 -0500] "GET /sipse/faces/javax.faces.resource/jquery/jquery.js?ln=primefaces&v=4.0 HTTP/1.1" 304 -
186.84.21.222 - - [22/Mar/2023:01:20:31 -0500] "GET /sipse/faces/javax.faces.resource/jquery/jquery-plugins.js?ln=primefaces&v=4.0 HTTP/1.1" 304 -
186.84.21.222 - - [22/Mar/2023:01:20:31 -0500] "GET /sipse/faces/javax.faces.resource/primefaces.js?ln=primefaces&v=4.0 HTTP/1.1" 304 -
186.84.21.222 - - [22/Mar/2023:01:20:31 -0500] "GET /sipse/faces/javax.faces.resource/layout/layout.js?ln=primefaces&v=4.0 HTTP/1.1" 304 -
192.168.175.240 - - [22/Mar/2023:01:20:34 -0500] "GET / HTTP/1.1" 200 4720
186.84.21.222 - - [22/Mar/2023:01:20:54 -0500] "POST /sipse/faces/presentacion/financiero/solicitudProceso/consultarSolicitudProceso.xhtml HTTP/1.1" 200 5510
186.112.112.72 - - [22/Mar/2023:01:21:01 -0500] "GET /kwssiamovil/sm/acme/a?s=U2FsdGVkX1+SAfoJjY3/ENqrOUC+xs5gFNEAnVwj/TY+x2xMqDCN1gOQAi0xkJprIb4HxiG2CDTn8k3poQ8yj0ROFp7rMbIH4J+vPcyqCDSlkdcijse4nNIGQsswVh6dcLKSomj55iZhDH8RLtI2Z+kFOVWB7hlrLGFo9A53HNzklQyjWKTStvWkoz48clzAzIffTSrv8iBbHpOK0cPSHU+OXuDWKtTGssWKOttTFMEsFCaO0ID5mZ2NzQT+c4v8fOtC+dOG5KAcs4IZOxkkcg==&u=U2FsdGVkX1+bVjQM7R5ox0wZw9qLJH6qBmcxTDiIeu2asZmegdGp4SY1U7VHsLsg&y=U2FsdGVkX1+HUI8BUHzqCs+UL1QXGLeeNVq6JpWK6WeEiT64cFc4p53N05yUmguK HTTP/1.1" 200 26
186.112.112.72 - - [22/Mar/2023:01:21:01 -0500] "GET /kwssiamovil/sm/acme/a?s=U2FsdGVkX1+vSQn6O0evOXyrX1vuf9G2sMIQX29hF9zWt5CJEY+YmvDpXIYFEtU+MWehVwS68pT6DX7jteS0psiKtKEI8M3POd1TjBN7ctv1BOf7X09+qMAgp1enDzmjbReg4keOV9PfK5vldiJrlIwr1qMY4KAtXON1w/DqBEEZlgfnfBzLr1f4LgG+y9P5thD/0jb/GtxDwqtxJPdTHa6Frk8ZXpiX4y1pxBZU7dnVVJZjzYYG1527hV1d3t1oyFStxlhwE63dIiSyGFCAl2fngIx9EWuwG/LdrJurVJ1gI59ZF7N+tGveakftcKwExY67Gf/YPcsR7gFK5YbsSmxhrvUrqx+DmofUb+g3YAMfM6B7vIsA0KGhYggKHwOjYrW46oLbA8UGpLtjqBQePnpYI9HzxEMDFhkIqNvdVQz5w7VgLssQWyd32fzhZY5K9aRk6KQ6A9liTK2Suytvvdk4dE5EgirvEMv/Fg4yani4BnJsVQI5GaBqQViDCBXdKOep8ivl0RQAWXR+PWaTrpb3HMdWCjQ55XHKx5FrzHRvrf8dpCqVZc0296dg2d5Fg7KlmMjJJHZnEUWGFZAmefTR7x9TXWygqSWEYseT0x47BBW9yVYa6HdBYV7QnESlpzpgiZG6WVFNObfNDqaObovufD5jN8XEsCYxe4sK46wdkIL/R3N11ScezFKLNsfrOdVbZ/6cto57tUO1SqMl4KXvgxpBuNm58sUlK5mrpAdZ+3/4F6hJjCvFoxJcIi45MdIq0F9le01P4RkuLJ9/hz/nvb4HZYyPSDcZYsPVszFkhM/Eh83Ywot60GcDtYCNl8+tWYqWD7p318ch8FTwOY3FaBEDmW02cQ3yDe2qZNDU9WaMe1aAq3dEk0NWGKWs58rFMJ6z5NlGopudX0JDAYbL9mte7tjzSoCzNUyU1BP5wLw8BwV7FXZ4U7q0b0Za03u0On8UBrk2Wt5nMTzvwvgv8Fto2JYEnTIYUyoSSvBfX5feQuO3CvaW9FfyLJdIf/WqXLQAP92xe/3CQvCaP7mbHmmAPtY1Fr/RuuSetNbyI5IlXRQxctUjW3alUBOyHk67KxBk+sGQo43xgo/XKU40EK+181k0SXwujKIyXdrP5aw08E6QkRoewFO8NUxzvj2Hd5qh5p10jIuAWiYzYjrJKXBMX17qHqxnYF9sOGMtZyg2aZL/Hc+SMjYXP5bwo+DRHUchUYORapnXYACyf+pPEX+RNZIOq/F9sCiFSQZEf2f4FsqDgBeSCg+TfYtCoMVdrfReubC+AmH2SY6HcCMz9pFHyobKSJxKu6hH70Xewq9yogtrEgk4/2MjC3bW4aIGFwjRkIxC8rXwsrP45uHuoejHUzWppFHJEsotQvisDhZIgm+0ggEKSNNMriSu+JAubfoZFF4e2uArjq1Q7bvWtU6ZM70srtZakOy9/7Q8+GJX8B2Ulx2ueA/n72LFPdlkFUo1UJJl2AXNcBVy0CfAxpmHTnzSFYSM8Ylqmqx1dRs14GFqJq9gKZNtHNcdjOZT4qImZ/yjAiGFwtrTCFDyzftVVQkIEnM+rX/x39LKJKj5/ar89LAj2LHCgAg29ZDbus7MmXe9iWRU8WCaioz62oW2safs2J1uoACaPjlkrPoTiy+d4anRVdvjl/JYHmB4lfXyg5EMQapJnVFvDte8lQuMQ8pWMkid3JMjLTr2FmtMmhaRIIite1J0r47L8XpcaOx5OoVjd9tbKwgNTsD9wOStjQmj6wkA57UEGd+UIxJGk2ezPFn2X6merAM87YKMAr9Fmz8mZDhAH+oe1yuTjkvh16SaDcIb1std0jcab+6nkJ9WJRKT6yIUUjhag6yBsRVDxPqqg+yfxRTcuI6JpAoaPbaAO60bfLttsVDe8UvgmAnlp0KYCyO20Q2/HBShCbYAqNCrH407AS5Wa4Pz9U2XRVbu1jSy2nDGsC/68OwL1ZUfSApvFrmWZZr+8D0oG78FhGd9NPp0hYCot/lTGBaeqmsEMU3tRKYxw7L/qgoaNwQ8aXgO/g5npAWE5DXJuk8AhubkvuQKdmTeTn8KK+aQRTbTM9vxKNTZXPIlL6lSMZydozDJZ0ttJMiLBJW/BLv6qj730TYlFwur7M5t34B96XoZ9E7MGH0riSOcqy7rtly6FBS+nSbAfzgWyM/IqEn+k+/3Fu1pqed37zNKYI3BL99a4Qq2t4leoZOade4WecBbikNCaqqVMKl4nj7O+MRBrwR1PAs+b5fw6UmX2EkbPGthacMYBSZZG+rM/xryewBhcn1T52ZCVj8QXVgjE+6eJ6VHlI5+ZTG4xZu/+wDsQAtEo7mm0Mp2u29hm8bcNoh7LaGb9v84KC2eUfVJrlhppC3sfzk+8CKmJ7gjhyRKQu+PWJp1+gHOzTP9vI9do+rcpsZtb6+2RH7Wp2zdkdzShNb9YC/6TAxTw+k0n1mS29NR/VX8wIuxR5AgCp11UUu+4QhO9OvJ9+vgzOwXD5DfSRnAGGYTUDYfPbDk1ONu5vtVuOwarFKPVSmUq+m+9lirlLhc8ZvrJ29RJVutjR1jY6vYbyXr7d6CXyL9ErDhSvi/x8c9cfmxj8TKXjSOAiLaBfwG4PccO+cQtsyEwktEQddecnfpBFrLr/vvrvUkh5Efz+lU7OUodvGARIvHFXkr4ap++/uWPlk2+w5m/ZMLkT4KudLHAd6RvOa1AbNEp2JFr99Jys3Cx+AvItj3uOVumQIfM4q8FoOzF/KFN/lQzG1CC/Qn2UsDJB3UrGjlBCpzeOT2/IbVggfx5UY7cKK/Ri6+9Pi8dOp9/+TzEq6Dm76cUlyREuty+s/rUnERF8Plfz0CnnSY5gV0Sz0qV6hmWCM3l/cY/zLAfFqH0PbSbkvwdhDxXnGb3dDC1g0Ukuec31SiF+aPcrM0TOYnNapqYScp40tQkONV7LK1k4CYQgcruBoLvfTUKHW2REnQs0UdCggevSGznD5+u8C3Ti5GHwJ5NU20/NM/6JFg/Hm9YhfgrhgUYwkglCZP2nN206b1pknIpYYukuJlsjHPpdJ4zffCEhQV9mhlBk7tBcV01ZbMHJKCWrnlK9I3mIKwdO38MOfTd1EED87qc3qJwDI525DBrn8yNKOBkBcma0DXeHmxKIeqR74JLpRBf666a6b0SA0LD003/WzzQ7911U/kUZEwrir0jYhuYMRu/q/6XWPYer2cq0VWB8o88lfjUbfUdRqscgeYY1oyMJ8JRrIE5OyE194WMlB2CBMQ5ZBg6s8Kd0gcnaAatoRfDuUQV318vRgFzm5jq2QqTBSq49BMq98CQcTPHPMvPJFjVHDZVY0GaeOYyENXL0oP1n22oda6jyks+RoRaAkveoZx1WjdEX4BJFN7AZ5928+yUmf2f8E6GjoUgumk9JvGNYcbHB1QUXL5TjyvxxSLi+bp4o70dQVAy2SptgK+TX1JCNpdXysGGlORytYxHNq4GBspRaK/jCepvNb0ZvgQB4jUVNj9cIuOjeUK3YvIlrj/gPiJzV0U7AM3wEnZS96tQqzbpledk87xVMhfvya68k9bKS8TkMjxalMTlJ0ybf4O3UQgUOZJI87K37aRsjIVd/L9ESOEJzm+yKc4t9BO5am5sItNCcZy3ollixCPL411eINOHy9c3qh4w6xk2+1LgQkUUnmmsehR4JYWc57hJWlJcvwSwPH6QOpy0LBH0Jd3hg0vLGa52d9qdbbf4VAAebDk0Q1R8jrxUHmbp5U+0FAKds90axUvrNIcNFBmUUJTQYY4KUvkaClQ4YySb+btV7ANqdXYNF/O97T0268gHiErrGMWnrqcTSoQtsb8pejuRQ2cGGiwKbQx9Mcdrryc8/HsVi6yGp/QW1zeusbEMRNcrq9sWcPSOFXah10+EiHWxnes2bUV0P43WUUOPlnvGxWBjXA6aiEvTSialL363I13jq5cLd1oFoTp+adUbl2OmmEmfQ1Kj8fTnpzuumWbMyBbgX7MQ4B9nMfLzkbzQu4HZargK/vqim1M9ZUmfyPPZHivAT1f3FIPCgtdI+3i5aX+aUIhXB9kbF1PKWjIipnPmSMIW3onNYWU3QqOU4Bn1KEyksSMoXpIEG3kyW7OO5WaiW8w/9c1rYZBQZc=&u=U2FsdGVkX1+bVjQM7R5ox0wZw9qLJH6qBmcxTDiIeu2asZmegdGp4SY1U7VHsLsg&y=U2FsdGVkX1+HUI8BUHzqCs+UL1QXGLeeNVq6JpWK6WeEiT64cFc4p53N05yUmguK HTTP/1.1" 200 26
186.112.112.72 - - [22/Mar/2023:01:21:02 -0500] "GET /kwssiamovil/sm/acme/a?s=U2FsdGVkX1+hovUYmL94rHOtBWBNQlUAVxoxobmoj6/JbNo2aAmaihOWTEfTw4Vt0HNnb//lMw7zKqXUCfvr34UQia0xupVhqhxh9CkLXJTZ47kh5v0QFbXwePipId8tm9xGupZS7dmY4RHuJyAEDj6NVwQe/NT9k4lMg93Lxk0=&u=U2FsdGVkX1+bVjQM7R5ox0wZw9qLJH6qBmcxTDiIeu2asZmegdGp4SY1U7VHsLsg&y=U2FsdGVkX1+HUI8BUHzqCs+UL1QXGLeeNVq6JpWK6WeEiT64cFc4p53N05yUmguK HTTP/1.1" 200 26
186.112.112.72 - - [22/Mar/2023:01:21:02 -0500] "GET /kwssiamovil/sm/acme/a?s=U2FsdGVkX18r3zkiURLMHhiCO78J+1LH9qKaqH8QIM/ABo0t9b57T43qTRnnx3pHmj06Dzj3WBOnvfQiIVq2/Acj+T+lEJZPLveSDQtaRt8phP1rNoChTlrGcSzdNI88eqazrJzTYNKxxYCciBwbNA+jEbIqWNWW7pUilUgW7vk=&u=U2FsdGVkX1+bVjQM7R5ox0wZw9qLJH6qBmcxTDiIeu2asZmegdGp4SY1U7VHsLsg&y=U2FsdGVkX1+HUI8BUHzqCs+UL1QXGLeeNVq6JpWK6WeEiT64cFc4p53N05yUmguK HTTP/1.1" 200 26
186.112.112.72 - - [22/Mar/2023:01:21:02 -0500] "GET /kwssiamovil/sm/acme/a?s=U2FsdGVkX18uXi67Ot5TUrfYlxrIMfXHOrq9am3GZ7DKxGqE+vJCzmav/d5hUJ+lNZHBfHJpVVOT7v9g43nLYLJ2J5I5eP7CT5rUpzWh2CjIro3aCzh0qBEft8J/bBx4/ZS5abNipY6HYAbuCA3gIt0qz0+ah5PFHPzpM3lkSiE=&u=U2FsdGVkX1+bVjQM7R5ox0wZw9qLJH6qBmcxTDiIeu2asZmegdGp4SY1U7VHsLsg&y=U2FsdGVkX1+HUI8BUHzqCs+UL1QXGLeeNVq6JpWK6WeEiT64cFc4p53N05yUmguK HTTP/1.1" 200 26
186.112.112.72 - - [22/Mar/2023:01:21:02 -0500] "GET /kwssiamovil/sm/acme/a?s=U2FsdGVkX182zLGppSbK8j8jQ6TFN4CY7JV3T/KmKU4IgRYk4ZBnf5dB1sfKJHDOq9k3yXlcbvfc600AzFasv9wzSB96fWNgzgcECj8M0KH1sQ8GAim853pMVd7j6U/VgAy0FihAlRpyGZ/xqFicsREqm+UMnOO6YM5J+hqhKAKERh16fbATtOfXy8c0an4zorgMgl2OSMVFrnRy2czcBw==&u=U2FsdGVkX1+bVjQM7R5ox0wZw9qLJH6qBmcxTDiIeu2asZmegdGp4SY1U7VHsLsg&y=U2FsdGVkX1+HUI8BUHzqCs+UL1QXGLeeNVq6JpWK6WeEiT64cFc4p53N05yUmguK HTTP/1.1" 200 26
17.241.227.238 - - [22/Mar/2023:01:21:04 -0500] "-" 408 -
172.22.2.4 - - [22/Mar/2023:01:19:35 -0500] "GET /BLA/boletinlegal/ HTTP/1.1" 200 57141
216.245.221.92 - - [22/Mar/2023:01:21:26 -0500] "HEAD / HTTP/1.1" 200 -
192.168.175.240 - - [22/Mar/2023:01:21:34 -0500] "GET / HTTP/1.1" 200 4720
192.168.175.240 - - [22/Mar/2023:01:22:34 -0500] "GET / HTTP/1.1" 200 4720
186.84.21.222 - - [22/Mar/2023:01:22:40 -0500] "POST /sipse/faces/presentacion/financiero/solicitudProceso/consultarSolicitudProceso.xhtml HTTP/1.1" 200 75455
186.84.21.222 - - [22/Mar/2023:01:22:46 -0500] "POST /sipse/faces/presentacion/financiero/solicitudProceso/consultarSolicitudProceso.xhtml HTTP/1.1" 200 8748326
201.245.192.253 - - [22/Mar/2023:01:22:59 -0500] "POST /kwsrmcab/Wsrmcab  HTTP/1.1" 200 42239
192.168.175.240 - - [22/Mar/2023:01:23:34 -0500] "GET / HTTP/1.1" 200 4720
186.80.50.45 - - [22/Mar/2023:01:23:56 -0500] "GET /BLA/resoluciones/AUTOS%202017/1612.pdf HTTP/1.1" 200 277326
186.80.50.45 - - [22/Mar/2023:01:23:57 -0500] "GET /BLA/resoluciones/AUTOS%202017/1612.pdf HTTP/1.1" 200 277326
186.84.21.222 - - [22/Mar/2023:01:24:21 -0500] "POST /sipse/faces/presentacion/financiero/solicitudProceso/consultarSolicitudProceso.xhtml HTTP/1.1" 200 190663
186.84.21.222 - - [22/Mar/2023:01:24:22 -0500] "GET /sipse/faces/javax.faces.resource/primefaces.css?ln=primefaces&v=4.0 HTTP/1.1" 304 -
186.84.21.222 - - [22/Mar/2023:01:24:22 -0500] "GET /sipse/faces/javax.faces.resource/theme.css?ln=primefaces-sipse HTTP/1.1" 304 -
186.84.21.222 - - [22/Mar/2023:01:24:22 -0500] "GET /sipse/faces/javax.faces.resource/jquery/jquery.js?ln=primefaces&v=4.0 HTTP/1.1" 304 -
186.84.21.222 - - [22/Mar/2023:01:24:22 -0500] "GET /sipse/faces/javax.faces.resource/layout/layout.css?ln=primefaces&v=4.0 HTTP/1.1" 304 -
186.84.21.222 - - [22/Mar/2023:01:24:22 -0500] "GET /sipse/faces/javax.faces.resource/primefaces.js?ln=primefaces&v=4.0 HTTP/1.1" 304 -
186.84.21.222 - - [22/Mar/2023:01:24:22 -0500] "GET /sipse/faces/javax.faces.resource/layout/layout.js?ln=primefaces&v=4.0 HTTP/1.1" 304 -
186.84.21.222 - - [22/Mar/2023:01:24:22 -0500] "GET /sipse/faces/javax.faces.resource/jquery/jquery-plugins.js?ln=primefaces&v=4.0 HTTP/1.1" 304 -
186.84.21.222 - - [22/Mar/2023:01:24:23 -0500] "GET /sipse/faces/javax.faces.resource/images/ui-icons_898989_256x240.png?ln=primefaces-aristo HTTP/1.1" 304 -
186.84.21.222 - - [22/Mar/2023:01:24:26 -0500] "GET /sipse/faces/javax.faces.resource/images/ui-bg_flat_0_2d5972_40x100.png?ln=primefaces-aristo HTTP/1.1" 304 -
186.84.21.222 - - [22/Mar/2023:01:24:26 -0500] "POST /sipse/faces/presentacion/financiero/solicitudProceso/consultarSolicitudProceso.xhtml HTTP/1.1" 200 39037
186.84.21.222 - - [22/Mar/2023:01:24:29 -0500] "GET /sipse/faces/javax.faces.resource/jquery/jquery.js?ln=primefaces&v=4.0 HTTP/1.1" 304 -
186.84.21.222 - - [22/Mar/2023:01:24:29 -0500] "GET /sipse/faces/javax.faces.resource/jquery/jquery-plugins.js?ln=primefaces&v=4.0 HTTP/1.1" 304 -
186.84.21.222 - - [22/Mar/2023:01:24:29 -0500] "GET /sipse/faces/javax.faces.resource/primefaces.js?ln=primefaces&v=4.0 HTTP/1.1" 304 -
186.84.21.222 - - [22/Mar/2023:01:24:29 -0500] "GET /sipse/faces/javax.faces.resource/layout/layout.js?ln=primefaces&v=4.0 HTTP/1.1" 304 -
186.84.21.222 - - [22/Mar/2023:01:24:29 -0500] "GET /sipse/faces/javax.faces.resource/messages/messages.png?ln=primefaces&v=4.0 HTTP/1.1" 304 -
186.84.21.222 - - [22/Mar/2023:01:24:29 -0500] "POST /sipse/faces/presentacion/financiero/solicitudProceso/listarSolicitudProceso.xhtml HTTP/1.1" 200 1416
66.249.75.156 - - [22/Mar/2023:01:24:32 -0500] "-" 408 -
192.168.175.240 - - [22/Mar/2023:01:24:34 -0500] "GET / HTTP/1.1" 200 4720
186.84.21.222 - - [22/Mar/2023:01:24:49 -0500] "POST /sipse/faces/presentacion/financiero/solicitudProceso/listarSolicitudProceso.xhtml HTTP/1.1" 200 25605
186.84.21.222 - - [22/Mar/2023:01:24:49 -0500] "POST /sipse/faces/presentacion/financiero/solicitudProceso/listarSolicitudProceso.xhtml HTTP/1.1" 200 37300
186.84.21.222 - - [22/Mar/2023:01:24:53 -0500] "POST /sipse/faces/presentacion/financiero/solicitudProceso/listarSolicitudProceso.xhtml HTTP/1.1" 200 19658
186.84.21.222 - - [22/Mar/2023:01:24:58 -0500] "POST /sipse/faces/presentacion/financiero/solicitudProceso/listarSolicitudProceso.xhtml HTTP/1.1" 200 7759
186.84.21.222 - - [22/Mar/2023:01:25:00 -0500] "POST /sipse/faces/presentacion/financiero/solicitudProceso/listarSolicitudProceso.xhtml HTTP/1.1" 200 31422
186.84.21.222 - - [22/Mar/2023:01:25:01 -0500] "POST /sipse/faces/presentacion/financiero/solicitudProceso/listarSolicitudProceso.xhtml HTTP/1.1" 200 31422
186.84.21.222 - - [22/Mar/2023:01:25:01 -0500] "POST /sipse/faces/presentacion/financiero/solicitudProceso/listarSolicitudProceso.xhtml HTTP/1.1" 200 1416
186.84.21.222 - - [22/Mar/2023:01:25:01 -0500] "POST /sipse/faces/presentacion/financiero/solicitudProceso/listarSolicitudProceso.xhtml HTTP/1.1" 200 1420
192.168.175.240 - - [22/Mar/2023:01:25:34 -0500] "GET / HTTP/1.1" 200 4720
172.22.2.4 - - [22/Mar/2023:01:24:35 -0500] "HEAD /BLA/boletinlegal/ HTTP/1.1" 200 -
216.245.221.92 - - [22/Mar/2023:01:26:26 -0500] "HEAD / HTTP/1.1" 200 -
192.168.175.240 - - [22/Mar/2023:01:26:34 -0500] "GET / HTTP/1.1" 200 4720
172.22.2.4 - - [22/Mar/2023:01:25:25 -0500] "GET /BLA/boletinlegal/ HTTP/1.1" 200 57551
192.168.175.240 - - [22/Mar/2023:01:27:34 -0500] "GET / HTTP/1.1" 200 4720
201.245.192.253 - - [22/Mar/2023:01:27:58 -0500] "POST /kwsrmcab/Wsrmcab  HTTP/1.1" 200 42239
157.55.39.217 - - [22/Mar/2023:01:28:09 -0500] "GET /Publicaciones/2022EE85831.pdf HTTP/1.1" 404 227
192.168.175.240 - - [22/Mar/2023:01:28:34 -0500] "GET / HTTP/1.1" 200 4720
192.168.175.240 - - [22/Mar/2023:01:29:34 -0500] "GET / HTTP/1.1" 200 4720
201.245.192.253 - - [22/Mar/2023:01:30:25 -0500] "POST /kwsrmcab/Wsrmcab HTTP/1.1" 200 43337
201.245.192.253 - - [22/Mar/2023:01:30:28 -0500] "POST /kwsrmcab/Wsrmcab HTTP/1.1" 200 43176
192.168.175.240 - - [22/Mar/2023:01:30:34 -0500] "GET / HTTP/1.1" 200 4720
216.245.221.92 - - [22/Mar/2023:01:31:26 -0500] "HEAD / HTTP/1.1" 200 -
192.168.175.240 - - [22/Mar/2023:01:31:34 -0500] "GET / HTTP/1.1" 200 4720
186.80.50.45 - - [22/Mar/2023:01:32:00 -0500] "GET /BLA/resoluciones/AUTOS%202017/1643.pdf HTTP/1.1" 200 742050
172.22.2.4 - - [22/Mar/2023:01:30:25 -0500] "HEAD /BLA/boletinlegal/ HTTP/1.1" 200 -
192.168.175.240 - - [22/Mar/2023:01:32:34 -0500] "GET / HTTP/1.1" 200 4720
172.22.2.4 - - [22/Mar/2023:01:31:15 -0500] "GET /BLA/boletinlegal/ HTTP/1.1" 200 57551
201.245.192.253 - - [22/Mar/2023:01:32:56 -0500] "POST /kwsrmcab/Wsrmcab  HTTP/1.1" 200 42239
172.22.2.4 - - [22/Mar/2023:01:33:02 -0500] "GET /BLA/boletinlegal/robots.txt HTTP/1.1" 404 1038
192.168.175.240 - - [22/Mar/2023:01:33:34 -0500] "GET / HTTP/1.1" 200 4720
192.168.175.240 - - [22/Mar/2023:01:34:34 -0500] "GET / HTTP/1.1" 200 4720
172.22.2.4 - - [22/Mar/2023:01:33:03 -0500] "GET /BLA/boletinlegal/ HTTP/1.1" 200 61749
51.145.156.80 - - [22/Mar/2023:01:34:46 -0500] "HEAD / HTTP/1.1" 200 -
51.145.156.80 - - [22/Mar/2023:01:34:47 -0500] "GET /wp-login.php HTTP/1.1" 404 1241
51.145.156.80 - - [22/Mar/2023:01:34:47 -0500] "GET /wordpress/wp-login.php HTTP/1.1" 404 1241
51.145.156.80 - - [22/Mar/2023:01:34:47 -0500] "GET /blog/wp-login.php HTTP/1.1" 404 1241
51.145.156.80 - - [22/Mar/2023:01:34:48 -0500] "GET /wp/wp-login.php HTTP/1.1" 404 1241
66.249.73.63 - - [22/Mar/2023:01:35:13 -0500] "-" 408 -
192.168.175.240 - - [22/Mar/2023:01:35:34 -0500] "GET / HTTP/1.1" 200 4720
186.80.50.45 - - [22/Mar/2023:01:36:03 -0500] "GET /BLA/resoluciones/AUTOS%202017/1649.pdf HTTP/1.1" 200 3069536
216.245.221.92 - - [22/Mar/2023:01:36:26 -0500] "HEAD / HTTP/1.1" 200 -
192.168.175.240 - - [22/Mar/2023:01:36:34 -0500] "GET / HTTP/1.1" 200 4720
192.168.175.240 - - [22/Mar/2023:01:37:34 -0500] "GET / HTTP/1.1" 200 4720
172.22.2.4 - - [22/Mar/2023:01:36:15 -0500] "HEAD /BLA/boletinlegal/ HTTP/1.1" 200 -
201.245.192.253 - - [22/Mar/2023:01:37:56 -0500] "POST /kwsrmcab/Wsrmcab  HTTP/1.1" 200 42239
192.168.175.240 - - [22/Mar/2023:01:38:34 -0500] "GET / HTTP/1.1" 200 4720
172.22.2.4 - - [22/Mar/2023:01:37:05 -0500] "GET /BLA/boletinlegal/ HTTP/1.1" 200 53551
192.168.175.240 - - [22/Mar/2023:01:39:34 -0500] "GET / HTTP/1.1" 200 4720
172.22.2.4 - - [22/Mar/2023:01:38:02 -0500] "GET /BLA/boletinlegal/ HTTP/1.1" 200 57935
172.22.2.4 - - [22/Mar/2023:01:40:09 -0500] "GET /BLA/boletinlegal/version HTTP/1.1" 404 1018
201.245.192.253 - - [22/Mar/2023:01:40:26 -0500] "POST /kwsrmcab/Wsrmcab HTTP/1.1" 200 43337
201.245.192.253 - - [22/Mar/2023:01:40:29 -0500] "POST /kwsrmcab/Wsrmcab HTTP/1.1" 200 43176
192.168.175.240 - - [22/Mar/2023:01:40:34 -0500] "GET / HTTP/1.1" 200 4720
186.80.50.45 - - [22/Mar/2023:01:40:41 -0500] "GET /BLA/resoluciones/AUTOS%202017/1667.pdf HTTP/1.1" 200 1328469
52.167.144.167 - - [22/Mar/2023:01:40:45 -0500] "GET /BLA/resoluciones/index.php?dir=RESOLUCIONES+2023%2F HTTP/1.1" 200 10037
216.245.221.92 - - [22/Mar/2023:01:41:26 -0500] "HEAD / HTTP/1.1" 200 -
192.168.175.240 - - [22/Mar/2023:01:41:34 -0500] "GET / HTTP/1.1" 200 4720
186.80.50.45 - - [22/Mar/2023:01:42:18 -0500] "GET /BLA/resoluciones/AUTOS%202017/1671.pdf HTTP/1.1" 200 292133
52.167.144.71 - - [22/Mar/2023:01:42:23 -0500] "GET /BLA/resoluciones/AUTOS%202021/5192.pdf HTTP/1.1" 304 -
192.168.175.240 - - [22/Mar/2023:01:42:34 -0500] "GET / HTTP/1.1" 200 4720
201.245.192.253 - - [22/Mar/2023:01:43:01 -0500] "POST /kwsrmcab/Wsrmcab  HTTP/1.1" 200 42239
192.168.175.240 - - [22/Mar/2023:01:43:34 -0500] "GET / HTTP/1.1" 200 4720
186.80.50.45 - - [22/Mar/2023:01:43:39 -0500] "GET /BLA/resoluciones/AUTOS%202017/1673.pdf HTTP/1.1" 200 284493
172.22.2.4 - - [22/Mar/2023:01:42:05 -0500] "HEAD /BLA/boletinlegal/ HTTP/1.1" 200 -
139.59.152.202 - - [22/Mar/2023:01:44:20 -0500] "GET http://190.27.245.106:80/MyAdmin/scripts/setup.php HTTP/1.0" 404 1018
139.59.152.202 - - [22/Mar/2023:01:44:20 -0500] "GET http://190.27.245.106:80/mysql-admin/scripts/setup.php HTTP/1.0" 404 1018
139.59.152.202 - - [22/Mar/2023:01:44:20 -0500] "GET http://190.27.245.106:80/phpMyAdmin-2.10.2/scripts/setup.php HTTP/1.0" 403 1165
139.59.152.202 - - [22/Mar/2023:01:44:20 -0500] "GET http://190.27.245.106:80/dbadmin/scripts/setup.php HTTP/1.0" 404 1018
139.59.152.202 - - [22/Mar/2023:01:44:20 -0500] "GET http://190.27.245.106:80/webadmin/scripts/setup.php HTTP/1.0" 404 1018
139.59.152.202 - - [22/Mar/2023:01:44:20 -0500] "GET http://190.27.245.106:80/phpMyAdmin-2.5.5/scripts/setup.php HTTP/1.0" 403 1165
139.59.152.202 - - [22/Mar/2023:01:44:20 -0500] "GET http://190.27.245.106:80/web/phpMyAdmin/scripts/setup.php HTTP/1.0" 404 1018
139.59.152.202 - - [22/Mar/2023:01:44:20 -0500] "GET http://190.27.245.106:80/phpMyAdmin-2.5.5-pl1/scripts/setup.php HTTP/1.0" 403 1165
139.59.152.202 - - [22/Mar/2023:01:44:20 -0500] "GET http://190.27.245.106:80/phpMyAdmin/scripts/setup.php HTTP/1.0" 403 1165
139.59.152.202 - - [22/Mar/2023:01:44:20 -0500] "GET http://190.27.245.106:80/PHPMYADMIN/scripts/setup.php HTTP/1.0" 403 1165
139.59.152.202 - - [22/Mar/2023:01:44:20 -0500] "GET http://190.27.245.106:80/websql/scripts/setup.php HTTP/1.0" 404 1018
139.59.152.202 - - [22/Mar/2023:01:44:20 -0500] "GET http://190.27.245.106:80/phpMyAdmin-2.11.4/scripts/setup.php HTTP/1.0" 403 1165
139.59.152.202 - - [22/Mar/2023:01:44:20 -0500] "GET http://190.27.245.106:80/phpmy-admin/scripts/setup.php HTTP/1.0" 404 1018
139.59.152.202 - - [22/Mar/2023:01:44:20 -0500] "GET http://190.27.245.106:80/php-myadmin/scripts/setup.php HTTP/1.0" 404 1018
139.59.152.202 - - [22/Mar/2023:01:44:20 -0500] "GET http://190.27.245.106:80/phpMyAdmin-2.11.9.2/scripts/setup.php HTTP/1.0" 403 1165
139.59.152.202 - - [22/Mar/2023:01:44:20 -0500] "GET http://190.27.245.106:80/admin/scripts/setup.php HTTP/1.0" 404 1018
139.59.152.202 - - [22/Mar/2023:01:44:20 -0500] "GET http://190.27.245.106:80/phpMyAdmin3/scripts/setup.php HTTP/1.0" 403 1165
139.59.152.202 - - [22/Mar/2023:01:44:20 -0500] "GET http://190.27.245.106:80/sqlweb/scripts/setup.php HTTP/1.0" 404 1018
139.59.152.202 - - [22/Mar/2023:01:44:20 -0500] "GET http://190.27.245.106:80/php/scripts/setup.php HTTP/1.0" 404 1018
139.59.152.202 - - [22/Mar/2023:01:44:20 -0500] "GET http://190.27.245.106:80/phpMyAdmin-2.11.0/scripts/setup.php HTTP/1.0" 403 1165
139.59.152.202 - - [22/Mar/2023:01:44:20 -0500] "GET http://190.27.245.106:80/phpmanager/scripts/setup.php HTTP/1.0" 404 1018
139.59.152.202 - - [22/Mar/2023:01:44:20 -0500] "GET http://190.27.245.106:80/phpMyAdmin-2.5.7-pl1/scripts/setup.php HTTP/1.0" 403 1165
139.59.152.202 - - [22/Mar/2023:01:44:20 -0500] "GET http://190.27.245.106:80/phpma/scripts/setup.php HTTP/1.0" 404 1018
139.59.152.202 - - [22/Mar/2023:01:44:20 -0500] "GET http://190.27.245.106:80/sqlmanager/scripts/setup.php HTTP/1.0" 404 1018
139.59.152.202 - - [22/Mar/2023:01:44:20 -0500] "GET http://190.27.245.106:80/phpMyAdmin-2.8.0.2/scripts/setup.php HTTP/1.0" 403 1165
139.59.152.202 - - [22/Mar/2023:01:44:20 -0500] "GET http://190.27.245.106:80/phpmyadmin/scripts/setup.php HTTP/1.0" 403 1165
139.59.152.202 - - [22/Mar/2023:01:44:20 -0500] "GET http://190.27.245.106:80/admin/pma/scripts/setup.php HTTP/1.0" 404 1018
139.59.152.202 - - [22/Mar/2023:01:44:20 -0500] "GET http://190.27.245.106:80/phpMyAdmin-2.10.0.2/scripts/setup.php HTTP/1.0" 403 1165
139.59.152.202 - - [22/Mar/2023:01:44:20 -0500] "GET http://190.27.245.106:80/db/scripts/setup.php HTTP/1.0" 404 1018
139.59.152.202 - - [22/Mar/2023:01:44:21 -0500] "GET http://190.27.245.106:80/_phpMyAdmin/scripts/setup.php HTTP/1.0" 404 1018
139.59.152.202 - - [22/Mar/2023:01:44:21 -0500] "GET http://190.27.245.106:80/phpMyAdmin-2.10.3/scripts/setup.php HTTP/1.0" 403 1165
139.59.152.202 - - [22/Mar/2023:01:44:21 -0500] "GET http://190.27.245.106:80/admin/phpmyadmin/scripts/setup.txt HTTP/1.0" 404 1018
139.59.152.202 - - [22/Mar/2023:01:44:21 -0500] "GET http://190.27.245.106:80/webdb/scripts/setup.php HTTP/1.0" 404 1018
139.59.152.202 - - [22/Mar/2023:01:44:21 -0500] "GET http://190.27.245.106:80/pma/scripts/setup.php HTTP/1.0" 404 1018
139.59.152.202 - - [22/Mar/2023:01:44:21 -0500] "GET http://190.27.245.106:80/phpMyAdmin-2.11.1.2/scripts/setup.php HTTP/1.0" 403 1165
139.59.152.202 - - [22/Mar/2023:01:44:21 -0500] "GET http://190.27.245.106:80/mysql/scripts/setup.php HTTP/1.0" 404 1018
139.59.152.202 - - [22/Mar/2023:01:44:21 -0500] "GET http://190.27.245.106:80/phpMyAdmin-2/scripts/setup.php HTTP/1.0" 403 1165
139.59.152.202 - - [22/Mar/2023:01:44:21 -0500] "GET http://190.27.245.106:80/phpMyAdmin-2.5.4/scripts/setup.php HTTP/1.0" 403 1165
139.59.152.202 - - [22/Mar/2023:01:44:21 -0500] "GET http://190.27.245.106:80/phpMyAdmin-2.11.3/scripts/setup.php HTTP/1.0" 403 1165
139.59.152.202 - - [22/Mar/2023:01:44:21 -0500] "GET http://190.27.245.106:80/SQL/scripts/setup.php HTTP/1.0" 404 1018
139.59.152.202 - - [22/Mar/2023:01:44:21 -0500] "GET http://190.27.245.106:80/phpMyAdmin2/scripts/setup.php HTTP/1.0" 403 1165
139.59.152.202 - - [22/Mar/2023:01:44:21 -0500] "GET http://190.27.245.106:80/mysqlmanager/scripts/setup.php HTTP/1.0" 404 1018
139.59.152.202 - - [22/Mar/2023:01:44:21 -0500] "GET http://190.27.245.106:80/phpMyAdmin-2.11.7/scripts/setup.php HTTP/1.0" 403 1165
139.59.152.202 - - [22/Mar/2023:01:44:21 -0500] "GET http://190.27.245.106:80/myadmin/scripts/setup.php HTTP/1.0" 404 1018
139.59.152.202 - - [22/Mar/2023:01:44:21 -0500] "GET http://190.27.245.106:80/mysqladmin/scripts/setup.php HTTP/1.0" 404 1018
192.168.175.240 - - [22/Mar/2023:01:44:34 -0500] "GET / HTTP/1.1" 200 4720
172.22.2.4 - - [22/Mar/2023:01:42:55 -0500] "GET /BLA/boletinlegal/ HTTP/1.1" 200 54414
186.80.50.45 - - [22/Mar/2023:01:45:08 -0500] "GET /BLA/resoluciones/AUTOS%202017/1678.pdf HTTP/1.1" 200 283264
192.168.175.240 - - [22/Mar/2023:01:45:34 -0500] "GET / HTTP/1.1" 200 4720
216.245.221.92 - - [22/Mar/2023:01:46:26 -0500] "HEAD / HTTP/1.1" 200 -
192.168.175.240 - - [22/Mar/2023:01:46:34 -0500] "GET / HTTP/1.1" 200 4720
186.80.50.45 - - [22/Mar/2023:01:46:39 -0500] "GET /BLA/resoluciones/ HTTP/1.1" 200 13502
186.80.50.45 - - [22/Mar/2023:01:46:46 -0500] "GET /BLA/resoluciones/AUTOS%202017/1679.pdf HTTP/1.1" 200 286099
186.80.50.45 - - [22/Mar/2023:01:46:47 -0500] "GET /BLA/resoluciones/dlf/folder.png HTTP/1.1" 200 410
186.80.50.45 - - [22/Mar/2023:01:46:53 -0500] "GET /BLA/resoluciones/index.php?dir=AUTOS+2017%2F HTTP/1.1" 200 464074
192.168.175.240 - - [22/Mar/2023:01:47:34 -0500] "GET / HTTP/1.1" 200 4720
201.245.192.253 - - [22/Mar/2023:01:47:59 -0500] "POST /kwsrmcab/Wsrmcab  HTTP/1.1" 200 42239
192.168.175.240 - - [22/Mar/2023:01:48:34 -0500] "GET / HTTP/1.1" 200 4720
172.22.2.4 - - [22/Mar/2023:01:49:00 -0500] "GET /BLA/boletinlegal/js/jquery.js HTTP/1.1" 200 57254
172.22.2.4 - - [22/Mar/2023:01:49:00 -0500] "GET /BLA/boletinlegal/js/jquery.scrollTo-min.js HTTP/1.1" 200 1150
172.22.2.4 - - [22/Mar/2023:01:49:00 -0500] "GET /BLA/boletinlegal/js/jquery.scrollShow.js HTTP/1.1" 200 4586
172.22.2.4 - - [22/Mar/2023:01:49:00 -0500] "GET /BLA/boletinlegal/images/screen_1.png HTTP/1.1" 200 202547
172.22.2.4 - - [22/Mar/2023:01:49:00 -0500] "GET /BLA/boletinlegal/images/arr_l.jpg HTTP/1.1" 200 1979
172.22.2.4 - - [22/Mar/2023:01:49:00 -0500] "GET /BLA/boletinlegal/images/launch.jpg HTTP/1.1" 200 14577
172.22.2.4 - - [22/Mar/2023:01:49:00 -0500] "GET /BLA/boletinlegal/images/screen_2.png HTTP/1.1" 200 362502
172.22.2.4 - - [22/Mar/2023:01:49:00 -0500] "GET /BLA/boletinlegal/images/screen_3.png HTTP/1.1" 200 210620
172.22.2.4 - - [22/Mar/2023:01:49:00 -0500] "GET /BLA/boletinlegal/images/screen_5.png HTTP/1.1" 200 368876
172.22.2.4 - - [22/Mar/2023:01:49:00 -0500] "GET /BLA/boletinlegal/images/arr_r.jpg HTTP/1.1" 200 1998
172.22.2.4 - - [22/Mar/2023:01:49:03 -0500] "GET /BLA/boletinlegal/actos.php HTTP/1.1" 200 9672
186.80.50.45 - - [22/Mar/2023:01:49:18 -0500] "GET /BLA/resoluciones/ HTTP/1.1" 200 13502
186.80.50.45 - - [22/Mar/2023:01:49:25 -0500] "GET /BLA/resoluciones/index.php?dir=AUTOS+2017%2F HTTP/1.1" 200 464074
192.168.175.240 - - [22/Mar/2023:01:49:34 -0500] "GET / HTTP/1.1" 200 4720
172.22.2.4 - - [22/Mar/2023:01:47:55 -0500] "HEAD /BLA/boletinlegal/ HTTP/1.1" 200 -
186.80.50.45 - - [22/Mar/2023:01:49:47 -0500] "GET /BLA/resoluciones/AUTOS%202017/1648.pdf HTTP/1.1" 200 1083825
172.22.2.4 - - [22/Mar/2023:01:48:45 -0500] "GET /BLA/boletinlegal/ HTTP/1.1" 200 44055
172.22.2.4 - - [22/Mar/2023:01:48:49 -0500] "GET /BLA/boletinlegal/ HTTP/1.1" 200 44625
192.168.175.240 - - [22/Mar/2023:01:50:34 -0500] "GET / HTTP/1.1" 200 4720
216.245.221.92 - - [22/Mar/2023:01:51:26 -0500] "HEAD / HTTP/1.1" 200 -
192.168.175.240 - - [22/Mar/2023:01:51:34 -0500] "GET / HTTP/1.1" 200 4720
186.80.50.45 - - [22/Mar/2023:01:52:01 -0500] "GET /BLA/resoluciones/AUTOS%202017/1684.pdf HTTP/1.1" 200 281734
192.168.175.240 - - [22/Mar/2023:01:52:34 -0500] "GET / HTTP/1.1" 200 4720
201.245.192.253 - - [22/Mar/2023:01:52:57 -0500] "POST /kwsrmcab/Wsrmcab  HTTP/1.1" 200 42239
192.168.175.240 - - [22/Mar/2023:01:53:34 -0500] "GET / HTTP/1.1" 200 4720
192.168.175.240 - - [22/Mar/2023:01:54:34 -0500] "GET / HTTP/1.1" 200 4720
172.22.2.4 - - [22/Mar/2023:01:53:45 -0500] "HEAD /BLA/boletinlegal/ HTTP/1.1" 200 -
192.168.175.240 - - [22/Mar/2023:01:55:34 -0500] "GET / HTTP/1.1" 200 4720
186.80.50.45 - - [22/Mar/2023:01:55:43 -0500] "GET /BLA/resoluciones/AUTOS%202017/1709.pdf HTTP/1.1" 200 391492
172.22.2.4 - - [22/Mar/2023:01:54:35 -0500] "GET /BLA/boletinlegal/ HTTP/1.1" 200 57551
216.245.221.92 - - [22/Mar/2023:01:56:26 -0500] "HEAD / HTTP/1.1" 200 -
192.168.175.240 - - [22/Mar/2023:01:56:34 -0500] "GET / HTTP/1.1" 200 4720
186.80.50.45 - - [22/Mar/2023:01:56:51 -0500] "GET /BLA/resoluciones/AUTOS%202017/1712.pdf HTTP/1.1" 200 353204
192.168.175.240 - - [22/Mar/2023:01:57:34 -0500] "GET / HTTP/1.1" 200 4720
201.245.192.253 - - [22/Mar/2023:01:57:55 -0500] "POST /kwsrmcab/Wsrmcab  HTTP/1.1" 200 42239
192.168.175.240 - - [22/Mar/2023:01:58:34 -0500] "GET / HTTP/1.1" 200 4720
186.80.50.45 - - [22/Mar/2023:01:59:04 -0500] "GET /BLA/resoluciones/AUTOS%202017/1713.pdf HTTP/1.1" 200 391397
192.168.175.240 - - [22/Mar/2023:01:59:34 -0500] "GET / HTTP/1.1" 200 4720
186.80.50.45 - - [22/Mar/2023:02:00:33 -0500] "GET /BLA/resoluciones/AUTOS%202017/1715.pdf HTTP/1.1" 200 297439
192.168.175.240 - - [22/Mar/2023:02:00:34 -0500] "GET / HTTP/1.1" 200 4720
172.22.2.4 - - [22/Mar/2023:01:59:34 -0500] "HEAD /BLA/boletinlegal/ HTTP/1.1" 200 -
216.245.221.92 - - [22/Mar/2023:02:01:26 -0500] "HEAD / HTTP/1.1" 200 -
192.168.175.240 - - [22/Mar/2023:02:01:34 -0500] "GET / HTTP/1.1" 200 4720
172.22.2.4 - - [22/Mar/2023:02:00:25 -0500] "GET /BLA/boletinlegal/ HTTP/1.1" 200 57551
192.168.175.240 - - [22/Mar/2023:02:02:34 -0500] "GET / HTTP/1.1" 200 4720
201.245.192.253 - - [22/Mar/2023:02:02:54 -0500] "POST /kwsrmcab/Wsrmcab  HTTP/1.1" 200 42239
66.249.75.152 - - [22/Mar/2023:02:03:02 -0500] "-" 408 -
192.168.175.240 - - [22/Mar/2023:02:03:34 -0500] "GET / HTTP/1.1" 200 4720
192.168.175.240 - - [22/Mar/2023:02:04:34 -0500] "GET / HTTP/1.1" 200 4720
179.43.177.242 - - [22/Mar/2023:02:04:49 -0500] "GET / HTTP/1.1" 200 319
66.249.73.63 - - [22/Mar/2023:02:05:11 -0500] "-" 408 -
192.168.175.240 - - [22/Mar/2023:02:05:34 -0500] "GET / HTTP/1.1" 200 4720
216.245.221.92 - - [22/Mar/2023:02:06:26 -0500] "HEAD / HTTP/1.1" 200 -
192.168.175.240 - - [22/Mar/2023:02:06:34 -0500] "GET / HTTP/1.1" 200 4720
52.167.144.167 - - [22/Mar/2023:02:06:46 -0500] "GET /BLA/resoluciones/RESOLUCIONES%202021/5526.pdf HTTP/1.1" 200 448642
186.80.50.45 - - [22/Mar/2023:02:07:00 -0500] "GET /BLA/resoluciones/AUTOS%202017/1734.pdf HTTP/1.1" 200 290858
172.22.2.4 - - [22/Mar/2023:02:05:24 -0500] "HEAD /BLA/boletinlegal/ HTTP/1.1" 200 -
192.168.175.240 - - [22/Mar/2023:02:07:34 -0500] "GET / HTTP/1.1" 200 4720
201.245.192.253 - - [22/Mar/2023:02:07:45 -0500] "GET / HTTP/1.1" 200 319
172.22.2.4 - - [22/Mar/2023:02:07:51 -0500] "GET /BLA/boletinlegal/robots.txt HTTP/1.1" 404 1038
172.22.2.4 - - [22/Mar/2023:02:07:52 -0500] "GET /BLA/boletinlegal/Circulares/2022/CIRCULAR%20No.%2000005%20DEL%2030%20DE%20JUNIO%20DEL%202022.pdf HTTP/1.1" 200 370015
172.22.2.4 - - [22/Mar/2023:02:06:15 -0500] "GET /BLA/boletinlegal/ HTTP/1.1" 200 53104
201.245.192.253 - - [22/Mar/2023:02:07:53 -0500] "POST /kwsrmcab/Wsrmcab  HTTP/1.1" 200 42239
192.168.175.240 - - [22/Mar/2023:02:08:34 -0500] "GET / HTTP/1.1" 200 4720
186.80.50.45 - - [22/Mar/2023:02:08:51 -0500] "GET /BLA/resoluciones/AUTOS%202017/1739.pdf HTTP/1.1" 200 340228
162.55.173.23 - - [22/Mar/2023:02:09:27 -0500] "GET / HTTP/1.1" 200 4720
162.55.173.23 - - [22/Mar/2023:02:09:29 -0500] "GET / HTTP/1.1" 200 319
192.168.175.240 - - [22/Mar/2023:02:09:34 -0500] "GET / HTTP/1.1" 200 4720
192.168.175.240 - - [22/Mar/2023:02:10:34 -0500] "GET / HTTP/1.1" 200 4720
216.245.221.92 - - [22/Mar/2023:02:11:26 -0500] "HEAD / HTTP/1.1" 200 -
192.168.175.240 - - [22/Mar/2023:02:11:34 -0500] "GET / HTTP/1.1" 200 4720
186.80.50.45 - - [22/Mar/2023:02:12:26 -0500] "GET /BLA/resoluciones/AUTOS%202017/1747.pdf HTTP/1.1" 200 267696
192.168.175.240 - - [22/Mar/2023:02:12:34 -0500] "GET / HTTP/1.1" 200 4720
201.245.192.253 - - [22/Mar/2023:02:12:52 -0500] "POST /kwsrmcab/Wsrmcab  HTTP/1.1" 200 42239
172.22.2.4 - - [22/Mar/2023:02:11:14 -0500] "HEAD /BLA/boletinlegal/ HTTP/1.1" 200 -
192.168.175.240 - - [22/Mar/2023:02:13:34 -0500] "GET / HTTP/1.1" 200 4720
172.22.2.4 - - [22/Mar/2023:02:12:05 -0500] "GET /BLA/boletinlegal/ HTTP/1.1" 200 53551
192.168.175.240 - - [22/Mar/2023:02:14:34 -0500] "GET / HTTP/1.1" 200 4720
64.124.8.49 - - [22/Mar/2023:02:14:41 -0500] "GET /desprendiblespago/images/cabezoteHojaVida.jpg HTTP/1.1" 304 -
185.191.171.13 - - [22/Mar/2023:02:14:56 -0500] "-" 408 -
185.191.171.13 - - [22/Mar/2023:02:15:10 -0500] "-" 408 -
64.124.8.49 - - [22/Mar/2023:02:15:15 -0500] "GET /galeria/galeria/fotos/Humedal-Tibanica3P.jpg HTTP/1.1" 304 -
52.188.77.43 - - [22/Mar/2023:02:15:17 -0500] "GET /images/jardines-verticales_optimized.jpeg HTTP/1.1" 200 138197
192.168.175.240 - - [22/Mar/2023:02:15:34 -0500] "GET / HTTP/1.1" 200 4720
172.22.2.4 - - [22/Mar/2023:02:15:56 -0500] "GET /BLA/boletinlegal/robots.txt HTTP/1.1" 404 1038
172.22.2.4 - - [22/Mar/2023:02:15:57 -0500] "GET /BLA/boletinlegal/Directivas/2017/Directiva%20No.%2005%20del%2013%20de%20Junio%20de%202017.pdf HTTP/1.1" 200 853105
216.245.221.92 - - [22/Mar/2023:02:16:26 -0500] "HEAD / HTTP/1.1" 200 -
192.168.175.240 - - [22/Mar/2023:02:16:34 -0500] "GET / HTTP/1.1" 200 4720
192.168.175.240 - - [22/Mar/2023:02:17:34 -0500] "GET / HTTP/1.1" 200 4720
201.245.192.253 - - [22/Mar/2023:02:17:51 -0500] "POST /kwsrmcab/Wsrmcab  HTTP/1.1" 200 42239
192.168.175.240 - - [22/Mar/2023:02:18:34 -0500] "GET / HTTP/1.1" 200 4720
172.22.2.4 - - [22/Mar/2023:02:17:04 -0500] "HEAD /BLA/boletinlegal/ HTTP/1.1" 200 -
157.55.39.225 - - [22/Mar/2023:02:19:13 -0500] "-" 408 -
186.80.50.45 - - [22/Mar/2023:02:19:23 -0500] "GET /BLA/resoluciones/AUTOS%202017/1754.pdf HTTP/1.1" 200 286725
192.168.175.240 - - [22/Mar/2023:02:19:34 -0500] "GET / HTTP/1.1" 200 4720
172.22.2.4 - - [22/Mar/2023:02:17:55 -0500] "GET /BLA/boletinlegal/ HTTP/1.1" 200 57551
201.245.192.253 - - [22/Mar/2023:02:20:26 -0500] "POST /kwsrmcab/Wsrmcab HTTP/1.1" 200 43483
201.245.192.253 - - [22/Mar/2023:02:20:29 -0500] "POST /kwsrmcab/Wsrmcab HTTP/1.1" 200 43495
192.168.175.240 - - [22/Mar/2023:02:20:34 -0500] "GET / HTTP/1.1" 200 4720
52.167.144.156 - - [22/Mar/2023:02:20:57 -0500] "GET /BLA/resoluciones/AUTOS%202021/0511.pdf HTTP/1.1" 304 -
216.245.221.92 - - [22/Mar/2023:02:21:26 -0500] "HEAD / HTTP/1.1" 200 -
66.249.75.152 - - [22/Mar/2023:02:21:30 -0500] "-" 408 -
192.168.175.240 - - [22/Mar/2023:02:21:34 -0500] "GET / HTTP/1.1" 200 4720
192.168.175.240 - - [22/Mar/2023:02:22:34 -0500] "GET / HTTP/1.1" 200 4720
201.245.192.253 - - [22/Mar/2023:02:22:51 -0500] "POST /kwsrmcab/Wsrmcab  HTTP/1.1" 200 42239
192.168.175.240 - - [22/Mar/2023:02:23:34 -0500] "GET / HTTP/1.1" 200 4720
192.168.175.240 - - [22/Mar/2023:02:24:34 -0500] "GET / HTTP/1.1" 200 4720
172.22.2.4 - - [22/Mar/2023:02:22:54 -0500] "HEAD /BLA/boletinlegal/ HTTP/1.1" 200 -
172.22.2.4 - - [22/Mar/2023:02:23:45 -0500] "GET /BLA/boletinlegal/ HTTP/1.1" 200 56277
192.168.175.240 - - [22/Mar/2023:02:25:34 -0500] "GET / HTTP/1.1" 200 4720
216.245.221.92 - - [22/Mar/2023:02:26:26 -0500] "HEAD / HTTP/1.1" 200 -
192.168.175.240 - - [22/Mar/2023:02:26:34 -0500] "GET / HTTP/1.1" 200 4720
192.168.175.240 - - [22/Mar/2023:02:27:34 -0500] "GET / HTTP/1.1" 200 4720
201.245.192.253 - - [22/Mar/2023:02:27:50 -0500] "POST /kwsrmcab/Wsrmcab  HTTP/1.1" 200 42239
66.249.75.152 - - [22/Mar/2023:02:28:05 -0500] "-" 408 -
192.168.175.240 - - [22/Mar/2023:02:28:34 -0500] "GET / HTTP/1.1" 200 4720
192.168.175.240 - - [22/Mar/2023:02:29:34 -0500] "GET / HTTP/1.1" 200 4720
172.22.2.4 - - [22/Mar/2023:02:28:44 -0500] "HEAD /BLA/boletinlegal/ HTTP/1.1" 200 -
201.245.192.253 - - [22/Mar/2023:02:30:25 -0500] "POST /kwsrmcab/Wsrmcab HTTP/1.1" 200 43483
201.245.192.253 - - [22/Mar/2023:02:30:28 -0500] "GET /kwsrmcab/Wsrmcab?wsdl HTTP/1.1" 200 6948
201.245.192.253 - - [22/Mar/2023:02:30:29 -0500] "POST /kwsrmcab/Wsrmcab HTTP/1.1" 200 43495
192.168.175.240 - - [22/Mar/2023:02:30:34 -0500] "GET / HTTP/1.1" 200 4720
185.119.81.102 - - [22/Mar/2023:02:30:55 -0500] "GET /portaldeninos/wp-login.php HTTP/1.1" 200 2592
185.119.81.102 - - [22/Mar/2023:02:30:56 -0500] "POST /portaldeninos/wp-login.php HTTP/1.1" 200 3605
172.22.2.4 - - [22/Mar/2023:02:29:35 -0500] "GET /BLA/boletinlegal/ HTTP/1.1" 200 52316
216.245.221.92 - - [22/Mar/2023:02:31:26 -0500] "HEAD / HTTP/1.1" 200 -
192.168.175.240 - - [22/Mar/2023:02:31:34 -0500] "GET / HTTP/1.1" 200 4720
192.168.175.240 - - [22/Mar/2023:02:32:34 -0500] "GET / HTTP/1.1" 200 4720
201.245.192.253 - - [22/Mar/2023:02:32:49 -0500] "POST /kwsrmcab/Wsrmcab  HTTP/1.1" 200 42239
192.168.175.240 - - [22/Mar/2023:02:33:34 -0500] "GET / HTTP/1.1" 200 4720
31.13.103.23 - - [22/Mar/2023:02:34:03 -0500] "GET /%C3%82%C2%BFquieres-aprender-sobre-jardines-verticales-esta-es-tu-oportunidad.html HTTP/1.1" 206 925
31.13.103.120 - - [22/Mar/2023:02:34:03 -0500] "GET /%C3%82%C2%BFquieres-aprender-sobre-jardines-verticales-esta-es-tu-oportunidad.html HTTP/1.1" 206 925
31.13.103.12 - - [22/Mar/2023:02:34:06 -0500] "GET /%C3%82%C2%BFquieres-aprender-sobre-jardines-verticales-esta-es-tu-oportunidad.html HTTP/1.1" 206 925
31.13.115.17 - - [22/Mar/2023:02:34:12 -0500] "GET /%C3%82%C2%BFquieres-aprender-sobre-jardines-verticales-esta-es-tu-oportunidad.html HTTP/1.1" 206 925
31.13.103.24 - - [22/Mar/2023:02:34:15 -0500] "GET /images/jardines-verticales_optimized.jpeg HTTP/1.1" 200 138197
