172.22.2.4 - - [24/Mar/2023:03:19:21 -0500] "GET /BLA/boletinlegal/ HTTP/1.1" 200 59296
192.168.175.240 - - [24/Mar/2023:03:21:30 -0500] "GET / HTTP/1.1" 200 4720
192.168.175.240 - - [24/Mar/2023:03:22:30 -0500] "GET / HTTP/1.1" 200 4720
192.168.175.240 - - [24/Mar/2023:03:23:30 -0500] "GET / HTTP/1.1" 200 4720
201.245.192.253 - - [24/Mar/2023:03:24:21 -0500] "POST /kwsrmcab/Wsrmcab  HTTP/1.1" 200 41914
192.168.175.240 - - [24/Mar/2023:03:24:30 -0500] "GET / HTTP/1.1" 200 4720
69.171.249.5 - - [24/Mar/2023:03:24:34 -0500] "GET /images/camino-a-los-cerros-1_optimized.jpeg HTTP/1.1" 200 222279
69.171.249.10 - - [24/Mar/2023:03:24:34 -0500] "GET /images/calidad-aire-2-marzo-1_optimized.jpeg HTTP/1.1" 200 51562
69.171.249.13 - - [24/Mar/2023:03:24:34 -0500] "GET /images/calidad-del-aire-suroccidental_optimized.jpeg HTTP/1.1" 200 175446
69.171.249.20 - - [24/Mar/2023:03:24:34 -0500] "GET /images/28%20de%20febrero%20operativo.jpeg HTTP/1.1" 200 62220
69.171.249.120 - - [24/Mar/2023:03:24:34 -0500] "GET /images/Puntos%20calientes%2024%20de%20febrero.jpeg HTTP/1.1" 200 42626
69.171.249.11 - - [24/Mar/2023:03:24:36 -0500] "GET /images/idpyba-4-marzo-1_optimized.jpeg HTTP/1.1" 200 115318
216.245.221.92 - - [24/Mar/2023:03:25:02 -0500] "HEAD / HTTP/1.1" 200 -
192.168.175.240 - - [24/Mar/2023:03:25:30 -0500] "GET / HTTP/1.1" 200 4720
172.22.2.4 - - [24/Mar/2023:03:24:20 -0500] "HEAD /BLA/boletinlegal/ HTTP/1.1" 200 -
192.168.175.240 - - [24/Mar/2023:03:26:30 -0500] "GET / HTTP/1.1" 200 4720
172.22.2.4 - - [24/Mar/2023:03:25:11 -0500] "GET /BLA/boletinlegal/ HTTP/1.1" 200 57551
52.167.144.167 - - [24/Mar/2023:03:27:05 -0500] "GET / HTTP/1.1" 200 319
192.168.175.240 - - [24/Mar/2023:03:27:30 -0500] "GET / HTTP/1.1" 200 4720
192.168.175.240 - - [24/Mar/2023:03:28:30 -0500] "GET / HTTP/1.1" 200 4720
172.22.2.4 - - [24/Mar/2023:03:27:52 -0500] "GET /BLA/boletinlegal/ HTTP/1.1" 200 28619
201.245.192.253 - - [24/Mar/2023:03:29:23 -0500] "POST /kwsrmcab/Wsrmcab  HTTP/1.1" 200 41914
192.168.175.240 - - [24/Mar/2023:03:29:30 -0500] "GET / HTTP/1.1" 200 4720
216.245.221.92 - - [24/Mar/2023:03:30:02 -0500] "HEAD / HTTP/1.1" 200 -
201.245.192.253 - - [24/Mar/2023:03:30:15 -0500] "POST /kwsrmcab/Wsrmcab HTTP/1.1" 200 43170
201.245.192.253 - - [24/Mar/2023:03:30:18 -0500] "POST /kwsrmcab/Wsrmcab HTTP/1.1" 200 43503
192.168.175.240 - - [24/Mar/2023:03:30:30 -0500] "GET / HTTP/1.1" 200 4720
172.22.2.4 - - [24/Mar/2023:03:30:32 -0500] "GET /BLA/boletinlegal/robots.txt HTTP/1.1" 404 1038
172.22.2.4 - - [24/Mar/2023:03:30:32 -0500] "GET /BLA/boletinlegal/sugerencias.php HTTP/1.1" 200 8615
52.167.144.167 - - [24/Mar/2023:03:30:46 -0500] "GET /BLA/resoluciones/AUTOS%202021/6755.pdf HTTP/1.1" 304 -
192.168.175.240 - - [24/Mar/2023:03:31:30 -0500] "GET / HTTP/1.1" 200 4720
172.22.2.4 - - [24/Mar/2023:03:30:10 -0500] "HEAD /BLA/boletinlegal/ HTTP/1.1" 200 -
192.168.175.240 - - [24/Mar/2023:03:32:30 -0500] "GET / HTTP/1.1" 200 4720
172.22.2.4 - - [24/Mar/2023:03:31:01 -0500] "GET /BLA/boletinlegal/ HTTP/1.1" 200 59296
185.119.81.107 - - [24/Mar/2023:03:32:46 -0500] "GET /portaldeninos/wp-login.php HTTP/1.1" 200 2592
185.119.81.107 - - [24/Mar/2023:03:32:47 -0500] "POST /portaldeninos/wp-login.php HTTP/1.1" 200 3670
40.77.167.172 - - [24/Mar/2023:03:33:18 -0500] "GET /BLA/resoluciones/RESOLUCIONES%202022/2933.pdf HTTP/1.1" 200 446111
192.168.175.240 - - [24/Mar/2023:03:33:30 -0500] "GET / HTTP/1.1" 200 4720
201.245.192.253 - - [24/Mar/2023:03:34:22 -0500] "POST /kwsrmcab/Wsrmcab  HTTP/1.1" 200 41914
192.168.175.240 - - [24/Mar/2023:03:34:30 -0500] "GET / HTTP/1.1" 200 4720
52.167.144.167 - - [24/Mar/2023:03:34:56 -0500] "GET /BLA/resoluciones/index.php?dir=RESOLUCIONES+2023%2F HTTP/1.1" 200 10377
216.245.221.92 - - [24/Mar/2023:03:35:02 -0500] "HEAD / HTTP/1.1" 200 -
104.152.52.94 - - [24/Mar/2023:03:35:11 -0500] "GET / HTTP/1.0" 200 319
192.168.175.240 - - [24/Mar/2023:03:35:30 -0500] "GET / HTTP/1.1" 200 4720
66.249.79.115 - - [24/Mar/2023:03:35:39 -0500] "-" 408 -
157.55.39.223 - - [24/Mar/2023:03:36:18 -0500] "-" 408 -
192.168.175.240 - - [24/Mar/2023:03:36:30 -0500] "GET / HTTP/1.1" 200 4720
168.119.253.48 - - [24/Mar/2023:03:37:17 -0500] "GET / HTTP/1.1" 200 4720
168.119.253.48 - - [24/Mar/2023:03:37:18 -0500] "GET / HTTP/1.1" 200 319
192.168.175.240 - - [24/Mar/2023:03:37:30 -0500] "GET / HTTP/1.1" 200 4720
172.22.2.4 - - [24/Mar/2023:03:36:00 -0500] "HEAD /BLA/boletinlegal/ HTTP/1.1" 200 -
192.168.175.240 - - [24/Mar/2023:03:38:30 -0500] "GET / HTTP/1.1" 200 4720
172.22.2.4 - - [24/Mar/2023:03:36:51 -0500] "GET /BLA/boletinlegal/ HTTP/1.1" 200 57551
201.245.192.253 - - [24/Mar/2023:03:39:21 -0500] "POST /kwsrmcab/Wsrmcab  HTTP/1.1" 200 41914
192.168.175.240 - - [24/Mar/2023:03:39:30 -0500] "GET / HTTP/1.1" 200 4720
216.245.221.92 - - [24/Mar/2023:03:40:02 -0500] "HEAD / HTTP/1.1" 200 -
201.245.192.253 - - [24/Mar/2023:03:40:16 -0500] "POST /kwsrmcab/Wsrmcab HTTP/1.1" 200 43170
201.245.192.253 - - [24/Mar/2023:03:40:18 -0500] "POST /kwsrmcab/Wsrmcab HTTP/1.1" 200 43503
192.168.175.240 - - [24/Mar/2023:03:40:30 -0500] "GET / HTTP/1.1" 200 4720
192.168.175.240 - - [24/Mar/2023:03:41:30 -0500] "GET / HTTP/1.1" 200 4720
192.168.175.240 - - [24/Mar/2023:03:42:30 -0500] "GET / HTTP/1.1" 200 4720
66.249.70.184 - - [24/Mar/2023:03:42:33 -0500] "-" 408 -
192.168.175.240 - - [24/Mar/2023:03:43:30 -0500] "GET / HTTP/1.1" 200 4720
172.22.2.4 - - [24/Mar/2023:03:41:50 -0500] "HEAD /BLA/boletinlegal/ HTTP/1.1" 200 -
185.119.81.107 - - [24/Mar/2023:03:43:49 -0500] "GET /portaldeninos/wp-login.php HTTP/1.1" 200 2592
185.119.81.107 - - [24/Mar/2023:03:43:50 -0500] "POST /portaldeninos/wp-login.php HTTP/1.1" 200 3670
172.22.2.4 - - [24/Mar/2023:03:42:41 -0500] "GET /BLA/boletinlegal/ HTTP/1.1" 200 53551
201.245.192.253 - - [24/Mar/2023:03:44:19 -0500] "POST /kwsrmcab/Wsrmcab  HTTP/1.1" 200 41914
192.168.175.240 - - [24/Mar/2023:03:44:30 -0500] "GET / HTTP/1.1" 200 4720
216.245.221.92 - - [24/Mar/2023:03:45:02 -0500] "HEAD / HTTP/1.1" 200 -
192.168.175.240 - - [24/Mar/2023:03:45:30 -0500] "GET / HTTP/1.1" 200 4720
142.134.95.32 - - [24/Mar/2023:03:46:26 -0500] "GET /distrito-declara-alerta-preventiva-en-el-suroccidente-de-la-ciudad-por-mala-calidad-del-aire.html HTTP/1.1" 200 1065
192.168.175.240 - - [24/Mar/2023:03:46:30 -0500] "GET / HTTP/1.1" 200 4720
35.195.241.126 - - [24/Mar/2023:03:47:20 -0500] "GET / HTTP/1.1" 200 319
192.168.175.240 - - [24/Mar/2023:03:47:30 -0500] "GET / HTTP/1.1" 200 4720
192.168.175.240 - - [24/Mar/2023:03:48:30 -0500] "GET / HTTP/1.1" 200 4720
172.22.2.4 - - [24/Mar/2023:03:47:40 -0500] "HEAD /BLA/boletinlegal/ HTTP/1.1" 200 -
201.245.192.253 - - [24/Mar/2023:03:49:18 -0500] "POST /kwsrmcab/Wsrmcab  HTTP/1.1" 200 41914
192.168.175.240 - - [24/Mar/2023:03:49:30 -0500] "GET / HTTP/1.1" 200 4720
216.245.221.92 - - [24/Mar/2023:03:50:02 -0500] "HEAD / HTTP/1.1" 200 -
172.22.2.4 - - [24/Mar/2023:03:48:31 -0500] "GET /BLA/boletinlegal/ HTTP/1.1" 200 52316
192.168.175.240 - - [24/Mar/2023:03:50:30 -0500] "GET / HTTP/1.1" 200 4720
52.167.144.156 - - [24/Mar/2023:03:51:24 -0500] "GET /BLA/resoluciones/RESOLUCIONES%202021/2644.pdf HTTP/1.1" 200 789624
192.168.175.240 - - [24/Mar/2023:03:51:30 -0500] "GET / HTTP/1.1" 200 4720
192.168.175.240 - - [24/Mar/2023:03:52:30 -0500] "GET / HTTP/1.1" 200 4720
192.168.175.240 - - [24/Mar/2023:03:53:30 -0500] "GET / HTTP/1.1" 200 4720
66.249.70.180 - - [24/Mar/2023:03:54:06 -0500] "-" 408 -
201.245.192.253 - - [24/Mar/2023:03:54:18 -0500] "POST /kwsrmcab/Wsrmcab  HTTP/1.1" 200 41914
192.168.175.240 - - [24/Mar/2023:03:54:30 -0500] "GET / HTTP/1.1" 200 4720
216.245.221.92 - - [24/Mar/2023:03:55:02 -0500] "HEAD / HTTP/1.1" 200 -
172.22.2.4 - - [24/Mar/2023:03:53:30 -0500] "HEAD /BLA/boletinlegal/ HTTP/1.1" 200 -
192.168.175.240 - - [24/Mar/2023:03:55:30 -0500] "GET / HTTP/1.1" 200 4720
172.22.2.4 - - [24/Mar/2023:03:54:21 -0500] "GET /BLA/boletinlegal/ HTTP/1.1" 200 57141
192.168.175.240 - - [24/Mar/2023:03:56:30 -0500] "GET / HTTP/1.1" 200 4720
34.86.192.84 - - [24/Mar/2023:03:57:09 -0500] "GET /distrito-declara-alerta-preventiva-en-el-suroccidente-de-la-ciudad-por-mala-calidad-del-aire.html HTTP/1.0" 200 1065
192.168.175.240 - - [24/Mar/2023:03:57:30 -0500] "GET / HTTP/1.1" 200 4720
192.168.175.240 - - [24/Mar/2023:03:58:30 -0500] "GET / HTTP/1.1" 200 4720
201.245.192.253 - - [24/Mar/2023:03:59:16 -0500] "POST /kwsrmcab/Wsrmcab  HTTP/1.1" 200 41914
192.168.175.240 - - [24/Mar/2023:03:59:30 -0500] "GET / HTTP/1.1" 200 4720
34.85.220.166 - - [24/Mar/2023:03:59:50 -0500] "GET /distrito-declara-alerta-preventiva-en-el-suroccidente-de-la-ciudad-por-mala-calidad-del-aire.html HTTP/1.0" 200 1065
216.245.221.92 - - [24/Mar/2023:04:00:02 -0500] "HEAD / HTTP/1.1" 200 -
192.168.175.240 - - [24/Mar/2023:04:00:30 -0500] "GET / HTTP/1.1" 200 4720
40.77.167.172 - - [24/Mar/2023:04:00:55 -0500] "GET /BLA/resoluciones/AUTOS%202021/0459.pdf HTTP/1.1" 304 -
172.22.2.4 - - [24/Mar/2023:03:59:20 -0500] "HEAD /BLA/boletinlegal/ HTTP/1.1" 200 -
192.168.175.240 - - [24/Mar/2023:04:01:30 -0500] "GET / HTTP/1.1" 200 4720
172.22.2.4 - - [24/Mar/2023:04:00:11 -0500] "GET /BLA/boletinlegal/ HTTP/1.1" 200 57551
192.168.175.240 - - [24/Mar/2023:04:02:30 -0500] "GET / HTTP/1.1" 200 4720
172.22.2.4 - - [24/Mar/2023:04:02:50 -0500] "GET /BLA/boletinlegal/Circulares/2021/CIRCULAR%20No.%2000009%20DEL%2001%20DE%20OCTUBRE%20DEL%202021.pdf HTTP/1.1" 200 320793
192.168.175.240 - - [24/Mar/2023:04:03:30 -0500] "GET / HTTP/1.1" 200 4720
52.151.201.131 - - [24/Mar/2023:04:03:36 -0500] "GET /images/Foto%20Di%C3%8C%C2%81a%20Mundial%20del%20Agua%20(1)%20(1).jpeg HTTP/1.1" 200 41770
157.55.39.216 - - [24/Mar/2023:04:03:43 -0500] "GET /en-la-semana-de-los-bosques-distrito-avanza-en-la-plantacion-de-nuevos-arboles-para-bogota.html HTTP/1.1" 200 933
201.245.192.253 - - [24/Mar/2023:04:04:15 -0500] "POST /kwsrmcab/Wsrmcab  HTTP/1.1" 200 41914
192.168.175.240 - - [24/Mar/2023:04:04:30 -0500] "GET / HTTP/1.1" 200 4720
52.167.144.71 - - [24/Mar/2023:04:04:43 -0500] "GET /autoliquidacion/index.php?dir=cobro+evaluacion+certificaci\xc3\xb3n+para+la+deducci\xc3\xb3n+por+inversi\xc3\xb3n+en+medio+ambiente HTTP/1.1" 200 7033
216.245.221.92 - - [24/Mar/2023:04:05:02 -0500] "HEAD / HTTP/1.1" 200 -
34.147.68.14 - - [24/Mar/2023:04:05:17 -0500] "GET /inventario-de-emisiones-2020-transporte-publico-sitp-redujo-emisiones-de-pm-2-5-en-un-37.html HTTP/1.1" 200 925
192.168.175.240 - - [24/Mar/2023:04:05:30 -0500] "GET / HTTP/1.1" 200 4720
66.249.79.111 - - [24/Mar/2023:04:05:39 -0500] "-" 408 -
40.77.167.172 - - [24/Mar/2023:04:05:52 -0500] "GET /BLA/resoluciones/AUTOS%202022/6521.pdf HTTP/1.1" 200 469391
18.220.21.2 - - [24/Mar/2023:04:06:28 -0500] "GET /distrito-declara-alerta-preventiva-en-el-suroccidente-de-la-ciudad-por-mala-calidad-del-aire.html HTTP/1.1" 200 1065
192.168.175.240 - - [24/Mar/2023:04:06:30 -0500] "GET / HTTP/1.1" 200 4720
34.147.120.32 - - [24/Mar/2023:04:06:38 -0500] "GET /inventario-de-emisiones-2020-transporte-publico-sitp-redujo-emisiones-de-pm-2-5-en-un-37.html HTTP/1.1" 200 925
172.22.2.4 - - [24/Mar/2023:04:05:10 -0500] "HEAD /BLA/boletinlegal/ HTTP/1.1" 200 -
34.91.116.112 - - [24/Mar/2023:04:07:08 -0500] "GET /inventario-de-emisiones-2020-transporte-publico-sitp-redujo-emisiones-de-pm-2-5-en-un-37.html HTTP/1.1" 200 925
192.168.175.240 - - [24/Mar/2023:04:07:30 -0500] "GET / HTTP/1.1" 200 4720
172.22.2.4 - - [24/Mar/2023:04:06:01 -0500] "GET /BLA/boletinlegal/ HTTP/1.1" 200 57551
157.55.39.217 - - [24/Mar/2023:04:08:12 -0500] "GET /BLA/resoluciones/AUTOS%202019/0071.pdf HTTP/1.1" 200 283189
192.168.175.240 - - [24/Mar/2023:04:08:30 -0500] "GET / HTTP/1.1" 200 4720
34.90.4.102 - - [24/Mar/2023:04:08:34 -0500] "GET /inventario-de-emisiones-2020-transporte-publico-sitp-redujo-emisiones-de-pm-2-5-en-un-37.html HTTP/1.1" 200 925
201.245.192.253 - - [24/Mar/2023:04:09:14 -0500] "POST /kwsrmcab/Wsrmcab  HTTP/1.1" 200 41914
192.168.175.240 - - [24/Mar/2023:04:09:30 -0500] "GET / HTTP/1.1" 200 4720
216.245.221.92 - - [24/Mar/2023:04:10:02 -0500] "HEAD / HTTP/1.1" 200 -
192.168.175.240 - - [24/Mar/2023:04:10:30 -0500] "GET / HTTP/1.1" 200 4720
157.55.39.218 - - [24/Mar/2023:04:10:33 -0500] "GET /portaldeninos/humedal-el-tunjo/ HTTP/1.1" 200 87661
207.46.13.209 - - [24/Mar/2023:04:10:48 -0500] "GET /portaldeninos/wp-content/themes/betheme/assets/animations/animations.min.js?ver=20.9.6 HTTP/1.1" 200 1896
207.46.13.209 - - [24/Mar/2023:04:10:48 -0500] "GET /portaldeninos/wp-content/themes/betheme/css/shortcodes.css?ver=20.9.6 HTTP/1.1" 200 138889
207.46.13.209 - - [24/Mar/2023:04:10:49 -0500] "GET /portaldeninos/wp-content/themes/betheme/style.css?ver=20.9.6 HTTP/1.1" 200 287
207.46.13.209 - - [24/Mar/2023:04:10:49 -0500] "GET /portaldeninos/wp-includes/js/jquery/ui/core.min.js?ver=1.11.4 HTTP/1.1" 200 4000
157.55.39.216 - - [24/Mar/2023:04:10:52 -0500] "GET /portaldeninos/wp-content/themes/betheme/assets/animations/animations.min.css?ver=20.9.6 HTTP/1.1" 200 58508
157.55.39.216 - - [24/Mar/2023:04:10:53 -0500] "GET /portaldeninos/wp-includes/js/jquery/ui/accordion.min.js?ver=1.11.4 HTTP/1.1" 200 8584
157.55.39.216 - - [24/Mar/2023:04:10:53 -0500] "GET /portaldeninos/wp-includes/js/wp-embed.min.js?ver=4.9.8 HTTP/1.1" 200 1398
157.55.39.206 - - [24/Mar/2023:04:10:54 -0500] "GET /portaldeninos/wp-content/themes/betheme/assets/jplayer/jplayer.min.js?ver=20.9.6 HTTP/1.1" 200 52702
52.167.144.43 - - [24/Mar/2023:04:10:57 -0500] "GET /portaldeninos/wp-content/themes/betheme/js/menu.js?ver=20.9.6 HTTP/1.1" 200 2449
52.167.144.43 - - [24/Mar/2023:04:10:57 -0500] "GET /portaldeninos/wp-includes/js/jquery/ui/widget.min.js?ver=1.11.4 HTTP/1.1" 200 6908
52.167.144.43 - - [24/Mar/2023:04:10:57 -0500] "GET /portaldeninos/wp-includes/js/jquery/ui/mouse.min.js?ver=1.11.4 HTTP/1.1" 200 3148
157.55.39.206 - - [24/Mar/2023:04:11:05 -0500] "GET /portaldeninos/wp-content/themes/betheme/js/plugins.js?ver=20.9.6 HTTP/1.1" 200 197151
157.55.39.206 - - [24/Mar/2023:04:11:06 -0500] "GET /portaldeninos/wp-includes/js/jquery/ui/sortable.min.js?ver=1.11.4 HTTP/1.1" 200 24899
157.55.39.206 - - [24/Mar/2023:04:11:07 -0500] "GET /portaldeninos/wp-includes/js/wp-emoji-release.min.js?ver=4.9.8 HTTP/1.1" 200 12026
52.167.144.44 - - [24/Mar/2023:04:11:09 -0500] "GET /portaldeninos/wp-content/plugins/gallery-videos/CSS/Total-Soft-Gallery-Video-Widget.css?ver=4.9.8 HTTP/1.1" 200 51554
52.167.144.44 - - [24/Mar/2023:04:11:09 -0500] "GET /portaldeninos/wp-content/plugins/gallery-videos/JS/modernizr.custom.js?ver=4.9.8 HTTP/1.1" 200 9019
52.167.144.44 - - [24/Mar/2023:04:11:10 -0500] "GET /portaldeninos/wp-content/themes/betheme/assets/jplayer/css/jplayer.blue.monday.css?ver=20.9.6 HTTP/1.1" 200 9834
52.167.144.44 - - [24/Mar/2023:04:11:10 -0500] "GET /portaldeninos/wp-content/themes/betheme/css/base.css?ver=20.9.6 HTTP/1.1" 200 57283
52.167.144.44 - - [24/Mar/2023:04:11:10 -0500] "GET /portaldeninos/wp-content/themes/betheme/css/responsive.css?ver=20.9.6 HTTP/1.1" 200 55740
52.167.144.44 - - [24/Mar/2023:04:11:10 -0500] "GET /portaldeninos/wp-includes/js/jquery/jquery-migrate.min.js?ver=1.4.1 HTTP/1.1" 200 10056
192.168.175.240 - - [24/Mar/2023:04:11:30 -0500] "GET / HTTP/1.1" 200 4720
172.22.2.4 - - [24/Mar/2023:04:10:48 -0500] "GET /BLA/boletinlegal/index.php?s=/Index/\\think\\app/invokefunction&function=call_user_func_array&vars[0]=md5&vars[1][]=HelloThinkPHP21 HTTP/1.1" 200 36811
192.168.175.240 - - [24/Mar/2023:04:12:30 -0500] "GET / HTTP/1.1" 200 4720
4.246.124.237 - - [24/Mar/2023:04:12:32 -0500] "-" 408 -
172.22.2.4 - - [24/Mar/2023:04:11:00 -0500] "HEAD /BLA/boletinlegal/ HTTP/1.1" 200 -
192.168.175.240 - - [24/Mar/2023:04:13:30 -0500] "GET / HTTP/1.1" 200 4720
172.22.2.4 - - [24/Mar/2023:04:11:51 -0500] "GET /BLA/boletinlegal/ HTTP/1.1" 200 52720
66.249.70.182 - - [24/Mar/2023:04:14:09 -0500] "-" 408 -
172.22.2.4 - - [24/Mar/2023:04:14:13 -0500] "GET /BLA/boletinlegal/actos.php HTTP/1.1" 200 9672
201.245.192.253 - - [24/Mar/2023:04:14:13 -0500] "POST /kwsrmcab/Wsrmcab  HTTP/1.1" 200 41914
192.168.175.240 - - [24/Mar/2023:04:14:30 -0500] "GET / HTTP/1.1" 200 4720
216.245.221.92 - - [24/Mar/2023:04:15:02 -0500] "HEAD / HTTP/1.1" 200 -
192.168.175.240 - - [24/Mar/2023:04:15:30 -0500] "GET / HTTP/1.1" 200 4720
192.168.175.240 - - [24/Mar/2023:04:16:30 -0500] "GET / HTTP/1.1" 200 4720
69.63.184.4 - - [24/Mar/2023:04:16:43 -0500] "GET /images/calidaddeaire1.png HTTP/1.1" 200 158614
192.168.175.240 - - [24/Mar/2023:04:17:30 -0500] "GET / HTTP/1.1" 200 4720
66.220.149.19 - - [24/Mar/2023:04:17:49 -0500] "GET /distrito-declara-alerta-preventiva-en-el-suroccidente-de-la-ciudad-por-mala-calidad-del-aire.html HTTP/1.1" 206 1065
66.220.149.6 - - [24/Mar/2023:04:17:50 -0500] "GET /distrito-declara-alerta-preventiva-en-el-suroccidente-de-la-ciudad-por-mala-calidad-del-aire.html HTTP/1.1" 206 1065
192.168.175.240 - - [24/Mar/2023:04:18:30 -0500] "GET / HTTP/1.1" 200 4720
172.22.2.4 - - [24/Mar/2023:04:16:50 -0500] "HEAD /BLA/boletinlegal/ HTTP/1.1" 200 -
87.250.224.241 - - [24/Mar/2023:04:18:47 -0500] "-" 408 -
66.249.79.111 - - [24/Mar/2023:04:19:09 -0500] "-" 408 -
201.245.192.253 - - [24/Mar/2023:04:19:12 -0500] "POST /kwsrmcab/Wsrmcab  HTTP/1.1" 200 41914
172.22.2.4 - - [24/Mar/2023:04:17:41 -0500] "GET /BLA/boletinlegal/ HTTP/1.1" 200 52720
192.168.175.240 - - [24/Mar/2023:04:19:30 -0500] "GET / HTTP/1.1" 200 4720
216.245.221.92 - - [24/Mar/2023:04:20:02 -0500] "HEAD / HTTP/1.1" 200 -
201.245.192.253 - - [24/Mar/2023:04:20:16 -0500] "POST /kwsrmcab/Wsrmcab HTTP/1.1" 200 43013
201.245.192.253 - - [24/Mar/2023:04:20:19 -0500] "POST /kwsrmcab/Wsrmcab HTTP/1.1" 200 43501
192.168.175.240 - - [24/Mar/2023:04:20:30 -0500] "GET / HTTP/1.1" 200 4720
185.119.81.107 - - [24/Mar/2023:04:21:12 -0500] "GET /portaldeninos/wp-login.php HTTP/1.1" 200 2592
185.119.81.107 - - [24/Mar/2023:04:21:14 -0500] "POST /portaldeninos/wp-login.php HTTP/1.1" 200 3670
192.168.175.240 - - [24/Mar/2023:04:21:30 -0500] "GET / HTTP/1.1" 200 4720
192.168.175.240 - - [24/Mar/2023:04:22:29 -0500] "GET / HTTP/1.1" 200 4720
52.167.144.156 - - [24/Mar/2023:04:22:38 -0500] "GET /galeria/galeria/fotos/Entrenube2G.jpg HTTP/1.1" 200 111422
192.168.175.240 - - [24/Mar/2023:04:23:29 -0500] "GET / HTTP/1.1" 200 4720
40.77.167.101 - - [24/Mar/2023:04:23:59 -0500] "-" 408 -
201.245.192.253 - - [24/Mar/2023:04:24:11 -0500] "POST /kwsrmcab/Wsrmcab  HTTP/1.1" 200 41914
172.22.2.4 - - [24/Mar/2023:04:22:40 -0500] "HEAD /BLA/boletinlegal/ HTTP/1.1" 200 -
192.168.175.240 - - [24/Mar/2023:04:24:29 -0500] "GET / HTTP/1.1" 200 4720
34.91.116.112 - - [24/Mar/2023:04:24:50 -0500] "GET /inventario-de-emisiones-2020-transporte-publico-sitp-redujo-emisiones-de-pm-2-5-en-un-37.html HTTP/1.1" 200 925
66.249.79.111 - - [24/Mar/2023:04:24:59 -0500] "-" 408 -
216.245.221.92 - - [24/Mar/2023:04:25:02 -0500] "HEAD / HTTP/1.1" 200 -
172.22.2.4 - - [24/Mar/2023:04:23:31 -0500] "GET /BLA/boletinlegal/ HTTP/1.1" 200 57141
192.168.175.240 - - [24/Mar/2023:04:25:29 -0500] "GET / HTTP/1.1" 200 4720
192.168.175.240 - - [24/Mar/2023:04:26:29 -0500] "GET / HTTP/1.1" 200 4720
40.77.188.25 - - [24/Mar/2023:04:26:50 -0500] "GET /portaldeninos/wp-content/uploads/useanyfont/uaf.css?ver=1589905315 HTTP/1.1" 200 408
40.77.189.242 - - [24/Mar/2023:04:26:50 -0500] "GET /portaldeninos/wp-content/themes/betheme/assets/ui/jquery.ui.all.css?ver=20.9.6 HTTP/1.1" 200 18765
40.77.189.107 - - [24/Mar/2023:04:26:50 -0500] "GET /portaldeninos/wp-content/plugins/gallery-videos/CSS/totalsoft.css?ver=4.9.8 HTTP/1.1" 200 40622
40.77.189.34 - - [24/Mar/2023:04:26:50 -0500] "GET /portaldeninos/wp-content/themes/betheme/css/layout.css?ver=20.9.6 HTTP/1.1" 200 116639
40.77.190.46 - - [24/Mar/2023:04:26:54 -0500] "GET /portaldeninos/wp-includes/js/jquery/jquery.js?ver=1.12.4 HTTP/1.1" 200 97184
40.77.188.202 - - [24/Mar/2023:04:26:58 -0500] "GET /portaldeninos/wp-content/themes/betheme/js/scripts.js?ver=20.9.6 HTTP/1.1" 200 77162
40.77.190.73 - - [24/Mar/2023:04:27:02 -0500] "GET /portaldeninos/wp-content/themes/betheme/fonts/mfn-icons.woff?93978679 HTTP/1.1" 200 80932
192.168.175.240 - - [24/Mar/2023:04:27:29 -0500] "GET / HTTP/1.1" 200 4720
52.167.144.43 - - [24/Mar/2023:04:28:05 -0500] "GET / HTTP/1.1" 200 4720
192.168.175.240 - - [24/Mar/2023:04:28:29 -0500] "GET / HTTP/1.1" 200 4720
201.245.192.253 - - [24/Mar/2023:04:29:10 -0500] "POST /kwsrmcab/Wsrmcab  HTTP/1.1" 200 41914
192.168.175.240 - - [24/Mar/2023:04:29:29 -0500] "GET / HTTP/1.1" 200 4720
52.167.144.156 - - [24/Mar/2023:04:29:57 -0500] "GET /BLA/resoluciones/RESOLUCIONES%202021/3636.pdf HTTP/1.1" 200 343570
216.245.221.92 - - [24/Mar/2023:04:30:02 -0500] "HEAD / HTTP/1.1" 200 -
172.22.2.4 - - [24/Mar/2023:04:28:30 -0500] "HEAD /BLA/boletinlegal/ HTTP/1.1" 200 -
201.245.192.253 - - [24/Mar/2023:04:30:15 -0500] "POST /kwsrmcab/Wsrmcab HTTP/1.1" 200 43013
201.245.192.253 - - [24/Mar/2023:04:30:18 -0500] "POST /kwsrmcab/Wsrmcab HTTP/1.1" 200 43501
192.168.175.240 - - [24/Mar/2023:04:30:29 -0500] "GET / HTTP/1.1" 200 4720
172.22.2.4 - - [24/Mar/2023:04:29:21 -0500] "GET /BLA/boletinlegal/ HTTP/1.1" 200 55561
157.55.39.217 - - [24/Mar/2023:04:31:27 -0500] "GET /BLA/resoluciones/AUTOS%202021/5421.pdf HTTP/1.1" 304 -
192.168.175.240 - - [24/Mar/2023:04:31:29 -0500] "GET / HTTP/1.1" 200 4720
40.77.167.211 - - [24/Mar/2023:04:32:20 -0500] "GET /BLA/resoluciones/AUTOS%202021/0775.pdf HTTP/1.1" 304 -
192.168.175.240 - - [24/Mar/2023:04:32:29 -0500] "GET / HTTP/1.1" 200 4720
192.168.175.240 - - [24/Mar/2023:04:33:29 -0500] "GET / HTTP/1.1" 200 4720
201.245.192.253 - - [24/Mar/2023:04:34:08 -0500] "POST /kwsrmcab/Wsrmcab  HTTP/1.1" 200 41914
192.168.175.240 - - [24/Mar/2023:04:34:29 -0500] "GET / HTTP/1.1" 200 4720
216.245.221.92 - - [24/Mar/2023:04:35:02 -0500] "HEAD / HTTP/1.1" 200 -
192.168.175.240 - - [24/Mar/2023:04:35:29 -0500] "GET / HTTP/1.1" 200 4720
172.22.2.4 - - [24/Mar/2023:04:34:20 -0500] "HEAD /BLA/boletinlegal/ HTTP/1.1" 200 -
192.168.175.240 - - [24/Mar/2023:04:36:29 -0500] "GET / HTTP/1.1" 200 4720
172.22.2.4 - - [24/Mar/2023:04:35:11 -0500] "GET /BLA/boletinlegal/ HTTP/1.1" 200 54414
192.168.175.240 - - [24/Mar/2023:04:37:29 -0500] "GET / HTTP/1.1" 200 4720
162.55.175.144 - - [24/Mar/2023:04:38:27 -0500] "GET / HTTP/1.1" 200 4720
192.168.175.240 - - [24/Mar/2023:04:38:29 -0500] "GET / HTTP/1.1" 200 4720
162.55.175.144 - - [24/Mar/2023:04:38:30 -0500] "GET / HTTP/1.1" 200 319
66.249.79.111 - - [24/Mar/2023:04:38:37 -0500] "-" 408 -
201.245.192.253 - - [24/Mar/2023:04:39:07 -0500] "POST /kwsrmcab/Wsrmcab  HTTP/1.1" 200 41914
192.168.175.240 - - [24/Mar/2023:04:39:29 -0500] "GET / HTTP/1.1" 200 4720
64.124.8.48 - - [24/Mar/2023:04:39:31 -0500] "-" 408 -
66.249.70.180 - - [24/Mar/2023:04:39:34 -0500] "-" 408 -
216.245.221.92 - - [24/Mar/2023:04:40:02 -0500] "HEAD / HTTP/1.1" 200 -
201.245.192.253 - - [24/Mar/2023:04:40:16 -0500] "POST /kwsrmcab/Wsrmcab HTTP/1.1" 200 43013
201.245.192.253 - - [24/Mar/2023:04:40:19 -0500] "POST /kwsrmcab/Wsrmcab HTTP/1.1" 200 43501
192.168.175.240 - - [24/Mar/2023:04:40:29 -0500] "GET / HTTP/1.1" 200 4720
172.22.2.4 - - [24/Mar/2023:04:41:07 -0500] "GET /BLA/boletinlegal/style.css HTTP/1.1" 200 9406
172.22.2.4 - - [24/Mar/2023:04:41:07 -0500] "GET /BLA/boletinlegal/styles2.css HTTP/1.1" 200 1838
172.22.2.4 - - [24/Mar/2023:04:41:07 -0500] "GET /BLA/boletinlegal/js/jquery.js HTTP/1.1" 200 57254
172.22.2.4 - - [24/Mar/2023:04:41:07 -0500] "GET /BLA/boletinlegal/js/jquery.scrollTo-min.js HTTP/1.1" 200 1150
172.22.2.4 - - [24/Mar/2023:04:41:07 -0500] "GET /BLA/boletinlegal/js/jquery.scrollShow.js HTTP/1.1" 200 4586
172.22.2.4 - - [24/Mar/2023:04:41:08 -0500] "GET /BLA/boletinlegal/images/cabezote%20BLEGAL.jpg HTTP/1.1" 200 118164
172.22.2.4 - - [24/Mar/2023:04:41:08 -0500] "GET /BLA/boletinlegal/images/subscribe-icon-big.png HTTP/1.1" 200 47702
172.22.2.4 - - [24/Mar/2023:04:41:08 -0500] "GET /BLA/boletinlegal/images/historia.png HTTP/1.1" 200 52775
172.22.2.4 - - [24/Mar/2023:04:41:08 -0500] "GET /BLA/boletinlegal/images/registro-usuarios.png HTTP/1.1" 200 8106
172.22.2.4 - - [24/Mar/2023:04:41:08 -0500] "GET /BLA/boletinlegal/images/arr_l.jpg HTTP/1.1" 200 1979
172.22.2.4 - - [24/Mar/2023:04:41:08 -0500] "GET /BLA/boletinlegal/images/launch.jpg HTTP/1.1" 200 14577
172.22.2.4 - - [24/Mar/2023:04:41:08 -0500] "GET /BLA/boletinlegal/images/screen_1.png HTTP/1.1" 200 202547
172.22.2.4 - - [24/Mar/2023:04:41:09 -0500] "GET /BLA/boletinlegal/images/body_bg.jpg HTTP/1.1" 200 1601
172.22.2.4 - - [24/Mar/2023:04:41:09 -0500] "GET /BLA/boletinlegal/images/menu_lft.gif HTTP/1.1" 200 1713
172.22.2.4 - - [24/Mar/2023:04:41:09 -0500] "GET /BLA/boletinlegal/images/menu_rght.gif HTTP/1.1" 200 1627
172.22.2.4 - - [24/Mar/2023:04:41:09 -0500] "GET /BLA/boletinlegal/images/bg_top.jpg HTTP/1.1" 200 522
172.22.2.4 - - [24/Mar/2023:04:41:09 -0500] "GET /BLA/boletinlegal/images/menu_bg.jpg HTTP/1.1" 200 620
172.22.2.4 - - [24/Mar/2023:04:41:09 -0500] "GET /BLA/boletinlegal/images/text.jpg HTTP/1.1" 200 568
172.22.2.4 - - [24/Mar/2023:04:41:09 -0500] "GET /BLA/boletinlegal/images/hover.jpg HTTP/1.1" 200 640
185.119.81.107 - - [24/Mar/2023:04:41:15 -0500] "GET /portaldeninos/wp-login.php HTTP/1.1" 200 2592
185.119.81.107 - - [24/Mar/2023:04:41:16 -0500] "POST /portaldeninos/wp-login.php HTTP/1.1" 200 3650
172.22.2.4 - - [24/Mar/2023:04:41:17 -0500] "GET /BLA/boletinlegal/images/screen_2.png HTTP/1.1" 200 362502
172.22.2.4 - - [24/Mar/2023:04:41:17 -0500] "GET /BLA/boletinlegal/images/screen_3.png HTTP/1.1" 200 210620
172.22.2.4 - - [24/Mar/2023:04:41:17 -0500] "GET /BLA/boletinlegal/images/screen_5.png HTTP/1.1" 200 368876
172.22.2.4 - - [24/Mar/2023:04:41:18 -0500] "GET /BLA/boletinlegal/images/arr_r.jpg HTTP/1.1" 200 1998
192.168.175.240 - - [24/Mar/2023:04:41:29 -0500] "GET / HTTP/1.1" 200 4720
172.22.2.4 - - [24/Mar/2023:04:41:30 -0500] "GET /BLA/boletinlegal/images/pdf.gif HTTP/1.1" 200 567
172.22.2.4 - - [24/Mar/2023:04:40:10 -0500] "HEAD /BLA/boletinlegal/ HTTP/1.1" 200 -
172.22.2.4 - - [24/Mar/2023:04:42:07 -0500] "GET /BLA/boletinlegal/images/footer_bg.jpg HTTP/1.1" 200 586
192.168.175.240 - - [24/Mar/2023:04:42:29 -0500] "GET / HTTP/1.1" 200 4720
172.22.2.4 - - [24/Mar/2023:04:41:01 -0500] "GET /BLA/boletinlegal/ HTTP/1.1" 200 53104
172.22.2.4 - - [24/Mar/2023:04:41:07 -0500] "GET /BLA/boletinlegal/ HTTP/1.1" 200 53914
172.22.2.4 - - [24/Mar/2023:04:42:47 -0500] "GET /BLA/boletinlegal/favicon.ico HTTP/1.1" 404 1308
192.168.175.240 - - [24/Mar/2023:04:43:29 -0500] "GET / HTTP/1.1" 200 4720
66.249.70.185 - - [24/Mar/2023:04:43:31 -0500] "-" 408 -
201.245.192.253 - - [24/Mar/2023:04:44:06 -0500] "POST /kwsrmcab/Wsrmcab  HTTP/1.1" 200 41914
172.22.2.4 - - [24/Mar/2023:04:44:17 -0500] "GET /BLA/boletinlegal/images/background.gif HTTP/1.1" 200 -
192.168.175.240 - - [24/Mar/2023:04:44:29 -0500] "GET / HTTP/1.1" 200 4720
66.249.79.111 - - [24/Mar/2023:04:44:49 -0500] "-" 408 -
216.245.221.92 - - [24/Mar/2023:04:45:02 -0500] "HEAD / HTTP/1.1" 200 -
179.43.177.242 - - [24/Mar/2023:04:45:21 -0500] "GET / HTTP/1.1" 200 319
192.168.175.240 - - [24/Mar/2023:04:45:29 -0500] "GET / HTTP/1.1" 200 4720
66.249.70.180 - - [24/Mar/2023:04:46:05 -0500] "-" 408 -
35.204.7.42 - - [24/Mar/2023:04:46:16 -0500] "GET /inventario-de-emisiones-2020-transporte-publico-sitp-redujo-emisiones-de-pm-2-5-en-un-37.html HTTP/1.1" 200 925
64.124.8.48 - - [24/Mar/2023:04:46:20 -0500] "-" 408 -
192.168.175.240 - - [24/Mar/2023:04:46:29 -0500] "GET / HTTP/1.1" 200 4720
34.147.68.14 - - [24/Mar/2023:04:47:02 -0500] "GET /inventario-de-emisiones-2020-transporte-publico-sitp-redujo-emisiones-de-pm-2-5-en-un-37.html HTTP/1.1" 200 925
40.77.167.172 - - [24/Mar/2023:04:47:05 -0500] "GET /Publicaciones/2022EE28588.pdf HTTP/1.1" 404 227
192.168.175.240 - - [24/Mar/2023:04:47:29 -0500] "GET / HTTP/1.1" 200 4720
172.22.2.4 - - [24/Mar/2023:04:46:00 -0500] "HEAD /BLA/boletinlegal/ HTTP/1.1" 200 -
192.168.175.240 - - [24/Mar/2023:04:48:29 -0500] "GET / HTTP/1.1" 200 4720
172.22.2.4 - - [24/Mar/2023:04:46:50 -0500] "GET /BLA/boletinlegal/ HTTP/1.1" 200 57551
201.245.192.253 - - [24/Mar/2023:04:49:05 -0500] "POST /kwsrmcab/Wsrmcab  HTTP/1.1" 200 41914
192.168.175.240 - - [24/Mar/2023:04:49:29 -0500] "GET / HTTP/1.1" 200 4720
216.245.221.92 - - [24/Mar/2023:04:50:02 -0500] "HEAD / HTTP/1.1" 200 -
192.168.175.240 - - [24/Mar/2023:04:50:29 -0500] "GET / HTTP/1.1" 200 4720
192.168.175.240 - - [24/Mar/2023:04:51:29 -0500] "GET / HTTP/1.1" 200 4720
66.249.70.180 - - [24/Mar/2023:04:51:43 -0500] "-" 408 -
192.168.175.240 - - [24/Mar/2023:04:52:29 -0500] "GET / HTTP/1.1" 200 4720
35.163.78.206 - - [24/Mar/2023:04:52:38 -0500] "GET /distrito-declara-alerta-preventiva-en-el-suroccidente-de-la-ciudad-por-mala-calidad-del-aire.html HTTP/1.1" 200 1065
66.249.79.111 - - [24/Mar/2023:04:53:17 -0500] "-" 408 -
192.168.175.240 - - [24/Mar/2023:04:53:29 -0500] "GET / HTTP/1.1" 200 4720
172.22.2.4 - - [24/Mar/2023:04:51:50 -0500] "HEAD /BLA/boletinlegal/ HTTP/1.1" 200 -
4.246.124.237 - - [24/Mar/2023:04:53:35 -0500] "-" 408 -
201.245.192.253 - - [24/Mar/2023:04:54:04 -0500] "POST /kwsrmcab/Wsrmcab  HTTP/1.1" 200 41914
172.22.2.4 - - [24/Mar/2023:04:52:40 -0500] "GET /BLA/boletinlegal/ HTTP/1.1" 200 57551
192.168.175.240 - - [24/Mar/2023:04:54:29 -0500] "GET / HTTP/1.1" 200 4720
216.245.221.92 - - [24/Mar/2023:04:55:02 -0500] "HEAD / HTTP/1.1" 200 -
74.125.210.215 - - [24/Mar/2023:04:55:26 -0500] "GET /Publicaciones/SSFFS-07880-2021.zip HTTP/1.1" 404 232
192.168.175.240 - - [24/Mar/2023:04:55:29 -0500] "GET / HTTP/1.1" 200 4720
192.168.175.240 - - [24/Mar/2023:04:56:29 -0500] "GET / HTTP/1.1" 200 4720
192.168.175.240 - - [24/Mar/2023:04:57:29 -0500] "GET / HTTP/1.1" 200 4720
52.167.144.156 - - [24/Mar/2023:04:57:32 -0500] "GET /BLA/resoluciones/RESOLUCIONES%202021/5208.pdf HTTP/1.1" 200 352736
192.168.175.240 - - [24/Mar/2023:04:58:29 -0500] "GET / HTTP/1.1" 200 4720
157.55.39.217 - - [24/Mar/2023:04:58:50 -0500] "GET /appsia/controlador HTTP/1.1" 200 4799
201.245.192.253 - - [24/Mar/2023:04:59:03 -0500] "POST /kwsrmcab/Wsrmcab  HTTP/1.1" 200 41914
40.77.167.172 - - [24/Mar/2023:04:59:06 -0500] "GET /appsia/scripts/validarIngreso.js HTTP/1.1" 200 851
52.167.144.167 - - [24/Mar/2023:04:59:12 -0500] "GET /appsia/css/estilos.css HTTP/1.1" 200 4804
66.249.79.111 - - [24/Mar/2023:04:59:15 -0500] "-" 408 -
172.22.2.4 - - [24/Mar/2023:04:57:40 -0500] "HEAD /BLA/boletinlegal/ HTTP/1.1" 200 -
192.168.175.240 - - [24/Mar/2023:04:59:29 -0500] "GET / HTTP/1.1" 200 4720
66.249.70.180 - - [24/Mar/2023:05:00:02 -0500] "-" 408 -
216.245.221.92 - - [24/Mar/2023:05:00:02 -0500] "HEAD / HTTP/1.1" 200 -
186.99.150.154 - - [24/Mar/2023:05:00:07 -0500] "GET /distrito-declara-alerta-preventiva-en-el-suroccidente-de-la-ciudad-por-mala-calidad-del-aire.html HTTP/1.1" 200 1065
172.22.2.4 - - [24/Mar/2023:04:58:30 -0500] "GET /BLA/boletinlegal/ HTTP/1.1" 200 57551
192.168.175.240 - - [24/Mar/2023:05:00:29 -0500] "GET / HTTP/1.1" 200 4720
192.168.175.240 - - [24/Mar/2023:05:01:29 -0500] "GET / HTTP/1.1" 200 4720
186.31.209.156 - - [24/Mar/2023:05:01:42 -0500] "GET /distrito-declara-alerta-preventiva-en-el-suroccidente-de-la-ciudad-por-mala-calidad-del-aire.html HTTP/1.1" 200 1065
192.168.175.240 - - [24/Mar/2023:05:02:29 -0500] "GET / HTTP/1.1" 200 4720
192.168.175.240 - - [24/Mar/2023:05:03:29 -0500] "GET / HTTP/1.1" 200 4720
201.245.192.253 - - [24/Mar/2023:05:04:01 -0500] "POST /kwsrmcab/Wsrmcab  HTTP/1.1" 200 41914
192.168.175.240 - - [24/Mar/2023:05:04:29 -0500] "GET / HTTP/1.1" 200 4720
216.245.221.92 - - [24/Mar/2023:05:05:02 -0500] "HEAD / HTTP/1.1" 200 -
172.22.2.4 - - [24/Mar/2023:05:03:30 -0500] "HEAD /BLA/boletinlegal/ HTTP/1.1" 200 -
66.249.79.111 - - [24/Mar/2023:05:05:21 -0500] "-" 408 -
192.168.175.240 - - [24/Mar/2023:05:05:29 -0500] "GET / HTTP/1.1" 200 4720
172.22.2.4 - - [24/Mar/2023:05:04:20 -0500] "GET /BLA/boletinlegal/ HTTP/1.1" 200 56744
192.168.175.240 - - [24/Mar/2023:05:06:29 -0500] "GET / HTTP/1.1" 200 4720
172.22.2.4 - - [24/Mar/2023:05:06:41 -0500] "GET /BLA/boletinlegal/?XDEBUG_SESSION_START=phpstorm HTTP/1.1" 200 28619
192.168.175.240 - - [24/Mar/2023:05:07:29 -0500] "GET / HTTP/1.1" 200 4720
192.168.175.240 - - [24/Mar/2023:05:08:29 -0500] "GET / HTTP/1.1" 200 4720
201.245.192.253 - - [24/Mar/2023:05:09:00 -0500] "POST /kwsrmcab/Wsrmcab  HTTP/1.1" 200 41914
192.168.175.240 - - [24/Mar/2023:05:09:29 -0500] "GET / HTTP/1.1" 200 4720
35.236.215.231 - - [24/Mar/2023:05:09:46 -0500] "GET /distrito-declara-alerta-preventiva-en-el-suroccidente-de-la-ciudad-por-mala-calidad-del-aire.html HTTP/1.1" 200 1065
35.236.215.231 - - [24/Mar/2023:05:09:46 -0500] "GET /distrito-declara-alerta-preventiva-en-el-suroccidente-de-la-ciudad-por-mala-calidad-del-aire.html HTTP/1.1" 200 1065
216.245.221.92 - - [24/Mar/2023:05:10:02 -0500] "HEAD / HTTP/1.1" 200 -
192.168.175.240 - - [24/Mar/2023:05:10:29 -0500] "GET / HTTP/1.1" 200 4720
172.22.2.4 - - [24/Mar/2023:05:09:20 -0500] "HEAD /BLA/boletinlegal/ HTTP/1.1" 200 -
192.168.175.240 - - [24/Mar/2023:05:11:29 -0500] "GET / HTTP/1.1" 200 4720
172.22.2.4 - - [24/Mar/2023:05:10:11 -0500] "GET /BLA/boletinlegal/ HTTP/1.1" 200 57551
192.168.175.240 - - [24/Mar/2023:05:12:29 -0500] "GET / HTTP/1.1" 200 4720
157.55.39.206 - - [24/Mar/2023:05:13:01 -0500] "GET /mujeres-que-reverdecen-secretaria-de-ambiente-anuncia-el-inicio-de-la-tercera-fase.html HTTP/1.1" 200 954
66.249.79.111 - - [24/Mar/2023:05:13:13 -0500] "-" 408 -
192.168.175.240 - - [24/Mar/2023:05:13:29 -0500] "GET / HTTP/1.1" 200 4720
17.241.227.161 - - [24/Mar/2023:05:13:32 -0500] "-" 408 -
201.245.192.253 - - [24/Mar/2023:05:13:59 -0500] "POST /kwsrmcab/Wsrmcab  HTTP/1.1" 200 41914
192.168.175.240 - - [24/Mar/2023:05:14:29 -0500] "GET / HTTP/1.1" 200 4720
17.241.75.91 - - [24/Mar/2023:05:14:45 -0500] "-" 408 -
216.245.221.92 - - [24/Mar/2023:05:15:02 -0500] "HEAD / HTTP/1.1" 200 -
192.168.175.240 - - [24/Mar/2023:05:15:29 -0500] "GET / HTTP/1.1" 200 4720
52.167.144.71 - - [24/Mar/2023:05:16:19 -0500] "GET /sipse/faces/autenticacion.xhtml HTTP/1.1" 200 12501
192.168.175.240 - - [24/Mar/2023:05:16:29 -0500] "GET / HTTP/1.1" 200 4720
172.22.2.4 - - [24/Mar/2023:05:15:10 -0500] "HEAD /BLA/boletinlegal/ HTTP/1.1" 200 -
192.168.175.240 - - [24/Mar/2023:05:17:29 -0500] "GET / HTTP/1.1" 200 4720
172.22.2.4 - - [24/Mar/2023:05:16:00 -0500] "GET /BLA/boletinlegal/ HTTP/1.1" 200 57141
200.118.61.43 - - [24/Mar/2023:05:18:28 -0500] "GET /distrito-declara-alerta-preventiva-en-el-suroccidente-de-la-ciudad-por-mala-calidad-del-aire.html?fbclid=PAAaa_QpnEp-Wrxhk4vvmuYHMvlWEgErkbWtxYYCmQ2YSvtHjgGRpijsJgp8A HTTP/1.1" 200 1065
192.168.175.240 - - [24/Mar/2023:05:18:29 -0500] "GET / HTTP/1.1" 200 4720
201.245.192.253 - - [24/Mar/2023:05:18:58 -0500] "POST /kwsrmcab/Wsrmcab  HTTP/1.1" 200 41914
186.28.142.153 - - [24/Mar/2023:05:19:01 -0500] "GET /distrito-declara-alerta-preventiva-en-el-suroccidente-de-la-ciudad-por-mala-calidad-del-aire.html?fbclid=PAAaaZeRgg-JCA7gnea2o9IQFdppLrrkEf7MzcMGs0Ke8VtVO3brZ61SwF2K8 HTTP/1.1" 200 1065
66.249.70.180 - - [24/Mar/2023:05:19:27 -0500] "-" 408 -
192.168.175.240 - - [24/Mar/2023:05:19:29 -0500] "GET / HTTP/1.1" 200 4720
216.245.221.92 - - [24/Mar/2023:05:20:02 -0500] "HEAD / HTTP/1.1" 200 -
201.245.192.253 - - [24/Mar/2023:05:20:16 -0500] "POST /kwsrmcab/Wsrmcab HTTP/1.1" 200 42700
201.245.192.253 - - [24/Mar/2023:05:20:19 -0500] "POST /kwsrmcab/Wsrmcab HTTP/1.1" 200 43335
192.168.175.240 - - [24/Mar/2023:05:20:29 -0500] "GET / HTTP/1.1" 200 4720
185.119.81.107 - - [24/Mar/2023:05:20:51 -0500] "GET /portaldeninos/wp-login.php HTTP/1.1" 200 2592
185.119.81.107 - - [24/Mar/2023:05:20:52 -0500] "POST /portaldeninos/wp-login.php HTTP/1.1" 200 3670
190.69.226.94 - - [24/Mar/2023:05:21:25 -0500] "GET /%C3%82%C2%BFquieres-aprender-sobre-jardines-verticales-esta-es-tu-oportunidad.html HTTP/1.1" 200 925
192.168.175.240 - - [24/Mar/2023:05:21:29 -0500] "GET / HTTP/1.1" 200 4720
192.168.175.240 - - [24/Mar/2023:05:22:29 -0500] "GET / HTTP/1.1" 200 4720
172.22.2.4 - - [24/Mar/2023:05:21:00 -0500] "HEAD /BLA/boletinlegal/ HTTP/1.1" 200 -
172.22.2.4 - - [24/Mar/2023:05:22:48 -0500] "GET /BLA/boletinlegal/robots.txt HTTP/1.1" 404 1038
192.168.175.240 - - [24/Mar/2023:05:23:29 -0500] "GET / HTTP/1.1" 200 4720
172.22.2.4 - - [24/Mar/2023:05:21:52 -0500] "GET /BLA/boletinlegal/ HTTP/1.1" 200 52720
201.245.192.253 - - [24/Mar/2023:05:23:57 -0500] "POST /kwsrmcab/Wsrmcab  HTTP/1.1" 200 41914
172.22.2.4 - - [24/Mar/2023:05:22:48 -0500] "GET /BLA/boletinlegal/ HTTP/1.1" 200 57935
192.168.175.240 - - [24/Mar/2023:05:24:29 -0500] "GET / HTTP/1.1" 200 4720
178.79.176.108 - - [24/Mar/2023:05:24:49 -0500] "GET /portaldeninos/ HTTP/1.1" 200 110197
216.245.221.92 - - [24/Mar/2023:05:25:02 -0500] "HEAD / HTTP/1.1" 200 -
192.168.175.240 - - [24/Mar/2023:05:25:29 -0500] "GET / HTTP/1.1" 200 4720
173.252.107.24 - - [24/Mar/2023:05:26:26 -0500] "GET /secretaria-de-ambiente-impone-medida-preventiva-de-suspension-de-actividades-por-disposicion-ilegal-de-residuos-de-construccion.html HTTP/1.1" 206 1012
192.168.175.240 - - [24/Mar/2023:05:26:29 -0500] "GET / HTTP/1.1" 200 4720
34.147.68.14 - - [24/Mar/2023:05:26:47 -0500] "GET /inventario-de-emisiones-2020-transporte-publico-sitp-redujo-emisiones-de-pm-2-5-en-un-37.html HTTP/1.1" 200 925
192.168.175.240 - - [24/Mar/2023:05:27:29 -0500] "GET / HTTP/1.1" 200 4720
66.249.70.183 - - [24/Mar/2023:05:27:39 -0500] "-" 408 -
34.90.4.102 - - [24/Mar/2023:05:28:16 -0500] "GET /inventario-de-emisiones-2020-transporte-publico-sitp-redujo-emisiones-de-pm-2-5-en-un-37.html HTTP/1.1" 200 925
191.95.49.18 - - [24/Mar/2023:05:28:19 -0500] "GET /distrito-declara-alerta-preventiva-en-el-suroccidente-de-la-ciudad-por-mala-calidad-del-aire.html?fbclid=PAAaYLHx2O266Zm4fbYK-qVaLgeHqUuW6RVH3piEkiT1L3CjJhjRJWtRhR3Hw HTTP/1.1" 200 1065
192.168.175.240 - - [24/Mar/2023:05:28:29 -0500] "GET / HTTP/1.1" 200 4720
172.22.2.4 - - [24/Mar/2023:05:26:51 -0500] "HEAD /BLA/boletinlegal/ HTTP/1.1" 200 -
201.245.192.253 - - [24/Mar/2023:05:28:56 -0500] "POST /kwsrmcab/Wsrmcab  HTTP/1.1" 200 41914
66.249.79.111 - - [24/Mar/2023:05:29:14 -0500] "-" 408 -
69.63.184.1 - - [24/Mar/2023:05:29:20 -0500] "GET /images/semana-bosques-1_optimized.1.jpg HTTP/1.1" 200 102892
172.22.2.4 - - [24/Mar/2023:05:27:41 -0500] "GET /BLA/boletinlegal/ HTTP/1.1" 200 52316
192.168.175.240 - - [24/Mar/2023:05:29:29 -0500] "GET / HTTP/1.1" 200 4720
34.90.4.102 - - [24/Mar/2023:05:29:47 -0500] "GET /inventario-de-emisiones-2020-transporte-publico-sitp-redujo-emisiones-de-pm-2-5-en-un-37.html HTTP/1.1" 200 925
205.210.31.36 - - [24/Mar/2023:05:29:49 -0500] "GET / HTTP/1.0" 200 319
216.245.221.92 - - [24/Mar/2023:05:30:02 -0500] "HEAD / HTTP/1.1" 200 -
35.204.251.204 - - [24/Mar/2023:05:30:09 -0500] "GET /inventario-de-emisiones-2020-transporte-publico-sitp-redujo-emisiones-de-pm-2-5-en-un-37.html HTTP/1.1" 200 925
201.245.192.253 - - [24/Mar/2023:05:30:15 -0500] "POST /kwsrmcab/Wsrmcab HTTP/1.1" 200 42700
201.245.192.253 - - [24/Mar/2023:05:30:18 -0500] "POST /kwsrmcab/Wsrmcab HTTP/1.1" 200 43335
192.168.175.240 - - [24/Mar/2023:05:30:29 -0500] "GET / HTTP/1.1" 200 4720
34.147.68.14 - - [24/Mar/2023:05:31:05 -0500] "GET /inventario-de-emisiones-2020-transporte-publico-sitp-redujo-emisiones-de-pm-2-5-en-un-37.html HTTP/1.1" 200 925
192.168.175.240 - - [24/Mar/2023:05:31:29 -0500] "GET / HTTP/1.1" 200 4720
34.90.32.60 - - [24/Mar/2023:05:32:02 -0500] "GET /inventario-de-emisiones-2020-transporte-publico-sitp-redujo-emisiones-de-pm-2-5-en-un-37.html HTTP/1.1" 200 925
192.168.175.240 - - [24/Mar/2023:05:32:29 -0500] "GET / HTTP/1.1" 200 4720
64.124.8.48 - - [24/Mar/2023:05:33:20 -0500] "GET /BLA/boletinlegal/jurisprudencia/analisis/Analisis%20Jurisprudencia%20Sent%202000-00005-01.doc HTTP/1.1" 304 -
192.168.175.240 - - [24/Mar/2023:05:33:29 -0500] "GET / HTTP/1.1" 200 4720
64.124.8.34 - - [24/Mar/2023:05:33:49 -0500] "GET /BLA/boletinlegal/sugerencias.php HTTP/1.1" 200 8615
201.245.192.253 - - [24/Mar/2023:05:33:55 -0500] "POST /kwsrmcab/Wsrmcab  HTTP/1.1" 200 41914
172.22.2.4 - - [24/Mar/2023:05:32:41 -0500] "HEAD /BLA/boletinlegal/ HTTP/1.1" 200 -
192.168.175.240 - - [24/Mar/2023:05:34:29 -0500] "GET / HTTP/1.1" 200 4720
34.91.116.112 - - [24/Mar/2023:05:34:50 -0500] "GET /inventario-de-emisiones-2020-transporte-publico-sitp-redujo-emisiones-de-pm-2-5-en-un-37.html HTTP/1.1" 200 925
34.147.68.14 - - [24/Mar/2023:05:34:53 -0500] "GET /inventario-de-emisiones-2020-transporte-publico-sitp-redujo-emisiones-de-pm-2-5-en-un-37.html HTTP/1.1" 200 925
216.245.221.92 - - [24/Mar/2023:05:35:02 -0500] "HEAD / HTTP/1.1" 200 -
172.22.2.4 - - [24/Mar/2023:05:33:31 -0500] "GET /BLA/boletinlegal/ HTTP/1.1" 200 52316
192.168.175.240 - - [24/Mar/2023:05:35:29 -0500] "GET / HTTP/1.1" 200 4720
34.90.32.60 - - [24/Mar/2023:05:35:57 -0500] "GET /inventario-de-emisiones-2020-transporte-publico-sitp-redujo-emisiones-de-pm-2-5-en-un-37.html HTTP/1.1" 200 925
192.168.175.240 - - [24/Mar/2023:05:36:29 -0500] "GET / HTTP/1.1" 200 4720
66.249.79.111 - - [24/Mar/2023:05:36:42 -0500] "-" 408 -
66.249.70.184 - - [24/Mar/2023:05:36:43 -0500] "-" 408 -
34.90.24.60 - - [24/Mar/2023:05:36:45 -0500] "GET /inventario-de-emisiones-2020-transporte-publico-sitp-redujo-emisiones-de-pm-2-5-en-un-37.html HTTP/1.1" 200 925
192.168.175.240 - - [24/Mar/2023:05:37:29 -0500] "GET / HTTP/1.1" 200 4720
40.77.167.211 - - [24/Mar/2023:05:37:37 -0500] "GET /autoliquidacion2020/Calidad%20del%20aire%20auditiva%20y%20visual-/Aplicativo.html HTTP/1.1" 200 359
192.168.175.240 - - [24/Mar/2023:05:38:29 -0500] "GET / HTTP/1.1" 200 4720
201.245.192.253 - - [24/Mar/2023:05:38:51 -0500] "POST /kwsrmcab/Wsrmcab  HTTP/1.1" 200 41914
192.168.175.240 - - [24/Mar/2023:05:39:29 -0500] "GET / HTTP/1.1" 200 4720
216.245.221.92 - - [24/Mar/2023:05:40:02 -0500] "HEAD / HTTP/1.1" 200 -
172.22.2.4 - - [24/Mar/2023:05:38:31 -0500] "HEAD /BLA/boletinlegal/ HTTP/1.1" 200 -
201.245.192.253 - - [24/Mar/2023:05:40:15 -0500] "POST /kwsrmcab/Wsrmcab HTTP/1.1" 200 42700
201.245.192.253 - - [24/Mar/2023:05:40:18 -0500] "POST /kwsrmcab/Wsrmcab HTTP/1.1" 200 43335
192.168.175.240 - - [24/Mar/2023:05:40:29 -0500] "GET / HTTP/1.1" 200 4720
52.167.144.167 - - [24/Mar/2023:05:40:57 -0500] "GET /BLA/resoluciones/index.php?dir=RESOLUCIONES+2023%2F HTTP/1.1" 200 10377
172.22.2.4 - - [24/Mar/2023:05:39:21 -0500] "GET /BLA/boletinlegal/ HTTP/1.1" 200 56744
173.252.107.11 - - [24/Mar/2023:05:41:04 -0500] "GET /images/24%20de%20febrero%20Sendero%20guadalupe%202.jpeg HTTP/1.1" 200 70964
192.168.175.240 - - [24/Mar/2023:05:41:29 -0500] "GET / HTTP/1.1" 200 4720
192.168.175.240 - - [24/Mar/2023:05:42:29 -0500] "GET / HTTP/1.1" 200 4720
172.22.2.4 - - [24/Mar/2023:05:43:03 -0500] "GET /BLA/boletinlegal/actos.php HTTP/1.1" 200 9672
66.249.79.111 - - [24/Mar/2023:05:43:07 -0500] "-" 408 -
172.22.2.4 - - [24/Mar/2023:05:43:10 -0500] "GET /BLA/boletinlegal/consulta_actos.php?tipo=autos&no=&usuario=&sector=&fecha=2022&resuelve= HTTP/1.1" 200 1662187
172.22.2.4 - - [24/Mar/2023:05:43:11 -0500] "GET /BLA/boletinlegal/images/background.gif HTTP/1.1" 200 -
192.168.175.240 - - [24/Mar/2023:05:43:29 -0500] "GET / HTTP/1.1" 200 4720
66.249.70.180 - - [24/Mar/2023:05:43:42 -0500] "-" 408 -
201.245.192.253 - - [24/Mar/2023:05:43:48 -0500] "POST /kwsrmcab/Wsrmcab  HTTP/1.1" 200 41914
181.54.228.54 - - [24/Mar/2023:05:43:58 -0500] "GET /BLA/resoluciones/AUTOS%202022/8156.pdf HTTP/1.1" 200 409557
192.168.175.240 - - [24/Mar/2023:05:44:29 -0500] "GET / HTTP/1.1" 200 4720
216.245.221.92 - - [24/Mar/2023:05:45:02 -0500] "HEAD / HTTP/1.1" 200 -
192.168.175.240 - - [24/Mar/2023:05:45:29 -0500] "GET / HTTP/1.1" 200 4720
172.22.2.4 - - [24/Mar/2023:05:44:21 -0500] "HEAD /BLA/boletinlegal/ HTTP/1.1" 200 -
192.168.175.240 - - [24/Mar/2023:05:46:29 -0500] "GET / HTTP/1.1" 200 4720
181.54.228.54 - - [24/Mar/2023:05:46:29 -0500] "GET /BLA/resoluciones/AUTOS%202022/7938.pdf HTTP/1.1" 200 412766
172.22.2.4 - - [24/Mar/2023:05:45:11 -0500] "GET /BLA/boletinlegal/ HTTP/1.1" 200 52316
181.54.228.54 - - [24/Mar/2023:05:47:07 -0500] "GET /BLA/resoluciones/AUTOS%202022/7936.pdf HTTP/1.1" 200 549411
181.54.228.54 - - [24/Mar/2023:05:47:22 -0500] "GET /BLA/resoluciones/AUTOS%202022/7927.pdf HTTP/1.1" 200 419778
192.168.175.240 - - [24/Mar/2023:05:47:29 -0500] "GET / HTTP/1.1" 200 4720
181.54.228.54 - - [24/Mar/2023:05:47:55 -0500] "GET /BLA/resoluciones/AUTOS%202022/7925.pdf HTTP/1.1" 200 528581
181.54.228.54 - - [24/Mar/2023:05:48:05 -0500] "GET /BLA/resoluciones/AUTOS%202022/7922.pdf HTTP/1.1" 200 358434
200.118.60.55 - - [24/Mar/2023:05:48:10 -0500] "GET /distrito-declara-alerta-preventiva-en-el-suroccidente-de-la-ciudad-por-mala-calidad-del-aire.html HTTP/1.1" 200 1065
192.168.175.240 - - [24/Mar/2023:05:48:29 -0500] "GET / HTTP/1.1" 200 4720
201.245.192.253 - - [24/Mar/2023:05:48:46 -0500] "POST /kwsrmcab/Wsrmcab  HTTP/1.1" 200 41914
181.54.228.54 - - [24/Mar/2023:05:49:00 -0500] "GET /BLA/resoluciones/AUTOS%202022/7766.pdf HTTP/1.1" 200 408312
66.249.79.111 - - [24/Mar/2023:05:49:07 -0500] "-" 408 -
181.54.228.54 - - [24/Mar/2023:05:49:22 -0500] "GET /BLA/resoluciones/AUTOS%202022/7765.pdf HTTP/1.1" 200 396839
192.168.175.240 - - [24/Mar/2023:05:49:29 -0500] "GET / HTTP/1.1" 200 4720
181.54.228.54 - - [24/Mar/2023:05:49:47 -0500] "GET /BLA/resoluciones/AUTOS%202022/7697.pdf HTTP/1.1" 200 402836
181.54.228.54 - - [24/Mar/2023:05:49:58 -0500] "GET /BLA/resoluciones/AUTOS%202022/7696.pdf HTTP/1.1" 200 438895
216.245.221.92 - - [24/Mar/2023:05:50:02 -0500] "HEAD / HTTP/1.1" 200 -
52.167.144.71 - - [24/Mar/2023:05:50:02 -0500] "GET /sipse/faces/autenticacion.xhtml HTTP/1.1" 200 12501
157.55.39.223 - - [24/Mar/2023:05:50:17 -0500] "-" 408 -
181.54.228.54 - - [24/Mar/2023:05:50:21 -0500] "GET /BLA/resoluciones/AUTOS%202022/7683.pdf HTTP/1.1" 200 545004
192.168.175.240 - - [24/Mar/2023:05:50:29 -0500] "GET / HTTP/1.1" 200 4720
181.54.228.54 - - [24/Mar/2023:05:50:33 -0500] "GET /BLA/resoluciones/AUTOS%202022/7667.pdf HTTP/1.1" 200 409710
186.102.3.78 - - [24/Mar/2023:05:50:38 -0500] "GET /appsia/controlador HTTP/1.1" 200 4799
186.102.3.78 - - [24/Mar/2023:05:50:43 -0500] "POST /appsia/controlador HTTP/1.1" 200 5437
186.102.3.78 - - [24/Mar/2023:05:50:47 -0500] "POST /appsia/controlador HTTP/1.1" 200 7773
181.54.228.54 - - [24/Mar/2023:05:50:52 -0500] "GET /BLA/resoluciones/AUTOS%202022/7549.pdf HTTP/1.1" 200 404661
186.102.3.78 - - [24/Mar/2023:05:50:52 -0500] "POST /appsia/controlador HTTP/1.1" 200 5232
186.102.3.78 - - [24/Mar/2023:05:51:00 -0500] "GET /appsia/controlador?comando=regresar&id=79470656&funcionario=OSWALDO+MARTIN+MORALES&desde=79470656&hasta=79470656&version=79470656 HTTP/1.1" 200 7773
186.102.3.78 - - [24/Mar/2023:05:51:05 -0500] "POST /appsia/controlador HTTP/1.1" 200 5232
186.102.3.78 - - [24/Mar/2023:05:51:07 -0500] "GET /appsia/controlador?comando=regresar&id=79470656&funcionario=OSWALDO+MARTIN+MORALES&desde=79470656&hasta=79470656&version=79470656 HTTP/1.1" 200 7773
192.168.175.240 - - [24/Mar/2023:05:51:29 -0500] "GET / HTTP/1.1" 200 4720
172.22.2.4 - - [24/Mar/2023:05:50:11 -0500] "HEAD /BLA/boletinlegal/ HTTP/1.1" 200 -
173.252.127.6 - - [24/Mar/2023:05:52:07 -0500] "GET /dia-mundial-del-agua-2023-programate-para-participar-en-estas-actividades-de-educacion-ambiental.html?fbclid=IwAR0hMwKNzhf-3uCW9TOJt0zwTwA_YnO1O0xlv7_b0qxJOWCifUhDxIDyZEQ HTTP/1.1" 200 903
192.168.175.240 - - [24/Mar/2023:05:52:29 -0500] "GET / HTTP/1.1" 200 4720
172.22.2.4 - - [24/Mar/2023:05:51:01 -0500] "GET /BLA/boletinlegal/ HTTP/1.1" 200 57141
191.156.61.175 - - [24/Mar/2023:05:53:15 -0500] "GET /distrito-declara-alerta-preventiva-en-el-suroccidente-de-la-ciudad-por-mala-calidad-del-aire.html?fbclid=PAAaYyLL8R5XRI2VuNbf3H6we6HXQ-IxbS7JYXZClV2WFU26carC92OE0pJvs HTTP/1.1" 200 1065
192.168.175.240 - - [24/Mar/2023:05:53:29 -0500] "GET / HTTP/1.1" 200 4720
201.245.192.253 - - [24/Mar/2023:05:53:44 -0500] "POST /kwsrmcab/Wsrmcab  HTTP/1.1" 200 41914
181.54.228.54 - - [24/Mar/2023:05:54:10 -0500] "GET /BLA/resoluciones/AUTOS%202022/7515.pdf HTTP/1.1" 200 421348
40.77.167.172 - - [24/Mar/2023:05:54:11 -0500] "GET /BLA/resoluciones/RESOLUCIONES%202021/4363.pdf HTTP/1.1" 200 374259
191.156.186.1 - - [24/Mar/2023:05:54:11 -0500] "GET /images/jardines-verticales_optimized.jpeg HTTP/1.1" 200 138197
191.156.181.197 - - [24/Mar/2023:05:54:11 -0500] "GET /images/jardines-verticales_optimized.jpeg HTTP/1.1" 200 138197
66.249.70.183 - - [24/Mar/2023:05:54:28 -0500] "-" 408 -
181.54.228.54 - - [24/Mar/2023:05:54:29 -0500] "GET /BLA/resoluciones/AUTOS%202022/7514.pdf HTTP/1.1" 200 443997
192.168.175.240 - - [24/Mar/2023:05:54:29 -0500] "GET / HTTP/1.1" 200 4720
181.54.228.54 - - [24/Mar/2023:05:54:42 -0500] "GET /BLA/resoluciones/AUTOS%202022/7513.pdf HTTP/1.1" 200 425281
216.245.221.92 - - [24/Mar/2023:05:55:02 -0500] "HEAD / HTTP/1.1" 200 -
181.54.228.54 - - [24/Mar/2023:05:55:03 -0500] "GET /BLA/resoluciones/AUTOS%202022/7456.pdf HTTP/1.1" 200 427303
157.90.254.89 - - [24/Mar/2023:05:55:07 -0500] "GET / HTTP/1.1" 200 4720
157.90.254.89 - - [24/Mar/2023:05:55:10 -0500] "GET / HTTP/1.1" 200 319
192.168.175.240 - - [24/Mar/2023:05:55:29 -0500] "GET / HTTP/1.1" 200 4720
181.54.228.54 - - [24/Mar/2023:05:55:33 -0500] "GET /BLA/resoluciones/AUTOS%202022/7436.pdf HTTP/1.1" 200 1134549
181.54.228.54 - - [24/Mar/2023:05:55:53 -0500] "GET /BLA/resoluciones/AUTOS%202022/7418.pdf HTTP/1.1" 200 413719
181.54.228.54 - - [24/Mar/2023:05:56:12 -0500] "GET /BLA/resoluciones/AUTOS%202022/7417.pdf HTTP/1.1" 200 432515
192.168.175.240 - - [24/Mar/2023:05:56:29 -0500] "GET / HTTP/1.1" 200 4720
181.54.228.54 - - [24/Mar/2023:05:56:34 -0500] "GET /BLA/resoluciones/AUTOS%202022/7415.pdf HTTP/1.1" 200 423056
34.233.208.215 - - [24/Mar/2023:05:56:39 -0500] "GET /distrito-declara-alerta-preventiva-en-el-suroccidente-de-la-ciudad-por-mala-calidad-del-aire.html HTTP/1.1" 200 1065
181.54.228.54 - - [24/Mar/2023:05:56:50 -0500] "GET /BLA/resoluciones/AUTOS%202022/7383.pdf HTTP/1.1" 200 430617
