186.30.154.47 - - [25/Mar/2023:13:41:17 -0500] "GET /portaldeninos/wp-content/themes/betheme/images/box_shadow.png HTTP/1.1" 200 108
186.30.154.47 - - [25/Mar/2023:13:41:17 -0500] "GET /portaldeninos/wp-content/themes/betheme/images/stripes/stripes_3_b.png HTTP/1.1" 200 974
186.30.154.47 - - [25/Mar/2023:13:41:17 -0500] "GET /portaldeninos/wp-content/uploads/2018/11/tigrillo.jpg HTTP/1.1" 200 402961
186.30.154.47 - - [25/Mar/2023:13:41:17 -0500] "GET /portaldeninos/wp-content/themes/betheme/fonts/mfn-icons.woff?93978679 HTTP/1.1" 200 80932
186.30.154.47 - - [25/Mar/2023:13:41:17 -0500] "GET /portaldeninos/wp-content/uploads/2022/08/Infograf%C3%ADa-humedales-actualizada.png HTTP/1.1" 200 588022
186.30.154.47 - - [25/Mar/2023:13:41:18 -0500] "GET /portaldeninos/wp-json/pum/v1/analytics/?event=open&pid=1126&_cache=1679769647327 HTTP/1.1" 204 -
186.30.154.47 - - [25/Mar/2023:13:41:17 -0500] "GET /portaldeninos/wp-content/uploads/2022/01/Conoce-lo-que-hace-la-Secretar%C3%ADa-de-Ambiente.mp4 HTTP/1.1" 206 6599959
192.168.175.240 - - [25/Mar/2023:13:41:20 -0500] "GET / HTTP/1.1" 200 4720
186.30.154.47 - - [25/Mar/2023:13:41:17 -0500] "GET /portaldeninos/wp-content/uploads/2022/08/HUmedalConejera03-1.jpg HTTP/1.1" 200 12388495
186.30.154.47 - - [25/Mar/2023:13:41:17 -0500] "GET /portaldeninos/wp-content/uploads/2019/06/CabezoteAMBIENTIC.mp4 HTTP/1.1" 206 21677757
201.245.192.253 - - [25/Mar/2023:13:41:24 -0500] "POST /kwsrmcab/Wsrmcab  HTTP/1.1" 200 41914
181.32.174.192 - - [25/Mar/2023:13:41:31 -0500] "GET /mesa/contrasena.pdf HTTP/1.1" 200 443199
181.32.174.192 - - [25/Mar/2023:13:41:31 -0500] "GET /mesa/contrasena.pdf HTTP/1.1" 206 1
181.32.174.192 - - [25/Mar/2023:13:41:31 -0500] "GET /mesa/contrasena.pdf HTTP/1.1" 206 1391
192.168.175.240 - - [25/Mar/2023:13:42:20 -0500] "GET / HTTP/1.1" 200 4720
192.168.175.240 - - [25/Mar/2023:13:43:20 -0500] "GET / HTTP/1.1" 200 4720
192.168.175.240 - - [25/Mar/2023:13:44:20 -0500] "GET / HTTP/1.1" 200 4720
216.245.221.92 - - [25/Mar/2023:13:44:57 -0500] "HEAD / HTTP/1.1" 200 -
172.22.2.4 - - [25/Mar/2023:13:43:32 -0500] "HEAD /BLA/boletinlegal/ HTTP/1.1" 200 -
192.168.175.240 - - [25/Mar/2023:13:45:20 -0500] "GET / HTTP/1.1" 200 4720
172.22.2.4 - - [25/Mar/2023:13:44:23 -0500] "GET /BLA/boletinlegal/ HTTP/1.1" 200 58653
192.168.175.240 - - [25/Mar/2023:13:46:20 -0500] "GET / HTTP/1.1" 200 4720
201.245.192.253 - - [25/Mar/2023:13:46:23 -0500] "POST /kwsrmcab/Wsrmcab  HTTP/1.1" 200 41914
192.168.175.240 - - [25/Mar/2023:13:47:20 -0500] "GET / HTTP/1.1" 200 4720
172.22.2.4 - - [25/Mar/2023:13:47:24 -0500] "GET /BLA/boletinlegal/actos.php HTTP/1.1" 200 9672
172.22.2.4 - - [25/Mar/2023:13:47:29 -0500] "GET /BLA/boletinlegal/actos.php HTTP/1.1" 200 9672
172.22.2.4 - - [25/Mar/2023:13:47:45 -0500] "GET /BLA/boletinlegal/actos.php HTTP/1.1" 200 9672
172.22.2.4 - - [25/Mar/2023:13:47:50 -0500] "GET /BLA/boletinlegal/actos.php HTTP/1.1" 200 9672
172.22.2.4 - - [25/Mar/2023:13:47:50 -0500] "GET /BLA/boletinlegal/styles2.css HTTP/1.1" 200 1838
172.22.2.4 - - [25/Mar/2023:13:47:50 -0500] "GET /BLA/boletinlegal/niceforms-default.css HTTP/1.1" 200 6694
172.22.2.4 - - [25/Mar/2023:13:47:51 -0500] "GET /BLA/boletinlegal/style.css HTTP/1.1" 200 9406
172.22.2.4 - - [25/Mar/2023:13:47:51 -0500] "GET /BLA/boletinlegal/niceforms.js HTTP/1.1" 200 22876
172.22.2.4 - - [25/Mar/2023:13:47:51 -0500] "GET /BLA/boletinlegal/js/lib.js HTTP/1.1" 200 6474
172.22.2.4 - - [25/Mar/2023:13:47:51 -0500] "GET /BLA/boletinlegal/js/popup.js HTTP/1.1" 200 1270
172.22.2.4 - - [25/Mar/2023:13:47:51 -0500] "GET /BLA/boletinlegal/js/jquery1.js HTTP/1.1" 200 29846
172.22.2.4 - - [25/Mar/2023:13:47:51 -0500] "GET /BLA/boletinlegal/js/ajax_actos.js HTTP/1.1" 200 1322
172.22.2.4 - - [25/Mar/2023:13:47:51 -0500] "GET /BLA/boletinlegal/images/cabezote%20BLEGAL.jpg HTTP/1.1" 200 118164
172.22.2.4 - - [25/Mar/2023:13:47:51 -0500] "GET /BLA/boletinlegal/images/subscribe-icon-big.png HTTP/1.1" 200 47702
172.22.2.4 - - [25/Mar/2023:13:47:51 -0500] "GET /BLA/boletinlegal/images/historia.png HTTP/1.1" 200 52775
172.22.2.4 - - [25/Mar/2023:13:47:51 -0500] "GET /BLA/boletinlegal/images/registro-usuarios.png HTTP/1.1" 200 8106
172.22.2.4 - - [25/Mar/2023:13:47:51 -0500] "GET /BLA/boletinlegal/images/body_bg.jpg HTTP/1.1" 200 1601
172.22.2.4 - - [25/Mar/2023:13:47:51 -0500] "GET /BLA/boletinlegal/images/green-yellow-blue-pink-th.png HTTP/1.1" 200 7394
172.22.2.4 - - [25/Mar/2023:13:47:51 -0500] "GET /BLA/boletinlegal/images/tel.png HTTP/1.1" 200 14477
172.22.2.4 - - [25/Mar/2023:13:47:51 -0500] "GET /BLA/boletinlegal/images/icono-email.png HTTP/1.1" 200 5544
172.22.2.4 - - [25/Mar/2023:13:47:51 -0500] "GET /BLA/boletinlegal/images/menu_lft.gif HTTP/1.1" 200 1713
172.22.2.4 - - [25/Mar/2023:13:47:51 -0500] "GET /BLA/boletinlegal/images/menu_rght.gif HTTP/1.1" 200 1627
172.22.2.4 - - [25/Mar/2023:13:47:51 -0500] "GET /BLA/boletinlegal/images/bg_top.jpg HTTP/1.1" 200 522
172.22.2.4 - - [25/Mar/2023:13:47:51 -0500] "GET /BLA/boletinlegal/images/menu_bg.jpg HTTP/1.1" 200 620
172.22.2.4 - - [25/Mar/2023:13:47:51 -0500] "GET /BLA/boletinlegal/images/hover.jpg HTTP/1.1" 200 640
172.22.2.4 - - [25/Mar/2023:13:47:51 -0500] "GET /BLA/boletinlegal/images/text.jpg HTTP/1.1" 200 568
172.22.2.4 - - [25/Mar/2023:13:47:51 -0500] "GET /BLA/boletinlegal/images/footer_bg.jpg HTTP/1.1" 200 586
172.22.2.4 - - [25/Mar/2023:13:47:55 -0500] "GET /BLA/boletinlegal/images/footer_bg_l.jpg HTTP/1.1" 200 776
172.22.2.4 - - [25/Mar/2023:13:47:55 -0500] "GET /BLA/boletinlegal/img/0.png HTTP/1.1" 200 110
172.22.2.4 - - [25/Mar/2023:13:47:55 -0500] "GET /BLA/boletinlegal/img/select-left.png HTTP/1.1" 200 263
172.22.2.4 - - [25/Mar/2023:13:47:55 -0500] "GET /BLA/boletinlegal/favicon.ico HTTP/1.1" 404 1326
172.22.2.4 - - [25/Mar/2023:13:47:55 -0500] "GET /BLA/boletinlegal/img/select-right.png HTTP/1.1" 200 44019
172.22.2.4 - - [25/Mar/2023:13:47:56 -0500] "GET /BLA/boletinlegal/img/button-left.png HTTP/1.1" 200 57071
172.22.2.4 - - [25/Mar/2023:13:47:56 -0500] "GET /BLA/boletinlegal/img/button.png HTTP/1.1" 200 43241
172.22.2.4 - - [25/Mar/2023:13:47:56 -0500] "GET /BLA/boletinlegal/img/button-right.png HTTP/1.1" 200 57878
201.221.172.103 - - [25/Mar/2023:13:48:10 -0500] "GET /portaldeninos/ HTTP/1.1" 200 110197
201.221.172.103 - - [25/Mar/2023:13:48:11 -0500] "GET /portaldeninos/wp-content/uploads/useanyfont/uaf.css?ver=1589905315 HTTP/1.1" 200 408
201.221.172.103 - - [25/Mar/2023:13:48:11 -0500] "GET /portaldeninos/wp-content/plugins/gallery-videos/CSS/Total-Soft-Gallery-Video-Widget.css?ver=4.9.8 HTTP/1.1" 200 51554
201.221.172.103 - - [25/Mar/2023:13:48:11 -0500] "GET /portaldeninos/wp-content/themes/betheme/style.css?ver=20.9.6 HTTP/1.1" 200 287
201.221.172.103 - - [25/Mar/2023:13:48:11 -0500] "GET /portaldeninos/wp-content/plugins/gallery-videos/CSS/totalsoft.css?ver=4.9.8 HTTP/1.1" 200 40622
201.221.172.103 - - [25/Mar/2023:13:48:11 -0500] "GET /portaldeninos/wp-content/themes/betheme/assets/ui/jquery.ui.all.css?ver=20.9.6 HTTP/1.1" 200 18765
201.221.172.103 - - [25/Mar/2023:13:48:11 -0500] "GET /portaldeninos/wp-content/themes/betheme/css/layout.css?ver=20.9.6 HTTP/1.1" 200 116639
201.221.172.103 - - [25/Mar/2023:13:48:11 -0500] "GET /portaldeninos/wp-content/themes/betheme/assets/animations/animations.min.css?ver=20.9.6 HTTP/1.1" 200 58508
201.221.172.103 - - [25/Mar/2023:13:48:11 -0500] "GET /portaldeninos/wp-content/themes/betheme/css/base.css?ver=20.9.6 HTTP/1.1" 200 57283
201.221.172.103 - - [25/Mar/2023:13:48:11 -0500] "GET /portaldeninos/wp-content/themes/betheme/css/shortcodes.css?ver=20.9.6 HTTP/1.1" 200 138889
201.221.172.103 - - [25/Mar/2023:13:48:11 -0500] "GET /portaldeninos/wp-content/themes/betheme/assets/jplayer/css/jplayer.blue.monday.css?ver=20.9.6 HTTP/1.1" 200 9834
201.221.172.103 - - [25/Mar/2023:13:48:11 -0500] "GET /portaldeninos/wp-content/plugins/popup-maker/assets/css/site.min.css?ver=1.8.14 HTTP/1.1" 200 8260
201.221.172.103 - - [25/Mar/2023:13:48:11 -0500] "GET /portaldeninos/wp-includes/js/jquery/ui/core.min.js?ver=1.11.4 HTTP/1.1" 200 4000
201.221.172.103 - - [25/Mar/2023:13:48:11 -0500] "GET /portaldeninos/wp-includes/js/jquery/jquery-migrate.min.js?ver=1.4.1 HTTP/1.1" 200 10056
201.221.172.103 - - [25/Mar/2023:13:48:11 -0500] "GET /portaldeninos/wp-content/plugins/google-analytics-for-wordpress/assets/js/frontend-gtag.min.js?ver=8.5.0 HTTP/1.1" 200 11801
201.221.172.103 - - [25/Mar/2023:13:48:11 -0500] "GET /portaldeninos/wp-content/themes/betheme/css/responsive.css?ver=20.9.6 HTTP/1.1" 200 55740
201.221.172.103 - - [25/Mar/2023:13:48:12 -0500] "GET /portaldeninos/wp-content/plugins/gallery-videos/JS/modernizr.custom.js?ver=4.9.8 HTTP/1.1" 200 9019
201.221.172.103 - - [25/Mar/2023:13:48:12 -0500] "GET /portaldeninos/wp-content/plugins/gallery-videos/JS/Total-Soft-Gallery-Video-Widget.js?ver=4.9.8 HTTP/1.1" 200 80264
201.221.172.103 - - [25/Mar/2023:13:48:11 -0500] "GET /portaldeninos/wp-includes/js/jquery/jquery.js?ver=1.12.4 HTTP/1.1" 200 97184
201.221.172.103 - - [25/Mar/2023:13:48:12 -0500] "GET /portaldeninos/wp-includes/js/jquery/ui/widget.min.js?ver=1.11.4 HTTP/1.1" 200 6908
201.221.172.103 - - [25/Mar/2023:13:48:12 -0500] "GET /portaldeninos/wp-includes/js/jquery/ui/mouse.min.js?ver=1.11.4 HTTP/1.1" 200 3148
201.221.172.103 - - [25/Mar/2023:13:48:12 -0500] "GET /portaldeninos/wp-includes/js/jquery/ui/tabs.min.js?ver=1.11.4 HTTP/1.1" 200 12110
201.221.172.103 - - [25/Mar/2023:13:48:12 -0500] "GET /portaldeninos/wp-includes/js/jquery/ui/sortable.min.js?ver=1.11.4 HTTP/1.1" 200 24899
201.221.172.103 - - [25/Mar/2023:13:48:12 -0500] "GET /portaldeninos/wp-content/themes/betheme/js/menu.js?ver=20.9.6 HTTP/1.1" 200 2449
201.221.172.103 - - [25/Mar/2023:13:48:12 -0500] "GET /portaldeninos/wp-content/themes/betheme/assets/animations/animations.min.js?ver=20.9.6 HTTP/1.1" 200 1896
201.221.172.103 - - [25/Mar/2023:13:48:12 -0500] "GET /portaldeninos/wp-includes/js/jquery/ui/accordion.min.js?ver=1.11.4 HTTP/1.1" 200 8584
201.221.172.103 - - [25/Mar/2023:13:48:12 -0500] "GET /portaldeninos/wp-content/themes/betheme/assets/jplayer/jplayer.min.js?ver=20.9.6 HTTP/1.1" 200 52702
201.221.172.103 - - [25/Mar/2023:13:48:12 -0500] "GET /portaldeninos/wp-content/themes/betheme/js/plugins.js?ver=20.9.6 HTTP/1.1" 200 197151
201.221.172.103 - - [25/Mar/2023:13:48:12 -0500] "GET /portaldeninos/wp-includes/js/jquery/ui/position.min.js?ver=1.11.4 HTTP/1.1" 200 6527
201.221.172.103 - - [25/Mar/2023:13:48:12 -0500] "GET /portaldeninos/wp-content/themes/betheme/js/scripts.js?ver=20.9.6 HTTP/1.1" 200 77162
201.221.172.103 - - [25/Mar/2023:13:48:12 -0500] "GET /portaldeninos/wp-includes/js/wp-embed.min.js?ver=4.9.8 HTTP/1.1" 200 1398
201.221.172.103 - - [25/Mar/2023:13:48:12 -0500] "GET /portaldeninos/wp-content/plugins/popup-maker/assets/js/site.min.js?defer&ver=1.8.14 HTTP/1.1" 200 48457
201.221.172.103 - - [25/Mar/2023:13:48:13 -0500] "GET /portaldeninos/wp-content/uploads/2021/06/titulo-miambiente-ni%C3%B1os.png HTTP/1.1" 200 11944
201.221.172.103 - - [25/Mar/2023:13:48:12 -0500] "GET /portaldeninos/wp-content/uploads/2021/06/titulo-cabezote-ni%C3%B1os.png HTTP/1.1" 200 64425
201.221.172.103 - - [25/Mar/2023:13:48:12 -0500] "GET /portaldeninos/wp-content/uploads/2019/08/Logo-Ambientic.png HTTP/1.1" 200 22941
201.221.172.103 - - [25/Mar/2023:13:48:12 -0500] "GET /portaldeninos/wp-content/themes/betheme/fonts/mfn-icons.woff?93978679 HTTP/1.1" 200 80932
201.221.172.103 - - [25/Mar/2023:13:48:13 -0500] "GET /portaldeninos/wp-content/uploads/2020/01/Frailejon-escenario.jpg HTTP/1.1" 200 357472
201.221.172.103 - - [25/Mar/2023:13:48:13 -0500] "GET /portaldeninos/wp-content/uploads/2021/06/titulo-videos-ni%C3%B1os.png HTTP/1.1" 200 10502
201.221.172.103 - - [25/Mar/2023:13:48:13 -0500] "GET /portaldeninos/wp-content/uploads/2021/06/titulo-humedales-ni%C3%B1os.png HTTP/1.1" 200 13361
201.221.172.103 - - [25/Mar/2023:13:48:13 -0500] "GET /portaldeninos/wp-content/uploads/2018/11/caneca.jpg HTTP/1.1" 200 262661
201.221.172.103 - - [25/Mar/2023:13:48:13 -0500] "GET /portaldeninos/wp-content/uploads/2020/05/fb.jpg HTTP/1.1" 200 9893
201.221.172.103 - - [25/Mar/2023:13:48:13 -0500] "GET /portaldeninos/wp-content/uploads/2020/05/ig.jpg HTTP/1.1" 200 11470
201.221.172.103 - - [25/Mar/2023:13:48:13 -0500] "GET /portaldeninos/wp-content/uploads/2020/06/yt.jpg HTTP/1.1" 200 10577
201.221.172.103 - - [25/Mar/2023:13:48:13 -0500] "GET /portaldeninos/wp-content/uploads/2020/06/tw.jpg HTTP/1.1" 200 11056
201.221.172.103 - - [25/Mar/2023:13:48:13 -0500] "GET /portaldeninos/wp-content/uploads/2020/01/Tierra-escenario.jpg HTTP/1.1" 200 181491
201.221.172.103 - - [25/Mar/2023:13:48:14 -0500] "GET /portaldeninos/wp-content/themes/betheme/images/box_shadow.png HTTP/1.1" 200 108
201.221.172.103 - - [25/Mar/2023:13:48:14 -0500] "GET /portaldeninos/wp-includes/js/wp-emoji-release.min.js?ver=4.9.8 HTTP/1.1" 200 12026
201.221.172.103 - - [25/Mar/2023:13:48:14 -0500] "GET /portaldeninos/wp-content/themes/betheme/images/stripes/stripes_3_b.png HTTP/1.1" 200 974
201.221.172.103 - - [25/Mar/2023:13:48:13 -0500] "GET /portaldeninos/wp-content/uploads/2018/11/tigrillo.jpg HTTP/1.1" 200 402961
201.221.172.103 - - [25/Mar/2023:13:48:13 -0500] "GET /portaldeninos/wp-content/uploads/2018/10/oso.jpg HTTP/1.1" 200 305180
201.221.172.103 - - [25/Mar/2023:13:48:13 -0500] "GET /portaldeninos/wp-content/uploads/2022/08/Infograf%C3%ADa-humedales-actualizada.png HTTP/1.1" 200 588022
201.221.172.103 - - [25/Mar/2023:13:48:16 -0500] "GET /portaldeninos/wp-json/pum/v1/analytics/?event=open&pid=1126&_cache=1679770065641 HTTP/1.1" 204 -
192.168.175.240 - - [25/Mar/2023:13:48:20 -0500] "GET / HTTP/1.1" 200 4720
201.221.172.103 - - [25/Mar/2023:13:48:20 -0500] "GET /portaldeninos/parque-ecologico-distrital-humedal-santa-maria-del-lago/ HTTP/1.1" 200 90199
201.221.172.103 - - [25/Mar/2023:13:48:14 -0500] "GET /portaldeninos/wp-content/uploads/2019/06/CabezoteAMBIENTIC.mp4 HTTP/1.1" 206 2226406
201.221.172.103 - - [25/Mar/2023:13:48:14 -0500] "GET /portaldeninos/wp-content/uploads/2022/01/Conoce-lo-que-hace-la-Secretar%C3%ADa-de-Ambiente.mp4 HTTP/1.1" 206 3725546
201.221.172.103 - - [25/Mar/2023:13:48:13 -0500] "GET /portaldeninos/wp-content/uploads/2022/08/HUmedalConejera03-1.jpg HTTP/1.1" 200 2799876
201.221.172.103 - - [25/Mar/2023:13:48:21 -0500] "GET /portaldeninos/wp-content/uploads/2021/07/Banners-pa%CC%81gina-de-nin%CC%83os2.jpg HTTP/1.1" 200 33818
201.221.172.103 - - [25/Mar/2023:13:48:21 -0500] "GET /portaldeninos/wp-content/uploads/2021/07/imagenes-con-marcos-pa%CC%81gina-de-nin%CC%83os-humedal-santa-mari%CC%81a-del-lago.jpg HTTP/1.1" 200 29226
172.22.2.4 - - [25/Mar/2023:13:48:36 -0500] "GET /BLA/boletinlegal/actos.php HTTP/1.1" 200 9672
201.221.172.103 - - [25/Mar/2023:13:48:37 -0500] "GET /portaldeninos/ HTTP/1.1" 200 110197
201.221.172.103 - - [25/Mar/2023:13:48:21 -0500] "GET /portaldeninos/wp-content/uploads/2021/07/Humedal-Santa-Maria-del-Lago.mp4 HTTP/1.1" 206 6763371
201.221.172.103 - - [25/Mar/2023:13:48:38 -0500] "GET /portaldeninos/wp-content/uploads/2022/08/HUmedalConejera03-1.jpg HTTP/1.1" 206 1
201.221.172.103 - - [25/Mar/2023:13:48:39 -0500] "GET /portaldeninos/wp-content/uploads/2022/08/HUmedalConejera03-1.jpg HTTP/1.1" 206 9684083
201.221.172.103 - - [25/Mar/2023:13:48:38 -0500] "GET /portaldeninos/wp-content/uploads/2019/06/CabezoteAMBIENTIC.mp4 HTTP/1.1" 206 17201376
201.221.172.103 - - [25/Mar/2023:13:48:38 -0500] "GET /portaldeninos/wp-content/uploads/2022/01/Conoce-lo-que-hace-la-Secretar%C3%ADa-de-Ambiente.mp4 HTTP/1.1" 206 2381056
201.221.172.103 - - [25/Mar/2023:13:49:06 -0500] "GET /portaldeninos/wp-content/uploads/2022/01/Conoce-lo-que-hace-la-Secretar%C3%ADa-de-Ambiente.mp4 HTTP/1.1" 206 842463
201.221.172.103 - - [25/Mar/2023:13:49:09 -0500] "GET /portaldeninos/wp-content/uploads/2019/06/CabezoteAMBIENTIC.mp4 HTTP/1.1" 206 2527771
192.168.175.240 - - [25/Mar/2023:13:49:20 -0500] "GET / HTTP/1.1" 200 4720
216.245.221.92 - - [25/Mar/2023:13:49:57 -0500] "HEAD / HTTP/1.1" 200 -
157.55.39.206 - - [25/Mar/2023:13:50:00 -0500] "GET /distrito-presenta-proyecto-de-energia-solar-y-eficiencia-energetica-para-entidades-publicas-de-bogota.html HTTP/1.1" 200 908
52.167.144.71 - - [25/Mar/2023:13:50:08 -0500] "GET /sipse/faces/autenticacion.xhtml HTTP/1.1" 200 12501
172.22.2.4 - - [25/Mar/2023:13:50:08 -0500] "GET /BLA/boletinlegal/actos.php HTTP/1.1" 200 9672
192.168.175.240 - - [25/Mar/2023:13:50:20 -0500] "GET / HTTP/1.1" 200 4720
172.22.2.4 - - [25/Mar/2023:13:49:22 -0500] "HEAD /BLA/boletinlegal/ HTTP/1.1" 200 -
192.168.175.240 - - [25/Mar/2023:13:51:20 -0500] "GET / HTTP/1.1" 200 4720
201.245.192.253 - - [25/Mar/2023:13:51:22 -0500] "POST /kwsrmcab/Wsrmcab  HTTP/1.1" 200 41914
52.167.144.167 - - [25/Mar/2023:13:51:32 -0500] "GET /BLA/resoluciones/AUTOS%202021/3524.pdf HTTP/1.1" 304 -
172.22.2.4 - - [25/Mar/2023:13:50:13 -0500] "GET /BLA/boletinlegal/ HTTP/1.1" 200 57551
192.168.175.240 - - [25/Mar/2023:13:52:20 -0500] "GET / HTTP/1.1" 200 4720
192.168.175.240 - - [25/Mar/2023:13:53:20 -0500] "GET / HTTP/1.1" 200 4720
192.168.175.240 - - [25/Mar/2023:13:54:20 -0500] "GET / HTTP/1.1" 200 4720
216.245.221.92 - - [25/Mar/2023:13:54:57 -0500] "HEAD / HTTP/1.1" 200 -
192.168.175.240 - - [25/Mar/2023:13:55:20 -0500] "GET / HTTP/1.1" 200 4720
192.168.175.240 - - [25/Mar/2023:13:56:20 -0500] "GET / HTTP/1.1" 200 4720
201.245.192.253 - - [25/Mar/2023:13:56:22 -0500] "POST /kwsrmcab/Wsrmcab  HTTP/1.1" 200 41914
172.22.2.4 - - [25/Mar/2023:13:55:12 -0500] "HEAD /BLA/boletinlegal/ HTTP/1.1" 200 -
74.125.210.162 - - [25/Mar/2023:13:56:59 -0500] "GET /images/jardines-verticales_optimized.jpeg HTTP/1.1" 200 138197
192.168.175.240 - - [25/Mar/2023:13:57:20 -0500] "GET / HTTP/1.1" 200 4720
172.22.2.4 - - [25/Mar/2023:13:56:03 -0500] "GET /BLA/boletinlegal/ HTTP/1.1" 200 53551
192.168.175.240 - - [25/Mar/2023:13:58:20 -0500] "GET / HTTP/1.1" 200 4720
194.87.151.116 - - [25/Mar/2023:13:59:09 -0500] "POST /boaform/admin/formLogin HTTP/1.1" 404 1186
192.168.175.240 - - [25/Mar/2023:13:59:20 -0500] "GET / HTTP/1.1" 200 4720
216.245.221.92 - - [25/Mar/2023:13:59:57 -0500] "HEAD / HTTP/1.1" 200 -
192.168.175.240 - - [25/Mar/2023:14:00:20 -0500] "GET / HTTP/1.1" 200 4720
192.168.175.240 - - [25/Mar/2023:14:01:20 -0500] "GET / HTTP/1.1" 200 4720
171.22.8.143 - - [25/Mar/2023:14:01:21 -0500] "GET / HTTP/1.1" 200 319
201.245.192.253 - - [25/Mar/2023:14:01:21 -0500] "POST /kwsrmcab/Wsrmcab  HTTP/1.1" 200 41914
192.168.175.240 - - [25/Mar/2023:14:02:20 -0500] "GET / HTTP/1.1" 200 4720
181.59.2.57 - - [25/Mar/2023:14:02:37 -0500] "GET /mujeres-que-reverdecen-secretaria-de-ambiente-anuncia-el-inicio-de-la-tercera-fase.html HTTP/1.1" 200 954
172.22.2.4 - - [25/Mar/2023:14:01:02 -0500] "HEAD /BLA/boletinlegal/ HTTP/1.1" 200 -
192.168.175.240 - - [25/Mar/2023:14:03:20 -0500] "GET / HTTP/1.1" 200 4720
172.22.2.4 - - [25/Mar/2023:14:01:53 -0500] "GET /BLA/boletinlegal/ HTTP/1.1" 200 57141
192.168.175.240 - - [25/Mar/2023:14:04:20 -0500] "GET / HTTP/1.1" 200 4720
216.245.221.92 - - [25/Mar/2023:14:04:57 -0500] "HEAD / HTTP/1.1" 200 -
173.252.95.11 - - [25/Mar/2023:14:05:16 -0500] "GET /images/reciclaton-mayo-3-mayo.jpg HTTP/1.1" 200 278453
192.168.175.240 - - [25/Mar/2023:14:05:20 -0500] "GET / HTTP/1.1" 200 4720
192.168.175.240 - - [25/Mar/2023:14:06:20 -0500] "GET / HTTP/1.1" 200 4720
201.245.192.253 - - [25/Mar/2023:14:06:21 -0500] "POST /kwsrmcab/Wsrmcab  HTTP/1.1" 200 41914
66.249.79.115 - - [25/Mar/2023:14:06:28 -0500] "-" 408 -
61.185.204.113 - - [25/Mar/2023:14:06:30 -0500] "GET /galeria/galeria/fotos/Humedal-la-conejera2P.jpg HTTP/1.1" 200 31007
173.252.95.10 - - [25/Mar/2023:14:07:04 -0500] "GET /images/empresas-alertas_optimized.jpeg HTTP/1.1" 200 142365
173.252.95.16 - - [25/Mar/2023:14:07:04 -0500] "GET /images/camino-a-los-cerros-1_optimized.jpeg HTTP/1.1" 200 222279
173.252.95.21 - - [25/Mar/2023:14:07:04 -0500] "GET /images/calidad-aire-2-marzo-1_optimized.jpeg HTTP/1.1" 200 51562
173.252.95.1 - - [25/Mar/2023:14:07:04 -0500] "GET /images/idpyba-4-marzo-1_optimized.jpeg HTTP/1.1" 200 115318
173.252.95.18 - - [25/Mar/2023:14:07:04 -0500] "GET /images/28%20de%20febrero%20operativo.jpeg HTTP/1.1" 200 62220
173.252.95.13 - - [25/Mar/2023:14:07:07 -0500] "GET /images/17%20de%20febrero%20mujeres%20que%20reverdecen.jpeg HTTP/1.1" 200 85735
173.252.95.5 - - [25/Mar/2023:14:07:07 -0500] "GET /images/Rmasar%2018%20de%20febrero%20Grupo.jpg HTTP/1.1" 200 68398
173.252.95.24 - - [25/Mar/2023:14:07:07 -0500] "GET /images/Puntos%20calientes%2024%20de%20febrero.jpeg HTTP/1.1" 200 42626
173.252.95.2 - - [25/Mar/2023:14:07:07 -0500] "GET /images/WhatsApp%20Image%202023-02-15%20at%205.07.25%20PM.jpeg HTTP/1.1" 200 50573
173.252.95.1 - - [25/Mar/2023:14:07:07 -0500] "GET /images/2%20de%20febrero%20liberaci\xc3\xb3n%20Tunjo.jpeg HTTP/1.1" 404 1034
173.252.95.1 - - [25/Mar/2023:14:07:08 -0500] "GET /images/8%20de%20febrero%20incendio%20forestal.jpeg HTTP/1.1" 200 56283
173.252.95.18 - - [25/Mar/2023:14:07:08 -0500] "GET /images/20%20de%20febrero%20panor\xc3\xa1mica%20de%20Bogot\xc3\xa1%20(1)%20(1).jpeg HTTP/1.1" 404 1034
173.252.95.16 - - [25/Mar/2023:14:07:08 -0500] "GET /images/Conversatorio%20aire%201%20(1).jpeg HTTP/1.1" 200 72040
173.252.95.2 - - [25/Mar/2023:14:07:08 -0500] "GET /images/Secretarias%20Fondo%20carga%206%20de%20febrero.jpeg HTTP/1.1" 200 55460
173.252.95.15 - - [25/Mar/2023:14:07:08 -0500] "GET /images/Juan%20Rey%20febrero%2013.jpg HTTP/1.1" 200 55934
173.252.95.1 - - [25/Mar/2023:14:07:08 -0500] "GET /images/24%20de%20febrero%20Sendero%20guadalupe%202.jpeg HTTP/1.1" 200 70964
173.252.95.1 - - [25/Mar/2023:14:07:08 -0500] "GET /images/vertimiento-Comprimida%20(1).png HTTP/1.1" 200 22870
173.252.95.17 - - [25/Mar/2023:14:07:08 -0500] "GET /images/1%20de%20febrer%20Operativo%20hornos.jpg HTTP/1.1" 200 69569
173.252.95.5 - - [25/Mar/2023:14:07:08 -0500] "GET /images/1%20de%20febrero%20Humedal%20El%20Tunjo.jpeg HTTP/1.1" 200 52973
173.252.95.13 - - [25/Mar/2023:14:07:08 -0500] "GET /images/1%20de%20febrero%20D\xc3\xada%20sin%20carro.jpeg HTTP/1.1" 404 1034
192.168.175.240 - - [25/Mar/2023:14:07:20 -0500] "GET / HTTP/1.1" 200 4720
192.168.175.240 - - [25/Mar/2023:14:08:20 -0500] "GET / HTTP/1.1" 200 4720
172.22.2.4 - - [25/Mar/2023:14:06:52 -0500] "HEAD /BLA/boletinlegal/ HTTP/1.1" 200 -
186.102.31.253 - - [25/Mar/2023:14:09:17 -0500] "GET /distrito-declara-alerta-preventiva-en-el-suroccidente-de-la-ciudad-por-mala-calidad-del-aire.html HTTP/1.1" 200 1065
192.168.175.240 - - [25/Mar/2023:14:09:20 -0500] "GET / HTTP/1.1" 200 4720
172.22.2.4 - - [25/Mar/2023:14:07:43 -0500] "GET /BLA/boletinlegal/ HTTP/1.1" 200 58297
216.245.221.92 - - [25/Mar/2023:14:09:57 -0500] "HEAD / HTTP/1.1" 200 -
192.168.175.240 - - [25/Mar/2023:14:10:20 -0500] "GET / HTTP/1.1" 200 4720
192.168.175.240 - - [25/Mar/2023:14:11:20 -0500] "GET / HTTP/1.1" 200 4720
201.245.192.253 - - [25/Mar/2023:14:11:20 -0500] "POST /kwsrmcab/Wsrmcab  HTTP/1.1" 200 41914
192.168.175.240 - - [25/Mar/2023:14:12:20 -0500] "GET / HTTP/1.1" 200 4720
192.168.175.240 - - [25/Mar/2023:14:13:20 -0500] "GET / HTTP/1.1" 200 4720
191.109.181.65 - - [25/Mar/2023:14:14:12 -0500] "GET /galeria/galeria/jquery.fancybox.css?v=2.1.5 HTTP/1.1" 200 4895
191.109.181.65 - - [25/Mar/2023:14:14:12 -0500] "GET /galeria/galeria/jquery.fancybox.js?v=2.1.5 HTTP/1.1" 200 48706
191.109.181.65 - - [25/Mar/2023:14:14:12 -0500] "GET /BLA/boletinlegal/js/jquery.scrollShow.js HTTP/1.1" 200 4586
192.168.175.240 - - [25/Mar/2023:14:14:20 -0500] "GET / HTTP/1.1" 200 4720
172.22.2.4 - - [25/Mar/2023:14:12:42 -0500] "HEAD /BLA/boletinlegal/ HTTP/1.1" 200 -
216.245.221.92 - - [25/Mar/2023:14:14:57 -0500] "HEAD / HTTP/1.1" 200 -
199.16.157.182 - - [25/Mar/2023:14:15:09 -0500] "GET /dia-mundial-del-agua-2023-programate-para-participar-en-estas-actividades-de-educacion-ambiental.html HTTP/1.1" 200 903
138.201.223.94 - - [25/Mar/2023:14:15:09 -0500] "HEAD /dia-mundial-del-agua-2023-programate-para-participar-en-estas-actividades-de-educacion-ambiental.html HTTP/1.1" 200 -
199.16.157.183 - - [25/Mar/2023:14:15:10 -0500] "GET /images/Foto%20Di%CC%81a%20Mundial%20del%20Agua%20(1)%20(1).jpeg HTTP/1.1" 404 1034
172.22.2.4 - - [25/Mar/2023:14:13:33 -0500] "GET /BLA/boletinlegal/ HTTP/1.1" 200 57551
45.238.182.232 - - [25/Mar/2023:14:15:14 -0500] "GET /mujeres-que-reverdecen-secretaria-de-ambiente-anuncia-el-inicio-de-la-tercera-fase.html HTTP/1.1" 200 954
192.168.175.240 - - [25/Mar/2023:14:15:20 -0500] "GET / HTTP/1.1" 200 4720
136.243.79.224 - - [25/Mar/2023:14:15:37 -0500] "GET /dia-mundial-del-agua-2023-programate-para-participar-en-estas-actividades-de-educacion-ambiental.html HTTP/1.1" 206 903
135.125.217.232 - - [25/Mar/2023:14:15:44 -0500] "GET /dia-mundial-del-agua-2023-programate-para-participar-en-estas-actividades-de-educacion-ambiental.html HTTP/1.1" 200 903
168.119.76.211 - - [25/Mar/2023:14:16:18 -0500] "GET /dia-mundial-del-agua-2023-programate-para-participar-en-estas-actividades-de-educacion-ambiental.html HTTP/1.1" 200 903
192.168.175.240 - - [25/Mar/2023:14:16:20 -0500] "GET / HTTP/1.1" 200 4720
201.245.192.253 - - [25/Mar/2023:14:16:19 -0500] "POST /kwsrmcab/Wsrmcab  HTTP/1.1" 200 41914
192.168.175.240 - - [25/Mar/2023:14:17:20 -0500] "GET / HTTP/1.1" 200 4720
192.168.175.240 - - [25/Mar/2023:14:18:20 -0500] "GET / HTTP/1.1" 200 4720
192.168.175.240 - - [25/Mar/2023:14:19:20 -0500] "GET / HTTP/1.1" 200 4720
216.245.221.92 - - [25/Mar/2023:14:19:57 -0500] "HEAD / HTTP/1.1" 200 -
201.245.192.253 - - [25/Mar/2023:14:20:09 -0500] "POST /kwsrmcab/Wsrmcab HTTP/1.1" 200 43034
172.22.2.4 - - [25/Mar/2023:14:18:32 -0500] "HEAD /BLA/boletinlegal/ HTTP/1.1" 200 -
201.245.192.253 - - [25/Mar/2023:14:20:12 -0500] "POST /kwsrmcab/Wsrmcab HTTP/1.1" 200 43457
192.168.175.240 - - [25/Mar/2023:14:20:20 -0500] "GET / HTTP/1.1" 200 4720
172.22.2.4 - - [25/Mar/2023:14:19:22 -0500] "GET /BLA/boletinlegal/ HTTP/1.1" 200 57551
192.168.175.240 - - [25/Mar/2023:14:21:20 -0500] "GET / HTTP/1.1" 200 4720
201.245.192.253 - - [25/Mar/2023:14:21:19 -0500] "POST /kwsrmcab/Wsrmcab  HTTP/1.1" 200 41914
157.55.39.217 - - [25/Mar/2023:14:21:26 -0500] "GET /sipse/faces/faces/autenticacion.xhtml HTTP/1.1" 200 12501
192.168.175.240 - - [25/Mar/2023:14:22:20 -0500] "GET / HTTP/1.1" 200 4720
192.168.175.240 - - [25/Mar/2023:14:23:20 -0500] "GET / HTTP/1.1" 200 4720
14.116.185.229 - - [25/Mar/2023:14:23:34 -0500] "GET / HTTP/1.1" 200 319
192.168.175.240 - - [25/Mar/2023:14:24:20 -0500] "GET / HTTP/1.1" 200 4720
216.245.221.92 - - [25/Mar/2023:14:24:57 -0500] "HEAD / HTTP/1.1" 200 -
192.168.175.240 - - [25/Mar/2023:14:25:20 -0500] "GET / HTTP/1.1" 200 4720
35.204.251.204 - - [25/Mar/2023:14:25:30 -0500] "GET /inventario-de-emisiones-2020-transporte-publico-sitp-redujo-emisiones-de-pm-2-5-en-un-37.html HTTP/1.1" 200 925
172.22.2.4 - - [25/Mar/2023:14:24:22 -0500] "HEAD /BLA/boletinlegal/ HTTP/1.1" 200 -
201.245.192.253 - - [25/Mar/2023:14:26:18 -0500] "POST /kwsrmcab/Wsrmcab  HTTP/1.1" 200 41914
192.168.175.240 - - [25/Mar/2023:14:26:20 -0500] "GET / HTTP/1.1" 200 4720
52.167.144.71 - - [25/Mar/2023:14:26:29 -0500] "GET /BLA/resoluciones/RESOLUCIONES%202021/5679.pdf HTTP/1.1" 200 455476
172.22.2.4 - - [25/Mar/2023:14:25:12 -0500] "GET /BLA/boletinlegal/ HTTP/1.1" 200 53914
152.207.201.61 - - [25/Mar/2023:14:26:54 -0500] "GET /galeria/galeria/jquery.fancybox.css?v=2.1.5 HTTP/1.1" 200 4895
152.207.201.61 - - [25/Mar/2023:14:26:54 -0500] "GET /BLA/boletinlegal/js/jquery.scrollShow.js HTTP/1.1" 200 4586
152.207.201.61 - - [25/Mar/2023:14:26:54 -0500] "GET /galeria/galeria/jquery.fancybox.js?v=2.1.5 HTTP/1.1" 200 48706
192.168.175.240 - - [25/Mar/2023:14:27:20 -0500] "GET / HTTP/1.1" 200 4720
172.22.2.4 - - [25/Mar/2023:14:27:37 -0500] "GET /BLA/boletinlegal/actos.php HTTP/1.1" 200 9672
34.90.63.76 - - [25/Mar/2023:14:27:59 -0500] "GET /inventario-de-emisiones-2020-transporte-publico-sitp-redujo-emisiones-de-pm-2-5-en-un-37.html HTTP/1.1" 200 925
192.168.175.240 - - [25/Mar/2023:14:28:20 -0500] "GET / HTTP/1.1" 200 4720
66.249.79.113 - - [25/Mar/2023:14:29:10 -0500] "GET /BLA/resoluciones/AUTOS%202016/1586.pdf HTTP/1.1" 200 331390
66.249.79.111 - - [25/Mar/2023:14:29:12 -0500] "GET /BLA/resoluciones/AUTOS%202015/1999.pdf HTTP/1.1" 200 744356
192.168.175.240 - - [25/Mar/2023:14:29:20 -0500] "GET / HTTP/1.1" 200 4720
216.245.221.92 - - [25/Mar/2023:14:29:57 -0500] "HEAD / HTTP/1.1" 200 -
52.167.144.167 - - [25/Mar/2023:14:30:06 -0500] "GET /autoliquidacion/index.php?dir=tr\xc3\x81mites+aguas+superficiales HTTP/1.1" 200 6871
201.245.192.253 - - [25/Mar/2023:14:30:08 -0500] "POST /kwsrmcab/Wsrmcab HTTP/1.1" 200 43034
201.245.192.253 - - [25/Mar/2023:14:30:11 -0500] "POST /kwsrmcab/Wsrmcab HTTP/1.1" 200 43457
192.168.175.240 - - [25/Mar/2023:14:30:20 -0500] "GET / HTTP/1.1" 200 4720
52.167.144.167 - - [25/Mar/2023:14:30:47 -0500] "GET /BLA/resoluciones/AUTOS%202021/4632.pdf HTTP/1.1" 304 -
201.245.192.253 - - [25/Mar/2023:14:31:18 -0500] "POST /kwsrmcab/Wsrmcab  HTTP/1.1" 200 41914
192.168.175.240 - - [25/Mar/2023:14:31:20 -0500] "GET / HTTP/1.1" 200 4720
34.147.124.40 - - [25/Mar/2023:14:31:46 -0500] "GET /inventario-de-emisiones-2020-transporte-publico-sitp-redujo-emisiones-de-pm-2-5-en-un-37.html HTTP/1.1" 200 925
172.22.2.4 - - [25/Mar/2023:14:30:12 -0500] "HEAD /BLA/boletinlegal/ HTTP/1.1" 200 -
192.168.175.240 - - [25/Mar/2023:14:32:20 -0500] "GET / HTTP/1.1" 200 4720
172.22.2.4 - - [25/Mar/2023:14:31:02 -0500] "GET /BLA/boletinlegal/ HTTP/1.1" 200 57551
192.168.175.240 - - [25/Mar/2023:14:33:20 -0500] "GET / HTTP/1.1" 200 4720
192.168.175.240 - - [25/Mar/2023:14:34:20 -0500] "GET / HTTP/1.1" 200 4720
216.245.221.92 - - [25/Mar/2023:14:34:57 -0500] "HEAD / HTTP/1.1" 200 -
192.168.175.240 - - [25/Mar/2023:14:35:20 -0500] "GET / HTTP/1.1" 200 4720
52.167.144.167 - - [25/Mar/2023:14:35:45 -0500] "GET /BLA/resoluciones/AUTOS%202014/2098.pdf HTTP/1.1" 200 458269
201.245.192.253 - - [25/Mar/2023:14:36:16 -0500] "POST /kwsrmcab/Wsrmcab  HTTP/1.1" 200 41914
192.168.175.240 - - [25/Mar/2023:14:36:20 -0500] "GET / HTTP/1.1" 200 4720
173.252.95.16 - - [25/Mar/2023:14:36:25 -0500] "GET /images/jardines-verticales_optimized.jpeg HTTP/1.1" 200 138197
192.168.175.240 - - [25/Mar/2023:14:37:20 -0500] "GET / HTTP/1.1" 200 4720
172.22.2.4 - - [25/Mar/2023:14:36:02 -0500] "HEAD /BLA/boletinlegal/ HTTP/1.1" 200 -
192.168.175.240 - - [25/Mar/2023:14:38:20 -0500] "GET / HTTP/1.1" 200 4720
172.22.2.4 - - [25/Mar/2023:14:36:52 -0500] "GET /BLA/boletinlegal/ HTTP/1.1" 200 55924
92.17.122.31 - - [25/Mar/2023:14:38:54 -0500] "GET / HTTP/1.1" 200 319
192.168.175.240 - - [25/Mar/2023:14:39:20 -0500] "GET / HTTP/1.1" 200 4720
172.22.2.4 - - [25/Mar/2023:14:39:49 -0500] "GET /BLA/boletinlegal/actos.php HTTP/1.1" 200 9672
172.22.2.4 - - [25/Mar/2023:14:39:50 -0500] "GET /BLA/boletinlegal/favicon.ico HTTP/1.1" 404 1326
181.61.204.215 - - [25/Mar/2023:14:39:53 -0500] "GET /BLA/resoluciones/ HTTP/1.1" 200 13502
181.61.204.215 - - [25/Mar/2023:14:39:55 -0500] "GET /BLA/resoluciones/index.php?dir=AUTOS+2016%2F HTTP/1.1" 200 328362
216.245.221.92 - - [25/Mar/2023:14:39:57 -0500] "HEAD / HTTP/1.1" 200 -
181.61.204.215 - - [25/Mar/2023:14:40:02 -0500] "GET /BLA/resoluciones/AUTOS%202016/2790.pdf HTTP/1.1" 200 400169
201.245.192.253 - - [25/Mar/2023:14:40:09 -0500] "POST /kwsrmcab/Wsrmcab HTTP/1.1" 200 43034
201.245.192.253 - - [25/Mar/2023:14:40:12 -0500] "POST /kwsrmcab/Wsrmcab HTTP/1.1" 200 43457
192.168.175.240 - - [25/Mar/2023:14:40:20 -0500] "GET / HTTP/1.1" 200 4720
201.245.192.253 - - [25/Mar/2023:14:41:15 -0500] "POST /kwsrmcab/Wsrmcab  HTTP/1.1" 200 41914
192.168.175.240 - - [25/Mar/2023:14:41:20 -0500] "GET / HTTP/1.1" 200 4720
172.22.2.4 - - [25/Mar/2023:14:39:48 -0500] "GET /BLA/boletinlegal/ HTTP/1.1" 200 61749
157.55.39.217 - - [25/Mar/2023:14:41:52 -0500] "GET /Publicaciones/2022EE246848.pdf HTTP/1.1" 404 228
192.168.175.240 - - [25/Mar/2023:14:42:20 -0500] "GET / HTTP/1.1" 200 4720
172.22.2.4 - - [25/Mar/2023:14:42:39 -0500] "GET /BLA/boletinlegal/jurisprudencia/analisis/AnalisisT-606-15.docx HTTP/1.1" 200 26698
172.22.2.4 - - [25/Mar/2023:14:42:40 -0500] "GET /BLA/boletinlegal/apple-touch-icon-120x120-precomposed.png HTTP/1.1" 404 1140
172.22.2.4 - - [25/Mar/2023:14:42:40 -0500] "GET /BLA/boletinlegal/apple-touch-icon-120x120.png HTTP/1.1" 404 1140
172.22.2.4 - - [25/Mar/2023:14:42:40 -0500] "GET /BLA/boletinlegal/apple-touch-icon-precomposed.png HTTP/1.1" 404 1140
172.22.2.4 - - [25/Mar/2023:14:42:40 -0500] "GET /BLA/boletinlegal/apple-touch-icon.png HTTP/1.1" 404 1140
172.22.2.4 - - [25/Mar/2023:14:42:40 -0500] "GET /BLA/boletinlegal/favicon.ico HTTP/1.1" 404 1140
172.22.2.4 - - [25/Mar/2023:14:42:40 -0500] "GET /BLA/boletinlegal/apple-touch-icon-120x120-precomposed.png HTTP/1.1" 404 1140
172.22.2.4 - - [25/Mar/2023:14:42:40 -0500] "GET /BLA/boletinlegal/apple-touch-icon-120x120.png HTTP/1.1" 404 1140
172.22.2.4 - - [25/Mar/2023:14:42:40 -0500] "GET /BLA/boletinlegal/apple-touch-icon-precomposed.png HTTP/1.1" 404 1140
172.22.2.4 - - [25/Mar/2023:14:42:40 -0500] "GET /BLA/boletinlegal/apple-touch-icon.png HTTP/1.1" 404 1140
172.22.2.4 - - [25/Mar/2023:14:42:40 -0500] "GET /BLA/boletinlegal/favicon.ico HTTP/1.1" 404 1140
192.168.175.240 - - [25/Mar/2023:14:43:20 -0500] "GET / HTTP/1.1" 200 4720
172.22.2.4 - - [25/Mar/2023:14:41:52 -0500] "HEAD /BLA/boletinlegal/ HTTP/1.1" 200 -
192.168.175.240 - - [25/Mar/2023:14:44:20 -0500] "GET / HTTP/1.1" 200 4720
172.22.2.4 - - [25/Mar/2023:14:42:42 -0500] "GET /BLA/boletinlegal/ HTTP/1.1" 200 59296
162.55.175.142 - - [25/Mar/2023:14:44:41 -0500] "GET / HTTP/1.1" 200 319
162.55.175.142 - - [25/Mar/2023:14:44:41 -0500] "GET / HTTP/1.1" 200 4720
216.245.221.92 - - [25/Mar/2023:14:44:57 -0500] "HEAD / HTTP/1.1" 200 -
52.167.144.167 - - [25/Mar/2023:14:44:57 -0500] "GET /BLA/resoluciones/index.php?dir=RESOLUCIONES+2023%2F HTTP/1.1" 200 10548
192.168.175.240 - - [25/Mar/2023:14:45:20 -0500] "GET / HTTP/1.1" 200 4720
168.119.253.11 - - [25/Mar/2023:14:46:16 -0500] "GET / HTTP/1.1" 200 319
201.245.192.253 - - [25/Mar/2023:14:46:14 -0500] "POST /kwsrmcab/Wsrmcab  HTTP/1.1" 200 41914
168.119.253.11 - - [25/Mar/2023:14:46:17 -0500] "GET / HTTP/1.1" 200 4720
192.168.175.240 - - [25/Mar/2023:14:46:20 -0500] "GET / HTTP/1.1" 200 4720
172.22.2.4 - - [25/Mar/2023:14:46:29 -0500] "GET /BLA/boletinlegal/.env HTTP/1.1" 404 1018
172.22.2.4 - - [25/Mar/2023:14:46:34 -0500] "GET /BLA/boletinlegal/actos.php HTTP/1.1" 200 9672
190.25.166.36 - - [25/Mar/2023:14:46:37 -0500] "GET /BLA/resoluciones/ HTTP/1.1" 200 13502
190.25.166.36 - - [25/Mar/2023:14:46:46 -0500] "GET /BLA/resoluciones/index.php?dir=AUTOS+2019%2F HTTP/1.1" 200 359935
52.125.136.232 - - [25/Mar/2023:14:46:54 -0500] "GET /images/jardines-verticales_optimized.jpeg HTTP/1.1" 200 138197
52.167.144.113 - - [25/Mar/2023:14:47:04 -0500] "GET /BLA/resoluciones/RESOLUCIONES%202022/4098.pdf HTTP/1.1" 200 320175
192.168.175.240 - - [25/Mar/2023:14:47:20 -0500] "GET / HTTP/1.1" 200 4720
172.22.2.4 - - [25/Mar/2023:14:46:30 -0500] "GET /BLA/boletinlegal/ HTTP/1.1" 200 36811
192.168.175.240 - - [25/Mar/2023:14:48:20 -0500] "GET / HTTP/1.1" 200 4720
192.168.175.240 - - [25/Mar/2023:14:49:20 -0500] "GET / HTTP/1.1" 200 4720
172.22.2.4 - - [25/Mar/2023:14:47:42 -0500] "HEAD /BLA/boletinlegal/ HTTP/1.1" 200 -
216.245.221.92 - - [25/Mar/2023:14:49:57 -0500] "HEAD / HTTP/1.1" 200 -
172.22.2.4 - - [25/Mar/2023:14:48:32 -0500] "GET /BLA/boletinlegal/ HTTP/1.1" 200 57551
192.168.175.240 - - [25/Mar/2023:14:50:20 -0500] "GET / HTTP/1.1" 200 4720
201.245.192.253 - - [25/Mar/2023:14:51:13 -0500] "POST /kwsrmcab/Wsrmcab  HTTP/1.1" 200 41914
192.168.175.240 - - [25/Mar/2023:14:51:20 -0500] "GET / HTTP/1.1" 200 4720
192.168.175.240 - - [25/Mar/2023:14:52:20 -0500] "GET / HTTP/1.1" 200 4720
192.168.175.240 - - [25/Mar/2023:14:53:20 -0500] "GET / HTTP/1.1" 200 4720
181.61.204.215 - - [25/Mar/2023:14:54:08 -0500] "GET /BLA/resoluciones/ HTTP/1.1" 200 13502
181.61.204.215 - - [25/Mar/2023:14:54:12 -0500] "GET /BLA/resoluciones/index.php?dir=AUTOS+2016%2F HTTP/1.1" 200 328362
192.168.175.240 - - [25/Mar/2023:14:54:20 -0500] "GET / HTTP/1.1" 200 4720
216.245.221.92 - - [25/Mar/2023:14:54:57 -0500] "HEAD / HTTP/1.1" 200 -
172.22.2.4 - - [25/Mar/2023:14:53:32 -0500] "HEAD /BLA/boletinlegal/ HTTP/1.1" 200 -
192.168.175.240 - - [25/Mar/2023:14:55:20 -0500] "GET / HTTP/1.1" 200 4720
172.22.2.4 - - [25/Mar/2023:14:54:22 -0500] "GET /BLA/boletinlegal/ HTTP/1.1" 200 57551
201.245.192.253 - - [25/Mar/2023:14:56:11 -0500] "POST /kwsrmcab/Wsrmcab  HTTP/1.1" 200 41914
192.168.175.240 - - [25/Mar/2023:14:56:20 -0500] "GET / HTTP/1.1" 200 4720
192.168.175.240 - - [25/Mar/2023:14:57:20 -0500] "GET / HTTP/1.1" 200 4720
192.168.175.240 - - [25/Mar/2023:14:58:20 -0500] "GET / HTTP/1.1" 200 4720
66.249.66.66 - - [25/Mar/2023:14:58:37 -0500] "-" 408 -
192.168.175.240 - - [25/Mar/2023:14:59:20 -0500] "GET / HTTP/1.1" 200 4720
216.245.221.92 - - [25/Mar/2023:14:59:57 -0500] "HEAD / HTTP/1.1" 200 -
192.168.175.240 - - [25/Mar/2023:15:00:20 -0500] "GET / HTTP/1.1" 200 4720
172.22.2.4 - - [25/Mar/2023:14:59:22 -0500] "HEAD /BLA/boletinlegal/ HTTP/1.1" 200 -
201.245.192.253 - - [25/Mar/2023:15:01:11 -0500] "POST /kwsrmcab/Wsrmcab  HTTP/1.1" 200 41914
192.168.175.240 - - [25/Mar/2023:15:01:20 -0500] "GET / HTTP/1.1" 200 4720
172.22.2.4 - - [25/Mar/2023:15:00:12 -0500] "GET /BLA/boletinlegal/ HTTP/1.1" 200 52720
192.168.175.240 - - [25/Mar/2023:15:02:20 -0500] "GET / HTTP/1.1" 200 4720
190.102.126.108 - - [25/Mar/2023:15:02:43 -0500] "GET /BLA/resoluciones/index.php?dir= HTTP/1.1" 200 13502
190.102.126.108 - - [25/Mar/2023:15:02:45 -0500] "GET /BLA/resoluciones/index.php?dir=AUTOS+2014%2F HTTP/1.1" 200 888406
190.102.126.108 - - [25/Mar/2023:15:02:56 -0500] "GET /BLA/resoluciones/AUTOS%202014/2461.pdf HTTP/1.1" 200 545291
192.168.175.240 - - [25/Mar/2023:15:03:20 -0500] "GET / HTTP/1.1" 200 4720
40.77.167.211 - - [25/Mar/2023:15:03:58 -0500] "GET /BLA/resoluciones/RESOLUCIONES%202021/5603.pdf HTTP/1.1" 200 445193
192.168.175.240 - - [25/Mar/2023:15:04:20 -0500] "GET / HTTP/1.1" 200 4720
186.84.89.16 - - [25/Mar/2023:15:04:46 -0500] "GET /agendate-para-participar-en-las-caminatas-ecologicas-de-febrero.html HTTP/1.1" 200 830
186.84.89.16 - - [25/Mar/2023:15:04:46 -0500] "GET /favicon.ico HTTP/1.1" 404 1136
216.245.221.92 - - [25/Mar/2023:15:04:57 -0500] "HEAD / HTTP/1.1" 200 -
172.22.2.4 - - [25/Mar/2023:15:05:10 -0500] "GET /BLA/boletinlegal/actos.php HTTP/1.1" 200 9672
172.22.2.4 - - [25/Mar/2023:15:05:11 -0500] "GET /BLA/boletinlegal/favicon.ico HTTP/1.1" 404 1326
186.102.29.164 - - [25/Mar/2023:15:05:13 -0500] "GET /BLA/resoluciones/ HTTP/1.1" 200 13502
172.22.2.4 - - [25/Mar/2023:15:05:19 -0500] "GET /BLA/boletinlegal/actos.php HTTP/1.1" 200 9672
192.168.175.240 - - [25/Mar/2023:15:05:20 -0500] "GET / HTTP/1.1" 200 4720
186.102.29.164 - - [25/Mar/2023:15:05:22 -0500] "GET /BLA/resoluciones/index.php?dir=AUTOS+2013%2F HTTP/1.1" 200 407265
201.245.192.253 - - [25/Mar/2023:15:06:10 -0500] "POST /kwsrmcab/Wsrmcab  HTTP/1.1" 200 41914
192.168.175.240 - - [25/Mar/2023:15:06:20 -0500] "GET / HTTP/1.1" 200 4720
66.249.79.113 - - [25/Mar/2023:15:06:28 -0500] "-" 408 -
34.147.120.32 - - [25/Mar/2023:15:06:34 -0500] "GET /inventario-de-emisiones-2020-transporte-publico-sitp-redujo-emisiones-de-pm-2-5-en-un-37.html HTTP/1.1" 200 925
172.22.2.4 - - [25/Mar/2023:15:05:12 -0500] "HEAD /BLA/boletinlegal/ HTTP/1.1" 200 -
172.22.2.4 - - [25/Mar/2023:15:07:09 -0500] "GET /BLA/boletinlegal/actos.php HTTP/1.1" 200 9672
192.168.175.240 - - [25/Mar/2023:15:07:20 -0500] "GET / HTTP/1.1" 200 4720
172.22.2.4 - - [25/Mar/2023:15:06:02 -0500] "GET /BLA/boletinlegal/ HTTP/1.1" 200 57551
198.74.59.35 - - [25/Mar/2023:15:08:10 -0500] "GET /BLA/boletinlegal/js/jquery.scrollShow.js HTTP/1.1" 200 4586
198.74.59.35 - - [25/Mar/2023:15:08:10 -0500] "GET /galeria/galeria/jquery.fancybox.css?v=2.1.5 HTTP/1.1" 200 4895
198.74.59.35 - - [25/Mar/2023:15:08:10 -0500] "GET /galeria/galeria/jquery.fancybox.js?v=2.1.5 HTTP/1.1" 200 48706
192.168.175.240 - - [25/Mar/2023:15:08:20 -0500] "GET / HTTP/1.1" 200 4720
192.168.175.240 - - [25/Mar/2023:15:09:20 -0500] "GET / HTTP/1.1" 200 4720
173.252.95.1 - - [25/Mar/2023:15:09:56 -0500] "GET /distrito-declara-alerta-fase-i-en-suroccidente-de-bogota-por-altas-concentraciones-de-material-particulado.html HTTP/1.1" 206 883
216.245.221.92 - - [25/Mar/2023:15:09:57 -0500] "HEAD / HTTP/1.1" 200 -
192.168.175.240 - - [25/Mar/2023:15:10:20 -0500] "GET / HTTP/1.1" 200 4720
201.245.192.253 - - [25/Mar/2023:15:11:10 -0500] "POST /kwsrmcab/Wsrmcab  HTTP/1.1" 200 41914
192.168.175.240 - - [25/Mar/2023:15:11:20 -0500] "GET / HTTP/1.1" 200 4720
192.168.175.240 - - [25/Mar/2023:15:12:20 -0500] "GET / HTTP/1.1" 200 4720
172.22.2.4 - - [25/Mar/2023:15:11:02 -0500] "HEAD /BLA/boletinlegal/ HTTP/1.1" 200 -
172.22.2.4 - - [25/Mar/2023:15:13:13 -0500] "GET /BLA/boletinlegal/actos.php HTTP/1.1" 200 9672
192.168.175.240 - - [25/Mar/2023:15:13:20 -0500] "GET / HTTP/1.1" 200 4720
172.22.2.4 - - [25/Mar/2023:15:11:52 -0500] "GET /BLA/boletinlegal/ HTTP/1.1" 200 54414
34.147.6.178 - - [25/Mar/2023:15:14:12 -0500] "GET /inventario-de-emisiones-2020-transporte-publico-sitp-redujo-emisiones-de-pm-2-5-en-un-37.html HTTP/1.1" 200 925
192.168.175.240 - - [25/Mar/2023:15:14:20 -0500] "GET / HTTP/1.1" 200 4720
172.22.2.4 - - [25/Mar/2023:15:14:36 -0500] "GET /BLA/boletinlegal/actos.php HTTP/1.1" 200 9672
216.245.221.92 - - [25/Mar/2023:15:14:57 -0500] "HEAD / HTTP/1.1" 200 -
192.168.175.240 - - [25/Mar/2023:15:15:20 -0500] "GET / HTTP/1.1" 200 4720
31.13.127.15 - - [25/Mar/2023:15:15:24 -0500] "GET /images/negocios-verdes-mayo-2022.jpg HTTP/1.1" 200 48000
172.22.2.4 - - [25/Mar/2023:15:15:50 -0500] "GET /BLA/boletinlegal/actos.php HTTP/1.1" 200 9672
201.245.192.253 - - [25/Mar/2023:15:16:09 -0500] "POST /kwsrmcab/Wsrmcab  HTTP/1.1" 200 41914
192.168.175.240 - - [25/Mar/2023:15:16:20 -0500] "GET / HTTP/1.1" 200 4720
172.22.2.4 - - [25/Mar/2023:15:16:57 -0500] "GET /BLA/boletinlegal/actos.php HTTP/1.1" 200 9672
192.168.175.240 - - [25/Mar/2023:15:17:20 -0500] "GET / HTTP/1.1" 200 4720
192.168.175.240 - - [25/Mar/2023:15:18:20 -0500] "GET / HTTP/1.1" 200 4720
172.22.2.4 - - [25/Mar/2023:15:16:52 -0500] "HEAD /BLA/boletinlegal/ HTTP/1.1" 200 -
192.168.175.240 - - [25/Mar/2023:15:19:20 -0500] "GET / HTTP/1.1" 200 4720
172.22.2.4 - - [25/Mar/2023:15:17:42 -0500] "GET /BLA/boletinlegal/ HTTP/1.1" 200 53104
216.245.221.92 - - [25/Mar/2023:15:19:57 -0500] "HEAD / HTTP/1.1" 200 -
201.245.192.253 - - [25/Mar/2023:15:20:08 -0500] "POST /kwsrmcab/Wsrmcab HTTP/1.1" 200 42743
201.245.192.253 - - [25/Mar/2023:15:20:11 -0500] "POST /kwsrmcab/Wsrmcab HTTP/1.1" 200 43467
192.168.175.240 - - [25/Mar/2023:15:20:20 -0500] "GET / HTTP/1.1" 200 4720
172.22.2.4 - - [25/Mar/2023:15:20:59 -0500] "GET /BLA/boletinlegal/actos.php HTTP/1.1" 200 9672
201.245.192.253 - - [25/Mar/2023:15:21:08 -0500] "POST /kwsrmcab/Wsrmcab  HTTP/1.1" 200 41914
192.168.175.240 - - [25/Mar/2023:15:21:20 -0500] "GET / HTTP/1.1" 200 4720
192.168.175.240 - - [25/Mar/2023:15:22:20 -0500] "GET / HTTP/1.1" 200 4720
157.55.39.217 - - [25/Mar/2023:15:23:17 -0500] "GET /BLA/resoluciones/RESOLUCIONES%202010/2450.pdf HTTP/1.1" 200 488427
192.168.175.240 - - [25/Mar/2023:15:23:20 -0500] "GET / HTTP/1.1" 200 4720
192.168.175.240 - - [25/Mar/2023:15:24:20 -0500] "GET / HTTP/1.1" 200 4720
172.22.2.4 - - [25/Mar/2023:15:22:42 -0500] "HEAD /BLA/boletinlegal/ HTTP/1.1" 200 -
52.167.144.71 - - [25/Mar/2023:15:24:34 -0500] "GET /BLA/resoluciones/AUTOS%202017/3721.pdf HTTP/1.1" 200 1313053
216.245.221.92 - - [25/Mar/2023:15:24:57 -0500] "HEAD / HTTP/1.1" 200 -
172.22.2.4 - - [25/Mar/2023:15:23:32 -0500] "GET /BLA/boletinlegal/ HTTP/1.1" 200 58653
192.168.175.240 - - [25/Mar/2023:15:25:20 -0500] "GET / HTTP/1.1" 200 4720
201.245.192.253 - - [25/Mar/2023:15:26:07 -0500] "POST /kwsrmcab/Wsrmcab  HTTP/1.1" 200 41914
192.168.175.240 - - [25/Mar/2023:15:26:20 -0500] "GET / HTTP/1.1" 200 4720
173.252.95.7 - - [25/Mar/2023:15:26:28 -0500] "GET /secretaria-de-ambiente-hace-seguimiento-a-la-calidad-del-aire-producto-de-incendio-a-las-afueras-de-bogota.html HTTP/1.1" 206 922
52.167.144.113 - - [25/Mar/2023:15:26:30 -0500] "GET /BLA/resoluciones/AUTOS%202021/0642.pdf HTTP/1.1" 304 -
192.168.175.240 - - [25/Mar/2023:15:27:20 -0500] "GET / HTTP/1.1" 200 4720
173.252.111.5 - - [25/Mar/2023:15:28:01 -0500] "GET /images/calidad-aire-2-marzo-1_optimized.jpeg HTTP/1.1" 200 51562
173.252.111.5 - - [25/Mar/2023:15:28:02 -0500] "GET /images/idpyba-4-marzo-1_optimized.jpeg HTTP/1.1" 200 115318
173.252.111.15 - - [25/Mar/2023:15:28:02 -0500] "GET /images/28%20de%20febrero%20operativo.jpeg HTTP/1.1" 200 62220
173.252.111.117 - - [25/Mar/2023:15:28:02 -0500] "GET /images/empresas-alertas_optimized.jpeg HTTP/1.1" 200 142365
173.252.111.3 - - [25/Mar/2023:15:28:02 -0500] "GET /images/24%20de%20febrero%20Sendero%20guadalupe%202.jpeg HTTP/1.1" 200 70964
173.252.111.118 - - [25/Mar/2023:15:28:02 -0500] "GET /images/calidad-del-aire-suroccidental_optimized.jpeg HTTP/1.1" 200 175446
173.252.111.18 - - [25/Mar/2023:15:28:07 -0500] "GET /images/Puntos%20calientes%2024%20de%20febrero.jpeg HTTP/1.1" 200 42626
192.168.175.240 - - [25/Mar/2023:15:28:20 -0500] "GET / HTTP/1.1" 200 4720
192.168.175.240 - - [25/Mar/2023:15:29:20 -0500] "GET / HTTP/1.1" 200 4720
216.245.221.92 - - [25/Mar/2023:15:29:57 -0500] "HEAD / HTTP/1.1" 200 -
157.55.39.225 - - [25/Mar/2023:15:30:00 -0500] "-" 408 -
201.245.192.253 - - [25/Mar/2023:15:30:08 -0500] "POST /kwsrmcab/Wsrmcab HTTP/1.1" 200 42743
172.22.2.4 - - [25/Mar/2023:15:28:32 -0500] "HEAD /BLA/boletinlegal/ HTTP/1.1" 200 -
201.245.192.253 - - [25/Mar/2023:15:30:11 -0500] "POST /kwsrmcab/Wsrmcab HTTP/1.1" 200 43467
192.168.175.240 - - [25/Mar/2023:15:30:20 -0500] "GET / HTTP/1.1" 200 4720
172.22.2.4 - - [25/Mar/2023:15:29:22 -0500] "GET /BLA/boletinlegal/ HTTP/1.1" 200 57141
201.245.192.253 - - [25/Mar/2023:15:31:06 -0500] "POST /kwsrmcab/Wsrmcab  HTTP/1.1" 200 41914
192.168.175.240 - - [25/Mar/2023:15:31:20 -0500] "GET / HTTP/1.1" 200 4720
66.220.149.24 - - [25/Mar/2023:15:32:03 -0500] "GET /images/calidad-aire-2-marzo-1_optimized.jpeg HTTP/1.1" 200 51562
52.167.144.113 - - [25/Mar/2023:15:32:18 -0500] "GET /BLA/resoluciones/ HTTP/1.1" 200 13502
192.168.175.240 - - [25/Mar/2023:15:32:20 -0500] "GET / HTTP/1.1" 200 4720
52.167.144.71 - - [25/Mar/2023:15:32:35 -0500] "GET /BLA/resoluciones/dlf/styles.css HTTP/1.1" 200 3049
192.168.175.240 - - [25/Mar/2023:15:33:20 -0500] "GET / HTTP/1.1" 200 4720
192.168.175.240 - - [25/Mar/2023:15:34:20 -0500] "GET / HTTP/1.1" 200 4720
66.249.83.40 - - [25/Mar/2023:15:34:34 -0500] "GET /images/jardines-verticales_optimized.jpeg HTTP/1.1" 200 138197
52.167.144.167 - - [25/Mar/2023:15:34:42 -0500] "GET /BLA/resoluciones/index.php?dir=RESOLUCIONES+2023%2F HTTP/1.1" 200 10548
181.59.3.152 - - [25/Mar/2023:15:34:42 -0500] "GET /%C3%82%C2%BFquieres-aprender-sobre-jardines-verticales-esta-es-tu-oportunidad.html HTTP/1.1" 200 925
216.245.221.92 - - [25/Mar/2023:15:34:57 -0500] "HEAD / HTTP/1.1" 200 -
190.25.166.36 - - [25/Mar/2023:15:35:05 -0500] "GET /BLA/resoluciones/ HTTP/1.1" 200 13502
192.168.175.240 - - [25/Mar/2023:15:35:20 -0500] "GET / HTTP/1.1" 200 4720
190.25.166.36 - - [25/Mar/2023:15:35:22 -0500] "GET /BLA/resoluciones/index.php?dir=RESOLUCIONES+2019%2F HTTP/1.1" 200 250856
52.167.144.113 - - [25/Mar/2023:15:35:40 -0500] "GET /BLA/resoluciones/AUTOS%202022/4971.pdf HTTP/1.1" 304 -
200.87.208.241 - - [25/Mar/2023:15:36:01 -0500] "GET /distrito-anuncia-areas-potenciales-para-la-creacion-de-21-bosques-urbanos-y-avanza-en-la-meta-de-sembrar-802-000-arboles.html HTTP/1.1" 200 928
172.22.2.4 - - [25/Mar/2023:15:34:22 -0500] "HEAD /BLA/boletinlegal/ HTTP/1.1" 200 -
190.25.166.36 - - [25/Mar/2023:15:36:05 -0500] "GET /BLA/resoluciones/ HTTP/1.1" 200 13502
201.245.192.253 - - [25/Mar/2023:15:36:05 -0500] "POST /kwsrmcab/Wsrmcab  HTTP/1.1" 200 41914
190.25.166.36 - - [25/Mar/2023:15:36:08 -0500] "GET /BLA/resoluciones/index.php?dir=RESOLUCIONES+2021%2F HTTP/1.1" 200 438966
192.168.175.240 - - [25/Mar/2023:15:36:20 -0500] "GET / HTTP/1.1" 200 4720
66.249.79.115 - - [25/Mar/2023:15:36:27 -0500] "-" 408 -
172.22.2.4 - - [25/Mar/2023:15:35:12 -0500] "GET /BLA/boletinlegal/ HTTP/1.1" 200 57551
66.249.66.44 - - [25/Mar/2023:15:36:53 -0500] "-" 408 -
192.168.175.240 - - [25/Mar/2023:15:37:20 -0500] "GET / HTTP/1.1" 200 4720
192.168.175.240 - - [25/Mar/2023:15:38:20 -0500] "GET / HTTP/1.1" 200 4720
192.168.175.240 - - [25/Mar/2023:15:39:20 -0500] "GET / HTTP/1.1" 200 4720
186.29.35.72 - - [25/Mar/2023:15:39:22 -0500] "GET /mujeres-que-reverdecen-secretaria-de-ambiente-anuncia-el-inicio-de-la-tercera-fase.html HTTP/1.1" 200 954
216.245.221.92 - - [25/Mar/2023:15:39:57 -0500] "HEAD / HTTP/1.1" 200 -
201.245.192.253 - - [25/Mar/2023:15:40:08 -0500] "POST /kwsrmcab/Wsrmcab HTTP/1.1" 200 42743
201.245.192.253 - - [25/Mar/2023:15:40:11 -0500] "POST /kwsrmcab/Wsrmcab HTTP/1.1" 200 43467
192.168.175.240 - - [25/Mar/2023:15:40:20 -0500] "GET / HTTP/1.1" 200 4720
172.22.2.4 - - [25/Mar/2023:15:40:39 -0500] "GET /BLA/boletinlegal/actos.php HTTP/1.1" 200 9672
186.102.42.83 - - [25/Mar/2023:15:40:40 -0500] "GET /kwssiamovil/sm/ldap/au?x=U2FsdGVkX187VChiJ9xP3dO35Zff3oDR0DhsgnFY0dG0pro6zM847yQoucM55Na7&y=U2FsdGVkX1/V+L2elhjevfWhee6BdE4l86t7xLjw2+lXHMpiMQbwDpM6eDuSeMVU HTTP/1.1" 200 30
186.102.42.83 - - [25/Mar/2023:15:40:41 -0500] "GET /kwssiamovil/sm/acme/s?s=U2FsdGVkX1+jfC2tNnCtRBGzSlPPT/ckqayhKn6/nBqnNWwi6yxxFuFw0zbEVv5ywsOKWjwm7M3WtwE4sSuxjMHnxMsShuPnyzn9HxxA3WY=&u=U2FsdGVkX18UcJHcO21mHsN89mWyGsxksnkY0YSKGJk=&y=U2FsdGVkX1/V+L2elhjevfWhee6BdE4l86t7xLjw2+lXHMpiMQbwDpM6eDuSeMVU HTTP/1.1" 200 97
