186.102.42.83 - - [25/Mar/2023:15:40:41 -0500] "GET /kwssiamovil/sm/acme/s?s=U2FsdGVkX1+sjyDIguNug4T27am5NE1YnZj45z+41znLHDcR/wYJkQzSdFsb2T+74B2zmC+1I9Yr39d05bLzGVxzojvZoDl+DIx39/+MR6v2j2XtmgIFmmRKr5TRKqnwQSZ/z4yMhNrjM4QWumpYXR5YKYGlqIJ71lFB2lZLCJZIzpHCFZZXEc6euPVUbfgDwx6GmijlkcEWtYEgwN9qp9+qXFBQccVEJrMWMLbHViqLjiPczow0t/hNmGHbixsGVauvEIMRWRtGI7fDMS2deDQIPZ4+0hOFrPw7LeVX0NI9WAOLg94FnH5TU6yWzuzVwYzo7HGAnVgmuVpXkCx77AASU5h5GlbC2J6oNvixlE4o9982f/tM9PfiF/3f+X9Y1/J702hQVsqf5PDdprzEyarVTntSYBqkPpnEm31jedInzvab+xjejc6A0IdJaeggzFGC0czAmSKJW4LPpI7BlQcIdgOpHw2qOle9cNNvJTPA0qiHPcx37Gu4b9CBKpOtOig9mIwaqx4qFPd2l89MMWyehy+j+/rMVuZuwl0utyO5PHpRKi1jMkVXgyv2r+n66GCe5a7T++L46r/+kkL0W0MBaGRNVK8ds/JjfIBtS2368H1lud0lwyHKmw7EoQZGyCrrR2JyFtUg8Lwnu7e895IM/YQVu0OXfkEH89e07J5UzEQszBV9I8KCHeP+7+0MXL3g4bHtJ4oMszjxcvBkNfafzxD2V29+WzdPchBuEHu0f0ESVPaqsLeAuQhNparTspapgcRHxOx8Iuu1eDGzQyLLNVKRcIbqEFtO4tnyj4jSxCfj6pxmPs+1V2aeTehfLqV/g9CybiJbGAiETk95bXMX9NSHtCWe/hEBvev9TnwMSnNI81BuzY8IrSiSZqRt8TjYNZM1ZVVwdJ5u51EHR+CiHf/dsXuJmq8UDCkEaoNayXfHWvCq7TtQZSA2o6WPtaQs91wPIy9cAYO26lK/clz7JcACWcAtlzidbTGE/5/FVinWnzqNYZBcATDvmHjZoYCLLzKvh0OfM2DLbm+29YV1FeGjXj964L4BxEcATfi7KBwkzSbmk9gxoq3Sbm9YEZP9I1U5CBKkDuTFOQiyMxDwAnhF8mYrNEpvzeKyB17ku1slqEfxxVGmD7mRHmTyFWmCxaM/NtRoipXF6LKqg4M9Rp5BXwvuH+7jUO0OvbJUGE3pHJr5LGB3yW6oMhG/Tqt6tjCyv703p1DJeHWMjg7XQ7PybrGKO3xElQVALJ6g+G0VkbYu24e8v+EhIu9/X29rBJ5vkq4sjvtzwRvD8Nb1Wh2QETvCEsDdEIDPsCSM5wQ6fv5ajGOe/Yav+KnyzTrO7esTxIjSDIMK3MWD9YtMltv8j8WzRDLcXvbVmbic0WIO2K6qX81fhWSq6P8rcaBhy9UE8WhMN97BmGBpQX9bWV/4XFII9eFuYllVm6Y=&u=U2FsdGVkX18UcJHcO21mHsN89mWyGsxksnkY0YSKGJk=&y=U2FsdGVkX1/V+L2elhjevfWhee6BdE4l86t7xLjw2+lXHMpiMQbwDpM6eDuSeMVU HTTP/1.1" 200 591
186.102.42.83 - - [25/Mar/2023:15:40:41 -0500] "GET /kwssiamovil/sm/acme/s?s=U2FsdGVkX18x1IgI+mKA2MOqBZJmMtkhQnB7zmia+oUfFDqHWikazpHeyA6G/iqL6Yg9QaVP2uhT+LZRuhe342ZmshtiEGMVo0ith+bE7L2dPO+IBvUjNkgKNd1phdhtwp/AA+HVhZvImjkcB6iihQg82aaZxA9bE1iJM+XYncX5cRWPZdi20AeDTh+BwW2CLALjHgWtWlEMxBA59fHrLKqgZwiOYM70u7SeluCMCmv16D9rXuidNpvZKdsTqJ0w3vaIyN2YUYwWDUzvZJ+lR4ZmoC5XHC9hJFxKLMBYfYORXn6I7u7jIrogOqwxZv5XYH0RS1v2gs8IEJx/hs5mTssQNZ5i/8ixRZv/rOWujSI=&u=U2FsdGVkX18UcJHcO21mHsN89mWyGsxksnkY0YSKGJk=&y=U2FsdGVkX1/V+L2elhjevfWhee6BdE4l86t7xLjw2+lXHMpiMQbwDpM6eDuSeMVU HTTP/1.1" 200 196
181.61.204.215 - - [25/Mar/2023:15:40:42 -0500] "GET /BLA/resoluciones/ HTTP/1.1" 200 13502
186.102.42.83 - - [25/Mar/2023:15:40:41 -0500] "GET /kwssiamovil/sm/cjson/pre?f=1&x=U2FsdGVkX187VChiJ9xP3dO35Zff3oDR0DhsgnFY0dG0pro6zM847yQoucM55Na7 HTTP/1.1" 200 31032
181.61.204.215 - - [25/Mar/2023:15:40:50 -0500] "GET /BLA/resoluciones/index.php?dir=AUTOS+2014%2F HTTP/1.1" 200 888406
181.61.204.215 - - [25/Mar/2023:15:41:04 -0500] "GET /BLA/resoluciones/index.php?dir=AUTOS+2015%2F HTTP/1.1" 200 580582
186.102.42.83 - - [25/Mar/2023:15:41:06 -0500] "GET /kwssiamovil/sm/acme/u?s=U2FsdGVkX1/6aKAs1SZftkKgNR4LXwltOeDC15I+N6xPfzwgseBKdOc/Mwh8DB1g/eYLrEA3P1LdNMuuD3qB6Y5fTiUTWOIkMNgGwIj0bXJMOSNC6CgnYSxxC03Do3kAEp/Mfv+TElTEi+6BrrlZQqs+ILOzLEUTqPn22SmEg8M=&u=U2FsdGVkX18UcJHcO21mHsN89mWyGsxksnkY0YSKGJk=&y=U2FsdGVkX1/V+L2elhjevfWhee6BdE4l86t7xLjw2+lXHMpiMQbwDpM6eDuSeMVU HTTP/1.1" 200 60
201.245.192.253 - - [25/Mar/2023:15:41:04 -0500] "POST /kwsrmcab/Wsrmcab  HTTP/1.1" 200 41914
181.61.204.215 - - [25/Mar/2023:15:41:11 -0500] "GET /BLA/resoluciones/index.php?dir=AUTOS+2016%2F HTTP/1.1" 200 328362
179.43.177.242 - - [25/Mar/2023:15:41:14 -0500] "GET / HTTP/1.1" 200 319
181.61.204.215 - - [25/Mar/2023:15:41:18 -0500] "GET /BLA/resoluciones/index.php?dir=AUTOS+2017%2F HTTP/1.1" 200 464237
192.168.175.240 - - [25/Mar/2023:15:41:20 -0500] "GET / HTTP/1.1" 200 4720
181.61.113.60 - - [25/Mar/2023:15:41:24 -0500] "GET /sipse/faces/javax.faces.resource/theme.css?ln=primefaces-sipse HTTP/1.1" 304 -
181.61.113.60 - - [25/Mar/2023:15:41:24 -0500] "GET /sipse/faces/faces/autenticacion.xhtml HTTP/1.1" 200 12179
181.61.113.60 - - [25/Mar/2023:15:41:24 -0500] "GET /sipse/js/disable_browser_buttons.js HTTP/1.1" 304 -
181.61.113.60 - - [25/Mar/2023:15:41:24 -0500] "GET /sipse/css/custom_css_sg.css HTTP/1.1" 304 -
181.61.113.60 - - [25/Mar/2023:15:41:24 -0500] "GET /sipse/css/custom_css_sg_prime_login.css HTTP/1.1" 304 -
181.61.113.60 - - [25/Mar/2023:15:41:24 -0500] "GET /sipse/faces/javax.faces.resource/layout/layout.css?ln=primefaces&v=4.0 HTTP/1.1" 304 -
181.61.113.60 - - [25/Mar/2023:15:41:24 -0500] "GET /sipse/faces/javax.faces.resource/primefaces.css?ln=primefaces&v=4.0 HTTP/1.1" 304 -
181.61.113.60 - - [25/Mar/2023:15:41:24 -0500] "GET /sipse/faces/javax.faces.resource/theme.css?ln=primefaces-sipse HTTP/1.1" 304 -
181.61.113.60 - - [25/Mar/2023:15:41:24 -0500] "GET /sipse/js/funciones.js HTTP/1.1" 304 -
181.61.113.60 - - [25/Mar/2023:15:41:24 -0500] "GET /sipse/faces/javax.faces.resource/jquery/jquery-plugins.js?ln=primefaces&v=4.0 HTTP/1.1" 304 -
181.61.113.60 - - [25/Mar/2023:15:41:24 -0500] "GET /sipse/faces/javax.faces.resource/jquery/jquery.js?ln=primefaces&v=4.0 HTTP/1.1" 304 -
181.61.113.60 - - [25/Mar/2023:15:41:24 -0500] "GET /sipse/faces/javax.faces.resource/primefaces.js?ln=primefaces&v=4.0 HTTP/1.1" 304 -
181.61.113.60 - - [25/Mar/2023:15:41:24 -0500] "GET /sipse/faces/javax.faces.resource/layout/layout.js?ln=primefaces&v=4.0 HTTP/1.1" 304 -
181.61.113.60 - - [25/Mar/2023:15:41:24 -0500] "GET /sipse/css/imagen/logoSDG.png HTTP/1.1" 304 -
181.61.113.60 - - [25/Mar/2023:15:41:24 -0500] "GET /sipse/css/imagen/loginimg.png HTTP/1.1" 304 -
181.61.113.60 - - [25/Mar/2023:15:41:24 -0500] "GET /sipse/faces/javax.faces.resource/images/ui-icons_898989_256x240.png?ln=primefaces-aristo HTTP/1.1" 304 -
181.61.204.215 - - [25/Mar/2023:15:41:28 -0500] "GET /BLA/resoluciones/index.php?dir=AUTOS+2014%2F HTTP/1.1" 200 888406
172.22.2.4 - - [25/Mar/2023:15:40:12 -0500] "HEAD /BLA/boletinlegal/ HTTP/1.1" 200 -
186.102.42.83 - - [25/Mar/2023:15:42:10 -0500] "GET /kwssiamovil/sm/ldap/au?x=U2FsdGVkX19bEWL3nlAL5+qMOHi9QfjVtHV9iFQdbT1DTT80zOZql+DY7zC4TYOh&y=U2FsdGVkX19tmETeCTAVL7dS190P1yHXajtRFJEccxzfkh5zZd4dQvo+ubec+ZlG HTTP/1.1" 200 30
186.102.42.83 - - [25/Mar/2023:15:42:11 -0500] "GET /kwssiamovil/sm/acme/s?s=U2FsdGVkX18YsO0OL2qoEYvP7UQsEJq+gVPWIMBv0SEKnSO73ZjjnpOf6OgafM+vJ9sewYuQHlKb9Ke/JFARDqi4a+Wk2THHTUjYhTkN0p4=&u=U2FsdGVkX1+zVupwDnbxCHlzfjHOPH7lbgEf1lJ3Hec=&y=U2FsdGVkX19tmETeCTAVL7dS190P1yHXajtRFJEccxzfkh5zZd4dQvo+ubec+ZlG HTTP/1.1" 200 97
186.102.42.83 - - [25/Mar/2023:15:42:11 -0500] "GET /kwssiamovil/sm/acme/s?s=U2FsdGVkX1/cEqRzUNy9sQ5TyCsH5PJWeMc5fA4vadyJx8/BtLDEK/AfxUiaCsW2oJWSbQBsK5RsZHNSqQ8jMUoHsVBGF4GvEnLPf/8XI/tvQRmX3hlcLKssMSeE3C2JSr/gw0048sUHezn/h6cd2ph4w7C01nj7BeNfrF5m4FWSnEx7obU8bjTa9el7ngiBMSNCfyo1TjIM62KeGt5nh48JQSNaAGS0YiNJ8pTbxsQjNdmTLG4Rl0fkB3rvyEp9jTYwfyUYJm7kEioYdOLAGskI8a3Lt1TOnFx7nfxawYxksg4LyX94gPHxKvYg3gzIcx/aicQ+0viQWY7HspnyzWu0Is/aIMTww3P8g4B5ggrqN+cWHJfxShMbBbZhfudblkOt21Iwjv19Q6I1ZHlKoowNicgclvhmYH/fQ3xkjQqZwmEy6lhYLXJ8AXrbhW+FQ7+dylgF/bU9HtWOt9TJVogCfXRsh0x2EBajY/XZnlFha+XKGnpCMo3VaDmaHswmIQPT0NMiBkC9P0sm7xAllEeS1S99xaeeTm6azhqndO+At+AJjZFvYp+xdkS/PUf2kOpWktKsujLH3l03O4XQrvnyFbVdw47U5s9kxjuvQege1SRVYQkWhwc2ezZwcRuSogecch+ugNTtJO48+GtcW3sQdiqsQP9+Dm7Ttp97m3ZDy4g6IDk+wbhvHVe/cwDb5EHfgwsW41VZOzkX2Zx2dJHsDcKojQrZmGhw3dBrCNmJgBcb1LNM0lJfXBUvdkDV+XpYBnGnVzvSLBOUe/O+n0xXkLgGPjT4Ji/fXSq8FbOQ37VQTLSG3xJcihQKLfeB2rAFeVFC8oZlPpoIMw5G/y9TtSAaIzxw2zq/vmKZFNaAZMmnHvs9BBVEW4btvjzlMFVZtB/o32ZjwzUAq31W+uG5z3DdLPAshKcDzxn19hXgY5yRdKmI8WkVxSnVxoy6cK0qKS8xdpS7OL2ddQS0BnotKTiYWUP9x8oLIM98Z6Es+MYeXbvh0gJR//Q93VF3K4uNwiFJLmtaGZiIpJiXlEShj2pnOxJVN4lmKQtLfzYIObwNzy3rQoEL3L1jaNjBocN2+1O5ueW0+55lfPnh3VSeuFn6IfdffPvpKd/6zmuJMNS/inAgPotx9YvIyRYqI05i+S1UpNQPXeWf2Qwa8hwhas1qH5LCUhGH/zzM+aN0M5Uy0isQuxX5qFsd9eraYINlRvUkoGmFmv0AnpZmvzzfQI6lTcZ/uENl7UoAQQICnPHs5QseojKOrNg7pq0jQvjEgH9RvzEOKzGxGSOuMV41nhz6LJQva83N5wHwl9TniD2Q50OC5iAKD4oqgb+BgnzEF0gnWQ4mTiEkj0FtU82375cGI/BV5I1m1SDFCgM7iZNREc48XiehkRNCkLOXaGx+siQ28WnTCrSOXZLnGZd5qbflQW0ZcGiyqDRuR3Y=&u=U2FsdGVkX1+zVupwDnbxCHlzfjHOPH7lbgEf1lJ3Hec=&y=U2FsdGVkX19tmETeCTAVL7dS190P1yHXajtRFJEccxzfkh5zZd4dQvo+ubec+ZlG HTTP/1.1" 200 591
186.102.42.83 - - [25/Mar/2023:15:42:11 -0500] "GET /kwssiamovil/sm/acme/s?s=U2FsdGVkX1+pDmS0Mz29hvZn4H3tkX4pb9fJ72WyV/jG715tUARReLxc0mtpLiMcvg8LyoHoau+5Li2gzL8u2Y9SvkxSyChYa4kNrH9Zh5Gm0yASrUNN03z39bG6PLOBDOwukVtSwfsz0dCm5IXYY5OpItz6HzXiMNxr8ldwAcCtw63L1uRjtKgfm2vFeDYTDzjCq0CC76YmPTyABuoc8+rWXjw/Hm412u+EgjXxU53KqZ30gZBBusUY+8mnx0IFjBdg7s3ag+rC05wiq1v0jDSrfXGF1BGVzp8a1RarqR6v8yWanLnjGxqQiz8zU6fCXNaLuP4QRefAh6Z83YSIVXcG0TkXohXT0uPFdks/F9s=&u=U2FsdGVkX1+zVupwDnbxCHlzfjHOPH7lbgEf1lJ3Hec=&y=U2FsdGVkX19tmETeCTAVL7dS190P1yHXajtRFJEccxzfkh5zZd4dQvo+ubec+ZlG HTTP/1.1" 200 196
186.102.42.83 - - [25/Mar/2023:15:42:11 -0500] "GET /kwssiamovil/sm/cjson/pre?f=1&x=U2FsdGVkX19bEWL3nlAL5+qMOHi9QfjVtHV9iFQdbT1DTT80zOZql+DY7zC4TYOh HTTP/1.1" 200 31032
172.22.2.4 - - [25/Mar/2023:15:40:38 -0500] "GET /BLA/boletinlegal/ HTTP/1.1" 200 51022
192.168.175.240 - - [25/Mar/2023:15:42:20 -0500] "GET / HTTP/1.1" 200 4720
186.102.42.83 - - [25/Mar/2023:15:42:39 -0500] "GET /kwssiamovil/sm/acme/u?s=U2FsdGVkX18YLtagCPZvV6oWsjaCtP+oztPAJz/4ybANpp2yIMnhgsOHPZizl1HORuE3uDdTdjuKVOluJNzPbMJnfoAvPuPLFlvTS1MgVfFzS8uZPHpBZKpn9sOFsbCJOKmrkNE65rL7tcib8a0G0eHtvKnbN2/llJJ5MFyLFNU=&u=U2FsdGVkX1+zVupwDnbxCHlzfjHOPH7lbgEf1lJ3Hec=&y=U2FsdGVkX19tmETeCTAVL7dS190P1yHXajtRFJEccxzfkh5zZd4dQvo+ubec+ZlG HTTP/1.1" 200 60
172.22.2.4 - - [25/Mar/2023:15:41:02 -0500] "GET /BLA/boletinlegal/ HTTP/1.1" 200 53104
192.168.175.240 - - [25/Mar/2023:15:43:20 -0500] "GET / HTTP/1.1" 200 4720
66.249.66.10 - - [25/Mar/2023:15:43:51 -0500] "-" 408 -
181.61.204.215 - - [25/Mar/2023:15:44:04 -0500] "GET /BLA/resoluciones/index.php?dir=AUTOS+2015%2F HTTP/1.1" 200 580582
181.61.204.215 - - [25/Mar/2023:15:44:18 -0500] "GET /BLA/resoluciones/AUTOS%202015/0073.pdf HTTP/1.1" 200 566761
192.168.175.240 - - [25/Mar/2023:15:44:20 -0500] "GET / HTTP/1.1" 200 4720
181.61.204.215 - - [25/Mar/2023:15:44:32 -0500] "GET /BLA/resoluciones/index.php?dir=AUTOS+2023%2F HTTP/1.1" 200 9149
181.61.204.215 - - [25/Mar/2023:15:44:41 -0500] "GET /BLA/resoluciones/index.php?dir=AUTOS+2022%2F HTTP/1.1" 200 452522
181.61.204.215 - - [25/Mar/2023:15:44:48 -0500] "GET /BLA/resoluciones/index.php?dir=AUTOS+2013%2F HTTP/1.1" 200 407265
201.245.192.253 - - [25/Mar/2023:15:44:50 -0500] "GET /sipse/faces/faces/faces/autenticacion.xhtml HTTP/1.1" 200 12501
201.245.192.253 - - [25/Mar/2023:15:44:51 -0500] "GET /sipse/js/disable_browser_buttons.js HTTP/1.1" 304 -
201.245.192.253 - - [25/Mar/2023:15:44:51 -0500] "GET /sipse/js/funciones.js HTTP/1.1" 304 -
201.245.192.253 - - [25/Mar/2023:15:44:51 -0500] "GET /sipse/css/custom_css_sg.css HTTP/1.1" 200 9694
201.245.192.253 - - [25/Mar/2023:15:44:51 -0500] "GET /sipse/css/custom_css_sg_prime_login.css HTTP/1.1" 304 -
201.245.192.253 - - [25/Mar/2023:15:44:51 -0500] "GET /sipse/faces/javax.faces.resource/layout/layout.css;jsessionid=RZPKOg+HUNWZj+sxExjPHgz1.undefined?ln=primefaces&v=4.0 HTTP/1.1" 200 542
201.245.192.253 - - [25/Mar/2023:15:44:51 -0500] "GET /sipse/faces/javax.faces.resource/theme.css?ln=primefaces-sipse HTTP/1.1" 304 -
201.245.192.253 - - [25/Mar/2023:15:44:51 -0500] "GET /sipse/faces/javax.faces.resource/layout/layout.js;jsessionid=RZPKOg+HUNWZj+sxExjPHgz1.undefined?ln=primefaces&v=4.0 HTTP/1.1" 200 87560
201.245.192.253 - - [25/Mar/2023:15:44:51 -0500] "GET /sipse/faces/javax.faces.resource/primefaces.css;jsessionid=RZPKOg+HUNWZj+sxExjPHgz1.undefined?ln=primefaces&v=4.0 HTTP/1.1" 200 53295
201.245.192.253 - - [25/Mar/2023:15:44:51 -0500] "GET /sipse/faces/javax.faces.resource/primefaces.js;jsessionid=RZPKOg+HUNWZj+sxExjPHgz1.undefined?ln=primefaces&v=4.0 HTTP/1.1" 200 276924
201.245.192.253 - - [25/Mar/2023:15:44:51 -0500] "GET /sipse/faces/javax.faces.resource/jquery/jquery.js;jsessionid=RZPKOg+HUNWZj+sxExjPHgz1.undefined?ln=primefaces&v=4.0 HTTP/1.1" 200 105384
201.245.192.253 - - [25/Mar/2023:15:44:51 -0500] "GET /sipse/faces/javax.faces.resource/jquery/jquery-plugins.js;jsessionid=RZPKOg+HUNWZj+sxExjPHgz1.undefined?ln=primefaces&v=4.0 HTTP/1.1" 200 220526
201.245.192.253 - - [25/Mar/2023:15:44:51 -0500] "GET /sipse/faces/javax.faces.resource/images/ui-icons_898989_256x240.png?ln=primefaces-aristo HTTP/1.1" 200 5355
201.245.192.253 - - [25/Mar/2023:15:44:51 -0500] "GET /sipse/css/imagen/logoSDG.png HTTP/1.1" 200 53064
201.245.192.253 - - [25/Mar/2023:15:44:51 -0500] "GET /sipse/css/imagen/loginimg.png HTTP/1.1" 200 71635
201.245.192.253 - - [25/Mar/2023:15:44:51 -0500] "GET /favicon.ico HTTP/1.1" 200 7782
201.245.192.253 - - [25/Mar/2023:15:44:51 -0500] "GET /sipse/faces/faces/faces/index.xhtml HTTP/1.1" 200 677
201.245.192.253 - - [25/Mar/2023:15:44:51 -0500] "GET /sipse/faces/javax.faces.resource/theme.css?ln=primefaces-sipse HTTP/1.1" 304 -
201.245.192.253 - - [25/Mar/2023:15:44:51 -0500] "GET /sipse/faces/faces/faces/faces/autenticacion.xhtml HTTP/1.1" 200 12179
201.245.192.253 - - [25/Mar/2023:15:44:51 -0500] "GET /sipse/faces/javax.faces.resource/theme.css?ln=primefaces-sipse HTTP/1.1" 304 -
201.245.192.253 - - [25/Mar/2023:15:44:51 -0500] "GET /sipse/faces/javax.faces.resource/layout/layout.css?ln=primefaces&v=4.0 HTTP/1.1" 200 542
201.245.192.253 - - [25/Mar/2023:15:44:51 -0500] "GET /sipse/faces/javax.faces.resource/jquery/jquery.js?ln=primefaces&v=4.0 HTTP/1.1" 304 -
201.245.192.253 - - [25/Mar/2023:15:44:51 -0500] "GET /sipse/faces/javax.faces.resource/jquery/jquery-plugins.js?ln=primefaces&v=4.0 HTTP/1.1" 304 -
201.245.192.253 - - [25/Mar/2023:15:44:51 -0500] "GET /sipse/faces/javax.faces.resource/primefaces.js?ln=primefaces&v=4.0 HTTP/1.1" 304 -
201.245.192.253 - - [25/Mar/2023:15:44:51 -0500] "GET /sipse/faces/javax.faces.resource/layout/layout.js?ln=primefaces&v=4.0 HTTP/1.1" 304 -
201.245.192.253 - - [25/Mar/2023:15:44:51 -0500] "GET /sipse/faces/javax.faces.resource/primefaces.css?ln=primefaces&v=4.0 HTTP/1.1" 200 53295
201.245.192.253 - - [25/Mar/2023:15:44:53 -0500] "POST /sipse/faces/autenticacion.xhtml HTTP/1.1" 200 11165
201.245.192.253 - - [25/Mar/2023:15:44:53 -0500] "GET /sipse/css/custom_css_sg_prime.css HTTP/1.1" 200 5201
201.245.192.253 - - [25/Mar/2023:15:44:53 -0500] "GET /sipse/faces/javax.faces.resource/jquery/jquery.js?ln=primefaces&v=4.0 HTTP/1.1" 304 -
201.245.192.253 - - [25/Mar/2023:15:44:53 -0500] "GET /sipse/faces/javax.faces.resource/jquery/jquery-plugins.js?ln=primefaces&v=4.0 HTTP/1.1" 304 -
201.245.192.253 - - [25/Mar/2023:15:44:53 -0500] "GET /sipse/faces/javax.faces.resource/primefaces.js?ln=primefaces&v=4.0 HTTP/1.1" 304 -
201.245.192.253 - - [25/Mar/2023:15:44:53 -0500] "GET /sipse/faces/javax.faces.resource/layout/layout.js?ln=primefaces&v=4.0 HTTP/1.1" 304 -
201.245.192.253 - - [25/Mar/2023:15:44:54 -0500] "GET /sipse/faces/javax.faces.resource/messages/messages.png?ln=primefaces&v=4.0 HTTP/1.1" 200 27209
201.245.192.253 - - [25/Mar/2023:15:44:55 -0500] "GET /sipse/faces/javax.faces.resource/images/ui-icons_898989_256x240.png?ln=primefaces-aristo HTTP/1.1" 304 -
201.245.192.253 - - [25/Mar/2023:15:44:56 -0500] "POST /sipse/faces/presentacion/sistema/seguridad/seleccionRol.xhtml HTTP/1.1" 200 1683
216.245.221.92 - - [25/Mar/2023:15:44:57 -0500] "HEAD / HTTP/1.1" 200 -
181.61.204.215 - - [25/Mar/2023:15:44:57 -0500] "GET /BLA/resoluciones/index.php?dir=AUTOS+2014%2F HTTP/1.1" 200 888406
201.245.192.253 - - [25/Mar/2023:15:45:00 -0500] "POST /sipse/faces/presentacion/sistema/seguridad/seleccionRol.xhtml HTTP/1.1" 200 5600
201.245.192.253 - - [25/Mar/2023:15:45:01 -0500] "POST /sipse/faces/presentacion/sistema/seguridad/seleccionRol.xhtml HTTP/1.1" 200 17459
201.245.192.253 - - [25/Mar/2023:15:45:01 -0500] "GET /sipse/js/jquery.min.js HTTP/1.1" 304 -
201.245.192.253 - - [25/Mar/2023:15:45:01 -0500] "GET /sipse/faces/javax.faces.resource/jquery/jquery.js?ln=primefaces&v=4.0 HTTP/1.1" 304 -
201.245.192.253 - - [25/Mar/2023:15:45:01 -0500] "GET /sipse/faces/javax.faces.resource/jquery/jquery-plugins.js?ln=primefaces&v=4.0 HTTP/1.1" 304 -
201.245.192.253 - - [25/Mar/2023:15:45:01 -0500] "GET /sipse/faces/javax.faces.resource/primefaces.js?ln=primefaces&v=4.0 HTTP/1.1" 304 -
201.245.192.253 - - [25/Mar/2023:15:45:01 -0500] "GET /sipse/faces/javax.faces.resource/layout/layout.js?ln=primefaces&v=4.0 HTTP/1.1" 304 -
201.245.192.253 - - [25/Mar/2023:15:45:02 -0500] "GET /sipse/imagenes/cargando.gif HTTP/1.1" 200 36959
201.245.192.253 - - [25/Mar/2023:15:45:02 -0500] "GET /sipse/css/imagen/contrasena.png HTTP/1.1" 404 383
201.245.192.253 - - [25/Mar/2023:15:45:02 -0500] "GET /sipse/imagenes/logoAplicacion.jpg HTTP/1.1" 200 155084
201.245.192.253 - - [25/Mar/2023:15:45:03 -0500] "GET /sipse/faces/javax.faces.resource/images/ui-bg_flat_0_2d5972_40x100.png?ln=primefaces-aristo HTTP/1.1" 200 183
201.245.192.253 - - [25/Mar/2023:15:45:03 -0500] "POST /sipse/faces/bienvenido.xhtml HTTP/1.1" 200 3843
201.245.192.253 - - [25/Mar/2023:15:45:05 -0500] "POST /sipse/faces/bienvenido.xhtml HTTP/1.1" 200 35433
201.245.192.253 - - [25/Mar/2023:15:45:06 -0500] "GET /sipse/faces/javax.faces.resource/jquery/jquery.js?ln=primefaces&v=4.0 HTTP/1.1" 304 -
201.245.192.253 - - [25/Mar/2023:15:45:06 -0500] "GET /sipse/faces/javax.faces.resource/jquery/jquery-plugins.js?ln=primefaces&v=4.0 HTTP/1.1" 304 -
201.245.192.253 - - [25/Mar/2023:15:45:06 -0500] "GET /sipse/faces/javax.faces.resource/primefaces.js?ln=primefaces&v=4.0 HTTP/1.1" 304 -
201.245.192.253 - - [25/Mar/2023:15:45:06 -0500] "GET /sipse/faces/javax.faces.resource/layout/layout.js?ln=primefaces&v=4.0 HTTP/1.1" 304 -
201.245.192.253 - - [25/Mar/2023:15:45:06 -0500] "POST /sipse/faces/presentacion/financiero/solicitudProceso/listarSolicitudProceso.xhtml HTTP/1.1" 200 1372
181.61.204.215 - - [25/Mar/2023:15:45:07 -0500] "GET /BLA/resoluciones/index.php?dir=RESOLUCIONES+2014%2F HTTP/1.1" 200 334019
201.245.192.253 - - [25/Mar/2023:15:45:08 -0500] "POST /sipse/faces/presentacion/financiero/solicitudProceso/listarSolicitudProceso.xhtml HTTP/1.1" 200 184
201.245.192.253 - - [25/Mar/2023:15:45:08 -0500] "POST /sipse/faces/presentacion/financiero/solicitudProceso/listarSolicitudProceso.xhtml HTTP/1.1" 200 184
201.245.192.253 - - [25/Mar/2023:15:45:12 -0500] "POST /sipse/faces/presentacion/financiero/solicitudProceso/listarSolicitudProceso.xhtml HTTP/1.1" 200 184
201.245.192.253 - - [25/Mar/2023:15:45:12 -0500] "POST /sipse/faces/presentacion/financiero/solicitudProceso/listarSolicitudProceso.xhtml HTTP/1.1" 200 184
181.61.204.215 - - [25/Mar/2023:15:45:12 -0500] "GET /BLA/resoluciones/index.php?dir= HTTP/1.1" 200 13502
192.168.175.240 - - [25/Mar/2023:15:45:20 -0500] "GET / HTTP/1.1" 200 4720
201.245.192.253 - - [25/Mar/2023:15:45:08 -0500] "GET /sipse/faces/presentacion/financiero/solicitudAnulacion/solicitudAnulacion.xhtml HTTP/1.1" 200 12285
201.245.192.253 - - [25/Mar/2023:15:45:08 -0500] "GET /sipse/faces/presentacion/financiero/solicitudAnulacion/solicitudAnulacion.xhtml HTTP/1.1" 200 18221
201.245.192.253 - - [25/Mar/2023:15:45:12 -0500] "GET /sipse/faces/presentacion/financiero/solicitudAnulacion/solicitudAnulacion.xhtml HTTP/1.1" 200 80251
201.245.192.253 - - [25/Mar/2023:15:45:36 -0500] "GET /sipse/faces/javax.faces.resource/theme.css?ln=primefaces-sipse HTTP/1.1" 304 -
201.245.192.253 - - [25/Mar/2023:15:45:36 -0500] "GET /sipse/faces/javax.faces.resource/jquery/jquery-plugins.js?ln=primefaces&v=4.0 HTTP/1.1" 304 -
201.245.192.253 - - [25/Mar/2023:15:45:36 -0500] "GET /sipse/faces/javax.faces.resource/primefaces.css?ln=primefaces&v=4.0 HTTP/1.1" 304 -
201.245.192.253 - - [25/Mar/2023:15:45:36 -0500] "GET /sipse/faces/javax.faces.resource/jquery/jquery.js?ln=primefaces&v=4.0 HTTP/1.1" 304 -
201.245.192.253 - - [25/Mar/2023:15:45:36 -0500] "GET /sipse/faces/javax.faces.resource/layout/layout.css?ln=primefaces&v=4.0 HTTP/1.1" 304 -
201.245.192.253 - - [25/Mar/2023:15:45:36 -0500] "GET /sipse/faces/javax.faces.resource/primefaces.js?ln=primefaces&v=4.0 HTTP/1.1" 304 -
201.245.192.253 - - [25/Mar/2023:15:45:36 -0500] "GET /sipse/faces/javax.faces.resource/layout/layout.js?ln=primefaces&v=4.0 HTTP/1.1" 304 -
201.245.192.253 - - [25/Mar/2023:15:45:12 -0500] "GET /sipse/faces/presentacion/financiero/solicitudAnulacion/solicitudAnulacion.xhtml HTTP/1.1" 200 15757
201.245.192.253 - - [25/Mar/2023:15:45:36 -0500] "GET /sipse/faces/javax.faces.resource/images/ui-icons_898989_256x240.png?ln=primefaces-aristo HTTP/1.1" 304 -
201.245.192.253 - - [25/Mar/2023:15:45:36 -0500] "GET /sipse/faces/javax.faces.resource/images/ui-bg_flat_0_2d5972_40x100.png?ln=primefaces-aristo HTTP/1.1" 304 -
201.245.192.253 - - [25/Mar/2023:15:45:36 -0500] "POST /sipse/faces/presentacion/financiero/solicitudAnulacion/solicitudAnulacion.xhtml HTTP/1.1" 200 56012
201.245.192.253 - - [25/Mar/2023:15:45:56 -0500] "POST /sipse/faces/presentacion/financiero/solicitudAnulacion/solicitudAnulacion.xhtml HTTP/1.1" 200 36249
201.245.192.253 - - [25/Mar/2023:15:46:03 -0500] "POST /kwsrmcab/Wsrmcab  HTTP/1.1" 200 41914
192.168.175.240 - - [25/Mar/2023:15:46:20 -0500] "GET / HTTP/1.1" 200 4720
201.245.192.253 - - [25/Mar/2023:15:46:54 -0500] "POST /sipse/faces/presentacion/financiero/solicitudAnulacion/solicitudAnulacion.xhtml HTTP/1.1" 200 47578
201.245.192.253 - - [25/Mar/2023:15:46:54 -0500] "GET /sipse/faces/javax.faces.resource/fileupload/fileupload.css?ln=primefaces&v=4.0 HTTP/1.1" 200 1330
201.245.192.253 - - [25/Mar/2023:15:46:54 -0500] "GET /sipse/faces/javax.faces.resource/jquery/jquery.js?ln=primefaces&v=4.0 HTTP/1.1" 304 -
201.245.192.253 - - [25/Mar/2023:15:46:55 -0500] "GET /sipse/faces/javax.faces.resource/jquery/jquery-plugins.js?ln=primefaces&v=4.0 HTTP/1.1" 304 -
201.245.192.253 - - [25/Mar/2023:15:46:55 -0500] "GET /sipse/faces/javax.faces.resource/primefaces.js?ln=primefaces&v=4.0 HTTP/1.1" 304 -
201.245.192.253 - - [25/Mar/2023:15:46:55 -0500] "GET /sipse/faces/javax.faces.resource/layout/layout.js?ln=primefaces&v=4.0 HTTP/1.1" 304 -
201.245.192.253 - - [25/Mar/2023:15:46:55 -0500] "GET /sipse/faces/javax.faces.resource/fileupload/fileupload.js?ln=primefaces&v=4.0 HTTP/1.1" 304 -
192.168.175.240 - - [25/Mar/2023:15:47:20 -0500] "GET / HTTP/1.1" 200 4720
172.22.2.4 - - [25/Mar/2023:15:46:02 -0500] "HEAD /BLA/boletinlegal/ HTTP/1.1" 200 -
181.61.204.215 - - [25/Mar/2023:15:47:56 -0500] "GET /BLA/resoluciones/index.php?dir=AUTOS+2015%2F HTTP/1.1" 200 580582
34.147.120.32 - - [25/Mar/2023:15:48:13 -0500] "GET /inventario-de-emisiones-2020-transporte-publico-sitp-redujo-emisiones-de-pm-2-5-en-un-37.html HTTP/1.1" 200 925
192.168.175.240 - - [25/Mar/2023:15:48:20 -0500] "GET / HTTP/1.1" 200 4720
172.22.2.4 - - [25/Mar/2023:15:46:52 -0500] "GET /BLA/boletinlegal/ HTTP/1.1" 200 55211
181.61.204.215 - - [25/Mar/2023:15:48:38 -0500] "GET /BLA/resoluciones/index.php?dir=AUTOS+2014%2F HTTP/1.1" 200 888406
152.203.208.102 - - [25/Mar/2023:15:49:00 -0500] "GET /sipse/faces/javax.faces.resource/theme.css?ln=primefaces-sipse HTTP/1.1" 304 -
152.203.208.102 - - [25/Mar/2023:15:49:00 -0500] "GET /sipse/faces/javax.faces.resource/primefaces.css?ln=primefaces&v=4.0 HTTP/1.1" 304 -
152.203.208.102 - - [25/Mar/2023:15:49:00 -0500] "GET /sipse/faces/javax.faces.resource/layout/layout.css?ln=primefaces&v=4.0 HTTP/1.1" 304 -
152.203.208.102 - - [25/Mar/2023:15:49:00 -0500] "GET /sipse/faces/javax.faces.resource/jquery/jquery.js?ln=primefaces&v=4.0 HTTP/1.1" 304 -
152.203.208.102 - - [25/Mar/2023:15:49:00 -0500] "GET /sipse/faces/javax.faces.resource/jquery/jquery-plugins.js?ln=primefaces&v=4.0 HTTP/1.1" 304 -
152.203.208.102 - - [25/Mar/2023:15:49:00 -0500] "GET /sipse/faces/javax.faces.resource/primefaces.js?ln=primefaces&v=4.0 HTTP/1.1" 304 -
152.203.208.102 - - [25/Mar/2023:15:49:00 -0500] "GET /sipse/faces/javax.faces.resource/layout/layout.js?ln=primefaces&v=4.0 HTTP/1.1" 304 -
152.203.208.102 - - [25/Mar/2023:15:49:00 -0500] "GET /sipse/faces/javax.faces.resource/images/ui-icons_898989_256x240.png?ln=primefaces-aristo HTTP/1.1" 304 -
152.203.208.102 - - [25/Mar/2023:15:49:00 -0500] "GET /sipse/faces/faces/index.xhtml HTTP/1.1" 200 677
152.203.208.102 - - [25/Mar/2023:15:49:01 -0500] "GET /sipse/faces/javax.faces.resource/theme.css?ln=primefaces-sipse HTTP/1.1" 304 -
152.203.208.102 - - [25/Mar/2023:15:49:01 -0500] "GET /sipse/faces/faces/faces/autenticacion.xhtml HTTP/1.1" 200 12179
152.203.208.102 - - [25/Mar/2023:15:49:01 -0500] "GET /sipse/faces/javax.faces.resource/theme.css?ln=primefaces-sipse HTTP/1.1" 304 -
152.203.208.102 - - [25/Mar/2023:15:49:01 -0500] "GET /sipse/faces/javax.faces.resource/jquery/jquery.js?ln=primefaces&v=4.0 HTTP/1.1" 304 -
152.203.208.102 - - [25/Mar/2023:15:49:01 -0500] "GET /sipse/faces/javax.faces.resource/jquery/jquery-plugins.js?ln=primefaces&v=4.0 HTTP/1.1" 304 -
152.203.208.102 - - [25/Mar/2023:15:49:01 -0500] "GET /sipse/faces/javax.faces.resource/primefaces.css?ln=primefaces&v=4.0 HTTP/1.1" 304 -
152.203.208.102 - - [25/Mar/2023:15:49:01 -0500] "GET /sipse/faces/javax.faces.resource/layout/layout.css?ln=primefaces&v=4.0 HTTP/1.1" 304 -
152.203.208.102 - - [25/Mar/2023:15:49:01 -0500] "GET /sipse/faces/javax.faces.resource/primefaces.js?ln=primefaces&v=4.0 HTTP/1.1" 304 -
152.203.208.102 - - [25/Mar/2023:15:49:01 -0500] "GET /sipse/faces/javax.faces.resource/layout/layout.js?ln=primefaces&v=4.0 HTTP/1.1" 304 -
201.245.192.253 - - [25/Mar/2023:15:49:09 -0500] "POST /sipse/faces/presentacion/financiero/solicitudAnulacion/registrarSolicitudAnulacion.xhtml HTTP/1.1" 200 27570
201.245.192.253 - - [25/Mar/2023:15:49:09 -0500] "GET /sipse/faces/javax.faces.resource/jquery/jquery.js?ln=primefaces&v=4.0 HTTP/1.1" 304 -
201.245.192.253 - - [25/Mar/2023:15:49:09 -0500] "GET /sipse/faces/javax.faces.resource/jquery/jquery-plugins.js?ln=primefaces&v=4.0 HTTP/1.1" 304 -
201.245.192.253 - - [25/Mar/2023:15:49:09 -0500] "GET /sipse/faces/javax.faces.resource/primefaces.js?ln=primefaces&v=4.0 HTTP/1.1" 304 -
201.245.192.253 - - [25/Mar/2023:15:49:10 -0500] "GET /sipse/faces/javax.faces.resource/layout/layout.js?ln=primefaces&v=4.0 HTTP/1.1" 304 -
192.168.175.240 - - [25/Mar/2023:15:49:20 -0500] "GET / HTTP/1.1" 200 4720
201.245.192.253 - - [25/Mar/2023:15:49:28 -0500] "POST /sipse/faces/presentacion/financiero/solicitudProceso/consultarHistorialSolProceso.xhtml HTTP/1.1" 200 52926
201.245.192.253 - - [25/Mar/2023:15:49:28 -0500] "GET /sipse/faces/javax.faces.resource/theme.css?ln=primefaces-sipse HTTP/1.1" 304 -
201.245.192.253 - - [25/Mar/2023:15:49:28 -0500] "GET /sipse/faces/javax.faces.resource/primefaces.css?ln=primefaces&v=4.0 HTTP/1.1" 304 -
201.245.192.253 - - [25/Mar/2023:15:49:28 -0500] "GET /sipse/faces/javax.faces.resource/layout/layout.css?ln=primefaces&v=4.0 HTTP/1.1" 304 -
201.245.192.253 - - [25/Mar/2023:15:49:28 -0500] "GET /sipse/faces/javax.faces.resource/jquery/jquery.js?ln=primefaces&v=4.0 HTTP/1.1" 304 -
201.245.192.253 - - [25/Mar/2023:15:49:28 -0500] "GET /sipse/faces/javax.faces.resource/jquery/jquery-plugins.js?ln=primefaces&v=4.0 HTTP/1.1" 304 -
201.245.192.253 - - [25/Mar/2023:15:49:28 -0500] "GET /sipse/faces/javax.faces.resource/primefaces.js?ln=primefaces&v=4.0 HTTP/1.1" 304 -
201.245.192.253 - - [25/Mar/2023:15:49:28 -0500] "GET /sipse/faces/javax.faces.resource/fileupload/fileupload.css?ln=primefaces&v=4.0 HTTP/1.1" 304 -
201.245.192.253 - - [25/Mar/2023:15:49:28 -0500] "GET /sipse/faces/javax.faces.resource/layout/layout.js?ln=primefaces&v=4.0 HTTP/1.1" 304 -
201.245.192.253 - - [25/Mar/2023:15:49:28 -0500] "GET /sipse/faces/javax.faces.resource/fileupload/fileupload.js?ln=primefaces&v=4.0 HTTP/1.1" 304 -
201.245.192.253 - - [25/Mar/2023:15:49:28 -0500] "GET /sipse/faces/javax.faces.resource/images/ui-icons_898989_256x240.png?ln=primefaces-aristo HTTP/1.1" 304 -
216.245.221.92 - - [25/Mar/2023:15:49:57 -0500] "HEAD / HTTP/1.1" 200 -
201.245.192.253 - - [25/Mar/2023:15:50:12 -0500] "GET /sipse/faces/javax.faces.resource/images/ui-bg_flat_0_2d5972_40x100.png?ln=primefaces-aristo HTTP/1.1" 304 -
201.245.192.253 - - [25/Mar/2023:15:50:12 -0500] "POST /sipse/faces/presentacion/financiero/solicitudAnulacion/registrarSolicitudAnulacion.xhtml HTTP/1.1" 200 3056
192.168.175.240 - - [25/Mar/2023:15:50:20 -0500] "GET / HTTP/1.1" 200 4720
34.147.47.195 - - [25/Mar/2023:15:50:28 -0500] "GET /inventario-de-emisiones-2020-transporte-publico-sitp-redujo-emisiones-de-pm-2-5-en-un-37.html HTTP/1.1" 200 925
201.245.192.253 - - [25/Mar/2023:15:50:49 -0500] "POST /sipse/faces/presentacion/financiero/solicitudAnulacion/registrarSolicitudAnulacion.xhtml HTTP/1.1" 200 3064
201.245.192.253 - - [25/Mar/2023:15:50:50 -0500] "POST /sipse/faces/presentacion/financiero/solicitudAnulacion/registrarSolicitudAnulacion.xhtml HTTP/1.1" 200 31637
201.245.192.253 - - [25/Mar/2023:15:50:52 -0500] "GET /sipse/faces/javax.faces.resource/jquery/jquery.js?ln=primefaces&v=4.0 HTTP/1.1" 304 -
201.245.192.253 - - [25/Mar/2023:15:50:52 -0500] "GET /sipse/faces/javax.faces.resource/jquery/jquery-plugins.js?ln=primefaces&v=4.0 HTTP/1.1" 304 -
201.245.192.253 - - [25/Mar/2023:15:50:52 -0500] "GET /sipse/faces/javax.faces.resource/primefaces.js?ln=primefaces&v=4.0 HTTP/1.1" 304 -
201.245.192.253 - - [25/Mar/2023:15:50:53 -0500] "GET /sipse/faces/javax.faces.resource/layout/layout.js?ln=primefaces&v=4.0 HTTP/1.1" 304 -
201.245.192.253 - - [25/Mar/2023:15:50:53 -0500] "GET /sipse/faces/javax.faces.resource/messages/messages.png?ln=primefaces&v=4.0 HTTP/1.1" 304 -
201.245.192.253 - - [25/Mar/2023:15:50:54 -0500] "POST /sipse/faces/presentacion/financiero/solicitudAnulacion/solicitudAnulacion.xhtml HTTP/1.1" 200 56020
34.141.165.66 - - [25/Mar/2023:15:51:03 -0500] "GET /inventario-de-emisiones-2020-transporte-publico-sitp-redujo-emisiones-de-pm-2-5-en-un-37.html HTTP/1.1" 200 925
201.245.192.253 - - [25/Mar/2023:15:51:02 -0500] "POST /kwsrmcab/Wsrmcab  HTTP/1.1" 200 41914
201.245.192.253 - - [25/Mar/2023:15:51:05 -0500] "POST /sipse/faces/presentacion/financiero/solicitudAnulacion/solicitudAnulacion.xhtml HTTP/1.1" 200 33958
201.245.192.253 - - [25/Mar/2023:15:51:13 -0500] "POST /sipse/faces/presentacion/financiero/solicitudAnulacion/solicitudAnulacion.xhtml HTTP/1.1" 200 47643
201.245.192.253 - - [25/Mar/2023:15:51:13 -0500] "GET /sipse/faces/javax.faces.resource/jquery/jquery.js?ln=primefaces&v=4.0 HTTP/1.1" 304 -
201.245.192.253 - - [25/Mar/2023:15:51:13 -0500] "GET /sipse/faces/javax.faces.resource/jquery/jquery-plugins.js?ln=primefaces&v=4.0 HTTP/1.1" 304 -
201.245.192.253 - - [25/Mar/2023:15:51:13 -0500] "GET /sipse/faces/javax.faces.resource/primefaces.js?ln=primefaces&v=4.0 HTTP/1.1" 304 -
201.245.192.253 - - [25/Mar/2023:15:51:13 -0500] "GET /sipse/faces/javax.faces.resource/layout/layout.js?ln=primefaces&v=4.0 HTTP/1.1" 304 -
201.245.192.253 - - [25/Mar/2023:15:51:14 -0500] "GET /sipse/faces/javax.faces.resource/fileupload/fileupload.js?ln=primefaces&v=4.0 HTTP/1.1" 304 -
192.168.175.240 - - [25/Mar/2023:15:51:20 -0500] "GET / HTTP/1.1" 200 4720
190.25.166.36 - - [25/Mar/2023:15:51:38 -0500] "GET /BLA/resoluciones/ HTTP/1.1" 200 13502
190.25.166.36 - - [25/Mar/2023:15:51:46 -0500] "GET /BLA/resoluciones/index.php?dir=RESOLUCIONES+2021%2F HTTP/1.1" 200 438966
34.90.63.76 - - [25/Mar/2023:15:52:01 -0500] "GET /inventario-de-emisiones-2020-transporte-publico-sitp-redujo-emisiones-de-pm-2-5-en-un-37.html HTTP/1.1" 200 925
190.25.166.36 - - [25/Mar/2023:15:52:04 -0500] "GET /BLA/resoluciones/RESOLUCIONES%202021/1156.pdf HTTP/1.1" 200 325795
201.245.192.253 - - [25/Mar/2023:15:52:16 -0500] "POST /sipse/faces/presentacion/financiero/solicitudAnulacion/registrarSolicitudAnulacion.xhtml HTTP/1.1" 200 3060
192.168.175.240 - - [25/Mar/2023:15:52:20 -0500] "GET / HTTP/1.1" 200 4720
34.90.63.76 - - [25/Mar/2023:15:52:27 -0500] "GET /inventario-de-emisiones-2020-transporte-publico-sitp-redujo-emisiones-de-pm-2-5-en-un-37.html HTTP/1.1" 200 925
201.245.192.253 - - [25/Mar/2023:15:52:34 -0500] "POST /sipse/faces/presentacion/financiero/solicitudAnulacion/registrarSolicitudAnulacion.xhtml HTTP/1.1" 200 3060
201.245.192.253 - - [25/Mar/2023:15:52:37 -0500] "POST /sipse/faces/presentacion/financiero/solicitudAnulacion/registrarSolicitudAnulacion.xhtml HTTP/1.1" 200 3060
181.61.204.215 - - [25/Mar/2023:15:52:42 -0500] "GET /BLA/resoluciones/index.php?dir=AUTOS+2014%2F HTTP/1.1" 200 888406
201.245.192.253 - - [25/Mar/2023:15:52:43 -0500] "POST /sipse/faces/presentacion/financiero/solicitudAnulacion/registrarSolicitudAnulacion.xhtml HTTP/1.1" 200 3060
157.55.39.217 - - [25/Mar/2023:15:52:53 -0500] "GET /Autoliquidacion/ HTTP/1.1" 200 6629
181.61.204.215 - - [25/Mar/2023:15:53:18 -0500] "GET /BLA/resoluciones/index.php?dir=AUTOS+2015%2F HTTP/1.1" 200 580582
192.168.175.240 - - [25/Mar/2023:15:53:20 -0500] "GET / HTTP/1.1" 200 4720
201.245.192.253 - - [25/Mar/2023:15:53:27 -0500] "POST /sipse/faces/presentacion/financiero/solicitudAnulacion/registrarSolicitudAnulacion.xhtml HTTP/1.1" 200 3060
172.22.2.4 - - [25/Mar/2023:15:51:52 -0500] "HEAD /BLA/boletinlegal/ HTTP/1.1" 200 -
201.245.192.253 - - [25/Mar/2023:15:53:42 -0500] "POST /sipse/faces/presentacion/financiero/solicitudAnulacion/registrarSolicitudAnulacion.xhtml HTTP/1.1" 200 31637
201.245.192.253 - - [25/Mar/2023:15:53:44 -0500] "GET /sipse/faces/javax.faces.resource/jquery/jquery.js?ln=primefaces&v=4.0 HTTP/1.1" 304 -
201.245.192.253 - - [25/Mar/2023:15:53:44 -0500] "GET /sipse/faces/javax.faces.resource/jquery/jquery-plugins.js?ln=primefaces&v=4.0 HTTP/1.1" 304 -
201.245.192.253 - - [25/Mar/2023:15:53:44 -0500] "GET /sipse/faces/javax.faces.resource/primefaces.js?ln=primefaces&v=4.0 HTTP/1.1" 304 -
201.245.192.253 - - [25/Mar/2023:15:53:44 -0500] "GET /sipse/faces/javax.faces.resource/layout/layout.js?ln=primefaces&v=4.0 HTTP/1.1" 304 -
201.245.192.253 - - [25/Mar/2023:15:53:45 -0500] "POST /sipse/faces/presentacion/financiero/solicitudAnulacion/solicitudAnulacion.xhtml HTTP/1.1" 200 56020
201.245.192.253 - - [25/Mar/2023:15:53:55 -0500] "POST /sipse/faces/presentacion/financiero/solicitudAnulacion/solicitudAnulacion.xhtml HTTP/1.1" 200 31672
34.147.6.178 - - [25/Mar/2023:15:53:59 -0500] "GET /inventario-de-emisiones-2020-transporte-publico-sitp-redujo-emisiones-de-pm-2-5-en-un-37.html HTTP/1.1" 200 925
201.245.192.253 - - [25/Mar/2023:15:54:04 -0500] "POST /sipse/faces/presentacion/financiero/solicitudAnulacion/solicitudAnulacion.xhtml HTTP/1.1" 200 47653
201.245.192.253 - - [25/Mar/2023:15:54:04 -0500] "GET /sipse/faces/javax.faces.resource/jquery/jquery.js?ln=primefaces&v=4.0 HTTP/1.1" 304 -
201.245.192.253 - - [25/Mar/2023:15:54:04 -0500] "GET /sipse/faces/javax.faces.resource/jquery/jquery-plugins.js?ln=primefaces&v=4.0 HTTP/1.1" 304 -
201.245.192.253 - - [25/Mar/2023:15:54:04 -0500] "GET /sipse/faces/javax.faces.resource/primefaces.js?ln=primefaces&v=4.0 HTTP/1.1" 304 -
201.245.192.253 - - [25/Mar/2023:15:54:05 -0500] "GET /sipse/faces/javax.faces.resource/layout/layout.js?ln=primefaces&v=4.0 HTTP/1.1" 304 -
201.245.192.253 - - [25/Mar/2023:15:54:05 -0500] "GET /sipse/faces/javax.faces.resource/fileupload/fileupload.js?ln=primefaces&v=4.0 HTTP/1.1" 304 -
192.168.175.240 - - [25/Mar/2023:15:54:20 -0500] "GET / HTTP/1.1" 200 4720
172.22.2.4 - - [25/Mar/2023:15:52:42 -0500] "GET /BLA/boletinlegal/ HTTP/1.1" 200 59296
172.22.2.4 - - [25/Mar/2023:15:54:25 -0500] "GET /BLA/boletinlegal/actos.php HTTP/1.1" 200 9672
172.22.2.4 - - [25/Mar/2023:15:54:26 -0500] "GET /BLA/boletinlegal/favicon.ico HTTP/1.1" 404 1326
191.156.182.223 - - [25/Mar/2023:15:54:28 -0500] "GET /BLA/resoluciones/ HTTP/1.1" 200 13502
191.156.182.223 - - [25/Mar/2023:15:54:30 -0500] "GET /BLA/resoluciones/index.php?dir=AUTOS+2022%2F HTTP/1.1" 200 12235
191.156.182.223 - - [25/Mar/2023:15:54:31 -0500] "GET /BLA/resoluciones/index.php?dir=AUTOS+2022%2F HTTP/1.1" 200 452522
201.245.192.253 - - [25/Mar/2023:15:54:45 -0500] "POST /sipse/faces/presentacion/financiero/solicitudAnulacion/registrarSolicitudAnulacion.xhtml HTTP/1.1" 200 3056
201.245.192.253 - - [25/Mar/2023:15:54:48 -0500] "POST /sipse/faces/presentacion/financiero/solicitudAnulacion/registrarSolicitudAnulacion.xhtml HTTP/1.1" 200 3060
173.252.95.24 - - [25/Mar/2023:15:54:49 -0500] "GET /distrito-anuncia-areas-potenciales-para-la-creacion-de-21-bosques-urbanos-y-avanza-en-la-meta-de-sembrar-802-000-arboles.html HTTP/1.1" 206 928
216.245.221.92 - - [25/Mar/2023:15:54:57 -0500] "HEAD / HTTP/1.1" 200 -
201.245.192.253 - - [25/Mar/2023:15:54:58 -0500] "POST /sipse/faces/presentacion/financiero/solicitudAnulacion/registrarSolicitudAnulacion.xhtml HTTP/1.1" 200 3060
138.201.223.94 - - [25/Mar/2023:15:55:10 -0500] "-" 408 -
181.61.204.215 - - [25/Mar/2023:15:55:15 -0500] "GET /BLA/resoluciones/index.php?dir=AUTOS+2015%2F HTTP/1.1" 200 580582
192.168.175.240 - - [25/Mar/2023:15:55:20 -0500] "GET / HTTP/1.1" 200 4720
181.61.204.215 - - [25/Mar/2023:15:55:27 -0500] "GET /BLA/resoluciones/index.php?dir=AUTOS+2014%2F HTTP/1.1" 200 888406
201.245.192.253 - - [25/Mar/2023:15:55:28 -0500] "POST /sipse/faces/presentacion/financiero/solicitudAnulacion/registrarSolicitudAnulacion.xhtml HTTP/1.1" 200 3060
201.245.192.253 - - [25/Mar/2023:15:55:33 -0500] "POST /sipse/faces/presentacion/financiero/solicitudAnulacion/registrarSolicitudAnulacion.xhtml HTTP/1.1" 200 3060
181.225.107.183 - - [25/Mar/2023:15:55:35 -0500] "GET /BLA/boletinlegal/js/jquery.scrollShow.js HTTP/1.1" 200 4586
181.225.107.183 - - [25/Mar/2023:15:55:35 -0500] "GET /galeria/galeria/jquery.fancybox.js?v=2.1.5 HTTP/1.1" 200 48706
181.225.107.183 - - [25/Mar/2023:15:55:35 -0500] "GET /galeria/galeria/jquery.fancybox.css?v=2.1.5 HTTP/1.1" 200 4895
168.119.76.211 - - [25/Mar/2023:15:55:43 -0500] "-" 408 -
201.245.192.253 - - [25/Mar/2023:15:55:54 -0500] "POST /sipse/faces/presentacion/financiero/solicitudAnulacion/registrarSolicitudAnulacion.xhtml HTTP/1.1" 200 3060
201.245.192.253 - - [25/Mar/2023:15:55:55 -0500] "POST /sipse/faces/presentacion/financiero/solicitudAnulacion/registrarSolicitudAnulacion.xhtml HTTP/1.1" 200 31637
201.245.192.253 - - [25/Mar/2023:15:55:57 -0500] "GET /sipse/faces/javax.faces.resource/jquery/jquery.js?ln=primefaces&v=4.0 HTTP/1.1" 304 -
201.245.192.253 - - [25/Mar/2023:15:55:57 -0500] "GET /sipse/faces/javax.faces.resource/jquery/jquery-plugins.js?ln=primefaces&v=4.0 HTTP/1.1" 304 -
201.245.192.253 - - [25/Mar/2023:15:55:57 -0500] "GET /sipse/faces/javax.faces.resource/primefaces.js?ln=primefaces&v=4.0 HTTP/1.1" 304 -
201.245.192.253 - - [25/Mar/2023:15:55:57 -0500] "GET /sipse/faces/javax.faces.resource/layout/layout.js?ln=primefaces&v=4.0 HTTP/1.1" 304 -
201.245.192.253 - - [25/Mar/2023:15:56:01 -0500] "POST /kwsrmcab/Wsrmcab  HTTP/1.1" 200 41914
201.245.192.253 - - [25/Mar/2023:15:55:57 -0500] "POST /sipse/faces/presentacion/financiero/solicitudAnulacion/solicitudAnulacion.xhtml HTTP/1.1" 200 56020
201.245.192.253 - - [25/Mar/2023:15:56:07 -0500] "POST /sipse/faces/presentacion/financiero/solicitudAnulacion/solicitudAnulacion.xhtml HTTP/1.1" 200 29380
192.168.175.240 - - [25/Mar/2023:15:56:20 -0500] "GET / HTTP/1.1" 200 4720
201.245.192.253 - - [25/Mar/2023:15:56:21 -0500] "POST /sipse/faces/presentacion/financiero/solicitudAnulacion/solicitudAnulacion.xhtml HTTP/1.1" 200 47690
201.245.192.253 - - [25/Mar/2023:15:56:21 -0500] "GET /sipse/faces/javax.faces.resource/jquery/jquery.js?ln=primefaces&v=4.0 HTTP/1.1" 304 -
201.245.192.253 - - [25/Mar/2023:15:56:21 -0500] "GET /sipse/faces/javax.faces.resource/jquery/jquery-plugins.js?ln=primefaces&v=4.0 HTTP/1.1" 304 -
201.245.192.253 - - [25/Mar/2023:15:56:21 -0500] "GET /sipse/faces/javax.faces.resource/primefaces.js?ln=primefaces&v=4.0 HTTP/1.1" 304 -
201.245.192.253 - - [25/Mar/2023:15:56:21 -0500] "GET /sipse/faces/javax.faces.resource/layout/layout.js?ln=primefaces&v=4.0 HTTP/1.1" 304 -
201.245.192.253 - - [25/Mar/2023:15:56:21 -0500] "GET /sipse/faces/javax.faces.resource/fileupload/fileupload.js?ln=primefaces&v=4.0 HTTP/1.1" 304 -
200.118.62.174 - - [25/Mar/2023:15:56:27 -0500] "GET /mujeres-que-reverdecen-secretaria-de-ambiente-anuncia-el-inicio-de-la-tercera-fase.html HTTP/1.1" 200 954
181.61.204.215 - - [25/Mar/2023:15:56:57 -0500] "GET /BLA/resoluciones/index.php?dir=AUTOS+2014%2F HTTP/1.1" 200 888406
201.245.192.253 - - [25/Mar/2023:15:57:03 -0500] "POST /sipse/faces/presentacion/financiero/solicitudAnulacion/registrarSolicitudAnulacion.xhtml HTTP/1.1" 200 3056
201.245.192.253 - - [25/Mar/2023:15:57:20 -0500] "POST /sipse/faces/presentacion/financiero/solicitudAnulacion/registrarSolicitudAnulacion.xhtml HTTP/1.1" 200 3060
192.168.175.240 - - [25/Mar/2023:15:57:20 -0500] "GET / HTTP/1.1" 200 4720
181.61.204.215 - - [25/Mar/2023:15:57:20 -0500] "GET /BLA/resoluciones/index.php?dir=AUTOS+2015%2F HTTP/1.1" 200 580582
201.245.192.253 - - [25/Mar/2023:15:57:24 -0500] "POST /sipse/faces/presentacion/financiero/solicitudAnulacion/registrarSolicitudAnulacion.xhtml HTTP/1.1" 200 3060
201.245.192.253 - - [25/Mar/2023:15:57:53 -0500] "POST /sipse/faces/presentacion/financiero/solicitudAnulacion/registrarSolicitudAnulacion.xhtml HTTP/1.1" 200 3060
201.245.192.253 - - [25/Mar/2023:15:58:03 -0500] "POST /sipse/faces/presentacion/financiero/solicitudAnulacion/registrarSolicitudAnulacion.xhtml HTTP/1.1" 200 31637
201.245.192.253 - - [25/Mar/2023:15:58:05 -0500] "GET /sipse/faces/javax.faces.resource/jquery/jquery.js?ln=primefaces&v=4.0 HTTP/1.1" 304 -
201.245.192.253 - - [25/Mar/2023:15:58:05 -0500] "GET /sipse/faces/javax.faces.resource/jquery/jquery-plugins.js?ln=primefaces&v=4.0 HTTP/1.1" 304 -
201.245.192.253 - - [25/Mar/2023:15:58:05 -0500] "GET /sipse/faces/javax.faces.resource/primefaces.js?ln=primefaces&v=4.0 HTTP/1.1" 304 -
201.245.192.253 - - [25/Mar/2023:15:58:05 -0500] "GET /sipse/faces/javax.faces.resource/layout/layout.js?ln=primefaces&v=4.0 HTTP/1.1" 304 -
201.245.192.253 - - [25/Mar/2023:15:58:05 -0500] "POST /sipse/faces/presentacion/financiero/solicitudAnulacion/solicitudAnulacion.xhtml HTTP/1.1" 200 56020
201.245.192.253 - - [25/Mar/2023:15:58:16 -0500] "POST /sipse/faces/presentacion/financiero/solicitudAnulacion/solicitudAnulacion.xhtml HTTP/1.1" 200 27085
192.168.175.240 - - [25/Mar/2023:15:58:20 -0500] "GET / HTTP/1.1" 200 4720
201.245.192.253 - - [25/Mar/2023:15:58:27 -0500] "POST /sipse/faces/presentacion/financiero/solicitudAnulacion/solicitudAnulacion.xhtml HTTP/1.1" 200 47666
201.245.192.253 - - [25/Mar/2023:15:58:27 -0500] "GET /sipse/faces/javax.faces.resource/jquery/jquery.js?ln=primefaces&v=4.0 HTTP/1.1" 304 -
201.245.192.253 - - [25/Mar/2023:15:58:27 -0500] "GET /sipse/faces/javax.faces.resource/jquery/jquery-plugins.js?ln=primefaces&v=4.0 HTTP/1.1" 304 -
201.245.192.253 - - [25/Mar/2023:15:58:27 -0500] "GET /sipse/faces/javax.faces.resource/primefaces.js?ln=primefaces&v=4.0 HTTP/1.1" 304 -
201.245.192.253 - - [25/Mar/2023:15:58:28 -0500] "GET /sipse/faces/javax.faces.resource/layout/layout.js?ln=primefaces&v=4.0 HTTP/1.1" 304 -
201.245.192.253 - - [25/Mar/2023:15:58:28 -0500] "GET /sipse/faces/javax.faces.resource/fileupload/fileupload.js?ln=primefaces&v=4.0 HTTP/1.1" 304 -
185.119.81.107 - - [25/Mar/2023:15:59:00 -0500] "GET /portaldeninos/wp-login.php HTTP/1.1" 200 2592
185.119.81.107 - - [25/Mar/2023:15:59:01 -0500] "POST /portaldeninos/wp-login.php HTTP/1.1" 200 3670
199.16.157.181 - - [25/Mar/2023:15:59:04 -0500] "GET /bogota-responsable-con-los-plaguicidas-campana-para-proteger-a-la-fauna-y-flora-de-bogota-ante-un-uso-inadecuado-de-estas-sustancias.html HTTP/1.1" 200 1109
199.16.157.182 - - [25/Mar/2023:15:59:04 -0500] "GET /images/plaguicidas-1_optimized.jpeg HTTP/1.1" 200 50710
192.168.175.240 - - [25/Mar/2023:15:59:20 -0500] "GET / HTTP/1.1" 200 4720
172.22.2.4 - - [25/Mar/2023:15:57:42 -0500] "HEAD /BLA/boletinlegal/ HTTP/1.1" 200 -
201.245.192.253 - - [25/Mar/2023:15:59:26 -0500] "POST /sipse/faces/presentacion/financiero/solicitudAnulacion/registrarSolicitudAnulacion.xhtml HTTP/1.1" 200 3056
201.245.192.253 - - [25/Mar/2023:15:59:54 -0500] "POST /sipse/faces/presentacion/financiero/solicitudAnulacion/registrarSolicitudAnulacion.xhtml HTTP/1.1" 200 3060
216.245.221.92 - - [25/Mar/2023:15:59:57 -0500] "HEAD / HTTP/1.1" 200 -
172.22.2.4 - - [25/Mar/2023:15:59:58 -0500] "GET /BLA/boletinlegal/actos.php HTTP/1.1" 200 9672
181.61.204.215 - - [25/Mar/2023:16:00:01 -0500] "GET /BLA/resoluciones/ HTTP/1.1" 200 13502
181.61.204.215 - - [25/Mar/2023:16:00:06 -0500] "GET /BLA/resoluciones/index.php?dir=AUTOS+2017%2F HTTP/1.1" 200 464237
172.22.2.4 - - [25/Mar/2023:15:58:32 -0500] "GET /BLA/boletinlegal/ HTTP/1.1" 200 54798
192.168.175.240 - - [25/Mar/2023:16:00:20 -0500] "GET / HTTP/1.1" 200 4720
201.245.192.253 - - [25/Mar/2023:16:00:27 -0500] "POST /sipse/faces/presentacion/financiero/solicitudAnulacion/registrarSolicitudAnulacion.xhtml HTTP/1.1" 200 3060
201.245.192.253 - - [25/Mar/2023:16:00:28 -0500] "POST /sipse/faces/presentacion/financiero/solicitudAnulacion/registrarSolicitudAnulacion.xhtml HTTP/1.1" 200 31637
201.245.192.253 - - [25/Mar/2023:16:00:30 -0500] "GET /sipse/faces/javax.faces.resource/jquery/jquery.js?ln=primefaces&v=4.0 HTTP/1.1" 304 -
201.245.192.253 - - [25/Mar/2023:16:00:30 -0500] "GET /sipse/faces/javax.faces.resource/jquery/jquery-plugins.js?ln=primefaces&v=4.0 HTTP/1.1" 304 -
201.245.192.253 - - [25/Mar/2023:16:00:30 -0500] "GET /sipse/faces/javax.faces.resource/primefaces.js?ln=primefaces&v=4.0 HTTP/1.1" 304 -
201.245.192.253 - - [25/Mar/2023:16:00:30 -0500] "GET /sipse/faces/javax.faces.resource/layout/layout.js?ln=primefaces&v=4.0 HTTP/1.1" 304 -
201.245.192.253 - - [25/Mar/2023:16:00:30 -0500] "POST /sipse/faces/presentacion/financiero/solicitudAnulacion/solicitudAnulacion.xhtml HTTP/1.1" 200 56020
201.245.192.253 - - [25/Mar/2023:16:00:41 -0500] "POST /sipse/faces/presentacion/financiero/solicitudAnulacion/solicitudAnulacion.xhtml HTTP/1.1" 200 24801
201.245.192.253 - - [25/Mar/2023:16:00:57 -0500] "POST /sipse/faces/presentacion/financiero/solicitudAnulacion/solicitudAnulacion.xhtml HTTP/1.1" 200 47569
201.245.192.253 - - [25/Mar/2023:16:00:58 -0500] "GET /sipse/faces/javax.faces.resource/jquery/jquery.js?ln=primefaces&v=4.0 HTTP/1.1" 304 -
201.245.192.253 - - [25/Mar/2023:16:00:58 -0500] "GET /sipse/faces/javax.faces.resource/jquery/jquery-plugins.js?ln=primefaces&v=4.0 HTTP/1.1" 304 -
201.245.192.253 - - [25/Mar/2023:16:00:58 -0500] "GET /sipse/faces/javax.faces.resource/primefaces.js?ln=primefaces&v=4.0 HTTP/1.1" 304 -
201.245.192.253 - - [25/Mar/2023:16:00:58 -0500] "GET /sipse/faces/javax.faces.resource/layout/layout.js?ln=primefaces&v=4.0 HTTP/1.1" 304 -
201.245.192.253 - - [25/Mar/2023:16:00:58 -0500] "GET /sipse/faces/javax.faces.resource/fileupload/fileupload.js?ln=primefaces&v=4.0 HTTP/1.1" 304 -
201.245.192.253 - - [25/Mar/2023:16:01:00 -0500] "POST /kwsrmcab/Wsrmcab  HTTP/1.1" 200 41914
201.245.192.253 - - [25/Mar/2023:16:01:11 -0500] "POST /sipse/faces/presentacion/financiero/solicitudAnulacion/registrarSolicitudAnulacion.xhtml HTTP/1.1" 200 3056
192.168.175.240 - - [25/Mar/2023:16:01:20 -0500] "GET / HTTP/1.1" 200 4720
201.245.192.253 - - [25/Mar/2023:16:01:26 -0500] "POST /sipse/faces/presentacion/financiero/solicitudAnulacion/registrarSolicitudAnulacion.xhtml HTTP/1.1" 200 3060
34.90.63.76 - - [25/Mar/2023:16:01:29 -0500] "GET /inventario-de-emisiones-2020-transporte-publico-sitp-redujo-emisiones-de-pm-2-5-en-un-37.html HTTP/1.1" 200 925
201.245.192.253 - - [25/Mar/2023:16:01:36 -0500] "POST /sipse/faces/presentacion/financiero/solicitudAnulacion/registrarSolicitudAnulacion.xhtml HTTP/1.1" 200 3060
172.22.2.4 - - [25/Mar/2023:15:59:57 -0500] "GET /BLA/boletinlegal/ HTTP/1.1" 200 60876
201.245.192.253 - - [25/Mar/2023:16:01:57 -0500] "POST /sipse/faces/presentacion/financiero/solicitudAnulacion/registrarSolicitudAnulacion.xhtml HTTP/1.1" 200 3060
201.245.192.253 - - [25/Mar/2023:16:02:14 -0500] "POST /sipse/faces/presentacion/financiero/solicitudAnulacion/registrarSolicitudAnulacion.xhtml HTTP/1.1" 200 3060
201.245.192.253 - - [25/Mar/2023:16:02:15 -0500] "POST /sipse/faces/presentacion/financiero/solicitudAnulacion/registrarSolicitudAnulacion.xhtml HTTP/1.1" 200 31637
201.245.192.253 - - [25/Mar/2023:16:02:17 -0500] "GET /sipse/faces/javax.faces.resource/jquery/jquery.js?ln=primefaces&v=4.0 HTTP/1.1" 304 -
201.245.192.253 - - [25/Mar/2023:16:02:17 -0500] "GET /sipse/faces/javax.faces.resource/jquery/jquery-plugins.js?ln=primefaces&v=4.0 HTTP/1.1" 304 -
201.245.192.253 - - [25/Mar/2023:16:02:17 -0500] "GET /sipse/faces/javax.faces.resource/primefaces.js?ln=primefaces&v=4.0 HTTP/1.1" 304 -
201.245.192.253 - - [25/Mar/2023:16:02:17 -0500] "GET /sipse/faces/javax.faces.resource/layout/layout.js?ln=primefaces&v=4.0 HTTP/1.1" 304 -
192.168.175.240 - - [25/Mar/2023:16:02:20 -0500] "GET / HTTP/1.1" 200 4720
157.55.39.217 - - [25/Mar/2023:16:02:20 -0500] "GET /BLA/resoluciones/AUTOS%202021/2158.pdf HTTP/1.1" 304 -
201.245.192.253 - - [25/Mar/2023:16:02:19 -0500] "POST /sipse/faces/presentacion/financiero/solicitudAnulacion/solicitudAnulacion.xhtml HTTP/1.1" 200 56020
201.245.192.253 - - [25/Mar/2023:16:02:45 -0500] "POST /sipse/faces/presentacion/financiero/solicitudAnulacion/solicitudAnulacion.xhtml HTTP/1.1" 200 22510
201.245.192.253 - - [25/Mar/2023:16:02:55 -0500] "POST /sipse/faces/presentacion/financiero/solicitudAnulacion/solicitudAnulacion.xhtml HTTP/1.1" 200 47571
201.245.192.253 - - [25/Mar/2023:16:02:56 -0500] "GET /sipse/faces/javax.faces.resource/jquery/jquery.js?ln=primefaces&v=4.0 HTTP/1.1" 304 -
201.245.192.253 - - [25/Mar/2023:16:02:56 -0500] "GET /sipse/faces/javax.faces.resource/jquery/jquery-plugins.js?ln=primefaces&v=4.0 HTTP/1.1" 304 -
201.245.192.253 - - [25/Mar/2023:16:02:56 -0500] "GET /sipse/faces/javax.faces.resource/primefaces.js?ln=primefaces&v=4.0 HTTP/1.1" 304 -
201.245.192.253 - - [25/Mar/2023:16:02:56 -0500] "GET /sipse/faces/javax.faces.resource/layout/layout.js?ln=primefaces&v=4.0 HTTP/1.1" 304 -
201.245.192.253 - - [25/Mar/2023:16:02:56 -0500] "GET /sipse/faces/javax.faces.resource/fileupload/fileupload.js?ln=primefaces&v=4.0 HTTP/1.1" 304 -
192.168.175.240 - - [25/Mar/2023:16:03:20 -0500] "GET / HTTP/1.1" 200 4720
