172.22.2.4 - - [25/Mar/2023:12:11:35 -0500] "GET /BLA/boletinlegal/images/registro-usuarios.png HTTP/1.1" 200 8106
172.22.2.4 - - [25/Mar/2023:12:11:35 -0500] "GET /BLA/boletinlegal/images/arr_l.jpg HTTP/1.1" 200 1979
172.22.2.4 - - [25/Mar/2023:12:11:35 -0500] "GET /BLA/boletinlegal/images/screen_1.png HTTP/1.1" 200 202547
172.22.2.4 - - [25/Mar/2023:12:11:35 -0500] "GET /BLA/boletinlegal/images/launch.jpg HTTP/1.1" 200 14577
172.22.2.4 - - [25/Mar/2023:12:11:35 -0500] "GET /BLA/boletinlegal/images/body_bg.jpg HTTP/1.1" 200 1601
172.22.2.4 - - [25/Mar/2023:12:11:35 -0500] "GET /BLA/boletinlegal/images/menu_lft.gif HTTP/1.1" 200 1713
172.22.2.4 - - [25/Mar/2023:12:11:35 -0500] "GET /BLA/boletinlegal/images/menu_rght.gif HTTP/1.1" 200 1627
172.22.2.4 - - [25/Mar/2023:12:11:35 -0500] "GET /BLA/boletinlegal/images/bg_top.jpg HTTP/1.1" 200 522
172.22.2.4 - - [25/Mar/2023:12:11:35 -0500] "GET /BLA/boletinlegal/images/menu_bg.jpg HTTP/1.1" 200 620
172.22.2.4 - - [25/Mar/2023:12:11:35 -0500] "GET /BLA/boletinlegal/images/hover.jpg HTTP/1.1" 200 640
172.22.2.4 - - [25/Mar/2023:12:11:35 -0500] "GET /BLA/boletinlegal/images/text.jpg HTTP/1.1" 200 568
201.245.192.253 - - [25/Mar/2023:12:11:42 -0500] "POST /kwsrmcab/Wsrmcab  HTTP/1.1" 200 41914
172.22.2.4 - - [25/Mar/2023:12:10:12 -0500] "HEAD /BLA/boletinlegal/ HTTP/1.1" 200 -
192.168.175.240 - - [25/Mar/2023:12:12:20 -0500] "GET / HTTP/1.1" 200 4720
172.22.2.4 - - [25/Mar/2023:12:11:35 -0500] "GET /BLA/boletinlegal/ HTTP/1.1" 200 24523
172.22.2.4 - - [25/Mar/2023:12:11:03 -0500] "GET /BLA/boletinlegal/ HTTP/1.1" 200 47189
192.168.175.240 - - [25/Mar/2023:12:13:20 -0500] "GET / HTTP/1.1" 200 4720
5.62.49.87 - - [25/Mar/2023:12:13:25 -0500] "POST /sipse/faces/presentacion/financiero/solicitudProceso/consultarSolicitudProceso.xhtml HTTP/1.1" 200 42052
5.62.49.87 - - [25/Mar/2023:12:13:26 -0500] "GET /sipse/faces/javax.faces.resource/theme.css?ln=primefaces-sipse HTTP/1.1" 304 -
5.62.49.87 - - [25/Mar/2023:12:13:26 -0500] "GET /sipse/faces/javax.faces.resource/jquery/jquery.js?ln=primefaces&v=4.0 HTTP/1.1" 304 -
5.62.49.87 - - [25/Mar/2023:12:13:26 -0500] "GET /sipse/faces/javax.faces.resource/primefaces.css?ln=primefaces&v=4.0 HTTP/1.1" 304 -
5.62.49.87 - - [25/Mar/2023:12:13:26 -0500] "GET /sipse/faces/javax.faces.resource/layout/layout.css?ln=primefaces&v=4.0 HTTP/1.1" 304 -
5.62.49.87 - - [25/Mar/2023:12:13:26 -0500] "GET /sipse/faces/javax.faces.resource/jquery/jquery-plugins.js?ln=primefaces&v=4.0 HTTP/1.1" 304 -
5.62.49.87 - - [25/Mar/2023:12:13:27 -0500] "GET /sipse/faces/javax.faces.resource/primefaces.js?ln=primefaces&v=4.0 HTTP/1.1" 304 -
5.62.49.87 - - [25/Mar/2023:12:13:27 -0500] "GET /sipse/faces/javax.faces.resource/layout/layout.js?ln=primefaces&v=4.0 HTTP/1.1" 304 -
5.62.49.87 - - [25/Mar/2023:12:13:27 -0500] "GET /sipse/css/imagen/contrasena.png HTTP/1.1" 404 383
5.62.49.87 - - [25/Mar/2023:12:13:27 -0500] "GET /sipse/faces/javax.faces.resource/images/ui-icons_898989_256x240.png?ln=primefaces-aristo HTTP/1.1" 304 -
5.62.49.87 - - [25/Mar/2023:12:13:27 -0500] "POST /sipse/faces/presentacion/financiero/solicitudProceso/consultar.xhtml HTTP/1.1" 200 35469
5.62.49.87 - - [25/Mar/2023:12:13:28 -0500] "GET /sipse/faces/javax.faces.resource/images/ui-bg_flat_0_2d5972_40x100.png?ln=primefaces-aristo HTTP/1.1" 304 -
5.62.49.87 - - [25/Mar/2023:12:13:28 -0500] "POST /sipse/faces/presentacion/financiero/solicitudProceso/consultar.xhtml HTTP/1.1" 200 35469
5.62.49.87 - - [25/Mar/2023:12:13:37 -0500] "POST /sipse/faces/presentacion/financiero/solicitudProceso/consultar.xhtml HTTP/1.1" 200 12813
5.62.49.87 - - [25/Mar/2023:12:13:39 -0500] "POST /sipse/faces/presentacion/financiero/solicitudProceso/consultar.xhtml HTTP/1.1" 200 149369
5.62.49.87 - - [25/Mar/2023:12:13:40 -0500] "GET /sipse/faces/javax.faces.resource/theme.css?ln=primefaces-sipse HTTP/1.1" 304 -
5.62.49.87 - - [25/Mar/2023:12:13:40 -0500] "GET /sipse/faces/javax.faces.resource/layout/layout.css?ln=primefaces&v=4.0 HTTP/1.1" 304 -
5.62.49.87 - - [25/Mar/2023:12:13:40 -0500] "GET /sipse/faces/javax.faces.resource/primefaces.css?ln=primefaces&v=4.0 HTTP/1.1" 304 -
5.62.49.87 - - [25/Mar/2023:12:13:40 -0500] "GET /sipse/faces/javax.faces.resource/jquery/jquery.js?ln=primefaces&v=4.0 HTTP/1.1" 304 -
201.245.192.253 - - [25/Mar/2023:12:13:40 -0500] "GET /appsia/controlador HTTP/1.1" 200 4799
5.62.49.87 - - [25/Mar/2023:12:13:41 -0500] "GET /sipse/faces/javax.faces.resource/jquery/jquery-plugins.js?ln=primefaces&v=4.0 HTTP/1.1" 304 -
5.62.49.87 - - [25/Mar/2023:12:13:41 -0500] "GET /sipse/faces/javax.faces.resource/primefaces.js?ln=primefaces&v=4.0 HTTP/1.1" 304 -
5.62.49.87 - - [25/Mar/2023:12:13:41 -0500] "GET /sipse/faces/javax.faces.resource/layout/layout.js?ln=primefaces&v=4.0 HTTP/1.1" 304 -
201.245.192.253 - - [25/Mar/2023:12:13:58 -0500] "POST /appsia/controlador HTTP/1.1" 200 5437
201.245.192.253 - - [25/Mar/2023:12:14:03 -0500] "POST /appsia/controlador HTTP/1.1" 200 150372
192.168.175.240 - - [25/Mar/2023:12:14:20 -0500] "GET / HTTP/1.1" 200 4720
216.245.221.92 - - [25/Mar/2023:12:14:57 -0500] "HEAD / HTTP/1.1" 200 -
5.62.49.87 - - [25/Mar/2023:12:15:07 -0500] "POST /sipse/faces/presentacion/financiero/solicitudProceso/consultarSolicitudProceso.xhtml HTTP/1.1" 200 127488
192.168.175.240 - - [25/Mar/2023:12:15:20 -0500] "GET / HTTP/1.1" 200 4720
66.249.66.38 - - [25/Mar/2023:12:16:11 -0500] "-" 408 -
192.168.175.240 - - [25/Mar/2023:12:16:20 -0500] "GET / HTTP/1.1" 200 4720
201.245.192.253 - - [25/Mar/2023:12:16:41 -0500] "POST /kwsrmcab/Wsrmcab  HTTP/1.1" 200 41914
168.138.24.178 - - [25/Mar/2023:12:17:11 -0500] "GET /galeria/galeria/fotos/diaSC6Peq.jpg HTTP/1.1" 200 17665
192.168.175.240 - - [25/Mar/2023:12:17:20 -0500] "GET / HTTP/1.1" 200 4720
172.22.2.4 - - [25/Mar/2023:12:16:02 -0500] "HEAD /BLA/boletinlegal/ HTTP/1.1" 200 -
192.168.175.240 - - [25/Mar/2023:12:18:20 -0500] "GET / HTTP/1.1" 200 4720
172.22.2.4 - - [25/Mar/2023:12:16:53 -0500] "GET /BLA/boletinlegal/ HTTP/1.1" 200 57141
192.168.175.240 - - [25/Mar/2023:12:19:20 -0500] "GET / HTTP/1.1" 200 4720
216.245.221.92 - - [25/Mar/2023:12:19:57 -0500] "HEAD / HTTP/1.1" 200 -
201.245.192.253 - - [25/Mar/2023:12:20:09 -0500] "POST /kwsrmcab/Wsrmcab HTTP/1.1" 200 41617
201.245.192.253 - - [25/Mar/2023:12:20:12 -0500] "POST /kwsrmcab/Wsrmcab HTTP/1.1" 200 43469
192.168.175.240 - - [25/Mar/2023:12:20:20 -0500] "GET / HTTP/1.1" 200 4720
192.168.175.240 - - [25/Mar/2023:12:21:20 -0500] "GET / HTTP/1.1" 200 4720
201.245.192.253 - - [25/Mar/2023:12:21:39 -0500] "POST /kwsrmcab/Wsrmcab  HTTP/1.1" 200 41914
192.168.175.240 - - [25/Mar/2023:12:22:20 -0500] "GET / HTTP/1.1" 200 4720
52.125.136.232 - - [25/Mar/2023:12:22:21 -0500] "GET /images/jardines-verticales_optimized.jpeg HTTP/1.1" 200 138197
157.55.39.206 - - [25/Mar/2023:12:22:58 -0500] "GET /mujeres-que-reverdecen-secretaria-de-ambiente-anuncia-el-inicio-de-la-tercera-fase.html HTTP/1.1" 200 954
192.168.175.240 - - [25/Mar/2023:12:23:20 -0500] "GET / HTTP/1.1" 200 4720
172.22.2.4 - - [25/Mar/2023:12:21:52 -0500] "HEAD /BLA/boletinlegal/ HTTP/1.1" 200 -
172.22.2.4 - - [25/Mar/2023:12:23:37 -0500] "GET /BLA/boletinlegal/consulta_actos.php?tipo=resoluciones&no=0537&usuario=&sector=&fecha=2022&resuelve= HTTP/1.1" 200 1099
201.245.192.253 - - [25/Mar/2023:12:23:58 -0500] "GET /BLA/resoluciones/RESOLUCIONES%202022/0537.pdf HTTP/1.1" 200 461912
201.245.192.253 - - [25/Mar/2023:12:23:59 -0500] "GET /favicon.ico HTTP/1.1" 200 7782
192.168.175.240 - - [25/Mar/2023:12:24:20 -0500] "GET / HTTP/1.1" 200 4720
172.22.2.4 - - [25/Mar/2023:12:22:43 -0500] "GET /BLA/boletinlegal/ HTTP/1.1" 200 52316
34.147.6.178 - - [25/Mar/2023:12:24:56 -0500] "GET /inventario-de-emisiones-2020-transporte-publico-sitp-redujo-emisiones-de-pm-2-5-en-un-37.html HTTP/1.1" 200 925
216.245.221.92 - - [25/Mar/2023:12:24:57 -0500] "HEAD / HTTP/1.1" 200 -
192.168.175.240 - - [25/Mar/2023:12:25:20 -0500] "GET / HTTP/1.1" 200 4720
192.168.175.240 - - [25/Mar/2023:12:26:20 -0500] "GET / HTTP/1.1" 200 4720
201.245.192.253 - - [25/Mar/2023:12:26:38 -0500] "POST /kwsrmcab/Wsrmcab  HTTP/1.1" 200 41914
192.168.175.240 - - [25/Mar/2023:12:27:20 -0500] "GET / HTTP/1.1" 200 4720
52.167.144.113 - - [25/Mar/2023:12:27:52 -0500] "GET /BLA/resoluciones/AUTOS%202017/0002.pdf HTTP/1.1" 200 619570
192.168.175.240 - - [25/Mar/2023:12:28:20 -0500] "GET / HTTP/1.1" 200 4720
186.84.90.74 - - [25/Mar/2023:12:28:33 -0500] "GET /kwssiamovil/sm/acme/a?s=U2FsdGVkX1/jCNi8dnFq+GOTTw/WtxL/vke+dkQkDV4U7D6sMB2DQy48fEwDCR9s94ZZoz4d8AagCsB7U6s4p1CPNnn98TzOGyU6hG9ftMfRGmNxSWun9DM7xhpYIeeYE2xuC+oU0QaR1MEC0lckw51DI7MlXxOczlbyKiEXagFZKOboIXI/9/IrlI1EBteEyiwvtwWjbK/1qyI5EM0meCkS2pFQgsJx8l3FfSiDpOxfryspO+9cCmsZx8cZX/PFj3vcSuIdBBsHQMPeMF2N6w==&u=U2FsdGVkX1+f9DIigxYrJIL5OEtNsdJi9DMUb2wBe3Y=&y=U2FsdGVkX185BJjoaeZD0vzn6SYSXPzfBTx18cdOOpdHaSq2dDCN/ENPJwYS9A+O HTTP/1.1" 200 26
186.84.90.74 - - [25/Mar/2023:12:28:33 -0500] "GET /kwssiamovil/sm/acme/a?s=U2FsdGVkX19hiLGsACvlRRnLum2C0f0/3SUZr1clds1qfi3QryyfoLxuIVNHmUM12AAl5QaaGsKgVidSHhISMggZAdbFgnx2iZvJdyCTEdcNTxw0gtuI2oORGSDEgnq1VOTmSN4FlkYZUQMQ9QCvhvH1fahILSp2xFBiCa7eWxLUev3ZHeutH3FFCt16NCWrSRRK4yxgefwLxxNGW3zQPmyFRZ3LIlpQC8GziUofDSS5EVXa7FtNeNUpKPuDMaHm1ZUaRhdVfiO39j7JwtM15VN2sGnYUVaCLd08YM0xXm6IGyca/4q945KJ63VatIYK+/aaixFx5o0bvDsez6uVz69Nc74z2mrf5qM3AEzqrXIZssifjMiLIddaB92bDKBP3M/vGIATbZQQA+S++l0x3qnaayEvq72VG/Smsxhms0RiBVXAhLuR7Yz93w1l/Fa4HoN6Xmy2OT4K7ZcVA51DEqd1lHAlC5r7sVQ8MkO1C0I3j0j75rlLPOUhARPjWI4YfWDAp/RQG1661QNR6BXKdICHx6m5m5H+BGO4OCCLJCK+VdX94BF19DXqUE5ed+JffVyAb06r5JIC9K5AE55gpVKxaJbu9m9mAqI9TkL7KNukt+bskI06zJIfE+2VHEKwThsI5AD2SxUvprSYZKWosvs/QZJjkL7bZND/Hd5xDb5PThuBoh8rK/DudJs0MZg0Qa2h8MzTf64hUdRwz+wcTG7+R6V1zhB4QkKi0zXYWWsAkL5nJwqR468t4vRMWarNCdNGeiv24VRoWB1t4q835Np5NUK0IBEl0I3LAWrpmCICtO1dUO0eqoso+1Iss7OsMTfD4F+oTDAGLZ6tTAOGMXAtru2BXlJmgzzX5G5edNcpB0zc5z3Qj4EUhBEG0NakAyvmbWI70MPOOsoCoUT7o9FecmSYL7GOpNr2AXb4NsSAtlX126xrqR8+6Mil5EizGNUM+Bb6qP8gVVzWxOIV0Zq1op5rMgrJuNQOEypdn6JC8jBTM171jPET6sCrBvc6kQh16rA40S0X0L9SI1lSnB0VvGLF47VtBJyYyv3vhyGrXcUw1LAGKmTYM+8g3wQecbmXQRrbdubV2DouaAIDAXISOVBmc+UWcZIGe7SkrF4mSslS8QrsdkYylKhG3eXaK+vXCyxIkW6bHkhKuWMoXQQ4qsaBOyjGHrgLEXye/3c6tHbOOXnntuB8Pdb+5wVM335aC8SkomIW797qxgMUWRbOBM7j4XHojmrj5dYhHuVtUigcTjvJbcxrzNolbXwKVWBEH/z0uqD5i9wLZ4LzHKB+Vq1gdjU2PkGgCn91qwSSSDPWAImplOog1nJPzHRFCfpUFsu7Qp/Amk40dLF6gN55morBxqBC5HhaxosVoLvn9m9femm0UYjYjHn/8805vBIhu2H+bpbd1mskt8Qhlyu0iwes+WWZXGD6KUeu7Zi18+8JZfvrMyT1VJfw4J/wxWXZN4k74sDozknMbqRqLBWx2RzatTvrOljyOu8Cxc/690/vDhcAytq2cpac23ffuavNodoCYXqzlhc2Y/WDWNp02tZPRUWTOHJEPup6BaSOjRJCNJHoaaPY5Yww9mOAg8bOlCbP8xAcVo0fK6h2vC5x1biFCUd2RxG8hkptTGo3CPCH+/GMb1N7TFT3AsD2aM+n0EP/w67ZWXwjeEia6yp8J6XiauwPoZm1gW2GDX5uzGAgwL53Kc/TDMzK7z9ZH9r3C1fBwTtfE4DrvPBL86rCLge8CrVBtDbVOcgAL2H/TzxnTxceeTBODS2XZ++nHz/maHKgewcxc5FmeY8C7Zw/LFdwnBCxu2Ics1dgyjzaHxXXPsSyafZE/IDUaHzoZXDGEGhV3WvjGmXJ+4X6Ucwy17k53GXxKqehpAQjvAoFYGYIfg4RF1q+DrpCrgRGWPaqeVNLwMcYiiz5fUfy8w4pH4ForAKgJNGSRwTrdQbiRYcLKo4DshSdAWmQTwU3Hz6CAYed7pynbmVFdOJ4aRerZHvQ+dLP1Pzm/3c/6AR+Ht08RBnZm80TrCUA802fJN1qP+HK5ALuMr8heRJN42zi3G7mMgVHbiqu2Ggibax0UQ0DeReoiiIcK9dyrEU2jpxEVlNczt+s0TTElj7aM1FTM8g6GgiIzQcKj8adKdG7+6updVciGfHtn00S7wb+k69ujiQCqsEKDpgEs50Wbo+5pFg3cR6KxdUzxo94B2X/NYP8B9Ily/iOHVlAXqwCNrbcdi8lbRKfs1JuFu5Zgi5bJrFP0vp34KuZ/BOrYOM7WxrSfyMUHNltcspg7WmSr9CDGYIrXUL8rZhfJtI2Lw==&u=U2FsdGVkX1+f9DIigxYrJIL5OEtNsdJi9DMUb2wBe3Y=&y=U2FsdGVkX185BJjoaeZD0vzn6SYSXPzfBTx18cdOOpdHaSq2dDCN/ENPJwYS9A+O HTTP/1.1" 200 26
186.84.90.74 - - [25/Mar/2023:12:28:33 -0500] "GET /kwssiamovil/sm/acme/a?s=U2FsdGVkX1/Hb9KtXSnugfI6ERmdz0VlxTwKiNklKvWk0p2R0xm/AGG1+bXqtgV959Qdcuhpgdw5R6SBOzWXyLQeOEA/gCoJ/EYAXvERaw7pQWeta0AumkolRet6mA4n0XLLcmWku6UuMRjTS0woQMytX9nJQs+99y8KZIV2Wbk=&u=U2FsdGVkX1+f9DIigxYrJIL5OEtNsdJi9DMUb2wBe3Y=&y=U2FsdGVkX185BJjoaeZD0vzn6SYSXPzfBTx18cdOOpdHaSq2dDCN/ENPJwYS9A+O HTTP/1.1" 200 26
186.84.90.74 - - [25/Mar/2023:12:28:33 -0500] "GET /kwssiamovil/sm/acme/a?s=U2FsdGVkX19ovO9b9o8/PjfoaB1BgERbUej7RdHHEP1rKYpS957t9GU0j1bip8manRKBkooNUYQi9xYMCZA7kdCp0wgsC71AEf4WzxVY1mOeqtWGscwYbv5tDy+Z58KI6FOqryUjXLz3RV+jGSTvhqt6Uo/brXIpKzk9ESBRKUs=&u=U2FsdGVkX1+f9DIigxYrJIL5OEtNsdJi9DMUb2wBe3Y=&y=U2FsdGVkX185BJjoaeZD0vzn6SYSXPzfBTx18cdOOpdHaSq2dDCN/ENPJwYS9A+O HTTP/1.1" 200 26
186.84.90.74 - - [25/Mar/2023:12:28:34 -0500] "GET /kwssiamovil/sm/acme/a?s=U2FsdGVkX1/0IdYoQbFNLKhwUSyzzvMKQqGKWp0C01Tqk5CxOHuMZosVVLGKYsU4sfgp0lpc9/iA2ONjrooX9g6Yc8gPYKa6cVVidd4WQKsIus68hTeYtsPt8ZnHGHx1x1IOptOMT9g/EzjukNk6uAcc3NiddpH7UsyNjm8xYqE=&u=U2FsdGVkX1+f9DIigxYrJIL5OEtNsdJi9DMUb2wBe3Y=&y=U2FsdGVkX185BJjoaeZD0vzn6SYSXPzfBTx18cdOOpdHaSq2dDCN/ENPJwYS9A+O HTTP/1.1" 200 26
186.84.90.74 - - [25/Mar/2023:12:28:34 -0500] "GET /kwssiamovil/sm/acme/a?s=U2FsdGVkX19C5fUfmRsRYcec+8wXiAe4+tMIM+dMyBdBxAhMFQ67UyZuLklKlHUxS0XrZlyQbUnOdqOJfkdd0Yg6D9npqJ46kl9zats7byZ2BL7WkokNA9dpFE/R4YBBDIhFE6le+tEA5ag8mJw+nEc5Na91ySyzIavV5Jt9543WdAgau9guOaItgal2jQStexV7ftMYXMbv9Sz5Tzq7GQ==&u=U2FsdGVkX1+f9DIigxYrJIL5OEtNsdJi9DMUb2wBe3Y=&y=U2FsdGVkX185BJjoaeZD0vzn6SYSXPzfBTx18cdOOpdHaSq2dDCN/ENPJwYS9A+O HTTP/1.1" 200 26
192.168.175.240 - - [25/Mar/2023:12:29:20 -0500] "GET / HTTP/1.1" 200 4720
172.22.2.4 - - [25/Mar/2023:12:27:42 -0500] "HEAD /BLA/boletinlegal/ HTTP/1.1" 200 -
216.245.221.92 - - [25/Mar/2023:12:29:57 -0500] "HEAD / HTTP/1.1" 200 -
201.245.192.253 - - [25/Mar/2023:12:30:09 -0500] "POST /kwsrmcab/Wsrmcab HTTP/1.1" 200 41617
172.22.2.4 - - [25/Mar/2023:12:28:33 -0500] "GET /BLA/boletinlegal/ HTTP/1.1" 200 57551
201.245.192.253 - - [25/Mar/2023:12:30:12 -0500] "POST /kwsrmcab/Wsrmcab HTTP/1.1" 200 43469
192.168.175.240 - - [25/Mar/2023:12:30:20 -0500] "GET / HTTP/1.1" 200 4720
192.168.175.240 - - [25/Mar/2023:12:31:20 -0500] "GET / HTTP/1.1" 200 4720
201.245.192.253 - - [25/Mar/2023:12:31:37 -0500] "POST /kwsrmcab/Wsrmcab  HTTP/1.1" 200 41914
157.55.39.217 - - [25/Mar/2023:12:31:48 -0500] "GET /BLA/resoluciones/RESOLUCIONES%202021/0624.pdf HTTP/1.1" 200 385946
192.168.175.240 - - [25/Mar/2023:12:32:20 -0500] "GET / HTTP/1.1" 200 4720
52.167.144.167 - - [25/Mar/2023:12:32:24 -0500] "GET /appsia/css/estilos.css HTTP/1.1" 200 4804
52.167.144.113 - - [25/Mar/2023:12:32:31 -0500] "GET /appsia/scripts/validarIngreso.js HTTP/1.1" 200 851
186.154.112.251 - - [25/Mar/2023:12:32:55 -0500] "GET /pagos-por-servicios-ambientales-hidricos-una-iniciativa-para-la-conservacion-de-este-recurso.html HTTP/1.1" 304 -
192.168.175.240 - - [25/Mar/2023:12:33:20 -0500] "GET / HTTP/1.1" 200 4720
66.249.66.12 - - [25/Mar/2023:12:33:51 -0500] "GET /agendate-para-participar-en-las-caminatas-ecologicas-de-febrero.html HTTP/1.1" 200 830
192.168.175.240 - - [25/Mar/2023:12:34:20 -0500] "GET / HTTP/1.1" 200 4720
186.31.126.231 - - [25/Mar/2023:12:34:41 -0500] "GET /galeria/galeria/jquery.fancybox.css?v=2.1.5 HTTP/1.1" 200 4895
186.31.126.231 - - [25/Mar/2023:12:34:41 -0500] "GET /galeria/galeria/jquery.fancybox.js?v=2.1.5 HTTP/1.1" 200 48706
186.31.126.231 - - [25/Mar/2023:12:34:41 -0500] "GET /BLA/boletinlegal/js/jquery.scrollShow.js HTTP/1.1" 200 4586
216.245.221.92 - - [25/Mar/2023:12:34:57 -0500] "HEAD / HTTP/1.1" 200 -
173.252.95.11 - - [25/Mar/2023:12:35:06 -0500] "GET /asi-las-mujeres-que-reverdecen-cuidan-los-arboles-para-la-restauracion-ecologica-de-bogota.html HTTP/1.1" 206 911
172.22.2.4 - - [25/Mar/2023:12:33:32 -0500] "HEAD /BLA/boletinlegal/ HTTP/1.1" 200 -
192.168.175.240 - - [25/Mar/2023:12:35:20 -0500] "GET / HTTP/1.1" 200 4720
172.22.2.4 - - [25/Mar/2023:12:34:23 -0500] "GET /BLA/boletinlegal/ HTTP/1.1" 200 57551
185.119.81.107 - - [25/Mar/2023:12:36:16 -0500] "GET /portaldeninos/wp-login.php HTTP/1.1" 200 2592
185.119.81.107 - - [25/Mar/2023:12:36:18 -0500] "POST /portaldeninos/wp-login.php HTTP/1.1" 200 3650
192.168.175.240 - - [25/Mar/2023:12:36:20 -0500] "GET / HTTP/1.1" 200 4720
66.249.79.115 - - [25/Mar/2023:12:36:27 -0500] "-" 408 -
201.245.192.253 - - [25/Mar/2023:12:36:36 -0500] "POST /kwsrmcab/Wsrmcab  HTTP/1.1" 200 41914
192.168.175.240 - - [25/Mar/2023:12:37:20 -0500] "GET / HTTP/1.1" 200 4720
185.119.81.107 - - [25/Mar/2023:12:37:23 -0500] "GET /portaldeninos/wp-login.php HTTP/1.1" 200 2592
185.119.81.107 - - [25/Mar/2023:12:37:24 -0500] "POST /portaldeninos/wp-login.php HTTP/1.1" 200 3605
66.249.66.32 - - [25/Mar/2023:12:37:48 -0500] "GET /inicia-la-convocatoria-2023-para-el-panel-distrital-de-cambio-climatico.html HTTP/1.1" 200 887
5.62.49.87 - - [25/Mar/2023:12:37:49 -0500] "GET /sipse/faces/javax.faces.resource/theme.css?ln=primefaces-sipse HTTP/1.1" 304 -
5.62.49.87 - - [25/Mar/2023:12:37:50 -0500] "GET /sipse/faces/faces/autenticacion.xhtml HTTP/1.1" 200 12187
5.62.49.87 - - [25/Mar/2023:12:37:50 -0500] "GET /sipse/faces/javax.faces.resource/theme.css?ln=primefaces-sipse HTTP/1.1" 304 -
5.62.49.87 - - [25/Mar/2023:12:37:50 -0500] "GET /sipse/faces/javax.faces.resource/jquery/jquery.js?ln=primefaces&v=4.0 HTTP/1.1" 304 -
5.62.49.87 - - [25/Mar/2023:12:37:50 -0500] "GET /sipse/faces/javax.faces.resource/layout/layout.css?ln=primefaces&v=4.0 HTTP/1.1" 304 -
5.62.49.87 - - [25/Mar/2023:12:37:50 -0500] "GET /sipse/faces/javax.faces.resource/primefaces.css?ln=primefaces&v=4.0 HTTP/1.1" 304 -
5.62.49.87 - - [25/Mar/2023:12:37:50 -0500] "GET /sipse/faces/javax.faces.resource/jquery/jquery-plugins.js?ln=primefaces&v=4.0 HTTP/1.1" 304 -
5.62.49.87 - - [25/Mar/2023:12:37:50 -0500] "GET /sipse/faces/javax.faces.resource/primefaces.js?ln=primefaces&v=4.0 HTTP/1.1" 304 -
5.62.49.87 - - [25/Mar/2023:12:37:50 -0500] "GET /sipse/faces/javax.faces.resource/layout/layout.js?ln=primefaces&v=4.0 HTTP/1.1" 304 -
192.168.175.240 - - [25/Mar/2023:12:38:20 -0500] "GET / HTTP/1.1" 200 4720
173.252.95.120 - - [25/Mar/2023:12:38:29 -0500] "GET /tinguas-azules-secretaria-de-ambiente-atiende-alto-numero-de-reportes-de-aves-migratorias.html HTTP/1.1" 206 923
192.168.175.240 - - [25/Mar/2023:12:39:20 -0500] "GET / HTTP/1.1" 200 4720
66.249.66.88 - - [25/Mar/2023:12:39:52 -0500] "-" 408 -
216.245.221.92 - - [25/Mar/2023:12:39:57 -0500] "HEAD / HTTP/1.1" 200 -
201.245.192.253 - - [25/Mar/2023:12:40:09 -0500] "POST /kwsrmcab/Wsrmcab HTTP/1.1" 200 41617
201.245.192.253 - - [25/Mar/2023:12:40:12 -0500] "POST /kwsrmcab/Wsrmcab HTTP/1.1" 200 43469
192.168.175.240 - - [25/Mar/2023:12:40:20 -0500] "GET / HTTP/1.1" 200 4720
172.22.2.4 - - [25/Mar/2023:12:39:22 -0500] "HEAD /BLA/boletinlegal/ HTTP/1.1" 200 -
172.22.2.4 - - [25/Mar/2023:12:41:07 -0500] "GET /BLA/boletinlegal/admin/config.php HTTP/1.1" 200 -
192.168.175.240 - - [25/Mar/2023:12:41:20 -0500] "GET / HTTP/1.1" 200 4720
201.245.192.253 - - [25/Mar/2023:12:41:41 -0500] "POST /kwsrmcab/Wsrmcab  HTTP/1.1" 200 41914
172.22.2.4 - - [25/Mar/2023:12:40:13 -0500] "GET /BLA/boletinlegal/ HTTP/1.1" 200 59296
52.167.144.71 - - [25/Mar/2023:12:42:12 -0500] "GET /BLA/resoluciones/AUTOS%202018/6668.pdf HTTP/1.1" 200 296362
192.168.175.240 - - [25/Mar/2023:12:42:20 -0500] "GET / HTTP/1.1" 200 4720
192.168.175.240 - - [25/Mar/2023:12:43:20 -0500] "GET / HTTP/1.1" 200 4720
192.168.175.240 - - [25/Mar/2023:12:44:20 -0500] "GET / HTTP/1.1" 200 4720
168.119.253.21 - - [25/Mar/2023:12:44:29 -0500] "GET / HTTP/1.1" 200 319
168.119.253.21 - - [25/Mar/2023:12:44:29 -0500] "GET / HTTP/1.1" 200 4720
162.55.38.160 - - [25/Mar/2023:12:44:38 -0500] "GET / HTTP/1.1" 200 319
162.55.38.160 - - [25/Mar/2023:12:44:40 -0500] "GET / HTTP/1.1" 200 4720
31.13.103.11 - - [25/Mar/2023:12:44:45 -0500] "GET /images/semana-bosques-1_optimized.1.jpg HTTP/1.1" 200 102892
216.245.221.92 - - [25/Mar/2023:12:44:57 -0500] "HEAD / HTTP/1.1" 200 -
192.168.175.240 - - [25/Mar/2023:12:45:20 -0500] "GET / HTTP/1.1" 200 4720
192.168.175.240 - - [25/Mar/2023:12:46:20 -0500] "GET / HTTP/1.1" 200 4720
201.245.192.253 - - [25/Mar/2023:12:46:39 -0500] "POST /kwsrmcab/Wsrmcab  HTTP/1.1" 200 41914
172.22.2.4 - - [25/Mar/2023:12:45:12 -0500] "HEAD /BLA/boletinlegal/ HTTP/1.1" 200 -
192.168.175.240 - - [25/Mar/2023:12:47:20 -0500] "GET / HTTP/1.1" 200 4720
45.83.67.142 - - [25/Mar/2023:12:47:33 -0500] "GET / HTTP/1.1" 200 319
45.83.67.175 - - [25/Mar/2023:12:47:34 -0500] "GET /favicon.ico HTTP/1.1" 200 7782
172.22.2.4 - - [25/Mar/2023:12:46:03 -0500] "GET /BLA/boletinlegal/ HTTP/1.1" 200 54798
192.168.175.240 - - [25/Mar/2023:12:48:20 -0500] "GET / HTTP/1.1" 200 4720
192.168.175.240 - - [25/Mar/2023:12:49:20 -0500] "GET / HTTP/1.1" 200 4720
172.22.2.4 - - [25/Mar/2023:12:49:11 -0500] "GET /BLA/boletinlegal/ HTTP/1.1" 200 20427
216.245.221.92 - - [25/Mar/2023:12:49:57 -0500] "HEAD / HTTP/1.1" 200 -
192.168.175.240 - - [25/Mar/2023:12:50:20 -0500] "GET / HTTP/1.1" 200 4720
192.168.175.240 - - [25/Mar/2023:12:51:20 -0500] "GET / HTTP/1.1" 200 4720
201.245.192.253 - - [25/Mar/2023:12:51:37 -0500] "POST /kwsrmcab/Wsrmcab  HTTP/1.1" 200 41914
192.168.175.240 - - [25/Mar/2023:12:52:20 -0500] "GET / HTTP/1.1" 200 4720
172.22.2.4 - - [25/Mar/2023:12:51:02 -0500] "HEAD /BLA/boletinlegal/ HTTP/1.1" 200 -
192.168.175.240 - - [25/Mar/2023:12:53:20 -0500] "GET / HTTP/1.1" 200 4720
172.22.2.4 - - [25/Mar/2023:12:51:53 -0500] "GET /BLA/boletinlegal/ HTTP/1.1" 200 55924
52.167.144.167 - - [25/Mar/2023:12:53:36 -0500] "GET /BLA/resoluciones/index.php?dir=RESOLUCIONES+2023%2F HTTP/1.1" 200 10548
200.122.233.90 - - [25/Mar/2023:12:53:42 -0500] "GET /galeria/galeria/jquery.fancybox.css?v=2.1.5 HTTP/1.1" 200 4895
200.122.233.90 - - [25/Mar/2023:12:53:42 -0500] "GET /BLA/boletinlegal/js/jquery.scrollShow.js HTTP/1.1" 200 4586
200.122.233.90 - - [25/Mar/2023:12:53:42 -0500] "GET /galeria/galeria/jquery.fancybox.js?v=2.1.5 HTTP/1.1" 200 48706
52.167.144.113 - - [25/Mar/2023:12:54:15 -0500] "GET /bla/resoluciones/autos%202021/4151.pdf HTTP/1.1" 200 407605
192.168.175.240 - - [25/Mar/2023:12:54:20 -0500] "GET / HTTP/1.1" 200 4720
216.245.221.92 - - [25/Mar/2023:12:54:57 -0500] "HEAD / HTTP/1.1" 200 -
192.168.175.240 - - [25/Mar/2023:12:55:20 -0500] "GET / HTTP/1.1" 200 4720
52.167.144.71 - - [25/Mar/2023:12:55:32 -0500] "GET /autoliquidacion/index.php?dir=cobro+evaluacion+certificaci\xc3\xb3n+para+la+deducci\xc3\xb3n+por+inversi\xc3\xb3n+en+medio+ambiente HTTP/1.1" 200 7033
192.168.175.240 - - [25/Mar/2023:12:56:20 -0500] "GET / HTTP/1.1" 200 4720
201.245.192.253 - - [25/Mar/2023:12:56:36 -0500] "POST /kwsrmcab/Wsrmcab  HTTP/1.1" 200 41914
192.168.175.240 - - [25/Mar/2023:12:57:20 -0500] "GET / HTTP/1.1" 200 4720
200.41.5.108 - - [25/Mar/2023:12:58:11 -0500] "GET /galeria/galeria/jquery.fancybox.css?v=2.1.5 HTTP/1.1" 200 4895
200.41.5.108 - - [25/Mar/2023:12:58:11 -0500] "GET /galeria/galeria/jquery.fancybox.js?v=2.1.5 HTTP/1.1" 200 48706
200.41.5.108 - - [25/Mar/2023:12:58:11 -0500] "GET /BLA/boletinlegal/js/jquery.scrollShow.js HTTP/1.1" 200 4586
192.168.175.240 - - [25/Mar/2023:12:58:20 -0500] "GET / HTTP/1.1" 200 4720
172.22.2.4 - - [25/Mar/2023:12:56:52 -0500] "HEAD /BLA/boletinlegal/ HTTP/1.1" 200 -
52.167.144.71 - - [25/Mar/2023:12:59:13 -0500] "GET /autoliquidacion/solicitudes%20relacionadas%20con%20calidad%20del%20aire%20auditiva%20y%20visual/registro%20de%20elementos%20de%20publicidad%20exterior%20visual/2019ie200072%20pm04-pr16.pdf HTTP/1.1" 200 206029
192.168.175.240 - - [25/Mar/2023:12:59:20 -0500] "GET / HTTP/1.1" 200 4720
172.22.2.4 - - [25/Mar/2023:12:57:43 -0500] "GET /BLA/boletinlegal/ HTTP/1.1" 200 56277
216.245.221.92 - - [25/Mar/2023:12:59:57 -0500] "HEAD / HTTP/1.1" 200 -
192.168.175.240 - - [25/Mar/2023:13:00:20 -0500] "GET / HTTP/1.1" 200 4720
192.168.175.240 - - [25/Mar/2023:13:01:20 -0500] "GET / HTTP/1.1" 200 4720
201.245.192.253 - - [25/Mar/2023:13:01:35 -0500] "POST /kwsrmcab/Wsrmcab  HTTP/1.1" 200 41914
192.168.175.240 - - [25/Mar/2023:13:02:20 -0500] "GET / HTTP/1.1" 200 4720
52.167.144.71 - - [25/Mar/2023:13:02:30 -0500] "GET /BLA/resoluciones/AUTOS%202022/7435.pdf HTTP/1.1" 200 1210228
192.168.175.240 - - [25/Mar/2023:13:03:20 -0500] "GET / HTTP/1.1" 200 4720
52.167.144.113 - - [25/Mar/2023:13:03:57 -0500] "GET /BLA/resoluciones/AUTOS%202021/0515.pdf HTTP/1.1" 304 -
192.168.175.240 - - [25/Mar/2023:13:04:20 -0500] "GET / HTTP/1.1" 200 4720
172.22.2.4 - - [25/Mar/2023:13:02:42 -0500] "HEAD /BLA/boletinlegal/ HTTP/1.1" 200 -
216.245.221.92 - - [25/Mar/2023:13:04:57 -0500] "HEAD / HTTP/1.1" 200 -
172.22.2.4 - - [25/Mar/2023:13:03:33 -0500] "GET /BLA/boletinlegal/ HTTP/1.1" 200 55211
192.168.175.240 - - [25/Mar/2023:13:05:20 -0500] "GET / HTTP/1.1" 200 4720
52.167.144.167 - - [25/Mar/2023:13:05:27 -0500] "GET /BLA/resoluciones/RESOLUCIONES%202022/1475.pdf HTTP/1.1" 200 500214
52.167.144.167 - - [25/Mar/2023:13:05:30 -0500] "GET /BLA/resoluciones/AUTOS%202021/5142.pdf HTTP/1.1" 304 -
172.22.2.4 - - [25/Mar/2023:13:06:08 -0500] "GET /BLA/boletinlegal/actos.php HTTP/1.1" 200 9672
192.168.175.240 - - [25/Mar/2023:13:06:20 -0500] "GET / HTTP/1.1" 200 4720
201.245.192.253 - - [25/Mar/2023:13:06:33 -0500] "POST /kwsrmcab/Wsrmcab  HTTP/1.1" 200 41914
192.168.175.240 - - [25/Mar/2023:13:07:20 -0500] "GET / HTTP/1.1" 200 4720
192.168.175.240 - - [25/Mar/2023:13:08:20 -0500] "GET / HTTP/1.1" 200 4720
69.63.184.5 - - [25/Mar/2023:13:08:31 -0500] "GET /images/semana-bosques-1_optimized.1.jpg HTTP/1.1" 200 102892
192.168.175.240 - - [25/Mar/2023:13:09:20 -0500] "GET / HTTP/1.1" 200 4720
216.245.221.92 - - [25/Mar/2023:13:09:57 -0500] "HEAD / HTTP/1.1" 200 -
172.22.2.4 - - [25/Mar/2023:13:10:04 -0500] "GET /BLA/boletinlegal/.env HTTP/1.1" 404 1038
172.22.2.4 - - [25/Mar/2023:13:10:05 -0500] "GET /BLA/boletinlegal/conf/.env HTTP/1.1" 404 1038
172.22.2.4 - - [25/Mar/2023:13:10:05 -0500] "GET /BLA/boletinlegal/wp-content/.env HTTP/1.1" 404 1038
172.22.2.4 - - [25/Mar/2023:13:10:06 -0500] "GET /BLA/boletinlegal/wp-admin/.env HTTP/1.1" 404 1038
172.22.2.4 - - [25/Mar/2023:13:10:06 -0500] "GET /BLA/boletinlegal/library/.env HTTP/1.1" 404 1038
172.22.2.4 - - [25/Mar/2023:13:10:07 -0500] "GET /BLA/boletinlegal/new/.env HTTP/1.1" 404 1038
172.22.2.4 - - [25/Mar/2023:13:10:08 -0500] "GET /BLA/boletinlegal/vendor/.env HTTP/1.1" 404 1038
172.22.2.4 - - [25/Mar/2023:13:10:08 -0500] "GET /BLA/boletinlegal/old/.env HTTP/1.1" 404 1038
172.22.2.4 - - [25/Mar/2023:13:10:10 -0500] "GET /BLA/boletinlegal/local/.env HTTP/1.1" 404 1038
172.22.2.4 - - [25/Mar/2023:13:10:11 -0500] "GET /BLA/boletinlegal/api/.env HTTP/1.1" 404 1038
172.22.2.4 - - [25/Mar/2023:13:10:11 -0500] "GET /BLA/boletinlegal/blog/.env HTTP/1.1" 404 1038
172.22.2.4 - - [25/Mar/2023:13:10:12 -0500] "GET /BLA/boletinlegal/crm/.env HTTP/1.1" 404 1038
172.22.2.4 - - [25/Mar/2023:13:08:32 -0500] "HEAD /BLA/boletinlegal/ HTTP/1.1" 200 -
172.22.2.4 - - [25/Mar/2023:13:10:12 -0500] "GET /BLA/boletinlegal/admin/.env HTTP/1.1" 404 1038
172.22.2.4 - - [25/Mar/2023:13:10:13 -0500] "GET /BLA/boletinlegal/laravel/.env HTTP/1.1" 404 1038
172.22.2.4 - - [25/Mar/2023:13:10:14 -0500] "GET /BLA/boletinlegal/app/.env HTTP/1.1" 404 1038
172.22.2.4 - - [25/Mar/2023:13:10:15 -0500] "GET /BLA/boletinlegal/app/config/.env HTTP/1.1" 404 1038
172.22.2.4 - - [25/Mar/2023:13:10:15 -0500] "GET /BLA/boletinlegal/apps/.env HTTP/1.1" 404 1038
172.22.2.4 - - [25/Mar/2023:13:10:16 -0500] "GET /BLA/boletinlegal/audio/.env HTTP/1.1" 404 1038
172.22.2.4 - - [25/Mar/2023:13:10:17 -0500] "GET /BLA/boletinlegal/cgi-bin/.env HTTP/1.1" 404 1038
172.22.2.4 - - [25/Mar/2023:13:10:17 -0500] "GET /BLA/boletinlegal/backend/.env HTTP/1.1" 404 1038
172.22.2.4 - - [25/Mar/2023:13:10:18 -0500] "GET /BLA/boletinlegal/src/.env HTTP/1.1" 404 1038
172.22.2.4 - - [25/Mar/2023:13:10:18 -0500] "GET /BLA/boletinlegal/base/.env HTTP/1.1" 404 1038
172.22.2.4 - - [25/Mar/2023:13:10:19 -0500] "GET /BLA/boletinlegal/core/.env HTTP/1.1" 404 1038
172.22.2.4 - - [25/Mar/2023:13:10:20 -0500] "GET /BLA/boletinlegal/vendor/laravel/.env HTTP/1.1" 404 1038
192.168.175.240 - - [25/Mar/2023:13:10:20 -0500] "GET / HTTP/1.1" 200 4720
172.22.2.4 - - [25/Mar/2023:13:10:20 -0500] "GET /BLA/boletinlegal/storage/.env HTTP/1.1" 404 1038
172.22.2.4 - - [25/Mar/2023:13:10:21 -0500] "GET /BLA/boletinlegal/protected/.env HTTP/1.1" 404 1038
172.22.2.4 - - [25/Mar/2023:13:10:22 -0500] "GET /BLA/boletinlegal/newsite/.env HTTP/1.1" 404 1038
172.22.2.4 - - [25/Mar/2023:13:10:22 -0500] "GET /BLA/boletinlegal/www/.env HTTP/1.1" 404 1038
172.22.2.4 - - [25/Mar/2023:13:10:23 -0500] "GET /BLA/boletinlegal/sites/all/libraries/mailchimp/.env HTTP/1.1" 404 1038
172.22.2.4 - - [25/Mar/2023:13:10:24 -0500] "GET /BLA/boletinlegal/database/.env HTTP/1.1" 404 1038
172.22.2.4 - - [25/Mar/2023:13:10:24 -0500] "GET /BLA/boletinlegal/public/.env HTTP/1.1" 404 1038
172.22.2.4 - - [25/Mar/2023:13:10:25 -0500] "GET /BLA/boletinlegal/static-186-28-229-121.static.etb.net.co/.env HTTP/1.1" 404 1038
52.167.144.113 - - [25/Mar/2023:13:10:55 -0500] "GET /BLA/resoluciones/AUTOS%202017/0400.pdf HTTP/1.1" 200 482284
172.22.2.4 - - [25/Mar/2023:13:09:23 -0500] "GET /BLA/boletinlegal/ HTTP/1.1" 200 48250
192.168.175.240 - - [25/Mar/2023:13:11:20 -0500] "GET / HTTP/1.1" 200 4720
201.245.192.253 - - [25/Mar/2023:13:11:32 -0500] "POST /kwsrmcab/Wsrmcab  HTTP/1.1" 200 41914
172.22.2.4 - - [25/Mar/2023:13:10:26 -0500] "POST /BLA/boletinlegal/ HTTP/1.1" 200 58297
172.22.2.4 - - [25/Mar/2023:13:12:07 -0500] "GET /BLA/boletinlegal/vendor/phpunit/phpunit/src/Util/PHP/eval-stdin.php HTTP/1.1" 404 1038
192.168.175.240 - - [25/Mar/2023:13:12:20 -0500] "GET / HTTP/1.1" 200 4720
192.168.175.240 - - [25/Mar/2023:13:13:20 -0500] "GET / HTTP/1.1" 200 4720
192.168.175.240 - - [25/Mar/2023:13:14:20 -0500] "GET / HTTP/1.1" 200 4720
216.245.221.92 - - [25/Mar/2023:13:14:57 -0500] "HEAD / HTTP/1.1" 200 -
192.168.175.240 - - [25/Mar/2023:13:15:20 -0500] "GET / HTTP/1.1" 200 4720
172.22.2.4 - - [25/Mar/2023:13:14:22 -0500] "HEAD /BLA/boletinlegal/ HTTP/1.1" 200 -
192.168.175.240 - - [25/Mar/2023:13:16:20 -0500] "GET / HTTP/1.1" 200 4720
201.245.192.253 - - [25/Mar/2023:13:16:31 -0500] "POST /kwsrmcab/Wsrmcab  HTTP/1.1" 200 41914
172.22.2.4 - - [25/Mar/2023:13:15:13 -0500] "GET /BLA/boletinlegal/ HTTP/1.1" 200 56277
192.168.175.240 - - [25/Mar/2023:13:17:20 -0500] "GET / HTTP/1.1" 200 4720
191.156.186.1 - - [25/Mar/2023:13:18:02 -0500] "GET /css/fondos.css HTTP/1.1" 404 1254
191.156.181.197 - - [25/Mar/2023:13:18:02 -0500] "GET /css/date_blue.css HTTP/1.1" 404 1254
191.156.190.87 - - [25/Mar/2023:13:18:02 -0500] "GET /css/textos.css HTTP/1.1" 404 1254
192.168.175.240 - - [25/Mar/2023:13:18:20 -0500] "GET / HTTP/1.1" 200 4720
66.249.66.44 - - [25/Mar/2023:13:18:37 -0500] "GET /en-la-semana-de-los-bosques-distrito-avanza-en-la-plantacion-de-nuevos-arboles-para-bogota.html HTTP/1.1" 200 933
172.22.2.4 - - [25/Mar/2023:13:18:43 -0500] "GET /BLA/boletinlegal/ HTTP/1.1" 200 24523
192.168.175.240 - - [25/Mar/2023:13:19:20 -0500] "GET / HTTP/1.1" 200 4720
52.167.144.167 - - [25/Mar/2023:13:19:20 -0500] "GET /BLA/resoluciones/AUTOS%202014/1259.pdf HTTP/1.1" 200 294007
216.245.221.92 - - [25/Mar/2023:13:19:57 -0500] "HEAD / HTTP/1.1" 200 -
52.167.144.156 - - [25/Mar/2023:13:20:04 -0500] "GET /BLA/resoluciones/RESOLUCIONES%202022/0308.pdf HTTP/1.1" 304 -
201.245.192.253 - - [25/Mar/2023:13:20:09 -0500] "POST /kwsrmcab/Wsrmcab HTTP/1.1" 200 43052
201.245.192.253 - - [25/Mar/2023:13:20:12 -0500] "POST /kwsrmcab/Wsrmcab HTTP/1.1" 200 43465
192.168.175.240 - - [25/Mar/2023:13:20:20 -0500] "GET / HTTP/1.1" 200 4720
157.55.39.218 - - [25/Mar/2023:13:20:37 -0500] "GET /bogota-se-la-juega-por-las-mujeres-emprendedoras-de-bogota-es-mi-huerta-y-mujeres-que-reverdecen-expusieron-sus-proyectos-productivos.html HTTP/1.1" 200 985
192.168.175.240 - - [25/Mar/2023:13:21:20 -0500] "GET / HTTP/1.1" 200 4720
201.245.192.253 - - [25/Mar/2023:13:21:29 -0500] "POST /kwsrmcab/Wsrmcab  HTTP/1.1" 200 41914
172.22.2.4 - - [25/Mar/2023:13:20:12 -0500] "HEAD /BLA/boletinlegal/ HTTP/1.1" 200 -
192.168.175.240 - - [25/Mar/2023:13:22:20 -0500] "GET / HTTP/1.1" 200 4720
172.22.2.4 - - [25/Mar/2023:13:21:03 -0500] "GET /BLA/boletinlegal/ HTTP/1.1" 200 57551
192.168.175.240 - - [25/Mar/2023:13:23:20 -0500] "GET / HTTP/1.1" 200 4720
52.167.144.167 - - [25/Mar/2023:13:23:28 -0500] "GET /POT-2013/Cartografia/16_Sistema%20de%20Movilidad_Subsistema%20de%20Transporte_SITP_FEB.pdf HTTP/1.1" 200 6510656
192.168.175.240 - - [25/Mar/2023:13:24:20 -0500] "GET / HTTP/1.1" 200 4720
216.245.221.92 - - [25/Mar/2023:13:24:57 -0500] "HEAD / HTTP/1.1" 200 -
192.168.175.240 - - [25/Mar/2023:13:25:20 -0500] "GET / HTTP/1.1" 200 4720
52.167.144.113 - - [25/Mar/2023:13:25:58 -0500] "GET /BLA/resoluciones/AUTOS%202021/6211.pdf HTTP/1.1" 304 -
192.168.175.240 - - [25/Mar/2023:13:26:20 -0500] "GET / HTTP/1.1" 200 4720
201.245.192.253 - - [25/Mar/2023:13:26:28 -0500] "POST /kwsrmcab/Wsrmcab  HTTP/1.1" 200 41914
181.59.3.233 - - [25/Mar/2023:13:26:37 -0500] "GET /cooperacion-internacional-postulate-para-la-coordinacion-ambiental-de-proyecto-con-la-union-europea-avantia.html HTTP/1.1" 200 1020
192.168.175.240 - - [25/Mar/2023:13:27:20 -0500] "GET / HTTP/1.1" 200 4720
201.245.192.253 - - [25/Mar/2023:13:27:31 -0500] "GET / HTTP/1.1" 200 319
172.22.2.4 - - [25/Mar/2023:13:26:02 -0500] "HEAD /BLA/boletinlegal/ HTTP/1.1" 200 -
192.168.175.240 - - [25/Mar/2023:13:28:20 -0500] "GET / HTTP/1.1" 200 4720
172.22.2.4 - - [25/Mar/2023:13:26:53 -0500] "GET /BLA/boletinlegal/ HTTP/1.1" 200 57551
179.19.39.75 - - [25/Mar/2023:13:28:57 -0500] "GET /sipse/faces/javax.faces.resource/theme.css?ln=primefaces-sipse HTTP/1.1" 304 -
179.19.39.75 - - [25/Mar/2023:13:28:57 -0500] "GET /sipse/faces/javax.faces.resource/primefaces.css?ln=primefaces&v=4.0 HTTP/1.1" 304 -
179.19.39.75 - - [25/Mar/2023:13:28:57 -0500] "GET /sipse/faces/javax.faces.resource/layout/layout.css?ln=primefaces&v=4.0 HTTP/1.1" 304 -
179.19.39.75 - - [25/Mar/2023:13:28:57 -0500] "GET /sipse/faces/javax.faces.resource/jquery/jquery.js?ln=primefaces&v=4.0 HTTP/1.1" 304 -
179.19.39.75 - - [25/Mar/2023:13:28:57 -0500] "GET /sipse/faces/javax.faces.resource/jquery/jquery-plugins.js?ln=primefaces&v=4.0 HTTP/1.1" 304 -
179.19.39.75 - - [25/Mar/2023:13:28:57 -0500] "GET /sipse/faces/javax.faces.resource/primefaces.js?ln=primefaces&v=4.0 HTTP/1.1" 304 -
179.19.39.75 - - [25/Mar/2023:13:28:57 -0500] "GET /sipse/faces/javax.faces.resource/layout/layout.js?ln=primefaces&v=4.0 HTTP/1.1" 304 -
179.19.39.75 - - [25/Mar/2023:13:28:58 -0500] "GET /sipse/faces/javax.faces.resource/images/ui-icons_898989_256x240.png?ln=primefaces-aristo HTTP/1.1" 304 -
179.19.39.75 - - [25/Mar/2023:13:28:58 -0500] "GET /sipse/faces/faces/faces/faces/faces/faces/faces/faces/faces/faces/faces/index.xhtml HTTP/1.1" 200 677
179.19.39.75 - - [25/Mar/2023:13:28:58 -0500] "GET /sipse/faces/javax.faces.resource/theme.css?ln=primefaces-sipse HTTP/1.1" 304 -
179.19.39.75 - - [25/Mar/2023:13:29:00 -0500] "GET /sipse/faces/faces/faces/faces/faces/faces/faces/faces/faces/faces/faces/faces/autenticacion.xhtml HTTP/1.1" 200 12179
179.19.39.75 - - [25/Mar/2023:13:29:00 -0500] "GET /sipse/faces/javax.faces.resource/theme.css?ln=primefaces-sipse HTTP/1.1" 304 -
179.19.39.75 - - [25/Mar/2023:13:29:00 -0500] "GET /sipse/faces/javax.faces.resource/primefaces.css?ln=primefaces&v=4.0 HTTP/1.1" 304 -
179.19.39.75 - - [25/Mar/2023:13:29:00 -0500] "GET /sipse/faces/javax.faces.resource/layout/layout.css?ln=primefaces&v=4.0 HTTP/1.1" 304 -
179.19.39.75 - - [25/Mar/2023:13:29:00 -0500] "GET /sipse/faces/javax.faces.resource/jquery/jquery.js?ln=primefaces&v=4.0 HTTP/1.1" 304 -
179.19.39.75 - - [25/Mar/2023:13:29:00 -0500] "GET /sipse/faces/javax.faces.resource/primefaces.js?ln=primefaces&v=4.0 HTTP/1.1" 304 -
179.19.39.75 - - [25/Mar/2023:13:29:00 -0500] "GET /sipse/faces/javax.faces.resource/jquery/jquery-plugins.js?ln=primefaces&v=4.0 HTTP/1.1" 304 -
179.19.39.75 - - [25/Mar/2023:13:29:00 -0500] "GET /sipse/faces/javax.faces.resource/layout/layout.js?ln=primefaces&v=4.0 HTTP/1.1" 304 -
192.168.175.240 - - [25/Mar/2023:13:29:20 -0500] "GET / HTTP/1.1" 200 4720
216.245.221.92 - - [25/Mar/2023:13:29:57 -0500] "HEAD / HTTP/1.1" 200 -
201.245.192.253 - - [25/Mar/2023:13:30:08 -0500] "POST /kwsrmcab/Wsrmcab HTTP/1.1" 200 43052
201.245.192.253 - - [25/Mar/2023:13:30:12 -0500] "POST /kwsrmcab/Wsrmcab HTTP/1.1" 200 43465
192.168.175.240 - - [25/Mar/2023:13:30:20 -0500] "GET / HTTP/1.1" 200 4720
69.147.94.142 - - [25/Mar/2023:13:30:48 -0500] "GET /images/jardines-verticales_optimized.jpeg HTTP/1.1" 200 138197
192.168.175.240 - - [25/Mar/2023:13:31:20 -0500] "GET / HTTP/1.1" 200 4720
201.245.192.253 - - [25/Mar/2023:13:31:27 -0500] "POST /kwsrmcab/Wsrmcab  HTTP/1.1" 200 41914
172.22.2.4 - - [25/Mar/2023:13:31:42 -0500] "GET /BLA/boletinlegal/explore HTTP/1.1" 404 1018
192.168.175.240 - - [25/Mar/2023:13:32:20 -0500] "GET / HTTP/1.1" 200 4720
157.55.39.217 - - [25/Mar/2023:13:33:08 -0500] "GET /appsia/controlador HTTP/1.1" 200 4799
192.168.175.240 - - [25/Mar/2023:13:33:20 -0500] "GET / HTTP/1.1" 200 4720
172.22.2.4 - - [25/Mar/2023:13:31:52 -0500] "HEAD /BLA/boletinlegal/ HTTP/1.1" 200 -
172.22.2.4 - - [25/Mar/2023:13:33:42 -0500] "GET /BLA/boletinlegal/robots.txt HTTP/1.1" 404 1037
172.22.2.4 - - [25/Mar/2023:13:33:42 -0500] "GET /BLA/boletinlegal/robots.txt HTTP/1.1" 404 1037
40.77.167.211 - - [25/Mar/2023:13:33:52 -0500] "GET /BLA/resoluciones/RESOLUCIONES%202021/4484.pdf HTTP/1.1" 200 358477
192.168.175.240 - - [25/Mar/2023:13:34:20 -0500] "GET / HTTP/1.1" 200 4720
172.22.2.4 - - [25/Mar/2023:13:32:43 -0500] "GET /BLA/boletinlegal/ HTTP/1.1" 200 54798
216.245.221.92 - - [25/Mar/2023:13:34:57 -0500] "HEAD / HTTP/1.1" 200 -
172.22.2.4 - - [25/Mar/2023:13:33:32 -0500] "GET /BLA/boletinlegal/ HTTP/1.1" 200 59296
192.168.175.240 - - [25/Mar/2023:13:35:20 -0500] "GET / HTTP/1.1" 200 4720
157.55.39.218 - - [25/Mar/2023:13:35:27 -0500] "GET /atencion-mujeres-que-reverdecen-ya-inicia-la-segunda-fase.html HTTP/1.1" 200 857
192.168.175.240 - - [25/Mar/2023:13:36:20 -0500] "GET / HTTP/1.1" 200 4720
52.167.144.71 - - [25/Mar/2023:13:36:24 -0500] "GET /BLA/resoluciones/index.php?dir=RESOLUCIONES+2006%2FRES+2006+1501-1550%2F HTTP/1.1" 200 12370
201.245.192.253 - - [25/Mar/2023:13:36:26 -0500] "POST /kwsrmcab/Wsrmcab  HTTP/1.1" 200 41914
52.151.201.131 - - [25/Mar/2023:13:36:39 -0500] "GET /images/Foto%20Di%C3%8C%C2%81a%20Mundial%20del%20Agua%20(1)%20(1).jpeg HTTP/1.1" 200 41770
192.168.175.240 - - [25/Mar/2023:13:37:20 -0500] "GET / HTTP/1.1" 200 4720
192.168.175.240 - - [25/Mar/2023:13:38:20 -0500] "GET / HTTP/1.1" 200 4720
152.201.73.76 - - [25/Mar/2023:13:38:43 -0500] "GET /portaldeninos/wp-content/themes/betheme/style.css?ver=20.9.6 HTTP/1.1" 200 287
152.201.73.76 - - [25/Mar/2023:13:38:43 -0500] "GET /portaldeninos/wp-content/uploads/useanyfont/uaf.css?ver=1589905315 HTTP/1.1" 200 408
152.201.73.76 - - [25/Mar/2023:13:38:43 -0500] "GET /portaldeninos/wp-content/plugins/gallery-videos/CSS/Total-Soft-Gallery-Video-Widget.css?ver=4.9.8 HTTP/1.1" 200 51554
152.201.73.76 - - [25/Mar/2023:13:38:43 -0500] "GET /portaldeninos/wp-content/plugins/gallery-videos/CSS/totalsoft.css?ver=4.9.8 HTTP/1.1" 200 40622
152.201.73.76 - - [25/Mar/2023:13:38:43 -0500] "GET /portaldeninos/wp-content/themes/betheme/css/base.css?ver=20.9.6 HTTP/1.1" 200 57283
152.201.73.76 - - [25/Mar/2023:13:38:43 -0500] "GET /portaldeninos/wp-content/themes/betheme/assets/animations/animations.min.css?ver=20.9.6 HTTP/1.1" 200 58508
152.201.73.76 - - [25/Mar/2023:13:38:43 -0500] "GET /portaldeninos/wp-content/themes/betheme/assets/jplayer/css/jplayer.blue.monday.css?ver=20.9.6 HTTP/1.1" 200 9834
152.201.73.76 - - [25/Mar/2023:13:38:43 -0500] "GET /portaldeninos/wp-content/themes/betheme/css/layout.css?ver=20.9.6 HTTP/1.1" 200 116639
152.201.73.76 - - [25/Mar/2023:13:38:43 -0500] "GET /portaldeninos/wp-content/themes/betheme/assets/ui/jquery.ui.all.css?ver=20.9.6 HTTP/1.1" 200 18765
152.201.73.76 - - [25/Mar/2023:13:38:43 -0500] "GET /portaldeninos/wp-content/themes/betheme/css/shortcodes.css?ver=20.9.6 HTTP/1.1" 200 138889
152.201.73.76 - - [25/Mar/2023:13:38:43 -0500] "GET /portaldeninos/wp-includes/js/jquery/jquery-migrate.min.js?ver=1.4.1 HTTP/1.1" 200 10056
152.201.73.76 - - [25/Mar/2023:13:38:43 -0500] "GET /portaldeninos/wp-content/plugins/gallery-videos/JS/modernizr.custom.js?ver=4.9.8 HTTP/1.1" 200 9019
152.201.73.76 - - [25/Mar/2023:13:38:43 -0500] "GET /portaldeninos/wp-includes/js/jquery/ui/core.min.js?ver=1.11.4 HTTP/1.1" 200 4000
152.201.73.76 - - [25/Mar/2023:13:38:43 -0500] "GET /portaldeninos/wp-includes/js/jquery/ui/widget.min.js?ver=1.11.4 HTTP/1.1" 200 6908
152.201.73.76 - - [25/Mar/2023:13:38:43 -0500] "GET /portaldeninos/wp-includes/js/jquery/ui/tabs.min.js?ver=1.11.4 HTTP/1.1" 200 12110
152.201.73.76 - - [25/Mar/2023:13:38:43 -0500] "GET /portaldeninos/wp-content/plugins/gallery-videos/JS/Total-Soft-Gallery-Video-Widget.js?ver=4.9.8 HTTP/1.1" 200 80264
152.201.73.76 - - [25/Mar/2023:13:38:43 -0500] "GET /portaldeninos/wp-includes/js/jquery/ui/sortable.min.js?ver=1.11.4 HTTP/1.1" 200 24899
152.201.73.76 - - [25/Mar/2023:13:38:43 -0500] "GET /portaldeninos/wp-includes/js/jquery/ui/mouse.min.js?ver=1.11.4 HTTP/1.1" 200 3148
152.201.73.76 - - [25/Mar/2023:13:38:43 -0500] "GET /portaldeninos/wp-includes/js/jquery/jquery.js?ver=1.12.4 HTTP/1.1" 200 97184
152.201.73.76 - - [25/Mar/2023:13:38:43 -0500] "GET /portaldeninos/wp-includes/js/jquery/ui/accordion.min.js?ver=1.11.4 HTTP/1.1" 200 8584
152.201.73.76 - - [25/Mar/2023:13:38:43 -0500] "GET /portaldeninos/wp-content/themes/betheme/js/menu.js?ver=20.9.6 HTTP/1.1" 200 2449
152.201.73.76 - - [25/Mar/2023:13:38:43 -0500] "GET /portaldeninos/wp-content/themes/betheme/assets/animations/animations.min.js?ver=20.9.6 HTTP/1.1" 200 1896
152.201.73.76 - - [25/Mar/2023:13:38:43 -0500] "GET /portaldeninos/wp-includes/js/wp-embed.min.js?ver=4.9.8 HTTP/1.1" 200 1398
152.201.73.76 - - [25/Mar/2023:13:38:43 -0500] "GET /portaldeninos/wp-includes/js/wp-emoji-release.min.js?ver=4.9.8 HTTP/1.1" 200 12026
152.201.73.76 - - [25/Mar/2023:13:38:43 -0500] "GET /portaldeninos/wp-content/themes/betheme/css/responsive.css?ver=20.9.6 HTTP/1.1" 200 55740
152.201.73.76 - - [25/Mar/2023:13:38:43 -0500] "GET /portaldeninos/wp-content/themes/betheme/js/scripts.js?ver=20.9.6 HTTP/1.1" 200 77162
152.201.73.76 - - [25/Mar/2023:13:38:43 -0500] "GET /portaldeninos/wp-content/themes/betheme/assets/jplayer/jplayer.min.js?ver=20.9.6 HTTP/1.1" 200 52702
152.201.73.76 - - [25/Mar/2023:13:38:43 -0500] "GET /portaldeninos/wp-content/themes/betheme/js/plugins.js?ver=20.9.6 HTTP/1.1" 200 197151
152.201.73.76 - - [25/Mar/2023:13:38:43 -0500] "GET /portaldeninos/wp-content/themes/betheme/images/box_shadow.png HTTP/1.1" 200 108
152.201.73.76 - - [25/Mar/2023:13:38:43 -0500] "GET /portaldeninos/wp-content/themes/betheme/fonts/mfn-icons.woff?93978679 HTTP/1.1" 200 50782
152.201.73.76 - - [25/Mar/2023:13:38:43 -0500] "GET /portaldeninos/wp-content/themes/betheme/fonts/mfn-icons.ttf?93978679 HTTP/1.1" 200 14624
192.168.175.240 - - [25/Mar/2023:13:39:20 -0500] "GET / HTTP/1.1" 200 4720
172.22.2.4 - - [25/Mar/2023:13:37:42 -0500] "HEAD /BLA/boletinlegal/ HTTP/1.1" 200 -
216.245.221.92 - - [25/Mar/2023:13:39:57 -0500] "HEAD / HTTP/1.1" 200 -
201.245.192.253 - - [25/Mar/2023:13:40:09 -0500] "POST /kwsrmcab/Wsrmcab HTTP/1.1" 200 43052
172.22.2.4 - - [25/Mar/2023:13:38:33 -0500] "GET /BLA/boletinlegal/ HTTP/1.1" 200 57551
201.245.192.253 - - [25/Mar/2023:13:40:12 -0500] "POST /kwsrmcab/Wsrmcab HTTP/1.1" 200 43465
192.168.175.240 - - [25/Mar/2023:13:40:20 -0500] "GET / HTTP/1.1" 200 4720
181.32.174.192 - - [25/Mar/2023:13:41:13 -0500] "GET /mesa/visualizacion.pdf HTTP/1.1" 200 892074
181.32.174.192 - - [25/Mar/2023:13:41:13 -0500] "GET /mesa/visualizacion.pdf HTTP/1.1" 206 1
181.32.174.192 - - [25/Mar/2023:13:41:14 -0500] "GET /mesa/visualizacion.pdf HTTP/1.1" 206 986
186.30.154.47 - - [25/Mar/2023:13:41:16 -0500] "GET /portaldeninos/ HTTP/1.1" 200 110197
186.30.154.47 - - [25/Mar/2023:13:41:16 -0500] "GET /portaldeninos/wp-content/uploads/useanyfont/uaf.css?ver=1589905315 HTTP/1.1" 200 408
186.30.154.47 - - [25/Mar/2023:13:41:16 -0500] "GET /portaldeninos/wp-content/themes/betheme/style.css?ver=20.9.6 HTTP/1.1" 200 287
186.30.154.47 - - [25/Mar/2023:13:41:16 -0500] "GET /portaldeninos/wp-content/plugins/gallery-videos/CSS/totalsoft.css?ver=4.9.8 HTTP/1.1" 200 40622
186.30.154.47 - - [25/Mar/2023:13:41:16 -0500] "GET /portaldeninos/wp-content/plugins/gallery-videos/CSS/Total-Soft-Gallery-Video-Widget.css?ver=4.9.8 HTTP/1.1" 200 51554
186.30.154.47 - - [25/Mar/2023:13:41:16 -0500] "GET /portaldeninos/wp-content/themes/betheme/css/base.css?ver=20.9.6 HTTP/1.1" 200 57283
186.30.154.47 - - [25/Mar/2023:13:41:16 -0500] "GET /portaldeninos/wp-content/themes/betheme/assets/ui/jquery.ui.all.css?ver=20.9.6 HTTP/1.1" 200 18765
186.30.154.47 - - [25/Mar/2023:13:41:16 -0500] "GET /portaldeninos/wp-content/themes/betheme/assets/animations/animations.min.css?ver=20.9.6 HTTP/1.1" 200 58508
186.30.154.47 - - [25/Mar/2023:13:41:16 -0500] "GET /portaldeninos/wp-content/themes/betheme/assets/jplayer/css/jplayer.blue.monday.css?ver=20.9.6 HTTP/1.1" 200 9834
186.30.154.47 - - [25/Mar/2023:13:41:16 -0500] "GET /portaldeninos/wp-content/themes/betheme/css/layout.css?ver=20.9.6 HTTP/1.1" 200 116639
186.30.154.47 - - [25/Mar/2023:13:41:16 -0500] "GET /portaldeninos/wp-content/themes/betheme/css/shortcodes.css?ver=20.9.6 HTTP/1.1" 200 138889
186.30.154.47 - - [25/Mar/2023:13:41:17 -0500] "GET /portaldeninos/wp-content/plugins/popup-maker/assets/css/site.min.css?ver=1.8.14 HTTP/1.1" 200 8260
186.30.154.47 - - [25/Mar/2023:13:41:17 -0500] "GET /portaldeninos/wp-content/plugins/google-analytics-for-wordpress/assets/js/frontend-gtag.min.js?ver=8.5.0 HTTP/1.1" 200 11801
186.30.154.47 - - [25/Mar/2023:13:41:17 -0500] "GET /portaldeninos/wp-content/themes/betheme/css/responsive.css?ver=20.9.6 HTTP/1.1" 200 55740
186.30.154.47 - - [25/Mar/2023:13:41:17 -0500] "GET /portaldeninos/wp-includes/js/jquery/jquery.js?ver=1.12.4 HTTP/1.1" 200 97184
186.30.154.47 - - [25/Mar/2023:13:41:17 -0500] "GET /portaldeninos/wp-includes/js/jquery/ui/core.min.js?ver=1.11.4 HTTP/1.1" 200 4000
186.30.154.47 - - [25/Mar/2023:13:41:17 -0500] "GET /portaldeninos/wp-includes/js/jquery/jquery-migrate.min.js?ver=1.4.1 HTTP/1.1" 200 10056
186.30.154.47 - - [25/Mar/2023:13:41:17 -0500] "GET /portaldeninos/wp-content/plugins/gallery-videos/JS/modernizr.custom.js?ver=4.9.8 HTTP/1.1" 200 9019
186.30.154.47 - - [25/Mar/2023:13:41:17 -0500] "GET /portaldeninos/wp-content/plugins/gallery-videos/JS/Total-Soft-Gallery-Video-Widget.js?ver=4.9.8 HTTP/1.1" 200 80264
186.30.154.47 - - [25/Mar/2023:13:41:17 -0500] "GET /portaldeninos/wp-includes/js/jquery/ui/widget.min.js?ver=1.11.4 HTTP/1.1" 200 6908
186.30.154.47 - - [25/Mar/2023:13:41:17 -0500] "GET /portaldeninos/wp-content/themes/betheme/js/menu.js?ver=20.9.6 HTTP/1.1" 200 2449
186.30.154.47 - - [25/Mar/2023:13:41:17 -0500] "GET /portaldeninos/wp-includes/js/jquery/ui/mouse.min.js?ver=1.11.4 HTTP/1.1" 200 3148
186.30.154.47 - - [25/Mar/2023:13:41:17 -0500] "GET /portaldeninos/wp-includes/js/jquery/ui/accordion.min.js?ver=1.11.4 HTTP/1.1" 200 8584
186.30.154.47 - - [25/Mar/2023:13:41:17 -0500] "GET /portaldeninos/wp-includes/js/jquery/ui/tabs.min.js?ver=1.11.4 HTTP/1.1" 200 12110
186.30.154.47 - - [25/Mar/2023:13:41:17 -0500] "GET /portaldeninos/wp-includes/js/jquery/ui/sortable.min.js?ver=1.11.4 HTTP/1.1" 200 24899
186.30.154.47 - - [25/Mar/2023:13:41:17 -0500] "GET /portaldeninos/wp-content/themes/betheme/assets/animations/animations.min.js?ver=20.9.6 HTTP/1.1" 200 1896
186.30.154.47 - - [25/Mar/2023:13:41:17 -0500] "GET /portaldeninos/wp-includes/js/jquery/ui/position.min.js?ver=1.11.4 HTTP/1.1" 200 6527
186.30.154.47 - - [25/Mar/2023:13:41:17 -0500] "GET /portaldeninos/wp-includes/js/wp-embed.min.js?ver=4.9.8 HTTP/1.1" 200 1398
186.30.154.47 - - [25/Mar/2023:13:41:17 -0500] "GET /portaldeninos/wp-includes/js/wp-emoji-release.min.js?ver=4.9.8 HTTP/1.1" 200 12026
186.30.154.47 - - [25/Mar/2023:13:41:17 -0500] "GET /portaldeninos/wp-content/themes/betheme/js/plugins.js?ver=20.9.6 HTTP/1.1" 200 197151
186.30.154.47 - - [25/Mar/2023:13:41:17 -0500] "GET /portaldeninos/wp-content/plugins/popup-maker/assets/js/site.min.js?defer&ver=1.8.14 HTTP/1.1" 200 48457
186.30.154.47 - - [25/Mar/2023:13:41:17 -0500] "GET /portaldeninos/wp-content/themes/betheme/js/scripts.js?ver=20.9.6 HTTP/1.1" 200 77162
186.30.154.47 - - [25/Mar/2023:13:41:17 -0500] "GET /portaldeninos/wp-content/uploads/2019/08/Logo-Ambientic.png HTTP/1.1" 200 22941
186.30.154.47 - - [25/Mar/2023:13:41:17 -0500] "GET /portaldeninos/wp-content/uploads/2021/06/titulo-miambiente-ni%C3%B1os.png HTTP/1.1" 200 11944
186.30.154.47 - - [25/Mar/2023:13:41:17 -0500] "GET /portaldeninos/wp-content/uploads/2021/06/titulo-cabezote-ni%C3%B1os.png HTTP/1.1" 200 64425
186.30.154.47 - - [25/Mar/2023:13:41:17 -0500] "GET /portaldeninos/wp-content/themes/betheme/assets/jplayer/jplayer.min.js?ver=20.9.6 HTTP/1.1" 200 52702
186.30.154.47 - - [25/Mar/2023:13:41:17 -0500] "GET /portaldeninos/wp-content/uploads/2018/10/oso.jpg HTTP/1.1" 200 305180
186.30.154.47 - - [25/Mar/2023:13:41:17 -0500] "GET /portaldeninos/wp-content/uploads/2020/01/Frailejon-escenario.jpg HTTP/1.1" 200 357472
186.30.154.47 - - [25/Mar/2023:13:41:17 -0500] "GET /portaldeninos/wp-content/uploads/2020/01/Tierra-escenario.jpg HTTP/1.1" 200 181491
186.30.154.47 - - [25/Mar/2023:13:41:17 -0500] "GET /portaldeninos/wp-content/uploads/2018/11/caneca.jpg HTTP/1.1" 200 262661
186.30.154.47 - - [25/Mar/2023:13:41:17 -0500] "GET /portaldeninos/wp-content/uploads/2021/06/titulo-videos-ni%C3%B1os.png HTTP/1.1" 200 10502
186.30.154.47 - - [25/Mar/2023:13:41:17 -0500] "GET /portaldeninos/wp-content/uploads/2021/06/titulo-humedales-ni%C3%B1os.png HTTP/1.1" 200 13361
186.30.154.47 - - [25/Mar/2023:13:41:17 -0500] "GET /portaldeninos/wp-content/uploads/2020/05/fb.jpg HTTP/1.1" 200 9893
186.30.154.47 - - [25/Mar/2023:13:41:17 -0500] "GET /portaldeninos/wp-content/uploads/2020/05/ig.jpg HTTP/1.1" 200 11470
186.30.154.47 - - [25/Mar/2023:13:41:17 -0500] "GET /portaldeninos/wp-content/uploads/2020/06/yt.jpg HTTP/1.1" 200 10577
186.30.154.47 - - [25/Mar/2023:13:41:17 -0500] "GET /portaldeninos/wp-content/uploads/2020/06/tw.jpg HTTP/1.1" 200 11056
