172.22.2.4 - - [26/Mar/2023:21:18:54 -0500] "GET /BLA/boletinlegal/admin/notificaciones/setvaluef.php?month=3&year=2023 HTTP/1.1" 200 3293
201.245.192.253 - - [26/Mar/2023:21:19:10 -0500] "POST /kwsrmcab/Wsrmcab  HTTP/1.1" 200 41914
192.168.175.240 - - [26/Mar/2023:21:19:17 -0500] "GET / HTTP/1.1" 200 4720
172.22.2.4 - - [26/Mar/2023:21:19:25 -0500] "GET /BLA/boletinlegal/admin/notificaciones/ingresar.php HTTP/1.1" 200 30188
172.22.2.4 - - [26/Mar/2023:21:19:26 -0500] "GET /BLA/boletinlegal/css/global/buttons.css HTTP/1.1" 404 1352
172.22.2.4 - - [26/Mar/2023:21:19:33 -0500] "GET /BLA/boletinlegal/admin/notificaciones/ingresar.php HTTP/1.1" 200 30188
172.22.2.4 - - [26/Mar/2023:21:19:33 -0500] "GET /BLA/boletinlegal/css/global/buttons.css HTTP/1.1" 404 1352
207.46.13.213 - - [26/Mar/2023:21:19:43 -0500] "GET /BLA/resoluciones/AUTOS%202021/4529.pdf HTTP/1.1" 304 -
216.245.221.92 - - [26/Mar/2023:21:19:52 -0500] "HEAD / HTTP/1.1" 200 -
201.245.192.253 - - [26/Mar/2023:21:20:03 -0500] "POST /kwsrmcab/Wsrmcab HTTP/1.1" 200 43583
201.245.192.253 - - [26/Mar/2023:21:20:06 -0500] "POST /kwsrmcab/Wsrmcab HTTP/1.1" 200 43440
192.168.175.240 - - [26/Mar/2023:21:20:17 -0500] "GET / HTTP/1.1" 200 4720
114.119.133.119 - - [26/Mar/2023:21:20:17 -0500] "-" 408 -
40.77.167.210 - - [26/Mar/2023:21:20:26 -0500] "GET /BLA/resoluciones/RESOLUCIONES%202021/4066-.pdf HTTP/1.1" 200 264237
172.22.2.4 - - [26/Mar/2023:21:20:35 -0500] "GET /BLA/boletinlegal/admin/notificaciones/setvaluef.php?month=3&year=2023 HTTP/1.1" 200 3293
172.22.2.4 - - [26/Mar/2023:21:20:44 -0500] "POST /BLA/boletinlegal/admin/notificaciones/ingresar.php HTTP/1.1" 200 30281
172.22.2.4 - - [26/Mar/2023:21:20:48 -0500] "GET /BLA/boletinlegal/css/global/buttons.css HTTP/1.1" 404 1352
192.168.175.240 - - [26/Mar/2023:21:21:17 -0500] "GET / HTTP/1.1" 200 4720
104.47.57.126 - - [26/Mar/2023:21:21:18 -0500] "HEAD /%C3%82%C2%BFquieres-aprender-sobre-jardines-verticales-esta-es-tu-oportunidad.html HTTP/1.1" 200 -
186.84.90.19 - - [26/Mar/2023:21:21:18 -0500] "GET /%C3%82%C2%BFquieres-aprender-sobre-jardines-verticales-esta-es-tu-oportunidad.html HTTP/1.1" 304 -
52.167.144.71 - - [26/Mar/2023:21:21:47 -0500] "GET /BLA/resoluciones/RESOLUCIONES%202022/3420.pdf HTTP/1.1" 304 -
192.168.175.240 - - [26/Mar/2023:21:22:17 -0500] "GET / HTTP/1.1" 200 4720
172.22.2.4 - - [26/Mar/2023:21:20:55 -0500] "HEAD /BLA/boletinlegal/ HTTP/1.1" 200 -
186.84.21.183 - - [26/Mar/2023:21:22:47 -0500] "GET /sipse/faces/index.xhtml HTTP/1.1" 200 677
186.84.21.183 - - [26/Mar/2023:21:22:47 -0500] "GET /sipse/faces/javax.faces.resource/theme.css?ln=primefaces-sipse HTTP/1.1" 304 -
186.84.21.183 - - [26/Mar/2023:21:22:47 -0500] "GET /sipse/faces/faces/autenticacion.xhtml HTTP/1.1" 200 12179
186.84.21.183 - - [26/Mar/2023:21:22:48 -0500] "GET /sipse/js/disable_browser_buttons.js HTTP/1.1" 304 -
186.84.21.183 - - [26/Mar/2023:21:22:48 -0500] "GET /sipse/css/custom_css_sg_prime_login.css HTTP/1.1" 304 -
186.84.21.183 - - [26/Mar/2023:21:22:48 -0500] "GET /sipse/css/custom_css_sg.css HTTP/1.1" 304 -
186.84.21.183 - - [26/Mar/2023:21:22:48 -0500] "GET /sipse/faces/javax.faces.resource/theme.css?ln=primefaces-sipse HTTP/1.1" 304 -
186.84.21.183 - - [26/Mar/2023:21:22:48 -0500] "GET /sipse/faces/javax.faces.resource/primefaces.css?ln=primefaces&v=4.0 HTTP/1.1" 304 -
186.84.21.183 - - [26/Mar/2023:21:22:48 -0500] "GET /sipse/js/funciones.js HTTP/1.1" 304 -
186.84.21.183 - - [26/Mar/2023:21:22:48 -0500] "GET /sipse/faces/javax.faces.resource/jquery/jquery.js?ln=primefaces&v=4.0 HTTP/1.1" 304 -
186.84.21.183 - - [26/Mar/2023:21:22:48 -0500] "GET /sipse/faces/javax.faces.resource/layout/layout.css?ln=primefaces&v=4.0 HTTP/1.1" 304 -
186.84.21.183 - - [26/Mar/2023:21:22:48 -0500] "GET /sipse/faces/javax.faces.resource/jquery/jquery-plugins.js?ln=primefaces&v=4.0 HTTP/1.1" 304 -
186.84.21.183 - - [26/Mar/2023:21:22:48 -0500] "GET /sipse/faces/javax.faces.resource/primefaces.js?ln=primefaces&v=4.0 HTTP/1.1" 304 -
186.84.21.183 - - [26/Mar/2023:21:22:48 -0500] "GET /sipse/faces/javax.faces.resource/layout/layout.js?ln=primefaces&v=4.0 HTTP/1.1" 304 -
186.84.21.183 - - [26/Mar/2023:21:22:48 -0500] "GET /sipse/css/imagen/logoSDG.png HTTP/1.1" 304 -
186.84.21.183 - - [26/Mar/2023:21:22:48 -0500] "GET /sipse/css/imagen/loginimg.png HTTP/1.1" 304 -
186.84.21.183 - - [26/Mar/2023:21:22:48 -0500] "GET /sipse/faces/javax.faces.resource/images/ui-icons_898989_256x240.png?ln=primefaces-aristo HTTP/1.1" 304 -
186.84.21.183 - - [26/Mar/2023:21:22:53 -0500] "POST /sipse/faces/autenticacion.xhtml HTTP/1.1" 200 11158
186.84.21.183 - - [26/Mar/2023:21:22:53 -0500] "GET /sipse/css/custom_css_sg_prime.css HTTP/1.1" 304 -
186.84.21.183 - - [26/Mar/2023:21:22:53 -0500] "GET /sipse/faces/javax.faces.resource/theme.css?ln=primefaces-sipse HTTP/1.1" 304 -
186.84.21.183 - - [26/Mar/2023:21:22:53 -0500] "GET /sipse/faces/javax.faces.resource/primefaces.css?ln=primefaces&v=4.0 HTTP/1.1" 304 -
186.84.21.183 - - [26/Mar/2023:21:22:53 -0500] "GET /sipse/faces/javax.faces.resource/layout/layout.css?ln=primefaces&v=4.0 HTTP/1.1" 304 -
186.84.21.183 - - [26/Mar/2023:21:22:53 -0500] "GET /sipse/faces/javax.faces.resource/jquery/jquery.js?ln=primefaces&v=4.0 HTTP/1.1" 304 -
186.84.21.183 - - [26/Mar/2023:21:22:53 -0500] "GET /sipse/faces/javax.faces.resource/jquery/jquery-plugins.js?ln=primefaces&v=4.0 HTTP/1.1" 304 -
186.84.21.183 - - [26/Mar/2023:21:22:54 -0500] "GET /sipse/faces/javax.faces.resource/primefaces.js?ln=primefaces&v=4.0 HTTP/1.1" 304 -
186.84.21.183 - - [26/Mar/2023:21:22:54 -0500] "GET /sipse/faces/javax.faces.resource/layout/layout.js?ln=primefaces&v=4.0 HTTP/1.1" 304 -
186.84.21.183 - - [26/Mar/2023:21:22:54 -0500] "GET /sipse/faces/javax.faces.resource/messages/messages.png?ln=primefaces&v=4.0 HTTP/1.1" 304 -
186.84.21.183 - - [26/Mar/2023:21:22:57 -0500] "POST /sipse/faces/presentacion/sistema/seguridad/seleccionRol.xhtml HTTP/1.1" 200 5865
186.84.21.183 - - [26/Mar/2023:21:22:58 -0500] "GET /sipse/faces/javax.faces.resource/images/ui-bg_flat_0_2d5972_40x100.png?ln=primefaces-aristo HTTP/1.1" 304 -
186.84.21.183 - - [26/Mar/2023:21:23:00 -0500] "POST /sipse/faces/presentacion/sistema/seguridad/seleccionRol.xhtml HTTP/1.1" 200 16249
186.84.21.183 - - [26/Mar/2023:21:23:00 -0500] "GET /sipse/faces/javax.faces.resource/theme.css?ln=primefaces-sipse HTTP/1.1" 304 -
186.84.21.183 - - [26/Mar/2023:21:23:00 -0500] "GET /sipse/faces/javax.faces.resource/layout/layout.css?ln=primefaces&v=4.0 HTTP/1.1" 304 -
186.84.21.183 - - [26/Mar/2023:21:23:00 -0500] "GET /sipse/faces/javax.faces.resource/primefaces.css?ln=primefaces&v=4.0 HTTP/1.1" 304 -
186.84.21.183 - - [26/Mar/2023:21:23:00 -0500] "GET /sipse/js/jquery.min.js HTTP/1.1" 304 -
186.84.21.183 - - [26/Mar/2023:21:23:00 -0500] "GET /sipse/faces/javax.faces.resource/jquery/jquery.js?ln=primefaces&v=4.0 HTTP/1.1" 304 -
186.84.21.183 - - [26/Mar/2023:21:23:00 -0500] "GET /sipse/faces/javax.faces.resource/jquery/jquery-plugins.js?ln=primefaces&v=4.0 HTTP/1.1" 304 -
186.84.21.183 - - [26/Mar/2023:21:23:00 -0500] "GET /sipse/faces/javax.faces.resource/primefaces.js?ln=primefaces&v=4.0 HTTP/1.1" 304 -
186.84.21.183 - - [26/Mar/2023:21:23:00 -0500] "GET /sipse/faces/javax.faces.resource/layout/layout.js?ln=primefaces&v=4.0 HTTP/1.1" 304 -
186.84.21.183 - - [26/Mar/2023:21:23:00 -0500] "GET /sipse/imagenes/logoAplicacion.jpg HTTP/1.1" 304 -
186.84.21.183 - - [26/Mar/2023:21:23:00 -0500] "GET /sipse/imagenes/cargando.gif HTTP/1.1" 304 -
186.84.21.183 - - [26/Mar/2023:21:23:00 -0500] "GET /sipse/css/imagen/contrasena.png HTTP/1.1" 404 383
186.84.21.183 - - [26/Mar/2023:21:23:02 -0500] "POST /sipse/faces/bienvenido.xhtml HTTP/1.1" 200 2060
186.84.21.183 - - [26/Mar/2023:21:23:02 -0500] "POST /sipse/faces/bienvenido.xhtml HTTP/1.1" 200 59334
186.84.21.183 - - [26/Mar/2023:21:23:03 -0500] "GET /sipse/faces/javax.faces.resource/primefaces.css?ln=primefaces&v=4.0 HTTP/1.1" 304 -
186.84.21.183 - - [26/Mar/2023:21:23:03 -0500] "GET /sipse/faces/javax.faces.resource/theme.css?ln=primefaces-sipse HTTP/1.1" 304 -
186.84.21.183 - - [26/Mar/2023:21:23:03 -0500] "GET /sipse/faces/javax.faces.resource/layout/layout.css?ln=primefaces&v=4.0 HTTP/1.1" 304 -
186.84.21.183 - - [26/Mar/2023:21:23:03 -0500] "GET /sipse/faces/javax.faces.resource/jquery/jquery.js?ln=primefaces&v=4.0 HTTP/1.1" 304 -
186.84.21.183 - - [26/Mar/2023:21:23:03 -0500] "GET /sipse/faces/javax.faces.resource/jquery/jquery-plugins.js?ln=primefaces&v=4.0 HTTP/1.1" 304 -
186.84.21.183 - - [26/Mar/2023:21:23:03 -0500] "GET /sipse/faces/javax.faces.resource/primefaces.js?ln=primefaces&v=4.0 HTTP/1.1" 304 -
186.84.21.183 - - [26/Mar/2023:21:23:03 -0500] "GET /sipse/faces/javax.faces.resource/layout/layout.js?ln=primefaces&v=4.0 HTTP/1.1" 304 -
186.84.21.183 - - [26/Mar/2023:21:23:03 -0500] "POST /sipse/faces/presentacion/financiero/solicitudProceso/listarSolicitudProceso.xhtml HTTP/1.1" 200 1556
186.84.21.183 - - [26/Mar/2023:21:23:08 -0500] "POST /sipse/faces/presentacion/financiero/solicitudProceso/listarSolicitudProceso.xhtml HTTP/1.1" 200 2853
186.84.21.183 - - [26/Mar/2023:21:23:10 -0500] "POST /sipse/faces/presentacion/financiero/solicitudProceso/listarSolicitudProceso.xhtml HTTP/1.1" 200 40146
186.84.21.183 - - [26/Mar/2023:21:23:10 -0500] "GET /sipse/faces/javax.faces.resource/primefaces.css?ln=primefaces&v=4.0 HTTP/1.1" 304 -
186.84.21.183 - - [26/Mar/2023:21:23:10 -0500] "GET /sipse/faces/javax.faces.resource/theme.css?ln=primefaces-sipse HTTP/1.1" 304 -
186.84.21.183 - - [26/Mar/2023:21:23:10 -0500] "GET /sipse/faces/javax.faces.resource/layout/layout.css?ln=primefaces&v=4.0 HTTP/1.1" 304 -
186.84.21.183 - - [26/Mar/2023:21:23:10 -0500] "GET /sipse/faces/javax.faces.resource/jquery/jquery.js?ln=primefaces&v=4.0 HTTP/1.1" 304 -
186.84.21.183 - - [26/Mar/2023:21:23:10 -0500] "GET /sipse/faces/javax.faces.resource/jquery/jquery-plugins.js?ln=primefaces&v=4.0 HTTP/1.1" 304 -
186.84.21.183 - - [26/Mar/2023:21:23:10 -0500] "GET /sipse/faces/javax.faces.resource/primefaces.js?ln=primefaces&v=4.0 HTTP/1.1" 304 -
186.84.21.183 - - [26/Mar/2023:21:23:10 -0500] "GET /sipse/faces/javax.faces.resource/layout/layout.js?ln=primefaces&v=4.0 HTTP/1.1" 304 -
186.84.21.183 - - [26/Mar/2023:21:23:10 -0500] "POST /sipse/faces/presentacion/financiero/solicitudProceso/consultar.xhtml HTTP/1.1" 200 33551
186.84.21.183 - - [26/Mar/2023:21:23:14 -0500] "POST /sipse/faces/presentacion/financiero/solicitudProceso/consultar.xhtml HTTP/1.1" 200 12832
192.168.175.240 - - [26/Mar/2023:21:23:17 -0500] "GET / HTTP/1.1" 200 4720
186.84.21.183 - - [26/Mar/2023:21:23:22 -0500] "POST /sipse/faces/presentacion/financiero/solicitudProceso/consultar.xhtml HTTP/1.1" 200 150040
186.84.21.183 - - [26/Mar/2023:21:23:23 -0500] "GET /sipse/faces/javax.faces.resource/theme.css?ln=primefaces-sipse HTTP/1.1" 304 -
186.84.21.183 - - [26/Mar/2023:21:23:23 -0500] "GET /sipse/faces/javax.faces.resource/primefaces.css?ln=primefaces&v=4.0 HTTP/1.1" 304 -
186.84.21.183 - - [26/Mar/2023:21:23:23 -0500] "GET /sipse/faces/javax.faces.resource/layout/layout.css?ln=primefaces&v=4.0 HTTP/1.1" 304 -
186.84.21.183 - - [26/Mar/2023:21:23:23 -0500] "GET /sipse/faces/javax.faces.resource/jquery/jquery.js?ln=primefaces&v=4.0 HTTP/1.1" 304 -
186.84.21.183 - - [26/Mar/2023:21:23:23 -0500] "GET /sipse/faces/javax.faces.resource/jquery/jquery-plugins.js?ln=primefaces&v=4.0 HTTP/1.1" 304 -
186.84.21.183 - - [26/Mar/2023:21:23:23 -0500] "GET /sipse/faces/javax.faces.resource/primefaces.js?ln=primefaces&v=4.0 HTTP/1.1" 304 -
186.84.21.183 - - [26/Mar/2023:21:23:23 -0500] "GET /sipse/faces/javax.faces.resource/layout/layout.js?ln=primefaces&v=4.0 HTTP/1.1" 304 -
172.22.2.4 - - [26/Mar/2023:21:21:46 -0500] "GET /BLA/boletinlegal/ HTTP/1.1" 200 57141
201.245.192.253 - - [26/Mar/2023:21:24:09 -0500] "POST /kwsrmcab/Wsrmcab  HTTP/1.1" 200 41914
192.168.175.240 - - [26/Mar/2023:21:24:17 -0500] "GET / HTTP/1.1" 200 4720
216.245.221.92 - - [26/Mar/2023:21:24:53 -0500] "HEAD / HTTP/1.1" 200 -
192.168.175.240 - - [26/Mar/2023:21:25:17 -0500] "GET / HTTP/1.1" 200 4720
173.252.83.23 - - [26/Mar/2023:21:25:22 -0500] "GET /images/mercados-campesinos-5-mayo.jpg HTTP/1.1" 200 95848
20.15.133.160 - - [26/Mar/2023:21:25:41 -0500] "GET /reporte-calidad-del-aire-martes.html HTTP/1.1" 200 885
192.168.175.240 - - [26/Mar/2023:21:26:17 -0500] "GET / HTTP/1.1" 200 4720
186.154.243.234 - - [26/Mar/2023:21:26:36 -0500] "GET /%C3%82%C2%BFquieres-aprender-sobre-jardines-verticales-esta-es-tu-oportunidad.html HTTP/1.1" 304 -
152.203.142.138 - - [26/Mar/2023:21:26:54 -0500] "GET /Publicaciones/SSFFS-00613-2023.zip HTTP/1.1" 404 232
192.168.175.240 - - [26/Mar/2023:21:27:17 -0500] "GET / HTTP/1.1" 200 4720
192.168.175.240 - - [26/Mar/2023:21:28:17 -0500] "GET / HTTP/1.1" 200 4720
172.22.2.4 - - [26/Mar/2023:21:26:45 -0500] "HEAD /BLA/boletinlegal/ HTTP/1.1" 200 -
201.245.192.253 - - [26/Mar/2023:21:29:08 -0500] "POST /kwsrmcab/Wsrmcab  HTTP/1.1" 200 41914
172.22.2.4 - - [26/Mar/2023:21:27:36 -0500] "GET /BLA/boletinlegal/ HTTP/1.1" 200 54414
192.168.175.240 - - [26/Mar/2023:21:29:17 -0500] "GET / HTTP/1.1" 200 4720
216.245.221.92 - - [26/Mar/2023:21:29:52 -0500] "HEAD / HTTP/1.1" 200 -
201.245.192.253 - - [26/Mar/2023:21:30:02 -0500] "POST /kwsrmcab/Wsrmcab HTTP/1.1" 200 43583
201.245.192.253 - - [26/Mar/2023:21:30:05 -0500] "POST /kwsrmcab/Wsrmcab HTTP/1.1" 200 43440
192.168.175.240 - - [26/Mar/2023:21:30:17 -0500] "GET / HTTP/1.1" 200 4720
40.77.167.162 - - [26/Mar/2023:21:30:16 -0500] "GET /portaldeninos/aulas-ambientales/ HTTP/1.1" 200 88416
52.167.144.167 - - [26/Mar/2023:21:30:21 -0500] "GET /BLA/resoluciones/AUTOS%202021/4702.pdf HTTP/1.1" 304 -
192.168.175.240 - - [26/Mar/2023:21:31:17 -0500] "GET / HTTP/1.1" 200 4720
192.168.175.240 - - [26/Mar/2023:21:32:17 -0500] "GET / HTTP/1.1" 200 4720
192.168.175.240 - - [26/Mar/2023:21:33:17 -0500] "GET / HTTP/1.1" 200 4720
200.89.250.30 - - [26/Mar/2023:21:33:49 -0500] "GET /%C3%82%C2%BFquieres-aprender-sobre-jardines-verticales-esta-es-tu-oportunidad.html HTTP/1.1" 200 925
201.245.192.253 - - [26/Mar/2023:21:34:07 -0500] "POST /kwsrmcab/Wsrmcab  HTTP/1.1" 200 41914
172.22.2.4 - - [26/Mar/2023:21:32:35 -0500] "HEAD /BLA/boletinlegal/ HTTP/1.1" 200 -
192.168.175.240 - - [26/Mar/2023:21:34:17 -0500] "GET / HTTP/1.1" 200 4720
216.245.221.92 - - [26/Mar/2023:21:34:52 -0500] "HEAD / HTTP/1.1" 200 -
172.22.2.4 - - [26/Mar/2023:21:33:26 -0500] "GET /BLA/boletinlegal/ HTTP/1.1" 200 59296
186.155.152.100 - - [26/Mar/2023:21:35:14 -0500] "GET /%C3%82%C2%BFquieres-aprender-sobre-jardines-verticales-esta-es-tu-oportunidad.html HTTP/1.1" 200 925
192.168.175.240 - - [26/Mar/2023:21:35:17 -0500] "GET / HTTP/1.1" 200 4720
207.46.13.213 - - [26/Mar/2023:21:35:49 -0500] "GET /BLA/resoluciones/AUTOS%202021/6392.pdf HTTP/1.1" 304 -
192.168.175.240 - - [26/Mar/2023:21:36:17 -0500] "GET / HTTP/1.1" 200 4720
162.55.167.166 - - [26/Mar/2023:21:36:35 -0500] "GET / HTTP/1.1" 200 4720
162.55.167.166 - - [26/Mar/2023:21:36:35 -0500] "GET / HTTP/1.1" 200 319
66.249.79.111 - - [26/Mar/2023:21:36:41 -0500] "-" 408 -
199.16.157.182 - - [26/Mar/2023:21:36:49 -0500] "GET /images/Caminatas%20SDA%20diciembre.jpeg HTTP/1.1" 200 82258
185.119.81.106 - - [26/Mar/2023:21:36:57 -0500] "GET /portaldeninos/wp-login.php HTTP/1.1" 200 2592
185.119.81.106 - - [26/Mar/2023:21:36:58 -0500] "POST /portaldeninos/wp-login.php HTTP/1.1" 200 3650
192.168.175.240 - - [26/Mar/2023:21:37:17 -0500] "GET / HTTP/1.1" 200 4720
192.168.175.240 - - [26/Mar/2023:21:38:17 -0500] "GET / HTTP/1.1" 200 4720
186.155.151.36 - - [26/Mar/2023:21:38:19 -0500] "GET /galeria/galeria/jquery.fancybox.js?v=2.1.5 HTTP/1.1" 200 48706
186.155.151.36 - - [26/Mar/2023:21:38:19 -0500] "GET /galeria/galeria/jquery.fancybox.css?v=2.1.5 HTTP/1.1" 200 4895
186.155.151.36 - - [26/Mar/2023:21:38:19 -0500] "GET /galeria/galeria/fotos/Capellania1P.jpg HTTP/1.1" 200 33952
186.155.151.36 - - [26/Mar/2023:21:38:19 -0500] "GET /galeria/galeria/fotos/Capellania2P.jpg HTTP/1.1" 200 35380
186.155.151.36 - - [26/Mar/2023:21:38:19 -0500] "GET /galeria/galeria/fotos/Capellania3P.jpg HTTP/1.1" 200 34835
186.155.151.36 - - [26/Mar/2023:21:38:19 -0500] "GET /galeria/galeria/fotos/Capellania4P.jpg HTTP/1.1" 200 37377
201.245.192.253 - - [26/Mar/2023:21:39:05 -0500] "POST /kwsrmcab/Wsrmcab  HTTP/1.1" 200 41914
172.22.2.4 - - [26/Mar/2023:21:39:14 -0500] "GET /BLA/boletinlegal/actos.php HTTP/1.1" 200 9672
192.168.175.240 - - [26/Mar/2023:21:39:17 -0500] "GET / HTTP/1.1" 200 4720
216.245.221.92 - - [26/Mar/2023:21:39:52 -0500] "HEAD / HTTP/1.1" 200 -
201.245.192.253 - - [26/Mar/2023:21:40:02 -0500] "POST /kwsrmcab/Wsrmcab HTTP/1.1" 200 43583
172.22.2.4 - - [26/Mar/2023:21:38:25 -0500] "HEAD /BLA/boletinlegal/ HTTP/1.1" 200 -
201.245.192.253 - - [26/Mar/2023:21:40:05 -0500] "POST /kwsrmcab/Wsrmcab HTTP/1.1" 200 43440
192.168.175.240 - - [26/Mar/2023:21:40:17 -0500] "GET / HTTP/1.1" 200 4720
185.119.81.99 - - [26/Mar/2023:21:40:54 -0500] "GET /portaldeninos/wp-login.php HTTP/1.1" 200 2592
185.119.81.99 - - [26/Mar/2023:21:40:55 -0500] "POST /portaldeninos/wp-login.php HTTP/1.1" 200 3605
181.50.204.154 - - [26/Mar/2023:21:40:56 -0500] "GET /mujeres-que-reverdecen-secretaria-de-ambiente-anuncia-el-inicio-de-la-tercera-fase.html HTTP/1.1" 200 954
172.22.2.4 - - [26/Mar/2023:21:39:16 -0500] "GET /BLA/boletinlegal/ HTTP/1.1" 200 55211
172.22.2.4 - - [26/Mar/2023:21:40:57 -0500] "GET /BLA/boletinlegal/actos.php HTTP/1.1" 200 9672
192.168.175.240 - - [26/Mar/2023:21:41:17 -0500] "GET / HTTP/1.1" 200 4720
152.203.142.138 - - [26/Mar/2023:21:42:11 -0500] "GET /Publicaciones/SSFFS-13631-2022.zip HTTP/1.1" 404 232
192.168.175.240 - - [26/Mar/2023:21:42:17 -0500] "GET / HTTP/1.1" 200 4720
192.168.175.240 - - [26/Mar/2023:21:43:17 -0500] "GET / HTTP/1.1" 200 4720
172.22.2.4 - - [26/Mar/2023:21:43:32 -0500] "GET /BLA/boletinlegal/jurisprudencia/analisis/CUADRO%20ANALISIS%20SENTENCIA%20T-411%20DE%201992.doc HTTP/1.1" 304 -
66.249.79.132 - - [26/Mar/2023:21:43:59 -0500] "-" 408 -
201.245.192.253 - - [26/Mar/2023:21:44:07 -0500] "POST /kwsrmcab/Wsrmcab  HTTP/1.1" 200 41914
192.168.175.240 - - [26/Mar/2023:21:44:17 -0500] "GET / HTTP/1.1" 200 4720
186.102.7.84 - - [26/Mar/2023:21:44:38 -0500] "GET /kwssiamovil/sm/acme/a?s=U2FsdGVkX18ZJRQisFKrcOn+dwciCneZsCcvbd1nQ/2/WmWA2dzcWNgMN2e7EZMI0kEkGHOs9j4ayK4oHNmTCte+Z4nYpDNo4lm3HrLebafOc2kwNKmmmhfLnHYqmEY5V+LRsbkTRVk6W5tx0nHg9VjomdfVoBy58z0zDGdbnoij88j+0hdAEd3jmJ8nGDOqQ1ZsBx3CJcUKZHew8xIN5tDVyLiNtwESZihgPx29hMj9Q3YetzpkC14UcMxi6J7QjORC+epnJBhdYWjyrKsSkmmcsVbG0Jvjir0cEWtU3y0=&u=U2FsdGVkX19Dl0IR/2YKeEBYmoEhLR2H9cKexnCU0Q4loNGTY3ObbNSg5leJa3LC&y=U2FsdGVkX19ekW/Rdxdk3RjuNS2vFLb4Z66hiXXgciVuV8VbPffl29AOP46hSU/Z HTTP/1.1" 200 26
186.102.7.84 - - [26/Mar/2023:21:44:38 -0500] "GET /kwssiamovil/sm/acme/a?s=U2FsdGVkX18JAw5rdXFcI3JMEsZCDUUNMk/Epa+e60r4hV/zqZLKiAMAxJdu2vJp4pyABQg8hrKV0dW0T5yL3OcSW2eVzLvTASzryDeR1pNhxZkAGp+AiVaFVnZyBia4DZgGbL6n1EOZkugp2FGXXui9c48iujGP+pu/JIAjwIubR7CkKbRcO/ZvsXwQEqWbHDmzDJv7iOQZR6k3emKkDIT2O7iW43hgmAekVEXeA4GSSHjTeoJphVRWrM21NtGenBlumyIVdhPwn2z5jkHqK/7oalH7FDYPinM4gCIsP/TjJxF9j8h7S8+TNo+unDnQyf96ACBJ9iH7DKbzuDAPrh65G3mtRnFnDpIzx3zWXSAZqnDfTfY9BVAFygQz5tGohqNoi/h2Z4+8/9w4J00AG//uD2k26t4n7/JRlXU9cPwlW4V9NXRnOTirmRO2+aVLM04D8HOOzK0MXWK88I5oJ/bzjsjU/r9a5BOi5ZzHmkHIu2GkvgJXSaGhKwaTaREPacwXlifqiOgRnRD3dTSm7ibOdthO7y/juoOvcXs9kg6jiBRbKghMDFOweDQp3MwPBrZbPXi7eM5eU7rv1Qrpp1SmlprClg5uaehG2pTetyd/1Ca6M3oKYbnd6hmOWNTh5ZqaR2GpH7Pvnom48+oyBpTeNSEpv0wuaLyvdS4nlnZC4gIB9kX+d00eBxt/zmtgN/G92NR/lBuhWQMSnysF0A/1YK1jVE6Lk9kMAR1Diqx+hsy40Hs7MoRZMPr0y93psOmxHkIv5Ash91nJPhOlKIoXBzAZffWNb8l2jXLPjM6IrkqVfc5yrzsoL7heuLPb/pidBmLaMpmEoUJk2qtHyVMosynoyD/Vv03jKF01Tr1NyRf8787YZjwrnV8gL3uWBpKPnh6sKyTuAq/rWVy+cctpSxTue7NREvxAVUMcHbbh1NNZe8Yed/4Wdvd3w+cNa+jUq1E09u89Hee2UKxQ/8dznaQ68KvBA9A5RbCE4cIPMRiJVj2e5dc9bkGiDw+MbvmNeRGctROpfGVUlOnhg54NwWk4xgUB+4ZfocoBkHtR+Kdnrf1R7STqUyw1jXi5XHvhPJzphv79RUn/5uiw8v6wG2uU11y3Ogy1N3sGHJ1JFkG8h0hfA9l3xA1X6kXJVIUZym1KlrG8549AUpA46g==&u=U2FsdGVkX19Dl0IR/2YKeEBYmoEhLR2H9cKexnCU0Q4loNGTY3ObbNSg5leJa3LC&y=U2FsdGVkX19ekW/Rdxdk3RjuNS2vFLb4Z66hiXXgciVuV8VbPffl29AOP46hSU/Z HTTP/1.1" 200 26
186.102.7.84 - - [26/Mar/2023:21:44:39 -0500] "GET /kwssiamovil/sm/acme/a?s=U2FsdGVkX1+O8hkYnkn0DB0LHJPYsGGZqIvayKy6DmTmfl0g3lGdkb1HRv5Av+pEhzsh9ZMA30fSn1p3Cle4Q+RQeu6N3tb3NKkPYPvoxgsV8RjTATqnGlV39W7bwB3DlYrFnU3vedtbK62eu9Mo8eGR4kBvhH8fxy/max+eRlM=&u=U2FsdGVkX19Dl0IR/2YKeEBYmoEhLR2H9cKexnCU0Q4loNGTY3ObbNSg5leJa3LC&y=U2FsdGVkX19ekW/Rdxdk3RjuNS2vFLb4Z66hiXXgciVuV8VbPffl29AOP46hSU/Z HTTP/1.1" 200 26
186.102.7.84 - - [26/Mar/2023:21:44:39 -0500] "GET /kwssiamovil/sm/acme/a?s=U2FsdGVkX1/bruJtFVMTv94vfpldvQdbyOTfmRR0YTKh86ajwgyJEOc5jFKfPuZ9q4krUoj4GLLVy8N//NOQ4B1anIYnkYdMri/u53wvjda7+ZXX97K1RN/8bI4DVXC1yJvtxdlCJ0kLnwSFFOVe7qXtgACPtCnr+xPB1VJgt+g=&u=U2FsdGVkX19Dl0IR/2YKeEBYmoEhLR2H9cKexnCU0Q4loNGTY3ObbNSg5leJa3LC&y=U2FsdGVkX19ekW/Rdxdk3RjuNS2vFLb4Z66hiXXgciVuV8VbPffl29AOP46hSU/Z HTTP/1.1" 200 26
186.102.7.84 - - [26/Mar/2023:21:44:39 -0500] "GET /kwssiamovil/sm/acme/a?s=U2FsdGVkX18pjMxFbkz47iQO06HjCOirbTfNNNduUctG7duT04keEsvvwtLA+Tb2uG52bMcA3SYLSesRvP7tZMajtE6x+uGMbLxqffclDejIvLYtPRONKOHD6gee9sG9fM4zbxAvueIl8ymrHClE8BaGCmL09VnhdjkmPvbE3uI=&u=U2FsdGVkX19Dl0IR/2YKeEBYmoEhLR2H9cKexnCU0Q4loNGTY3ObbNSg5leJa3LC&y=U2FsdGVkX19ekW/Rdxdk3RjuNS2vFLb4Z66hiXXgciVuV8VbPffl29AOP46hSU/Z HTTP/1.1" 200 26
186.102.7.84 - - [26/Mar/2023:21:44:40 -0500] "GET /kwssiamovil/sm/acme/a?s=U2FsdGVkX19XZHh+5d6IlopfoMtoq7XwzWgr4SWKhN6hUUlR3N+yhMFmBjGwPpceNs/2onvZfqrrJzSCHiuoc/fcFtpVdHKJWOgFnBxnS4opAmvIpKdxGMxBSkMSHJKILVRmqV5U2s4FehBwYjM/wQ4sRGYixlvVyxA7fJK9OTKTHwZNNoYuBppFb4XtykWK0NiPm7MUnPs4esqhDnmUtQ==&u=U2FsdGVkX19Dl0IR/2YKeEBYmoEhLR2H9cKexnCU0Q4loNGTY3ObbNSg5leJa3LC&y=U2FsdGVkX19ekW/Rdxdk3RjuNS2vFLb4Z66hiXXgciVuV8VbPffl29AOP46hSU/Z HTTP/1.1" 200 26
216.245.221.92 - - [26/Mar/2023:21:44:52 -0500] "HEAD / HTTP/1.1" 200 -
192.168.175.240 - - [26/Mar/2023:21:45:17 -0500] "GET / HTTP/1.1" 200 4720
207.46.13.213 - - [26/Mar/2023:21:45:34 -0500] "GET /BLA/resoluciones/AUTOS%202014/1319.pdf HTTP/1.1" 200 586880
172.22.2.4 - - [26/Mar/2023:21:44:15 -0500] "HEAD /BLA/boletinlegal/ HTTP/1.1" 200 -
192.168.175.240 - - [26/Mar/2023:21:46:17 -0500] "GET / HTTP/1.1" 200 4720
172.22.2.4 - - [26/Mar/2023:21:45:06 -0500] "GET /BLA/boletinlegal/ HTTP/1.1" 200 54414
192.168.175.240 - - [26/Mar/2023:21:47:17 -0500] "GET / HTTP/1.1" 200 4720
152.203.142.138 - - [26/Mar/2023:21:48:04 -0500] "GET /Publicaciones/SSFFS-01116-2023.zip HTTP/1.1" 404 232
192.168.175.240 - - [26/Mar/2023:21:48:17 -0500] "GET / HTTP/1.1" 200 4720
201.245.192.253 - - [26/Mar/2023:21:49:06 -0500] "POST /kwsrmcab/Wsrmcab  HTTP/1.1" 200 41914
192.168.175.240 - - [26/Mar/2023:21:49:17 -0500] "GET / HTTP/1.1" 200 4720
52.167.144.71 - - [26/Mar/2023:21:49:39 -0500] "GET /BLA/resoluciones/AUTOS%202021/1655.pdf HTTP/1.1" 304 -
216.245.221.92 - - [26/Mar/2023:21:49:52 -0500] "HEAD / HTTP/1.1" 200 -
191.108.34.205 - - [26/Mar/2023:21:50:12 -0500] "POST /sipse/faces/presentacion/financiero/solicitudProceso/listarSolicitudProceso.xhtml HTTP/1.1" 302 -
191.108.34.205 - - [26/Mar/2023:21:50:12 -0500] "GET /sipse/faces/autenticacion.xhtml HTTP/1.1" 200 1099
191.108.34.205 - - [26/Mar/2023:21:50:12 -0500] "POST /sipse/faces/presentacion/financiero/solicitudProceso/listarSolicitudProceso.xhtml HTTP/1.1" 302 -
191.108.34.205 - - [26/Mar/2023:21:50:12 -0500] "GET /sipse/faces/autenticacion.xhtml HTTP/1.1" 200 1099
192.168.175.240 - - [26/Mar/2023:21:50:17 -0500] "GET / HTTP/1.1" 200 4720
172.22.2.4 - - [26/Mar/2023:21:50:35 -0500] "GET /BLA/boletinlegal/jurisprudencia/analisis/AnalisisT-606-15.docx HTTP/1.1" 200 26698
172.22.2.4 - - [26/Mar/2023:21:50:36 -0500] "GET /BLA/boletinlegal/apple-touch-icon-120x120-precomposed.png HTTP/1.1" 404 1140
172.22.2.4 - - [26/Mar/2023:21:50:36 -0500] "GET /BLA/boletinlegal/apple-touch-icon-120x120.png HTTP/1.1" 404 1140
172.22.2.4 - - [26/Mar/2023:21:50:36 -0500] "GET /BLA/boletinlegal/apple-touch-icon-precomposed.png HTTP/1.1" 404 1140
172.22.2.4 - - [26/Mar/2023:21:50:36 -0500] "GET /BLA/boletinlegal/apple-touch-icon.png HTTP/1.1" 404 1140
172.22.2.4 - - [26/Mar/2023:21:50:36 -0500] "GET /BLA/boletinlegal/favicon.ico HTTP/1.1" 404 1140
172.22.2.4 - - [26/Mar/2023:21:50:36 -0500] "GET /BLA/boletinlegal/apple-touch-icon-120x120-precomposed.png HTTP/1.1" 404 1140
172.22.2.4 - - [26/Mar/2023:21:50:36 -0500] "GET /BLA/boletinlegal/apple-touch-icon-120x120.png HTTP/1.1" 404 1140
172.22.2.4 - - [26/Mar/2023:21:50:36 -0500] "GET /BLA/boletinlegal/apple-touch-icon-precomposed.png HTTP/1.1" 404 1140
172.22.2.4 - - [26/Mar/2023:21:50:36 -0500] "GET /BLA/boletinlegal/apple-touch-icon.png HTTP/1.1" 404 1140
172.22.2.4 - - [26/Mar/2023:21:50:36 -0500] "GET /BLA/boletinlegal/favicon.ico HTTP/1.1" 404 1140
192.168.175.240 - - [26/Mar/2023:21:51:17 -0500] "GET / HTTP/1.1" 200 4720
172.22.2.4 - - [26/Mar/2023:21:50:06 -0500] "HEAD /BLA/boletinlegal/ HTTP/1.1" 200 -
192.168.175.240 - - [26/Mar/2023:21:52:17 -0500] "GET / HTTP/1.1" 200 4720
172.22.2.4 - - [26/Mar/2023:21:50:56 -0500] "GET /BLA/boletinlegal/ HTTP/1.1" 200 57551
192.168.175.240 - - [26/Mar/2023:21:53:17 -0500] "GET / HTTP/1.1" 200 4720
201.245.192.253 - - [26/Mar/2023:21:54:05 -0500] "POST /kwsrmcab/Wsrmcab  HTTP/1.1" 200 41914
157.55.39.217 - - [26/Mar/2023:21:54:14 -0500] "GET /BLA/resoluciones/AUTOS%202021/3948.pdf HTTP/1.1" 304 -
192.168.175.240 - - [26/Mar/2023:21:54:17 -0500] "GET / HTTP/1.1" 200 4720
216.245.221.92 - - [26/Mar/2023:21:54:52 -0500] "HEAD / HTTP/1.1" 200 -
157.55.39.218 - - [26/Mar/2023:21:55:14 -0500] "GET /portaldeninos/aulas-ambientales-2/parque-ecologico-distrital-de-montana-entrenubes/ HTTP/1.1" 200 90406
192.168.175.240 - - [26/Mar/2023:21:55:17 -0500] "GET / HTTP/1.1" 200 4720
52.167.144.43 - - [26/Mar/2023:21:55:35 -0500] "GET /portaldeninos/wp-includes/js/jquery/ui/tabs.min.js?ver=1.11.4 HTTP/1.1" 200 12110
40.77.167.162 - - [26/Mar/2023:21:55:39 -0500] "GET /portaldeninos/wp-content/uploads/2021/07/Parque-entrenubes.mp4 HTTP/1.1" 200 10753334
192.168.175.240 - - [26/Mar/2023:21:56:17 -0500] "GET / HTTP/1.1" 200 4720
192.168.175.240 - - [26/Mar/2023:21:57:17 -0500] "GET / HTTP/1.1" 200 4720
172.22.2.4 - - [26/Mar/2023:21:55:55 -0500] "HEAD /BLA/boletinlegal/ HTTP/1.1" 200 -
192.168.175.240 - - [26/Mar/2023:21:58:17 -0500] "GET / HTTP/1.1" 200 4720
172.22.2.4 - - [26/Mar/2023:21:56:46 -0500] "GET /BLA/boletinlegal/ HTTP/1.1" 200 54414
201.245.192.253 - - [26/Mar/2023:21:59:04 -0500] "POST /kwsrmcab/Wsrmcab  HTTP/1.1" 200 41914
186.102.53.83 - - [26/Mar/2023:21:59:12 -0500] "GET /kwssiamovil/sm/acme/u?s=U2FsdGVkX185enmgi0ogo8Hj9SNz5NYXYZJ45ja4THfCPJnqwI1pN0H9jhBUKsCyCNoglaGZFXqLs6KdfRNQBxxEOQFkgnP8c2KYSKVfXcJJuuDsFY8jtoPDjXuuv1X6qrnSEd/DtsQckq3936bVPUOpu0LJNXFjsX5N96MjsQc=&u=U2FsdGVkX1+zVupwDnbxCHlzfjHOPH7lbgEf1lJ3Hec=&y=U2FsdGVkX19tmETeCTAVL7dS190P1yHXajtRFJEccxzfkh5zZd4dQvo+ubec+ZlG HTTP/1.1" 200 60
52.167.144.167 - - [26/Mar/2023:21:59:15 -0500] "GET /BLA/resoluciones/index.php?dir=RESOLUCIONES+2023%2F HTTP/1.1" 200 10548
192.168.175.240 - - [26/Mar/2023:21:59:17 -0500] "GET / HTTP/1.1" 200 4720
186.102.53.83 - - [26/Mar/2023:21:59:41 -0500] "GET /kwssiamovil/sm/ldap/au?x=U2FsdGVkX19/L+rXviSinAwLgR8wkfIlkIzzIv0e0pSBszUy8rV8gCPYhow2vyF2&y=U2FsdGVkX1/Z3deP3Mk2x0eEvQkUhTo3GQ8sLAdTJ7qRIOqUkDk0UHvnImNAFPOQ HTTP/1.1" 200 31
186.102.53.83 - - [26/Mar/2023:21:59:49 -0500] "GET /kwssiamovil/sm/ldap/au?x=U2FsdGVkX1+y+gaZnjwF4xbj5WirWXTyc6EuR4SRNMPAqQK7bHbB9kX8iPvkzO5k&y=U2FsdGVkX19kdDt2rfMEIbkyd3KDHS+K1o58Q3WjQxqAYVtmV8htB1pJucCM1o8R HTTP/1.1" 200 30
186.102.53.83 - - [26/Mar/2023:21:59:49 -0500] "GET /kwssiamovil/sm/acme/s?s=U2FsdGVkX19xN/WUvMt/8a3YVegx0uI/nY2GMASGp4/MMxQClb29GqQLoR8KvfBudYFa+c8a8Qb/4NJueHsRHkZ1pjHU7vx9ZRwOFyaN8fg=&u=U2FsdGVkX18zVlH1HOt2OejW65Csy3KI/nXCec9BTwQ=&y=U2FsdGVkX19kdDt2rfMEIbkyd3KDHS+K1o58Q3WjQxqAYVtmV8htB1pJucCM1o8R HTTP/1.1" 200 97
186.102.53.83 - - [26/Mar/2023:21:59:49 -0500] "GET /kwssiamovil/sm/acme/s?s=U2FsdGVkX183j9FVtPLRs0Fvv/GMm22D6UA+3gfzA3AZwq3ZBVV7lZfi0otwv+MBcvgfkKFgxru71bnqHLbTvY3nBkb34qnPoGtFOR5wW8CQyMVjocWxR0JuAvIMrKlQi0aVXgV4lZGs1hLSAEqTkrC+RB3bSIkqainvvHzaogZu1nI/JDHrOYOQJZOLzBbDGPXsMGKW2xwAa8xLTu9wIhQY3KN1eBg0oO/O8GdPjxUX2nJBmdUxyc3qTyNPduI4yzrrc0T2hJsQAt8wu70asAoF8GAwd5UPGimAqoi9nuL7qFJlkC4ac5nDgaUs39QPLw84vrQ6BB70YbB6mSRLyrP3s/GlDCaR8sQN6h1A9vBeDQtSJNASRAKTR6+5R3r7kTf6yEuH0ESAwFTrKIUjmx2Ezpwp1XRLMAqtI59iRziNPzCqS01EL/qWzaKALOj0JOTxqm++Qas+gkF7xTTXs9uZ9EtPuK2+uZnJoazqn8vqDyxOE6x41cLG72Z/lqZqYDnibCtb3TQxFmJ8wbjrYlhkjmAGCLFjd6hhVQxZHb8pdZiQVGAjWYbMiQzwHfv+b0UsjccL7j0YzMo7mEXTrumMY35aem8fi6WPB5aKHbPaGLmM574q+RPs8CRcMcoROCF4alCrO5Rl60dAAfYj89PA4wlM2EvUirlneTqdCQ6gvqdVP1gDSpxl3Ai4RC1yOOZn/hyvN+ciK/IkT/Fhn5FGYmbMnO/ju4acUjosYGzXgSYUIrXlRiPRfFYTztHblJQAqwuJeWhfHyYe0ziKm3isgMgTtTFHzXfVO0ZIal05xCj23o2E1RMwotgHxfuFCzVKhhiCkvgJJgP2m/i0Mo1Dki9X9fTBfji8jZUApY48S0g/FfPV9JjwQJ2L+asZvtfrDbXZSLjAeM0m3IKAWuaDHh/gdi2iwwdzZVeM2Li/w0M35zcUELpwsi9W8gDR9RbwbrkAPxTCD4/mIm0Y4npnJYG/1WF4EJ/2u9KfJrsssYIRqD7uXM8Wkwxu5NFJ4jxwpjJvua2gJwqL9fc6yzgdBSo8bCi0OW9zUX65SE7UlMOYukyNbeu3Avdm6InkqjVSAZBTAlKzRIeSF6gGZTYgbXHZ+85ZtQOMoxiwbmJrXf3GPbY/Z+A3p6hgi1XrGmU1H3FEwfhnZLvkwh3qeF8WClwiRFiz3ePfLUETgioAhPsCG13WsVUJDL4lSPo/SHx8nMAIwp1jy8HYars/SLIAqkXwuXzpObx/sfJOMjuzWhlCejeQQj7Nk/LC8em2gA1nAsEPlvFvBpL1oh64oaXX2d+ycKug4+nlodM7ngYYa8WsUO2yijlNS9lJkwSJLrwotWHLUvfiNMin8m8ZOwSzUyEFCnZn7mRLq4BFBgpWgvkrvd407stvpJCo49n9VeMzokfBW3IbnutJZ29tUc0HrWcNrJV+86VZhRahI8A=&u=U2FsdGVkX18zVlH1HOt2OejW65Csy3KI/nXCec9BTwQ=&y=U2FsdGVkX19kdDt2rfMEIbkyd3KDHS+K1o58Q3WjQxqAYVtmV8htB1pJucCM1o8R HTTP/1.1" 200 72
186.102.53.83 - - [26/Mar/2023:21:59:49 -0500] "GET /kwssiamovil/sm/acme/s?s=U2FsdGVkX18MgSKF3+JuQ8Tq0gFySMjlMHLiZoWm2G0qZMxkjOZnWgy77R9RibRLvuwHHDpc5Cy+OYxJ66ipG7HCC9YTZeZPsz5wSpijiMW5GogNiR3ciPjEU29jnDGV5lxsY1h8S5P83bTTHebviB5Hw5KoVf5eWHmm+oEbECLnVqqR9TY2hAg5k+GhbG57bTDNIIprn9/dexl0GI1wosJujW9iLx6Qr4KdUYKAFnJkp2vwqS8dupoBI56Wh2FZyc04LP3TRXx2XFz2rDjMRLzNTXz4uAqNOeLVND8wleNgJYm/6Kq/0G6NSYUmM8KLdRmtZoSXMQr+KukvSLjmg3sBWj/dFV5LBk00wlNqtiM=&u=U2FsdGVkX18zVlH1HOt2OejW65Csy3KI/nXCec9BTwQ=&y=U2FsdGVkX19kdDt2rfMEIbkyd3KDHS+K1o58Q3WjQxqAYVtmV8htB1pJucCM1o8R HTTP/1.1" 200 196
186.102.53.83 - - [26/Mar/2023:21:59:49 -0500] "GET /kwssiamovil/sm/cjson/pre?f=1&x=U2FsdGVkX1+y+gaZnjwF4xbj5WirWXTyc6EuR4SRNMPAqQK7bHbB9kX8iPvkzO5k HTTP/1.1" 200 31032
216.245.221.92 - - [26/Mar/2023:21:59:52 -0500] "HEAD / HTTP/1.1" 200 -
192.168.175.240 - - [26/Mar/2023:22:00:17 -0500] "GET / HTTP/1.1" 200 4720
172.22.2.4 - - [26/Mar/2023:22:00:55 -0500] "GET /BLA/boletinlegal/style.css HTTP/1.1" 200 9406
172.22.2.4 - - [26/Mar/2023:22:00:55 -0500] "GET /BLA/boletinlegal/styles2.css HTTP/1.1" 200 1838
172.22.2.4 - - [26/Mar/2023:22:00:55 -0500] "GET /BLA/boletinlegal/js/jquery.js HTTP/1.1" 200 57254
172.22.2.4 - - [26/Mar/2023:22:00:55 -0500] "GET /BLA/boletinlegal/js/jquery.scrollTo-min.js HTTP/1.1" 200 1150
172.22.2.4 - - [26/Mar/2023:22:00:55 -0500] "GET /BLA/boletinlegal/js/jquery.scrollShow.js HTTP/1.1" 200 4586
172.22.2.4 - - [26/Mar/2023:22:00:55 -0500] "GET /BLA/boletinlegal/images/cabezote%20BLEGAL.jpg HTTP/1.1" 200 118164
172.22.2.4 - - [26/Mar/2023:22:00:55 -0500] "GET /BLA/boletinlegal/images/subscribe-icon-big.png HTTP/1.1" 200 47702
172.22.2.4 - - [26/Mar/2023:22:00:55 -0500] "GET /BLA/boletinlegal/images/historia.png HTTP/1.1" 200 52775
172.22.2.4 - - [26/Mar/2023:22:00:55 -0500] "GET /BLA/boletinlegal/images/arr_l.jpg HTTP/1.1" 200 1979
172.22.2.4 - - [26/Mar/2023:22:00:55 -0500] "GET /BLA/boletinlegal/images/registro-usuarios.png HTTP/1.1" 200 8106
172.22.2.4 - - [26/Mar/2023:22:00:55 -0500] "GET /BLA/boletinlegal/images/screen_1.png HTTP/1.1" 200 202547
172.22.2.4 - - [26/Mar/2023:22:00:55 -0500] "GET /BLA/boletinlegal/images/launch.jpg HTTP/1.1" 200 14577
172.22.2.4 - - [26/Mar/2023:22:00:55 -0500] "GET /BLA/boletinlegal/images/body_bg.jpg HTTP/1.1" 200 1601
172.22.2.4 - - [26/Mar/2023:22:00:55 -0500] "GET /BLA/boletinlegal/images/menu_lft.gif HTTP/1.1" 200 1713
172.22.2.4 - - [26/Mar/2023:22:00:55 -0500] "GET /BLA/boletinlegal/images/menu_rght.gif HTTP/1.1" 200 1627
172.22.2.4 - - [26/Mar/2023:22:00:55 -0500] "GET /BLA/boletinlegal/images/bg_top.jpg HTTP/1.1" 200 522
172.22.2.4 - - [26/Mar/2023:22:00:55 -0500] "GET /BLA/boletinlegal/images/menu_bg.jpg HTTP/1.1" 200 620
172.22.2.4 - - [26/Mar/2023:22:00:55 -0500] "GET /BLA/boletinlegal/images/hover.jpg HTTP/1.1" 200 640
172.22.2.4 - - [26/Mar/2023:22:00:55 -0500] "GET /BLA/boletinlegal/images/text.jpg HTTP/1.1" 200 568
192.168.175.240 - - [26/Mar/2023:22:01:17 -0500] "GET / HTTP/1.1" 200 4720
172.22.2.4 - - [26/Mar/2023:22:00:55 -0500] "GET /BLA/boletinlegal/ HTTP/1.1" 200 24523
192.168.175.240 - - [26/Mar/2023:22:02:17 -0500] "GET / HTTP/1.1" 200 4720
192.168.175.240 - - [26/Mar/2023:22:03:17 -0500] "GET / HTTP/1.1" 200 4720
172.22.2.4 - - [26/Mar/2023:22:01:45 -0500] "HEAD /BLA/boletinlegal/ HTTP/1.1" 200 -
201.245.192.253 - - [26/Mar/2023:22:04:03 -0500] "POST /kwsrmcab/Wsrmcab  HTTP/1.1" 200 41914
172.22.2.4 - - [26/Mar/2023:22:02:36 -0500] "GET /BLA/boletinlegal/ HTTP/1.1" 200 57141
192.168.175.240 - - [26/Mar/2023:22:04:17 -0500] "GET / HTTP/1.1" 200 4720
191.156.240.223 - - [26/Mar/2023:22:04:43 -0500] "GET /galeria/galeria/jquery.fancybox.css?v=2.1.5 HTTP/1.1" 200 4895
191.156.240.223 - - [26/Mar/2023:22:04:43 -0500] "GET /BLA/boletinlegal/js/jquery.scrollShow.js HTTP/1.1" 200 4586
191.156.240.223 - - [26/Mar/2023:22:04:43 -0500] "GET /galeria/galeria/jquery.fancybox.js?v=2.1.5 HTTP/1.1" 200 48706
216.245.221.92 - - [26/Mar/2023:22:04:52 -0500] "HEAD / HTTP/1.1" 200 -
185.119.81.106 - - [26/Mar/2023:22:04:55 -0500] "GET /portaldeninos/wp-login.php HTTP/1.1" 200 2592
185.119.81.106 - - [26/Mar/2023:22:04:56 -0500] "POST /portaldeninos/wp-login.php HTTP/1.1" 200 3605
192.168.175.240 - - [26/Mar/2023:22:05:17 -0500] "GET / HTTP/1.1" 200 4720
192.168.175.240 - - [26/Mar/2023:22:06:17 -0500] "GET / HTTP/1.1" 200 4720
66.249.79.113 - - [26/Mar/2023:22:06:41 -0500] "-" 408 -
192.168.175.240 - - [26/Mar/2023:22:07:17 -0500] "GET / HTTP/1.1" 200 4720
186.102.53.83 - - [26/Mar/2023:22:07:58 -0500] "GET /kwssiamovil/sm/ldap/au?x=U2FsdGVkX18WL9wdjPBd7V2TEDSakJqbdorDaOF3UKNSgOGJ/d6jFJmGzih0GtuA&y=U2FsdGVkX181UK1JSymRo57h67gwRBea/JCgIleq2AJWEvqDCdlcvO5ymnG7Q4oX HTTP/1.1" 200 31
186.102.53.83 - - [26/Mar/2023:22:08:03 -0500] "GET /kwssiamovil/sm/ldap/au?x=U2FsdGVkX1/DjY7GoSC0ePlTQs8mel/civzDyrkkyZOIm/pytgb3E35OMcd04i8g&y=U2FsdGVkX1+BkeLfn87GsEM5iBvIeYzS5MKyNncfagysYOU81NiD6/+F2/0rhsBr HTTP/1.1" 200 30
186.102.53.83 - - [26/Mar/2023:22:08:03 -0500] "GET /kwssiamovil/sm/acme/s?s=U2FsdGVkX1/2++r6CD6gtsBWLhKxDIWlJWIQOLZPpRYzOja/FcwPwLVfxZfNUc+/78A4hTKCGnmNixqCXN1Gb9lmYkKMzwjq6sjEgISy8vI=&u=U2FsdGVkX1+3qrjMEuuwxM4/kMKT3IpjbPMaIr3jIT4=&y=U2FsdGVkX1+BkeLfn87GsEM5iBvIeYzS5MKyNncfagysYOU81NiD6/+F2/0rhsBr HTTP/1.1" 200 97
186.102.53.83 - - [26/Mar/2023:22:08:03 -0500] "GET /kwssiamovil/sm/acme/s?s=U2FsdGVkX18HfPteKAU3OKeNbncGJM5XrIxz02/NFNg/3wYDSLjF1MPVAt9pJNIeP8YS3bT4bklO8/VMV0yFGg7TthT+jfKl4+vyG+kozvUQqUN0WZpKpGXZWL/mzlrnlop8gf43kKm4C9wNkbZTioX8/27C0mS0ZMjBi74En7BU/EQ4xAe7AH+DUKU7NTAoe617p9YYAKeoH1j3y3ZjxSk1oSuLrIUN6vzj2tprWB+wsS/M86sIVUHEjkH6QgDGEXjLoaX6Sr+7EWTbkDIYo/ZXoE9Z0vFk6y3rtrF6LG+HBlZ75aprqAJW8/gDPoaMxH+SMq4fv+t8amBd1qaoQG5WMX+rCFiYOcpbxtbMLDKmaohTFADUT2pIhKsxpUDfB03gftS6qjonXXS8x48fvW3QRbMkx/BjqI14n02aIADcLM/SWnBi8iC0ixGAzDYh7vuSSqwrxOQw795ZUZvlFs50/beVZvf0/Qo97y23wqKlmKGyYzh2htTcUssFADxO1a3uY6J12DjC5BtlKJhlYPYTIqSXMIiyghj7Xo68zoHFxAOo9qQCWh6yjFUFHEEYQFq0+87tpCZLonGZMGNHavk6ckHlxQG2SCl1QcqLnF1SeCfHqat2/Uv+Hdqx/bwuUgEKZHu3vI2Pe5gRSxaelfaYcdLsL9L3y/d41MZ0HvlxU5OApPdHmPKjQX2sDsmG+v0oJH/x7zbbc9Z2Z3YNkmNQPXN/h71d1NKA/evIoUM/3idtl1QyDwgBCFWf1vEd6P4Q8kUxnV2PeVx7p9JD+xNz/a70YgGg5t6sOb7ZG9CamuZSQeMCt/dYfggsh7ivD1oNJh/kcEWiY/UTelxFYZBaRCtKJYoc2YrdHY/O3QKjEAO9eLni8HK7APblLkfKo2Z/aMYq3VNdmg+vkcQ85TaEtN+O8QEAXHxbGbzsKOIlE7lcrNQdCs7Q12j2eoX8P0lwQagcOx+Y6Y4Lo1KNzRPw8kv+2B4MR0OvVgj8eVWg5qfWlPr7CzrKWPtF6lmunbjZVmrK/dZYxkrLaPXfT+8Kk6zns45x7fE98/bSDLv4cfa2PCesuhtW1PQpICnw+N46dBPMcPfuwBOBW4uyBU1HVqEN5+q8CvQuQOsDEBatFChH7YXLLwPEoCwyjSuzB6X/7U7sannBljlKuTqcAXFgNeJJOU/9fZeztNg9KqFINr1OMdJCvIunYW0sL3PaqHzKmh8ekhsFW2SDwTWIRq0lLaCLFHoCpbd2VTZSWrrwBMSTZlyJ+yDCMzc4tb3b4R/nergh86L07BdB2qpPc2Bscsnl4DGlofn9IAUgt/kCBzkwNECnTxZbJUB4b7vLufq/2YaHds5PfO4QFkRGayYkVCoTZET8ajdXpe4JSqUst6V9UGT7ymtkoq2NKUVI8QJ5izT+DWTgvq5eUC32bVAVQTCqajJsa0YieQtLl7g=&u=U2FsdGVkX1+3qrjMEuuwxM4/kMKT3IpjbPMaIr3jIT4=&y=U2FsdGVkX1+BkeLfn87GsEM5iBvIeYzS5MKyNncfagysYOU81NiD6/+F2/0rhsBr HTTP/1.1" 200 651
186.102.53.83 - - [26/Mar/2023:22:08:03 -0500] "GET /kwssiamovil/sm/acme/s?s=U2FsdGVkX1+xgy24VjPfX2+Jp9BiPZNjxGww1sOb8Hi6O65gJhbXba69dUe3ybNYYM1ow7Wmnb0htI/YSaCJWhlD9YbQSfIL0kyk7TCz9i3i5fA8xKxXwVwUQ+qmzUR8Ni/mFSSfyH/L6HAdsjc7NIHsUrG5F7zbKQeOLoQ1tCmX/Ra0ER00RnnI2l78WKF1+AS8XuaTSWarFmWzZFMEgjeZF7ApVrfVzezYmhRIJSmmMnXZhl1/DF4CL6z5wuPwUsFlHrBplq/zhxbd4pDymIrsQuOLV9SFWDWlzn/Amhuyq0aFTHlv1bfRU5Oryl5h67YoAPdn1TIYzsLeMaPnEN58zxdOzd/ue7dxOZvZZWQ=&u=U2FsdGVkX1+3qrjMEuuwxM4/kMKT3IpjbPMaIr3jIT4=&y=U2FsdGVkX1+BkeLfn87GsEM5iBvIeYzS5MKyNncfagysYOU81NiD6/+F2/0rhsBr HTTP/1.1" 200 196
186.102.53.83 - - [26/Mar/2023:22:08:03 -0500] "GET /kwssiamovil/sm/cjson/pre?f=1&x=U2FsdGVkX1/DjY7GoSC0ePlTQs8mel/civzDyrkkyZOIm/pytgb3E35OMcd04i8g HTTP/1.1" 200 31032
192.168.175.240 - - [26/Mar/2023:22:08:17 -0500] "GET / HTTP/1.1" 200 4720
201.245.192.253 - - [26/Mar/2023:22:09:03 -0500] "POST /kwsrmcab/Wsrmcab  HTTP/1.1" 200 41914
172.22.2.4 - - [26/Mar/2023:22:07:35 -0500] "HEAD /BLA/boletinlegal/ HTTP/1.1" 200 -
192.168.175.240 - - [26/Mar/2023:22:09:17 -0500] "GET / HTTP/1.1" 200 4720
216.245.221.92 - - [26/Mar/2023:22:09:52 -0500] "HEAD / HTTP/1.1" 200 -
172.22.2.4 - - [26/Mar/2023:22:08:26 -0500] "GET /BLA/boletinlegal/ HTTP/1.1" 200 57551
192.168.175.240 - - [26/Mar/2023:22:10:17 -0500] "GET / HTTP/1.1" 200 4720
192.168.175.240 - - [26/Mar/2023:22:11:17 -0500] "GET / HTTP/1.1" 200 4720
40.77.188.175 - - [26/Mar/2023:22:11:33 -0500] "GET /portaldeninos/wp-content/themes/betheme/css/layout.css?ver=20.9.6 HTTP/1.1" 200 116639
192.168.175.240 - - [26/Mar/2023:22:12:17 -0500] "GET / HTTP/1.1" 200 4720
192.168.175.240 - - [26/Mar/2023:22:13:17 -0500] "GET / HTTP/1.1" 200 4720
207.46.13.213 - - [26/Mar/2023:22:13:17 -0500] "GET /BLA/resoluciones/RESOLUCIONES%202021/5158.pdf HTTP/1.1" 200 334065
201.245.192.253 - - [26/Mar/2023:22:14:02 -0500] "POST /kwsrmcab/Wsrmcab  HTTP/1.1" 200 41914
192.168.175.240 - - [26/Mar/2023:22:14:17 -0500] "GET / HTTP/1.1" 200 4720
216.245.221.92 - - [26/Mar/2023:22:14:52 -0500] "HEAD / HTTP/1.1" 200 -
172.22.2.4 - - [26/Mar/2023:22:13:25 -0500] "HEAD /BLA/boletinlegal/ HTTP/1.1" 200 -
192.168.175.240 - - [26/Mar/2023:22:15:17 -0500] "GET / HTTP/1.1" 200 4720
201.245.188.148 - - [26/Mar/2023:22:15:24 -0500] "-" 408 -
172.22.2.4 - - [26/Mar/2023:22:14:16 -0500] "GET /BLA/boletinlegal/ HTTP/1.1" 200 59296
192.168.175.240 - - [26/Mar/2023:22:16:17 -0500] "GET / HTTP/1.1" 200 4720
66.249.79.132 - - [26/Mar/2023:22:16:47 -0500] "-" 408 -
40.77.167.162 - - [26/Mar/2023:22:16:51 -0500] "GET /portaldeninos/ HTTP/1.1" 200 110197
172.22.2.4 - - [26/Mar/2023:22:16:52 -0500] "GET /BLA/boletinlegal/actos.php HTTP/1.1" 200 9672
192.168.175.240 - - [26/Mar/2023:22:17:17 -0500] "GET / HTTP/1.1" 200 4720
40.77.167.210 - - [26/Mar/2023:22:17:41 -0500] "GET /BLA/resoluciones/AUTOS%202021/1442.pdf HTTP/1.1" 304 -
192.168.175.240 - - [26/Mar/2023:22:18:17 -0500] "GET / HTTP/1.1" 200 4720
172.22.2.4 - - [26/Mar/2023:22:18:40 -0500] "GET /BLA/boletinlegal/actos.php HTTP/1.1" 200 9672
201.245.192.253 - - [26/Mar/2023:22:19:01 -0500] "POST /kwsrmcab/Wsrmcab  HTTP/1.1" 200 41914
192.168.175.240 - - [26/Mar/2023:22:19:17 -0500] "GET / HTTP/1.1" 200 4720
216.245.221.92 - - [26/Mar/2023:22:19:52 -0500] "HEAD / HTTP/1.1" 200 -
207.46.13.213 - - [26/Mar/2023:22:19:58 -0500] "GET /BLA/resoluciones/AUTOS%202020/4654.pdf HTTP/1.1" 200 2478436
201.245.192.253 - - [26/Mar/2023:22:20:02 -0500] "POST /kwsrmcab/Wsrmcab HTTP/1.1" 200 43628
201.245.192.253 - - [26/Mar/2023:22:20:05 -0500] "POST /kwsrmcab/Wsrmcab HTTP/1.1" 200 43445
192.168.175.240 - - [26/Mar/2023:22:20:17 -0500] "GET / HTTP/1.1" 200 4720
172.22.2.4 - - [26/Mar/2023:22:19:15 -0500] "HEAD /BLA/boletinlegal/ HTTP/1.1" 200 -
69.63.189.4 - - [26/Mar/2023:22:21:01 -0500] "GET /images/calidad-aire-2-marzo-1_optimized.jpeg HTTP/1.1" 200 51562
192.168.175.240 - - [26/Mar/2023:22:21:17 -0500] "GET / HTTP/1.1" 200 4720
172.22.2.4 - - [26/Mar/2023:22:20:06 -0500] "GET /BLA/boletinlegal/ HTTP/1.1" 200 51022
172.22.2.4 - - [26/Mar/2023:22:20:19 -0500] "GET /BLA/boletinlegal/ HTTP/1.1" 200 51022
192.168.175.240 - - [26/Mar/2023:22:22:17 -0500] "GET / HTTP/1.1" 200 4720
35.204.37.140 - - [26/Mar/2023:22:22:49 -0500] "GET /inventario-de-emisiones-2020-transporte-publico-sitp-redujo-emisiones-de-pm-2-5-en-un-37.html HTTP/1.1" 200 925
192.168.175.240 - - [26/Mar/2023:22:23:17 -0500] "GET / HTTP/1.1" 200 4720
201.245.192.253 - - [26/Mar/2023:22:24:01 -0500] "POST /kwsrmcab/Wsrmcab  HTTP/1.1" 200 41914
192.168.175.240 - - [26/Mar/2023:22:24:17 -0500] "GET / HTTP/1.1" 200 4720
52.167.144.71 - - [26/Mar/2023:22:24:44 -0500] "GET /BLA/resoluciones/AUTOS%202021/0743.pdf HTTP/1.1" 304 -
216.245.221.92 - - [26/Mar/2023:22:24:52 -0500] "HEAD / HTTP/1.1" 200 -
192.168.175.240 - - [26/Mar/2023:22:25:17 -0500] "GET / HTTP/1.1" 200 4720
192.168.175.240 - - [26/Mar/2023:22:26:17 -0500] "GET / HTTP/1.1" 200 4720
172.22.2.4 - - [26/Mar/2023:22:25:05 -0500] "HEAD /BLA/boletinlegal/ HTTP/1.1" 200 -
192.168.175.240 - - [26/Mar/2023:22:27:17 -0500] "GET / HTTP/1.1" 200 4720
172.22.2.4 - - [26/Mar/2023:22:25:56 -0500] "GET /BLA/boletinlegal/ HTTP/1.1" 200 57551
172.22.2.4 - - [26/Mar/2023:22:28:05 -0500] "GET /BLA/boletinlegal/actos.php HTTP/1.1" 200 9672
172.22.2.4 - - [26/Mar/2023:22:28:05 -0500] "GET /BLA/boletinlegal/favicon.ico HTTP/1.1" 404 1326
186.80.52.163 - - [26/Mar/2023:22:28:07 -0500] "GET /BLA/resoluciones/ HTTP/1.1" 200 13502
186.80.52.163 - - [26/Mar/2023:22:28:12 -0500] "GET /BLA/resoluciones/dlf/unknown.png HTTP/1.1" 200 266
186.80.52.163 - - [26/Mar/2023:22:28:12 -0500] "GET /BLA/resoluciones/index.php?dir=RESOLUCIONES+2016%2F HTTP/1.1" 200 171136
192.168.175.240 - - [26/Mar/2023:22:28:17 -0500] "GET / HTTP/1.1" 200 4720
186.80.52.163 - - [26/Mar/2023:22:28:32 -0500] "GET /BLA/resoluciones/RESOLUCIONES%202016/0110.pdf HTTP/1.1" 200 1523696
201.245.192.253 - - [26/Mar/2023:22:28:55 -0500] "POST /kwsrmcab/Wsrmcab  HTTP/1.1" 200 41914
192.168.175.240 - - [26/Mar/2023:22:29:17 -0500] "GET / HTTP/1.1" 200 4720
172.22.2.4 - - [26/Mar/2023:22:27:58 -0500] "GET /BLA/boletinlegal/ HTTP/1.1" 200 61749
216.245.221.92 - - [26/Mar/2023:22:29:52 -0500] "HEAD / HTTP/1.1" 200 -
201.245.192.253 - - [26/Mar/2023:22:30:02 -0500] "POST /kwsrmcab/Wsrmcab HTTP/1.1" 200 43628
201.245.192.253 - - [26/Mar/2023:22:30:05 -0500] "POST /kwsrmcab/Wsrmcab HTTP/1.1" 200 43445
192.168.175.240 - - [26/Mar/2023:22:30:17 -0500] "GET / HTTP/1.1" 200 4720
69.63.184.118 - - [26/Mar/2023:22:31:05 -0500] "GET /images/caminatas-ecol\xc3\xb3gicas-marzo---1920x1080_optimized.jpg HTTP/1.1" 404 1034
192.168.175.240 - - [26/Mar/2023:22:31:17 -0500] "GET / HTTP/1.1" 200 4720
103.12.135.123 - - [26/Mar/2023:22:31:56 -0500] "GET /portaldeninos/ HTTP/1.1" 200 110197
192.168.175.240 - - [26/Mar/2023:22:32:17 -0500] "GET / HTTP/1.1" 200 4720
172.22.2.4 - - [26/Mar/2023:22:30:55 -0500] "HEAD /BLA/boletinlegal/ HTTP/1.1" 200 -
192.168.175.240 - - [26/Mar/2023:22:33:17 -0500] "GET / HTTP/1.1" 200 4720
172.22.2.4 - - [26/Mar/2023:22:31:46 -0500] "GET /BLA/boletinlegal/ HTTP/1.1" 200 53104
172.22.2.4 - - [26/Mar/2023:22:33:30 -0500] "GET /BLA/boletinlegal/actos.php HTTP/1.1" 200 9672
157.55.39.217 - - [26/Mar/2023:22:33:35 -0500] "GET /BLA/resoluciones/AUTOS%202021/5609.pdf HTTP/1.1" 304 -
201.245.192.253 - - [26/Mar/2023:22:33:56 -0500] "POST /kwsrmcab/Wsrmcab  HTTP/1.1" 200 41914
192.168.175.240 - - [26/Mar/2023:22:34:17 -0500] "GET / HTTP/1.1" 200 4720
181.53.13.182 - - [26/Mar/2023:22:34:40 -0500] "GET /images/jardines-verticales_optimized.jpeg HTTP/1.1" 200 138197
216.245.221.92 - - [26/Mar/2023:22:34:52 -0500] "HEAD / HTTP/1.1" 200 -
192.168.175.240 - - [26/Mar/2023:22:35:17 -0500] "GET / HTTP/1.1" 200 4720
157.55.39.217 - - [26/Mar/2023:22:35:17 -0500] "GET /BLA/resoluciones/AUTOS%202021/4092.pdf HTTP/1.1" 304 -
192.168.175.240 - - [26/Mar/2023:22:36:17 -0500] "GET / HTTP/1.1" 200 4720
52.167.144.167 - - [26/Mar/2023:22:36:39 -0500] "GET /BLA/resoluciones/AUTOS%202021/1621.pdf HTTP/1.1" 304 -
66.249.79.113 - - [26/Mar/2023:22:36:42 -0500] "-" 408 -
192.168.175.240 - - [26/Mar/2023:22:37:17 -0500] "GET / HTTP/1.1" 200 4720
181.237.91.34 - - [26/Mar/2023:22:37:57 -0500] "GET /%C3%82%C2%BFquieres-aprender-sobre-jardines-verticales-esta-es-tu-oportunidad.html HTTP/1.1" 304 -
192.168.175.240 - - [26/Mar/2023:22:38:17 -0500] "GET / HTTP/1.1" 200 4720
172.22.2.4 - - [26/Mar/2023:22:36:45 -0500] "HEAD /BLA/boletinlegal/ HTTP/1.1" 200 -
201.245.192.253 - - [26/Mar/2023:22:38:51 -0500] "POST /kwsrmcab/Wsrmcab  HTTP/1.1" 200 41914
172.22.2.4 - - [26/Mar/2023:22:37:36 -0500] "GET /BLA/boletinlegal/ HTTP/1.1" 200 52720
192.168.175.240 - - [26/Mar/2023:22:39:17 -0500] "GET / HTTP/1.1" 200 4720
216.245.221.92 - - [26/Mar/2023:22:39:52 -0500] "HEAD / HTTP/1.1" 200 -
201.245.192.253 - - [26/Mar/2023:22:40:02 -0500] "POST /kwsrmcab/Wsrmcab HTTP/1.1" 200 43628
201.245.192.253 - - [26/Mar/2023:22:40:05 -0500] "POST /kwsrmcab/Wsrmcab HTTP/1.1" 200 43445
192.168.175.240 - - [26/Mar/2023:22:40:17 -0500] "GET / HTTP/1.1" 200 4720
179.1.98.37 - - [26/Mar/2023:22:40:18 -0500] "GET /BLA/resoluciones/index.php HTTP/1.1" 200 13502
179.1.98.37 - - [26/Mar/2023:22:40:21 -0500] "GET /BLA/resoluciones/index.php?dir=AUTOS+2022%2F HTTP/1.1" 200 452522
192.168.175.240 - - [26/Mar/2023:22:41:17 -0500] "GET / HTTP/1.1" 200 4720
192.168.175.240 - - [26/Mar/2023:22:42:17 -0500] "GET / HTTP/1.1" 200 4720
192.168.175.240 - - [26/Mar/2023:22:43:17 -0500] "GET / HTTP/1.1" 200 4720
201.245.192.253 - - [26/Mar/2023:22:43:50 -0500] "POST /kwsrmcab/Wsrmcab  HTTP/1.1" 200 41914
172.22.2.4 - - [26/Mar/2023:22:42:35 -0500] "HEAD /BLA/boletinlegal/ HTTP/1.1" 200 -
192.168.175.240 - - [26/Mar/2023:22:44:17 -0500] "GET / HTTP/1.1" 200 4720
216.245.221.92 - - [26/Mar/2023:22:44:52 -0500] "HEAD / HTTP/1.1" 200 -
172.22.2.4 - - [26/Mar/2023:22:43:26 -0500] "GET /BLA/boletinlegal/ HTTP/1.1" 200 52316
192.168.175.240 - - [26/Mar/2023:22:45:17 -0500] "GET / HTTP/1.1" 200 4720
191.156.144.161 - - [26/Mar/2023:22:46:02 -0500] "GET /mujeres-que-re HTTP/1.1" 404 1136
191.156.144.161 - - [26/Mar/2023:22:46:02 -0500] "GET /favicon.ico HTTP/1.1" 404 1322
192.168.175.240 - - [26/Mar/2023:22:46:17 -0500] "GET / HTTP/1.1" 200 4720
191.156.144.18 - - [26/Mar/2023:22:46:18 -0500] "GET /mujeres-que-re HTTP/1.1" 404 1136
186.102.22.84 - - [26/Mar/2023:22:46:58 -0500] "GET /kwssiamovil/sm/acme/a?s=U2FsdGVkX1+dpjBuQEWHTXfwT0wk9U/CEVVrPDuI7cqEbXaVoj2lg1aTBCv5crmA9aSUbcI7Haoyxdmicb+bldHP2omcF/Fy4xUKodwK0EpbERPsO/XbBzPbjQ6pqgo6yCif4rxB4RMpt5XZeENEkm385nXwDIi0dbDLg8witFKptxfEqW4AbQ8tnuDT7KyifvmP57TGjhcZW/eg4u0YMXRVAqQNFFl023MyTIHhfZkmLEjTM9NAcaDL6+IHAkrt/Uq+PHLDmh905AhPmZvTfue+LC905Kmd5acZeYN5LkI=&u=U2FsdGVkX19Dl0IR/2YKeEBYmoEhLR2H9cKexnCU0Q4loNGTY3ObbNSg5leJa3LC&y=U2FsdGVkX19ekW/Rdxdk3RjuNS2vFLb4Z66hiXXgciVuV8VbPffl29AOP46hSU/Z HTTP/1.1" 200 26
186.102.22.84 - - [26/Mar/2023:22:46:59 -0500] "GET /kwssiamovil/sm/acme/a?s=U2FsdGVkX19EhQHmAfM31xt1obTbvrkHhPwcpY+JBSX5J9Jv3sQICi7Qag4QenYVE6319l2txjSt13jXnYkICw4BQ3Lu6hPC65cJ7k+tFs+bMJm/NSQ+7oA4qgISxQ3NBAwk7kZ0+NQ+yTaZDJ6qp8x6lAnzx+afDhZQMi2AQXcP4Eo226epiwF3hl4rz4Mt2Y212MCOYnsPSYQEYXRDVufDZNmt0JNGcWQmKrJWMBAO4x5jqbFwm/eOYhrtn/3q6A0p4pPJvhxPzty5nPIKK2mULlU29xeFy6KC+7SQDc3OU4aPngHV/vn3V/ccGeVYe008m++alIO9cvV9iQk80iGwIRgRRpEC1WSnR51AS+Dc4MMt0qHdjhBSYn4IfaTakKx/ZTM+SdX4TMkbP/j4xCC4AOA2Eo12xWwWK4RLjmGhRWfxo+vfdEFz4ndwA20L6OBhmFqA2N/mJsic7cisSMOLsX2D/BbVvkhfy+IMTtEQYJrDw4DzQY89rhqzpZbhY8DGMIdCmIqi8/ckvXDgsGbDy/iPlEmuLF7ak7KRBnWK1hd2fB+E1i64I47Suni53I41UMbavt2LGq+wi236nAZFkdazOKL74rXG2yHv3jqhOxZGqa+tE7dH4DF7Gsbrf7hB1njCgxmVADaOhAZRzPmdVwVsmpyGAEhHCIEJhsTxG/CjKy/CV+vXr3c1+U+VyEDUHxR+QdVXurvr3aEeKsl5qk0+OJ93bwgPlIp2g84xpbBgmqt4Sn1PmTmYj4IxcDmWaLDOl51o6gSNbWe/pcdzydNUxc4zPfhxDibwGp9P9kb4uSOf5xeiHK5sY865mgUT8Nt6/lfhpLJ5A/26FtjZ/YjkpOJfmh/lcLz8pyuWUN0mS2xEmY9viw4CQSU1vEcHgFWX6Q0FzaYxLEcuYTvamdlOgh7CAvektWSNjf1oGlAbOPAv9/WGTjwn/UX8/06Mt0DptvbwXF092SsZacaG91708dxMQXSo3foJnCgzdwpo8G1sZvjKb902ngZ5A/C8toijQgzJyKf5nlqyFxSJdyGwfc4+WsUT3hP4flX6ntV6tVOKO3ossgE1OVQOzr06SnMugwTnk+H36Mm0DoDmTlr17fsBT8tMnkBd396zsfdAHexz3W2mtHuRf1pUmK+tC8QIE7pWSt5BTWJ63yCdD3DOfltqBuREsk6N2KOYaZTHddeXgSq3rhUWo4jFvJ9bScps9gIdVp7J3Qi8uAJ3G50ox+7NBXM5ubNoMCgNNnlq5Vn/ogS9GwtA/KsSvzOQinAsi2z+QjQFeMeU8KPuBSYaCmSpK5h69Tq8MTc=&u=U2FsdGVkX19Dl0IR/2YKeEBYmoEhLR2H9cKexnCU0Q4loNGTY3ObbNSg5leJa3LC&y=U2FsdGVkX19ekW/Rdxdk3RjuNS2vFLb4Z66hiXXgciVuV8VbPffl29AOP46hSU/Z HTTP/1.1" 200 26
186.102.22.84 - - [26/Mar/2023:22:46:59 -0500] "GET /kwssiamovil/sm/acme/a?s=U2FsdGVkX1+oZhtVoRwJtHSR3ggq9pk5MH9yIDpPxdzJ7XMIhhAtXfKqLLkDFFeQr0I8fu6tjvIKgFwzi6Akxq5sY6agVdigdiYgagXGuLnMRfeIGUqyA/JrF9T+DLWoTzILZpY6l0gn8ooq1T6AxSTdAVgcK4+jNKOKJIZSPJ4=&u=U2FsdGVkX19Dl0IR/2YKeEBYmoEhLR2H9cKexnCU0Q4loNGTY3ObbNSg5leJa3LC&y=U2FsdGVkX19ekW/Rdxdk3RjuNS2vFLb4Z66hiXXgciVuV8VbPffl29AOP46hSU/Z HTTP/1.1" 200 26
186.102.22.84 - - [26/Mar/2023:22:46:59 -0500] "GET /kwssiamovil/sm/acme/a?s=U2FsdGVkX19i3sLRiPCdY0+CMAk4/waI6kjsLkP5Omd8uFrB6iQcW76nRv/ubI3n8Pwh2/qYkd10L/Wgp3aYq7L3q2h1LsCV1AHWNeFiI4d2aeTFZXkMFjN+/4IgBHrRG+97tRNh6CSHMngpAJqsyViXTxG8vYj7StWsKCGStps=&u=U2FsdGVkX19Dl0IR/2YKeEBYmoEhLR2H9cKexnCU0Q4loNGTY3ObbNSg5leJa3LC&y=U2FsdGVkX19ekW/Rdxdk3RjuNS2vFLb4Z66hiXXgciVuV8VbPffl29AOP46hSU/Z HTTP/1.1" 200 26
186.102.22.84 - - [26/Mar/2023:22:47:00 -0500] "GET /kwssiamovil/sm/acme/a?s=U2FsdGVkX18btqu/rhLF95cJ59UTBowvtqAlxnwVp/UOI/eguszrbU19tl5CE595TzsHUgGGG9AfvpMK0LWZDj8MC0neeFr9Fam/dsHFwiVPuRh/tW+HThOl4LL7pN/UaOFsiIJqObE4RoXdlLSMJPX91pbFJJa8/Vm7lL/iL3w=&u=U2FsdGVkX19Dl0IR/2YKeEBYmoEhLR2H9cKexnCU0Q4loNGTY3ObbNSg5leJa3LC&y=U2FsdGVkX19ekW/Rdxdk3RjuNS2vFLb4Z66hiXXgciVuV8VbPffl29AOP46hSU/Z HTTP/1.1" 200 26
