192.168.175.240 - - [26/Mar/2023:03:33:18 -0500] "GET / HTTP/1.1" 200 4720
201.245.192.253 - - [26/Mar/2023:03:33:21 -0500] "POST /kwsrmcab/Wsrmcab  HTTP/1.1" 200 41914
172.22.2.4 - - [26/Mar/2023:03:32:24 -0500] "HEAD /BLA/boletinlegal/ HTTP/1.1" 200 -
192.168.175.240 - - [26/Mar/2023:03:34:18 -0500] "GET / HTTP/1.1" 200 4720
172.22.2.4 - - [26/Mar/2023:03:33:15 -0500] "GET /BLA/boletinlegal/ HTTP/1.1" 200 52720
216.245.221.92 - - [26/Mar/2023:03:34:55 -0500] "HEAD / HTTP/1.1" 200 -
192.168.175.240 - - [26/Mar/2023:03:35:18 -0500] "GET / HTTP/1.1" 200 4720
192.168.175.240 - - [26/Mar/2023:03:36:18 -0500] "GET / HTTP/1.1" 200 4720
66.249.79.111 - - [26/Mar/2023:03:36:31 -0500] "-" 408 -
192.168.175.240 - - [26/Mar/2023:03:37:18 -0500] "GET / HTTP/1.1" 200 4720
192.168.175.240 - - [26/Mar/2023:03:38:18 -0500] "GET / HTTP/1.1" 200 4720
201.245.192.253 - - [26/Mar/2023:03:38:20 -0500] "POST /kwsrmcab/Wsrmcab  HTTP/1.1" 200 41914
192.168.175.240 - - [26/Mar/2023:03:39:18 -0500] "GET / HTTP/1.1" 200 4720
66.249.66.83 - - [26/Mar/2023:03:39:19 -0500] "-" 408 -
172.22.2.4 - - [26/Mar/2023:03:38:35 -0500] "GET /BLA/boletinlegal/ HTTP/1.1" 200 28619
172.22.2.4 - - [26/Mar/2023:03:38:14 -0500] "HEAD /BLA/boletinlegal/ HTTP/1.1" 200 -
216.245.221.92 - - [26/Mar/2023:03:39:55 -0500] "HEAD / HTTP/1.1" 200 -
201.245.192.253 - - [26/Mar/2023:03:40:06 -0500] "POST /kwsrmcab/Wsrmcab HTTP/1.1" 200 43156
201.245.192.253 - - [26/Mar/2023:03:40:09 -0500] "POST /kwsrmcab/Wsrmcab HTTP/1.1" 200 43025
192.168.175.240 - - [26/Mar/2023:03:40:18 -0500] "GET / HTTP/1.1" 200 4720
172.22.2.4 - - [26/Mar/2023:03:39:05 -0500] "GET /BLA/boletinlegal/ HTTP/1.1" 200 57141
192.168.175.240 - - [26/Mar/2023:03:41:18 -0500] "GET / HTTP/1.1" 200 4720
192.168.175.240 - - [26/Mar/2023:03:42:18 -0500] "GET / HTTP/1.1" 200 4720
192.168.175.240 - - [26/Mar/2023:03:43:18 -0500] "GET / HTTP/1.1" 200 4720
201.245.192.253 - - [26/Mar/2023:03:43:20 -0500] "POST /kwsrmcab/Wsrmcab  HTTP/1.1" 200 41914
192.168.175.240 - - [26/Mar/2023:03:44:18 -0500] "GET / HTTP/1.1" 200 4720
216.245.221.92 - - [26/Mar/2023:03:44:55 -0500] "HEAD / HTTP/1.1" 200 -
192.168.175.240 - - [26/Mar/2023:03:45:18 -0500] "GET / HTTP/1.1" 200 4720
172.22.2.4 - - [26/Mar/2023:03:44:04 -0500] "HEAD /BLA/boletinlegal/ HTTP/1.1" 200 -
192.168.175.240 - - [26/Mar/2023:03:46:18 -0500] "GET / HTTP/1.1" 200 4720
172.22.2.4 - - [26/Mar/2023:03:44:55 -0500] "GET /BLA/boletinlegal/ HTTP/1.1" 200 57551
34.141.165.66 - - [26/Mar/2023:03:47:12 -0500] "GET /inventario-de-emisiones-2020-transporte-publico-sitp-redujo-emisiones-de-pm-2-5-en-un-37.html HTTP/1.1" 200 925
192.168.175.240 - - [26/Mar/2023:03:47:18 -0500] "GET / HTTP/1.1" 200 4720
172.22.2.4 - - [26/Mar/2023:03:47:40 -0500] "GET /BLA/boletinlegal/jurisprudencia/analisis/CUADRO%20SENTENCIA%20C-222%20DE%202011.doc HTTP/1.1" 304 -
192.168.175.240 - - [26/Mar/2023:03:48:18 -0500] "GET / HTTP/1.1" 200 4720
201.245.192.253 - - [26/Mar/2023:03:48:20 -0500] "POST /kwsrmcab/Wsrmcab  HTTP/1.1" 200 41914
192.168.175.240 - - [26/Mar/2023:03:49:18 -0500] "GET / HTTP/1.1" 200 4720
216.245.221.92 - - [26/Mar/2023:03:49:55 -0500] "HEAD / HTTP/1.1" 200 -
192.168.175.240 - - [26/Mar/2023:03:50:18 -0500] "GET / HTTP/1.1" 200 4720
192.168.175.240 - - [26/Mar/2023:03:51:18 -0500] "GET / HTTP/1.1" 200 4720
172.22.2.4 - - [26/Mar/2023:03:49:54 -0500] "HEAD /BLA/boletinlegal/ HTTP/1.1" 200 -
192.168.175.240 - - [26/Mar/2023:03:52:18 -0500] "GET / HTTP/1.1" 200 4720
172.22.2.4 - - [26/Mar/2023:03:50:45 -0500] "GET /BLA/boletinlegal/ HTTP/1.1" 200 57141
192.168.175.240 - - [26/Mar/2023:03:53:18 -0500] "GET / HTTP/1.1" 200 4720
201.245.192.253 - - [26/Mar/2023:03:53:17 -0500] "POST /kwsrmcab/Wsrmcab  HTTP/1.1" 200 41914
192.168.175.240 - - [26/Mar/2023:03:54:18 -0500] "GET / HTTP/1.1" 200 4720
216.245.221.92 - - [26/Mar/2023:03:54:55 -0500] "HEAD / HTTP/1.1" 200 -
172.22.2.4 - - [26/Mar/2023:03:54:07 -0500] "GET /BLA/boletinlegal/ HTTP/1.1" 200 36811
192.168.175.240 - - [26/Mar/2023:03:55:18 -0500] "GET / HTTP/1.1" 200 4720
192.168.175.240 - - [26/Mar/2023:03:56:18 -0500] "GET / HTTP/1.1" 200 4720
192.168.175.240 - - [26/Mar/2023:03:57:18 -0500] "GET / HTTP/1.1" 200 4720
172.22.2.4 - - [26/Mar/2023:03:55:44 -0500] "HEAD /BLA/boletinlegal/ HTTP/1.1" 200 -
172.22.2.4 - - [26/Mar/2023:03:56:34 -0500] "GET /BLA/boletinlegal/ HTTP/1.1" 200 57935
201.245.192.253 - - [26/Mar/2023:03:58:14 -0500] "POST /kwsrmcab/Wsrmcab  HTTP/1.1" 200 41914
157.55.39.216 - - [26/Mar/2023:03:58:18 -0500] "GET /distrito-declara-alerta-preventiva-en-el-suroccidente-de-la-ciudad-por-mala-calidad-del-aire.html HTTP/1.1" 200 1065
192.168.175.240 - - [26/Mar/2023:03:58:18 -0500] "GET / HTTP/1.1" 200 4720
192.168.175.240 - - [26/Mar/2023:03:59:18 -0500] "GET / HTTP/1.1" 200 4720
157.55.39.218 - - [26/Mar/2023:03:59:55 -0500] "GET /dia-mundial-del-agua-2023-programate-para-participar-en-estas-actividades-de-educacion-ambiental.html HTTP/1.1" 200 903
216.245.221.92 - - [26/Mar/2023:03:59:55 -0500] "HEAD / HTTP/1.1" 200 -
192.168.175.240 - - [26/Mar/2023:04:00:18 -0500] "GET / HTTP/1.1" 200 4720
192.168.175.240 - - [26/Mar/2023:04:01:18 -0500] "GET / HTTP/1.1" 200 4720
192.168.175.240 - - [26/Mar/2023:04:02:18 -0500] "GET / HTTP/1.1" 200 4720
172.22.2.4 - - [26/Mar/2023:04:01:34 -0500] "HEAD /BLA/boletinlegal/ HTTP/1.1" 200 -
201.245.192.253 - - [26/Mar/2023:04:03:13 -0500] "POST /kwsrmcab/Wsrmcab  HTTP/1.1" 200 41914
192.168.175.240 - - [26/Mar/2023:04:03:18 -0500] "GET / HTTP/1.1" 200 4720
172.22.2.4 - - [26/Mar/2023:04:02:24 -0500] "GET /BLA/boletinlegal/ HTTP/1.1" 200 57141
192.168.175.240 - - [26/Mar/2023:04:04:18 -0500] "GET / HTTP/1.1" 200 4720
66.249.66.64 - - [26/Mar/2023:04:04:45 -0500] "-" 408 -
216.245.221.92 - - [26/Mar/2023:04:04:55 -0500] "HEAD / HTTP/1.1" 200 -
192.168.175.240 - - [26/Mar/2023:04:05:18 -0500] "GET / HTTP/1.1" 200 4720
192.168.175.240 - - [26/Mar/2023:04:06:18 -0500] "GET / HTTP/1.1" 200 4720
66.249.79.113 - - [26/Mar/2023:04:06:32 -0500] "-" 408 -
192.168.175.240 - - [26/Mar/2023:04:07:18 -0500] "GET / HTTP/1.1" 200 4720
201.245.192.253 - - [26/Mar/2023:04:08:11 -0500] "POST /kwsrmcab/Wsrmcab  HTTP/1.1" 200 41914
192.168.175.240 - - [26/Mar/2023:04:08:18 -0500] "GET / HTTP/1.1" 200 4720
172.22.2.4 - - [26/Mar/2023:04:07:24 -0500] "HEAD /BLA/boletinlegal/ HTTP/1.1" 200 -
192.168.175.240 - - [26/Mar/2023:04:09:18 -0500] "GET / HTTP/1.1" 200 4720
172.22.2.4 - - [26/Mar/2023:04:08:15 -0500] "GET /BLA/boletinlegal/ HTTP/1.1" 200 54414
216.245.221.92 - - [26/Mar/2023:04:09:55 -0500] "HEAD / HTTP/1.1" 200 -
192.168.175.240 - - [26/Mar/2023:04:10:18 -0500] "GET / HTTP/1.1" 200 4720
192.168.175.240 - - [26/Mar/2023:04:11:18 -0500] "GET / HTTP/1.1" 200 4720
192.168.175.240 - - [26/Mar/2023:04:12:18 -0500] "GET / HTTP/1.1" 200 4720
201.245.192.253 - - [26/Mar/2023:04:13:10 -0500] "POST /kwsrmcab/Wsrmcab  HTTP/1.1" 200 41914
192.168.175.240 - - [26/Mar/2023:04:13:18 -0500] "GET / HTTP/1.1" 200 4720
192.168.175.240 - - [26/Mar/2023:04:14:18 -0500] "GET / HTTP/1.1" 200 4720
172.22.2.4 - - [26/Mar/2023:04:13:14 -0500] "HEAD /BLA/boletinlegal/ HTTP/1.1" 200 -
216.245.221.92 - - [26/Mar/2023:04:14:55 -0500] "HEAD / HTTP/1.1" 200 -
52.167.144.113 - - [26/Mar/2023:04:15:13 -0500] "GET /BLA/resoluciones/RESOLUCIONES%202021/5222.pdf HTTP/1.1" 200 353931
192.168.175.240 - - [26/Mar/2023:04:15:18 -0500] "GET / HTTP/1.1" 200 4720
172.22.2.4 - - [26/Mar/2023:04:14:04 -0500] "GET /BLA/boletinlegal/ HTTP/1.1" 200 57141
179.43.177.242 - - [26/Mar/2023:04:15:49 -0500] "GET / HTTP/1.1" 200 319
192.168.175.240 - - [26/Mar/2023:04:16:18 -0500] "GET / HTTP/1.1" 200 4720
192.168.175.240 - - [26/Mar/2023:04:17:18 -0500] "GET / HTTP/1.1" 200 4720
201.245.192.253 - - [26/Mar/2023:04:18:09 -0500] "POST /kwsrmcab/Wsrmcab  HTTP/1.1" 200 41914
192.168.175.240 - - [26/Mar/2023:04:18:18 -0500] "GET / HTTP/1.1" 200 4720
192.168.175.240 - - [26/Mar/2023:04:19:18 -0500] "GET / HTTP/1.1" 200 4720
52.151.201.131 - - [26/Mar/2023:04:19:27 -0500] "GET /images/Foto%20Di%C3%8C%C2%81a%20Mundial%20del%20Agua%20(1)%20(1).jpeg HTTP/1.1" 200 41770
198.74.59.35 - - [26/Mar/2023:04:19:49 -0500] "GET /galeria/galeria/jquery.fancybox.css?v=2.1.5 HTTP/1.1" 200 4895
198.74.59.35 - - [26/Mar/2023:04:19:49 -0500] "GET /BLA/boletinlegal/js/jquery.scrollShow.js HTTP/1.1" 200 4586
198.74.59.35 - - [26/Mar/2023:04:19:49 -0500] "GET /galeria/galeria/jquery.fancybox.js?v=2.1.5 HTTP/1.1" 200 48706
216.245.221.92 - - [26/Mar/2023:04:19:55 -0500] "HEAD / HTTP/1.1" 200 -
201.245.192.253 - - [26/Mar/2023:04:20:05 -0500] "POST /kwsrmcab/Wsrmcab HTTP/1.1" 200 43326
201.245.192.253 - - [26/Mar/2023:04:20:08 -0500] "POST /kwsrmcab/Wsrmcab HTTP/1.1" 200 43012
192.168.175.240 - - [26/Mar/2023:04:20:18 -0500] "GET / HTTP/1.1" 200 4720
172.22.2.4 - - [26/Mar/2023:04:19:04 -0500] "HEAD /BLA/boletinlegal/ HTTP/1.1" 200 -
192.168.175.240 - - [26/Mar/2023:04:21:18 -0500] "GET / HTTP/1.1" 200 4720
172.22.2.4 - - [26/Mar/2023:04:21:33 -0500] "GET /BLA/boletinlegal/actos.php HTTP/1.1" 200 9672
172.22.2.4 - - [26/Mar/2023:04:19:54 -0500] "GET /BLA/boletinlegal/ HTTP/1.1" 200 57141
192.168.175.240 - - [26/Mar/2023:04:22:18 -0500] "GET / HTTP/1.1" 200 4720
34.147.6.178 - - [26/Mar/2023:04:22:41 -0500] "GET /inventario-de-emisiones-2020-transporte-publico-sitp-redujo-emisiones-de-pm-2-5-en-un-37.html HTTP/1.1" 200 925
52.167.144.71 - - [26/Mar/2023:04:22:57 -0500] "GET /BLA/resoluciones/AUTOS%202021/5014.pdf HTTP/1.1" 304 -
172.22.2.4 - - [26/Mar/2023:04:23:02 -0500] "GET /BLA/boletinlegal/actuator/gateway/routes HTTP/1.1" 404 1018
201.245.192.253 - - [26/Mar/2023:04:23:08 -0500] "POST /kwsrmcab/Wsrmcab  HTTP/1.1" 200 41914
52.167.144.71 - - [26/Mar/2023:04:23:16 -0500] "GET /BLA/resoluciones/RESOLUCIONES%202021/5612.pdf HTTP/1.1" 200 417958
192.168.175.240 - - [26/Mar/2023:04:23:18 -0500] "GET / HTTP/1.1" 200 4720
192.168.175.240 - - [26/Mar/2023:04:24:18 -0500] "GET / HTTP/1.1" 200 4720
34.90.4.102 - - [26/Mar/2023:04:24:32 -0500] "GET /inventario-de-emisiones-2020-transporte-publico-sitp-redujo-emisiones-de-pm-2-5-en-un-37.html HTTP/1.1" 200 925
216.245.221.92 - - [26/Mar/2023:04:24:55 -0500] "HEAD / HTTP/1.1" 200 -
34.147.6.178 - - [26/Mar/2023:04:25:17 -0500] "GET /inventario-de-emisiones-2020-transporte-publico-sitp-redujo-emisiones-de-pm-2-5-en-un-37.html HTTP/1.1" 200 925
192.168.175.240 - - [26/Mar/2023:04:25:18 -0500] "GET / HTTP/1.1" 200 4720
40.77.167.211 - - [26/Mar/2023:04:25:41 -0500] "GET /bla/resoluciones/autos%202021/2048.pdf HTTP/1.1" 200 362011
34.147.6.178 - - [26/Mar/2023:04:25:42 -0500] "GET /inventario-de-emisiones-2020-transporte-publico-sitp-redujo-emisiones-de-pm-2-5-en-un-37.html HTTP/1.1" 200 925
205.185.122.184 - - [26/Mar/2023:04:25:57 -0500] "GET /portaldeninos/ HTTP/1.1" 200 110197
205.185.116.89 - - [26/Mar/2023:04:26:02 -0500] "GET /portaldeninos/ HTTP/1.1" 200 110197
209.141.55.120 - - [26/Mar/2023:04:26:04 -0500] "GET /portaldeninos/wp-includes/js/jquery/jquery-migrate.min.js?ver=1.4.1 HTTP/1.1" 200 10056
209.141.49.169 - - [26/Mar/2023:04:26:04 -0500] "GET /portaldeninos/wp-includes/js/jquery/ui/core.min.js?ver=1.11.4 HTTP/1.1" 200 4000
209.141.34.187 - - [26/Mar/2023:04:26:04 -0500] "GET /portaldeninos/wp-content/plugins/gallery-videos/JS/modernizr.custom.js?ver=4.9.8 HTTP/1.1" 200 9019
205.185.116.25 - - [26/Mar/2023:04:26:04 -0500] "GET /portaldeninos/wp-content/plugins/google-analytics-for-wordpress/assets/js/frontend-gtag.min.js?ver=8.5.0 HTTP/1.1" 200 11801
209.141.33.65 - - [26/Mar/2023:04:26:04 -0500] "GET /portaldeninos/wp-content/plugins/gallery-videos/JS/Total-Soft-Gallery-Video-Widget.js?ver=4.9.8 HTTP/1.1" 200 80264
205.185.116.89 - - [26/Mar/2023:04:26:04 -0500] "GET /portaldeninos/wp-includes/js/jquery/jquery.js?ver=1.12.4 HTTP/1.1" 200 97184
209.141.49.169 - - [26/Mar/2023:04:26:06 -0500] "GET /portaldeninos/wp-includes/js/jquery/ui/widget.min.js?ver=1.11.4 HTTP/1.1" 200 6908
205.185.122.184 - - [26/Mar/2023:04:26:06 -0500] "GET /portaldeninos/wp-includes/js/jquery/ui/mouse.min.js?ver=1.11.4 HTTP/1.1" 200 3148
209.141.36.231 - - [26/Mar/2023:04:26:06 -0500] "GET /portaldeninos/wp-includes/js/jquery/ui/accordion.min.js?ver=1.11.4 HTTP/1.1" 200 8584
209.141.51.222 - - [26/Mar/2023:04:26:06 -0500] "GET /portaldeninos/wp-content/themes/betheme/js/menu.js?ver=20.9.6 HTTP/1.1" 200 2449
209.141.36.112 - - [26/Mar/2023:04:26:06 -0500] "GET /portaldeninos/wp-includes/js/wp-embed.min.js?ver=4.9.8 HTTP/1.1" 200 1398
209.141.34.187 - - [26/Mar/2023:04:26:06 -0500] "GET /portaldeninos/wp-includes/js/jquery/ui/position.min.js?ver=1.11.4 HTTP/1.1" 200 6527
209.141.35.128 - - [26/Mar/2023:04:26:06 -0500] "GET /portaldeninos/wp-includes/js/jquery/ui/tabs.min.js?ver=1.11.4 HTTP/1.1" 200 12110
205.185.116.89 - - [26/Mar/2023:04:26:06 -0500] "GET /portaldeninos/wp-content/themes/betheme/assets/animations/animations.min.js?ver=20.9.6 HTTP/1.1" 200 1896
209.141.33.65 - - [26/Mar/2023:04:26:06 -0500] "GET /portaldeninos/wp-includes/js/wp-emoji-release.min.js?ver=4.9.8 HTTP/1.1" 200 12026
209.141.55.120 - - [26/Mar/2023:04:26:06 -0500] "GET /portaldeninos/wp-content/themes/betheme/js/scripts.js?ver=20.9.6 HTTP/1.1" 200 77162
209.141.49.169 - - [26/Mar/2023:04:26:06 -0500] "GET /portaldeninos/wp-content/plugins/popup-maker/assets/js/site.min.js?defer&ver=1.8.14 HTTP/1.1" 200 48457
205.185.121.69 - - [26/Mar/2023:04:26:06 -0500] "GET /portaldeninos/wp-includes/js/jquery/ui/sortable.min.js?ver=1.11.4 HTTP/1.1" 200 24899
205.185.116.25 - - [26/Mar/2023:04:26:06 -0500] "GET /portaldeninos/wp-content/themes/betheme/assets/jplayer/jplayer.min.js?ver=20.9.6 HTTP/1.1" 200 52702
209.141.41.193 - - [26/Mar/2023:04:26:06 -0500] "GET /portaldeninos/wp-content/themes/betheme/js/plugins.js?ver=20.9.6 HTTP/1.1" 200 197151
192.168.175.240 - - [26/Mar/2023:04:26:18 -0500] "GET / HTTP/1.1" 200 4720
172.22.2.4 - - [26/Mar/2023:04:24:54 -0500] "HEAD /BLA/boletinlegal/ HTTP/1.1" 200 -
192.168.175.240 - - [26/Mar/2023:04:27:18 -0500] "GET / HTTP/1.1" 200 4720
209.141.55.120 - - [26/Mar/2023:04:27:21 -0500] "GET /galeria/galeria/jquery.fancybox.js?v=2.1.5 HTTP/1.1" 200 48706
205.185.116.89 - - [26/Mar/2023:04:27:21 -0500] "GET /BLA/boletinlegal/js/jquery.scrollShow.js HTTP/1.1" 200 4586
209.141.36.231 - - [26/Mar/2023:04:27:22 -0500] "GET /galeria/carrusel/Carrusel/jquery-ui-1.8.13.custom.min.js HTTP/1.1" 200 10800
209.141.35.128 - - [26/Mar/2023:04:27:24 -0500] "GET /galeria/carrusel/Carrusel/jquery.thumbnailScroller.js HTTP/1.1" 200 8157
209.141.36.112 - - [26/Mar/2023:04:27:24 -0500] "GET /galeria/nivo-slider/demo/banner.html HTTP/1.1" 200 5446
172.22.2.4 - - [26/Mar/2023:04:25:44 -0500] "GET /BLA/boletinlegal/ HTTP/1.1" 200 58653
205.185.121.69 - - [26/Mar/2023:04:27:25 -0500] "GET /galeria/nivo-slider/demo/scripts/jquery-1.7.1.min.js HTTP/1.1" 200 93868
209.141.34.187 - - [26/Mar/2023:04:27:25 -0500] "GET /galeria/nivo-slider/jquery.nivo.slider.pack.js HTTP/1.1" 200 11561
201.245.192.253 - - [26/Mar/2023:04:28:06 -0500] "POST /kwsrmcab/Wsrmcab  HTTP/1.1" 200 41914
192.168.175.240 - - [26/Mar/2023:04:28:18 -0500] "GET / HTTP/1.1" 200 4720
66.249.66.66 - - [26/Mar/2023:04:28:19 -0500] "-" 408 -
192.168.175.240 - - [26/Mar/2023:04:29:18 -0500] "GET / HTTP/1.1" 200 4720
157.55.39.217 - - [26/Mar/2023:04:29:37 -0500] "GET /BLA/resoluciones/AUTOS%202021/5166.pdf HTTP/1.1" 304 -
216.245.221.92 - - [26/Mar/2023:04:29:55 -0500] "HEAD / HTTP/1.1" 200 -
201.245.192.253 - - [26/Mar/2023:04:30:06 -0500] "POST /kwsrmcab/Wsrmcab HTTP/1.1" 200 43326
201.245.192.253 - - [26/Mar/2023:04:30:09 -0500] "POST /kwsrmcab/Wsrmcab HTTP/1.1" 200 43012
192.168.175.240 - - [26/Mar/2023:04:30:18 -0500] "GET / HTTP/1.1" 200 4720
35.204.251.204 - - [26/Mar/2023:04:30:19 -0500] "GET /inventario-de-emisiones-2020-transporte-publico-sitp-redujo-emisiones-de-pm-2-5-en-un-37.html HTTP/1.1" 200 925
192.168.175.240 - - [26/Mar/2023:04:31:18 -0500] "GET / HTTP/1.1" 200 4720
192.168.175.240 - - [26/Mar/2023:04:32:18 -0500] "GET / HTTP/1.1" 200 4720
172.22.2.4 - - [26/Mar/2023:04:30:44 -0500] "HEAD /BLA/boletinlegal/ HTTP/1.1" 200 -
201.245.192.253 - - [26/Mar/2023:04:33:04 -0500] "POST /kwsrmcab/Wsrmcab  HTTP/1.1" 200 41914
172.22.2.4 - - [26/Mar/2023:04:31:34 -0500] "GET /BLA/boletinlegal/ HTTP/1.1" 200 53551
173.252.107.5 - - [26/Mar/2023:04:33:15 -0500] "GET /inscribete-y-participa-en-las-caminatas-ecologicas-de-marzo.html HTTP/1.1" 206 924
192.168.175.240 - - [26/Mar/2023:04:33:18 -0500] "GET / HTTP/1.1" 200 4720
52.167.144.113 - - [26/Mar/2023:04:33:24 -0500] "GET /Publicaciones/2022EE86502.pdf HTTP/1.1" 404 227
192.168.175.240 - - [26/Mar/2023:04:34:18 -0500] "GET / HTTP/1.1" 200 4720
216.245.221.92 - - [26/Mar/2023:04:34:55 -0500] "HEAD / HTTP/1.1" 200 -
192.168.175.240 - - [26/Mar/2023:04:35:18 -0500] "GET / HTTP/1.1" 200 4720
192.168.175.240 - - [26/Mar/2023:04:36:18 -0500] "GET / HTTP/1.1" 200 4720
66.249.79.113 - - [26/Mar/2023:04:36:30 -0500] "-" 408 -
192.168.175.240 - - [26/Mar/2023:04:37:18 -0500] "GET / HTTP/1.1" 200 4720
201.245.192.253 - - [26/Mar/2023:04:38:03 -0500] "POST /kwsrmcab/Wsrmcab  HTTP/1.1" 200 41914
172.22.2.4 - - [26/Mar/2023:04:36:34 -0500] "HEAD /BLA/boletinlegal/ HTTP/1.1" 200 -
192.168.175.240 - - [26/Mar/2023:04:38:18 -0500] "GET / HTTP/1.1" 200 4720
172.22.2.4 - - [26/Mar/2023:04:37:24 -0500] "GET /BLA/boletinlegal/ HTTP/1.1" 200 55924
192.168.175.240 - - [26/Mar/2023:04:39:18 -0500] "GET / HTTP/1.1" 200 4720
216.245.221.92 - - [26/Mar/2023:04:39:55 -0500] "HEAD / HTTP/1.1" 200 -
201.245.192.253 - - [26/Mar/2023:04:40:05 -0500] "POST /kwsrmcab/Wsrmcab HTTP/1.1" 200 43326
201.245.192.253 - - [26/Mar/2023:04:40:08 -0500] "POST /kwsrmcab/Wsrmcab HTTP/1.1" 200 43012
192.168.175.240 - - [26/Mar/2023:04:40:18 -0500] "GET / HTTP/1.1" 200 4720
192.168.175.240 - - [26/Mar/2023:04:41:18 -0500] "GET / HTTP/1.1" 200 4720
192.168.175.240 - - [26/Mar/2023:04:42:18 -0500] "GET / HTTP/1.1" 200 4720
168.119.52.80 - - [26/Mar/2023:04:42:31 -0500] "GET / HTTP/1.1" 200 319
168.119.52.80 - - [26/Mar/2023:04:42:34 -0500] "GET / HTTP/1.1" 200 4720
201.245.192.253 - - [26/Mar/2023:04:43:03 -0500] "POST /kwsrmcab/Wsrmcab  HTTP/1.1" 200 41914
192.168.175.240 - - [26/Mar/2023:04:43:18 -0500] "GET / HTTP/1.1" 200 4720
172.22.2.4 - - [26/Mar/2023:04:42:24 -0500] "HEAD /BLA/boletinlegal/ HTTP/1.1" 200 -
192.168.175.240 - - [26/Mar/2023:04:44:18 -0500] "GET / HTTP/1.1" 200 4720
172.22.2.4 - - [26/Mar/2023:04:43:14 -0500] "GET /BLA/boletinlegal/ HTTP/1.1" 200 59296
216.245.221.92 - - [26/Mar/2023:04:44:55 -0500] "HEAD / HTTP/1.1" 200 -
52.167.144.43 - - [26/Mar/2023:04:45:14 -0500] "GET / HTTP/1.1" 200 4720
192.168.175.240 - - [26/Mar/2023:04:45:18 -0500] "GET / HTTP/1.1" 200 4720
192.168.175.240 - - [26/Mar/2023:04:46:18 -0500] "GET / HTTP/1.1" 200 4720
192.168.175.240 - - [26/Mar/2023:04:47:18 -0500] "GET / HTTP/1.1" 200 4720
201.245.192.253 - - [26/Mar/2023:04:48:02 -0500] "POST /kwsrmcab/Wsrmcab  HTTP/1.1" 200 41914
192.168.175.240 - - [26/Mar/2023:04:48:18 -0500] "GET / HTTP/1.1" 200 4720
192.168.175.240 - - [26/Mar/2023:04:49:18 -0500] "GET / HTTP/1.1" 200 4720
52.167.144.167 - - [26/Mar/2023:04:49:36 -0500] "GET /BLA/resoluciones/AUTOS%202022/6518.pdf HTTP/1.1" 200 424064
52.167.144.167 - - [26/Mar/2023:04:49:39 -0500] "GET / HTTP/1.1" 200 319
172.22.2.4 - - [26/Mar/2023:04:48:14 -0500] "HEAD /BLA/boletinlegal/ HTTP/1.1" 200 -
216.245.221.92 - - [26/Mar/2023:04:49:55 -0500] "HEAD / HTTP/1.1" 200 -
52.167.144.71 - - [26/Mar/2023:04:50:00 -0500] "GET /sipse/faces/autenticacion.xhtml HTTP/1.1" 200 12501
157.55.39.217 - - [26/Mar/2023:04:50:06 -0500] "GET /BLA/resoluciones/RESOLUCIONES%202021/5105.pdf HTTP/1.1" 200 355993
192.168.175.240 - - [26/Mar/2023:04:50:18 -0500] "GET / HTTP/1.1" 200 4720
172.22.2.4 - - [26/Mar/2023:04:49:04 -0500] "GET /BLA/boletinlegal/ HTTP/1.1" 200 57551
192.168.175.240 - - [26/Mar/2023:04:51:18 -0500] "GET / HTTP/1.1" 200 4720
192.168.175.240 - - [26/Mar/2023:04:52:18 -0500] "GET / HTTP/1.1" 200 4720
201.245.192.253 - - [26/Mar/2023:04:53:00 -0500] "POST /kwsrmcab/Wsrmcab  HTTP/1.1" 200 41914
192.168.175.240 - - [26/Mar/2023:04:53:18 -0500] "GET / HTTP/1.1" 200 4720
192.168.175.240 - - [26/Mar/2023:04:54:18 -0500] "GET / HTTP/1.1" 200 4720
66.249.66.12 - - [26/Mar/2023:04:54:27 -0500] "-" 408 -
216.245.221.92 - - [26/Mar/2023:04:54:55 -0500] "HEAD / HTTP/1.1" 200 -
192.168.175.240 - - [26/Mar/2023:04:55:18 -0500] "GET / HTTP/1.1" 200 4720
172.22.2.4 - - [26/Mar/2023:04:54:04 -0500] "HEAD /BLA/boletinlegal/ HTTP/1.1" 200 -
172.22.2.4 - - [26/Mar/2023:04:55:59 -0500] "GET /BLA/boletinlegal/robots.txt HTTP/1.1" 404 1038
172.22.2.4 - - [26/Mar/2023:04:56:00 -0500] "GET /BLA/boletinlegal/Directivas/2016/Directiva%20No.%2001%20del%2012%20de%20Abril%20de%202016.pdf HTTP/1.1" 200 868354
192.168.175.240 - - [26/Mar/2023:04:56:18 -0500] "GET / HTTP/1.1" 200 4720
172.22.2.4 - - [26/Mar/2023:04:54:54 -0500] "GET /BLA/boletinlegal/ HTTP/1.1" 200 55924
168.119.100.88 - - [26/Mar/2023:04:56:40 -0500] "GET / HTTP/1.1" 200 319
168.119.100.88 - - [26/Mar/2023:04:56:42 -0500] "GET / HTTP/1.1" 200 4720
45.145.248.50 - - [26/Mar/2023:04:56:46 -0500] "POST /user/register?element_parents=account/mail/%23value&ajax_form=1&_wrapper_format=drupal_ajax HTTP/1.1" 404 1018
173.252.107.14 - - [26/Mar/2023:04:57:05 -0500] "GET /secretaria-de-ambiente-abre-ciclo-de-capacitaciones-sobre-techos-verdes-y-jardines-verticales.html HTTP/1.1" 206 1078
192.168.175.240 - - [26/Mar/2023:04:57:18 -0500] "GET / HTTP/1.1" 200 4720
201.245.192.253 - - [26/Mar/2023:04:57:59 -0500] "POST /kwsrmcab/Wsrmcab  HTTP/1.1" 200 41914
192.168.175.240 - - [26/Mar/2023:04:58:18 -0500] "GET / HTTP/1.1" 200 4720
192.168.175.240 - - [26/Mar/2023:04:59:18 -0500] "GET / HTTP/1.1" 200 4720
199.16.157.183 - - [26/Mar/2023:04:59:51 -0500] "GET /images/Secretarias%20Fondo%20carga%206%20de%20febrero.jpeg HTTP/1.1" 200 55460
216.245.221.92 - - [26/Mar/2023:04:59:55 -0500] "HEAD / HTTP/1.1" 200 -
66.249.79.115 - - [26/Mar/2023:04:59:59 -0500] "-" 408 -
192.168.175.240 - - [26/Mar/2023:05:00:18 -0500] "GET / HTTP/1.1" 200 4720
192.168.175.240 - - [26/Mar/2023:05:01:18 -0500] "GET / HTTP/1.1" 200 4720
172.22.2.4 - - [26/Mar/2023:04:59:54 -0500] "HEAD /BLA/boletinlegal/ HTTP/1.1" 200 -
192.168.175.240 - - [26/Mar/2023:05:02:18 -0500] "GET / HTTP/1.1" 200 4720
66.249.66.10 - - [26/Mar/2023:05:02:19 -0500] "-" 408 -
172.22.2.4 - - [26/Mar/2023:05:00:44 -0500] "GET /BLA/boletinlegal/ HTTP/1.1" 200 57935
201.245.192.253 - - [26/Mar/2023:05:03:04 -0500] "POST /kwsrmcab/Wsrmcab  HTTP/1.1" 200 41914
192.168.175.240 - - [26/Mar/2023:05:03:18 -0500] "GET / HTTP/1.1" 200 4720
192.168.175.240 - - [26/Mar/2023:05:04:18 -0500] "GET / HTTP/1.1" 200 4720
157.55.39.217 - - [26/Mar/2023:05:04:49 -0500] "GET /appsia/controlador HTTP/1.1" 200 4799
216.245.221.92 - - [26/Mar/2023:05:04:55 -0500] "HEAD / HTTP/1.1" 200 -
52.167.144.113 - - [26/Mar/2023:05:05:14 -0500] "GET /BLA/resoluciones/AUTOS%202019/2023.pdf HTTP/1.1" 200 298362
192.168.175.240 - - [26/Mar/2023:05:05:18 -0500] "GET / HTTP/1.1" 200 4720
192.168.175.240 - - [26/Mar/2023:05:06:18 -0500] "GET / HTTP/1.1" 200 4720
66.249.79.111 - - [26/Mar/2023:05:06:30 -0500] "-" 408 -
192.168.175.240 - - [26/Mar/2023:05:07:18 -0500] "GET / HTTP/1.1" 200 4720
172.22.2.4 - - [26/Mar/2023:05:05:44 -0500] "HEAD /BLA/boletinlegal/ HTTP/1.1" 200 -
66.249.66.36 - - [26/Mar/2023:05:07:32 -0500] "-" 408 -
201.245.192.253 - - [26/Mar/2023:05:08:03 -0500] "POST /kwsrmcab/Wsrmcab  HTTP/1.1" 200 41914
172.22.2.4 - - [26/Mar/2023:05:06:34 -0500] "GET /BLA/boletinlegal/ HTTP/1.1" 200 56277
192.168.175.240 - - [26/Mar/2023:05:08:18 -0500] "GET / HTTP/1.1" 200 4720
192.168.175.240 - - [26/Mar/2023:05:09:18 -0500] "GET / HTTP/1.1" 200 4720
216.245.221.92 - - [26/Mar/2023:05:09:55 -0500] "HEAD / HTTP/1.1" 200 -
192.168.175.240 - - [26/Mar/2023:05:10:18 -0500] "GET / HTTP/1.1" 200 4720
69.63.184.5 - - [26/Mar/2023:05:11:14 -0500] "GET /images/semana-bosques-1_optimized.1.jpg HTTP/1.1" 200 102892
192.168.175.240 - - [26/Mar/2023:05:11:18 -0500] "GET / HTTP/1.1" 200 4720
66.249.66.10 - - [26/Mar/2023:05:12:07 -0500] "-" 408 -
192.168.175.240 - - [26/Mar/2023:05:12:18 -0500] "GET / HTTP/1.1" 200 4720
66.249.79.111 - - [26/Mar/2023:05:12:23 -0500] "-" 408 -
201.245.192.253 - - [26/Mar/2023:05:13:01 -0500] "POST /kwsrmcab/Wsrmcab  HTTP/1.1" 200 41914
172.22.2.4 - - [26/Mar/2023:05:11:34 -0500] "HEAD /BLA/boletinlegal/ HTTP/1.1" 200 -
192.168.175.240 - - [26/Mar/2023:05:13:18 -0500] "GET / HTTP/1.1" 200 4720
172.22.2.4 - - [26/Mar/2023:05:12:24 -0500] "GET /BLA/boletinlegal/ HTTP/1.1" 200 57141
192.168.175.240 - - [26/Mar/2023:05:14:18 -0500] "GET / HTTP/1.1" 200 4720
216.245.221.92 - - [26/Mar/2023:05:14:55 -0500] "HEAD / HTTP/1.1" 200 -
192.168.175.240 - - [26/Mar/2023:05:15:18 -0500] "GET / HTTP/1.1" 200 4720
110.76.31.169 - - [26/Mar/2023:05:16:02 -0500] "GET /galeria/galeria/fotos/Humedal-la-conejera4P.jpg HTTP/1.1" 200 33365
192.168.175.240 - - [26/Mar/2023:05:16:18 -0500] "GET / HTTP/1.1" 200 4720
192.168.175.240 - - [26/Mar/2023:05:17:18 -0500] "GET / HTTP/1.1" 200 4720
201.245.192.253 - - [26/Mar/2023:05:17:59 -0500] "POST /kwsrmcab/Wsrmcab  HTTP/1.1" 200 41914
192.168.175.240 - - [26/Mar/2023:05:18:18 -0500] "GET / HTTP/1.1" 200 4720
66.249.79.111 - - [26/Mar/2023:05:18:38 -0500] "-" 408 -
172.22.2.4 - - [26/Mar/2023:05:17:24 -0500] "HEAD /BLA/boletinlegal/ HTTP/1.1" 200 -
192.168.175.240 - - [26/Mar/2023:05:19:18 -0500] "GET / HTTP/1.1" 200 4720
40.77.167.211 - - [26/Mar/2023:05:19:27 -0500] "GET /BLA/resoluciones/AUTOS%202021/1309.pdf HTTP/1.1" 304 -
172.22.2.4 - - [26/Mar/2023:05:18:14 -0500] "GET /BLA/boletinlegal/ HTTP/1.1" 200 57141
216.245.221.92 - - [26/Mar/2023:05:19:55 -0500] "HEAD / HTTP/1.1" 200 -
201.245.192.253 - - [26/Mar/2023:05:20:05 -0500] "POST /kwsrmcab/Wsrmcab HTTP/1.1" 200 43168
201.245.192.253 - - [26/Mar/2023:05:20:08 -0500] "POST /kwsrmcab/Wsrmcab HTTP/1.1" 200 43013
192.168.175.240 - - [26/Mar/2023:05:20:18 -0500] "GET / HTTP/1.1" 200 4720
192.168.175.240 - - [26/Mar/2023:05:21:18 -0500] "GET / HTTP/1.1" 200 4720
192.168.175.240 - - [26/Mar/2023:05:22:18 -0500] "GET / HTTP/1.1" 200 4720
201.245.192.253 - - [26/Mar/2023:05:22:57 -0500] "POST /kwsrmcab/Wsrmcab  HTTP/1.1" 200 41914
66.249.66.64 - - [26/Mar/2023:05:23:18 -0500] "-" 408 -
192.168.175.240 - - [26/Mar/2023:05:23:18 -0500] "GET / HTTP/1.1" 200 4720
192.168.175.240 - - [26/Mar/2023:05:24:18 -0500] "GET / HTTP/1.1" 200 4720
66.249.79.111 - - [26/Mar/2023:05:24:31 -0500] "-" 408 -
172.22.2.4 - - [26/Mar/2023:05:23:14 -0500] "HEAD /BLA/boletinlegal/ HTTP/1.1" 200 -
216.245.221.92 - - [26/Mar/2023:05:24:55 -0500] "HEAD / HTTP/1.1" 200 -
192.168.175.240 - - [26/Mar/2023:05:25:18 -0500] "GET / HTTP/1.1" 200 4720
172.22.2.4 - - [26/Mar/2023:05:24:04 -0500] "GET /BLA/boletinlegal/ HTTP/1.1" 200 52316
192.168.175.240 - - [26/Mar/2023:05:26:18 -0500] "GET / HTTP/1.1" 200 4720
192.168.175.240 - - [26/Mar/2023:05:27:18 -0500] "GET / HTTP/1.1" 200 4720
201.245.192.253 - - [26/Mar/2023:05:27:56 -0500] "POST /kwsrmcab/Wsrmcab  HTTP/1.1" 200 41914
192.168.175.240 - - [26/Mar/2023:05:28:18 -0500] "GET / HTTP/1.1" 200 4720
198.199.104.156 - - [26/Mar/2023:05:28:34 -0500] "MGLNDD_190.27.245.106_80" 501 953
192.168.175.240 - - [26/Mar/2023:05:29:18 -0500] "GET / HTTP/1.1" 200 4720
216.245.221.92 - - [26/Mar/2023:05:29:55 -0500] "HEAD / HTTP/1.1" 200 -
185.119.81.107 - - [26/Mar/2023:05:29:59 -0500] "GET /portaldeninos/wp-login.php HTTP/1.1" 200 2592
185.119.81.107 - - [26/Mar/2023:05:30:00 -0500] "POST /portaldeninos/wp-login.php HTTP/1.1" 200 3605
201.245.192.253 - - [26/Mar/2023:05:30:06 -0500] "POST /kwsrmcab/Wsrmcab HTTP/1.1" 200 43168
201.245.192.253 - - [26/Mar/2023:05:30:09 -0500] "POST /kwsrmcab/Wsrmcab HTTP/1.1" 200 43013
192.168.175.240 - - [26/Mar/2023:05:30:18 -0500] "GET / HTTP/1.1" 200 4720
172.22.2.4 - - [26/Mar/2023:05:29:04 -0500] "HEAD /BLA/boletinlegal/ HTTP/1.1" 200 -
192.168.175.240 - - [26/Mar/2023:05:31:18 -0500] "GET / HTTP/1.1" 200 4720
52.167.144.71 - - [26/Mar/2023:05:31:27 -0500] "GET /BLA/resoluciones/AUTOS%202018/5043.pdf HTTP/1.1" 200 254801
172.22.2.4 - - [26/Mar/2023:05:29:54 -0500] "GET /BLA/boletinlegal/ HTTP/1.1" 200 59296
192.168.175.240 - - [26/Mar/2023:05:32:18 -0500] "GET / HTTP/1.1" 200 4720
201.245.192.253 - - [26/Mar/2023:05:32:55 -0500] "POST /kwsrmcab/Wsrmcab  HTTP/1.1" 200 41914
192.168.175.240 - - [26/Mar/2023:05:33:18 -0500] "GET / HTTP/1.1" 200 4720
192.168.175.240 - - [26/Mar/2023:05:34:18 -0500] "GET / HTTP/1.1" 200 4720
216.245.221.92 - - [26/Mar/2023:05:34:55 -0500] "HEAD / HTTP/1.1" 200 -
192.168.175.240 - - [26/Mar/2023:05:35:18 -0500] "GET / HTTP/1.1" 200 4720
192.168.175.240 - - [26/Mar/2023:05:36:18 -0500] "GET / HTTP/1.1" 200 4720
40.77.167.211 - - [26/Mar/2023:05:36:28 -0500] "GET /BLA/resoluciones/AUTOS%202021/2048.pdf HTTP/1.1" 304 -
172.22.2.4 - - [26/Mar/2023:05:34:54 -0500] "HEAD /BLA/boletinlegal/ HTTP/1.1" 200 -
172.22.2.4 - - [26/Mar/2023:05:37:18 -0500] "GET /BLA/boletinlegal/t4 HTTP/1.1" 404 1018
192.168.175.240 - - [26/Mar/2023:05:37:18 -0500] "GET / HTTP/1.1" 200 4720
172.22.2.4 - - [26/Mar/2023:05:35:44 -0500] "GET /BLA/boletinlegal/ HTTP/1.1" 200 53551
201.245.192.253 - - [26/Mar/2023:05:37:54 -0500] "POST /kwsrmcab/Wsrmcab  HTTP/1.1" 200 41914
192.168.175.240 - - [26/Mar/2023:05:38:18 -0500] "GET / HTTP/1.1" 200 4720
191.108.25.100 - - [26/Mar/2023:05:39:00 -0500] "GET /distrito-declara-alerta-preventiva-en-el-suroccidente-de-la-ciudad-por-mala-calidad-del-aire.html HTTP/1.1" 200 1065
192.168.175.240 - - [26/Mar/2023:05:39:18 -0500] "GET / HTTP/1.1" 200 4720
52.167.144.71 - - [26/Mar/2023:05:39:42 -0500] "GET /BLA/resoluciones/RESOLUCIONES%202021/5511.pdf HTTP/1.1" 200 348332
216.245.221.92 - - [26/Mar/2023:05:39:55 -0500] "HEAD / HTTP/1.1" 200 -
66.249.79.111 - - [26/Mar/2023:05:40:07 -0500] "-" 408 -
201.245.192.253 - - [26/Mar/2023:05:40:05 -0500] "POST /kwsrmcab/Wsrmcab HTTP/1.1" 200 43168
201.245.192.253 - - [26/Mar/2023:05:40:08 -0500] "POST /kwsrmcab/Wsrmcab HTTP/1.1" 200 43013
192.168.175.240 - - [26/Mar/2023:05:40:18 -0500] "GET / HTTP/1.1" 200 4720
45.145.248.50 - - [26/Mar/2023:05:40:19 -0500] "POST /user/register?element_parents=account/mail/%23value&ajax_form=1&_wrapper_format=drupal_ajax HTTP/1.1" 404 1018
192.168.175.240 - - [26/Mar/2023:05:41:18 -0500] "GET / HTTP/1.1" 200 4720
192.168.175.240 - - [26/Mar/2023:05:42:18 -0500] "GET / HTTP/1.1" 200 4720
172.22.2.4 - - [26/Mar/2023:05:40:44 -0500] "HEAD /BLA/boletinlegal/ HTTP/1.1" 200 -
201.245.192.253 - - [26/Mar/2023:05:42:53 -0500] "POST /kwsrmcab/Wsrmcab  HTTP/1.1" 200 41914
172.22.2.4 - - [26/Mar/2023:05:41:34 -0500] "GET /BLA/boletinlegal/ HTTP/1.1" 200 52720
192.168.175.240 - - [26/Mar/2023:05:43:18 -0500] "GET / HTTP/1.1" 200 4720
192.168.175.240 - - [26/Mar/2023:05:44:18 -0500] "GET / HTTP/1.1" 200 4720
216.245.221.92 - - [26/Mar/2023:05:44:55 -0500] "HEAD / HTTP/1.1" 200 -
192.168.175.240 - - [26/Mar/2023:05:45:18 -0500] "GET / HTTP/1.1" 200 4720
192.168.175.240 - - [26/Mar/2023:05:46:18 -0500] "GET / HTTP/1.1" 200 4720
40.77.167.211 - - [26/Mar/2023:05:46:59 -0500] "GET /BLA/resoluciones/AUTOS%202021/4480.pdf HTTP/1.1" 304 -
192.168.175.240 - - [26/Mar/2023:05:47:18 -0500] "GET / HTTP/1.1" 200 4720
201.245.192.253 - - [26/Mar/2023:05:47:52 -0500] "POST /kwsrmcab/Wsrmcab  HTTP/1.1" 200 41914
172.22.2.4 - - [26/Mar/2023:05:46:34 -0500] "HEAD /BLA/boletinlegal/ HTTP/1.1" 200 -
192.168.175.240 - - [26/Mar/2023:05:48:18 -0500] "GET / HTTP/1.1" 200 4720
207.46.13.209 - - [26/Mar/2023:05:48:26 -0500] "GET /BLA/resoluciones/AUTOS%202017/1116.pdf HTTP/1.1" 200 3317698
66.249.79.111 - - [26/Mar/2023:05:48:37 -0500] "-" 408 -
172.22.2.4 - - [26/Mar/2023:05:47:24 -0500] "GET /BLA/boletinlegal/ HTTP/1.1" 200 59296
192.168.175.240 - - [26/Mar/2023:05:49:18 -0500] "GET / HTTP/1.1" 200 4720
157.55.39.218 - - [26/Mar/2023:05:49:20 -0500] "GET /pagos-por-servicios-ambientales-hidricos-una-iniciativa-para-la-conservacion-de-este-recurso.html HTTP/1.1" 200 1006
216.245.221.92 - - [26/Mar/2023:05:49:55 -0500] "HEAD / HTTP/1.1" 200 -
192.168.175.240 - - [26/Mar/2023:05:50:18 -0500] "GET / HTTP/1.1" 200 4720
45.177.148.129 - - [26/Mar/2023:05:50:53 -0500] "GET / HTTP/1.1" 200 319
192.168.175.240 - - [26/Mar/2023:05:51:18 -0500] "GET / HTTP/1.1" 200 4720
192.168.175.240 - - [26/Mar/2023:05:52:18 -0500] "GET / HTTP/1.1" 200 4720
201.245.192.253 - - [26/Mar/2023:05:52:51 -0500] "POST /kwsrmcab/Wsrmcab  HTTP/1.1" 200 41914
192.168.175.240 - - [26/Mar/2023:05:53:18 -0500] "GET / HTTP/1.1" 200 4720
172.22.2.4 - - [26/Mar/2023:05:52:24 -0500] "HEAD /BLA/boletinlegal/ HTTP/1.1" 200 -
192.168.175.240 - - [26/Mar/2023:05:54:18 -0500] "GET / HTTP/1.1" 200 4720
172.22.2.4 - - [26/Mar/2023:05:53:14 -0500] "GET /BLA/boletinlegal/ HTTP/1.1" 200 57141
216.245.221.92 - - [26/Mar/2023:05:54:55 -0500] "HEAD / HTTP/1.1" 200 -
192.168.175.240 - - [26/Mar/2023:05:55:18 -0500] "GET / HTTP/1.1" 200 4720
192.168.175.240 - - [26/Mar/2023:05:56:18 -0500] "GET / HTTP/1.1" 200 4720
192.168.175.240 - - [26/Mar/2023:05:57:18 -0500] "GET / HTTP/1.1" 200 4720
201.245.192.253 - - [26/Mar/2023:05:57:50 -0500] "POST /kwsrmcab/Wsrmcab  HTTP/1.1" 200 41914
192.168.175.240 - - [26/Mar/2023:05:58:18 -0500] "GET / HTTP/1.1" 200 4720
192.168.175.240 - - [26/Mar/2023:05:59:18 -0500] "GET / HTTP/1.1" 200 4720
172.22.2.4 - - [26/Mar/2023:05:58:14 -0500] "HEAD /BLA/boletinlegal/ HTTP/1.1" 200 -
216.245.221.92 - - [26/Mar/2023:05:59:55 -0500] "HEAD / HTTP/1.1" 200 -
192.168.175.240 - - [26/Mar/2023:06:00:18 -0500] "GET / HTTP/1.1" 200 4720
172.22.2.4 - - [26/Mar/2023:05:59:04 -0500] "GET /BLA/boletinlegal/ HTTP/1.1" 200 54414
157.55.39.217 - - [26/Mar/2023:06:00:56 -0500] "GET /BLA/resoluciones/RESOLUCIONES%202021/3080.pdf HTTP/1.1" 200 360088
52.167.144.113 - - [26/Mar/2023:06:01:03 -0500] "GET /BLA/resoluciones/AUTOS%202021/4595.pdf HTTP/1.1" 304 -
192.168.175.240 - - [26/Mar/2023:06:01:18 -0500] "GET / HTTP/1.1" 200 4720
192.168.175.240 - - [26/Mar/2023:06:02:18 -0500] "GET / HTTP/1.1" 200 4720
201.245.192.253 - - [26/Mar/2023:06:02:49 -0500] "POST /kwsrmcab/Wsrmcab  HTTP/1.1" 200 41914
66.249.66.10 - - [26/Mar/2023:06:02:53 -0500] "-" 408 -
192.168.175.240 - - [26/Mar/2023:06:03:18 -0500] "GET / HTTP/1.1" 200 4720
192.168.175.240 - - [26/Mar/2023:06:04:18 -0500] "GET / HTTP/1.1" 200 4720
216.245.221.92 - - [26/Mar/2023:06:04:55 -0500] "HEAD / HTTP/1.1" 200 -
192.168.175.240 - - [26/Mar/2023:06:05:18 -0500] "GET / HTTP/1.1" 200 4720
172.22.2.4 - - [26/Mar/2023:06:04:04 -0500] "HEAD /BLA/boletinlegal/ HTTP/1.1" 200 -
192.168.175.240 - - [26/Mar/2023:06:06:18 -0500] "GET / HTTP/1.1" 200 4720
66.249.79.111 - - [26/Mar/2023:06:06:31 -0500] "-" 408 -
172.22.2.4 - - [26/Mar/2023:06:04:54 -0500] "GET /BLA/boletinlegal/ HTTP/1.1" 200 59296
192.168.175.240 - - [26/Mar/2023:06:07:18 -0500] "GET / HTTP/1.1" 200 4720
201.245.192.253 - - [26/Mar/2023:06:07:48 -0500] "POST /kwsrmcab/Wsrmcab  HTTP/1.1" 200 41914
192.168.175.240 - - [26/Mar/2023:06:08:18 -0500] "GET / HTTP/1.1" 200 4720
192.168.175.240 - - [26/Mar/2023:06:09:18 -0500] "GET / HTTP/1.1" 200 4720
216.245.221.92 - - [26/Mar/2023:06:09:55 -0500] "HEAD / HTTP/1.1" 200 -
192.168.175.240 - - [26/Mar/2023:06:10:18 -0500] "GET / HTTP/1.1" 200 4720
52.167.144.167 - - [26/Mar/2023:06:10:31 -0500] "GET /bla/resoluciones/index.php?dir=resoluciones+2003/res+2003+2101-2150 HTTP/1.1" 200 12160
52.167.144.167 - - [26/Mar/2023:06:10:31 -0500] "GET /stormWeb/ HTTP/1.1" 404 1018
192.168.175.240 - - [26/Mar/2023:06:11:18 -0500] "GET / HTTP/1.1" 200 4720
172.22.2.4 - - [26/Mar/2023:06:09:54 -0500] "HEAD /BLA/boletinlegal/ HTTP/1.1" 200 -
141.98.10.114 - - [26/Mar/2023:06:11:41 -0500] "GET /.env HTTP/1.1" 404 1018
141.98.10.114 - - [26/Mar/2023:06:11:42 -0500] "POST / HTTP/1.1" 200 319
192.168.175.240 - - [26/Mar/2023:06:12:18 -0500] "GET / HTTP/1.1" 200 4720
172.22.2.4 - - [26/Mar/2023:06:10:44 -0500] "GET /BLA/boletinlegal/ HTTP/1.1" 200 57551
201.245.192.253 - - [26/Mar/2023:06:12:47 -0500] "POST /kwsrmcab/Wsrmcab  HTTP/1.1" 200 41914
192.168.175.240 - - [26/Mar/2023:06:13:18 -0500] "GET / HTTP/1.1" 200 4720
181.59.2.152 - - [26/Mar/2023:06:13:53 -0500] "GET /inscribete-y-participa-en-las-caminatas-ecologicas-de-marzo.html HTTP/1.1" 200 924
192.168.175.240 - - [26/Mar/2023:06:14:18 -0500] "GET / HTTP/1.1" 200 4720
216.245.221.92 - - [26/Mar/2023:06:14:55 -0500] "HEAD / HTTP/1.1" 200 -
192.168.175.240 - - [26/Mar/2023:06:15:18 -0500] "GET / HTTP/1.1" 200 4720
52.167.144.71 - - [26/Mar/2023:06:15:26 -0500] "GET /BLA/resoluciones/RESOLUCIONES%202021/2903.pdf HTTP/1.1" 304 -
192.168.175.240 - - [26/Mar/2023:06:16:18 -0500] "GET / HTTP/1.1" 200 4720
66.249.79.111 - - [26/Mar/2023:06:17:03 -0500] "-" 408 -
192.168.175.240 - - [26/Mar/2023:06:17:18 -0500] "GET / HTTP/1.1" 200 4720
172.22.2.4 - - [26/Mar/2023:06:15:44 -0500] "HEAD /BLA/boletinlegal/ HTTP/1.1" 200 -
201.245.192.253 - - [26/Mar/2023:06:17:46 -0500] "POST /kwsrmcab/Wsrmcab  HTTP/1.1" 200 41914
172.22.2.4 - - [26/Mar/2023:06:16:34 -0500] "GET /BLA/boletinlegal/ HTTP/1.1" 200 57935
192.168.175.240 - - [26/Mar/2023:06:18:18 -0500] "GET / HTTP/1.1" 200 4720
185.119.81.107 - - [26/Mar/2023:06:19:10 -0500] "GET /portaldeninos/wp-login.php HTTP/1.1" 200 2592
185.119.81.107 - - [26/Mar/2023:06:19:11 -0500] "POST /portaldeninos/wp-login.php HTTP/1.1" 200 3650
192.168.175.240 - - [26/Mar/2023:06:19:18 -0500] "GET / HTTP/1.1" 200 4720
216.245.221.92 - - [26/Mar/2023:06:19:55 -0500] "HEAD / HTTP/1.1" 200 -
201.245.192.253 - - [26/Mar/2023:06:20:06 -0500] "POST /kwsrmcab/Wsrmcab HTTP/1.1" 200 43346
201.245.192.253 - - [26/Mar/2023:06:20:09 -0500] "POST /kwsrmcab/Wsrmcab HTTP/1.1" 200 43018
192.168.175.240 - - [26/Mar/2023:06:20:18 -0500] "GET / HTTP/1.1" 200 4720
192.168.175.240 - - [26/Mar/2023:06:21:18 -0500] "GET / HTTP/1.1" 200 4720
66.249.66.64 - - [26/Mar/2023:06:22:01 -0500] "-" 408 -
192.168.175.240 - - [26/Mar/2023:06:22:18 -0500] "GET / HTTP/1.1" 200 4720
201.245.192.253 - - [26/Mar/2023:06:22:45 -0500] "POST /kwsrmcab/Wsrmcab  HTTP/1.1" 200 41914
66.249.79.111 - - [26/Mar/2023:06:23:13 -0500] "-" 408 -
172.22.2.4 - - [26/Mar/2023:06:21:34 -0500] "HEAD /BLA/boletinlegal/ HTTP/1.1" 200 -
192.168.175.240 - - [26/Mar/2023:06:23:18 -0500] "GET / HTTP/1.1" 200 4720
172.22.2.4 - - [26/Mar/2023:06:22:24 -0500] "GET /BLA/boletinlegal/ HTTP/1.1" 200 57551
157.55.39.225 - - [26/Mar/2023:06:24:13 -0500] "-" 408 -
192.168.175.240 - - [26/Mar/2023:06:24:18 -0500] "GET / HTTP/1.1" 200 4720
216.245.221.92 - - [26/Mar/2023:06:24:55 -0500] "HEAD / HTTP/1.1" 200 -
192.168.175.240 - - [26/Mar/2023:06:25:18 -0500] "GET / HTTP/1.1" 200 4720
40.77.167.162 - - [26/Mar/2023:06:25:37 -0500] "GET /mujeres-que-reverdecen-secretaria-de-ambiente-anuncia-el-inicio-de-la-tercera-fase.html HTTP/1.1" 200 954
34.91.208.242 - - [26/Mar/2023:06:25:50 -0500] "GET /inventario-de-emisiones-2020-transporte-publico-sitp-redujo-emisiones-de-pm-2-5-en-un-37.html HTTP/1.1" 200 925
192.168.175.240 - - [26/Mar/2023:06:26:18 -0500] "GET / HTTP/1.1" 200 4720
192.168.175.240 - - [26/Mar/2023:06:27:18 -0500] "GET / HTTP/1.1" 200 4720
201.245.192.253 - - [26/Mar/2023:06:27:44 -0500] "POST /kwsrmcab/Wsrmcab  HTTP/1.1" 200 41914
192.168.175.240 - - [26/Mar/2023:06:28:18 -0500] "GET / HTTP/1.1" 200 4720
172.22.2.4 - - [26/Mar/2023:06:27:24 -0500] "HEAD /BLA/boletinlegal/ HTTP/1.1" 200 -
192.168.175.240 - - [26/Mar/2023:06:29:18 -0500] "GET / HTTP/1.1" 200 4720
172.22.2.4 - - [26/Mar/2023:06:28:14 -0500] "GET /BLA/boletinlegal/ HTTP/1.1" 200 58297
216.245.221.92 - - [26/Mar/2023:06:29:55 -0500] "HEAD / HTTP/1.1" 200 -
201.245.192.253 - - [26/Mar/2023:06:30:05 -0500] "POST /kwsrmcab/Wsrmcab HTTP/1.1" 200 43346
201.245.192.253 - - [26/Mar/2023:06:30:08 -0500] "POST /kwsrmcab/Wsrmcab HTTP/1.1" 200 43018
185.119.81.107 - - [26/Mar/2023:06:30:10 -0500] "GET /portaldeninos/wp-login.php HTTP/1.1" 200 2592
185.119.81.107 - - [26/Mar/2023:06:30:11 -0500] "POST /portaldeninos/wp-login.php HTTP/1.1" 200 3670
192.168.175.240 - - [26/Mar/2023:06:30:18 -0500] "GET / HTTP/1.1" 200 4720
192.168.175.240 - - [26/Mar/2023:06:31:18 -0500] "GET / HTTP/1.1" 200 4720
192.168.175.240 - - [26/Mar/2023:06:32:18 -0500] "GET / HTTP/1.1" 200 4720
157.55.39.218 - - [26/Mar/2023:06:32:44 -0500] "GET /dia-mundial-del-agua-2023-programate-para-participar-en-estas-actividades-de-educacion-ambiental.html HTTP/1.1" 200 903
201.245.192.253 - - [26/Mar/2023:06:32:43 -0500] "POST /kwsrmcab/Wsrmcab  HTTP/1.1" 200 41914
172.22.2.4 - - [26/Mar/2023:06:32:06 -0500] "GET /BLA/boletinlegal/ HTTP/1.1" 200 28619
192.168.175.240 - - [26/Mar/2023:06:33:18 -0500] "GET / HTTP/1.1" 200 4720
172.22.2.4 - - [26/Mar/2023:06:33:03 -0500] "GET /BLA/boletinlegal/ HTTP/1.1" 200 24523
192.168.175.240 - - [26/Mar/2023:06:34:18 -0500] "GET / HTTP/1.1" 200 4720
172.22.2.4 - - [26/Mar/2023:06:33:14 -0500] "HEAD /BLA/boletinlegal/ HTTP/1.1" 200 -
216.245.221.92 - - [26/Mar/2023:06:34:54 -0500] "HEAD / HTTP/1.1" 200 -
192.168.175.240 - - [26/Mar/2023:06:35:18 -0500] "GET / HTTP/1.1" 200 4720
172.22.2.4 - - [26/Mar/2023:06:34:04 -0500] "GET /BLA/boletinlegal/ HTTP/1.1" 200 56744
192.168.175.240 - - [26/Mar/2023:06:36:18 -0500] "GET / HTTP/1.1" 200 4720
66.249.79.111 - - [26/Mar/2023:06:36:30 -0500] "-" 408 -
52.167.144.113 - - [26/Mar/2023:06:36:51 -0500] "GET /BLA/resoluciones/AUTOS%202021/4672.pdf HTTP/1.1" 304 -
192.168.175.240 - - [26/Mar/2023:06:37:18 -0500] "GET / HTTP/1.1" 200 4720
201.245.192.253 - - [26/Mar/2023:06:37:42 -0500] "POST /kwsrmcab/Wsrmcab  HTTP/1.1" 200 41914
192.168.175.240 - - [26/Mar/2023:06:38:18 -0500] "GET / HTTP/1.1" 200 4720
69.63.184.5 - - [26/Mar/2023:06:38:24 -0500] "GET /images/semana-bosques-1_optimized.1.jpg HTTP/1.1" 200 102892
192.168.175.240 - - [26/Mar/2023:06:39:18 -0500] "GET / HTTP/1.1" 200 4720
94.102.51.9 - - [26/Mar/2023:06:39:28 -0500] "GET / HTTP/1.1" 200 319
94.102.51.9 - - [26/Mar/2023:06:39:28 -0500] "GET /favicon.ico HTTP/1.1" 200 7782
216.245.221.92 - - [26/Mar/2023:06:39:55 -0500] "HEAD / HTTP/1.1" 200 -
201.245.192.253 - - [26/Mar/2023:06:40:05 -0500] "POST /kwsrmcab/Wsrmcab HTTP/1.1" 200 43346
201.245.192.253 - - [26/Mar/2023:06:40:08 -0500] "POST /kwsrmcab/Wsrmcab HTTP/1.1" 200 43018
192.168.175.240 - - [26/Mar/2023:06:40:18 -0500] "GET / HTTP/1.1" 200 4720
172.22.2.4 - - [26/Mar/2023:06:39:04 -0500] "HEAD /BLA/boletinlegal/ HTTP/1.1" 200 -
192.168.175.240 - - [26/Mar/2023:06:41:18 -0500] "GET / HTTP/1.1" 200 4720
172.22.2.4 - - [26/Mar/2023:06:39:54 -0500] "GET /BLA/boletinlegal/ HTTP/1.1" 200 57141
192.168.175.240 - - [26/Mar/2023:06:42:18 -0500] "GET / HTTP/1.1" 200 4720
201.245.192.253 - - [26/Mar/2023:06:42:42 -0500] "POST /kwsrmcab/Wsrmcab  HTTP/1.1" 200 41914
192.168.175.240 - - [26/Mar/2023:06:43:18 -0500] "GET / HTTP/1.1" 200 4720
66.249.79.111 - - [26/Mar/2023:06:44:06 -0500] "-" 408 -
192.168.175.240 - - [26/Mar/2023:06:44:18 -0500] "GET / HTTP/1.1" 200 4720
216.245.221.92 - - [26/Mar/2023:06:44:54 -0500] "HEAD / HTTP/1.1" 200 -
192.168.175.240 - - [26/Mar/2023:06:45:18 -0500] "GET / HTTP/1.1" 200 4720
192.168.175.240 - - [26/Mar/2023:06:46:18 -0500] "GET / HTTP/1.1" 200 4720
52.167.144.167 - - [26/Mar/2023:06:46:24 -0500] "GET / HTTP/1.1" 200 319
172.22.2.4 - - [26/Mar/2023:06:44:54 -0500] "HEAD /BLA/boletinlegal/ HTTP/1.1" 200 -
40.77.167.218 - - [26/Mar/2023:06:47:05 -0500] "GET /images/Foto%20D%C3%ADa%20Mundial%20del%20Agua%20(1)%20(1).jpeg HTTP/1.1" 404 1034
192.168.175.240 - - [26/Mar/2023:06:47:18 -0500] "GET / HTTP/1.1" 200 4720
172.22.2.4 - - [26/Mar/2023:06:45:44 -0500] "GET /BLA/boletinlegal/ HTTP/1.1" 200 58297
200.118.80.45 - - [26/Mar/2023:06:47:32 -0500] "GET /sipse/faces/index.xhtml HTTP/1.1" 200 677
200.118.80.45 - - [26/Mar/2023:06:47:32 -0500] "GET /sipse/faces/javax.faces.resource/theme.css?ln=primefaces-sipse HTTP/1.1" 304 -
200.118.80.45 - - [26/Mar/2023:06:47:32 -0500] "GET /sipse/faces/faces/autenticacion.xhtml HTTP/1.1" 200 12179
200.118.80.45 - - [26/Mar/2023:06:47:32 -0500] "GET /sipse/faces/javax.faces.resource/theme.css?ln=primefaces-sipse HTTP/1.1" 304 -
200.118.80.45 - - [26/Mar/2023:06:47:32 -0500] "GET /sipse/faces/javax.faces.resource/layout/layout.css?ln=primefaces&v=4.0 HTTP/1.1" 304 -
200.118.80.45 - - [26/Mar/2023:06:47:32 -0500] "GET /sipse/css/custom_css_sg.css HTTP/1.1" 304 -
200.118.80.45 - - [26/Mar/2023:06:47:32 -0500] "GET /sipse/faces/javax.faces.resource/primefaces.css?ln=primefaces&v=4.0 HTTP/1.1" 304 -
200.118.80.45 - - [26/Mar/2023:06:47:32 -0500] "GET /sipse/css/custom_css_sg_prime_login.css HTTP/1.1" 304 -
200.118.80.45 - - [26/Mar/2023:06:47:33 -0500] "GET /sipse/js/disable_browser_buttons.js HTTP/1.1" 304 -
200.118.80.45 - - [26/Mar/2023:06:47:33 -0500] "GET /sipse/faces/javax.faces.resource/jquery/jquery.js?ln=primefaces&v=4.0 HTTP/1.1" 304 -
200.118.80.45 - - [26/Mar/2023:06:47:33 -0500] "GET /sipse/js/funciones.js HTTP/1.1" 304 -
200.118.80.45 - - [26/Mar/2023:06:47:33 -0500] "GET /sipse/faces/javax.faces.resource/primefaces.js?ln=primefaces&v=4.0 HTTP/1.1" 304 -
200.118.80.45 - - [26/Mar/2023:06:47:33 -0500] "GET /sipse/faces/javax.faces.resource/jquery/jquery-plugins.js?ln=primefaces&v=4.0 HTTP/1.1" 304 -
200.118.80.45 - - [26/Mar/2023:06:47:33 -0500] "GET /sipse/faces/javax.faces.resource/layout/layout.js?ln=primefaces&v=4.0 HTTP/1.1" 304 -
200.118.80.45 - - [26/Mar/2023:06:47:33 -0500] "GET /sipse/css/imagen/logoSDG.png HTTP/1.1" 304 -
200.118.80.45 - - [26/Mar/2023:06:47:33 -0500] "GET /sipse/css/imagen/loginimg.png HTTP/1.1" 304 -
200.118.80.45 - - [26/Mar/2023:06:47:33 -0500] "GET /sipse/faces/javax.faces.resource/images/ui-icons_898989_256x240.png?ln=primefaces-aristo HTTP/1.1" 304 -
200.118.80.45 - - [26/Mar/2023:06:47:37 -0500] "POST /sipse/faces/autenticacion.xhtml HTTP/1.1" 200 2228
200.118.80.45 - - [26/Mar/2023:06:47:37 -0500] "GET /sipse/faces/javax.faces.resource/messages/messages.png?ln=primefaces&v=4.0 HTTP/1.1" 304 -
200.118.80.45 - - [26/Mar/2023:06:47:38 -0500] "POST /sipse/faces/autenticacion.xhtml HTTP/1.1" 200 16255
200.118.80.45 - - [26/Mar/2023:06:47:39 -0500] "GET /sipse/css/custom_css_sg_prime.css HTTP/1.1" 304 -
200.118.80.45 - - [26/Mar/2023:06:47:39 -0500] "GET /sipse/faces/javax.faces.resource/theme.css?ln=primefaces-sipse HTTP/1.1" 304 -
200.118.80.45 - - [26/Mar/2023:06:47:39 -0500] "GET /sipse/faces/javax.faces.resource/layout/layout.css?ln=primefaces&v=4.0 HTTP/1.1" 304 -
200.118.80.45 - - [26/Mar/2023:06:47:39 -0500] "GET /sipse/faces/javax.faces.resource/primefaces.css?ln=primefaces&v=4.0 HTTP/1.1" 304 -
200.118.80.45 - - [26/Mar/2023:06:47:39 -0500] "GET /sipse/js/jquery.min.js HTTP/1.1" 304 -
200.118.80.45 - - [26/Mar/2023:06:47:39 -0500] "GET /sipse/faces/javax.faces.resource/jquery/jquery.js?ln=primefaces&v=4.0 HTTP/1.1" 304 -
200.118.80.45 - - [26/Mar/2023:06:47:39 -0500] "GET /sipse/faces/javax.faces.resource/jquery/jquery-plugins.js?ln=primefaces&v=4.0 HTTP/1.1" 304 -
200.118.80.45 - - [26/Mar/2023:06:47:39 -0500] "GET /sipse/faces/javax.faces.resource/primefaces.js?ln=primefaces&v=4.0 HTTP/1.1" 304 -
200.118.80.45 - - [26/Mar/2023:06:47:39 -0500] "GET /sipse/faces/javax.faces.resource/layout/layout.js?ln=primefaces&v=4.0 HTTP/1.1" 304 -
200.118.80.45 - - [26/Mar/2023:06:47:39 -0500] "GET /sipse/css/imagen/contrasena.png HTTP/1.1" 404 383
200.118.80.45 - - [26/Mar/2023:06:47:39 -0500] "GET /sipse/imagenes/cargando.gif HTTP/1.1" 304 -
200.118.80.45 - - [26/Mar/2023:06:47:39 -0500] "GET /sipse/imagenes/logoAplicacion.jpg HTTP/1.1" 304 -
200.118.80.45 - - [26/Mar/2023:06:47:43 -0500] "GET /sipse/faces/javax.faces.resource/images/ui-bg_flat_0_2d5972_40x100.png?ln=primefaces-aristo HTTP/1.1" 304 -
200.118.80.45 - - [26/Mar/2023:06:47:43 -0500] "POST /sipse/faces/bienvenido.xhtml HTTP/1.1" 200 2658
201.245.192.253 - - [26/Mar/2023:06:47:41 -0500] "POST /kwsrmcab/Wsrmcab  HTTP/1.1" 200 41914
200.118.80.45 - - [26/Mar/2023:06:47:44 -0500] "POST /sipse/faces/bienvenido.xhtml HTTP/1.1" 200 65539
200.118.80.45 - - [26/Mar/2023:06:47:46 -0500] "GET /sipse/faces/javax.faces.resource/theme.css?ln=primefaces-sipse HTTP/1.1" 304 -
200.118.80.45 - - [26/Mar/2023:06:47:46 -0500] "GET /sipse/faces/javax.faces.resource/layout/layout.css?ln=primefaces&v=4.0 HTTP/1.1" 304 -
200.118.80.45 - - [26/Mar/2023:06:47:46 -0500] "GET /sipse/faces/javax.faces.resource/primefaces.css?ln=primefaces&v=4.0 HTTP/1.1" 304 -
200.118.80.45 - - [26/Mar/2023:06:47:46 -0500] "GET /sipse/faces/javax.faces.resource/jquery/jquery.js?ln=primefaces&v=4.0 HTTP/1.1" 304 -
200.118.80.45 - - [26/Mar/2023:06:47:46 -0500] "GET /sipse/faces/javax.faces.resource/jquery/jquery-plugins.js?ln=primefaces&v=4.0 HTTP/1.1" 304 -
200.118.80.45 - - [26/Mar/2023:06:47:46 -0500] "GET /sipse/faces/javax.faces.resource/primefaces.js?ln=primefaces&v=4.0 HTTP/1.1" 304 -
200.118.80.45 - - [26/Mar/2023:06:47:46 -0500] "GET /sipse/faces/javax.faces.resource/layout/layout.js?ln=primefaces&v=4.0 HTTP/1.1" 304 -
200.118.80.45 - - [26/Mar/2023:06:47:46 -0500] "POST /sipse/faces/presentacion/financiero/solicitudProceso/listarSolicitudProceso.xhtml HTTP/1.1" 200 1556
200.118.80.45 - - [26/Mar/2023:06:47:50 -0500] "POST /sipse/faces/presentacion/financiero/solicitudProceso/listarSolicitudProceso.xhtml HTTP/1.1" 200 17077
200.118.80.45 - - [26/Mar/2023:06:47:51 -0500] "POST /sipse/faces/presentacion/financiero/solicitudProceso/listarSolicitudProceso.xhtml HTTP/1.1" 200 17061
200.118.80.45 - - [26/Mar/2023:06:47:54 -0500] "POST /sipse/faces/presentacion/financiero/solicitudProceso/listarSolicitudProceso.xhtml HTTP/1.1" 200 37680
200.118.80.45 - - [26/Mar/2023:06:47:56 -0500] "POST /sipse/faces/presentacion/financiero/solicitudProceso/listarSolicitudProceso.xhtml HTTP/1.1" 200 44024
192.168.175.240 - - [26/Mar/2023:06:48:18 -0500] "GET / HTTP/1.1" 200 4720
52.167.144.167 - - [26/Mar/2023:06:49:14 -0500] "GET /BLA/resoluciones/index.php?dir=RESOLUCIONES+2023%2F HTTP/1.1" 200 10548
192.168.175.240 - - [26/Mar/2023:06:49:18 -0500] "GET / HTTP/1.1" 200 4720
216.245.221.92 - - [26/Mar/2023:06:49:54 -0500] "HEAD / HTTP/1.1" 200 -
