152.203.208.102 - - [26/Mar/2023:13:51:53 -0500] "GET /sipse/faces/javax.faces.resource/theme.css?ln=primefaces-sipse HTTP/1.1" 304 -
152.203.208.102 - - [26/Mar/2023:13:51:53 -0500] "GET /sipse/faces/javax.faces.resource/primefaces.css?ln=primefaces&v=4.0 HTTP/1.1" 304 -
152.203.208.102 - - [26/Mar/2023:13:51:53 -0500] "GET /sipse/faces/javax.faces.resource/layout/layout.css?ln=primefaces&v=4.0 HTTP/1.1" 304 -
152.203.208.102 - - [26/Mar/2023:13:51:53 -0500] "GET /sipse/faces/javax.faces.resource/jquery/jquery.js?ln=primefaces&v=4.0 HTTP/1.1" 304 -
152.203.208.102 - - [26/Mar/2023:13:51:53 -0500] "GET /sipse/faces/javax.faces.resource/jquery/jquery-plugins.js?ln=primefaces&v=4.0 HTTP/1.1" 304 -
152.203.208.102 - - [26/Mar/2023:13:51:53 -0500] "GET /sipse/faces/javax.faces.resource/primefaces.js?ln=primefaces&v=4.0 HTTP/1.1" 304 -
152.203.208.102 - - [26/Mar/2023:13:51:53 -0500] "GET /sipse/faces/javax.faces.resource/layout/layout.js?ln=primefaces&v=4.0 HTTP/1.1" 304 -
152.203.208.102 - - [26/Mar/2023:13:51:53 -0500] "GET /sipse/faces/javax.faces.resource/images/ui-icons_898989_256x240.png?ln=primefaces-aristo HTTP/1.1" 304 -
152.203.208.102 - - [26/Mar/2023:13:51:53 -0500] "GET /sipse/faces/faces/index.xhtml HTTP/1.1" 200 677
152.203.208.102 - - [26/Mar/2023:13:51:53 -0500] "GET /sipse/faces/javax.faces.resource/theme.css?ln=primefaces-sipse HTTP/1.1" 304 -
152.203.208.102 - - [26/Mar/2023:13:51:54 -0500] "GET /sipse/faces/faces/faces/autenticacion.xhtml HTTP/1.1" 200 12179
152.203.208.102 - - [26/Mar/2023:13:51:54 -0500] "GET /sipse/faces/javax.faces.resource/theme.css?ln=primefaces-sipse HTTP/1.1" 304 -
152.203.208.102 - - [26/Mar/2023:13:51:54 -0500] "GET /sipse/faces/javax.faces.resource/primefaces.css?ln=primefaces&v=4.0 HTTP/1.1" 304 -
152.203.208.102 - - [26/Mar/2023:13:51:54 -0500] "GET /sipse/faces/javax.faces.resource/layout/layout.css?ln=primefaces&v=4.0 HTTP/1.1" 304 -
152.203.208.102 - - [26/Mar/2023:13:51:54 -0500] "GET /sipse/faces/javax.faces.resource/jquery/jquery-plugins.js?ln=primefaces&v=4.0 HTTP/1.1" 304 -
152.203.208.102 - - [26/Mar/2023:13:51:54 -0500] "GET /sipse/faces/javax.faces.resource/primefaces.js?ln=primefaces&v=4.0 HTTP/1.1" 304 -
152.203.208.102 - - [26/Mar/2023:13:51:54 -0500] "GET /sipse/faces/javax.faces.resource/jquery/jquery.js?ln=primefaces&v=4.0 HTTP/1.1" 304 -
152.203.208.102 - - [26/Mar/2023:13:51:54 -0500] "GET /sipse/faces/javax.faces.resource/layout/layout.js?ln=primefaces&v=4.0 HTTP/1.1" 304 -
192.168.175.240 - - [26/Mar/2023:13:52:17 -0500] "GET / HTTP/1.1" 200 4720
172.22.2.4 - - [26/Mar/2023:13:52:22 -0500] "GET /BLA/boletinlegal/api/index.php/v1/config/application?public=true HTTP/1.1" 404 1038
172.22.2.4 - - [26/Mar/2023:13:50:44 -0500] "HEAD /BLA/boletinlegal/ HTTP/1.1" 200 -
172.22.2.4 - - [26/Mar/2023:13:51:34 -0500] "GET /BLA/boletinlegal/ HTTP/1.1" 200 55211
192.168.175.240 - - [26/Mar/2023:13:53:17 -0500] "GET / HTTP/1.1" 200 4720
192.168.175.240 - - [26/Mar/2023:13:54:17 -0500] "GET / HTTP/1.1" 200 4720
216.245.221.92 - - [26/Mar/2023:13:54:53 -0500] "HEAD / HTTP/1.1" 200 -
186.155.14.253 - - [26/Mar/2023:13:55:11 -0500] "GET /distrito-declara-alerta-preventiva-en-el-suroccidente-de-la-ciudad-por-mala-calidad-del-aire.html HTTP/1.1" 200 1065
192.168.175.240 - - [26/Mar/2023:13:55:17 -0500] "GET / HTTP/1.1" 200 4720
201.245.192.253 - - [26/Mar/2023:13:55:58 -0500] "POST /kwsrmcab/Wsrmcab  HTTP/1.1" 200 41914
192.168.175.240 - - [26/Mar/2023:13:56:17 -0500] "GET / HTTP/1.1" 200 4720
192.168.175.240 - - [26/Mar/2023:13:57:17 -0500] "GET / HTTP/1.1" 200 4720
152.203.208.102 - - [26/Mar/2023:13:58:08 -0500] "POST /sipse/faces/presentacion/financiero/solicitudProceso/consultarSolicitudProceso.xhtml HTTP/1.1" 200 37858
152.203.208.102 - - [26/Mar/2023:13:58:08 -0500] "GET /sipse/faces/javax.faces.resource/theme.css?ln=primefaces-sipse HTTP/1.1" 304 -
152.203.208.102 - - [26/Mar/2023:13:58:08 -0500] "GET /sipse/faces/javax.faces.resource/jquery/jquery.js?ln=primefaces&v=4.0 HTTP/1.1" 304 -
152.203.208.102 - - [26/Mar/2023:13:58:08 -0500] "GET /sipse/faces/javax.faces.resource/primefaces.js?ln=primefaces&v=4.0 HTTP/1.1" 304 -
152.203.208.102 - - [26/Mar/2023:13:58:08 -0500] "GET /sipse/faces/javax.faces.resource/layout/layout.css?ln=primefaces&v=4.0 HTTP/1.1" 304 -
152.203.208.102 - - [26/Mar/2023:13:58:08 -0500] "GET /sipse/faces/javax.faces.resource/jquery/jquery-plugins.js?ln=primefaces&v=4.0 HTTP/1.1" 304 -
152.203.208.102 - - [26/Mar/2023:13:58:08 -0500] "GET /sipse/faces/javax.faces.resource/layout/layout.js?ln=primefaces&v=4.0 HTTP/1.1" 304 -
152.203.208.102 - - [26/Mar/2023:13:58:08 -0500] "GET /sipse/faces/javax.faces.resource/primefaces.css?ln=primefaces&v=4.0 HTTP/1.1" 304 -
152.203.208.102 - - [26/Mar/2023:13:58:08 -0500] "GET /sipse/css/imagen/contrasena.png HTTP/1.1" 404 383
152.203.208.102 - - [26/Mar/2023:13:58:08 -0500] "GET /sipse/faces/javax.faces.resource/images/ui-icons_898989_256x240.png?ln=primefaces-aristo HTTP/1.1" 304 -
152.203.208.102 - - [26/Mar/2023:13:58:11 -0500] "GET /sipse/faces/javax.faces.resource/primefaces.css?ln=primefaces&v=4.0 HTTP/1.1" 304 -
152.203.208.102 - - [26/Mar/2023:13:58:11 -0500] "GET /sipse/faces/javax.faces.resource/theme.css?ln=primefaces-sipse HTTP/1.1" 304 -
152.203.208.102 - - [26/Mar/2023:13:58:11 -0500] "GET /sipse/faces/javax.faces.resource/layout/layout.css?ln=primefaces&v=4.0 HTTP/1.1" 304 -
152.203.208.102 - - [26/Mar/2023:13:58:11 -0500] "GET /sipse/faces/javax.faces.resource/jquery/jquery-plugins.js?ln=primefaces&v=4.0 HTTP/1.1" 304 -
152.203.208.102 - - [26/Mar/2023:13:58:11 -0500] "GET /sipse/faces/javax.faces.resource/jquery/jquery.js?ln=primefaces&v=4.0 HTTP/1.1" 304 -
152.203.208.102 - - [26/Mar/2023:13:58:11 -0500] "GET /sipse/faces/javax.faces.resource/primefaces.js?ln=primefaces&v=4.0 HTTP/1.1" 304 -
152.203.208.102 - - [26/Mar/2023:13:58:11 -0500] "GET /sipse/faces/javax.faces.resource/layout/layout.js?ln=primefaces&v=4.0 HTTP/1.1" 304 -
152.203.208.102 - - [26/Mar/2023:13:58:11 -0500] "POST /sipse/faces/presentacion/financiero/solicitudProceso/consultarHistorialSolProceso.xhtml HTTP/1.1" 200 181643
152.203.208.102 - - [26/Mar/2023:13:58:11 -0500] "GET /sipse/faces/javax.faces.resource/images/ui-icons_898989_256x240.png?ln=primefaces-aristo HTTP/1.1" 304 -
172.22.2.4 - - [26/Mar/2023:13:56:33 -0500] "HEAD /BLA/boletinlegal/ HTTP/1.1" 200 -
192.168.175.240 - - [26/Mar/2023:13:58:17 -0500] "GET / HTTP/1.1" 200 4720
172.22.2.4 - - [26/Mar/2023:13:57:24 -0500] "GET /BLA/boletinlegal/ HTTP/1.1" 200 57141
192.168.175.240 - - [26/Mar/2023:13:59:17 -0500] "GET / HTTP/1.1" 200 4720
216.245.221.92 - - [26/Mar/2023:13:59:54 -0500] "HEAD / HTTP/1.1" 200 -
192.168.175.240 - - [26/Mar/2023:14:00:17 -0500] "GET / HTTP/1.1" 200 4720
201.245.192.253 - - [26/Mar/2023:14:00:56 -0500] "POST /kwsrmcab/Wsrmcab  HTTP/1.1" 200 41914
152.203.208.102 - - [26/Mar/2023:14:01:06 -0500] "GET /sipse/faces/javax.faces.resource/images/ui-bg_flat_0_2d5972_40x100.png?ln=primefaces-aristo HTTP/1.1" 304 -
152.203.208.102 - - [26/Mar/2023:14:01:06 -0500] "POST /sipse/faces/presentacion/financiero/solicitudProceso/consultarSolicitudProceso.xhtml HTTP/1.1" 200 5526
192.168.175.240 - - [26/Mar/2023:14:01:17 -0500] "GET / HTTP/1.1" 200 4720
45.128.232.149 - - [26/Mar/2023:14:01:46 -0500] "POST /boaform/admin/formLogin HTTP/1.1" 404 1186
157.55.39.219 - - [26/Mar/2023:14:02:11 -0500] "GET /BLA/resoluciones/AUTOS%202021/2033.pdf HTTP/1.1" 304 -
192.168.175.240 - - [26/Mar/2023:14:02:17 -0500] "GET / HTTP/1.1" 200 4720
207.46.13.209 - - [26/Mar/2023:14:02:32 -0500] "GET /BLA/resoluciones/RESOLUCIONES%202012/0288.pdf HTTP/1.1" 304 -
152.203.208.102 - - [26/Mar/2023:14:02:42 -0500] "POST /sipse/faces/presentacion/financiero/solicitudProceso/consultarSolicitudProceso.xhtml HTTP/1.1" 200 5526
157.55.39.217 - - [26/Mar/2023:14:03:01 -0500] "GET /sipse/faces/index.xhtml HTTP/1.1" 200 677
191.95.56.247 - - [26/Mar/2023:14:03:03 -0500] "GET /images/jardines-verticales_optimized.jpeg HTTP/1.1" 200 138197
192.168.175.240 - - [26/Mar/2023:14:03:17 -0500] "GET / HTTP/1.1" 200 4720
190.84.119.147 - - [26/Mar/2023:14:03:18 -0500] "GET /BLA/resoluciones/index.php?dir=AUTOS+2015%2F HTTP/1.1" 200 580582
172.22.2.4 - - [26/Mar/2023:14:03:25 -0500] "GET /BLA/boletinlegal/images/screen_1.png HTTP/1.1" 200 202547
192.144.114.138 - - [26/Mar/2023:14:03:33 -0500] "GET /BLA/resoluciones/index.php?dir=AUTOS+2013%2F HTTP/1.1" 200 407265
207.46.13.209 - - [26/Mar/2023:14:03:58 -0500] "GET /BLA/resoluciones/AUTOS%202021/5003.pdf HTTP/1.1" 304 -
172.22.2.4 - - [26/Mar/2023:14:02:23 -0500] "HEAD /BLA/boletinlegal/ HTTP/1.1" 200 -
192.168.175.240 - - [26/Mar/2023:14:04:17 -0500] "GET / HTTP/1.1" 200 4720
216.245.221.92 - - [26/Mar/2023:14:04:53 -0500] "HEAD / HTTP/1.1" 200 -
172.22.2.4 - - [26/Mar/2023:14:03:14 -0500] "GET /BLA/boletinlegal/ HTTP/1.1" 200 56744
192.168.175.240 - - [26/Mar/2023:14:05:17 -0500] "GET / HTTP/1.1" 200 4720
186.84.90.190 - - [26/Mar/2023:14:05:52 -0500] "GET /forest/ HTTP/1.1" 200 12041
201.245.192.253 - - [26/Mar/2023:14:05:55 -0500] "POST /kwsrmcab/Wsrmcab  HTTP/1.1" 200 41914
192.168.175.240 - - [26/Mar/2023:14:06:17 -0500] "GET / HTTP/1.1" 200 4720
186.84.90.190 - - [26/Mar/2023:14:06:19 -0500] "POST /forest/index.php HTTP/1.1" 200 12268
66.249.79.113 - - [26/Mar/2023:14:06:35 -0500] "-" 408 -
152.203.208.102 - - [26/Mar/2023:14:07:03 -0500] "POST /sipse/faces/presentacion/financiero/solicitudProceso/consultarSolicitudProceso.xhtml HTTP/1.1" 200 5032974
192.168.175.240 - - [26/Mar/2023:14:07:17 -0500] "GET / HTTP/1.1" 200 4720
152.203.208.102 - - [26/Mar/2023:14:07:40 -0500] "POST /sipse/faces/presentacion/financiero/solicitudProceso/consultarSolicitudProceso.xhtml HTTP/1.1" 200 21120
152.203.208.102 - - [26/Mar/2023:14:07:40 -0500] "GET /sipse/faces/javax.faces.resource/theme.css?ln=primefaces-sipse HTTP/1.1" 304 -
152.203.208.102 - - [26/Mar/2023:14:07:40 -0500] "GET /sipse/faces/javax.faces.resource/primefaces.css?ln=primefaces&v=4.0 HTTP/1.1" 304 -
152.203.208.102 - - [26/Mar/2023:14:07:40 -0500] "GET /sipse/faces/javax.faces.resource/layout/layout.css?ln=primefaces&v=4.0 HTTP/1.1" 304 -
152.203.208.102 - - [26/Mar/2023:14:07:40 -0500] "GET /sipse/faces/javax.faces.resource/fileupload/fileupload.css?ln=primefaces&v=4.0 HTTP/1.1" 304 -
152.203.208.102 - - [26/Mar/2023:14:07:40 -0500] "GET /sipse/faces/javax.faces.resource/jquery/jquery.js?ln=primefaces&v=4.0 HTTP/1.1" 304 -
152.203.208.102 - - [26/Mar/2023:14:07:40 -0500] "GET /sipse/faces/javax.faces.resource/jquery/jquery-plugins.js?ln=primefaces&v=4.0 HTTP/1.1" 304 -
152.203.208.102 - - [26/Mar/2023:14:07:40 -0500] "GET /sipse/faces/javax.faces.resource/primefaces.js?ln=primefaces&v=4.0 HTTP/1.1" 304 -
152.203.208.102 - - [26/Mar/2023:14:07:40 -0500] "GET /sipse/faces/javax.faces.resource/fileupload/fileupload.js?ln=primefaces&v=4.0 HTTP/1.1" 304 -
152.203.208.102 - - [26/Mar/2023:14:07:40 -0500] "GET /sipse/faces/javax.faces.resource/layout/layout.js?ln=primefaces&v=4.0 HTTP/1.1" 304 -
152.203.208.102 - - [26/Mar/2023:14:07:40 -0500] "GET /sipse/faces/javax.faces.resource/images/ui-icons_898989_256x240.png?ln=primefaces-aristo HTTP/1.1" 304 -
152.203.208.102 - - [26/Mar/2023:14:07:56 -0500] "GET /sipse/faces/javax.faces.resource/layout/layout.css?ln=primefaces&v=4.0 HTTP/1.1" 304 -
152.203.208.102 - - [26/Mar/2023:14:07:56 -0500] "GET /sipse/faces/javax.faces.resource/jquery/jquery-plugins.js?ln=primefaces&v=4.0 HTTP/1.1" 304 -
152.203.208.102 - - [26/Mar/2023:14:07:56 -0500] "GET /sipse/faces/javax.faces.resource/theme.css?ln=primefaces-sipse HTTP/1.1" 304 -
152.203.208.102 - - [26/Mar/2023:14:07:56 -0500] "GET /sipse/faces/javax.faces.resource/primefaces.css?ln=primefaces&v=4.0 HTTP/1.1" 304 -
152.203.208.102 - - [26/Mar/2023:14:07:56 -0500] "GET /sipse/faces/javax.faces.resource/jquery/jquery.js?ln=primefaces&v=4.0 HTTP/1.1" 304 -
152.203.208.102 - - [26/Mar/2023:14:07:56 -0500] "GET /sipse/faces/javax.faces.resource/primefaces.js?ln=primefaces&v=4.0 HTTP/1.1" 304 -
152.203.208.102 - - [26/Mar/2023:14:07:56 -0500] "GET /sipse/faces/javax.faces.resource/layout/layout.js?ln=primefaces&v=4.0 HTTP/1.1" 304 -
152.203.208.102 - - [26/Mar/2023:14:07:55 -0500] "POST /sipse/faces/presentacion/sistema/anexos/cargarAnexoSolicitudProceso.xhtml HTTP/1.1" 200 183439
152.203.208.102 - - [26/Mar/2023:14:07:56 -0500] "GET /sipse/faces/javax.faces.resource/images/ui-icons_898989_256x240.png?ln=primefaces-aristo HTTP/1.1" 304 -
192.168.175.240 - - [26/Mar/2023:14:08:17 -0500] "GET / HTTP/1.1" 200 4720
66.220.149.10 - - [26/Mar/2023:14:09:10 -0500] "GET /images/semana-bosques-1_optimized.1.jpg HTTP/1.1" 200 102892
192.168.175.240 - - [26/Mar/2023:14:09:17 -0500] "GET / HTTP/1.1" 200 4720
216.245.221.92 - - [26/Mar/2023:14:09:53 -0500] "HEAD / HTTP/1.1" 200 -
172.22.2.4 - - [26/Mar/2023:14:08:13 -0500] "HEAD /BLA/boletinlegal/ HTTP/1.1" 200 -
192.168.175.240 - - [26/Mar/2023:14:10:17 -0500] "GET / HTTP/1.1" 200 4720
181.50.63.26 - - [26/Mar/2023:14:10:39 -0500] "-" 408 -
181.50.63.26 - - [26/Mar/2023:14:10:39 -0500] "-" 408 -
172.22.2.4 - - [26/Mar/2023:14:09:04 -0500] "GET /BLA/boletinlegal/ HTTP/1.1" 200 57141
201.245.192.253 - - [26/Mar/2023:14:10:53 -0500] "POST /kwsrmcab/Wsrmcab  HTTP/1.1" 200 41914
192.168.175.240 - - [26/Mar/2023:14:11:17 -0500] "GET / HTTP/1.1" 200 4720
192.144.114.138 - - [26/Mar/2023:14:11:42 -0500] "GET /BLA/resoluciones/index.php?dir=AUTOS+2014%2F HTTP/1.1" 200 888406
185.119.81.107 - - [26/Mar/2023:14:12:15 -0500] "GET /portaldeninos/wp-login.php HTTP/1.1" 200 2592
185.119.81.107 - - [26/Mar/2023:14:12:16 -0500] "POST /portaldeninos/wp-login.php HTTP/1.1" 200 3605
192.168.175.240 - - [26/Mar/2023:14:12:17 -0500] "GET / HTTP/1.1" 200 4720
192.168.175.240 - - [26/Mar/2023:14:13:17 -0500] "GET / HTTP/1.1" 200 4720
74.125.210.166 - - [26/Mar/2023:14:13:53 -0500] "GET /images/jardines-verticales_optimized.jpeg HTTP/1.1" 200 138197
192.168.175.240 - - [26/Mar/2023:14:14:17 -0500] "GET / HTTP/1.1" 200 4720
216.245.221.92 - - [26/Mar/2023:14:14:53 -0500] "HEAD / HTTP/1.1" 200 -
192.168.175.240 - - [26/Mar/2023:14:15:17 -0500] "GET / HTTP/1.1" 200 4720
172.22.2.4 - - [26/Mar/2023:14:14:03 -0500] "HEAD /BLA/boletinlegal/ HTTP/1.1" 200 -
201.245.192.253 - - [26/Mar/2023:14:15:50 -0500] "POST /kwsrmcab/Wsrmcab  HTTP/1.1" 200 41914
192.168.175.240 - - [26/Mar/2023:14:16:17 -0500] "GET / HTTP/1.1" 200 4720
172.22.2.4 - - [26/Mar/2023:14:14:54 -0500] "GET /BLA/boletinlegal/ HTTP/1.1" 200 57551
172.22.2.4 - - [26/Mar/2023:14:16:57 -0500] "GET /BLA/boletinlegal/Circulares/2022/CIRCULAR%20No.%2000004%20DEL%2019%20DE%20MAYO%20DEL%202022.pdf HTTP/1.1" 304 -
192.144.114.138 - - [26/Mar/2023:14:17:11 -0500] "GET /BLA/resoluciones/index.php?dir=AUTOS+2014%2F HTTP/1.1" 200 888406
192.168.175.240 - - [26/Mar/2023:14:17:17 -0500] "GET / HTTP/1.1" 200 4720
192.144.114.138 - - [26/Mar/2023:14:17:25 -0500] "GET /BLA/resoluciones/AUTOS%202014/0376.pdf HTTP/1.1" 200 609393
152.203.208.102 - - [26/Mar/2023:14:18:12 -0500] "GET /sipse/faces/javax.faces.resource/images/ui-bg_flat_0_2d5972_40x100.png?ln=primefaces-aristo HTTP/1.1" 304 -
152.203.208.102 - - [26/Mar/2023:14:18:12 -0500] "POST /sipse/faces/presentacion/financiero/solicitudProceso/consultarSolicitudProceso.xhtml HTTP/1.1" 200 62876
152.203.208.102 - - [26/Mar/2023:14:18:13 -0500] "GET /sipse/faces/javax.faces.resource/primefaces.css?ln=primefaces&v=4.0 HTTP/1.1" 304 -
152.203.208.102 - - [26/Mar/2023:14:18:13 -0500] "GET /sipse/faces/javax.faces.resource/theme.css?ln=primefaces-sipse HTTP/1.1" 304 -
152.203.208.102 - - [26/Mar/2023:14:18:13 -0500] "GET /sipse/faces/javax.faces.resource/jquery/jquery.js?ln=primefaces&v=4.0 HTTP/1.1" 304 -
152.203.208.102 - - [26/Mar/2023:14:18:13 -0500] "GET /sipse/faces/javax.faces.resource/jquery/jquery-plugins.js?ln=primefaces&v=4.0 HTTP/1.1" 304 -
152.203.208.102 - - [26/Mar/2023:14:18:13 -0500] "GET /sipse/faces/javax.faces.resource/primefaces.js?ln=primefaces&v=4.0 HTTP/1.1" 304 -
152.203.208.102 - - [26/Mar/2023:14:18:13 -0500] "GET /sipse/faces/javax.faces.resource/layout/layout.js?ln=primefaces&v=4.0 HTTP/1.1" 304 -
152.203.208.102 - - [26/Mar/2023:14:18:13 -0500] "GET /sipse/faces/javax.faces.resource/layout/layout.css?ln=primefaces&v=4.0 HTTP/1.1" 304 -
152.203.208.102 - - [26/Mar/2023:14:18:13 -0500] "GET /sipse/css/imagen/contrasena.png HTTP/1.1" 404 383
152.203.208.102 - - [26/Mar/2023:14:18:13 -0500] "POST /sipse/faces/presentacion/financiero/solicitudProceso/listarSolicitudProceso.xhtml HTTP/1.1" 200 1556
192.168.175.240 - - [26/Mar/2023:14:18:17 -0500] "GET / HTTP/1.1" 200 4720
152.203.208.102 - - [26/Mar/2023:14:18:18 -0500] "POST /sipse/faces/presentacion/financiero/solicitudProceso/listarSolicitudProceso.xhtml HTTP/1.1" 200 135798
152.203.208.102 - - [26/Mar/2023:14:18:19 -0500] "GET /sipse/faces/javax.faces.resource/primefaces.css?ln=primefaces&v=4.0 HTTP/1.1" 304 -
152.203.208.102 - - [26/Mar/2023:14:18:19 -0500] "GET /sipse/faces/javax.faces.resource/theme.css?ln=primefaces-sipse HTTP/1.1" 304 -
152.203.208.102 - - [26/Mar/2023:14:18:19 -0500] "GET /sipse/faces/javax.faces.resource/layout/layout.css?ln=primefaces&v=4.0 HTTP/1.1" 304 -
152.203.208.102 - - [26/Mar/2023:14:18:19 -0500] "GET /sipse/faces/javax.faces.resource/jquery/jquery.js?ln=primefaces&v=4.0 HTTP/1.1" 304 -
152.203.208.102 - - [26/Mar/2023:14:18:19 -0500] "GET /sipse/faces/javax.faces.resource/jquery/jquery-plugins.js?ln=primefaces&v=4.0 HTTP/1.1" 304 -
152.203.208.102 - - [26/Mar/2023:14:18:19 -0500] "GET /sipse/faces/javax.faces.resource/primefaces.js?ln=primefaces&v=4.0 HTTP/1.1" 304 -
152.203.208.102 - - [26/Mar/2023:14:18:19 -0500] "GET /sipse/faces/javax.faces.resource/layout/layout.js?ln=primefaces&v=4.0 HTTP/1.1" 304 -
152.203.208.102 - - [26/Mar/2023:14:18:23 -0500] "GET /sipse/faces/javax.faces.resource/theme.css?ln=primefaces-sipse HTTP/1.1" 304 -
152.203.208.102 - - [26/Mar/2023:14:18:23 -0500] "GET /sipse/faces/javax.faces.resource/primefaces.css?ln=primefaces&v=4.0 HTTP/1.1" 304 -
152.203.208.102 - - [26/Mar/2023:14:18:22 -0500] "POST /sipse/faces/presentacion/financiero/solicitudProceso/consultarSolicitudProceso.xhtml HTTP/1.1" 200 37620
152.203.208.102 - - [26/Mar/2023:14:18:23 -0500] "GET /sipse/faces/javax.faces.resource/layout/layout.css?ln=primefaces&v=4.0 HTTP/1.1" 304 -
152.203.208.102 - - [26/Mar/2023:14:18:23 -0500] "GET /sipse/faces/javax.faces.resource/jquery/jquery.js?ln=primefaces&v=4.0 HTTP/1.1" 304 -
152.203.208.102 - - [26/Mar/2023:14:18:23 -0500] "GET /sipse/faces/javax.faces.resource/jquery/jquery-plugins.js?ln=primefaces&v=4.0 HTTP/1.1" 304 -
152.203.208.102 - - [26/Mar/2023:14:18:23 -0500] "GET /sipse/faces/javax.faces.resource/primefaces.js?ln=primefaces&v=4.0 HTTP/1.1" 304 -
152.203.208.102 - - [26/Mar/2023:14:18:23 -0500] "GET /sipse/faces/javax.faces.resource/layout/layout.js?ln=primefaces&v=4.0 HTTP/1.1" 304 -
152.203.208.102 - - [26/Mar/2023:14:18:23 -0500] "GET /sipse/css/imagen/contrasena.png HTTP/1.1" 404 383
152.203.208.102 - - [26/Mar/2023:14:18:23 -0500] "GET /sipse/faces/javax.faces.resource/images/ui-icons_898989_256x240.png?ln=primefaces-aristo HTTP/1.1" 304 -
152.203.208.102 - - [26/Mar/2023:14:18:30 -0500] "GET /sipse/faces/javax.faces.resource/primefaces.css?ln=primefaces&v=4.0 HTTP/1.1" 304 -
152.203.208.102 - - [26/Mar/2023:14:18:30 -0500] "GET /sipse/faces/javax.faces.resource/theme.css?ln=primefaces-sipse HTTP/1.1" 304 -
152.203.208.102 - - [26/Mar/2023:14:18:30 -0500] "GET /sipse/faces/javax.faces.resource/jquery/jquery.js?ln=primefaces&v=4.0 HTTP/1.1" 304 -
152.203.208.102 - - [26/Mar/2023:14:18:30 -0500] "GET /sipse/faces/javax.faces.resource/layout/layout.css?ln=primefaces&v=4.0 HTTP/1.1" 304 -
152.203.208.102 - - [26/Mar/2023:14:18:30 -0500] "GET /sipse/faces/javax.faces.resource/jquery/jquery-plugins.js?ln=primefaces&v=4.0 HTTP/1.1" 304 -
152.203.208.102 - - [26/Mar/2023:14:18:30 -0500] "GET /sipse/faces/javax.faces.resource/primefaces.js?ln=primefaces&v=4.0 HTTP/1.1" 304 -
152.203.208.102 - - [26/Mar/2023:14:18:30 -0500] "GET /sipse/faces/javax.faces.resource/layout/layout.js?ln=primefaces&v=4.0 HTTP/1.1" 304 -
152.203.208.102 - - [26/Mar/2023:14:18:30 -0500] "POST /sipse/faces/presentacion/financiero/solicitudProceso/consultarHistorialSolProceso.xhtml HTTP/1.1" 200 181640
152.203.208.102 - - [26/Mar/2023:14:18:30 -0500] "GET /sipse/css/imagen/contrasena.png HTTP/1.1" 404 383
152.203.208.102 - - [26/Mar/2023:14:18:30 -0500] "GET /sipse/faces/javax.faces.resource/images/ui-icons_898989_256x240.png?ln=primefaces-aristo HTTP/1.1" 304 -
152.203.208.102 - - [26/Mar/2023:14:18:49 -0500] "GET /sipse/faces/javax.faces.resource/images/ui-bg_flat_0_2d5972_40x100.png?ln=primefaces-aristo HTTP/1.1" 304 -
152.203.208.102 - - [26/Mar/2023:14:18:49 -0500] "POST /sipse/faces/presentacion/financiero/solicitudProceso/consultarSolicitudProceso.xhtml HTTP/1.1" 200 5526
192.168.175.240 - - [26/Mar/2023:14:19:17 -0500] "GET / HTTP/1.1" 200 4720
173.252.95.24 - - [26/Mar/2023:14:19:35 -0500] "GET /images/foto%202.jpg HTTP/1.1" 200 63300
191.95.60.50 - - [26/Mar/2023:14:19:49 -0500] "GET /pagos-por-servicios-ambientales-hidricos-una-iniciativa-para-la-conservacion-de-este-recurso.html HTTP/1.1" 304 -
179.33.72.8 - - [26/Mar/2023:14:19:50 -0500] "GET /%C3%82%C2%BFquieres-aprender-sobre-jardines-verticales-esta-es-tu-oportunidad.html HTTP/1.1" 200 925
216.245.221.92 - - [26/Mar/2023:14:19:53 -0500] "HEAD / HTTP/1.1" 200 -
186.28.78.250 - - [26/Mar/2023:14:19:57 -0500] "GET /%C3%82%C2%BFquieres-aprender-sobre-jardines-verticales-esta-es-tu-oportunidad.html HTTP/1.1" 200 925
201.245.192.253 - - [26/Mar/2023:14:20:04 -0500] "POST /kwsrmcab/Wsrmcab HTTP/1.1" 200 43628
201.245.192.253 - - [26/Mar/2023:14:20:07 -0500] "POST /kwsrmcab/Wsrmcab HTTP/1.1" 200 43302
192.168.175.240 - - [26/Mar/2023:14:20:17 -0500] "GET / HTTP/1.1" 200 4720
201.245.192.253 - - [26/Mar/2023:14:20:49 -0500] "POST /kwsrmcab/Wsrmcab  HTTP/1.1" 200 41914
192.168.175.240 - - [26/Mar/2023:14:21:17 -0500] "GET / HTTP/1.1" 200 4720
172.22.2.4 - - [26/Mar/2023:14:19:53 -0500] "HEAD /BLA/boletinlegal/ HTTP/1.1" 200 -
173.252.79.119 - - [26/Mar/2023:14:22:02 -0500] "GET /images/caminatas-ecol\xc3\xb3gicas-marzo---1920x1080_optimized.jpg HTTP/1.1" 404 1034
173.252.87.120 - - [26/Mar/2023:14:22:08 -0500] "GET /alcaldesa-claudia-lopez-encabezo-encuentro-con-las-mujeres-que-reverdecen-a-bogota.html HTTP/1.1" 206 1069
192.168.175.240 - - [26/Mar/2023:14:22:17 -0500] "GET / HTTP/1.1" 200 4720
152.203.208.102 - - [26/Mar/2023:14:22:22 -0500] "POST /sipse/faces/presentacion/financiero/solicitudProceso/consultarSolicitudProceso.xhtml HTTP/1.1" 200 62876
152.203.208.102 - - [26/Mar/2023:14:22:23 -0500] "GET /sipse/faces/javax.faces.resource/theme.css?ln=primefaces-sipse HTTP/1.1" 304 -
152.203.208.102 - - [26/Mar/2023:14:22:23 -0500] "GET /sipse/faces/javax.faces.resource/primefaces.css?ln=primefaces&v=4.0 HTTP/1.1" 304 -
152.203.208.102 - - [26/Mar/2023:14:22:23 -0500] "GET /sipse/faces/javax.faces.resource/layout/layout.css?ln=primefaces&v=4.0 HTTP/1.1" 304 -
152.203.208.102 - - [26/Mar/2023:14:22:23 -0500] "GET /sipse/faces/javax.faces.resource/jquery/jquery.js?ln=primefaces&v=4.0 HTTP/1.1" 304 -
152.203.208.102 - - [26/Mar/2023:14:22:23 -0500] "GET /sipse/faces/javax.faces.resource/jquery/jquery-plugins.js?ln=primefaces&v=4.0 HTTP/1.1" 304 -
152.203.208.102 - - [26/Mar/2023:14:22:23 -0500] "GET /sipse/faces/javax.faces.resource/primefaces.js?ln=primefaces&v=4.0 HTTP/1.1" 304 -
152.203.208.102 - - [26/Mar/2023:14:22:23 -0500] "GET /sipse/faces/javax.faces.resource/layout/layout.js?ln=primefaces&v=4.0 HTTP/1.1" 304 -
152.203.208.102 - - [26/Mar/2023:14:22:23 -0500] "POST /sipse/faces/presentacion/financiero/solicitudProceso/listarSolicitudProceso.xhtml HTTP/1.1" 200 1556
172.22.2.4 - - [26/Mar/2023:14:20:44 -0500] "GET /BLA/boletinlegal/ HTTP/1.1" 200 59296
152.203.208.102 - - [26/Mar/2023:14:22:28 -0500] "POST /sipse/faces/presentacion/financiero/solicitudProceso/listarSolicitudProceso.xhtml HTTP/1.1" 200 137559
152.203.208.102 - - [26/Mar/2023:14:22:29 -0500] "GET /sipse/faces/javax.faces.resource/primefaces.css?ln=primefaces&v=4.0 HTTP/1.1" 304 -
152.203.208.102 - - [26/Mar/2023:14:22:29 -0500] "GET /sipse/faces/javax.faces.resource/theme.css?ln=primefaces-sipse HTTP/1.1" 304 -
152.203.208.102 - - [26/Mar/2023:14:22:29 -0500] "GET /sipse/faces/javax.faces.resource/layout/layout.css?ln=primefaces&v=4.0 HTTP/1.1" 304 -
152.203.208.102 - - [26/Mar/2023:14:22:29 -0500] "GET /sipse/faces/javax.faces.resource/jquery/jquery.js?ln=primefaces&v=4.0 HTTP/1.1" 304 -
152.203.208.102 - - [26/Mar/2023:14:22:29 -0500] "GET /sipse/faces/javax.faces.resource/jquery/jquery-plugins.js?ln=primefaces&v=4.0 HTTP/1.1" 304 -
152.203.208.102 - - [26/Mar/2023:14:22:29 -0500] "GET /sipse/faces/javax.faces.resource/primefaces.js?ln=primefaces&v=4.0 HTTP/1.1" 304 -
152.203.208.102 - - [26/Mar/2023:14:22:29 -0500] "GET /sipse/faces/javax.faces.resource/layout/layout.js?ln=primefaces&v=4.0 HTTP/1.1" 304 -
152.203.208.102 - - [26/Mar/2023:14:22:32 -0500] "GET /sipse/faces/javax.faces.resource/theme.css?ln=primefaces-sipse HTTP/1.1" 304 -
152.203.208.102 - - [26/Mar/2023:14:22:32 -0500] "GET /sipse/faces/javax.faces.resource/primefaces.css?ln=primefaces&v=4.0 HTTP/1.1" 304 -
152.203.208.102 - - [26/Mar/2023:14:22:32 -0500] "GET /sipse/faces/javax.faces.resource/jquery/jquery.js?ln=primefaces&v=4.0 HTTP/1.1" 304 -
152.203.208.102 - - [26/Mar/2023:14:22:32 -0500] "GET /sipse/faces/javax.faces.resource/layout/layout.css?ln=primefaces&v=4.0 HTTP/1.1" 304 -
152.203.208.102 - - [26/Mar/2023:14:22:32 -0500] "GET /sipse/faces/javax.faces.resource/layout/layout.js?ln=primefaces&v=4.0 HTTP/1.1" 304 -
152.203.208.102 - - [26/Mar/2023:14:22:32 -0500] "GET /sipse/faces/javax.faces.resource/jquery/jquery-plugins.js?ln=primefaces&v=4.0 HTTP/1.1" 304 -
152.203.208.102 - - [26/Mar/2023:14:22:32 -0500] "GET /sipse/faces/javax.faces.resource/primefaces.js?ln=primefaces&v=4.0 HTTP/1.1" 304 -
152.203.208.102 - - [26/Mar/2023:14:22:32 -0500] "GET /sipse/faces/javax.faces.resource/fileupload/fileupload.css?ln=primefaces&v=4.0 HTTP/1.1" 304 -
152.203.208.102 - - [26/Mar/2023:14:22:31 -0500] "POST /sipse/faces/presentacion/financiero/solicitudProceso/consultarSolicitudProceso.xhtml HTTP/1.1" 200 21120
152.203.208.102 - - [26/Mar/2023:14:22:32 -0500] "GET /sipse/faces/javax.faces.resource/fileupload/fileupload.js?ln=primefaces&v=4.0 HTTP/1.1" 304 -
152.203.208.102 - - [26/Mar/2023:14:22:32 -0500] "GET /sipse/faces/javax.faces.resource/images/ui-icons_898989_256x240.png?ln=primefaces-aristo HTTP/1.1" 304 -
152.203.208.102 - - [26/Mar/2023:14:22:32 -0500] "GET /sipse/css/imagen/contrasena.png HTTP/1.1" 404 383
152.203.208.102 - - [26/Mar/2023:14:22:40 -0500] "GET /sipse/faces/javax.faces.resource/theme.css?ln=primefaces-sipse HTTP/1.1" 304 -
152.203.208.102 - - [26/Mar/2023:14:22:40 -0500] "GET /sipse/faces/javax.faces.resource/layout/layout.css?ln=primefaces&v=4.0 HTTP/1.1" 304 -
152.203.208.102 - - [26/Mar/2023:14:22:40 -0500] "GET /sipse/faces/javax.faces.resource/primefaces.css?ln=primefaces&v=4.0 HTTP/1.1" 304 -
152.203.208.102 - - [26/Mar/2023:14:22:40 -0500] "GET /sipse/faces/javax.faces.resource/jquery/jquery-plugins.js?ln=primefaces&v=4.0 HTTP/1.1" 304 -
152.203.208.102 - - [26/Mar/2023:14:22:40 -0500] "GET /sipse/faces/javax.faces.resource/jquery/jquery.js?ln=primefaces&v=4.0 HTTP/1.1" 304 -
152.203.208.102 - - [26/Mar/2023:14:22:40 -0500] "GET /sipse/faces/javax.faces.resource/layout/layout.js?ln=primefaces&v=4.0 HTTP/1.1" 304 -
152.203.208.102 - - [26/Mar/2023:14:22:40 -0500] "GET /sipse/faces/javax.faces.resource/primefaces.js?ln=primefaces&v=4.0 HTTP/1.1" 304 -
152.203.208.102 - - [26/Mar/2023:14:22:40 -0500] "GET /sipse/css/imagen/contrasena.png HTTP/1.1" 404 383
152.203.208.102 - - [26/Mar/2023:14:22:40 -0500] "GET /sipse/faces/javax.faces.resource/images/ui-icons_898989_256x240.png?ln=primefaces-aristo HTTP/1.1" 304 -
152.203.208.102 - - [26/Mar/2023:14:22:40 -0500] "POST /sipse/faces/presentacion/sistema/anexos/cargarAnexoSolicitudProceso.xhtml HTTP/1.1" 200 185205
152.203.208.102 - - [26/Mar/2023:14:23:04 -0500] "GET /sipse/faces/javax.faces.resource/images/ui-bg_flat_0_2d5972_40x100.png?ln=primefaces-aristo HTTP/1.1" 304 -
152.203.208.102 - - [26/Mar/2023:14:23:05 -0500] "POST /sipse/faces/presentacion/financiero/solicitudProceso/consultarSolicitudProceso.xhtml HTTP/1.1" 200 63353
152.203.208.102 - - [26/Mar/2023:14:23:08 -0500] "GET /sipse/faces/javax.faces.resource/theme.css?ln=primefaces-sipse HTTP/1.1" 304 -
152.203.208.102 - - [26/Mar/2023:14:23:08 -0500] "GET /sipse/faces/javax.faces.resource/primefaces.css?ln=primefaces&v=4.0 HTTP/1.1" 304 -
152.203.208.102 - - [26/Mar/2023:14:23:08 -0500] "GET /sipse/faces/javax.faces.resource/layout/layout.css?ln=primefaces&v=4.0 HTTP/1.1" 304 -
152.203.208.102 - - [26/Mar/2023:14:23:08 -0500] "GET /sipse/faces/javax.faces.resource/jquery/jquery.js?ln=primefaces&v=4.0 HTTP/1.1" 304 -
152.203.208.102 - - [26/Mar/2023:14:23:08 -0500] "GET /sipse/faces/javax.faces.resource/jquery/jquery-plugins.js?ln=primefaces&v=4.0 HTTP/1.1" 304 -
152.203.208.102 - - [26/Mar/2023:14:23:08 -0500] "GET /sipse/faces/javax.faces.resource/primefaces.js?ln=primefaces&v=4.0 HTTP/1.1" 304 -
152.203.208.102 - - [26/Mar/2023:14:23:08 -0500] "GET /sipse/faces/javax.faces.resource/layout/layout.js?ln=primefaces&v=4.0 HTTP/1.1" 304 -
152.203.208.102 - - [26/Mar/2023:14:23:08 -0500] "GET /sipse/faces/javax.faces.resource/messages/messages.png?ln=primefaces&v=4.0 HTTP/1.1" 304 -
152.203.208.102 - - [26/Mar/2023:14:23:08 -0500] "POST /sipse/faces/presentacion/financiero/solicitudProceso/listarSolicitudProceso.xhtml HTTP/1.1" 200 1556
152.203.208.102 - - [26/Mar/2023:14:23:11 -0500] "POST /sipse/faces/presentacion/financiero/solicitudProceso/listarSolicitudProceso.xhtml HTTP/1.1" 200 911
192.168.175.240 - - [26/Mar/2023:14:23:17 -0500] "GET / HTTP/1.1" 200 4720
52.167.144.71 - - [26/Mar/2023:14:23:22 -0500] "GET /BLA/resoluciones/AUTOS%202021/2066.pdf HTTP/1.1" 304 -
192.168.175.240 - - [26/Mar/2023:14:24:17 -0500] "GET / HTTP/1.1" 200 4720
186.86.32.140 - - [26/Mar/2023:14:24:29 -0500] "GET /appsia/controlador HTTP/1.1" 200 4799
186.86.32.140 - - [26/Mar/2023:14:24:29 -0500] "GET /appsia/css/estilos.css HTTP/1.1" 200 4804
186.86.32.140 - - [26/Mar/2023:14:24:29 -0500] "GET /appsia/scripts/validarIngreso.js HTTP/1.1" 200 851
186.86.32.140 - - [26/Mar/2023:14:24:30 -0500] "GET /appsia/images/logo_bogota_p.png HTTP/1.1" 200 14951
186.86.32.140 - - [26/Mar/2023:14:24:29 -0500] "GET /appsia/images/cabezoteHojaVida.png HTTP/1.1" 200 32493
186.86.32.140 - - [26/Mar/2023:14:24:30 -0500] "GET /favicon.ico HTTP/1.1" 200 7782
87.236.176.132 - - [26/Mar/2023:14:24:39 -0500] "GET /portaldeninos/ HTTP/1.1" 200 110197
216.245.221.92 - - [26/Mar/2023:14:24:53 -0500] "HEAD / HTTP/1.1" 200 -
192.168.175.240 - - [26/Mar/2023:14:25:17 -0500] "GET / HTTP/1.1" 200 4720
201.245.192.253 - - [26/Mar/2023:14:25:48 -0500] "POST /kwsrmcab/Wsrmcab  HTTP/1.1" 200 41914
192.168.175.240 - - [26/Mar/2023:14:26:17 -0500] "GET / HTTP/1.1" 200 4720
186.86.32.140 - - [26/Mar/2023:14:26:26 -0500] "POST /appsia/controlador HTTP/1.1" 200 3601
186.86.32.140 - - [26/Mar/2023:14:26:26 -0500] "GET /appsia/jscripts/validarSolicitud.js HTTP/1.1" 404 68
186.84.161.32 - - [26/Mar/2023:14:26:31 -0500] "GET /galeria/galeria/jquery.fancybox.css?v=2.1.5 HTTP/1.1" 200 4895
186.84.161.32 - - [26/Mar/2023:14:26:31 -0500] "GET /BLA/boletinlegal/js/jquery.scrollShow.js HTTP/1.1" 200 4586
186.84.161.32 - - [26/Mar/2023:14:26:31 -0500] "GET /galeria/galeria/jquery.fancybox.js?v=2.1.5 HTTP/1.1" 200 48706
186.86.32.140 - - [26/Mar/2023:14:26:36 -0500] "POST /appsia/controlador HTTP/1.1" 200 4799
186.86.32.140 - - [26/Mar/2023:14:27:01 -0500] "POST /appsia/controlador HTTP/1.1" 200 5437
186.86.32.140 - - [26/Mar/2023:14:27:07 -0500] "POST /appsia/controlador HTTP/1.1" 200 7724
186.86.32.140 - - [26/Mar/2023:14:27:08 -0500] "GET /appsia/images/logo_escudo.png HTTP/1.1" 200 36965
192.168.175.240 - - [26/Mar/2023:14:27:17 -0500] "GET / HTTP/1.1" 200 4720
172.22.2.4 - - [26/Mar/2023:14:25:44 -0500] "HEAD /BLA/boletinlegal/ HTTP/1.1" 200 -
172.22.2.4 - - [26/Mar/2023:14:26:34 -0500] "GET /BLA/boletinlegal/ HTTP/1.1" 200 55924
192.168.175.240 - - [26/Mar/2023:14:28:17 -0500] "GET / HTTP/1.1" 200 4720
52.167.144.167 - - [26/Mar/2023:14:28:39 -0500] "GET /BLA/resoluciones/AUTOS%202020/1693.pdf HTTP/1.1" 200 454289
192.168.175.240 - - [26/Mar/2023:14:29:17 -0500] "GET / HTTP/1.1" 200 4720
216.245.221.92 - - [26/Mar/2023:14:29:53 -0500] "HEAD / HTTP/1.1" 200 -
201.245.192.253 - - [26/Mar/2023:14:30:03 -0500] "POST /kwsrmcab/Wsrmcab HTTP/1.1" 200 43628
185.119.81.107 - - [26/Mar/2023:14:30:05 -0500] "GET /portaldeninos/wp-login.php HTTP/1.1" 200 2592
185.119.81.107 - - [26/Mar/2023:14:30:07 -0500] "POST /portaldeninos/wp-login.php HTTP/1.1" 200 3650
201.245.192.253 - - [26/Mar/2023:14:30:06 -0500] "POST /kwsrmcab/Wsrmcab HTTP/1.1" 200 43302
192.168.175.240 - - [26/Mar/2023:14:30:17 -0500] "GET / HTTP/1.1" 200 4720
201.245.192.253 - - [26/Mar/2023:14:30:46 -0500] "POST /kwsrmcab/Wsrmcab  HTTP/1.1" 200 41914
192.168.175.240 - - [26/Mar/2023:14:31:17 -0500] "GET / HTTP/1.1" 200 4720
192.144.114.138 - - [26/Mar/2023:14:31:18 -0500] "GET /BLA/resoluciones/index.php?dir=AUTOS+2014%2F HTTP/1.1" 200 888406
186.154.38.156 - - [26/Mar/2023:14:31:30 -0500] "GET /mujeres-que-reverdecen-secretaria-de-ambiente-anuncia-el-inicio-de-la-tercera-fase.html HTTP/1.1" 200 954
157.55.39.219 - - [26/Mar/2023:14:31:53 -0500] "GET /BLA/resoluciones/AUTOS%202021/5412.pdf HTTP/1.1" 304 -
192.168.175.240 - - [26/Mar/2023:14:32:17 -0500] "GET / HTTP/1.1" 200 4720
157.55.39.217 - - [26/Mar/2023:14:32:37 -0500] "GET /BLA/resoluciones/AUTOS%202016/2723.pdf HTTP/1.1" 200 342092
172.22.2.4 - - [26/Mar/2023:14:31:33 -0500] "HEAD /BLA/boletinlegal/ HTTP/1.1" 200 -
192.168.175.240 - - [26/Mar/2023:14:33:17 -0500] "GET / HTTP/1.1" 200 4720
201.245.192.253 - - [26/Mar/2023:14:33:28 -0500] "GET / HTTP/1.1" 200 319
186.86.33.243 - - [26/Mar/2023:14:33:51 -0500] "GET /galeria/galeria/jquery.fancybox.css?v=2.1.5 HTTP/1.1" 200 4895
186.86.33.243 - - [26/Mar/2023:14:33:51 -0500] "GET /galeria/galeria/jquery.fancybox.js?v=2.1.5 HTTP/1.1" 200 48706
186.86.33.243 - - [26/Mar/2023:14:33:51 -0500] "GET /BLA/boletinlegal/js/jquery.scrollShow.js HTTP/1.1" 200 4586
172.22.2.4 - - [26/Mar/2023:14:32:24 -0500] "GET /BLA/boletinlegal/ HTTP/1.1" 200 57551
192.168.175.240 - - [26/Mar/2023:14:34:17 -0500] "GET / HTTP/1.1" 200 4720
216.245.221.92 - - [26/Mar/2023:14:34:53 -0500] "HEAD / HTTP/1.1" 200 -
192.168.175.240 - - [26/Mar/2023:14:35:17 -0500] "GET / HTTP/1.1" 200 4720
157.55.39.219 - - [26/Mar/2023:14:35:34 -0500] "GET /BLA/resoluciones/AUTOS%202021/5123.pdf HTTP/1.1" 304 -
201.245.192.253 - - [26/Mar/2023:14:35:45 -0500] "POST /kwsrmcab/Wsrmcab  HTTP/1.1" 200 41914
192.168.175.240 - - [26/Mar/2023:14:36:17 -0500] "GET / HTTP/1.1" 200 4720
66.249.79.115 - - [26/Mar/2023:14:36:35 -0500] "-" 408 -
192.168.175.240 - - [26/Mar/2023:14:37:17 -0500] "GET / HTTP/1.1" 200 4720
192.168.175.240 - - [26/Mar/2023:14:38:17 -0500] "GET / HTTP/1.1" 200 4720
192.144.114.138 - - [26/Mar/2023:14:38:37 -0500] "GET /BLA/resoluciones/index.php?dir=AUTOS+2014%2F HTTP/1.1" 200 888406
172.22.2.4 - - [26/Mar/2023:14:37:23 -0500] "HEAD /BLA/boletinlegal/ HTTP/1.1" 200 -
192.168.175.240 - - [26/Mar/2023:14:39:17 -0500] "GET / HTTP/1.1" 200 4720
216.245.221.92 - - [26/Mar/2023:14:39:53 -0500] "HEAD / HTTP/1.1" 200 -
172.22.2.4 - - [26/Mar/2023:14:38:14 -0500] "GET /BLA/boletinlegal/ HTTP/1.1" 200 59296
201.245.192.253 - - [26/Mar/2023:14:40:04 -0500] "POST /kwsrmcab/Wsrmcab HTTP/1.1" 200 43628
201.245.192.253 - - [26/Mar/2023:14:40:07 -0500] "POST /kwsrmcab/Wsrmcab HTTP/1.1" 200 43302
52.167.144.165 - - [26/Mar/2023:14:40:09 -0500] "GET /BLA/resoluciones/AUTOS%202021/2440.pdf HTTP/1.1" 304 -
192.168.175.240 - - [26/Mar/2023:14:40:17 -0500] "GET / HTTP/1.1" 200 4720
201.245.192.253 - - [26/Mar/2023:14:40:43 -0500] "POST /kwsrmcab/Wsrmcab  HTTP/1.1" 200 41914
192.168.175.240 - - [26/Mar/2023:14:41:17 -0500] "GET / HTTP/1.1" 200 4720
192.168.175.240 - - [26/Mar/2023:14:42:17 -0500] "GET / HTTP/1.1" 200 4720
192.168.175.240 - - [26/Mar/2023:14:43:17 -0500] "GET / HTTP/1.1" 200 4720
52.167.144.167 - - [26/Mar/2023:14:43:22 -0500] "GET /BLA/resoluciones/index.php?dir=RESOLUCIONES+2023%2F HTTP/1.1" 200 10548
192.168.175.240 - - [26/Mar/2023:14:44:17 -0500] "GET / HTTP/1.1" 200 4720
216.245.221.92 - - [26/Mar/2023:14:44:53 -0500] "HEAD / HTTP/1.1" 200 -
172.22.2.4 - - [26/Mar/2023:14:43:13 -0500] "HEAD /BLA/boletinlegal/ HTTP/1.1" 200 -
192.168.175.240 - - [26/Mar/2023:14:45:17 -0500] "GET / HTTP/1.1" 200 4720
192.144.114.138 - - [26/Mar/2023:14:45:28 -0500] "GET /BLA/resoluciones/index.php?dir=AUTOS+2013%2F HTTP/1.1" 200 407265
201.245.192.253 - - [26/Mar/2023:14:45:41 -0500] "POST /kwsrmcab/Wsrmcab  HTTP/1.1" 200 41914
172.22.2.4 - - [26/Mar/2023:14:44:04 -0500] "GET /BLA/boletinlegal/ HTTP/1.1" 200 59296
192.168.175.240 - - [26/Mar/2023:14:46:17 -0500] "GET / HTTP/1.1" 200 4720
192.168.175.240 - - [26/Mar/2023:14:47:17 -0500] "GET / HTTP/1.1" 200 4720
192.168.175.240 - - [26/Mar/2023:14:48:17 -0500] "GET / HTTP/1.1" 200 4720
192.168.175.240 - - [26/Mar/2023:14:49:17 -0500] "GET / HTTP/1.1" 200 4720
172.22.2.4 - - [26/Mar/2023:14:48:07 -0500] "HEAD /BLA/boletinlegal/ HTTP/1.1" 200 -
40.77.167.184 - - [26/Mar/2023:14:49:52 -0500] "-" 408 -
216.245.221.92 - - [26/Mar/2023:14:49:53 -0500] "HEAD / HTTP/1.1" 200 -
192.168.175.240 - - [26/Mar/2023:14:50:17 -0500] "GET / HTTP/1.1" 200 4720
201.245.192.253 - - [26/Mar/2023:14:50:39 -0500] "POST /kwsrmcab/Wsrmcab  HTTP/1.1" 200 41914
172.22.2.4 - - [26/Mar/2023:14:49:03 -0500] "HEAD /BLA/boletinlegal/ HTTP/1.1" 200 -
192.168.175.240 - - [26/Mar/2023:14:51:17 -0500] "GET / HTTP/1.1" 200 4720
172.22.2.4 - - [26/Mar/2023:14:49:54 -0500] "GET /BLA/boletinlegal/ HTTP/1.1" 200 56277
35.204.179.234 - - [26/Mar/2023:14:51:53 -0500] "GET /inventario-de-emisiones-2020-transporte-publico-sitp-redujo-emisiones-de-pm-2-5-en-un-37.html HTTP/1.1" 200 925
192.168.175.240 - - [26/Mar/2023:14:52:17 -0500] "GET / HTTP/1.1" 200 4720
191.156.57.237 - - [26/Mar/2023:14:53:01 -0500] "GET /%C3%82%C2%A1un-exito-la-convocatoria-de-la-tercera-fase-de-mujeres-que-reverdecen-con-cerca-de-4000-mujeres-se-cierran-inscripciones.html HTTP/1.1" 200 939
181.59.179.79 - - [26/Mar/2023:14:53:05 -0500] "GET /galeria/galeria/jquery.fancybox.js?v=2.1.5 HTTP/1.1" 200 48706
181.59.179.79 - - [26/Mar/2023:14:53:05 -0500] "GET /BLA/boletinlegal/js/jquery.scrollShow.js HTTP/1.1" 200 4586
181.59.179.79 - - [26/Mar/2023:14:53:05 -0500] "GET /galeria/galeria/jquery.fancybox.css?v=2.1.5 HTTP/1.1" 200 4895
192.168.175.240 - - [26/Mar/2023:14:53:17 -0500] "GET / HTTP/1.1" 200 4720
66.249.79.128 - - [26/Mar/2023:14:53:22 -0500] "-" 408 -
192.168.175.240 - - [26/Mar/2023:14:54:17 -0500] "GET / HTTP/1.1" 200 4720
216.245.221.92 - - [26/Mar/2023:14:54:53 -0500] "HEAD / HTTP/1.1" 200 -
172.22.2.4 - - [26/Mar/2023:14:55:13 -0500] "GET /BLA/boletinlegal/actos.php HTTP/1.1" 200 9672
192.168.175.240 - - [26/Mar/2023:14:55:17 -0500] "GET / HTTP/1.1" 200 4720
201.245.192.253 - - [26/Mar/2023:14:55:39 -0500] "POST /kwsrmcab/Wsrmcab  HTTP/1.1" 200 41914
172.22.2.4 - - [26/Mar/2023:14:55:45 -0500] "GET /BLA/boletinlegal/Circulares/2023/CIRCULAR%20No.%2000003%20DEL%2021%20DE%20FEBRERO%20DEL%202023.pdf HTTP/1.1" 304 -
173.252.87.4 - - [26/Mar/2023:14:55:54 -0500] "GET /images/cr\xc3\xb3nica-29-nov-1_optimized.jpeg HTTP/1.1" 404 1034
201.221.172.115 - - [26/Mar/2023:14:56:09 -0500] "GET /mujeres-que-reverdecen-secretaria-de-ambiente-anuncia-el-inicio-de-la-tercera-fase.html HTTP/1.1" 200 954
192.168.175.240 - - [26/Mar/2023:14:56:17 -0500] "GET / HTTP/1.1" 200 4720
172.22.2.4 - - [26/Mar/2023:14:54:53 -0500] "HEAD /BLA/boletinlegal/ HTTP/1.1" 200 -
35.204.37.140 - - [26/Mar/2023:14:57:13 -0500] "GET /inventario-de-emisiones-2020-transporte-publico-sitp-redujo-emisiones-de-pm-2-5-en-un-37.html HTTP/1.1" 200 925
186.80.52.163 - - [26/Mar/2023:14:57:16 -0500] "GET /sipse/faces/javax.faces.resource/theme.css?ln=primefaces-sipse HTTP/1.1" 304 -
186.80.52.163 - - [26/Mar/2023:14:57:16 -0500] "GET /sipse/faces/javax.faces.resource/primefaces.css?ln=primefaces&v=4.0 HTTP/1.1" 304 -
186.80.52.163 - - [26/Mar/2023:14:57:16 -0500] "GET /sipse/faces/javax.faces.resource/layout/layout.css?ln=primefaces&v=4.0 HTTP/1.1" 304 -
186.80.52.163 - - [26/Mar/2023:14:57:16 -0500] "GET /sipse/faces/javax.faces.resource/jquery/jquery-plugins.js?ln=primefaces&v=4.0 HTTP/1.1" 304 -
186.80.52.163 - - [26/Mar/2023:14:57:16 -0500] "GET /sipse/faces/javax.faces.resource/jquery/jquery.js?ln=primefaces&v=4.0 HTTP/1.1" 304 -
186.80.52.163 - - [26/Mar/2023:14:57:16 -0500] "GET /sipse/faces/javax.faces.resource/primefaces.js?ln=primefaces&v=4.0 HTTP/1.1" 304 -
186.80.52.163 - - [26/Mar/2023:14:57:16 -0500] "GET /sipse/faces/javax.faces.resource/layout/layout.js?ln=primefaces&v=4.0 HTTP/1.1" 304 -
186.80.52.163 - - [26/Mar/2023:14:57:16 -0500] "GET /sipse/faces/javax.faces.resource/images/ui-icons_898989_256x240.png?ln=primefaces-aristo HTTP/1.1" 304 -
186.80.52.163 - - [26/Mar/2023:14:57:16 -0500] "GET /sipse/faces/faces/index.xhtml HTTP/1.1" 200 677
186.80.52.163 - - [26/Mar/2023:14:57:16 -0500] "GET /sipse/faces/javax.faces.resource/theme.css?ln=primefaces-sipse HTTP/1.1" 304 -
186.80.52.163 - - [26/Mar/2023:14:57:16 -0500] "GET /sipse/faces/faces/faces/autenticacion.xhtml HTTP/1.1" 200 12179
186.80.52.163 - - [26/Mar/2023:14:57:17 -0500] "GET /sipse/faces/javax.faces.resource/theme.css?ln=primefaces-sipse HTTP/1.1" 304 -
186.80.52.163 - - [26/Mar/2023:14:57:17 -0500] "GET /sipse/faces/javax.faces.resource/layout/layout.css?ln=primefaces&v=4.0 HTTP/1.1" 304 -
186.80.52.163 - - [26/Mar/2023:14:57:17 -0500] "GET /sipse/faces/javax.faces.resource/primefaces.css?ln=primefaces&v=4.0 HTTP/1.1" 304 -
186.80.52.163 - - [26/Mar/2023:14:57:17 -0500] "GET /sipse/faces/javax.faces.resource/jquery/jquery-plugins.js?ln=primefaces&v=4.0 HTTP/1.1" 304 -
186.80.52.163 - - [26/Mar/2023:14:57:17 -0500] "GET /sipse/faces/javax.faces.resource/jquery/jquery.js?ln=primefaces&v=4.0 HTTP/1.1" 304 -
186.80.52.163 - - [26/Mar/2023:14:57:17 -0500] "GET /sipse/faces/javax.faces.resource/primefaces.js?ln=primefaces&v=4.0 HTTP/1.1" 304 -
186.80.52.163 - - [26/Mar/2023:14:57:17 -0500] "GET /sipse/faces/javax.faces.resource/layout/layout.js?ln=primefaces&v=4.0 HTTP/1.1" 304 -
192.168.175.240 - - [26/Mar/2023:14:57:17 -0500] "GET / HTTP/1.1" 200 4720
172.22.2.4 - - [26/Mar/2023:14:55:44 -0500] "GET /BLA/boletinlegal/ HTTP/1.1" 200 59296
40.77.167.211 - - [26/Mar/2023:14:57:38 -0500] "GET /BLA/resoluciones/RESOLUCIONES%202021/2482.pdf HTTP/1.1" 200 331600
192.168.175.240 - - [26/Mar/2023:14:58:17 -0500] "GET / HTTP/1.1" 200 4720
173.252.127.16 - - [26/Mar/2023:14:58:27 -0500] "GET /images/mujeres-reverdecen-humedales-2-febrero.jpg HTTP/1.1" 200 47327
192.168.175.240 - - [26/Mar/2023:14:59:17 -0500] "GET / HTTP/1.1" 200 4720
216.245.221.92 - - [26/Mar/2023:14:59:53 -0500] "HEAD / HTTP/1.1" 200 -
192.168.175.240 - - [26/Mar/2023:15:00:17 -0500] "GET / HTTP/1.1" 200 4720
201.245.192.253 - - [26/Mar/2023:15:00:38 -0500] "POST /kwsrmcab/Wsrmcab  HTTP/1.1" 200 41914
192.168.175.240 - - [26/Mar/2023:15:01:17 -0500] "GET / HTTP/1.1" 200 4720
192.168.175.240 - - [26/Mar/2023:15:02:17 -0500] "GET / HTTP/1.1" 200 4720
172.22.2.4 - - [26/Mar/2023:15:00:44 -0500] "HEAD /BLA/boletinlegal/ HTTP/1.1" 200 -
172.22.2.4 - - [26/Mar/2023:15:03:07 -0500] "GET /BLA/boletinlegal/actos.php HTTP/1.1" 200 9672
172.22.2.4 - - [26/Mar/2023:15:01:34 -0500] "GET /BLA/boletinlegal/ HTTP/1.1" 200 57141
192.168.175.240 - - [26/Mar/2023:15:03:17 -0500] "GET / HTTP/1.1" 200 4720
192.168.175.240 - - [26/Mar/2023:15:04:17 -0500] "GET / HTTP/1.1" 200 4720
52.167.144.167 - - [26/Mar/2023:15:04:42 -0500] "GET /BLA/resoluciones/AUTOS%202022/5587.pdf HTTP/1.1" 200 496606
172.22.2.4 - - [26/Mar/2023:15:04:48 -0500] "GET /BLA/boletinlegal/actos.php HTTP/1.1" 200 9672
216.245.221.92 - - [26/Mar/2023:15:04:53 -0500] "HEAD / HTTP/1.1" 200 -
192.168.175.240 - - [26/Mar/2023:15:05:17 -0500] "GET / HTTP/1.1" 200 4720
201.245.192.253 - - [26/Mar/2023:15:05:36 -0500] "POST /kwsrmcab/Wsrmcab  HTTP/1.1" 200 41914
192.168.175.240 - - [26/Mar/2023:15:06:17 -0500] "GET / HTTP/1.1" 200 4720
66.249.79.113 - - [26/Mar/2023:15:06:35 -0500] "-" 408 -
192.168.175.240 - - [26/Mar/2023:15:07:17 -0500] "GET / HTTP/1.1" 200 4720
172.22.2.4 - - [26/Mar/2023:15:06:33 -0500] "HEAD /BLA/boletinlegal/ HTTP/1.1" 200 -
192.168.175.240 - - [26/Mar/2023:15:08:17 -0500] "GET / HTTP/1.1" 200 4720
157.55.39.217 - - [26/Mar/2023:15:08:53 -0500] "GET /Autoliquidacion/index.php?dir=Permiso+de+ocupaci%F3n+de+cauce%2F HTTP/1.1" 200 2434
207.46.13.209 - - [26/Mar/2023:15:08:57 -0500] "GET /Autoliquidacion/index.php?dir=Solicitudes+relacionadas+con+ocupaci%F3n+de+cauce%2F HTTP/1.1" 200 2870
172.22.2.4 - - [26/Mar/2023:15:07:24 -0500] "GET /BLA/boletinlegal/ HTTP/1.1" 200 57551
192.168.175.240 - - [26/Mar/2023:15:09:17 -0500] "GET / HTTP/1.1" 200 4720
179.43.177.242 - - [26/Mar/2023:15:09:17 -0500] "POST /boaform/admin/formLogin HTTP/1.1" 404 1186
216.245.221.92 - - [26/Mar/2023:15:09:53 -0500] "HEAD / HTTP/1.1" 200 -
192.168.175.240 - - [26/Mar/2023:15:10:17 -0500] "GET / HTTP/1.1" 200 4720
201.245.192.253 - - [26/Mar/2023:15:10:35 -0500] "POST /kwsrmcab/Wsrmcab  HTTP/1.1" 200 41914
192.168.175.240 - - [26/Mar/2023:15:11:17 -0500] "GET / HTTP/1.1" 200 4720
192.168.175.240 - - [26/Mar/2023:15:12:17 -0500] "GET / HTTP/1.1" 200 4720
192.168.175.240 - - [26/Mar/2023:15:13:17 -0500] "GET / HTTP/1.1" 200 4720
172.22.2.4 - - [26/Mar/2023:15:12:24 -0500] "HEAD /BLA/boletinlegal/ HTTP/1.1" 200 -
192.168.175.240 - - [26/Mar/2023:15:14:17 -0500] "GET / HTTP/1.1" 200 4720
216.245.221.92 - - [26/Mar/2023:15:14:53 -0500] "HEAD / HTTP/1.1" 200 -
172.22.2.4 - - [26/Mar/2023:15:13:14 -0500] "GET /BLA/boletinlegal/ HTTP/1.1" 200 56744
192.168.175.240 - - [26/Mar/2023:15:15:17 -0500] "GET / HTTP/1.1" 200 4720
201.245.192.253 - - [26/Mar/2023:15:15:35 -0500] "POST /kwsrmcab/Wsrmcab  HTTP/1.1" 200 41914
192.168.175.240 - - [26/Mar/2023:15:16:17 -0500] "GET / HTTP/1.1" 200 4720
14.116.152.103 - - [26/Mar/2023:15:16:40 -0500] "GET / HTTP/1.1" 200 319
192.168.175.240 - - [26/Mar/2023:15:17:17 -0500] "GET / HTTP/1.1" 200 4720
66.220.149.14 - - [26/Mar/2023:15:17:36 -0500] "GET /images/negocios-verdes-mayo-2022.jpg HTTP/1.1" 200 48000
66.249.79.128 - - [26/Mar/2023:15:17:55 -0500] "-" 408 -
192.168.175.240 - - [26/Mar/2023:15:18:17 -0500] "GET / HTTP/1.1" 200 4720
192.168.175.240 - - [26/Mar/2023:15:19:17 -0500] "GET / HTTP/1.1" 200 4720
216.245.221.92 - - [26/Mar/2023:15:19:53 -0500] "HEAD / HTTP/1.1" 200 -
172.22.2.4 - - [26/Mar/2023:15:18:13 -0500] "HEAD /BLA/boletinlegal/ HTTP/1.1" 200 -
201.245.192.253 - - [26/Mar/2023:15:20:04 -0500] "POST /kwsrmcab/Wsrmcab HTTP/1.1" 200 43625
201.245.192.253 - - [26/Mar/2023:15:20:07 -0500] "POST /kwsrmcab/Wsrmcab HTTP/1.1" 200 43161
192.168.175.240 - - [26/Mar/2023:15:20:17 -0500] "GET / HTTP/1.1" 200 4720
201.245.192.253 - - [26/Mar/2023:15:20:29 -0500] "POST /kwsrmcab/Wsrmcab  HTTP/1.1" 200 41914
172.22.2.4 - - [26/Mar/2023:15:19:04 -0500] "GET /BLA/boletinlegal/ HTTP/1.1" 200 57141
190.130.97.27 - - [26/Mar/2023:15:21:17 -0500] "GET /sipse/faces/javax.faces.resource/theme.css?ln=primefaces-sipse HTTP/1.1" 304 -
190.130.97.27 - - [26/Mar/2023:15:21:17 -0500] "GET /sipse/faces/faces/faces/autenticacion.xhtml HTTP/1.1" 200 12179
190.130.97.27 - - [26/Mar/2023:15:21:17 -0500] "GET /sipse/js/disable_browser_buttons.js HTTP/1.1" 304 -
190.130.97.27 - - [26/Mar/2023:15:21:17 -0500] "GET /sipse/css/custom_css_sg.css HTTP/1.1" 304 -
190.130.97.27 - - [26/Mar/2023:15:21:17 -0500] "GET /sipse/js/funciones.js HTTP/1.1" 304 -
190.130.97.27 - - [26/Mar/2023:15:21:17 -0500] "GET /sipse/css/custom_css_sg_prime_login.css HTTP/1.1" 304 -
190.130.97.27 - - [26/Mar/2023:15:21:17 -0500] "GET /sipse/faces/javax.faces.resource/layout/layout.css?ln=primefaces&v=4.0 HTTP/1.1" 304 -
190.130.97.27 - - [26/Mar/2023:15:21:17 -0500] "GET /sipse/faces/javax.faces.resource/theme.css?ln=primefaces-sipse HTTP/1.1" 304 -
190.130.97.27 - - [26/Mar/2023:15:21:17 -0500] "GET /sipse/faces/javax.faces.resource/primefaces.css?ln=primefaces&v=4.0 HTTP/1.1" 304 -
190.130.97.27 - - [26/Mar/2023:15:21:17 -0500] "GET /sipse/faces/javax.faces.resource/jquery/jquery.js?ln=primefaces&v=4.0 HTTP/1.1" 304 -
190.130.97.27 - - [26/Mar/2023:15:21:17 -0500] "GET /sipse/faces/javax.faces.resource/jquery/jquery-plugins.js?ln=primefaces&v=4.0 HTTP/1.1" 304 -
190.130.97.27 - - [26/Mar/2023:15:21:17 -0500] "GET /sipse/faces/javax.faces.resource/layout/layout.js?ln=primefaces&v=4.0 HTTP/1.1" 304 -
190.130.97.27 - - [26/Mar/2023:15:21:17 -0500] "GET /sipse/faces/javax.faces.resource/primefaces.js?ln=primefaces&v=4.0 HTTP/1.1" 304 -
192.168.175.240 - - [26/Mar/2023:15:21:17 -0500] "GET / HTTP/1.1" 200 4720
190.130.97.27 - - [26/Mar/2023:15:21:17 -0500] "GET /sipse/css/imagen/loginimg.png HTTP/1.1" 304 -
190.130.97.27 - - [26/Mar/2023:15:21:17 -0500] "GET /sipse/css/imagen/logoSDG.png HTTP/1.1" 304 -
190.130.97.27 - - [26/Mar/2023:15:21:17 -0500] "GET /sipse/faces/javax.faces.resource/images/ui-icons_898989_256x240.png?ln=primefaces-aristo HTTP/1.1" 304 -
192.168.175.240 - - [26/Mar/2023:15:22:17 -0500] "GET / HTTP/1.1" 200 4720
192.168.175.240 - - [26/Mar/2023:15:23:17 -0500] "GET / HTTP/1.1" 200 4720
52.167.144.71 - - [26/Mar/2023:15:23:32 -0500] "GET /autoliquidacion/solicitudes%20relacionadas%20con%20calidad%20del%20aire%20auditiva%20y%20visual/registro%20de%20elementos%20de%20publicidad%20exterior%20visual/2019ie200072%20pm04-pr16.pdf HTTP/1.1" 200 206029
