172.22.2.4 - - [26/Mar/2023:09:30:46 -0500] "GET /BLA/boletinlegal/actos.php HTTP/1.1" 200 9672
192.168.175.240 - - [26/Mar/2023:09:31:18 -0500] "GET / HTTP/1.1" 200 4720
201.245.192.253 - - [26/Mar/2023:09:31:55 -0500] "POST /kwsrmcab/Wsrmcab  HTTP/1.1" 200 41914
34.141.165.66 - - [26/Mar/2023:09:32:08 -0500] "GET /inventario-de-emisiones-2020-transporte-publico-sitp-redujo-emisiones-de-pm-2-5-en-un-37.html HTTP/1.1" 200 925
172.22.2.4 - - [26/Mar/2023:09:32:17 -0500] "GET /BLA/boletinlegal/actos.php HTTP/1.1" 200 9672
172.22.2.4 - - [26/Mar/2023:09:32:18 -0500] "GET /BLA/boletinlegal/favicon.ico HTTP/1.1" 404 1326
192.168.175.240 - - [26/Mar/2023:09:32:18 -0500] "GET / HTTP/1.1" 200 4720
191.156.182.225 - - [26/Mar/2023:09:32:19 -0500] "GET /BLA/resoluciones/ HTTP/1.1" 200 13502
191.156.182.225 - - [26/Mar/2023:09:32:23 -0500] "GET /BLA/resoluciones/AUTOS%202022/0120.pdf HTTP/1.1" 200 649471
191.156.182.225 - - [26/Mar/2023:09:32:22 -0500] "GET /BLA/resoluciones/index.php?dir=AUTOS+2022%2F HTTP/1.1" 200 452522
191.156.182.225 - - [26/Mar/2023:09:32:24 -0500] "GET /BLA/resoluciones/index.php?dir=AUTOS+2022%2F HTTP/1.1" 200 452522
172.22.2.4 - - [26/Mar/2023:09:32:38 -0500] "GET /BLA/boletinlegal/ HTTP/1.1" 200 20427
192.168.175.240 - - [26/Mar/2023:09:33:18 -0500] "GET / HTTP/1.1" 200 4720
157.55.39.218 - - [26/Mar/2023:09:33:21 -0500] "GET /portaldeninos/humedal-la-conejera-2/ HTTP/1.1" 200 88020
52.167.144.43 - - [26/Mar/2023:09:33:47 -0500] "GET /portaldeninos/wp-includes/js/jquery/ui/tabs.min.js?ver=1.11.4 HTTP/1.1" 200 12110
157.55.39.218 - - [26/Mar/2023:09:33:51 -0500] "GET /portaldeninos/wp-content/themes/betheme/css/layout.css?ver=20.9.6 HTTP/1.1" 200 116639
192.168.175.240 - - [26/Mar/2023:09:34:18 -0500] "GET / HTTP/1.1" 200 4720
157.55.39.223 - - [26/Mar/2023:09:34:27 -0500] "-" 408 -
216.245.221.92 - - [26/Mar/2023:09:34:54 -0500] "HEAD / HTTP/1.1" 200 -
192.168.175.240 - - [26/Mar/2023:09:35:18 -0500] "GET / HTTP/1.1" 200 4720
52.167.144.71 - - [26/Mar/2023:09:35:27 -0500] "GET /BLA/resoluciones/AUTOS%202021/4627.pdf HTTP/1.1" 200 375252
172.22.2.4 - - [26/Mar/2023:09:34:03 -0500] "HEAD /BLA/boletinlegal/ HTTP/1.1" 200 -
190.84.119.147 - - [26/Mar/2023:09:36:05 -0500] "GET /BLA/resoluciones/index.php?dir=AUTOS+2018%2F HTTP/1.1" 200 449478
192.168.175.240 - - [26/Mar/2023:09:36:18 -0500] "GET / HTTP/1.1" 200 4720
66.249.79.111 - - [26/Mar/2023:09:36:31 -0500] "-" 408 -
172.22.2.4 - - [26/Mar/2023:09:34:54 -0500] "GET /BLA/boletinlegal/ HTTP/1.1" 200 53914
201.245.192.253 - - [26/Mar/2023:09:36:54 -0500] "POST /kwsrmcab/Wsrmcab  HTTP/1.1" 200 41914
192.168.175.240 - - [26/Mar/2023:09:37:18 -0500] "GET / HTTP/1.1" 200 4720
181.55.226.133 - - [26/Mar/2023:09:38:12 -0500] "-" 408 -
192.168.175.240 - - [26/Mar/2023:09:38:18 -0500] "GET / HTTP/1.1" 200 4720
192.168.175.240 - - [26/Mar/2023:09:39:18 -0500] "GET / HTTP/1.1" 200 4720
216.245.221.92 - - [26/Mar/2023:09:39:54 -0500] "HEAD / HTTP/1.1" 200 -
201.245.192.253 - - [26/Mar/2023:09:40:05 -0500] "POST /kwsrmcab/Wsrmcab HTTP/1.1" 200 42144
201.245.192.253 - - [26/Mar/2023:09:40:08 -0500] "POST /kwsrmcab/Wsrmcab HTTP/1.1" 200 43184
192.168.175.240 - - [26/Mar/2023:09:40:18 -0500] "GET / HTTP/1.1" 200 4720
52.167.144.113 - - [26/Mar/2023:09:40:29 -0500] "GET /BLA/resoluciones/AUTOS%202021/4083.pdf HTTP/1.1" 304 -
69.147.86.248 - - [26/Mar/2023:09:40:53 -0500] "GET /images/jardines-verticales_optimized.jpeg HTTP/1.1" 200 138197
192.168.175.240 - - [26/Mar/2023:09:41:18 -0500] "GET / HTTP/1.1" 200 4720
52.167.144.71 - - [26/Mar/2023:09:41:25 -0500] "GET /BLA/resoluciones/RESOLUCIONES%202021/5522.pdf HTTP/1.1" 200 440112
172.22.2.4 - - [26/Mar/2023:09:39:53 -0500] "HEAD /BLA/boletinlegal/ HTTP/1.1" 200 -
201.245.192.253 - - [26/Mar/2023:09:41:53 -0500] "POST /kwsrmcab/Wsrmcab  HTTP/1.1" 200 41914
186.154.0.169 - - [26/Mar/2023:09:41:56 -0500] "GET /%C3%82%C2%BFquieres-aprender-sobre-jardines-verticales-esta-es-tu-oportunidad.html HTTP/1.1" 200 925
190.25.170.92 - - [26/Mar/2023:09:42:12 -0500] "GET /galeria/galeria/jquery.fancybox.css?v=2.1.5 HTTP/1.1" 200 4895
190.25.170.92 - - [26/Mar/2023:09:42:12 -0500] "GET /BLA/boletinlegal/js/jquery.scrollShow.js HTTP/1.1" 200 4586
190.25.170.92 - - [26/Mar/2023:09:42:12 -0500] "GET /galeria/galeria/jquery.fancybox.js?v=2.1.5 HTTP/1.1" 200 48706
192.168.175.240 - - [26/Mar/2023:09:42:18 -0500] "GET / HTTP/1.1" 200 4720
172.22.2.4 - - [26/Mar/2023:09:40:44 -0500] "GET /BLA/boletinlegal/ HTTP/1.1" 200 57141
40.77.190.150 - - [26/Mar/2023:09:42:59 -0500] "GET /sipse/faces/javax.faces.resource/layout/layout.css;jsessionid=0NNx+5VP53DSoLqwB+Km23hx.undefined?ln=primefaces&v=4.0 HTTP/1.1" 200 542
40.77.188.59 - - [26/Mar/2023:09:42:59 -0500] "GET /sipse/faces/javax.faces.resource/primefaces.css;jsessionid=0NNx+5VP53DSoLqwB+Km23hx.undefined?ln=primefaces&v=4.0 HTTP/1.1" 200 53295
40.77.188.234 - - [26/Mar/2023:09:42:59 -0500] "GET /sipse/faces/javax.faces.resource/layout/layout.js;jsessionid=0NNx+5VP53DSoLqwB+Km23hx.undefined?ln=primefaces&v=4.0 HTTP/1.1" 200 87560
40.77.189.47 - - [26/Mar/2023:09:42:59 -0500] "GET /sipse/faces/javax.faces.resource/primefaces.js;jsessionid=0NNx+5VP53DSoLqwB+Km23hx.undefined?ln=primefaces&v=4.0 HTTP/1.1" 200 276924
40.77.190.191 - - [26/Mar/2023:09:43:00 -0500] "GET /sipse/faces/faces/index.xhtml HTTP/1.1" 200 677
192.168.175.240 - - [26/Mar/2023:09:43:18 -0500] "GET / HTTP/1.1" 200 4720
181.61.100.76 - - [26/Mar/2023:09:43:57 -0500] "GET /distrito-declara-alerta-preventiva-en-el-suroccidente-de-la-ciudad-por-mala-calidad-del-aire.html HTTP/1.1" 200 1065
186.84.131.63 - - [26/Mar/2023:09:43:58 -0500] "GET /%C3%82%C2%BFquieres-aprender-sobre-jardines-verticales-esta-es-tu-oportunidad.html HTTP/1.1" 304 -
192.168.175.240 - - [26/Mar/2023:09:44:18 -0500] "GET / HTTP/1.1" 200 4720
216.245.221.92 - - [26/Mar/2023:09:44:54 -0500] "HEAD / HTTP/1.1" 200 -
192.168.175.240 - - [26/Mar/2023:09:45:18 -0500] "GET / HTTP/1.1" 200 4720
192.168.175.240 - - [26/Mar/2023:09:46:18 -0500] "GET / HTTP/1.1" 200 4720
181.61.205.93 - - [26/Mar/2023:09:46:31 -0500] "GET /cooperacion-internacional-postulate-para-la-coordinacion-ambiental-de-proyecto-con-la-union-europea-avantia.html HTTP/1.1" 200 1020
181.61.205.93 - - [26/Mar/2023:09:46:32 -0500] "GET /html/css/main.css?browserId=other&themeId=rknowsys_WAR_rknowsystheme&minifierType=css&languageId=es_ES&b=6202&t=1419355480000 HTTP/1.1" 404 1136
181.61.205.93 - - [26/Mar/2023:09:46:32 -0500] "GET /cooperacion-internacional-postulate-para-la-coordinacion-ambiental-de-proyecto-con-la-union-europea-avantia.html HTTP/1.1" 304 -
181.61.205.93 - - [26/Mar/2023:09:46:35 -0500] "GET /html/css/main.css?browserId=other&themeId=rknowsys_WAR_rknowsystheme&minifierType=css&languageId=es_ES&b=6202&t=1419355480000 HTTP/1.1" 404 1136
181.61.205.93 - - [26/Mar/2023:09:46:35 -0500] "GET /cooperacion-internacional-postulate-para-la-coordinacion-ambiental-de-proyecto-con-la-union-europea-avantia.html HTTP/1.1" 304 -
181.61.205.93 - - [26/Mar/2023:09:46:35 -0500] "GET /html/css/main.css?browserId=other&themeId=rknowsys_WAR_rknowsystheme&minifierType=css&languageId=es_ES&b=6202&t=1419355480000 HTTP/1.1" 404 1136
201.245.192.253 - - [26/Mar/2023:09:46:52 -0500] "POST /kwsrmcab/Wsrmcab  HTTP/1.1" 200 41914
192.168.175.240 - - [26/Mar/2023:09:47:18 -0500] "GET / HTTP/1.1" 200 4720
74.125.210.165 - - [26/Mar/2023:09:47:19 -0500] "GET /images/jardines-verticales_optimized.jpeg HTTP/1.1" 200 138197
172.22.2.4 - - [26/Mar/2023:09:45:43 -0500] "HEAD /BLA/boletinlegal/ HTTP/1.1" 200 -
172.22.2.4 - - [26/Mar/2023:09:46:34 -0500] "GET /BLA/boletinlegal/ HTTP/1.1" 200 55924
192.168.175.240 - - [26/Mar/2023:09:48:18 -0500] "GET / HTTP/1.1" 200 4720
192.168.175.240 - - [26/Mar/2023:09:49:18 -0500] "GET / HTTP/1.1" 200 4720
216.245.221.92 - - [26/Mar/2023:09:49:54 -0500] "HEAD / HTTP/1.1" 200 -
192.168.175.240 - - [26/Mar/2023:09:50:18 -0500] "GET / HTTP/1.1" 200 4720
192.168.175.240 - - [26/Mar/2023:09:51:18 -0500] "GET / HTTP/1.1" 200 4720
201.245.192.253 - - [26/Mar/2023:09:51:51 -0500] "POST /kwsrmcab/Wsrmcab  HTTP/1.1" 200 41914
172.22.2.4 - - [26/Mar/2023:09:51:54 -0500] "GET /BLA/boletinlegal/actos.php HTTP/1.1" 200 9672
172.22.2.4 - - [26/Mar/2023:09:51:56 -0500] "GET /BLA/boletinlegal/favicon.ico HTTP/1.1" 404 1326
186.82.26.162 - - [26/Mar/2023:09:51:58 -0500] "GET /BLA/resoluciones/ HTTP/1.1" 200 13502
186.82.26.162 - - [26/Mar/2023:09:52:14 -0500] "GET /BLA/resoluciones/index.php?dir=AUTOS+2019%2F HTTP/1.1" 200 359935
192.168.175.240 - - [26/Mar/2023:09:52:18 -0500] "GET / HTTP/1.1" 200 4720
186.82.26.162 - - [26/Mar/2023:09:52:21 -0500] "GET /BLA/resoluciones/AUTOS%202019/1846.pdf HTTP/1.1" 200 1210741
172.22.2.4 - - [26/Mar/2023:09:51:48 -0500] "GET /BLA/boletinlegal/ HTTP/1.1" 200 24523
172.22.2.4 - - [26/Mar/2023:09:51:33 -0500] "HEAD /BLA/boletinlegal/ HTTP/1.1" 200 -
192.168.175.240 - - [26/Mar/2023:09:53:18 -0500] "GET / HTTP/1.1" 200 4720
172.22.2.4 - - [26/Mar/2023:09:52:24 -0500] "GET /BLA/boletinlegal/ HTTP/1.1" 200 52720
192.168.175.240 - - [26/Mar/2023:09:54:18 -0500] "GET / HTTP/1.1" 200 4720
216.245.221.92 - - [26/Mar/2023:09:54:54 -0500] "HEAD / HTTP/1.1" 200 -
192.168.175.240 - - [26/Mar/2023:09:55:18 -0500] "GET / HTTP/1.1" 200 4720
192.168.175.240 - - [26/Mar/2023:09:56:18 -0500] "GET / HTTP/1.1" 200 4720
201.245.192.253 - - [26/Mar/2023:09:56:53 -0500] "POST /kwsrmcab/Wsrmcab  HTTP/1.1" 200 41914
157.55.39.217 - - [26/Mar/2023:09:56:56 -0500] "GET /BLA/resoluciones/AUTOS%202021/6413.pdf HTTP/1.1" 304 -
192.168.175.240 - - [26/Mar/2023:09:57:18 -0500] "GET / HTTP/1.1" 200 4720
192.168.175.240 - - [26/Mar/2023:09:58:18 -0500] "GET / HTTP/1.1" 200 4720
172.22.2.4 - - [26/Mar/2023:09:57:23 -0500] "HEAD /BLA/boletinlegal/ HTTP/1.1" 200 -
192.168.175.240 - - [26/Mar/2023:09:59:18 -0500] "GET / HTTP/1.1" 200 4720
186.102.36.169 - - [26/Mar/2023:09:59:26 -0500] "GET /appsia/controlador HTTP/1.1" 200 4799
186.102.36.169 - - [26/Mar/2023:09:59:35 -0500] "POST /appsia/controlador HTTP/1.1" 200 5437
186.102.36.169 - - [26/Mar/2023:09:59:43 -0500] "POST /appsia/controlador HTTP/1.1" 200 7769
172.22.2.4 - - [26/Mar/2023:09:58:14 -0500] "GET /BLA/boletinlegal/ HTTP/1.1" 200 52720
216.245.221.92 - - [26/Mar/2023:09:59:54 -0500] "HEAD / HTTP/1.1" 200 -
186.102.36.169 - - [26/Mar/2023:09:59:54 -0500] "POST /appsia/controlador HTTP/1.1" 200 5225
172.22.2.4 - - [26/Mar/2023:10:00:07 -0500] "GET /BLA/boletinlegal/actos.php HTTP/1.1" 200 9672
172.22.2.4 - - [26/Mar/2023:10:00:08 -0500] "GET /BLA/boletinlegal/apple-touch-icon-precomposed.png HTTP/1.1" 404 1140
172.22.2.4 - - [26/Mar/2023:10:00:08 -0500] "GET /BLA/boletinlegal/apple-touch-icon.png HTTP/1.1" 404 1140
172.22.2.4 - - [26/Mar/2023:10:00:08 -0500] "GET /BLA/boletinlegal/favicon.ico HTTP/1.1" 404 1140
172.22.2.4 - - [26/Mar/2023:10:00:08 -0500] "GET /BLA/boletinlegal/apple-touch-icon-precomposed.png HTTP/1.1" 404 1140
172.22.2.4 - - [26/Mar/2023:10:00:08 -0500] "GET /BLA/boletinlegal/apple-touch-icon.png HTTP/1.1" 404 1140
172.22.2.4 - - [26/Mar/2023:10:00:08 -0500] "GET /BLA/boletinlegal/favicon.ico HTTP/1.1" 404 1140
172.22.2.4 - - [26/Mar/2023:10:00:08 -0500] "GET /BLA/boletinlegal/actos.php HTTP/1.1" 200 9672
172.22.2.4 - - [26/Mar/2023:10:00:09 -0500] "GET /BLA/boletinlegal/apple-touch-icon-precomposed.png HTTP/1.1" 404 1140
172.22.2.4 - - [26/Mar/2023:10:00:09 -0500] "GET /BLA/boletinlegal/apple-touch-icon.png HTTP/1.1" 404 1140
172.22.2.4 - - [26/Mar/2023:10:00:09 -0500] "GET /BLA/boletinlegal/favicon.ico HTTP/1.1" 404 1140
172.22.2.4 - - [26/Mar/2023:10:00:09 -0500] "GET /BLA/boletinlegal/apple-touch-icon-precomposed.png HTTP/1.1" 404 1140
172.22.2.4 - - [26/Mar/2023:10:00:09 -0500] "GET /BLA/boletinlegal/apple-touch-icon.png HTTP/1.1" 404 1140
172.22.2.4 - - [26/Mar/2023:10:00:09 -0500] "GET /BLA/boletinlegal/favicon.ico HTTP/1.1" 404 1140
192.168.175.240 - - [26/Mar/2023:10:00:18 -0500] "GET / HTTP/1.1" 200 4720
186.102.36.169 - - [26/Mar/2023:10:00:24 -0500] "GET /appsia/controlador HTTP/1.1" 200 5437
192.168.175.240 - - [26/Mar/2023:10:01:18 -0500] "GET / HTTP/1.1" 200 4720
201.245.192.253 - - [26/Mar/2023:10:01:53 -0500] "POST /kwsrmcab/Wsrmcab  HTTP/1.1" 200 41914
192.168.175.240 - - [26/Mar/2023:10:02:18 -0500] "GET / HTTP/1.1" 200 4720
207.46.13.209 - - [26/Mar/2023:10:02:36 -0500] "GET /BLA/resoluciones/AUTOS%202021/5809.pdf HTTP/1.1" 304 -
192.168.175.240 - - [26/Mar/2023:10:03:18 -0500] "GET / HTTP/1.1" 200 4720
192.168.175.240 - - [26/Mar/2023:10:04:18 -0500] "GET / HTTP/1.1" 200 4720
181.53.12.66 - - [26/Mar/2023:10:04:23 -0500] "GET /distrito-anuncia-areas-potenciales-para-la-creacion-de-21-bosques-urbanos-y-avanza-en-la-meta-de-sembrar-802-000-arboles.html HTTP/1.1" 200 928
34.141.165.66 - - [26/Mar/2023:10:04:34 -0500] "GET /inventario-de-emisiones-2020-transporte-publico-sitp-redujo-emisiones-de-pm-2-5-en-un-37.html HTTP/1.1" 200 925
34.91.208.242 - - [26/Mar/2023:10:04:42 -0500] "GET /inventario-de-emisiones-2020-transporte-publico-sitp-redujo-emisiones-de-pm-2-5-en-un-37.html HTTP/1.1" 200 925
172.22.2.4 - - [26/Mar/2023:10:03:13 -0500] "HEAD /BLA/boletinlegal/ HTTP/1.1" 200 -
216.245.221.92 - - [26/Mar/2023:10:04:54 -0500] "HEAD / HTTP/1.1" 200 -
172.22.2.4 - - [26/Mar/2023:10:05:03 -0500] "GET /BLA/boletinlegal/actos.php HTTP/1.1" 200 9672
192.168.175.240 - - [26/Mar/2023:10:05:18 -0500] "GET / HTTP/1.1" 200 4720
172.22.2.4 - - [26/Mar/2023:10:04:04 -0500] "GET /BLA/boletinlegal/ HTTP/1.1" 200 57141
168.119.253.61 - - [26/Mar/2023:10:06:15 -0500] "GET / HTTP/1.1" 200 319
192.168.175.240 - - [26/Mar/2023:10:06:18 -0500] "GET / HTTP/1.1" 200 4720
168.119.253.61 - - [26/Mar/2023:10:06:18 -0500] "GET / HTTP/1.1" 200 4720
35.204.37.140 - - [26/Mar/2023:10:06:31 -0500] "GET /inventario-de-emisiones-2020-transporte-publico-sitp-redujo-emisiones-de-pm-2-5-en-un-37.html HTTP/1.1" 200 925
66.249.79.113 - - [26/Mar/2023:10:06:31 -0500] "-" 408 -
201.245.192.253 - - [26/Mar/2023:10:06:52 -0500] "POST /kwsrmcab/Wsrmcab  HTTP/1.1" 200 41914
34.90.63.76 - - [26/Mar/2023:10:07:15 -0500] "GET /inventario-de-emisiones-2020-transporte-publico-sitp-redujo-emisiones-de-pm-2-5-en-un-37.html HTTP/1.1" 200 925
199.16.157.181 - - [26/Mar/2023:10:07:15 -0500] "GET /images/Red%20de%20Monitoreo%20febrero%2025.png HTTP/1.1" 200 93489
192.168.175.240 - - [26/Mar/2023:10:07:18 -0500] "GET / HTTP/1.1" 200 4720
172.22.2.4 - - [26/Mar/2023:10:07:33 -0500] "GET /BLA/boletinlegal/actos.php HTTP/1.1" 200 9672
66.249.79.132 - - [26/Mar/2023:10:07:35 -0500] "GET /inicia-la-convocatoria-2023-para-el-panel-distrital-de-cambio-climatico.html HTTP/1.1" 200 887
192.168.175.240 - - [26/Mar/2023:10:08:18 -0500] "GET / HTTP/1.1" 200 4720
172.22.2.4 - - [26/Mar/2023:10:08:26 -0500] "GET /BLA/boletinlegal/actos.php HTTP/1.1" 200 9672
192.168.175.240 - - [26/Mar/2023:10:09:18 -0500] "GET / HTTP/1.1" 200 4720
216.245.221.92 - - [26/Mar/2023:10:09:54 -0500] "HEAD / HTTP/1.1" 200 -
66.249.79.128 - - [26/Mar/2023:10:10:13 -0500] "GET /dia-mundial-del-agua-2023-programate-para-participar-en-estas-actividades-de-educacion-ambiental.html HTTP/1.1" 200 903
192.168.175.240 - - [26/Mar/2023:10:10:18 -0500] "GET / HTTP/1.1" 200 4720
172.22.2.4 - - [26/Mar/2023:10:09:03 -0500] "HEAD /BLA/boletinlegal/ HTTP/1.1" 200 -
173.252.79.13 - - [26/Mar/2023:10:11:03 -0500] "GET /images/jardines-verticales-4-marzo.jpg HTTP/1.1" 200 54804
192.168.175.240 - - [26/Mar/2023:10:11:18 -0500] "GET / HTTP/1.1" 200 4720
172.22.2.4 - - [26/Mar/2023:10:09:54 -0500] "GET /BLA/boletinlegal/ HTTP/1.1" 200 57551
201.245.192.253 - - [26/Mar/2023:10:11:50 -0500] "POST /kwsrmcab/Wsrmcab  HTTP/1.1" 200 41914
192.168.175.240 - - [26/Mar/2023:10:12:18 -0500] "GET / HTTP/1.1" 200 4720
192.168.175.240 - - [26/Mar/2023:10:13:18 -0500] "GET / HTTP/1.1" 200 4720
192.168.175.240 - - [26/Mar/2023:10:14:18 -0500] "GET / HTTP/1.1" 200 4720
216.245.221.92 - - [26/Mar/2023:10:14:54 -0500] "HEAD / HTTP/1.1" 200 -
192.168.175.240 - - [26/Mar/2023:10:15:18 -0500] "GET / HTTP/1.1" 200 4720
192.168.175.240 - - [26/Mar/2023:10:16:18 -0500] "GET / HTTP/1.1" 200 4720
172.22.2.4 - - [26/Mar/2023:10:14:53 -0500] "HEAD /BLA/boletinlegal/ HTTP/1.1" 200 -
201.245.192.253 - - [26/Mar/2023:10:16:49 -0500] "POST /kwsrmcab/Wsrmcab  HTTP/1.1" 200 41914
192.168.175.240 - - [26/Mar/2023:10:17:18 -0500] "GET / HTTP/1.1" 200 4720
172.22.2.4 - - [26/Mar/2023:10:15:44 -0500] "GET /BLA/boletinlegal/ HTTP/1.1" 200 57551
192.168.175.240 - - [26/Mar/2023:10:18:18 -0500] "GET / HTTP/1.1" 200 4720
52.167.144.167 - - [26/Mar/2023:10:18:37 -0500] "GET /BLA/resoluciones/index.php?dir=RESOLUCIONES+2023%2F HTTP/1.1" 200 10548
157.55.39.217 - - [26/Mar/2023:10:18:53 -0500] "GET /BLA/resoluciones/AUTOS%202017/2492.pdf HTTP/1.1" 200 566119
192.168.175.240 - - [26/Mar/2023:10:19:18 -0500] "GET / HTTP/1.1" 200 4720
216.245.221.92 - - [26/Mar/2023:10:19:54 -0500] "HEAD / HTTP/1.1" 200 -
201.245.192.253 - - [26/Mar/2023:10:20:05 -0500] "POST /kwsrmcab/Wsrmcab HTTP/1.1" 200 41162
201.245.192.253 - - [26/Mar/2023:10:20:08 -0500] "POST /kwsrmcab/Wsrmcab HTTP/1.1" 200 43472
192.168.175.240 - - [26/Mar/2023:10:20:18 -0500] "GET / HTTP/1.1" 200 4720
192.168.175.240 - - [26/Mar/2023:10:21:18 -0500] "GET / HTTP/1.1" 200 4720
201.245.192.253 - - [26/Mar/2023:10:21:48 -0500] "POST /kwsrmcab/Wsrmcab  HTTP/1.1" 200 41914
192.168.175.240 - - [26/Mar/2023:10:22:18 -0500] "GET / HTTP/1.1" 200 4720
172.22.2.4 - - [26/Mar/2023:10:20:43 -0500] "HEAD /BLA/boletinlegal/ HTTP/1.1" 200 -
172.22.2.4 - - [26/Mar/2023:10:21:34 -0500] "GET /BLA/boletinlegal/ HTTP/1.1" 200 55211
179.1.98.37 - - [26/Mar/2023:10:23:13 -0500] "GET /BLA/resoluciones/index.php?dir=AUTOS+2021%2F HTTP/1.1" 200 397239
192.168.175.240 - - [26/Mar/2023:10:23:18 -0500] "GET / HTTP/1.1" 200 4720
192.168.175.240 - - [26/Mar/2023:10:24:18 -0500] "GET / HTTP/1.1" 200 4720
52.167.144.113 - - [26/Mar/2023:10:24:33 -0500] "GET /BLA/resoluciones/RESOLUCIONES%202021/4213.pdf HTTP/1.1" 200 337150
216.245.221.92 - - [26/Mar/2023:10:24:54 -0500] "HEAD / HTTP/1.1" 200 -
157.55.39.217 - - [26/Mar/2023:10:25:04 -0500] "GET /BLA/resoluciones/AUTOS%202017/1370.pdf HTTP/1.1" 200 370901
192.168.175.240 - - [26/Mar/2023:10:25:18 -0500] "GET / HTTP/1.1" 200 4720
192.168.175.240 - - [26/Mar/2023:10:26:18 -0500] "GET / HTTP/1.1" 200 4720
179.1.98.37 - - [26/Mar/2023:10:26:39 -0500] "GET /BLA/resoluciones/index.php HTTP/1.1" 200 13502
179.1.98.37 - - [26/Mar/2023:10:26:42 -0500] "GET /BLA/resoluciones/index.php?dir=AUTOS+2020%2F HTTP/1.1" 200 327959
201.245.192.253 - - [26/Mar/2023:10:26:47 -0500] "POST /kwsrmcab/Wsrmcab  HTTP/1.1" 200 41914
192.168.175.240 - - [26/Mar/2023:10:27:18 -0500] "GET / HTTP/1.1" 200 4720
190.84.119.147 - - [26/Mar/2023:10:28:03 -0500] "GET /BLA/resoluciones/index.php?dir=AUTOS+2014%2F HTTP/1.1" 200 888406
172.22.2.4 - - [26/Mar/2023:10:26:33 -0500] "HEAD /BLA/boletinlegal/ HTTP/1.1" 200 -
192.168.175.240 - - [26/Mar/2023:10:28:18 -0500] "GET / HTTP/1.1" 200 4720
172.22.2.4 - - [26/Mar/2023:10:28:30 -0500] "GET /BLA/boletinlegal/robots.txt HTTP/1.1" 404 1038
172.22.2.4 - - [26/Mar/2023:10:28:31 -0500] "GET /BLA/boletinlegal/Circulares/2011/Circular%20No.%203%20del%2023%20de%20Junio%20de%202011.pdf HTTP/1.1" 200 1452758
186.84.20.209 - - [26/Mar/2023:10:28:43 -0500] "GET /BLA/resoluciones/index.php?dir=AUTOS+2014%2F HTTP/1.1" 200 888406
172.22.2.4 - - [26/Mar/2023:10:27:23 -0500] "GET /BLA/boletinlegal/ HTTP/1.1" 200 57551
192.168.175.240 - - [26/Mar/2023:10:29:18 -0500] "GET / HTTP/1.1" 200 4720
186.84.20.209 - - [26/Mar/2023:10:29:21 -0500] "GET /BLA/resoluciones/index.php?dir=AUTOS+2014%2F HTTP/1.1" 200 888406
216.245.221.92 - - [26/Mar/2023:10:29:54 -0500] "HEAD / HTTP/1.1" 200 -
201.245.192.253 - - [26/Mar/2023:10:30:04 -0500] "POST /kwsrmcab/Wsrmcab HTTP/1.1" 200 41162
201.245.192.253 - - [26/Mar/2023:10:30:07 -0500] "POST /kwsrmcab/Wsrmcab HTTP/1.1" 200 43472
185.119.81.107 - - [26/Mar/2023:10:30:10 -0500] "GET /portaldeninos/wp-login.php HTTP/1.1" 200 2592
185.119.81.107 - - [26/Mar/2023:10:30:12 -0500] "POST /portaldeninos/wp-login.php HTTP/1.1" 200 3650
192.168.175.240 - - [26/Mar/2023:10:30:18 -0500] "GET / HTTP/1.1" 200 4720
186.84.20.209 - - [26/Mar/2023:10:30:24 -0500] "GET /BLA/resoluciones/index.php?dir=AUTOS+2015%2F HTTP/1.1" 200 580582
172.22.2.4 - - [26/Mar/2023:10:30:40 -0500] "GET /BLA/boletinlegal/niceforms-default.css HTTP/1.1" 200 6694
172.22.2.4 - - [26/Mar/2023:10:30:40 -0500] "GET /BLA/boletinlegal/js/lib.js HTTP/1.1" 200 6474
172.22.2.4 - - [26/Mar/2023:10:30:40 -0500] "GET /BLA/boletinlegal/images/menu_lft.gif HTTP/1.1" 200 1713
172.22.2.4 - - [26/Mar/2023:10:30:40 -0500] "GET /BLA/boletinlegal/img/select-right.png HTTP/1.1" 200 44019
172.22.2.4 - - [26/Mar/2023:10:30:40 -0500] "GET /BLA/boletinlegal/img/button-left.png HTTP/1.1" 200 57071
172.22.2.4 - - [26/Mar/2023:10:30:40 -0500] "GET /BLA/boletinlegal/img/button-right.png HTTP/1.1" 200 57878
172.22.2.4 - - [26/Mar/2023:10:30:40 -0500] "GET /BLA/boletinlegal/favicon.ico HTTP/1.1" 404 1326
172.22.2.4 - - [26/Mar/2023:10:30:40 -0500] "GET /BLA/boletinlegal/img/button.png HTTP/1.1" 200 43241
172.22.2.4 - - [26/Mar/2023:10:30:58 -0500] "GET /BLA/boletinlegal/consulta_actos.php?tipo=autos&no=2022&usuario=&sector=&fecha=2014&resuelve= HTTP/1.1" 200 1118
192.168.175.240 - - [26/Mar/2023:10:31:18 -0500] "GET / HTTP/1.1" 200 4720
186.84.20.209 - - [26/Mar/2023:10:31:27 -0500] "GET /BLA/resoluciones/ HTTP/1.1" 200 13502
186.84.20.209 - - [26/Mar/2023:10:31:29 -0500] "GET /BLA/resoluciones/index.php?dir=AUTOS+2013%2F HTTP/1.1" 200 407265
186.84.20.209 - - [26/Mar/2023:10:31:35 -0500] "GET /BLA/resoluciones/index.php?dir=AUTOS+2014%2F HTTP/1.1" 200 888406
201.245.192.253 - - [26/Mar/2023:10:31:45 -0500] "POST /kwsrmcab/Wsrmcab  HTTP/1.1" 200 41914
186.84.20.209 - - [26/Mar/2023:10:31:51 -0500] "GET /BLA/resoluciones/AUTOS%202014/2022.pdf HTTP/1.1" 200 799221
199.16.157.183 - - [26/Mar/2023:10:32:03 -0500] "GET /no-uses-musgo-en-la-elaboracion-de-tu-pesebre.html HTTP/1.1" 200 846
199.16.157.182 - - [26/Mar/2023:10:32:03 -0500] "GET /images/Musgo%20SDA%20(1)%20(1).png HTTP/1.1" 200 302122
192.168.175.240 - - [26/Mar/2023:10:32:18 -0500] "GET / HTTP/1.1" 200 4720
201.245.192.253 - - [26/Mar/2023:10:32:29 -0500] "GET / HTTP/1.1" 200 319
172.22.2.4 - - [26/Mar/2023:10:31:05 -0500] "GET /BLA/boletinlegal/ HTTP/1.1" 200 58653
172.22.2.4 - - [26/Mar/2023:10:33:02 -0500] "GET /BLA/boletinlegal/js/jquery.scrollShow.js HTTP/1.1" 200 4586
172.22.2.4 - - [26/Mar/2023:10:33:03 -0500] "GET /BLA/boletinlegal/js/jquery.scrollTo-min.js HTTP/1.1" 200 1150
172.22.2.4 - - [26/Mar/2023:10:33:07 -0500] "GET /BLA/boletinlegal/js/jquery.js HTTP/1.1" 200 57254
172.22.2.4 - - [26/Mar/2023:10:33:08 -0500] "GET /BLA/boletinlegal/style.css HTTP/1.1" 200 9406
172.22.2.4 - - [26/Mar/2023:10:33:08 -0500] "GET /BLA/boletinlegal/styles2.css HTTP/1.1" 200 1838
157.55.39.217 - - [26/Mar/2023:10:33:17 -0500] "GET /Publicaciones/2022EE176888.pdf HTTP/1.1" 404 228
192.168.175.240 - - [26/Mar/2023:10:33:18 -0500] "GET / HTTP/1.1" 200 4720
172.22.2.4 - - [26/Mar/2023:10:32:23 -0500] "HEAD /BLA/boletinlegal/ HTTP/1.1" 200 -
192.168.175.240 - - [26/Mar/2023:10:34:18 -0500] "GET / HTTP/1.1" 200 4720
172.22.2.4 - - [26/Mar/2023:10:33:14 -0500] "GET /BLA/boletinlegal/ HTTP/1.1" 200 59296
216.245.221.92 - - [26/Mar/2023:10:34:54 -0500] "HEAD / HTTP/1.1" 200 -
192.168.175.240 - - [26/Mar/2023:10:35:18 -0500] "GET / HTTP/1.1" 200 4720
192.168.175.240 - - [26/Mar/2023:10:36:18 -0500] "GET / HTTP/1.1" 200 4720
66.249.79.113 - - [26/Mar/2023:10:36:31 -0500] "-" 408 -
201.245.192.253 - - [26/Mar/2023:10:36:45 -0500] "POST /kwsrmcab/Wsrmcab  HTTP/1.1" 200 41914
192.168.175.240 - - [26/Mar/2023:10:37:18 -0500] "GET / HTTP/1.1" 200 4720
181.61.205.93 - - [26/Mar/2023:10:37:36 -0500] "GET /mujeres-que-reverdecen-secretaria-de-ambiente-anuncia-el-inicio-de-la-tercera-fase.html HTTP/1.1" 200 954
162.55.37.148 - - [26/Mar/2023:10:37:51 -0500] "GET / HTTP/1.1" 200 4720
162.55.37.148 - - [26/Mar/2023:10:37:53 -0500] "GET / HTTP/1.1" 200 319
52.167.144.71 - - [26/Mar/2023:10:38:04 -0500] "GET /BLA/resoluciones/RESOLUCIONES%202021/4394.pdf HTTP/1.1" 200 364305
192.168.175.240 - - [26/Mar/2023:10:38:18 -0500] "GET / HTTP/1.1" 200 4720
191.108.47.102 - - [26/Mar/2023:10:38:31 -0500] "GET /mujeres-que-reverdecen-secretaria-de-ambiente-anuncia-el-inicio-de-la-tercera-fase.html HTTP/1.1" 200 954
192.168.175.240 - - [26/Mar/2023:10:39:18 -0500] "GET / HTTP/1.1" 200 4720
172.22.2.4 - - [26/Mar/2023:10:38:13 -0500] "HEAD /BLA/boletinlegal/ HTTP/1.1" 200 -
216.245.221.92 - - [26/Mar/2023:10:39:54 -0500] "HEAD / HTTP/1.1" 200 -
186.84.184.202 - - [26/Mar/2023:10:40:06 -0500] "GET /BLA/boletinlegal/js/jquery.scrollShow.js HTTP/1.1" 200 4586
186.84.184.202 - - [26/Mar/2023:10:40:06 -0500] "GET /galeria/galeria/jquery.fancybox.js?v=2.1.5 HTTP/1.1" 200 48706
186.84.184.202 - - [26/Mar/2023:10:40:06 -0500] "GET /galeria/galeria/jquery.fancybox.css?v=2.1.5 HTTP/1.1" 200 4895
201.245.192.253 - - [26/Mar/2023:10:40:05 -0500] "POST /kwsrmcab/Wsrmcab HTTP/1.1" 200 41162
201.245.192.253 - - [26/Mar/2023:10:40:08 -0500] "POST /kwsrmcab/Wsrmcab HTTP/1.1" 200 43472
192.168.175.240 - - [26/Mar/2023:10:40:18 -0500] "GET / HTTP/1.1" 200 4720
69.171.251.116 - - [26/Mar/2023:10:40:38 -0500] "GET /images/24%20de%20febrero%20Sendero%20guadalupe%202.jpeg HTTP/1.1" 200 70964
172.22.2.4 - - [26/Mar/2023:10:39:04 -0500] "GET /BLA/boletinlegal/ HTTP/1.1" 200 57141
157.55.39.216 - - [26/Mar/2023:10:41:07 -0500] "GET /distrito-declara-alerta-preventiva-en-el-suroccidente-de-la-ciudad-por-mala-calidad-del-aire.html HTTP/1.1" 200 1065
192.168.175.240 - - [26/Mar/2023:10:41:18 -0500] "GET / HTTP/1.1" 200 4720
201.245.192.253 - - [26/Mar/2023:10:41:44 -0500] "POST /kwsrmcab/Wsrmcab  HTTP/1.1" 200 41914
172.22.2.4 - - [26/Mar/2023:10:42:09 -0500] "GET /BLA/boletinlegal/jurisprudencia.php HTTP/1.1" 200 17573
192.168.175.240 - - [26/Mar/2023:10:42:18 -0500] "GET / HTTP/1.1" 200 4720
192.168.175.240 - - [26/Mar/2023:10:43:18 -0500] "GET / HTTP/1.1" 200 4720
172.22.2.4 - - [26/Mar/2023:10:43:24 -0500] "GET /BLA/boletinlegal/js/lib.js HTTP/1.1" 200 6474
172.22.2.4 - - [26/Mar/2023:10:43:29 -0500] "GET /BLA/boletinlegal/js/jquery1.js HTTP/1.1" 200 29846
172.22.2.4 - - [26/Mar/2023:10:43:29 -0500] "GET /BLA/boletinlegal/js/popup.js HTTP/1.1" 200 1270
192.168.175.240 - - [26/Mar/2023:10:44:18 -0500] "GET / HTTP/1.1" 200 4720
173.252.127.116 - - [26/Mar/2023:10:44:37 -0500] "GET /images/negocios-verdes-mayo-2022.jpg HTTP/1.1" 200 48000
173.252.95.13 - - [26/Mar/2023:10:44:39 -0500] "GET /secretaria-de-ambiente-exalta-a-organizaciones-y-colectivos-en-conmemoracion-del-dia-del-voluntariado-ambiental.html HTTP/1.1" 206 1093
52.167.144.71 - - [26/Mar/2023:10:44:50 -0500] "GET /sipse/faces/autenticacion.xhtml HTTP/1.1" 200 12501
216.245.221.92 - - [26/Mar/2023:10:44:54 -0500] "HEAD / HTTP/1.1" 200 -
34.141.165.66 - - [26/Mar/2023:10:45:00 -0500] "GET /inventario-de-emisiones-2020-transporte-publico-sitp-redujo-emisiones-de-pm-2-5-en-un-37.html HTTP/1.1" 200 925
172.22.2.4 - - [26/Mar/2023:10:45:05 -0500] "GET /BLA/boletinlegal/actos.php HTTP/1.1" 200 9672
157.55.39.217 - - [26/Mar/2023:10:45:15 -0500] "GET /sipse/faces/index.xhtml HTTP/1.1" 200 677
192.168.175.240 - - [26/Mar/2023:10:45:18 -0500] "GET / HTTP/1.1" 200 4720
34.90.63.76 - - [26/Mar/2023:10:45:30 -0500] "GET /inventario-de-emisiones-2020-transporte-publico-sitp-redujo-emisiones-de-pm-2-5-en-un-37.html HTTP/1.1" 200 925
172.22.2.4 - - [26/Mar/2023:10:44:03 -0500] "HEAD /BLA/boletinlegal/ HTTP/1.1" 200 -
35.204.37.140 - - [26/Mar/2023:10:46:16 -0500] "GET /inventario-de-emisiones-2020-transporte-publico-sitp-redujo-emisiones-de-pm-2-5-en-un-37.html HTTP/1.1" 200 925
192.168.175.240 - - [26/Mar/2023:10:46:18 -0500] "GET / HTTP/1.1" 200 4720
172.22.2.4 - - [26/Mar/2023:10:44:53 -0500] "GET /BLA/boletinlegal/ HTTP/1.1" 200 57141
201.245.192.253 - - [26/Mar/2023:10:46:43 -0500] "POST /kwsrmcab/Wsrmcab  HTTP/1.1" 200 41914
146.190.56.73 - - [26/Mar/2023:10:46:54 -0500] "GET /aaa9 HTTP/1.1" 404 1018
146.190.56.73 - - [26/Mar/2023:10:46:55 -0500] "GET /aab8 HTTP/1.1" 404 1018
146.190.56.73 - - [26/Mar/2023:10:46:55 -0500] "GET / HTTP/1.1" 200 319
192.168.175.240 - - [26/Mar/2023:10:47:18 -0500] "GET / HTTP/1.1" 200 4720
186.31.46.6 - - [26/Mar/2023:10:47:33 -0500] "GET /sipse/faces/javax.faces.resource/theme.css?ln=primefaces-sipse HTTP/1.1" 200 50058
186.31.46.6 - - [26/Mar/2023:10:47:34 -0500] "GET /sipse/faces/faces/autenticacion.xhtml HTTP/1.1" 200 12179
186.31.46.6 - - [26/Mar/2023:10:47:34 -0500] "GET /sipse/js/funciones.js HTTP/1.1" 304 -
186.31.46.6 - - [26/Mar/2023:10:47:34 -0500] "GET /sipse/js/disable_browser_buttons.js HTTP/1.1" 304 -
186.31.46.6 - - [26/Mar/2023:10:47:34 -0500] "GET /sipse/css/custom_css_sg.css HTTP/1.1" 304 -
186.31.46.6 - - [26/Mar/2023:10:47:34 -0500] "GET /sipse/css/custom_css_sg_prime_login.css HTTP/1.1" 304 -
186.31.46.6 - - [26/Mar/2023:10:47:34 -0500] "GET /sipse/faces/javax.faces.resource/theme.css?ln=primefaces-sipse HTTP/1.1" 304 -
186.31.46.6 - - [26/Mar/2023:10:47:34 -0500] "GET /sipse/faces/javax.faces.resource/layout/layout.css?ln=primefaces&v=4.0 HTTP/1.1" 304 -
186.31.46.6 - - [26/Mar/2023:10:47:34 -0500] "GET /sipse/faces/javax.faces.resource/primefaces.css?ln=primefaces&v=4.0 HTTP/1.1" 200 53295
186.31.46.6 - - [26/Mar/2023:10:47:34 -0500] "GET /sipse/faces/javax.faces.resource/layout/layout.js?ln=primefaces&v=4.0 HTTP/1.1" 200 87560
186.31.46.6 - - [26/Mar/2023:10:47:34 -0500] "GET /sipse/faces/javax.faces.resource/jquery/jquery.js?ln=primefaces&v=4.0 HTTP/1.1" 200 105384
186.31.46.6 - - [26/Mar/2023:10:47:34 -0500] "GET /sipse/faces/javax.faces.resource/jquery/jquery-plugins.js?ln=primefaces&v=4.0 HTTP/1.1" 200 220526
186.31.46.6 - - [26/Mar/2023:10:47:34 -0500] "GET /sipse/faces/javax.faces.resource/primefaces.js?ln=primefaces&v=4.0 HTTP/1.1" 200 276924
186.31.46.6 - - [26/Mar/2023:10:47:34 -0500] "GET /sipse/faces/javax.faces.resource/images/ui-icons_898989_256x240.png?ln=primefaces-aristo HTTP/1.1" 304 -
186.31.46.6 - - [26/Mar/2023:10:47:34 -0500] "GET /sipse/css/imagen/logoSDG.png HTTP/1.1" 200 53064
186.31.46.6 - - [26/Mar/2023:10:47:34 -0500] "GET /sipse/css/imagen/loginimg.png HTTP/1.1" 200 71635
186.31.46.6 - - [26/Mar/2023:10:47:37 -0500] "POST /sipse/faces/autenticacion.xhtml HTTP/1.1" 200 2225
186.31.46.6 - - [26/Mar/2023:10:47:37 -0500] "GET /sipse/faces/javax.faces.resource/messages/messages.png?ln=primefaces&v=4.0 HTTP/1.1" 304 -
172.22.2.4 - - [26/Mar/2023:10:47:37 -0500] "GET /BLA/boletinlegal/actos.php HTTP/1.1" 200 9672
186.31.46.6 - - [26/Mar/2023:10:47:40 -0500] "POST /sipse/faces/autenticacion.xhtml HTTP/1.1" 200 16243
186.31.46.6 - - [26/Mar/2023:10:47:41 -0500] "GET /sipse/css/custom_css_sg_prime.css HTTP/1.1" 304 -
186.31.46.6 - - [26/Mar/2023:10:47:40 -0500] "GET /sipse/faces/javax.faces.resource/primefaces.css?ln=primefaces&v=4.0 HTTP/1.1" 304 -
186.31.46.6 - - [26/Mar/2023:10:47:40 -0500] "GET /sipse/faces/javax.faces.resource/theme.css?ln=primefaces-sipse HTTP/1.1" 304 -
186.31.46.6 - - [26/Mar/2023:10:47:40 -0500] "GET /sipse/faces/javax.faces.resource/layout/layout.css?ln=primefaces&v=4.0 HTTP/1.1" 304 -
186.31.46.6 - - [26/Mar/2023:10:47:41 -0500] "GET /sipse/js/jquery.min.js HTTP/1.1" 200 85582
186.31.46.6 - - [26/Mar/2023:10:47:41 -0500] "GET /sipse/faces/javax.faces.resource/jquery/jquery.js?ln=primefaces&v=4.0 HTTP/1.1" 304 -
186.31.46.6 - - [26/Mar/2023:10:47:41 -0500] "GET /sipse/faces/javax.faces.resource/jquery/jquery-plugins.js?ln=primefaces&v=4.0 HTTP/1.1" 304 -
186.31.46.6 - - [26/Mar/2023:10:47:41 -0500] "GET /sipse/faces/javax.faces.resource/primefaces.js?ln=primefaces&v=4.0 HTTP/1.1" 304 -
186.31.46.6 - - [26/Mar/2023:10:47:41 -0500] "GET /sipse/faces/javax.faces.resource/layout/layout.js?ln=primefaces&v=4.0 HTTP/1.1" 304 -
186.31.46.6 - - [26/Mar/2023:10:47:41 -0500] "GET /sipse/css/imagen/contrasena.png HTTP/1.1" 404 383
186.31.46.6 - - [26/Mar/2023:10:47:41 -0500] "GET /sipse/imagenes/cargando.gif HTTP/1.1" 200 36959
186.31.46.6 - - [26/Mar/2023:10:47:41 -0500] "GET /sipse/imagenes/logoAplicacion.jpg HTTP/1.1" 200 155084
186.31.46.6 - - [26/Mar/2023:10:47:43 -0500] "GET /sipse/faces/javax.faces.resource/images/ui-bg_flat_0_2d5972_40x100.png?ln=primefaces-aristo HTTP/1.1" 304 -
186.31.46.6 - - [26/Mar/2023:10:47:43 -0500] "POST /sipse/faces/bienvenido.xhtml HTTP/1.1" 200 2658
186.31.46.6 - - [26/Mar/2023:10:47:43 -0500] "POST /sipse/faces/bienvenido.xhtml HTTP/1.1" 200 64271
186.31.46.6 - - [26/Mar/2023:10:47:44 -0500] "GET /sipse/faces/javax.faces.resource/theme.css?ln=primefaces-sipse HTTP/1.1" 304 -
186.31.46.6 - - [26/Mar/2023:10:47:44 -0500] "GET /sipse/faces/javax.faces.resource/layout/layout.css?ln=primefaces&v=4.0 HTTP/1.1" 304 -
186.31.46.6 - - [26/Mar/2023:10:47:44 -0500] "GET /sipse/faces/javax.faces.resource/primefaces.css?ln=primefaces&v=4.0 HTTP/1.1" 304 -
186.31.46.6 - - [26/Mar/2023:10:47:44 -0500] "GET /sipse/faces/javax.faces.resource/jquery/jquery.js?ln=primefaces&v=4.0 HTTP/1.1" 304 -
186.31.46.6 - - [26/Mar/2023:10:47:44 -0500] "GET /sipse/faces/javax.faces.resource/jquery/jquery-plugins.js?ln=primefaces&v=4.0 HTTP/1.1" 304 -
186.31.46.6 - - [26/Mar/2023:10:47:44 -0500] "GET /sipse/faces/javax.faces.resource/primefaces.js?ln=primefaces&v=4.0 HTTP/1.1" 304 -
186.31.46.6 - - [26/Mar/2023:10:47:44 -0500] "GET /sipse/faces/javax.faces.resource/layout/layout.js?ln=primefaces&v=4.0 HTTP/1.1" 304 -
186.31.46.6 - - [26/Mar/2023:10:47:44 -0500] "POST /sipse/faces/presentacion/financiero/solicitudProceso/listarSolicitudProceso.xhtml HTTP/1.1" 200 1556
186.31.46.6 - - [26/Mar/2023:10:47:50 -0500] "POST /sipse/faces/presentacion/financiero/solicitudProceso/listarSolicitudProceso.xhtml HTTP/1.1" 200 155699
186.31.46.6 - - [26/Mar/2023:10:47:51 -0500] "GET /sipse/faces/javax.faces.resource/theme.css?ln=primefaces-sipse HTTP/1.1" 304 -
186.31.46.6 - - [26/Mar/2023:10:47:51 -0500] "GET /sipse/faces/javax.faces.resource/layout/layout.css?ln=primefaces&v=4.0 HTTP/1.1" 304 -
186.31.46.6 - - [26/Mar/2023:10:47:51 -0500] "GET /sipse/faces/javax.faces.resource/primefaces.css?ln=primefaces&v=4.0 HTTP/1.1" 304 -
186.31.46.6 - - [26/Mar/2023:10:47:51 -0500] "GET /sipse/faces/javax.faces.resource/jquery/jquery.js?ln=primefaces&v=4.0 HTTP/1.1" 304 -
186.31.46.6 - - [26/Mar/2023:10:47:51 -0500] "GET /sipse/faces/javax.faces.resource/jquery/jquery-plugins.js?ln=primefaces&v=4.0 HTTP/1.1" 304 -
186.31.46.6 - - [26/Mar/2023:10:47:51 -0500] "GET /sipse/faces/javax.faces.resource/primefaces.js?ln=primefaces&v=4.0 HTTP/1.1" 304 -
186.31.46.6 - - [26/Mar/2023:10:47:51 -0500] "GET /sipse/faces/javax.faces.resource/layout/layout.js?ln=primefaces&v=4.0 HTTP/1.1" 304 -
186.31.46.6 - - [26/Mar/2023:10:47:56 -0500] "POST /sipse/faces/presentacion/financiero/solicitudProceso/consultarSolicitudProceso.xhtml HTTP/1.1" 200 57204
186.31.46.6 - - [26/Mar/2023:10:47:58 -0500] "GET /sipse/faces/javax.faces.resource/theme.css?ln=primefaces-sipse HTTP/1.1" 304 -
186.31.46.6 - - [26/Mar/2023:10:47:58 -0500] "GET /sipse/faces/javax.faces.resource/primefaces.css?ln=primefaces&v=4.0 HTTP/1.1" 304 -
186.31.46.6 - - [26/Mar/2023:10:47:58 -0500] "GET /sipse/faces/javax.faces.resource/layout/layout.css?ln=primefaces&v=4.0 HTTP/1.1" 304 -
186.31.46.6 - - [26/Mar/2023:10:47:58 -0500] "GET /sipse/faces/javax.faces.resource/jquery/jquery.js?ln=primefaces&v=4.0 HTTP/1.1" 304 -
186.31.46.6 - - [26/Mar/2023:10:47:58 -0500] "GET /sipse/faces/javax.faces.resource/layout/layout.js?ln=primefaces&v=4.0 HTTP/1.1" 304 -
186.31.46.6 - - [26/Mar/2023:10:47:58 -0500] "GET /sipse/faces/javax.faces.resource/primefaces.js?ln=primefaces&v=4.0 HTTP/1.1" 304 -
186.31.46.6 - - [26/Mar/2023:10:47:58 -0500] "GET /sipse/faces/javax.faces.resource/jquery/jquery-plugins.js?ln=primefaces&v=4.0 HTTP/1.1" 304 -
192.168.175.240 - - [26/Mar/2023:10:48:18 -0500] "GET / HTTP/1.1" 200 4720
186.31.46.6 - - [26/Mar/2023:10:48:23 -0500] "GET /sipse/faces/javax.faces.resource/theme.css?ln=primefaces-sipse HTTP/1.1" 304 -
186.31.46.6 - - [26/Mar/2023:10:48:23 -0500] "GET /sipse/faces/javax.faces.resource/primefaces.js?ln=primefaces&v=4.0 HTTP/1.1" 304 -
186.31.46.6 - - [26/Mar/2023:10:48:23 -0500] "GET /sipse/faces/javax.faces.resource/layout/layout.css?ln=primefaces&v=4.0 HTTP/1.1" 304 -
186.31.46.6 - - [26/Mar/2023:10:48:23 -0500] "GET /sipse/faces/javax.faces.resource/jquery/jquery.js?ln=primefaces&v=4.0 HTTP/1.1" 304 -
186.31.46.6 - - [26/Mar/2023:10:48:23 -0500] "GET /sipse/faces/javax.faces.resource/primefaces.css?ln=primefaces&v=4.0 HTTP/1.1" 304 -
186.31.46.6 - - [26/Mar/2023:10:48:23 -0500] "GET /sipse/faces/javax.faces.resource/jquery/jquery-plugins.js?ln=primefaces&v=4.0 HTTP/1.1" 304 -
186.31.46.6 - - [26/Mar/2023:10:48:23 -0500] "GET /sipse/faces/javax.faces.resource/layout/layout.js?ln=primefaces&v=4.0 HTTP/1.1" 304 -
186.31.46.6 - - [26/Mar/2023:10:48:22 -0500] "POST /sipse/faces/presentacion/financiero/solicitudProceso/consultarHistorialSolProceso.xhtml HTTP/1.1" 200 201541
186.31.46.6 - - [26/Mar/2023:10:48:25 -0500] "POST /sipse/faces/presentacion/financiero/solicitudProceso/consultarSolicitudProceso.xhtml HTTP/1.1" 200 64271
186.31.46.6 - - [26/Mar/2023:10:48:26 -0500] "GET /sipse/faces/javax.faces.resource/primefaces.css?ln=primefaces&v=4.0 HTTP/1.1" 304 -
186.31.46.6 - - [26/Mar/2023:10:48:26 -0500] "GET /sipse/faces/javax.faces.resource/layout/layout.css?ln=primefaces&v=4.0 HTTP/1.1" 304 -
186.31.46.6 - - [26/Mar/2023:10:48:26 -0500] "GET /sipse/faces/javax.faces.resource/theme.css?ln=primefaces-sipse HTTP/1.1" 304 -
186.31.46.6 - - [26/Mar/2023:10:48:26 -0500] "GET /sipse/faces/javax.faces.resource/jquery/jquery.js?ln=primefaces&v=4.0 HTTP/1.1" 304 -
186.31.46.6 - - [26/Mar/2023:10:48:26 -0500] "GET /sipse/faces/javax.faces.resource/jquery/jquery-plugins.js?ln=primefaces&v=4.0 HTTP/1.1" 304 -
186.31.46.6 - - [26/Mar/2023:10:48:26 -0500] "GET /sipse/faces/javax.faces.resource/primefaces.js?ln=primefaces&v=4.0 HTTP/1.1" 304 -
186.31.46.6 - - [26/Mar/2023:10:48:26 -0500] "GET /sipse/faces/javax.faces.resource/layout/layout.js?ln=primefaces&v=4.0 HTTP/1.1" 304 -
186.31.46.6 - - [26/Mar/2023:10:48:26 -0500] "POST /sipse/faces/presentacion/financiero/solicitudProceso/listarSolicitudProceso.xhtml HTTP/1.1" 200 1556
34.141.165.66 - - [26/Mar/2023:10:48:34 -0500] "GET /inventario-de-emisiones-2020-transporte-publico-sitp-redujo-emisiones-de-pm-2-5-en-un-37.html HTTP/1.1" 200 925
186.31.46.6 - - [26/Mar/2023:10:48:35 -0500] "POST /sipse/faces/presentacion/financiero/solicitudProceso/listarSolicitudProceso.xhtml HTTP/1.1" 200 31707
186.31.46.6 - - [26/Mar/2023:10:48:39 -0500] "POST /sipse/faces/presentacion/financiero/solicitudProceso/listarSolicitudProceso.xhtml HTTP/1.1" 200 31644
186.31.46.6 - - [26/Mar/2023:10:48:44 -0500] "POST /sipse/faces/presentacion/financiero/solicitudProceso/listarSolicitudProceso.xhtml HTTP/1.1" 200 31713
186.31.46.6 - - [26/Mar/2023:10:48:59 -0500] "POST /sipse/faces/presentacion/financiero/solicitudProceso/listarSolicitudProceso.xhtml HTTP/1.1" 200 31658
186.31.46.6 - - [26/Mar/2023:10:49:08 -0500] "POST /sipse/faces/presentacion/financiero/solicitudProceso/listarSolicitudProceso.xhtml HTTP/1.1" 200 57656
186.31.46.6 - - [26/Mar/2023:10:49:08 -0500] "POST /sipse/faces/presentacion/financiero/solicitudProceso/listarSolicitudProceso.xhtml HTTP/1.1" 200 57656
186.31.46.6 - - [26/Mar/2023:10:49:08 -0500] "POST /sipse/faces/presentacion/financiero/solicitudProceso/listarSolicitudProceso.xhtml HTTP/1.1" 200 1556
186.31.46.6 - - [26/Mar/2023:10:49:09 -0500] "POST /sipse/faces/presentacion/financiero/solicitudProceso/listarSolicitudProceso.xhtml HTTP/1.1" 200 1560
192.168.175.240 - - [26/Mar/2023:10:49:18 -0500] "GET / HTTP/1.1" 200 4720
216.245.221.92 - - [26/Mar/2023:10:49:54 -0500] "HEAD / HTTP/1.1" 200 -
181.63.120.99 - - [26/Mar/2023:10:50:12 -0500] "GET /distrito-declara-alerta-preventiva-en-el-suroccidente-de-la-ciudad-por-mala-calidad-del-aire.html HTTP/1.1" 200 1065
192.168.175.240 - - [26/Mar/2023:10:50:18 -0500] "GET / HTTP/1.1" 200 4720
52.167.144.165 - - [26/Mar/2023:10:50:37 -0500] "GET /BLA/resoluciones/AUTOS%202021/0266.pdf HTTP/1.1" 304 -
192.168.175.240 - - [26/Mar/2023:10:51:18 -0500] "GET / HTTP/1.1" 200 4720
172.22.2.4 - - [26/Mar/2023:10:49:53 -0500] "HEAD /BLA/boletinlegal/ HTTP/1.1" 200 -
201.245.192.253 - - [26/Mar/2023:10:51:42 -0500] "POST /kwsrmcab/Wsrmcab  HTTP/1.1" 200 41914
192.168.175.240 - - [26/Mar/2023:10:52:18 -0500] "GET / HTTP/1.1" 200 4720
172.22.2.4 - - [26/Mar/2023:10:50:43 -0500] "GET /BLA/boletinlegal/ HTTP/1.1" 200 56744
66.249.79.111 - - [26/Mar/2023:10:53:09 -0500] "-" 408 -
52.167.144.167 - - [26/Mar/2023:10:53:10 -0500] "GET /css/bordes.css HTTP/1.1" 404 1018
172.22.2.4 - - [26/Mar/2023:10:53:13 -0500] "GET /BLA/boletinlegal/actos.php HTTP/1.1" 200 9672
52.167.144.71 - - [26/Mar/2023:10:53:14 -0500] "GET /sipse/faces/javax.faces.resource/jquery/jquery-plugins.js;jsessionid=y18NFnkYr+A0FM-jvHaCFUJ6.undefined?ln=primefaces&v=4.0 HTTP/1.1" 200 220526
207.46.13.209 - - [26/Mar/2023:10:53:15 -0500] "GET /css/fondos.css HTTP/1.1" 404 1018
52.167.144.71 - - [26/Mar/2023:10:53:15 -0500] "GET /sipse/faces/javax.faces.resource/jquery/jquery.js;jsessionid=y18NFnkYr+A0FM-jvHaCFUJ6.undefined?ln=primefaces&v=4.0 HTTP/1.1" 200 105384
52.167.144.71 - - [26/Mar/2023:10:53:16 -0500] "GET /css/date_blue.css HTTP/1.1" 404 1018
52.167.144.71 - - [26/Mar/2023:10:53:16 -0500] "GET /css/textos.css HTTP/1.1" 404 1018
192.168.175.240 - - [26/Mar/2023:10:53:18 -0500] "GET / HTTP/1.1" 200 4720
172.22.2.4 - - [26/Mar/2023:10:53:38 -0500] "GET /BLA/boletinlegal/actos.php HTTP/1.1" 200 9672
40.77.167.211 - - [26/Mar/2023:10:54:16 -0500] "GET /BLA/resoluciones/AUTOS%202021/4792.pdf HTTP/1.1" 304 -
192.168.175.240 - - [26/Mar/2023:10:54:18 -0500] "GET / HTTP/1.1" 200 4720
186.31.46.6 - - [26/Mar/2023:10:54:33 -0500] "POST /sipse/faces/presentacion/financiero/solicitudProceso/listarSolicitudProceso.xhtml HTTP/1.1" 200 57656
186.31.46.6 - - [26/Mar/2023:10:54:33 -0500] "POST /sipse/faces/presentacion/financiero/solicitudProceso/listarSolicitudProceso.xhtml HTTP/1.1" 200 57656
186.31.46.6 - - [26/Mar/2023:10:54:33 -0500] "POST /sipse/faces/presentacion/financiero/solicitudProceso/listarSolicitudProceso.xhtml HTTP/1.1" 200 1556
186.31.46.6 - - [26/Mar/2023:10:54:33 -0500] "POST /sipse/faces/presentacion/financiero/solicitudProceso/listarSolicitudProceso.xhtml HTTP/1.1" 200 1560
52.167.144.167 - - [26/Mar/2023:10:54:40 -0500] "GET /Publicaciones/2022EE28407.pdf HTTP/1.1" 404 227
216.245.221.92 - - [26/Mar/2023:10:54:54 -0500] "HEAD / HTTP/1.1" 200 -
192.168.175.240 - - [26/Mar/2023:10:55:18 -0500] "GET / HTTP/1.1" 200 4720
172.22.2.4 - - [26/Mar/2023:10:54:12 -0500] "GET /BLA/boletinlegal/ HTTP/1.1" 200 57291
192.168.175.240 - - [26/Mar/2023:10:56:18 -0500] "GET / HTTP/1.1" 200 4720
201.245.192.253 - - [26/Mar/2023:10:56:41 -0500] "POST /kwsrmcab/Wsrmcab  HTTP/1.1" 200 41914
192.168.175.240 - - [26/Mar/2023:10:57:18 -0500] "GET / HTTP/1.1" 200 4720
172.22.2.4 - - [26/Mar/2023:10:55:43 -0500] "HEAD /BLA/boletinlegal/ HTTP/1.1" 200 -
172.22.2.4 - - [26/Mar/2023:10:56:33 -0500] "GET /BLA/boletinlegal/ HTTP/1.1" 200 57551
192.168.175.240 - - [26/Mar/2023:10:58:18 -0500] "GET / HTTP/1.1" 200 4720
192.168.175.240 - - [26/Mar/2023:10:59:18 -0500] "GET / HTTP/1.1" 200 4720
181.53.13.252 - - [26/Mar/2023:10:59:33 -0500] "GET /BLA/resoluciones/index.php?dir=AUTOS+2016%2F HTTP/1.1" 200 328362
181.53.13.252 - - [26/Mar/2023:10:59:35 -0500] "GET /BLA/resoluciones/index.php?dir=AUTOS+2017%2F HTTP/1.1" 200 464237
216.245.221.92 - - [26/Mar/2023:10:59:54 -0500] "HEAD / HTTP/1.1" 200 -
192.168.175.240 - - [26/Mar/2023:11:00:18 -0500] "GET / HTTP/1.1" 200 4720
40.77.202.170 - - [26/Mar/2023:11:01:12 -0500] "GET /sipse/faces/javax.faces.resource/layout/layout.css;jsessionid=y18NFnkYr+A0FM-jvHaCFUJ6.undefined?ln=primefaces&v=4.0 HTTP/1.1" 200 542
40.77.202.170 - - [26/Mar/2023:11:01:12 -0500] "GET /sipse/faces/javax.faces.resource/primefaces.css;jsessionid=y18NFnkYr+A0FM-jvHaCFUJ6.undefined?ln=primefaces&v=4.0 HTTP/1.1" 200 53295
40.77.202.170 - - [26/Mar/2023:11:01:12 -0500] "GET /sipse/faces/javax.faces.resource/layout/layout.js;jsessionid=y18NFnkYr+A0FM-jvHaCFUJ6.undefined?ln=primefaces&v=4.0 HTTP/1.1" 200 87560
40.77.202.170 - - [26/Mar/2023:11:01:12 -0500] "GET /sipse/faces/javax.faces.resource/primefaces.js;jsessionid=y18NFnkYr+A0FM-jvHaCFUJ6.undefined?ln=primefaces&v=4.0 HTTP/1.1" 200 276924
40.77.202.170 - - [26/Mar/2023:11:01:15 -0500] "GET /sipse/faces/faces/autenticacion.xhtml HTTP/1.1" 200 12179
40.77.202.170 - - [26/Mar/2023:11:01:16 -0500] "GET /sipse/faces/javax.faces.resource/theme.css?ln=primefaces-sipse HTTP/1.1" 304 -
40.77.202.170 - - [26/Mar/2023:11:01:16 -0500] "GET /sipse/faces/javax.faces.resource/layout/layout.css?ln=primefaces&v=4.0 HTTP/1.1" 200 542
40.77.202.170 - - [26/Mar/2023:11:01:16 -0500] "GET /sipse/faces/javax.faces.resource/primefaces.css?ln=primefaces&v=4.0 HTTP/1.1" 200 53295
40.77.202.170 - - [26/Mar/2023:11:01:16 -0500] "GET /sipse/faces/javax.faces.resource/jquery/jquery.js?ln=primefaces&v=4.0 HTTP/1.1" 200 105384
40.77.202.170 - - [26/Mar/2023:11:01:16 -0500] "GET /sipse/faces/javax.faces.resource/layout/layout.js?ln=primefaces&v=4.0 HTTP/1.1" 200 87560
40.77.202.170 - - [26/Mar/2023:11:01:16 -0500] "GET /sipse/faces/javax.faces.resource/primefaces.js?ln=primefaces&v=4.0 HTTP/1.1" 200 276924
40.77.202.170 - - [26/Mar/2023:11:01:16 -0500] "GET /sipse/faces/javax.faces.resource/jquery/jquery-plugins.js?ln=primefaces&v=4.0 HTTP/1.1" 200 220526
40.77.202.170 - - [26/Mar/2023:11:01:17 -0500] "GET /sipse/faces/javax.faces.resource/images/ui-icons_898989_256x240.png?ln=primefaces-aristo HTTP/1.1" 200 5355
192.168.175.240 - - [26/Mar/2023:11:01:18 -0500] "GET / HTTP/1.1" 200 4720
201.245.192.253 - - [26/Mar/2023:11:01:40 -0500] "POST /kwsrmcab/Wsrmcab  HTTP/1.1" 200 41914
207.46.13.209 - - [26/Mar/2023:11:01:55 -0500] "GET /Publicaciones/2022EE180472.pdf HTTP/1.1" 404 228
52.167.144.167 - - [26/Mar/2023:11:02:02 -0500] "GET /BLA/resoluciones/AUTOS%202021/4257.pdf HTTP/1.1" 304 -
192.168.175.240 - - [26/Mar/2023:11:02:18 -0500] "GET / HTTP/1.1" 200 4720
172.22.2.4 - - [26/Mar/2023:11:01:33 -0500] "HEAD /BLA/boletinlegal/ HTTP/1.1" 200 -
192.168.175.240 - - [26/Mar/2023:11:03:18 -0500] "GET / HTTP/1.1" 200 4720
181.53.13.252 - - [26/Mar/2023:11:03:54 -0500] "GET /BLA/resoluciones/index.php?dir=AUTOS+2015%2F HTTP/1.1" 200 580582
172.22.2.4 - - [26/Mar/2023:11:02:23 -0500] "GET /BLA/boletinlegal/ HTTP/1.1" 200 59296
192.168.175.240 - - [26/Mar/2023:11:04:18 -0500] "GET / HTTP/1.1" 200 4720
216.245.221.92 - - [26/Mar/2023:11:04:54 -0500] "HEAD / HTTP/1.1" 200 -
192.168.175.240 - - [26/Mar/2023:11:05:18 -0500] "GET / HTTP/1.1" 200 4720
172.22.2.4 - - [26/Mar/2023:11:05:51 -0500] "GET /BLA/boletinlegal/actos.php HTTP/1.1" 200 9672
172.22.2.4 - - [26/Mar/2023:11:04:15 -0500] "GET /BLA/boletinlegal/ HTTP/1.1" 200 61749
172.22.2.4 - - [26/Mar/2023:11:05:58 -0500] "GET /BLA/boletinlegal/js/jquery.scrollTo-min.js HTTP/1.1" 200 1150
192.168.175.240 - - [26/Mar/2023:11:06:18 -0500] "GET / HTTP/1.1" 200 4720
66.249.79.111 - - [26/Mar/2023:11:06:30 -0500] "-" 408 -
34.141.165.66 - - [26/Mar/2023:11:06:40 -0500] "GET /inventario-de-emisiones-2020-transporte-publico-sitp-redujo-emisiones-de-pm-2-5-en-un-37.html HTTP/1.1" 200 925
201.245.192.253 - - [26/Mar/2023:11:06:39 -0500] "POST /kwsrmcab/Wsrmcab  HTTP/1.1" 200 41914
201.244.117.231 - - [26/Mar/2023:11:06:43 -0500] "GET /portaldeninos/ HTTP/1.1" 200 110197
201.244.117.231 - - [26/Mar/2023:11:06:46 -0500] "GET /portaldeninos/wp-includes/js/wp-emoji-release.min.js?ver=4.9.8 HTTP/1.1" 200 12026
201.244.117.231 - - [26/Mar/2023:11:06:46 -0500] "GET /portaldeninos/wp-content/themes/betheme/style.css?ver=20.9.6 HTTP/1.1" 200 287
201.244.117.231 - - [26/Mar/2023:11:06:46 -0500] "GET /portaldeninos/wp-content/uploads/useanyfont/uaf.css?ver=1589905315 HTTP/1.1" 200 408
201.244.117.231 - - [26/Mar/2023:11:06:46 -0500] "GET /portaldeninos/wp-content/plugins/gallery-videos/CSS/Total-Soft-Gallery-Video-Widget.css?ver=4.9.8 HTTP/1.1" 200 51554
201.244.117.231 - - [26/Mar/2023:11:06:46 -0500] "GET /portaldeninos/wp-content/plugins/gallery-videos/CSS/totalsoft.css?ver=4.9.8 HTTP/1.1" 200 40622
201.244.117.231 - - [26/Mar/2023:11:06:46 -0500] "GET /portaldeninos/wp-content/themes/betheme/css/base.css?ver=20.9.6 HTTP/1.1" 200 57283
201.244.117.231 - - [26/Mar/2023:11:06:46 -0500] "GET /portaldeninos/wp-content/themes/betheme/assets/animations/animations.min.css?ver=20.9.6 HTTP/1.1" 200 58508
201.244.117.231 - - [26/Mar/2023:11:06:46 -0500] "GET /portaldeninos/wp-content/themes/betheme/assets/ui/jquery.ui.all.css?ver=20.9.6 HTTP/1.1" 200 18765
201.244.117.231 - - [26/Mar/2023:11:06:46 -0500] "GET /portaldeninos/wp-content/themes/betheme/css/layout.css?ver=20.9.6 HTTP/1.1" 200 116639
201.244.117.231 - - [26/Mar/2023:11:06:46 -0500] "GET /portaldeninos/wp-content/themes/betheme/css/responsive.css?ver=20.9.6 HTTP/1.1" 200 55740
201.244.117.231 - - [26/Mar/2023:11:06:46 -0500] "GET /portaldeninos/wp-content/themes/betheme/css/shortcodes.css?ver=20.9.6 HTTP/1.1" 200 138889
201.244.117.231 - - [26/Mar/2023:11:06:46 -0500] "GET /portaldeninos/wp-content/themes/betheme/assets/jplayer/css/jplayer.blue.monday.css?ver=20.9.6 HTTP/1.1" 200 9834
201.244.117.231 - - [26/Mar/2023:11:06:46 -0500] "GET /portaldeninos/wp-content/plugins/popup-maker/assets/css/site.min.css?ver=1.8.14 HTTP/1.1" 200 8260
201.244.117.231 - - [26/Mar/2023:11:06:46 -0500] "GET /portaldeninos/wp-content/plugins/google-analytics-for-wordpress/assets/js/frontend-gtag.min.js?ver=8.5.0 HTTP/1.1" 200 11801
201.244.117.231 - - [26/Mar/2023:11:06:46 -0500] "GET /portaldeninos/wp-includes/js/jquery/jquery-migrate.min.js?ver=1.4.1 HTTP/1.1" 200 10056
