172.22.2.4 - - [27/Mar/2023:03:05:56 -0500] "GET /BLA/boletinlegal/ HTTP/1.1" 200 54414
201.245.192.253 - - [27/Mar/2023:03:07:55 -0500] "POST /kwsrmcab/Wsrmcab  HTTP/1.1" 200 41914
49.7.21.72 - - [27/Mar/2023:03:08:13 -0500] "-" 408 -
192.168.175.240 - - [27/Mar/2023:03:08:16 -0500] "GET / HTTP/1.1" 200 4720
192.168.175.240 - - [27/Mar/2023:03:09:16 -0500] "GET / HTTP/1.1" 200 4720
216.245.221.92 - - [27/Mar/2023:03:09:51 -0500] "HEAD / HTTP/1.1" 200 -
52.167.144.100 - - [27/Mar/2023:03:10:07 -0500] "GET /BLA/resoluciones/AUTOS%202021/4219.pdf HTTP/1.1" 304 -
192.168.175.240 - - [27/Mar/2023:03:10:16 -0500] "GET / HTTP/1.1" 200 4720
192.168.175.240 - - [27/Mar/2023:03:11:16 -0500] "GET / HTTP/1.1" 200 4720
192.168.175.240 - - [27/Mar/2023:03:12:16 -0500] "GET / HTTP/1.1" 200 4720
192.241.194.54 - - [27/Mar/2023:03:12:21 -0500] "GET / HTTP/1.1" 200 319
172.22.2.4 - - [27/Mar/2023:03:10:56 -0500] "HEAD /BLA/boletinlegal/ HTTP/1.1" 200 -
201.245.192.253 - - [27/Mar/2023:03:12:55 -0500] "POST /kwsrmcab/Wsrmcab  HTTP/1.1" 200 41914
192.168.175.240 - - [27/Mar/2023:03:13:16 -0500] "GET / HTTP/1.1" 200 4720
172.22.2.4 - - [27/Mar/2023:03:11:46 -0500] "GET /BLA/boletinlegal/ HTTP/1.1" 200 57551
66.249.84.79 - - [27/Mar/2023:03:14:12 -0500] "GET /BLA/boletinlegal/js/jquery.scrollShow.js HTTP/1.1" 200 4586
66.249.84.81 - - [27/Mar/2023:03:14:13 -0500] "GET /galeria/galeria/jquery.fancybox.js?v=2.1.5 HTTP/1.1" 200 48706
66.249.84.83 - - [27/Mar/2023:03:14:13 -0500] "GET /galeria/galeria/jquery.fancybox.css?v=2.1.5 HTTP/1.1" 200 4895
192.168.175.240 - - [27/Mar/2023:03:14:16 -0500] "GET / HTTP/1.1" 200 4720
66.249.84.79 - - [27/Mar/2023:03:14:18 -0500] "GET /galeria/carrusel/Carrusel/jquery.thumbnailScroller.css HTTP/1.1" 200 2066
66.249.84.81 - - [27/Mar/2023:03:14:18 -0500] "GET /galeria/carrusel/Carrusel/jquery-ui-1.8.13.custom.min.js HTTP/1.1" 200 10800
66.249.84.83 - - [27/Mar/2023:03:14:18 -0500] "GET /galeria/carrusel/Carrusel/jquery.thumbnailScroller.js HTTP/1.1" 200 8157
66.249.84.79 - - [27/Mar/2023:03:14:18 -0500] "GET /galeria/nivo-slider/demo/banner.html HTTP/1.1" 200 5446
66.249.84.79 - - [27/Mar/2023:03:14:18 -0500] "GET /galeria/nivo-slider/themes/default/default.css HTTP/1.1" 200 1569
66.249.84.81 - - [27/Mar/2023:03:14:18 -0500] "GET /galeria/nivo-slider/themes/pascal/pascal.css HTTP/1.1" 200 2258
66.249.84.83 - - [27/Mar/2023:03:14:19 -0500] "GET /galeria/nivo-slider/themes/orman/orman.css HTTP/1.1" 200 2152
66.249.84.83 - - [27/Mar/2023:03:14:19 -0500] "GET /galeria/nivo-slider/nivo-slider.css HTTP/1.1" 200 1507
66.249.84.81 - - [27/Mar/2023:03:14:19 -0500] "GET /galeria/nivo-slider/demo/images/bannerclases2021.jpg HTTP/1.1" 200 68230
66.249.84.81 - - [27/Mar/2023:03:14:19 -0500] "GET /galeria/nivo-slider/demo/images/banneraccionpopular.jpeg HTTP/1.1" 200 41707
66.249.84.81 - - [27/Mar/2023:03:14:19 -0500] "GET /galeria/nivo-slider/demo/style.css HTTP/1.1" 200 2222
66.249.84.79 - - [27/Mar/2023:03:14:20 -0500] "GET /galeria/nivo-slider/demo/images/banneraccionpopularcrr68.jpg HTTP/1.1" 200 51887
66.249.84.81 - - [27/Mar/2023:03:14:20 -0500] "GET /galeria/nivo-slider/demo/images/banneraire2021.jpg HTTP/1.1" 200 265101
66.249.84.81 - - [27/Mar/2023:03:14:20 -0500] "GET /galeria/nivo-slider/demo/images/bannertrafico_optimized.jpg HTTP/1.1" 200 42578
66.249.84.83 - - [27/Mar/2023:03:14:20 -0500] "GET /galeria/nivo-slider/demo/images/Bannerenvases.jpg HTTP/1.1" 200 37316
66.249.84.79 - - [27/Mar/2023:03:14:21 -0500] "GET /galeria/nivo-slider/demo/images/bannertortuga_optimized.jpg HTTP/1.1" 200 39066
66.249.84.83 - - [27/Mar/2023:03:14:21 -0500] "GET /galeria/nivo-slider/demo/images/bannerresiduoshospitalariosagosto.jpg HTTP/1.1" 200 36499
66.249.84.83 - - [27/Mar/2023:03:14:21 -0500] "GET /galeria/nivo-slider/demo/images/Bannervirtualescanales.jpg HTTP/1.1" 200 174544
66.249.84.81 - - [27/Mar/2023:03:14:21 -0500] "GET /galeria/nivo-slider/demo/images/Bannerplasticosseptiembre.jpg HTTP/1.1" 200 45633
66.249.84.81 - - [27/Mar/2023:03:14:21 -0500] "GET /galeria/nivo-slider/demo/images/bannerrutaesperanza.jpg HTTP/1.1" 200 55560
66.249.84.81 - - [27/Mar/2023:03:14:21 -0500] "GET /galeria/nivo-slider/demo/images/Bannermujeresquereverdecen.jpg HTTP/1.1" 200 46558
66.249.84.79 - - [27/Mar/2023:03:14:21 -0500] "GET /galeria/nivo-slider/demo/images/bannercapacitacionesbogota.jpg HTTP/1.1" 200 42416
66.249.84.81 - - [27/Mar/2023:03:14:22 -0500] "GET /galeria/nivo-slider/demo/images/Bannersedeelectronica.jpg HTTP/1.1" 200 40383
66.249.84.83 - - [27/Mar/2023:03:14:22 -0500] "GET /galeria/nivo-slider/demo/scripts/jquery-1.7.1.min.js HTTP/1.1" 200 93868
66.249.84.79 - - [27/Mar/2023:03:14:22 -0500] "GET /galeria/nivo-slider/themes/default/loading.gif HTTP/1.1" 200 1737
66.249.84.81 - - [27/Mar/2023:03:14:22 -0500] "GET /galeria/nivo-slider/jquery.nivo.slider.pack.js HTTP/1.1" 200 11561
66.249.84.81 - - [27/Mar/2023:03:14:22 -0500] "GET /galeria/nivo-slider/demo/images/4Simple_Slider.png HTTP/1.1" 200 11722
66.249.84.83 - - [27/Mar/2023:03:14:23 -0500] "GET /galeria/nivo-slider/themes/default/arrows.png HTTP/1.1" 200 824
66.249.84.83 - - [27/Mar/2023:03:14:23 -0500] "GET /galeria/nivo-slider/themes/default/bullets.png HTTP/1.1" 200 1281
52.167.144.43 - - [27/Mar/2023:03:14:25 -0500] "GET /secretaria-de-ambiente-suspende-tres-hornos-crematorios-de-bogota-por-contaminacion-del-aire.html HTTP/1.1" 200 927
66.249.79.111 - - [27/Mar/2023:03:14:30 -0500] "-" 408 -
216.245.221.92 - - [27/Mar/2023:03:14:51 -0500] "HEAD / HTTP/1.1" 200 -
192.168.175.240 - - [27/Mar/2023:03:15:16 -0500] "GET / HTTP/1.1" 200 4720
192.168.175.240 - - [27/Mar/2023:03:16:16 -0500] "GET / HTTP/1.1" 200 4720
40.77.167.211 - - [27/Mar/2023:03:16:36 -0500] "GET /BLA/resoluciones/AUTOS%202021/4202.pdf HTTP/1.1" 200 396057
192.168.175.240 - - [27/Mar/2023:03:17:16 -0500] "GET / HTTP/1.1" 200 4720
201.245.192.253 - - [27/Mar/2023:03:17:50 -0500] "POST /kwsrmcab/Wsrmcab  HTTP/1.1" 200 41914
185.119.81.106 - - [27/Mar/2023:03:17:53 -0500] "GET /portaldeninos/wp-login.php HTTP/1.1" 200 2592
185.119.81.106 - - [27/Mar/2023:03:17:54 -0500] "POST /portaldeninos/wp-login.php HTTP/1.1" 200 3605
192.168.175.240 - - [27/Mar/2023:03:18:16 -0500] "GET / HTTP/1.1" 200 4720
172.22.2.4 - - [27/Mar/2023:03:16:46 -0500] "HEAD /BLA/boletinlegal/ HTTP/1.1" 200 -
192.168.175.240 - - [27/Mar/2023:03:19:16 -0500] "GET / HTTP/1.1" 200 4720
172.22.2.4 - - [27/Mar/2023:03:17:36 -0500] "GET /BLA/boletinlegal/ HTTP/1.1" 200 57141
216.245.221.92 - - [27/Mar/2023:03:19:51 -0500] "HEAD / HTTP/1.1" 200 -
201.245.192.253 - - [27/Mar/2023:03:20:01 -0500] "POST /kwsrmcab/Wsrmcab HTTP/1.1" 200 43022
201.245.192.253 - - [27/Mar/2023:03:20:04 -0500] "POST /kwsrmcab/Wsrmcab HTTP/1.1" 200 43017
192.168.175.240 - - [27/Mar/2023:03:20:16 -0500] "GET / HTTP/1.1" 200 4720
192.168.175.240 - - [27/Mar/2023:03:21:16 -0500] "GET / HTTP/1.1" 200 4720
71.6.232.28 - - [27/Mar/2023:03:21:57 -0500] "GET / HTTP/1.1" 200 319
192.168.175.240 - - [27/Mar/2023:03:22:16 -0500] "GET / HTTP/1.1" 200 4720
201.245.192.253 - - [27/Mar/2023:03:22:49 -0500] "POST /kwsrmcab/Wsrmcab  HTTP/1.1" 200 41914
172.22.2.4 - - [27/Mar/2023:03:23:01 -0500] "GET /BLA/boletinlegal/jurisprudencia/analisis/G__Jurisp.%20Junio%202014_ANALISIS%20JURISPRUDENCIA%20C-634-12%20DECOMISO.docx HTTP/1.1" 200 27045
192.133.77.15 - - [27/Mar/2023:03:23:04 -0500] "GET /en-este-pot-se-le-da-la-relevancia-que-merece-a-la-emergencia-climatica-y-la-proteccion-de-la-estructura-ecologica-principal-carolina-urrutia.html HTTP/1.1" 200 1047
192.133.77.14 - - [27/Mar/2023:03:23:04 -0500] "GET /images/pot-humedales-2-octubre.jpg HTTP/1.1" 200 53089
192.168.175.240 - - [27/Mar/2023:03:23:16 -0500] "GET / HTTP/1.1" 200 4720
199.16.157.180 - - [27/Mar/2023:03:23:17 -0500] "GET /images/pot-humedales-2-octubre.jpg HTTP/1.1" 200 53089
172.22.2.4 - - [27/Mar/2023:03:22:36 -0500] "HEAD /BLA/boletinlegal/ HTTP/1.1" 200 -
192.168.175.240 - - [27/Mar/2023:03:24:16 -0500] "GET / HTTP/1.1" 200 4720
185.119.81.106 - - [27/Mar/2023:03:24:39 -0500] "GET /portaldeninos/wp-login.php HTTP/1.1" 200 2592
185.119.81.106 - - [27/Mar/2023:03:24:40 -0500] "POST /portaldeninos/wp-login.php HTTP/1.1" 200 3670
216.245.221.92 - - [27/Mar/2023:03:24:51 -0500] "HEAD / HTTP/1.1" 200 -
172.22.2.4 - - [27/Mar/2023:03:23:26 -0500] "GET /BLA/boletinlegal/ HTTP/1.1" 200 57141
192.168.175.240 - - [27/Mar/2023:03:25:16 -0500] "GET / HTTP/1.1" 200 4720
192.168.175.240 - - [27/Mar/2023:03:26:16 -0500] "GET / HTTP/1.1" 200 4720
192.168.175.240 - - [27/Mar/2023:03:27:16 -0500] "GET / HTTP/1.1" 200 4720
172.22.2.4 - - [27/Mar/2023:03:27:27 -0500] "GET /BLA/boletinlegal/Circulares/2018/Circular%20No.%2010%20del%2021%20de%20Septiembre%20de%202018.pdf HTTP/1.1" 200 163426
201.245.192.253 - - [27/Mar/2023:03:27:47 -0500] "POST /kwsrmcab/Wsrmcab  HTTP/1.1" 200 41914
192.168.175.240 - - [27/Mar/2023:03:28:16 -0500] "GET / HTTP/1.1" 200 4720
157.55.39.218 - - [27/Mar/2023:03:28:59 -0500] "GET /incendios-forestales-como-prevenirlos-y-aportar-al-cuidado-de-los-ecosistemas.html HTTP/1.1" 200 883
172.22.2.4 - - [27/Mar/2023:03:28:13 -0500] "GET /BLA/boletinlegal/ HTTP/1.1" 200 36811
192.168.175.240 - - [27/Mar/2023:03:29:16 -0500] "GET / HTTP/1.1" 200 4720
216.245.221.92 - - [27/Mar/2023:03:29:51 -0500] "HEAD / HTTP/1.1" 200 -
201.245.192.253 - - [27/Mar/2023:03:30:01 -0500] "GET /kwsrmcab/Wsrmcab?wsdl HTTP/1.1" 200 6948
201.245.192.253 - - [27/Mar/2023:03:30:01 -0500] "POST /kwsrmcab/Wsrmcab HTTP/1.1" 200 43022
201.245.192.253 - - [27/Mar/2023:03:30:04 -0500] "POST /kwsrmcab/Wsrmcab HTTP/1.1" 200 43017
172.22.2.4 - - [27/Mar/2023:03:28:26 -0500] "HEAD /BLA/boletinlegal/ HTTP/1.1" 200 -
192.168.175.240 - - [27/Mar/2023:03:30:16 -0500] "GET / HTTP/1.1" 200 4720
172.22.2.4 - - [27/Mar/2023:03:29:16 -0500] "GET /BLA/boletinlegal/ HTTP/1.1" 200 57141
192.168.175.240 - - [27/Mar/2023:03:31:16 -0500] "GET / HTTP/1.1" 200 4720
192.168.175.240 - - [27/Mar/2023:03:32:16 -0500] "GET / HTTP/1.1" 200 4720
201.245.192.253 - - [27/Mar/2023:03:32:46 -0500] "POST /kwsrmcab/Wsrmcab  HTTP/1.1" 200 41914
74.125.210.162 - - [27/Mar/2023:03:32:51 -0500] "GET /images/jardines-verticales_optimized.jpeg HTTP/1.1" 200 138197
192.168.175.240 - - [27/Mar/2023:03:33:16 -0500] "GET / HTTP/1.1" 200 4720
40.77.167.211 - - [27/Mar/2023:03:33:28 -0500] "GET /BLA/resoluciones/AUTOS%202021/5771.pdf HTTP/1.1" 304 -
172.22.2.4 - - [27/Mar/2023:03:33:59 -0500] "GET /BLA/boletinlegal/images/screen_2.png HTTP/1.1" 304 -
192.168.175.240 - - [27/Mar/2023:03:34:16 -0500] "GET / HTTP/1.1" 200 4720
216.245.221.92 - - [27/Mar/2023:03:34:51 -0500] "HEAD / HTTP/1.1" 200 -
172.22.2.4 - - [27/Mar/2023:03:34:07 -0500] "GET /BLA/boletinlegal/ HTTP/1.1" 200 36811
192.168.175.240 - - [27/Mar/2023:03:35:16 -0500] "GET / HTTP/1.1" 200 4720
172.22.2.4 - - [27/Mar/2023:03:34:16 -0500] "HEAD /BLA/boletinlegal/ HTTP/1.1" 200 -
192.168.175.240 - - [27/Mar/2023:03:36:16 -0500] "GET / HTTP/1.1" 200 4720
66.249.79.111 - - [27/Mar/2023:03:36:45 -0500] "-" 408 -
172.22.2.4 - - [27/Mar/2023:03:35:06 -0500] "GET /BLA/boletinlegal/ HTTP/1.1" 200 57141
192.168.175.240 - - [27/Mar/2023:03:37:16 -0500] "GET / HTTP/1.1" 200 4720
201.245.192.253 - - [27/Mar/2023:03:37:45 -0500] "POST /kwsrmcab/Wsrmcab  HTTP/1.1" 200 41914
192.168.175.240 - - [27/Mar/2023:03:38:16 -0500] "GET / HTTP/1.1" 200 4720
192.168.175.240 - - [27/Mar/2023:03:39:16 -0500] "GET / HTTP/1.1" 200 4720
52.167.144.71 - - [27/Mar/2023:03:39:32 -0500] "GET /BLA/resoluciones/AUTOS%202021/6406.pdf HTTP/1.1" 304 -
216.245.221.92 - - [27/Mar/2023:03:39:51 -0500] "HEAD / HTTP/1.1" 200 -
201.245.192.253 - - [27/Mar/2023:03:40:01 -0500] "POST /kwsrmcab/Wsrmcab HTTP/1.1" 200 43022
201.245.192.253 - - [27/Mar/2023:03:40:04 -0500] "POST /kwsrmcab/Wsrmcab HTTP/1.1" 200 43017
192.168.175.240 - - [27/Mar/2023:03:40:16 -0500] "GET / HTTP/1.1" 200 4720
49.7.21.72 - - [27/Mar/2023:03:41:06 -0500] "-" 408 -
192.168.175.240 - - [27/Mar/2023:03:41:16 -0500] "GET / HTTP/1.1" 200 4720
172.22.2.4 - - [27/Mar/2023:03:40:05 -0500] "HEAD /BLA/boletinlegal/ HTTP/1.1" 200 -
192.168.175.240 - - [27/Mar/2023:03:42:16 -0500] "GET / HTTP/1.1" 200 4720
172.22.2.4 - - [27/Mar/2023:03:40:56 -0500] "GET /BLA/boletinlegal/ HTTP/1.1" 200 57141
201.245.192.253 - - [27/Mar/2023:03:42:43 -0500] "POST /kwsrmcab/Wsrmcab  HTTP/1.1" 200 41914
192.168.175.240 - - [27/Mar/2023:03:43:16 -0500] "GET / HTTP/1.1" 200 4720
192.168.175.240 - - [27/Mar/2023:03:44:16 -0500] "GET / HTTP/1.1" 200 4720
40.77.167.210 - - [27/Mar/2023:03:44:40 -0500] "GET /forest/ HTTP/1.1" 200 12041
157.55.39.217 - - [27/Mar/2023:03:44:45 -0500] "GET /sipse/faces/faces/autenticacion.xhtml HTTP/1.1" 200 12499
216.245.221.92 - - [27/Mar/2023:03:44:51 -0500] "HEAD / HTTP/1.1" 200 -
192.168.175.240 - - [27/Mar/2023:03:45:16 -0500] "GET / HTTP/1.1" 200 4720
192.168.175.240 - - [27/Mar/2023:03:46:16 -0500] "GET / HTTP/1.1" 200 4720
52.167.144.43 - - [27/Mar/2023:03:46:27 -0500] "GET / HTTP/1.1" 200 4720
34.141.165.66 - - [27/Mar/2023:03:47:13 -0500] "GET /inventario-de-emisiones-2020-transporte-publico-sitp-redujo-emisiones-de-pm-2-5-en-un-37.html HTTP/1.1" 200 925
192.168.175.240 - - [27/Mar/2023:03:47:16 -0500] "GET / HTTP/1.1" 200 4720
172.22.2.4 - - [27/Mar/2023:03:45:55 -0500] "HEAD /BLA/boletinlegal/ HTTP/1.1" 200 -
172.22.2.4 - - [27/Mar/2023:03:47:37 -0500] "GET /BLA/boletinlegal/sugerencias.php HTTP/1.1" 200 8615
172.22.2.4 - - [27/Mar/2023:03:47:40 -0500] "GET /BLA/boletinlegal/js/jquery.scrollShow.js HTTP/1.1" 200 4586
201.245.192.253 - - [27/Mar/2023:03:47:41 -0500] "POST /kwsrmcab/Wsrmcab  HTTP/1.1" 200 41914
192.168.175.240 - - [27/Mar/2023:03:48:16 -0500] "GET / HTTP/1.1" 200 4720
172.22.2.4 - - [27/Mar/2023:03:46:46 -0500] "GET /BLA/boletinlegal/ HTTP/1.1" 200 57551
192.168.175.240 - - [27/Mar/2023:03:49:16 -0500] "GET / HTTP/1.1" 200 4720
34.91.63.87 - - [27/Mar/2023:03:49:20 -0500] "GET /inventario-de-emisiones-2020-transporte-publico-sitp-redujo-emisiones-de-pm-2-5-en-un-37.html HTTP/1.1" 200 925
216.245.221.92 - - [27/Mar/2023:03:49:51 -0500] "HEAD / HTTP/1.1" 200 -
192.168.175.240 - - [27/Mar/2023:03:50:16 -0500] "GET / HTTP/1.1" 200 4720
192.168.175.240 - - [27/Mar/2023:03:51:16 -0500] "GET / HTTP/1.1" 200 4720
192.168.175.240 - - [27/Mar/2023:03:52:16 -0500] "GET / HTTP/1.1" 200 4720
201.245.192.253 - - [27/Mar/2023:03:52:40 -0500] "POST /kwsrmcab/Wsrmcab  HTTP/1.1" 200 41914
172.22.2.4 - - [27/Mar/2023:03:52:04 -0500] "GET /BLA/boletinlegal/ HTTP/1.1" 200 28619
192.168.175.240 - - [27/Mar/2023:03:53:16 -0500] "GET / HTTP/1.1" 200 4720
172.22.2.4 - - [27/Mar/2023:03:51:45 -0500] "HEAD /BLA/boletinlegal/ HTTP/1.1" 200 -
172.22.2.4 - - [27/Mar/2023:03:52:36 -0500] "GET /BLA/boletinlegal/ HTTP/1.1" 200 53914
192.168.175.240 - - [27/Mar/2023:03:54:16 -0500] "GET / HTTP/1.1" 200 4720
216.245.221.92 - - [27/Mar/2023:03:54:51 -0500] "HEAD / HTTP/1.1" 200 -
192.168.175.240 - - [27/Mar/2023:03:55:16 -0500] "GET / HTTP/1.1" 200 4720
192.168.175.240 - - [27/Mar/2023:03:56:16 -0500] "GET / HTTP/1.1" 200 4720
185.119.81.99 - - [27/Mar/2023:03:56:53 -0500] "GET /portaldeninos/wp-login.php HTTP/1.1" 200 2592
185.119.81.99 - - [27/Mar/2023:03:56:54 -0500] "POST /portaldeninos/wp-login.php HTTP/1.1" 200 3605
157.55.39.215 - - [27/Mar/2023:03:57:15 -0500] "GET /BLA/resoluciones/AUTOS%202013/2569.pdf HTTP/1.1" 200 1160696
192.168.175.240 - - [27/Mar/2023:03:57:16 -0500] "GET / HTTP/1.1" 200 4720
201.245.192.253 - - [27/Mar/2023:03:57:39 -0500] "POST /kwsrmcab/Wsrmcab  HTTP/1.1" 200 41914
192.168.175.240 - - [27/Mar/2023:03:58:16 -0500] "GET / HTTP/1.1" 200 4720
172.22.2.4 - - [27/Mar/2023:03:57:35 -0500] "HEAD /BLA/boletinlegal/ HTTP/1.1" 200 -
192.168.175.240 - - [27/Mar/2023:03:59:16 -0500] "GET / HTTP/1.1" 200 4720
66.249.79.111 - - [27/Mar/2023:03:59:30 -0500] "-" 408 -
216.245.221.92 - - [27/Mar/2023:03:59:51 -0500] "HEAD / HTTP/1.1" 200 -
52.167.144.167 - - [27/Mar/2023:04:00:02 -0500] "GET /BLA/resoluciones/index.php?dir=RESOLUCIONES+2023%2F HTTP/1.1" 200 10548
172.22.2.4 - - [27/Mar/2023:03:58:26 -0500] "GET /BLA/boletinlegal/ HTTP/1.1" 200 59296
192.168.175.240 - - [27/Mar/2023:04:00:16 -0500] "GET / HTTP/1.1" 200 4720
192.168.175.240 - - [27/Mar/2023:04:01:16 -0500] "GET / HTTP/1.1" 200 4720
192.168.175.240 - - [27/Mar/2023:04:02:16 -0500] "GET / HTTP/1.1" 200 4720
40.77.167.251 - - [27/Mar/2023:04:02:26 -0500] "GET /zuma-propuesta-de-pot-una-herramienta-clave-para-seguir-mejorando-la-calidad-del-aire-de-bogota.html HTTP/1.1" 200 1029
201.245.192.253 - - [27/Mar/2023:04:02:39 -0500] "POST /kwsrmcab/Wsrmcab  HTTP/1.1" 200 41914
192.168.175.240 - - [27/Mar/2023:04:03:16 -0500] "GET / HTTP/1.1" 200 4720
192.168.175.240 - - [27/Mar/2023:04:04:16 -0500] "GET / HTTP/1.1" 200 4720
216.245.221.92 - - [27/Mar/2023:04:04:51 -0500] "HEAD / HTTP/1.1" 200 -
172.22.2.4 - - [27/Mar/2023:04:03:25 -0500] "HEAD /BLA/boletinlegal/ HTTP/1.1" 200 -
192.168.175.240 - - [27/Mar/2023:04:05:16 -0500] "GET / HTTP/1.1" 200 4720
172.22.2.4 - - [27/Mar/2023:04:04:16 -0500] "GET /BLA/boletinlegal/ HTTP/1.1" 200 59296
192.168.175.240 - - [27/Mar/2023:04:06:16 -0500] "GET / HTTP/1.1" 200 4720
192.168.175.240 - - [27/Mar/2023:04:07:16 -0500] "GET / HTTP/1.1" 200 4720
201.245.192.253 - - [27/Mar/2023:04:07:37 -0500] "POST /kwsrmcab/Wsrmcab  HTTP/1.1" 200 41914
192.168.175.240 - - [27/Mar/2023:04:08:16 -0500] "GET / HTTP/1.1" 200 4720
185.119.81.106 - - [27/Mar/2023:04:08:24 -0500] "GET /portaldeninos/wp-login.php HTTP/1.1" 200 2592
185.119.81.106 - - [27/Mar/2023:04:08:25 -0500] "POST /portaldeninos/wp-login.php HTTP/1.1" 200 3650
52.167.144.167 - - [27/Mar/2023:04:09:02 -0500] "GET /BLA/resoluciones/AUTOS%202021/6836.pdf HTTP/1.1" 304 -
192.168.175.240 - - [27/Mar/2023:04:09:16 -0500] "GET / HTTP/1.1" 200 4720
216.245.221.92 - - [27/Mar/2023:04:09:51 -0500] "HEAD / HTTP/1.1" 200 -
40.77.167.162 - - [27/Mar/2023:04:10:01 -0500] "GET /images/Fauna%20SDA%20(1)%20(1).jpeg HTTP/1.1" 200 29639
172.22.2.4 - - [27/Mar/2023:04:10:04 -0500] "GET /BLA/boletinlegal/actuator/gateway/routes HTTP/1.1" 404 1018
192.168.175.240 - - [27/Mar/2023:04:10:16 -0500] "GET / HTTP/1.1" 200 4720
172.22.2.4 - - [27/Mar/2023:04:09:15 -0500] "HEAD /BLA/boletinlegal/ HTTP/1.1" 200 -
192.168.175.240 - - [27/Mar/2023:04:11:16 -0500] "GET / HTTP/1.1" 200 4720
172.22.2.4 - - [27/Mar/2023:04:10:06 -0500] "GET /BLA/boletinlegal/ HTTP/1.1" 200 52316
192.168.175.240 - - [27/Mar/2023:04:12:16 -0500] "GET / HTTP/1.1" 200 4720
201.245.192.253 - - [27/Mar/2023:04:12:36 -0500] "POST /kwsrmcab/Wsrmcab  HTTP/1.1" 200 41914
192.168.175.240 - - [27/Mar/2023:04:13:16 -0500] "GET / HTTP/1.1" 200 4720
66.249.79.183 - - [27/Mar/2023:04:14:10 -0500] "-" 408 -
192.168.175.240 - - [27/Mar/2023:04:14:16 -0500] "GET / HTTP/1.1" 200 4720
216.245.221.92 - - [27/Mar/2023:04:14:51 -0500] "HEAD / HTTP/1.1" 200 -
192.168.175.240 - - [27/Mar/2023:04:15:16 -0500] "GET / HTTP/1.1" 200 4720
209.73.183.39 - - [27/Mar/2023:04:15:19 -0500] "GET /images/jardines-verticales_optimized.jpeg HTTP/1.1" 200 138197
190.27.56.58 - - [27/Mar/2023:04:15:37 -0500] "GET /%C3%82%C2%BFquieres-aprender-sobre-jardines-verticales-esta-es-tu-oportunidad.html HTTP/1.1" 200 925
192.168.175.240 - - [27/Mar/2023:04:16:16 -0500] "GET / HTTP/1.1" 200 4720
66.249.79.113 - - [27/Mar/2023:04:16:18 -0500] "-" 408 -
172.22.2.4 - - [27/Mar/2023:04:15:05 -0500] "HEAD /BLA/boletinlegal/ HTTP/1.1" 200 -
190.240.2.137 - - [27/Mar/2023:04:16:55 -0500] "-" 408 -
192.168.175.240 - - [27/Mar/2023:04:17:16 -0500] "GET / HTTP/1.1" 200 4720
172.22.2.4 - - [27/Mar/2023:04:15:56 -0500] "GET /BLA/boletinlegal/ HTTP/1.1" 200 57551
201.245.192.253 - - [27/Mar/2023:04:17:35 -0500] "POST /kwsrmcab/Wsrmcab  HTTP/1.1" 200 41914
192.168.175.240 - - [27/Mar/2023:04:18:16 -0500] "GET / HTTP/1.1" 200 4720
49.7.21.72 - - [27/Mar/2023:04:18:33 -0500] "-" 408 -
52.167.144.167 - - [27/Mar/2023:04:19:06 -0500] "GET /BLA/resoluciones/AUTOS%202018/0243.pdf HTTP/1.1" 200 285526
192.168.175.240 - - [27/Mar/2023:04:19:16 -0500] "GET / HTTP/1.1" 200 4720
216.245.221.92 - - [27/Mar/2023:04:19:51 -0500] "HEAD / HTTP/1.1" 200 -
201.245.192.253 - - [27/Mar/2023:04:20:01 -0500] "POST /kwsrmcab/Wsrmcab HTTP/1.1" 200 43169
201.245.192.253 - - [27/Mar/2023:04:20:04 -0500] "POST /kwsrmcab/Wsrmcab HTTP/1.1" 200 43181
192.168.175.240 - - [27/Mar/2023:04:20:16 -0500] "GET / HTTP/1.1" 200 4720
66.249.79.179 - - [27/Mar/2023:04:20:55 -0500] "-" 408 -
192.168.175.240 - - [27/Mar/2023:04:21:16 -0500] "GET / HTTP/1.1" 200 4720
52.167.144.71 - - [27/Mar/2023:04:22:07 -0500] "GET /BLA/resoluciones/AUTOS%202018/1456.pdf HTTP/1.1" 200 1110438
192.168.175.240 - - [27/Mar/2023:04:22:16 -0500] "GET / HTTP/1.1" 200 4720
172.22.2.4 - - [27/Mar/2023:04:20:55 -0500] "HEAD /BLA/boletinlegal/ HTTP/1.1" 200 -
201.245.192.253 - - [27/Mar/2023:04:22:34 -0500] "POST /kwsrmcab/Wsrmcab  HTTP/1.1" 200 41914
192.168.175.240 - - [27/Mar/2023:04:23:16 -0500] "GET / HTTP/1.1" 200 4720
172.22.2.4 - - [27/Mar/2023:04:21:46 -0500] "GET /BLA/boletinlegal/ HTTP/1.1" 200 57935
192.168.175.240 - - [27/Mar/2023:04:24:16 -0500] "GET / HTTP/1.1" 200 4720
216.245.221.92 - - [27/Mar/2023:04:24:51 -0500] "HEAD / HTTP/1.1" 200 -
192.168.175.240 - - [27/Mar/2023:04:25:16 -0500] "GET / HTTP/1.1" 200 4720
66.249.79.111 - - [27/Mar/2023:04:25:40 -0500] "-" 408 -
192.168.175.240 - - [27/Mar/2023:04:26:16 -0500] "GET / HTTP/1.1" 200 4720
192.168.175.240 - - [27/Mar/2023:04:27:16 -0500] "GET / HTTP/1.1" 200 4720
201.245.192.253 - - [27/Mar/2023:04:27:33 -0500] "POST /kwsrmcab/Wsrmcab  HTTP/1.1" 200 41914
35.204.179.234 - - [27/Mar/2023:04:28:02 -0500] "GET /inventario-de-emisiones-2020-transporte-publico-sitp-redujo-emisiones-de-pm-2-5-en-un-37.html HTTP/1.1" 200 925
192.168.175.240 - - [27/Mar/2023:04:28:16 -0500] "GET / HTTP/1.1" 200 4720
172.22.2.4 - - [27/Mar/2023:04:26:45 -0500] "HEAD /BLA/boletinlegal/ HTTP/1.1" 200 -
172.22.2.4 - - [27/Mar/2023:04:27:36 -0500] "GET /BLA/boletinlegal/ HTTP/1.1" 200 55561
192.168.175.240 - - [27/Mar/2023:04:29:16 -0500] "GET / HTTP/1.1" 200 4720
216.245.221.92 - - [27/Mar/2023:04:29:51 -0500] "HEAD / HTTP/1.1" 200 -
201.245.192.253 - - [27/Mar/2023:04:30:01 -0500] "POST /kwsrmcab/Wsrmcab HTTP/1.1" 200 43169
201.245.192.253 - - [27/Mar/2023:04:30:04 -0500] "POST /kwsrmcab/Wsrmcab HTTP/1.1" 200 43181
192.168.175.240 - - [27/Mar/2023:04:30:16 -0500] "GET / HTTP/1.1" 200 4720
192.168.175.240 - - [27/Mar/2023:04:31:16 -0500] "GET / HTTP/1.1" 200 4720
172.22.2.4 - - [27/Mar/2023:04:32:09 -0500] "GET /BLA/boletinlegal/style.css HTTP/1.1" 200 9406
172.22.2.4 - - [27/Mar/2023:04:32:09 -0500] "GET /BLA/boletinlegal/styles2.css HTTP/1.1" 200 1838
172.22.2.4 - - [27/Mar/2023:04:32:09 -0500] "GET /BLA/boletinlegal/js/jquery.scrollShow.js HTTP/1.1" 200 4586
172.22.2.4 - - [27/Mar/2023:04:32:09 -0500] "GET /BLA/boletinlegal/js/jquery.js HTTP/1.1" 200 57254
172.22.2.4 - - [27/Mar/2023:04:32:09 -0500] "GET /BLA/boletinlegal/js/jquery.scrollTo-min.js HTTP/1.1" 200 1150
172.22.2.4 - - [27/Mar/2023:04:32:09 -0500] "GET /BLA/boletinlegal/images/cabezote%20BLEGAL.jpg HTTP/1.1" 200 118164
172.22.2.4 - - [27/Mar/2023:04:32:09 -0500] "GET /BLA/boletinlegal/images/subscribe-icon-big.png HTTP/1.1" 200 47702
172.22.2.4 - - [27/Mar/2023:04:32:09 -0500] "GET /BLA/boletinlegal/images/historia.png HTTP/1.1" 200 52775
172.22.2.4 - - [27/Mar/2023:04:32:09 -0500] "GET /BLA/boletinlegal/images/arr_l.jpg HTTP/1.1" 200 1979
172.22.2.4 - - [27/Mar/2023:04:32:09 -0500] "GET /BLA/boletinlegal/images/registro-usuarios.png HTTP/1.1" 200 8106
172.22.2.4 - - [27/Mar/2023:04:32:09 -0500] "GET /BLA/boletinlegal/images/screen_1.png HTTP/1.1" 200 202547
172.22.2.4 - - [27/Mar/2023:04:32:09 -0500] "GET /BLA/boletinlegal/images/launch.jpg HTTP/1.1" 200 14577
172.22.2.4 - - [27/Mar/2023:04:32:10 -0500] "GET /BLA/boletinlegal/images/body_bg.jpg HTTP/1.1" 200 1601
172.22.2.4 - - [27/Mar/2023:04:32:10 -0500] "GET /BLA/boletinlegal/images/menu_rght.gif HTTP/1.1" 200 1627
172.22.2.4 - - [27/Mar/2023:04:32:10 -0500] "GET /BLA/boletinlegal/images/menu_lft.gif HTTP/1.1" 200 1713
172.22.2.4 - - [27/Mar/2023:04:32:10 -0500] "GET /BLA/boletinlegal/images/menu_bg.jpg HTTP/1.1" 200 620
172.22.2.4 - - [27/Mar/2023:04:32:10 -0500] "GET /BLA/boletinlegal/images/bg_top.jpg HTTP/1.1" 200 522
172.22.2.4 - - [27/Mar/2023:04:32:10 -0500] "GET /BLA/boletinlegal/images/hover.jpg HTTP/1.1" 200 640
172.22.2.4 - - [27/Mar/2023:04:32:10 -0500] "GET /BLA/boletinlegal/images/text.jpg HTTP/1.1" 200 568
172.22.2.4 - - [27/Mar/2023:04:32:12 -0500] "GET /BLA/boletinlegal/actos.php HTTP/1.1" 200 9672
172.22.2.4 - - [27/Mar/2023:04:32:12 -0500] "GET /BLA/boletinlegal/js/ajax_actos.js HTTP/1.1" 200 1322
172.22.2.4 - - [27/Mar/2023:04:32:12 -0500] "GET /BLA/boletinlegal/niceforms.js HTTP/1.1" 200 22876
172.22.2.4 - - [27/Mar/2023:04:32:12 -0500] "GET /BLA/boletinlegal/js/popup.js HTTP/1.1" 200 1270
172.22.2.4 - - [27/Mar/2023:04:32:12 -0500] "GET /BLA/boletinlegal/js/lib.js HTTP/1.1" 200 6474
172.22.2.4 - - [27/Mar/2023:04:32:12 -0500] "GET /BLA/boletinlegal/niceforms-default.css HTTP/1.1" 200 6694
172.22.2.4 - - [27/Mar/2023:04:32:12 -0500] "GET /BLA/boletinlegal/js/jquery1.js HTTP/1.1" 200 29846
172.22.2.4 - - [27/Mar/2023:04:32:12 -0500] "GET /BLA/boletinlegal/images/green-yellow-blue-pink-th.png HTTP/1.1" 200 7394
172.22.2.4 - - [27/Mar/2023:04:32:12 -0500] "GET /BLA/boletinlegal/images/tel.png HTTP/1.1" 200 14477
172.22.2.4 - - [27/Mar/2023:04:32:12 -0500] "GET /BLA/boletinlegal/images/icono-email.png HTTP/1.1" 200 5544
172.22.2.4 - - [27/Mar/2023:04:32:12 -0500] "GET /BLA/boletinlegal/images/footer_bg.jpg HTTP/1.1" 200 586
172.22.2.4 - - [27/Mar/2023:04:32:12 -0500] "GET /BLA/boletinlegal/images/footer_bg_l.jpg HTTP/1.1" 200 776
172.22.2.4 - - [27/Mar/2023:04:32:12 -0500] "GET /BLA/boletinlegal/img/0.png HTTP/1.1" 200 110
172.22.2.4 - - [27/Mar/2023:04:32:12 -0500] "GET /BLA/boletinlegal/img/select-left.png HTTP/1.1" 200 263
172.22.2.4 - - [27/Mar/2023:04:32:12 -0500] "GET /BLA/boletinlegal/img/button-left.png HTTP/1.1" 200 57071
172.22.2.4 - - [27/Mar/2023:04:32:12 -0500] "GET /BLA/boletinlegal/img/select-right.png HTTP/1.1" 200 44019
172.22.2.4 - - [27/Mar/2023:04:32:12 -0500] "GET /BLA/boletinlegal/img/button.png HTTP/1.1" 200 43241
172.22.2.4 - - [27/Mar/2023:04:32:12 -0500] "GET /BLA/boletinlegal/favicon.ico HTTP/1.1" 404 1326
172.22.2.4 - - [27/Mar/2023:04:32:12 -0500] "GET /BLA/boletinlegal/img/button-right.png HTTP/1.1" 200 57878
192.168.175.240 - - [27/Mar/2023:04:32:16 -0500] "GET / HTTP/1.1" 200 4720
181.54.228.54 - - [27/Mar/2023:04:32:16 -0500] "GET /BLA/resoluciones/ HTTP/1.1" 200 13502
181.54.228.54 - - [27/Mar/2023:04:32:16 -0500] "GET /BLA/resoluciones/dlf/styles.css HTTP/1.1" 200 3049
181.54.228.54 - - [27/Mar/2023:04:32:16 -0500] "GET /BLA/resoluciones/dlf/folder.png HTTP/1.1" 200 410
181.54.228.54 - - [27/Mar/2023:04:32:16 -0500] "GET /BLA/resoluciones/dlf/bg.gif HTTP/1.1" 200 54
181.54.228.54 - - [27/Mar/2023:04:32:16 -0500] "GET /favicon.ico HTTP/1.1" 200 7782
181.54.228.54 - - [27/Mar/2023:04:32:26 -0500] "GET /BLA/resoluciones/dlf/dirup.png HTTP/1.1" 200 644
181.54.228.54 - - [27/Mar/2023:04:32:26 -0500] "GET /BLA/resoluciones/dlf/pdf.gif HTTP/1.1" 200 272
181.54.228.54 - - [27/Mar/2023:04:32:26 -0500] "GET /BLA/resoluciones/index.php?dir=RESOLUCIONES+2022%2F HTTP/1.1" 200 294100
181.54.228.54 - - [27/Mar/2023:04:32:33 -0500] "GET /BLA/resoluciones/RESOLUCIONES%202022/0046.pdf HTTP/1.1" 200 405139
201.245.192.253 - - [27/Mar/2023:04:32:32 -0500] "POST /kwsrmcab/Wsrmcab  HTTP/1.1" 200 41914
172.22.2.4 - - [27/Mar/2023:04:32:09 -0500] "GET /BLA/boletinlegal/ HTTP/1.1" 200 24523
181.54.228.54 - - [27/Mar/2023:04:33:05 -0500] "GET /BLA/resoluciones/index.php?dir=RESOLUCIONES+2021%2F HTTP/1.1" 200 438966
192.168.175.240 - - [27/Mar/2023:04:33:16 -0500] "GET / HTTP/1.1" 200 4720
181.54.228.54 - - [27/Mar/2023:04:33:27 -0500] "GET /BLA/resoluciones/RESOLUCIONES%202021/1865.pdf HTTP/1.1" 200 466582
185.119.81.104 - - [27/Mar/2023:04:33:57 -0500] "GET /portaldeninos/wp-login.php HTTP/1.1" 200 2592
185.119.81.104 - - [27/Mar/2023:04:33:58 -0500] "POST /portaldeninos/wp-login.php HTTP/1.1" 200 3605
172.22.2.4 - - [27/Mar/2023:04:32:35 -0500] "HEAD /BLA/boletinlegal/ HTTP/1.1" 200 -
192.168.175.240 - - [27/Mar/2023:04:34:16 -0500] "GET / HTTP/1.1" 200 4720
216.245.221.92 - - [27/Mar/2023:04:34:51 -0500] "HEAD / HTTP/1.1" 200 -
172.22.2.4 - - [27/Mar/2023:04:33:26 -0500] "GET /BLA/boletinlegal/ HTTP/1.1" 200 57141
192.168.175.240 - - [27/Mar/2023:04:35:16 -0500] "GET / HTTP/1.1" 200 4720
192.168.175.240 - - [27/Mar/2023:04:36:16 -0500] "GET / HTTP/1.1" 200 4720
201.245.192.253 - - [27/Mar/2023:04:36:27 -0500] "GET / HTTP/1.1" 200 319
66.249.79.111 - - [27/Mar/2023:04:36:46 -0500] "-" 408 -
192.168.175.240 - - [27/Mar/2023:04:37:16 -0500] "GET / HTTP/1.1" 200 4720
201.245.192.253 - - [27/Mar/2023:04:37:31 -0500] "POST /kwsrmcab/Wsrmcab  HTTP/1.1" 200 41914
192.168.175.240 - - [27/Mar/2023:04:38:16 -0500] "GET / HTTP/1.1" 200 4720
69.171.249.24 - - [27/Mar/2023:04:38:41 -0500] "GET /images/Sello%201%20JA-2.jpeg HTTP/1.1" 200 42236
173.252.95.7 - - [27/Mar/2023:04:39:15 -0500] "GET /secretaria-de-ambiente-rescata-perezoso-y-lo-traslada-al-departamento-de-antioquia-para-su-rehabilitacion.html HTTP/1.1" 206 1059
192.168.175.240 - - [27/Mar/2023:04:39:16 -0500] "GET / HTTP/1.1" 200 4720
216.245.221.92 - - [27/Mar/2023:04:39:51 -0500] "HEAD / HTTP/1.1" 200 -
201.245.192.253 - - [27/Mar/2023:04:40:00 -0500] "POST /kwsrmcab/Wsrmcab HTTP/1.1" 200 43169
201.245.192.253 - - [27/Mar/2023:04:40:03 -0500] "POST /kwsrmcab/Wsrmcab HTTP/1.1" 200 43181
172.22.2.4 - - [27/Mar/2023:04:38:25 -0500] "HEAD /BLA/boletinlegal/ HTTP/1.1" 200 -
192.168.175.240 - - [27/Mar/2023:04:40:16 -0500] "GET / HTTP/1.1" 200 4720
157.55.39.217 - - [27/Mar/2023:04:40:52 -0500] "GET /BLA/resoluciones/AUTOS%202017/2932.pdf HTTP/1.1" 200 289975
172.22.2.4 - - [27/Mar/2023:04:39:16 -0500] "GET /BLA/boletinlegal/ HTTP/1.1" 200 57551
192.168.175.240 - - [27/Mar/2023:04:41:16 -0500] "GET / HTTP/1.1" 200 4720
213.180.203.214 - - [27/Mar/2023:04:41:30 -0500] "GET /favicon.ico HTTP/1.1" 200 7782
52.167.144.167 - - [27/Mar/2023:04:42:15 -0500] "GET /BLA/resoluciones/AUTOS%202021/2162.pdf HTTP/1.1" 304 -
192.168.175.240 - - [27/Mar/2023:04:42:16 -0500] "GET / HTTP/1.1" 200 4720
201.245.192.253 - - [27/Mar/2023:04:42:34 -0500] "POST /kwsrmcab/Wsrmcab  HTTP/1.1" 200 41914
192.168.175.240 - - [27/Mar/2023:04:43:16 -0500] "GET / HTTP/1.1" 200 4720
192.168.175.240 - - [27/Mar/2023:04:44:16 -0500] "GET / HTTP/1.1" 200 4720
66.249.79.111 - - [27/Mar/2023:04:44:30 -0500] "-" 408 -
216.245.221.92 - - [27/Mar/2023:04:44:51 -0500] "HEAD / HTTP/1.1" 200 -
192.168.175.240 - - [27/Mar/2023:04:45:16 -0500] "GET / HTTP/1.1" 200 4720
172.22.2.4 - - [27/Mar/2023:04:44:15 -0500] "HEAD /BLA/boletinlegal/ HTTP/1.1" 200 -
192.168.175.240 - - [27/Mar/2023:04:46:16 -0500] "GET / HTTP/1.1" 200 4720
172.22.2.4 - - [27/Mar/2023:04:45:06 -0500] "GET /BLA/boletinlegal/ HTTP/1.1" 200 57141
192.168.175.240 - - [27/Mar/2023:04:47:16 -0500] "GET / HTTP/1.1" 200 4720
201.245.192.253 - - [27/Mar/2023:04:47:34 -0500] "POST /kwsrmcab/Wsrmcab  HTTP/1.1" 200 41914
192.168.175.240 - - [27/Mar/2023:04:48:16 -0500] "GET / HTTP/1.1" 200 4720
192.168.175.240 - - [27/Mar/2023:04:49:16 -0500] "GET / HTTP/1.1" 200 4720
216.245.221.92 - - [27/Mar/2023:04:49:51 -0500] "HEAD / HTTP/1.1" 200 -
192.168.175.240 - - [27/Mar/2023:04:50:16 -0500] "GET / HTTP/1.1" 200 4720
192.168.175.240 - - [27/Mar/2023:04:51:16 -0500] "GET / HTTP/1.1" 200 4720
52.167.144.71 - - [27/Mar/2023:04:51:27 -0500] "GET /BLA/resoluciones/AUTOS%202022/3661.pdf HTTP/1.1" 200 1474635
52.167.144.167 - - [27/Mar/2023:04:51:32 -0500] "GET /BLA/resoluciones/index.php?dir=RESOLUCIONES+2023%2F HTTP/1.1" 200 10548
172.22.2.4 - - [27/Mar/2023:04:50:05 -0500] "HEAD /BLA/boletinlegal/ HTTP/1.1" 200 -
192.168.175.240 - - [27/Mar/2023:04:52:16 -0500] "GET / HTTP/1.1" 200 4720
201.245.192.253 - - [27/Mar/2023:04:52:33 -0500] "POST /kwsrmcab/Wsrmcab  HTTP/1.1" 200 41914
172.22.2.4 - - [27/Mar/2023:04:50:56 -0500] "GET /BLA/boletinlegal/ HTTP/1.1" 200 56277
192.168.175.240 - - [27/Mar/2023:04:53:16 -0500] "GET / HTTP/1.1" 200 4720
52.167.144.167 - - [27/Mar/2023:04:53:26 -0500] "GET /BLA/resoluciones/RESOLUCIONES%202021/1510.pdf HTTP/1.1" 200 768600
69.63.184.3 - - [27/Mar/2023:04:53:28 -0500] "GET /bogota-consolida-avances-ambientales-con-el-compromiso-ciudadano-planes-estrategicos-y-acuerdos-con-diversos-sectores.html HTTP/1.1" 206 1348
192.168.175.240 - - [27/Mar/2023:04:54:16 -0500] "GET / HTTP/1.1" 200 4720
216.245.221.92 - - [27/Mar/2023:04:54:51 -0500] "HEAD / HTTP/1.1" 200 -
49.7.21.72 - - [27/Mar/2023:04:54:58 -0500] "-" 408 -
192.168.175.240 - - [27/Mar/2023:04:55:16 -0500] "GET / HTTP/1.1" 200 4720
172.22.2.4 - - [27/Mar/2023:04:55:49 -0500] "GET /BLA/boletinlegal/Directivas/2011/Directiva%20No.%203%20del%2027%20de%20Mayo%20de%202011.pdf HTTP/1.1" 200 910420
192.168.175.240 - - [27/Mar/2023:04:56:16 -0500] "GET / HTTP/1.1" 200 4720
64.227.41.39 - - [27/Mar/2023:04:57:14 -0500] "GET /aaa9 HTTP/1.1" 404 1018
64.227.41.39 - - [27/Mar/2023:04:57:14 -0500] "GET /aab8 HTTP/1.1" 404 1018
64.227.41.39 - - [27/Mar/2023:04:57:15 -0500] "GET / HTTP/1.1" 200 319
192.168.175.240 - - [27/Mar/2023:04:57:16 -0500] "GET / HTTP/1.1" 200 4720
66.249.79.128 - - [27/Mar/2023:04:57:17 -0500] "-" 408 -
201.245.192.253 - - [27/Mar/2023:04:57:32 -0500] "POST /kwsrmcab/Wsrmcab  HTTP/1.1" 200 41914
172.22.2.4 - - [27/Mar/2023:04:55:55 -0500] "HEAD /BLA/boletinlegal/ HTTP/1.1" 200 -
192.168.175.240 - - [27/Mar/2023:04:58:16 -0500] "GET / HTTP/1.1" 200 4720
172.22.2.4 - - [27/Mar/2023:04:56:46 -0500] "GET /BLA/boletinlegal/ HTTP/1.1" 200 52316
192.168.175.240 - - [27/Mar/2023:04:59:16 -0500] "GET / HTTP/1.1" 200 4720
216.245.221.92 - - [27/Mar/2023:04:59:51 -0500] "HEAD / HTTP/1.1" 200 -
192.168.175.240 - - [27/Mar/2023:05:00:16 -0500] "GET / HTTP/1.1" 200 4720
185.119.81.106 - - [27/Mar/2023:05:01:10 -0500] "GET /portaldeninos/wp-login.php HTTP/1.1" 200 2592
185.119.81.106 - - [27/Mar/2023:05:01:11 -0500] "POST /portaldeninos/wp-login.php HTTP/1.1" 200 3605
192.168.175.240 - - [27/Mar/2023:05:01:16 -0500] "GET / HTTP/1.1" 200 4720
172.22.2.4 - - [27/Mar/2023:05:00:48 -0500] "GET /BLA/boletinlegal/ HTTP/1.1" 200 28619
157.55.39.217 - - [27/Mar/2023:05:02:13 -0500] "GET /appsia/controlador HTTP/1.1" 200 4799
192.168.175.240 - - [27/Mar/2023:05:02:16 -0500] "GET / HTTP/1.1" 200 4720
201.245.192.253 - - [27/Mar/2023:05:02:31 -0500] "POST /kwsrmcab/Wsrmcab  HTTP/1.1" 200 41914
52.167.144.167 - - [27/Mar/2023:05:02:37 -0500] "GET /appsia/css/estilos.css HTTP/1.1" 200 4804
192.133.77.15 - - [27/Mar/2023:05:03:00 -0500] "-" 408 -
192.133.77.14 - - [27/Mar/2023:05:03:00 -0500] "-" 408 -
192.168.175.240 - - [27/Mar/2023:05:03:16 -0500] "GET / HTTP/1.1" 200 4720
172.22.2.4 - - [27/Mar/2023:05:01:45 -0500] "HEAD /BLA/boletinlegal/ HTTP/1.1" 200 -
172.22.2.4 - - [27/Mar/2023:05:04:13 -0500] "GET /BLA/boletinlegal/actuator/health HTTP/1.1" 404 1018
172.22.2.4 - - [27/Mar/2023:05:02:36 -0500] "GET /BLA/boletinlegal/ HTTP/1.1" 200 57551
192.168.175.240 - - [27/Mar/2023:05:04:16 -0500] "GET / HTTP/1.1" 200 4720
181.51.34.160 - - [27/Mar/2023:05:04:35 -0500] "GET /sipse/faces/faces/autenticacion.xhtml HTTP/1.1" 200 12499
181.51.34.160 - - [27/Mar/2023:05:04:35 -0500] "GET /sipse/js/disable_browser_buttons.js HTTP/1.1" 304 -
181.51.34.160 - - [27/Mar/2023:05:04:35 -0500] "GET /sipse/faces/javax.faces.resource/layout/layout.css;jsessionid=Jq-4+s+GGLp3iLLt-SHuLdzU.undefined?ln=primefaces&v=4.0 HTTP/1.1" 200 542
181.51.34.160 - - [27/Mar/2023:05:04:35 -0500] "GET /sipse/css/custom_css_sg_prime_login.css HTTP/1.1" 304 -
181.51.34.160 - - [27/Mar/2023:05:04:35 -0500] "GET /sipse/css/custom_css_sg.css HTTP/1.1" 304 -
181.51.34.160 - - [27/Mar/2023:05:04:35 -0500] "GET /sipse/faces/javax.faces.resource/theme.css?ln=primefaces-sipse HTTP/1.1" 304 -
181.51.34.160 - - [27/Mar/2023:05:04:35 -0500] "GET /sipse/js/funciones.js HTTP/1.1" 304 -
181.51.34.160 - - [27/Mar/2023:05:04:35 -0500] "GET /sipse/faces/javax.faces.resource/primefaces.css;jsessionid=Jq-4+s+GGLp3iLLt-SHuLdzU.undefined?ln=primefaces&v=4.0 HTTP/1.1" 200 53295
181.51.34.160 - - [27/Mar/2023:05:04:35 -0500] "GET /sipse/faces/javax.faces.resource/jquery/jquery-plugins.js;jsessionid=Jq-4+s+GGLp3iLLt-SHuLdzU.undefined?ln=primefaces&v=4.0 HTTP/1.1" 200 220526
181.51.34.160 - - [27/Mar/2023:05:04:35 -0500] "GET /sipse/faces/javax.faces.resource/layout/layout.js;jsessionid=Jq-4+s+GGLp3iLLt-SHuLdzU.undefined?ln=primefaces&v=4.0 HTTP/1.1" 200 87560
181.51.34.160 - - [27/Mar/2023:05:04:35 -0500] "GET /sipse/faces/javax.faces.resource/jquery/jquery.js;jsessionid=Jq-4+s+GGLp3iLLt-SHuLdzU.undefined?ln=primefaces&v=4.0 HTTP/1.1" 200 105384
181.51.34.160 - - [27/Mar/2023:05:04:35 -0500] "GET /sipse/faces/javax.faces.resource/primefaces.js;jsessionid=Jq-4+s+GGLp3iLLt-SHuLdzU.undefined?ln=primefaces&v=4.0 HTTP/1.1" 200 276924
181.51.34.160 - - [27/Mar/2023:05:04:35 -0500] "GET /sipse/css/imagen/loginimg.png HTTP/1.1" 304 -
181.51.34.160 - - [27/Mar/2023:05:04:35 -0500] "GET /sipse/css/imagen/logoSDG.png HTTP/1.1" 304 -
181.51.34.160 - - [27/Mar/2023:05:04:35 -0500] "GET /sipse/faces/javax.faces.resource/images/ui-icons_898989_256x240.png?ln=primefaces-aristo HTTP/1.1" 304 -
181.51.34.160 - - [27/Mar/2023:05:04:36 -0500] "GET /sipse/faces/faces/index.xhtml HTTP/1.1" 200 677
181.51.34.160 - - [27/Mar/2023:05:04:36 -0500] "GET /sipse/faces/javax.faces.resource/theme.css?ln=primefaces-sipse HTTP/1.1" 304 -
181.51.34.160 - - [27/Mar/2023:05:04:36 -0500] "GET /sipse/faces/faces/faces/autenticacion.xhtml HTTP/1.1" 200 12177
181.51.34.160 - - [27/Mar/2023:05:04:36 -0500] "GET /sipse/faces/javax.faces.resource/jquery/jquery.js?ln=primefaces&v=4.0 HTTP/1.1" 304 -
181.51.34.160 - - [27/Mar/2023:05:04:36 -0500] "GET /sipse/faces/javax.faces.resource/primefaces.css?ln=primefaces&v=4.0 HTTP/1.1" 304 -
181.51.34.160 - - [27/Mar/2023:05:04:36 -0500] "GET /sipse/faces/javax.faces.resource/theme.css?ln=primefaces-sipse HTTP/1.1" 304 -
181.51.34.160 - - [27/Mar/2023:05:04:36 -0500] "GET /sipse/faces/javax.faces.resource/layout/layout.js?ln=primefaces&v=4.0 HTTP/1.1" 304 -
181.51.34.160 - - [27/Mar/2023:05:04:36 -0500] "GET /sipse/faces/javax.faces.resource/primefaces.js?ln=primefaces&v=4.0 HTTP/1.1" 304 -
181.51.34.160 - - [27/Mar/2023:05:04:36 -0500] "GET /sipse/faces/javax.faces.resource/jquery/jquery-plugins.js?ln=primefaces&v=4.0 HTTP/1.1" 304 -
181.51.34.160 - - [27/Mar/2023:05:04:36 -0500] "GET /sipse/faces/javax.faces.resource/layout/layout.css?ln=primefaces&v=4.0 HTTP/1.1" 304 -
181.51.34.160 - - [27/Mar/2023:05:04:38 -0500] "POST /sipse/faces/autenticacion.xhtml HTTP/1.1" 200 11187
181.51.34.160 - - [27/Mar/2023:05:04:38 -0500] "GET /sipse/css/custom_css_sg_prime.css HTTP/1.1" 304 -
181.51.34.160 - - [27/Mar/2023:05:04:38 -0500] "GET /sipse/faces/javax.faces.resource/primefaces.css?ln=primefaces&v=4.0 HTTP/1.1" 304 -
181.51.34.160 - - [27/Mar/2023:05:04:38 -0500] "GET /sipse/faces/javax.faces.resource/theme.css?ln=primefaces-sipse HTTP/1.1" 304 -
181.51.34.160 - - [27/Mar/2023:05:04:38 -0500] "GET /sipse/faces/javax.faces.resource/layout/layout.css?ln=primefaces&v=4.0 HTTP/1.1" 304 -
181.51.34.160 - - [27/Mar/2023:05:04:38 -0500] "GET /sipse/faces/javax.faces.resource/jquery/jquery.js?ln=primefaces&v=4.0 HTTP/1.1" 304 -
181.51.34.160 - - [27/Mar/2023:05:04:38 -0500] "GET /sipse/faces/javax.faces.resource/jquery/jquery-plugins.js?ln=primefaces&v=4.0 HTTP/1.1" 304 -
181.51.34.160 - - [27/Mar/2023:05:04:39 -0500] "GET /sipse/faces/javax.faces.resource/primefaces.js?ln=primefaces&v=4.0 HTTP/1.1" 304 -
181.51.34.160 - - [27/Mar/2023:05:04:39 -0500] "GET /sipse/faces/javax.faces.resource/layout/layout.js?ln=primefaces&v=4.0 HTTP/1.1" 304 -
181.51.34.160 - - [27/Mar/2023:05:04:39 -0500] "GET /sipse/faces/javax.faces.resource/messages/messages.png?ln=primefaces&v=4.0 HTTP/1.1" 304 -
181.51.34.160 - - [27/Mar/2023:05:04:43 -0500] "GET /sipse/faces/javax.faces.resource/images/ui-icons_898989_256x240.png?ln=primefaces-aristo HTTP/1.1" 304 -
181.51.34.160 - - [27/Mar/2023:05:04:44 -0500] "POST /sipse/faces/presentacion/sistema/seguridad/seleccionRol.xhtml HTTP/1.1" 200 5624
181.51.34.160 - - [27/Mar/2023:05:04:45 -0500] "POST /sipse/faces/presentacion/sistema/seguridad/seleccionRol.xhtml HTTP/1.1" 200 15034
181.51.34.160 - - [27/Mar/2023:05:04:45 -0500] "GET /sipse/faces/javax.faces.resource/theme.css?ln=primefaces-sipse HTTP/1.1" 304 -
181.51.34.160 - - [27/Mar/2023:05:04:45 -0500] "GET /sipse/js/jquery.min.js HTTP/1.1" 304 -
181.51.34.160 - - [27/Mar/2023:05:04:45 -0500] "GET /sipse/faces/javax.faces.resource/primefaces.css?ln=primefaces&v=4.0 HTTP/1.1" 304 -
181.51.34.160 - - [27/Mar/2023:05:04:45 -0500] "GET /sipse/faces/javax.faces.resource/layout/layout.css?ln=primefaces&v=4.0 HTTP/1.1" 304 -
181.51.34.160 - - [27/Mar/2023:05:04:45 -0500] "GET /sipse/faces/javax.faces.resource/jquery/jquery.js?ln=primefaces&v=4.0 HTTP/1.1" 304 -
181.51.34.160 - - [27/Mar/2023:05:04:45 -0500] "GET /sipse/faces/javax.faces.resource/jquery/jquery-plugins.js?ln=primefaces&v=4.0 HTTP/1.1" 304 -
181.51.34.160 - - [27/Mar/2023:05:04:45 -0500] "GET /sipse/faces/javax.faces.resource/primefaces.js?ln=primefaces&v=4.0 HTTP/1.1" 304 -
181.51.34.160 - - [27/Mar/2023:05:04:45 -0500] "GET /sipse/faces/javax.faces.resource/layout/layout.js?ln=primefaces&v=4.0 HTTP/1.1" 304 -
181.51.34.160 - - [27/Mar/2023:05:04:45 -0500] "GET /sipse/imagenes/logoAplicacion.jpg HTTP/1.1" 304 -
181.51.34.160 - - [27/Mar/2023:05:04:45 -0500] "GET /sipse/imagenes/cargando.gif HTTP/1.1" 304 -
181.51.34.160 - - [27/Mar/2023:05:04:45 -0500] "GET /sipse/css/imagen/contrasena.png HTTP/1.1" 404 383
181.51.34.160 - - [27/Mar/2023:05:04:47 -0500] "GET /sipse/faces/javax.faces.resource/images/ui-bg_flat_0_2d5972_40x100.png?ln=primefaces-aristo HTTP/1.1" 304 -
181.51.34.160 - - [27/Mar/2023:05:04:47 -0500] "POST /sipse/faces/bienvenido.xhtml HTTP/1.1" 200 3843
181.51.34.160 - - [27/Mar/2023:05:04:48 -0500] "POST /sipse/faces/bienvenido.xhtml HTTP/1.1" 200 63732
181.51.34.160 - - [27/Mar/2023:05:04:48 -0500] "GET /sipse/faces/javax.faces.resource/theme.css?ln=primefaces-sipse HTTP/1.1" 304 -
181.51.34.160 - - [27/Mar/2023:05:04:48 -0500] "GET /sipse/faces/javax.faces.resource/primefaces.css?ln=primefaces&v=4.0 HTTP/1.1" 304 -
181.51.34.160 - - [27/Mar/2023:05:04:48 -0500] "GET /sipse/faces/javax.faces.resource/layout/layout.css?ln=primefaces&v=4.0 HTTP/1.1" 304 -
181.51.34.160 - - [27/Mar/2023:05:04:48 -0500] "GET /sipse/faces/javax.faces.resource/jquery/jquery.js?ln=primefaces&v=4.0 HTTP/1.1" 304 -
181.51.34.160 - - [27/Mar/2023:05:04:48 -0500] "GET /sipse/faces/javax.faces.resource/jquery/jquery-plugins.js?ln=primefaces&v=4.0 HTTP/1.1" 304 -
181.51.34.160 - - [27/Mar/2023:05:04:48 -0500] "GET /sipse/faces/javax.faces.resource/primefaces.js?ln=primefaces&v=4.0 HTTP/1.1" 304 -
181.51.34.160 - - [27/Mar/2023:05:04:48 -0500] "GET /sipse/faces/javax.faces.resource/layout/layout.js?ln=primefaces&v=4.0 HTTP/1.1" 304 -
181.51.34.160 - - [27/Mar/2023:05:04:48 -0500] "POST /sipse/faces/presentacion/financiero/solicitudProceso/listarSolicitudProceso.xhtml HTTP/1.1" 200 1556
181.51.34.160 - - [27/Mar/2023:05:04:50 -0500] "POST /sipse/faces/presentacion/financiero/solicitudProceso/listarSolicitudProceso.xhtml HTTP/1.1" 200 46143
181.51.34.160 - - [27/Mar/2023:05:04:50 -0500] "POST /sipse/faces/presentacion/financiero/solicitudProceso/listarSolicitudProceso.xhtml HTTP/1.1" 200 1560
181.51.34.160 - - [27/Mar/2023:05:04:50 -0500] "POST /sipse/faces/presentacion/financiero/solicitudProceso/listarSolicitudProceso.xhtml HTTP/1.1" 200 19664
181.51.34.160 - - [27/Mar/2023:05:04:51 -0500] "POST /sipse/faces/presentacion/financiero/solicitudProceso/listarSolicitudProceso.xhtml HTTP/1.1" 200 31446
216.245.221.92 - - [27/Mar/2023:05:04:51 -0500] "HEAD / HTTP/1.1" 200 -
192.168.175.240 - - [27/Mar/2023:05:05:16 -0500] "GET / HTTP/1.1" 200 4720
172.22.2.4 - - [27/Mar/2023:05:05:42 -0500] "GET /BLA/boletinlegal/actos.php HTTP/1.1" 200 9672
172.22.2.4 - - [27/Mar/2023:05:05:48 -0500] "GET /BLA/boletinlegal/consulta_actos.php?tipo=autos&no=&usuario=&sector=&fecha=2022&resuelve= HTTP/1.1" 200 1662187
172.22.2.4 - - [27/Mar/2023:05:05:50 -0500] "GET /BLA/boletinlegal/images/pdf.gif HTTP/1.1" 200 567
172.22.2.4 - - [27/Mar/2023:05:05:50 -0500] "GET /BLA/boletinlegal/images/background.gif HTTP/1.1" 200 -
172.22.2.4 - - [27/Mar/2023:05:05:40 -0500] "GET /BLA/boletinlegal/ HTTP/1.1" 200 24523
192.168.175.240 - - [27/Mar/2023:05:06:16 -0500] "GET / HTTP/1.1" 200 4720
181.51.34.160 - - [27/Mar/2023:05:06:44 -0500] "POST /sipse/faces/presentacion/financiero/solicitudProceso/listarSolicitudProceso.xhtml HTTP/1.1" 200 127008
181.51.34.160 - - [27/Mar/2023:05:06:45 -0500] "GET /sipse/faces/javax.faces.resource/theme.css?ln=primefaces-sipse HTTP/1.1" 304 -
181.51.34.160 - - [27/Mar/2023:05:06:45 -0500] "GET /sipse/faces/javax.faces.resource/primefaces.css?ln=primefaces&v=4.0 HTTP/1.1" 304 -
181.51.34.160 - - [27/Mar/2023:05:06:45 -0500] "GET /sipse/faces/javax.faces.resource/layout/layout.css?ln=primefaces&v=4.0 HTTP/1.1" 304 -
181.51.34.160 - - [27/Mar/2023:05:06:45 -0500] "GET /sipse/faces/javax.faces.resource/jquery/jquery.js?ln=primefaces&v=4.0 HTTP/1.1" 304 -
181.51.34.160 - - [27/Mar/2023:05:06:45 -0500] "GET /sipse/faces/javax.faces.resource/jquery/jquery-plugins.js?ln=primefaces&v=4.0 HTTP/1.1" 304 -
181.51.34.160 - - [27/Mar/2023:05:06:45 -0500] "GET /sipse/faces/javax.faces.resource/primefaces.js?ln=primefaces&v=4.0 HTTP/1.1" 304 -
181.51.34.160 - - [27/Mar/2023:05:06:45 -0500] "GET /sipse/faces/javax.faces.resource/layout/layout.js?ln=primefaces&v=4.0 HTTP/1.1" 304 -
66.249.79.111 - - [27/Mar/2023:05:06:46 -0500] "-" 408 -
181.51.34.160 - - [27/Mar/2023:05:06:50 -0500] "POST /sipse/faces/presentacion/financiero/solicitudProceso/consultarSolicitudProceso.xhtml HTTP/1.1" 200 5515
192.168.175.240 - - [27/Mar/2023:05:07:16 -0500] "GET / HTTP/1.1" 200 4720
201.245.192.253 - - [27/Mar/2023:05:07:30 -0500] "POST /kwsrmcab/Wsrmcab  HTTP/1.1" 200 41914
34.147.47.195 - - [27/Mar/2023:05:07:50 -0500] "GET /inventario-de-emisiones-2020-transporte-publico-sitp-redujo-emisiones-de-pm-2-5-en-un-37.html HTTP/1.1" 200 925
192.168.175.240 - - [27/Mar/2023:05:08:16 -0500] "GET / HTTP/1.1" 200 4720
181.51.34.160 - - [27/Mar/2023:05:08:57 -0500] "GET /sipse/faces/javax.faces.resource/theme.css?ln=primefaces-sipse HTTP/1.1" 304 -
181.51.34.160 - - [27/Mar/2023:05:08:56 -0500] "POST /sipse/faces/presentacion/financiero/solicitudProceso/consultarSolicitudProceso.xhtml HTTP/1.1" 200 55107
181.51.34.160 - - [27/Mar/2023:05:08:57 -0500] "GET /sipse/faces/javax.faces.resource/primefaces.css?ln=primefaces&v=4.0 HTTP/1.1" 304 -
181.51.34.160 - - [27/Mar/2023:05:08:57 -0500] "GET /sipse/faces/javax.faces.resource/primefaces.js?ln=primefaces&v=4.0 HTTP/1.1" 304 -
181.51.34.160 - - [27/Mar/2023:05:08:57 -0500] "GET /sipse/faces/javax.faces.resource/jquery/jquery.js?ln=primefaces&v=4.0 HTTP/1.1" 304 -
181.51.34.160 - - [27/Mar/2023:05:08:57 -0500] "GET /sipse/faces/javax.faces.resource/layout/layout.css?ln=primefaces&v=4.0 HTTP/1.1" 304 -
181.51.34.160 - - [27/Mar/2023:05:08:57 -0500] "GET /sipse/faces/javax.faces.resource/jquery/jquery-plugins.js?ln=primefaces&v=4.0 HTTP/1.1" 304 -
181.51.34.160 - - [27/Mar/2023:05:08:57 -0500] "GET /sipse/faces/javax.faces.resource/layout/layout.js?ln=primefaces&v=4.0 HTTP/1.1" 304 -
181.51.34.160 - - [27/Mar/2023:05:08:57 -0500] "POST /sipse/faces/presentacion/financiero/solicitudProceso/listarSolicitudProceso.xhtml HTTP/1.1" 200 1492
181.51.34.160 - - [27/Mar/2023:05:08:58 -0500] "POST /sipse/faces/presentacion/financiero/solicitudProceso/listarSolicitudProceso.xhtml HTTP/1.1" 200 1504
172.22.2.4 - - [27/Mar/2023:05:07:35 -0500] "HEAD /BLA/boletinlegal/ HTTP/1.1" 200 -
192.168.175.240 - - [27/Mar/2023:05:09:16 -0500] "GET / HTTP/1.1" 200 4720
181.51.34.160 - - [27/Mar/2023:05:09:24 -0500] "POST /sipse/faces/presentacion/financiero/solicitudProceso/listarSolicitudProceso.xhtml HTTP/1.1" 200 125099
181.51.34.160 - - [27/Mar/2023:05:09:26 -0500] "GET /sipse/faces/javax.faces.resource/theme.css?ln=primefaces-sipse HTTP/1.1" 304 -
181.51.34.160 - - [27/Mar/2023:05:09:26 -0500] "GET /sipse/faces/javax.faces.resource/primefaces.css?ln=primefaces&v=4.0 HTTP/1.1" 304 -
181.51.34.160 - - [27/Mar/2023:05:09:26 -0500] "GET /sipse/faces/javax.faces.resource/layout/layout.css?ln=primefaces&v=4.0 HTTP/1.1" 304 -
181.51.34.160 - - [27/Mar/2023:05:09:26 -0500] "GET /sipse/faces/javax.faces.resource/jquery/jquery.js?ln=primefaces&v=4.0 HTTP/1.1" 304 -
181.51.34.160 - - [27/Mar/2023:05:09:26 -0500] "GET /sipse/faces/javax.faces.resource/jquery/jquery-plugins.js?ln=primefaces&v=4.0 HTTP/1.1" 304 -
181.51.34.160 - - [27/Mar/2023:05:09:26 -0500] "GET /sipse/faces/javax.faces.resource/primefaces.js?ln=primefaces&v=4.0 HTTP/1.1" 304 -
181.51.34.160 - - [27/Mar/2023:05:09:26 -0500] "GET /sipse/faces/javax.faces.resource/layout/layout.js?ln=primefaces&v=4.0 HTTP/1.1" 304 -
181.51.34.160 - - [27/Mar/2023:05:09:31 -0500] "POST /sipse/faces/presentacion/financiero/solicitudProceso/consultarSolicitudProceso.xhtml HTTP/1.1" 200 5515
216.245.221.92 - - [27/Mar/2023:05:09:51 -0500] "HEAD / HTTP/1.1" 200 -
172.22.2.4 - - [27/Mar/2023:05:08:26 -0500] "GET /BLA/boletinlegal/ HTTP/1.1" 200 52720
192.168.175.240 - - [27/Mar/2023:05:10:16 -0500] "GET / HTTP/1.1" 200 4720
66.249.79.128 - - [27/Mar/2023:05:10:19 -0500] "-" 408 -
181.51.34.160 - - [27/Mar/2023:05:10:59 -0500] "GET /sipse/faces/javax.faces.resource/theme.css?ln=primefaces-sipse HTTP/1.1" 304 -
181.51.34.160 - - [27/Mar/2023:05:10:58 -0500] "POST /sipse/faces/presentacion/financiero/solicitudProceso/consultarSolicitudProceso.xhtml HTTP/1.1" 200 55107
181.51.34.160 - - [27/Mar/2023:05:10:59 -0500] "GET /sipse/faces/javax.faces.resource/primefaces.css?ln=primefaces&v=4.0 HTTP/1.1" 304 -
