201.245.192.253 - - [29/Mar/2023:10:32:38 -0500] "GET /sipse/faces/javax.faces.resource/layout/layout.js?ln=primefaces&v=4.0 HTTP/1.1" 304 -
186.30.116.46 - - [29/Mar/2023:10:32:39 -0500] "GET /sipse/faces/index.xhtml HTTP/1.1" 200 677
201.245.192.253 - - [29/Mar/2023:10:32:39 -0500] "POST /sipse/faces/presentacion/financiero/solicitudProceso/listarSolicitudProceso.xhtml HTTP/1.1" 200 40141
186.30.116.46 - - [29/Mar/2023:10:32:39 -0500] "GET /sipse/faces/javax.faces.resource/theme.css?ln=primefaces-sipse HTTP/1.1" 304 -
201.245.192.253 - - [29/Mar/2023:10:32:39 -0500] "POST /sipse/faces/presentacion/financiero/solicitudProceso/listarSolicitudProceso.xhtml HTTP/1.1" 200 40141
186.30.116.46 - - [29/Mar/2023:10:32:39 -0500] "GET /sipse/faces/faces/autenticacion.xhtml HTTP/1.1" 200 12191
186.30.116.46 - - [29/Mar/2023:10:32:39 -0500] "GET /sipse/faces/javax.faces.resource/theme.css?ln=primefaces-sipse HTTP/1.1" 304 -
186.30.116.46 - - [29/Mar/2023:10:32:39 -0500] "GET /sipse/faces/javax.faces.resource/primefaces.css?ln=primefaces&v=4.0 HTTP/1.1" 304 -
186.30.116.46 - - [29/Mar/2023:10:32:39 -0500] "GET /sipse/faces/javax.faces.resource/layout/layout.css?ln=primefaces&v=4.0 HTTP/1.1" 304 -
186.30.116.46 - - [29/Mar/2023:10:32:39 -0500] "GET /sipse/faces/javax.faces.resource/jquery/jquery.js?ln=primefaces&v=4.0 HTTP/1.1" 304 -
186.30.116.46 - - [29/Mar/2023:10:32:39 -0500] "GET /sipse/faces/javax.faces.resource/jquery/jquery-plugins.js?ln=primefaces&v=4.0 HTTP/1.1" 304 -
186.30.116.46 - - [29/Mar/2023:10:32:39 -0500] "GET /sipse/faces/javax.faces.resource/primefaces.js?ln=primefaces&v=4.0 HTTP/1.1" 304 -
186.30.116.46 - - [29/Mar/2023:10:32:39 -0500] "GET /sipse/faces/javax.faces.resource/layout/layout.js?ln=primefaces&v=4.0 HTTP/1.1" 304 -
201.245.192.253 - - [29/Mar/2023:10:32:39 -0500] "POST /sipse/faces/presentacion/financiero/solicitudProceso/listarSolicitudProceso.xhtml HTTP/1.1" 200 1480
186.30.116.46 - - [29/Mar/2023:10:32:39 -0500] "GET /sipse/faces/javax.faces.resource/images/ui-icons_898989_256x240.png?ln=primefaces-aristo HTTP/1.1" 304 -
201.245.192.253 - - [29/Mar/2023:10:32:39 -0500] "POST /sipse/faces/presentacion/financiero/solicitudProceso/listarSolicitudProceso.xhtml HTTP/1.1" 200 1480
201.245.192.253 - - [29/Mar/2023:10:32:39 -0500] "POST /sipse/faces/presentacion/financiero/solicitudProceso/listarSolicitudProceso.xhtml HTTP/1.1" 200 1480
186.30.116.46 - - [29/Mar/2023:10:32:43 -0500] "POST /sipse/faces/autenticacion.xhtml HTTP/1.1" 200 2228
186.30.116.46 - - [29/Mar/2023:10:32:43 -0500] "GET /sipse/faces/javax.faces.resource/messages/messages.png?ln=primefaces&v=4.0 HTTP/1.1" 304 -
186.30.116.46 - - [29/Mar/2023:10:32:44 -0500] "POST /sipse/faces/autenticacion.xhtml HTTP/1.1" 200 16274
186.30.116.46 - - [29/Mar/2023:10:32:44 -0500] "GET /sipse/faces/javax.faces.resource/theme.css?ln=primefaces-sipse HTTP/1.1" 304 -
186.30.116.46 - - [29/Mar/2023:10:32:44 -0500] "GET /sipse/faces/javax.faces.resource/primefaces.css?ln=primefaces&v=4.0 HTTP/1.1" 304 -
186.30.116.46 - - [29/Mar/2023:10:32:44 -0500] "GET /sipse/faces/javax.faces.resource/layout/layout.css?ln=primefaces&v=4.0 HTTP/1.1" 304 -
186.30.116.46 - - [29/Mar/2023:10:32:44 -0500] "GET /sipse/faces/javax.faces.resource/jquery/jquery.js?ln=primefaces&v=4.0 HTTP/1.1" 304 -
186.30.116.46 - - [29/Mar/2023:10:32:44 -0500] "GET /sipse/faces/javax.faces.resource/jquery/jquery-plugins.js?ln=primefaces&v=4.0 HTTP/1.1" 304 -
186.30.116.46 - - [29/Mar/2023:10:32:44 -0500] "GET /sipse/faces/javax.faces.resource/primefaces.js?ln=primefaces&v=4.0 HTTP/1.1" 304 -
186.30.116.46 - - [29/Mar/2023:10:32:44 -0500] "GET /sipse/faces/javax.faces.resource/layout/layout.js?ln=primefaces&v=4.0 HTTP/1.1" 304 -
186.30.116.46 - - [29/Mar/2023:10:32:44 -0500] "GET /sipse/css/imagen/contrasena.png HTTP/1.1" 404 383
186.30.116.46 - - [29/Mar/2023:10:32:45 -0500] "GET /sipse/faces/javax.faces.resource/images/ui-bg_flat_0_2d5972_40x100.png?ln=primefaces-aristo HTTP/1.1" 304 -
186.30.116.46 - - [29/Mar/2023:10:32:45 -0500] "POST /sipse/faces/bienvenido.xhtml HTTP/1.1" 200 2658
40.77.167.229 - - [29/Mar/2023:10:32:47 -0500] "GET /BLA/resoluciones/AUTOS%202022/5323.pdf HTTP/1.1" 200 417496
40.77.167.211 - - [29/Mar/2023:10:32:48 -0500] "GET /BLA/resoluciones/AUTOS%202021/6360.pdf HTTP/1.1" 304 -
186.30.116.46 - - [29/Mar/2023:10:32:46 -0500] "POST /sipse/faces/bienvenido.xhtml HTTP/1.1" 200 64900
186.30.116.46 - - [29/Mar/2023:10:32:49 -0500] "GET /sipse/faces/javax.faces.resource/layout/layout.css?ln=primefaces&v=4.0 HTTP/1.1" 304 -
186.30.116.46 - - [29/Mar/2023:10:32:49 -0500] "GET /sipse/faces/javax.faces.resource/theme.css?ln=primefaces-sipse HTTP/1.1" 304 -
186.30.116.46 - - [29/Mar/2023:10:32:49 -0500] "GET /sipse/faces/javax.faces.resource/primefaces.css?ln=primefaces&v=4.0 HTTP/1.1" 304 -
186.30.116.46 - - [29/Mar/2023:10:32:49 -0500] "GET /sipse/faces/javax.faces.resource/jquery/jquery.js?ln=primefaces&v=4.0 HTTP/1.1" 304 -
186.30.116.46 - - [29/Mar/2023:10:32:49 -0500] "GET /sipse/faces/javax.faces.resource/jquery/jquery-plugins.js?ln=primefaces&v=4.0 HTTP/1.1" 304 -
186.30.116.46 - - [29/Mar/2023:10:32:49 -0500] "GET /sipse/faces/javax.faces.resource/primefaces.js?ln=primefaces&v=4.0 HTTP/1.1" 304 -
186.30.116.46 - - [29/Mar/2023:10:32:49 -0500] "GET /sipse/faces/javax.faces.resource/layout/layout.js?ln=primefaces&v=4.0 HTTP/1.1" 304 -
186.30.116.46 - - [29/Mar/2023:10:32:49 -0500] "POST /sipse/faces/presentacion/financiero/solicitudProceso/listarSolicitudProceso.xhtml HTTP/1.1" 200 1556
179.33.235.194 - - [29/Mar/2023:10:32:52 -0500] "POST /sipse/faces/presentacion/financiero/solicitudProceso/consultarHistorialSolProceso.xhtml HTTP/1.1" 200 193
179.33.235.194 - - [29/Mar/2023:10:32:52 -0500] "GET /sipse/faces/presentacion/financiero/solicitudAnulacion/consultarSolicitudAnulacion.xhtml HTTP/1.1" 200 39694
179.33.235.194 - - [29/Mar/2023:10:32:52 -0500] "GET /sipse/faces/javax.faces.resource/theme.css?ln=primefaces-sipse HTTP/1.1" 304 -
179.33.235.194 - - [29/Mar/2023:10:32:52 -0500] "GET /sipse/faces/javax.faces.resource/primefaces.css?ln=primefaces&v=4.0 HTTP/1.1" 304 -
179.33.235.194 - - [29/Mar/2023:10:32:52 -0500] "GET /sipse/faces/javax.faces.resource/layout/layout.js?ln=primefaces&v=4.0 HTTP/1.1" 304 -
179.33.235.194 - - [29/Mar/2023:10:32:52 -0500] "GET /sipse/faces/javax.faces.resource/primefaces.js?ln=primefaces&v=4.0 HTTP/1.1" 304 -
179.33.235.194 - - [29/Mar/2023:10:32:52 -0500] "GET /sipse/faces/javax.faces.resource/layout/layout.css?ln=primefaces&v=4.0 HTTP/1.1" 304 -
179.33.235.194 - - [29/Mar/2023:10:32:52 -0500] "GET /sipse/faces/javax.faces.resource/jquery/jquery-plugins.js?ln=primefaces&v=4.0 HTTP/1.1" 304 -
179.33.235.194 - - [29/Mar/2023:10:32:52 -0500] "GET /sipse/faces/javax.faces.resource/jquery/jquery.js?ln=primefaces&v=4.0 HTTP/1.1" 304 -
179.33.235.194 - - [29/Mar/2023:10:32:52 -0500] "POST /sipse/faces/presentacion/financiero/solicitudAnulacion/consultarSolicitudAnulacion.xhtml HTTP/1.1" 200 10628
159.242.234.115 - - [29/Mar/2023:10:32:57 -0500] "GET /wp-includes/compat/embed/theme/index.php HTTP/1.1" 404 1035
159.242.234.115 - - [29/Mar/2023:10:32:57 -0500] "GET /wp-includes/rest-api/fields/cache/index.php HTTP/1.1" 404 1035
159.242.234.115 - - [29/Mar/2023:10:32:57 -0500] "GET /wp-includes/blocks/table/int/tmpl/index.php HTTP/1.1" 404 1035
179.33.235.194 - - [29/Mar/2023:10:33:00 -0500] "POST /sipse/faces/presentacion/financiero/solicitudAnulacion/consultarSolicitudAnulacion.xhtml HTTP/1.1" 200 17003
20.191.45.212 - - [29/Mar/2023:10:33:01 -0500] "GET / HTTP/1.1" 200 319
20.191.45.212 - - [29/Mar/2023:10:33:01 -0500] "GET /favicon.ico HTTP/1.1" 200 7782
179.33.235.194 - - [29/Mar/2023:10:33:03 -0500] "POST /sipse/faces/presentacion/financiero/solicitudAnulacion/consultarSolicitudAnulacion.xhtml HTTP/1.1" 200 54426
179.33.235.194 - - [29/Mar/2023:10:33:04 -0500] "GET /sipse/faces/javax.faces.resource/theme.css?ln=primefaces-sipse HTTP/1.1" 304 -
179.33.235.194 - - [29/Mar/2023:10:33:04 -0500] "GET /sipse/faces/javax.faces.resource/fileupload/fileupload.css?ln=primefaces&v=4.0 HTTP/1.1" 304 -
179.33.235.194 - - [29/Mar/2023:10:33:04 -0500] "GET /sipse/faces/javax.faces.resource/layout/layout.css?ln=primefaces&v=4.0 HTTP/1.1" 304 -
179.33.235.194 - - [29/Mar/2023:10:33:04 -0500] "GET /sipse/faces/javax.faces.resource/primefaces.css?ln=primefaces&v=4.0 HTTP/1.1" 304 -
179.33.235.194 - - [29/Mar/2023:10:33:04 -0500] "GET /sipse/faces/javax.faces.resource/jquery/jquery.js?ln=primefaces&v=4.0 HTTP/1.1" 304 -
179.33.235.194 - - [29/Mar/2023:10:33:04 -0500] "GET /sipse/faces/javax.faces.resource/jquery/jquery-plugins.js?ln=primefaces&v=4.0 HTTP/1.1" 304 -
179.33.235.194 - - [29/Mar/2023:10:33:04 -0500] "GET /sipse/faces/javax.faces.resource/primefaces.js?ln=primefaces&v=4.0 HTTP/1.1" 304 -
179.33.235.194 - - [29/Mar/2023:10:33:04 -0500] "GET /sipse/faces/javax.faces.resource/layout/layout.js?ln=primefaces&v=4.0 HTTP/1.1" 304 -
179.33.235.194 - - [29/Mar/2023:10:33:04 -0500] "GET /sipse/faces/javax.faces.resource/fileupload/fileupload.js?ln=primefaces&v=4.0 HTTP/1.1" 304 -
179.33.235.194 - - [29/Mar/2023:10:33:06 -0500] "POST /sipse/faces/presentacion/financiero/solicitudAnulacion/registrarSolicitudAnulacion.xhtml HTTP/1.1" 200 28423
179.33.235.194 - - [29/Mar/2023:10:33:07 -0500] "GET /sipse/faces/javax.faces.resource/theme.css?ln=primefaces-sipse HTTP/1.1" 304 -
179.33.235.194 - - [29/Mar/2023:10:33:07 -0500] "GET /sipse/faces/javax.faces.resource/primefaces.css?ln=primefaces&v=4.0 HTTP/1.1" 304 -
179.33.235.194 - - [29/Mar/2023:10:33:07 -0500] "GET /sipse/faces/javax.faces.resource/layout/layout.css?ln=primefaces&v=4.0 HTTP/1.1" 304 -
179.33.235.194 - - [29/Mar/2023:10:33:07 -0500] "GET /sipse/faces/javax.faces.resource/jquery/jquery.js?ln=primefaces&v=4.0 HTTP/1.1" 304 -
179.33.235.194 - - [29/Mar/2023:10:33:07 -0500] "GET /sipse/faces/javax.faces.resource/jquery/jquery-plugins.js?ln=primefaces&v=4.0 HTTP/1.1" 304 -
179.33.235.194 - - [29/Mar/2023:10:33:07 -0500] "GET /sipse/faces/javax.faces.resource/primefaces.js?ln=primefaces&v=4.0 HTTP/1.1" 304 -
179.33.235.194 - - [29/Mar/2023:10:33:07 -0500] "GET /sipse/faces/javax.faces.resource/layout/layout.js?ln=primefaces&v=4.0 HTTP/1.1" 304 -
159.242.234.115 - - [29/Mar/2023:10:33:11 -0500] "GET /wp-includes/compat/embed/theme/index.php HTTP/1.1" 404 1032
159.242.234.115 - - [29/Mar/2023:10:33:12 -0500] "GET /wp-includes/rest-api/fields/cache/index.php HTTP/1.1" 404 1032
159.242.234.115 - - [29/Mar/2023:10:33:12 -0500] "GET /wp-includes/blocks/table/int/tmpl/index.php HTTP/1.1" 404 1032
201.244.111.27 - - [29/Mar/2023:10:33:19 -0500] "GET /sipse/faces/index.xhtml HTTP/1.1" 200 677
201.244.111.27 - - [29/Mar/2023:10:33:20 -0500] "GET /sipse/faces/javax.faces.resource/theme.css?ln=primefaces-sipse HTTP/1.1" 200 50058
201.244.111.27 - - [29/Mar/2023:10:33:21 -0500] "GET /sipse/faces/faces/autenticacion.xhtml HTTP/1.1" 200 12182
201.244.111.27 - - [29/Mar/2023:10:33:21 -0500] "GET /sipse/js/disable_browser_buttons.js HTTP/1.1" 304 -
201.244.111.27 - - [29/Mar/2023:10:33:21 -0500] "GET /sipse/css/custom_css_sg_prime_login.css HTTP/1.1" 304 -
201.244.111.27 - - [29/Mar/2023:10:33:21 -0500] "GET /sipse/faces/javax.faces.resource/jquery/jquery.js?ln=primefaces&v=4.0 HTTP/1.1" 304 -
201.244.111.27 - - [29/Mar/2023:10:33:21 -0500] "GET /sipse/faces/javax.faces.resource/theme.css?ln=primefaces-sipse HTTP/1.1" 304 -
201.244.111.27 - - [29/Mar/2023:10:33:21 -0500] "GET /sipse/js/funciones.js HTTP/1.1" 304 -
201.244.111.27 - - [29/Mar/2023:10:33:21 -0500] "GET /sipse/faces/javax.faces.resource/jquery/jquery-plugins.js?ln=primefaces&v=4.0 HTTP/1.1" 304 -
201.244.111.27 - - [29/Mar/2023:10:33:21 -0500] "GET /sipse/css/custom_css_sg.css HTTP/1.1" 304 -
201.244.111.27 - - [29/Mar/2023:10:33:21 -0500] "GET /sipse/faces/javax.faces.resource/primefaces.css?ln=primefaces&v=4.0 HTTP/1.1" 304 -
201.244.111.27 - - [29/Mar/2023:10:33:21 -0500] "GET /sipse/faces/javax.faces.resource/layout/layout.css?ln=primefaces&v=4.0 HTTP/1.1" 304 -
201.244.111.27 - - [29/Mar/2023:10:33:21 -0500] "GET /sipse/faces/javax.faces.resource/primefaces.js?ln=primefaces&v=4.0 HTTP/1.1" 304 -
201.244.111.27 - - [29/Mar/2023:10:33:21 -0500] "GET /sipse/faces/javax.faces.resource/layout/layout.js?ln=primefaces&v=4.0 HTTP/1.1" 304 -
201.244.111.27 - - [29/Mar/2023:10:33:22 -0500] "GET /sipse/faces/javax.faces.resource/images/ui-icons_898989_256x240.png?ln=primefaces-aristo HTTP/1.1" 304 -
201.244.111.27 - - [29/Mar/2023:10:33:22 -0500] "GET /sipse/css/imagen/logoSDG.png HTTP/1.1" 200 53064
201.244.111.27 - - [29/Mar/2023:10:33:22 -0500] "GET /sipse/css/imagen/loginimg.png HTTP/1.1" 200 71635
201.245.192.253 - - [29/Mar/2023:10:33:23 -0500] "GET /mesa/contrasena.pdf HTTP/1.1" 200 443199
201.245.192.253 - - [29/Mar/2023:10:33:23 -0500] "GET /mesa/contrasena.pdf HTTP/1.1" 206 1
201.245.192.253 - - [29/Mar/2023:10:33:23 -0500] "GET /sipse/faces/javax.faces.resource/images/ui-bg_flat_0_2d5972_40x100.png?ln=primefaces-aristo HTTP/1.1" 304 -
201.245.192.253 - - [29/Mar/2023:10:33:23 -0500] "GET /mesa/contrasena.pdf HTTP/1.1" 206 1091
186.30.116.46 - - [29/Mar/2023:10:33:24 -0500] "POST /sipse/faces/presentacion/financiero/solicitudProceso/listarSolicitudProceso.xhtml HTTP/1.1" 200 2853
201.245.192.253 - - [29/Mar/2023:10:33:23 -0500] "POST /sipse/faces/presentacion/financiero/solicitudProceso/consultarSolicitudProceso.xhtml HTTP/1.1" 200 41445
201.245.192.253 - - [29/Mar/2023:10:33:24 -0500] "GET /sipse/faces/javax.faces.resource/theme.css?ln=primefaces-sipse HTTP/1.1" 304 -
201.245.192.253 - - [29/Mar/2023:10:33:24 -0500] "GET /sipse/faces/javax.faces.resource/primefaces.css?ln=primefaces&v=4.0 HTTP/1.1" 304 -
201.245.192.253 - - [29/Mar/2023:10:33:24 -0500] "GET /sipse/faces/javax.faces.resource/layout/layout.css?ln=primefaces&v=4.0 HTTP/1.1" 304 -
201.245.192.253 - - [29/Mar/2023:10:33:24 -0500] "GET /sipse/faces/javax.faces.resource/jquery/jquery.js?ln=primefaces&v=4.0 HTTP/1.1" 304 -
201.245.192.253 - - [29/Mar/2023:10:33:24 -0500] "GET /sipse/faces/javax.faces.resource/jquery/jquery-plugins.js?ln=primefaces&v=4.0 HTTP/1.1" 304 -
201.245.192.253 - - [29/Mar/2023:10:33:24 -0500] "GET /sipse/faces/javax.faces.resource/primefaces.js?ln=primefaces&v=4.0 HTTP/1.1" 304 -
201.245.192.253 - - [29/Mar/2023:10:33:24 -0500] "GET /sipse/faces/javax.faces.resource/layout/layout.js?ln=primefaces&v=4.0 HTTP/1.1" 304 -
201.245.192.253 - - [29/Mar/2023:10:33:24 -0500] "POST /sipse/faces/presentacion/financiero/solicitudProceso/consultar.xhtml HTTP/1.1" 200 34852
201.245.192.253 - - [29/Mar/2023:10:33:24 -0500] "POST /sipse/faces/presentacion/financiero/solicitudProceso/consultar.xhtml HTTP/1.1" 200 34852
201.245.192.253 - - [29/Mar/2023:10:33:24 -0500] "POST /sipse/faces/presentacion/financiero/solicitudProceso/consultar.xhtml HTTP/1.1" 200 34852
186.30.116.46 - - [29/Mar/2023:10:33:24 -0500] "POST /sipse/faces/presentacion/financiero/solicitudProceso/listarSolicitudProceso.xhtml HTTP/1.1" 200 40737
186.30.116.46 - - [29/Mar/2023:10:33:25 -0500] "GET /sipse/faces/javax.faces.resource/theme.css?ln=primefaces-sipse HTTP/1.1" 304 -
186.30.116.46 - - [29/Mar/2023:10:33:25 -0500] "GET /sipse/faces/javax.faces.resource/primefaces.css?ln=primefaces&v=4.0 HTTP/1.1" 304 -
186.30.116.46 - - [29/Mar/2023:10:33:25 -0500] "GET /sipse/faces/javax.faces.resource/layout/layout.css?ln=primefaces&v=4.0 HTTP/1.1" 304 -
186.30.116.46 - - [29/Mar/2023:10:33:25 -0500] "GET /sipse/faces/javax.faces.resource/jquery/jquery.js?ln=primefaces&v=4.0 HTTP/1.1" 304 -
186.30.116.46 - - [29/Mar/2023:10:33:25 -0500] "GET /sipse/faces/javax.faces.resource/jquery/jquery-plugins.js?ln=primefaces&v=4.0 HTTP/1.1" 304 -
186.30.116.46 - - [29/Mar/2023:10:33:25 -0500] "GET /sipse/faces/javax.faces.resource/primefaces.js?ln=primefaces&v=4.0 HTTP/1.1" 304 -
186.30.116.46 - - [29/Mar/2023:10:33:25 -0500] "GET /sipse/faces/javax.faces.resource/layout/layout.js?ln=primefaces&v=4.0 HTTP/1.1" 304 -
201.245.192.253 - - [29/Mar/2023:10:33:25 -0500] "POST /sipse/faces/presentacion/financiero/solicitudProceso/consultar.xhtml HTTP/1.1" 200 34852
186.30.116.46 - - [29/Mar/2023:10:33:25 -0500] "POST /sipse/faces/presentacion/financiero/solicitudProceso/consultar.xhtml HTTP/1.1" 200 34149
201.245.192.253 - - [29/Mar/2023:10:33:25 -0500] "POST /sipse/faces/presentacion/financiero/solicitudProceso/consultar.xhtml HTTP/1.1" 200 34852
201.245.192.253 - - [29/Mar/2023:10:33:25 -0500] "POST /sipse/faces/presentacion/financiero/solicitudProceso/consultar.xhtml HTTP/1.1" 200 34852
201.244.111.27 - - [29/Mar/2023:10:33:25 -0500] "POST /sipse/faces/autenticacion.xhtml HTTP/1.1" 200 2224
201.245.192.253 - - [29/Mar/2023:10:33:25 -0500] "POST /sipse/faces/presentacion/financiero/solicitudProceso/consultar.xhtml HTTP/1.1" 200 34852
201.244.111.27 - - [29/Mar/2023:10:33:25 -0500] "GET /sipse/faces/javax.faces.resource/messages/messages.png?ln=primefaces&v=4.0 HTTP/1.1" 304 -
201.245.192.253 - - [29/Mar/2023:10:33:25 -0500] "POST /sipse/faces/presentacion/financiero/solicitudProceso/consultar.xhtml HTTP/1.1" 200 34852
201.245.192.253 - - [29/Mar/2023:10:33:26 -0500] "POST /sipse/faces/presentacion/financiero/solicitudProceso/consultar.xhtml HTTP/1.1" 200 34852
201.245.192.253 - - [29/Mar/2023:10:33:26 -0500] "POST /sipse/faces/presentacion/financiero/solicitudProceso/consultar.xhtml HTTP/1.1" 200 34852
201.245.192.253 - - [29/Mar/2023:10:33:26 -0500] "POST /sipse/faces/presentacion/financiero/solicitudProceso/consultar.xhtml HTTP/1.1" 200 34852
201.245.192.253 - - [29/Mar/2023:10:33:26 -0500] "POST /sipse/faces/presentacion/financiero/solicitudProceso/consultar.xhtml HTTP/1.1" 200 34852
201.245.192.253 - - [29/Mar/2023:10:33:26 -0500] "POST /sipse/faces/presentacion/financiero/solicitudProceso/consultar.xhtml HTTP/1.1" 200 34852
201.245.192.253 - - [29/Mar/2023:10:33:26 -0500] "POST /sipse/faces/presentacion/financiero/solicitudProceso/consultar.xhtml HTTP/1.1" 200 34852
201.245.192.253 - - [29/Mar/2023:10:33:27 -0500] "POST /sipse/faces/presentacion/financiero/solicitudProceso/consultar.xhtml HTTP/1.1" 200 34852
186.30.116.46 - - [29/Mar/2023:10:33:27 -0500] "POST /sipse/faces/presentacion/financiero/solicitudProceso/consultar.xhtml HTTP/1.1" 200 13130
201.244.111.27 - - [29/Mar/2023:10:33:27 -0500] "POST /sipse/faces/autenticacion.xhtml HTTP/1.1" 200 16265
201.245.192.253 - - [29/Mar/2023:10:33:27 -0500] "POST /sipse/faces/presentacion/financiero/solicitudProceso/consultar.xhtml HTTP/1.1" 200 34852
201.244.111.27 - - [29/Mar/2023:10:33:27 -0500] "GET /sipse/css/custom_css_sg_prime.css HTTP/1.1" 304 -
201.244.111.27 - - [29/Mar/2023:10:33:27 -0500] "GET /sipse/js/jquery.min.js HTTP/1.1" 304 -
201.244.111.27 - - [29/Mar/2023:10:33:27 -0500] "GET /sipse/faces/javax.faces.resource/jquery/jquery.js?ln=primefaces&v=4.0 HTTP/1.1" 304 -
201.244.111.27 - - [29/Mar/2023:10:33:27 -0500] "GET /sipse/faces/javax.faces.resource/jquery/jquery-plugins.js?ln=primefaces&v=4.0 HTTP/1.1" 304 -
201.244.111.27 - - [29/Mar/2023:10:33:27 -0500] "GET /sipse/faces/javax.faces.resource/primefaces.js?ln=primefaces&v=4.0 HTTP/1.1" 304 -
201.244.111.27 - - [29/Mar/2023:10:33:27 -0500] "GET /sipse/faces/javax.faces.resource/layout/layout.js?ln=primefaces&v=4.0 HTTP/1.1" 304 -
201.245.192.253 - - [29/Mar/2023:10:33:27 -0500] "POST /sipse/faces/presentacion/financiero/solicitudProceso/consultar.xhtml HTTP/1.1" 200 34852
201.244.111.27 - - [29/Mar/2023:10:33:27 -0500] "GET /sipse/css/imagen/contrasena.png HTTP/1.1" 404 383
201.244.111.27 - - [29/Mar/2023:10:33:27 -0500] "GET /sipse/imagenes/cargando.gif HTTP/1.1" 200 36959
201.245.192.253 - - [29/Mar/2023:10:33:27 -0500] "POST /sipse/faces/presentacion/financiero/solicitudProceso/consultar.xhtml HTTP/1.1" 200 34852
201.245.192.253 - - [29/Mar/2023:10:33:27 -0500] "POST /sipse/faces/presentacion/financiero/solicitudProceso/consultar.xhtml HTTP/1.1" 200 34852
201.244.111.27 - - [29/Mar/2023:10:33:27 -0500] "GET /sipse/imagenes/logoAplicacion.jpg HTTP/1.1" 200 155084
201.245.192.253 - - [29/Mar/2023:10:33:27 -0500] "POST /sipse/faces/presentacion/financiero/solicitudProceso/consultar.xhtml HTTP/1.1" 200 34852
201.245.192.253 - - [29/Mar/2023:10:33:28 -0500] "POST /sipse/faces/presentacion/financiero/solicitudProceso/consultar.xhtml HTTP/1.1" 200 34852
201.245.192.253 - - [29/Mar/2023:10:33:28 -0500] "POST /sipse/faces/presentacion/financiero/solicitudProceso/consultar.xhtml HTTP/1.1" 200 34852
201.245.192.253 - - [29/Mar/2023:10:33:28 -0500] "POST /sipse/faces/presentacion/financiero/solicitudProceso/consultar.xhtml HTTP/1.1" 200 34852
201.245.192.253 - - [29/Mar/2023:10:33:28 -0500] "POST /sipse/faces/presentacion/financiero/solicitudProceso/consultar.xhtml HTTP/1.1" 200 34852
201.245.192.253 - - [29/Mar/2023:10:33:28 -0500] "POST /sipse/faces/presentacion/financiero/solicitudProceso/consultar.xhtml HTTP/1.1" 200 34852
201.245.192.253 - - [29/Mar/2023:10:33:29 -0500] "POST /sipse/faces/presentacion/financiero/solicitudProceso/consultar.xhtml HTTP/1.1" 200 34852
201.245.192.253 - - [29/Mar/2023:10:33:29 -0500] "POST /sipse/faces/presentacion/financiero/solicitudProceso/consultar.xhtml HTTP/1.1" 200 34852
201.245.192.253 - - [29/Mar/2023:10:33:29 -0500] "POST /sipse/faces/presentacion/financiero/solicitudProceso/consultar.xhtml HTTP/1.1" 200 34852
201.245.192.253 - - [29/Mar/2023:10:33:29 -0500] "POST /sipse/faces/presentacion/financiero/solicitudProceso/consultar.xhtml HTTP/1.1" 200 34852
201.244.111.27 - - [29/Mar/2023:10:33:30 -0500] "GET /sipse/faces/javax.faces.resource/images/ui-bg_flat_0_2d5972_40x100.png?ln=primefaces-aristo HTTP/1.1" 200 183
201.244.111.27 - - [29/Mar/2023:10:33:30 -0500] "POST /sipse/faces/bienvenido.xhtml HTTP/1.1" 200 2658
201.245.192.253 - - [29/Mar/2023:10:33:29 -0500] "POST /sipse/faces/presentacion/financiero/solicitudProceso/consultar.xhtml HTTP/1.1" 200 34852
201.245.192.253 - - [29/Mar/2023:10:33:30 -0500] "POST /sipse/faces/presentacion/financiero/solicitudProceso/consultar.xhtml HTTP/1.1" 200 34852
201.245.192.253 - - [29/Mar/2023:10:33:30 -0500] "POST /sipse/faces/presentacion/financiero/solicitudProceso/consultar.xhtml HTTP/1.1" 200 34852
201.245.192.253 - - [29/Mar/2023:10:33:30 -0500] "POST /sipse/faces/presentacion/financiero/solicitudProceso/consultar.xhtml HTTP/1.1" 200 34852
201.245.192.253 - - [29/Mar/2023:10:33:31 -0500] "POST /sipse/faces/presentacion/financiero/solicitudProceso/consultar.xhtml HTTP/1.1" 200 34852
201.245.192.253 - - [29/Mar/2023:10:33:31 -0500] "POST /sipse/faces/presentacion/financiero/solicitudProceso/consultar.xhtml HTTP/1.1" 200 34852
186.30.116.46 - - [29/Mar/2023:10:33:29 -0500] "POST /sipse/faces/presentacion/financiero/solicitudProceso/consultar.xhtml HTTP/1.1" 200 173400
186.30.116.46 - - [29/Mar/2023:10:33:31 -0500] "GET /sipse/faces/javax.faces.resource/theme.css?ln=primefaces-sipse HTTP/1.1" 304 -
186.30.116.46 - - [29/Mar/2023:10:33:31 -0500] "GET /sipse/faces/javax.faces.resource/layout/layout.css?ln=primefaces&v=4.0 HTTP/1.1" 304 -
186.30.116.46 - - [29/Mar/2023:10:33:31 -0500] "GET /sipse/faces/javax.faces.resource/primefaces.css?ln=primefaces&v=4.0 HTTP/1.1" 304 -
186.30.116.46 - - [29/Mar/2023:10:33:31 -0500] "GET /sipse/faces/javax.faces.resource/jquery/jquery.js?ln=primefaces&v=4.0 HTTP/1.1" 304 -
186.30.116.46 - - [29/Mar/2023:10:33:31 -0500] "GET /sipse/faces/javax.faces.resource/jquery/jquery-plugins.js?ln=primefaces&v=4.0 HTTP/1.1" 304 -
186.30.116.46 - - [29/Mar/2023:10:33:31 -0500] "GET /sipse/faces/javax.faces.resource/primefaces.js?ln=primefaces&v=4.0 HTTP/1.1" 304 -
186.30.116.46 - - [29/Mar/2023:10:33:31 -0500] "GET /sipse/faces/javax.faces.resource/layout/layout.js?ln=primefaces&v=4.0 HTTP/1.1" 304 -
201.245.192.253 - - [29/Mar/2023:10:33:31 -0500] "POST /sipse/faces/presentacion/financiero/solicitudProceso/consultar.xhtml HTTP/1.1" 200 34852
201.245.192.253 - - [29/Mar/2023:10:33:31 -0500] "POST /sipse/faces/presentacion/financiero/solicitudProceso/consultar.xhtml HTTP/1.1" 200 34852
201.245.192.253 - - [29/Mar/2023:10:33:31 -0500] "POST /sipse/faces/presentacion/financiero/solicitudProceso/consultar.xhtml HTTP/1.1" 200 34852
201.245.192.253 - - [29/Mar/2023:10:33:32 -0500] "POST /sipse/faces/presentacion/financiero/solicitudProceso/consultar.xhtml HTTP/1.1" 200 34852
201.245.192.253 - - [29/Mar/2023:10:33:32 -0500] "POST /sipse/faces/presentacion/financiero/solicitudProceso/consultar.xhtml HTTP/1.1" 200 34852
201.245.192.253 - - [29/Mar/2023:10:33:32 -0500] "POST /sipse/faces/presentacion/financiero/solicitudProceso/consultar.xhtml HTTP/1.1" 200 34852
201.245.192.253 - - [29/Mar/2023:10:33:32 -0500] "POST /sipse/faces/presentacion/financiero/solicitudProceso/consultar.xhtml HTTP/1.1" 200 34852
201.245.192.253 - - [29/Mar/2023:10:33:33 -0500] "POST /sipse/faces/presentacion/financiero/solicitudProceso/consultar.xhtml HTTP/1.1" 200 34852
201.244.111.27 - - [29/Mar/2023:10:33:31 -0500] "POST /sipse/faces/bienvenido.xhtml HTTP/1.1" 200 64288
201.245.192.253 - - [29/Mar/2023:10:33:33 -0500] "POST /sipse/faces/presentacion/financiero/solicitudProceso/consultar.xhtml HTTP/1.1" 200 34852
201.244.111.27 - - [29/Mar/2023:10:33:33 -0500] "GET /sipse/faces/javax.faces.resource/jquery/jquery.js?ln=primefaces&v=4.0 HTTP/1.1" 304 -
201.244.111.27 - - [29/Mar/2023:10:33:33 -0500] "GET /sipse/faces/javax.faces.resource/jquery/jquery-plugins.js?ln=primefaces&v=4.0 HTTP/1.1" 304 -
201.245.192.253 - - [29/Mar/2023:10:33:33 -0500] "POST /sipse/faces/presentacion/financiero/solicitudProceso/consultar.xhtml HTTP/1.1" 200 34852
201.244.111.27 - - [29/Mar/2023:10:33:33 -0500] "GET /sipse/faces/javax.faces.resource/primefaces.js?ln=primefaces&v=4.0 HTTP/1.1" 304 -
201.244.111.27 - - [29/Mar/2023:10:33:33 -0500] "GET /sipse/faces/javax.faces.resource/layout/layout.js?ln=primefaces&v=4.0 HTTP/1.1" 304 -
201.245.192.253 - - [29/Mar/2023:10:33:33 -0500] "POST /sipse/faces/presentacion/financiero/solicitudProceso/consultar.xhtml HTTP/1.1" 200 34852
201.245.192.253 - - [29/Mar/2023:10:33:33 -0500] "POST /sipse/faces/presentacion/financiero/solicitudProceso/consultar.xhtml HTTP/1.1" 200 34852
201.245.192.253 - - [29/Mar/2023:10:33:33 -0500] "POST /sipse/faces/presentacion/financiero/solicitudProceso/consultar.xhtml HTTP/1.1" 200 34852
201.245.192.253 - - [29/Mar/2023:10:33:34 -0500] "POST /sipse/faces/presentacion/financiero/solicitudProceso/consultar.xhtml HTTP/1.1" 200 34852
201.245.192.253 - - [29/Mar/2023:10:33:34 -0500] "POST /sipse/faces/presentacion/financiero/solicitudProceso/consultar.xhtml HTTP/1.1" 200 34852
201.245.192.253 - - [29/Mar/2023:10:33:34 -0500] "POST /sipse/faces/presentacion/financiero/solicitudProceso/consultar.xhtml HTTP/1.1" 200 34852
201.245.192.253 - - [29/Mar/2023:10:33:34 -0500] "POST /sipse/faces/presentacion/financiero/solicitudProceso/consultar.xhtml HTTP/1.1" 200 34852
201.245.192.253 - - [29/Mar/2023:10:33:34 -0500] "POST /sipse/faces/presentacion/financiero/solicitudProceso/consultar.xhtml HTTP/1.1" 200 34852
201.245.192.253 - - [29/Mar/2023:10:33:35 -0500] "POST /sipse/faces/presentacion/financiero/solicitudProceso/consultar.xhtml HTTP/1.1" 200 34852
201.245.192.253 - - [29/Mar/2023:10:33:35 -0500] "POST /sipse/faces/presentacion/financiero/solicitudProceso/consultar.xhtml HTTP/1.1" 200 34852
201.244.111.27 - - [29/Mar/2023:10:33:33 -0500] "POST /sipse/faces/presentacion/financiero/solicitudProceso/listarSolicitudProceso.xhtml HTTP/1.1" 200 1556
201.245.192.253 - - [29/Mar/2023:10:33:35 -0500] "POST /sipse/faces/presentacion/financiero/solicitudProceso/consultar.xhtml HTTP/1.1" 200 34852
201.245.192.253 - - [29/Mar/2023:10:33:35 -0500] "POST /sipse/faces/presentacion/financiero/solicitudProceso/consultar.xhtml HTTP/1.1" 200 34852
201.245.192.253 - - [29/Mar/2023:10:33:35 -0500] "POST /sipse/faces/presentacion/financiero/solicitudProceso/consultar.xhtml HTTP/1.1" 200 34852
201.245.192.253 - - [29/Mar/2023:10:33:35 -0500] "POST /sipse/faces/presentacion/financiero/solicitudProceso/consultar.xhtml HTTP/1.1" 200 34852
201.245.192.253 - - [29/Mar/2023:10:33:36 -0500] "POST /sipse/faces/presentacion/financiero/solicitudProceso/consultar.xhtml HTTP/1.1" 200 34852
201.245.192.253 - - [29/Mar/2023:10:33:36 -0500] "POST /sipse/faces/presentacion/financiero/solicitudProceso/consultar.xhtml HTTP/1.1" 200 34852
201.245.192.253 - - [29/Mar/2023:10:33:36 -0500] "POST /sipse/faces/presentacion/financiero/solicitudProceso/consultar.xhtml HTTP/1.1" 200 34852
201.245.192.253 - - [29/Mar/2023:10:33:36 -0500] "POST /sipse/faces/presentacion/financiero/solicitudProceso/consultar.xhtml HTTP/1.1" 200 34852
201.245.192.253 - - [29/Mar/2023:10:33:36 -0500] "POST /sipse/faces/presentacion/financiero/solicitudProceso/consultar.xhtml HTTP/1.1" 200 34852
201.245.192.253 - - [29/Mar/2023:10:33:36 -0500] "POST /sipse/faces/presentacion/financiero/solicitudProceso/consultar.xhtml HTTP/1.1" 200 34852
201.245.192.253 - - [29/Mar/2023:10:33:36 -0500] "POST /sipse/faces/presentacion/financiero/solicitudProceso/consultar.xhtml HTTP/1.1" 200 34852
201.245.192.253 - - [29/Mar/2023:10:33:37 -0500] "POST /sipse/faces/presentacion/financiero/solicitudProceso/consultar.xhtml HTTP/1.1" 200 34852
201.245.192.253 - - [29/Mar/2023:10:33:37 -0500] "POST /sipse/faces/presentacion/financiero/solicitudProceso/consultar.xhtml HTTP/1.1" 200 34852
201.245.192.253 - - [29/Mar/2023:10:33:37 -0500] "POST /sipse/faces/presentacion/financiero/solicitudProceso/consultar.xhtml HTTP/1.1" 200 34852
201.245.192.253 - - [29/Mar/2023:10:33:37 -0500] "POST /sipse/faces/presentacion/financiero/solicitudProceso/consultar.xhtml HTTP/1.1" 200 34852
201.245.192.253 - - [29/Mar/2023:10:33:37 -0500] "POST /sipse/faces/presentacion/financiero/solicitudProceso/consultar.xhtml HTTP/1.1" 200 34852
201.245.192.253 - - [29/Mar/2023:10:33:37 -0500] "POST /sipse/faces/presentacion/financiero/solicitudProceso/consultar.xhtml HTTP/1.1" 200 34852
201.245.192.253 - - [29/Mar/2023:10:33:38 -0500] "POST /sipse/faces/presentacion/financiero/solicitudProceso/consultar.xhtml HTTP/1.1" 200 34852
201.245.192.253 - - [29/Mar/2023:10:33:38 -0500] "POST /sipse/faces/presentacion/financiero/solicitudProceso/consultar.xhtml HTTP/1.1" 200 34852
201.245.192.253 - - [29/Mar/2023:10:33:38 -0500] "POST /sipse/faces/presentacion/financiero/solicitudProceso/consultar.xhtml HTTP/1.1" 200 34852
201.245.192.253 - - [29/Mar/2023:10:33:38 -0500] "POST /sipse/faces/presentacion/financiero/solicitudProceso/consultar.xhtml HTTP/1.1" 200 34852
201.245.192.253 - - [29/Mar/2023:10:33:38 -0500] "POST /sipse/faces/presentacion/financiero/solicitudProceso/consultar.xhtml HTTP/1.1" 200 34852
201.245.192.253 - - [29/Mar/2023:10:33:38 -0500] "POST /sipse/faces/presentacion/financiero/solicitudProceso/consultar.xhtml HTTP/1.1" 200 34852
201.245.192.253 - - [29/Mar/2023:10:33:38 -0500] "POST /sipse/faces/presentacion/financiero/solicitudProceso/consultar.xhtml HTTP/1.1" 200 34852
201.245.192.253 - - [29/Mar/2023:10:33:39 -0500] "POST /sipse/faces/presentacion/financiero/solicitudProceso/consultar.xhtml HTTP/1.1" 200 34852
201.245.192.253 - - [29/Mar/2023:10:33:39 -0500] "POST /sipse/faces/presentacion/financiero/solicitudProceso/consultar.xhtml HTTP/1.1" 200 34852
201.245.192.253 - - [29/Mar/2023:10:33:39 -0500] "POST /sipse/faces/presentacion/financiero/solicitudProceso/consultar.xhtml HTTP/1.1" 200 34852
201.245.192.253 - - [29/Mar/2023:10:33:39 -0500] "POST /sipse/faces/presentacion/financiero/solicitudProceso/consultar.xhtml HTTP/1.1" 200 34852
201.245.192.253 - - [29/Mar/2023:10:33:39 -0500] "POST /sipse/faces/presentacion/financiero/solicitudProceso/consultar.xhtml HTTP/1.1" 200 34852
201.245.192.253 - - [29/Mar/2023:10:33:39 -0500] "POST /sipse/faces/presentacion/financiero/solicitudProceso/consultar.xhtml HTTP/1.1" 200 34852
201.245.192.253 - - [29/Mar/2023:10:33:39 -0500] "POST /sipse/faces/presentacion/financiero/solicitudProceso/consultar.xhtml HTTP/1.1" 200 34852
201.245.192.253 - - [29/Mar/2023:10:33:40 -0500] "POST /sipse/faces/presentacion/financiero/solicitudProceso/consultar.xhtml HTTP/1.1" 200 34852
201.245.192.253 - - [29/Mar/2023:10:33:40 -0500] "POST /sipse/faces/presentacion/financiero/solicitudProceso/consultar.xhtml HTTP/1.1" 200 34852
201.245.192.253 - - [29/Mar/2023:10:33:40 -0500] "POST /sipse/faces/presentacion/financiero/solicitudProceso/consultar.xhtml HTTP/1.1" 200 34852
201.245.192.253 - - [29/Mar/2023:10:33:40 -0500] "POST /sipse/faces/presentacion/financiero/solicitudProceso/consultar.xhtml HTTP/1.1" 200 34852
201.245.192.253 - - [29/Mar/2023:10:33:55 -0500] "POST /sipse/faces/presentacion/financiero/solicitudProceso/consultar.xhtml HTTP/1.1" 200 12804
201.244.111.27 - - [29/Mar/2023:10:33:56 -0500] "POST /sipse/faces/presentacion/financiero/solicitudProceso/listarSolicitudProceso.xhtml HTTP/1.1" 200 31413
191.95.51.208 - - [29/Mar/2023:10:33:58 -0500] "POST /sipse/faces/presentacion/financiero/solicitudProceso/listarSolicitudProceso.xhtml HTTP/1.1" 302 -
191.95.51.208 - - [29/Mar/2023:10:33:58 -0500] "GET /sipse/faces/autenticacion.xhtml HTTP/1.1" 200 1099
201.245.192.253 - - [29/Mar/2023:10:33:57 -0500] "POST /sipse/faces/presentacion/financiero/solicitudProceso/consultar.xhtml HTTP/1.1" 200 157378
201.245.192.253 - - [29/Mar/2023:10:33:58 -0500] "GET /sipse/faces/javax.faces.resource/theme.css?ln=primefaces-sipse HTTP/1.1" 304 -
201.245.192.253 - - [29/Mar/2023:10:33:58 -0500] "GET /sipse/faces/javax.faces.resource/primefaces.css?ln=primefaces&v=4.0 HTTP/1.1" 304 -
201.245.192.253 - - [29/Mar/2023:10:33:58 -0500] "GET /sipse/faces/javax.faces.resource/layout/layout.css?ln=primefaces&v=4.0 HTTP/1.1" 304 -
201.245.192.253 - - [29/Mar/2023:10:33:58 -0500] "GET /sipse/faces/javax.faces.resource/jquery/jquery.js?ln=primefaces&v=4.0 HTTP/1.1" 304 -
201.245.192.253 - - [29/Mar/2023:10:33:58 -0500] "GET /sipse/faces/javax.faces.resource/jquery/jquery-plugins.js?ln=primefaces&v=4.0 HTTP/1.1" 304 -
201.245.192.253 - - [29/Mar/2023:10:33:58 -0500] "GET /sipse/faces/javax.faces.resource/primefaces.js?ln=primefaces&v=4.0 HTTP/1.1" 304 -
201.245.192.253 - - [29/Mar/2023:10:33:58 -0500] "GET /sipse/faces/javax.faces.resource/layout/layout.js?ln=primefaces&v=4.0 HTTP/1.1" 304 -
201.244.111.27 - - [29/Mar/2023:10:34:00 -0500] "POST /sipse/faces/presentacion/financiero/solicitudProceso/listarSolicitudProceso.xhtml HTTP/1.1" 200 31652
201.244.111.27 - - [29/Mar/2023:10:34:02 -0500] "POST /sipse/faces/presentacion/financiero/solicitudProceso/listarSolicitudProceso.xhtml HTTP/1.1" 200 31686
201.245.192.253 - - [29/Mar/2023:10:34:08 -0500] "POST /sipse/faces/presentacion/financiero/solicitudProceso/consultarSolicitudProceso.xhtml HTTP/1.1" 200 150192
201.244.111.27 - - [29/Mar/2023:10:34:09 -0500] "POST /sipse/faces/presentacion/financiero/solicitudProceso/listarSolicitudProceso.xhtml HTTP/1.1" 200 32292
201.245.192.253 - - [29/Mar/2023:10:34:09 -0500] "POST /sipse/faces/presentacion/financiero/solicitudProceso/consultarSolicitudProceso.xhtml HTTP/1.1" 200 150192
201.245.192.253 - - [29/Mar/2023:10:34:10 -0500] "POST /sipse/faces/presentacion/financiero/solicitudProceso/consultarSolicitudProceso.xhtml HTTP/1.1" 200 150192
201.245.192.253 - - [29/Mar/2023:10:34:11 -0500] "POST /sipse/faces/presentacion/financiero/solicitudProceso/consultarSolicitudProceso.xhtml HTTP/1.1" 200 150192
201.244.111.27 - - [29/Mar/2023:10:34:11 -0500] "POST /sipse/faces/presentacion/financiero/solicitudProceso/listarSolicitudProceso.xhtml HTTP/1.1" 200 31999
201.245.192.253 - - [29/Mar/2023:10:34:12 -0500] "POST /sipse/faces/presentacion/financiero/solicitudProceso/consultarSolicitudProceso.xhtml HTTP/1.1" 200 150192
186.30.116.46 - - [29/Mar/2023:10:34:12 -0500] "POST /sipse/faces/presentacion/financiero/solicitudProceso/consultarSolicitudProceso.xhtml HTTP/1.1" 200 1494843
201.245.192.253 - - [29/Mar/2023:10:34:12 -0500] "POST /sipse/faces/presentacion/financiero/solicitudProceso/consultarSolicitudProceso.xhtml HTTP/1.1" 200 150192
201.245.192.253 - - [29/Mar/2023:10:34:13 -0500] "POST /sipse/faces/presentacion/financiero/solicitudProceso/consultarSolicitudProceso.xhtml HTTP/1.1" 200 150192
201.245.192.253 - - [29/Mar/2023:10:34:14 -0500] "POST /sipse/faces/presentacion/financiero/solicitudProceso/consultarSolicitudProceso.xhtml HTTP/1.1" 200 150192
201.244.111.27 - - [29/Mar/2023:10:34:14 -0500] "POST /sipse/faces/presentacion/financiero/solicitudProceso/listarSolicitudProceso.xhtml HTTP/1.1" 200 151686
201.244.111.27 - - [29/Mar/2023:10:34:16 -0500] "GET /sipse/faces/javax.faces.resource/jquery/jquery.js?ln=primefaces&v=4.0 HTTP/1.1" 304 -
201.244.111.27 - - [29/Mar/2023:10:34:16 -0500] "GET /sipse/faces/javax.faces.resource/jquery/jquery-plugins.js?ln=primefaces&v=4.0 HTTP/1.1" 304 -
201.244.111.27 - - [29/Mar/2023:10:34:16 -0500] "GET /sipse/faces/javax.faces.resource/primefaces.js?ln=primefaces&v=4.0 HTTP/1.1" 304 -
201.245.192.253 - - [29/Mar/2023:10:34:15 -0500] "POST /sipse/faces/presentacion/financiero/solicitudProceso/consultarSolicitudProceso.xhtml HTTP/1.1" 200 150192
201.244.111.27 - - [29/Mar/2023:10:34:16 -0500] "GET /sipse/faces/javax.faces.resource/layout/layout.js?ln=primefaces&v=4.0 HTTP/1.1" 304 -
201.245.192.253 - - [29/Mar/2023:10:34:16 -0500] "POST /sipse/faces/presentacion/financiero/solicitudProceso/consultarSolicitudProceso.xhtml HTTP/1.1" 200 150192
201.245.192.253 - - [29/Mar/2023:10:34:17 -0500] "POST /sipse/faces/presentacion/financiero/solicitudProceso/consultarSolicitudProceso.xhtml HTTP/1.1" 200 150192
201.245.192.253 - - [29/Mar/2023:10:34:18 -0500] "POST /sipse/faces/presentacion/financiero/solicitudProceso/consultarSolicitudProceso.xhtml HTTP/1.1" 200 150192
201.245.192.253 - - [29/Mar/2023:10:34:18 -0500] "POST /sipse/faces/presentacion/financiero/solicitudProceso/consultarSolicitudProceso.xhtml HTTP/1.1" 200 150192
201.245.192.253 - - [29/Mar/2023:10:34:19 -0500] "POST /sipse/faces/presentacion/financiero/solicitudProceso/consultarSolicitudProceso.xhtml HTTP/1.1" 200 150192
201.245.192.253 - - [29/Mar/2023:10:34:20 -0500] "POST /sipse/faces/presentacion/financiero/solicitudProceso/consultarSolicitudProceso.xhtml HTTP/1.1" 200 150192
201.245.192.253 - - [29/Mar/2023:10:34:21 -0500] "POST /sipse/faces/presentacion/financiero/solicitudProceso/consultarSolicitudProceso.xhtml HTTP/1.1" 200 150192
201.245.192.253 - - [29/Mar/2023:10:34:22 -0500] "POST /sipse/faces/presentacion/financiero/solicitudProceso/consultarSolicitudProceso.xhtml HTTP/1.1" 200 150192
201.245.192.253 - - [29/Mar/2023:10:34:22 -0500] "POST /sipse/faces/presentacion/financiero/solicitudProceso/consultarSolicitudProceso.xhtml HTTP/1.1" 200 150192
201.245.192.253 - - [29/Mar/2023:10:34:23 -0500] "POST /sipse/faces/presentacion/financiero/solicitudProceso/consultarSolicitudProceso.xhtml HTTP/1.1" 200 150192
201.245.192.253 - - [29/Mar/2023:10:34:24 -0500] "POST /sipse/faces/presentacion/financiero/solicitudProceso/consultarSolicitudProceso.xhtml HTTP/1.1" 200 150192
201.245.192.253 - - [29/Mar/2023:10:34:25 -0500] "POST /sipse/faces/presentacion/financiero/solicitudProceso/consultarSolicitudProceso.xhtml HTTP/1.1" 200 150192
201.245.192.253 - - [29/Mar/2023:10:34:26 -0500] "POST /sipse/faces/presentacion/financiero/solicitudProceso/consultarSolicitudProceso.xhtml HTTP/1.1" 200 150192
186.30.116.46 - - [29/Mar/2023:10:34:26 -0500] "POST /sipse/faces/presentacion/financiero/solicitudProceso/consultarSolicitudProceso.xhtml HTTP/1.1" 200 2800690
201.245.192.253 - - [29/Mar/2023:10:34:27 -0500] "POST /sipse/faces/presentacion/financiero/solicitudProceso/consultarSolicitudProceso.xhtml HTTP/1.1" 200 150192
201.245.192.253 - - [29/Mar/2023:10:34:27 -0500] "POST /sipse/faces/presentacion/financiero/solicitudProceso/consultarSolicitudProceso.xhtml HTTP/1.1" 200 150192
201.245.192.253 - - [29/Mar/2023:10:34:28 -0500] "POST /sipse/faces/presentacion/financiero/solicitudProceso/consultarSolicitudProceso.xhtml HTTP/1.1" 200 150192
201.245.192.253 - - [29/Mar/2023:10:34:29 -0500] "POST /sipse/faces/presentacion/financiero/solicitudProceso/consultarSolicitudProceso.xhtml HTTP/1.1" 200 132855
201.245.192.253 - - [29/Mar/2023:10:34:29 -0500] "POST /sipse/faces/presentacion/financiero/solicitudProceso/consultarSolicitudProceso.xhtml HTTP/1.1" 200 150192
201.245.192.253 - - [29/Mar/2023:10:34:30 -0500] "POST /sipse/faces/presentacion/financiero/solicitudProceso/consultarSolicitudProceso.xhtml HTTP/1.1" 200 150192
172.22.2.4 - - [29/Mar/2023:10:34:30 -0500] "GET /BLA/boletinlegal/jurisprudencia/analisis/CUADRO%20SENTENCIA%20C-245%20DE%202004.doc HTTP/1.1" 200 65536
201.245.192.253 - - [29/Mar/2023:10:34:31 -0500] "POST /sipse/faces/presentacion/financiero/solicitudProceso/consultarSolicitudProceso.xhtml HTTP/1.1" 200 150192
201.245.192.253 - - [29/Mar/2023:10:34:31 -0500] "POST /sipse/faces/presentacion/financiero/solicitudProceso/consultarSolicitudProceso.xhtml HTTP/1.1" 200 150192
172.22.2.4 - - [29/Mar/2023:10:34:32 -0500] "GET /BLA/boletinlegal/actos.php HTTP/1.1" 200 9672
201.245.192.253 - - [29/Mar/2023:10:34:32 -0500] "POST /sipse/faces/presentacion/financiero/solicitudProceso/consultarSolicitudProceso.xhtml HTTP/1.1" 200 150192
201.245.192.253 - - [29/Mar/2023:10:34:33 -0500] "POST /sipse/faces/presentacion/financiero/solicitudProceso/consultarSolicitudProceso.xhtml HTTP/1.1" 200 150192
201.245.192.253 - - [29/Mar/2023:10:34:34 -0500] "POST /sipse/faces/presentacion/financiero/solicitudProceso/consultarSolicitudProceso.xhtml HTTP/1.1" 200 150192
201.245.192.253 - - [29/Mar/2023:10:34:35 -0500] "POST /sipse/faces/presentacion/financiero/solicitudProceso/consultarSolicitudProceso.xhtml HTTP/1.1" 200 150192
201.245.192.253 - - [29/Mar/2023:10:34:35 -0500] "POST /sipse/faces/presentacion/financiero/solicitudProceso/consultarSolicitudProceso.xhtml HTTP/1.1" 200 150192
201.245.192.253 - - [29/Mar/2023:10:34:36 -0500] "POST /sipse/faces/presentacion/financiero/solicitudProceso/consultarSolicitudProceso.xhtml HTTP/1.1" 200 150192
191.95.51.208 - - [29/Mar/2023:10:34:37 -0500] "GET /sipse/faces/faces/autenticacion.xhtml HTTP/1.1" 200 12182
201.245.192.253 - - [29/Mar/2023:10:34:37 -0500] "POST /sipse/faces/presentacion/financiero/solicitudProceso/consultarSolicitudProceso.xhtml HTTP/1.1" 200 150192
191.95.51.208 - - [29/Mar/2023:10:34:38 -0500] "GET /sipse/js/funciones.js HTTP/1.1" 304 -
191.95.51.208 - - [29/Mar/2023:10:34:38 -0500] "GET /sipse/js/disable_browser_buttons.js HTTP/1.1" 304 -
191.95.51.208 - - [29/Mar/2023:10:34:38 -0500] "GET /sipse/css/custom_css_sg.css HTTP/1.1" 304 -
191.95.51.208 - - [29/Mar/2023:10:34:38 -0500] "GET /sipse/faces/javax.faces.resource/layout/layout.css?ln=primefaces&v=4.0 HTTP/1.1" 304 -
191.95.51.208 - - [29/Mar/2023:10:34:38 -0500] "GET /sipse/faces/javax.faces.resource/primefaces.css?ln=primefaces&v=4.0 HTTP/1.1" 304 -
191.95.51.208 - - [29/Mar/2023:10:34:38 -0500] "GET /sipse/faces/javax.faces.resource/theme.css?ln=primefaces-sipse HTTP/1.1" 304 -
191.95.51.208 - - [29/Mar/2023:10:34:38 -0500] "GET /sipse/faces/javax.faces.resource/jquery/jquery-plugins.js?ln=primefaces&v=4.0 HTTP/1.1" 304 -
191.95.51.208 - - [29/Mar/2023:10:34:38 -0500] "GET /sipse/faces/javax.faces.resource/jquery/jquery.js?ln=primefaces&v=4.0 HTTP/1.1" 304 -
191.95.51.208 - - [29/Mar/2023:10:34:38 -0500] "GET /sipse/faces/javax.faces.resource/primefaces.js?ln=primefaces&v=4.0 HTTP/1.1" 304 -
191.95.51.208 - - [29/Mar/2023:10:34:38 -0500] "GET /sipse/faces/javax.faces.resource/layout/layout.js?ln=primefaces&v=4.0 HTTP/1.1" 304 -
191.95.51.208 - - [29/Mar/2023:10:34:38 -0500] "GET /sipse/css/imagen/logoSDG.png HTTP/1.1" 304 -
191.95.51.208 - - [29/Mar/2023:10:34:38 -0500] "GET /sipse/faces/javax.faces.resource/images/ui-icons_898989_256x240.png?ln=primefaces-aristo HTTP/1.1" 304 -
191.95.51.208 - - [29/Mar/2023:10:34:38 -0500] "GET /sipse/faces/faces/index.xhtml HTTP/1.1" 200 677
191.95.51.208 - - [29/Mar/2023:10:34:38 -0500] "GET /sipse/faces/javax.faces.resource/theme.css?ln=primefaces-sipse HTTP/1.1" 304 -
191.95.51.208 - - [29/Mar/2023:10:34:39 -0500] "GET /sipse/faces/faces/faces/autenticacion.xhtml HTTP/1.1" 200 12182
201.245.192.253 - - [29/Mar/2023:10:34:38 -0500] "POST /sipse/faces/presentacion/financiero/solicitudProceso/consultarSolicitudProceso.xhtml HTTP/1.1" 200 150192
191.95.51.208 - - [29/Mar/2023:10:34:39 -0500] "GET /sipse/faces/javax.faces.resource/primefaces.css?ln=primefaces&v=4.0 HTTP/1.1" 304 -
191.95.51.208 - - [29/Mar/2023:10:34:39 -0500] "GET /sipse/faces/javax.faces.resource/theme.css?ln=primefaces-sipse HTTP/1.1" 304 -
191.95.51.208 - - [29/Mar/2023:10:34:39 -0500] "GET /sipse/faces/javax.faces.resource/layout/layout.css?ln=primefaces&v=4.0 HTTP/1.1" 304 -
191.95.51.208 - - [29/Mar/2023:10:34:39 -0500] "GET /sipse/faces/javax.faces.resource/jquery/jquery-plugins.js?ln=primefaces&v=4.0 HTTP/1.1" 304 -
191.95.51.208 - - [29/Mar/2023:10:34:39 -0500] "GET /sipse/faces/javax.faces.resource/jquery/jquery.js?ln=primefaces&v=4.0 HTTP/1.1" 304 -
191.95.51.208 - - [29/Mar/2023:10:34:39 -0500] "GET /sipse/faces/javax.faces.resource/primefaces.js?ln=primefaces&v=4.0 HTTP/1.1" 304 -
191.95.51.208 - - [29/Mar/2023:10:34:39 -0500] "GET /sipse/faces/javax.faces.resource/layout/layout.js?ln=primefaces&v=4.0 HTTP/1.1" 304 -
201.245.192.253 - - [29/Mar/2023:10:34:39 -0500] "POST /sipse/faces/presentacion/financiero/solicitudProceso/consultarSolicitudProceso.xhtml HTTP/1.1" 200 150192
201.245.192.253 - - [29/Mar/2023:10:34:40 -0500] "POST /sipse/faces/presentacion/financiero/solicitudProceso/consultarSolicitudProceso.xhtml HTTP/1.1" 200 150192
201.245.192.253 - - [29/Mar/2023:10:34:41 -0500] "POST /sipse/faces/presentacion/financiero/solicitudProceso/consultarSolicitudProceso.xhtml HTTP/1.1" 200 150192
191.95.51.208 - - [29/Mar/2023:10:34:41 -0500] "POST /sipse/faces/autenticacion.xhtml HTTP/1.1" 200 2225
191.95.51.208 - - [29/Mar/2023:10:34:42 -0500] "GET /sipse/faces/javax.faces.resource/messages/messages.png?ln=primefaces&v=4.0 HTTP/1.1" 304 -
201.245.192.253 - - [29/Mar/2023:10:34:42 -0500] "POST /sipse/faces/presentacion/financiero/solicitudProceso/consultarSolicitudProceso.xhtml HTTP/1.1" 200 150192
191.95.51.208 - - [29/Mar/2023:10:34:43 -0500] "GET /sipse/faces/javax.faces.resource/images/ui-icons_898989_256x240.png?ln=primefaces-aristo HTTP/1.1" 304 -
201.245.192.253 - - [29/Mar/2023:10:34:42 -0500] "POST /sipse/faces/presentacion/financiero/solicitudProceso/consultarSolicitudProceso.xhtml HTTP/1.1" 200 150192
191.95.51.208 - - [29/Mar/2023:10:34:43 -0500] "POST /sipse/faces/autenticacion.xhtml HTTP/1.1" 200 16246
191.95.51.208 - - [29/Mar/2023:10:34:44 -0500] "GET /sipse/css/custom_css_sg_prime.css HTTP/1.1" 304 -
191.95.51.208 - - [29/Mar/2023:10:34:44 -0500] "GET /sipse/faces/javax.faces.resource/layout/layout.css?ln=primefaces&v=4.0 HTTP/1.1" 304 -
191.95.51.208 - - [29/Mar/2023:10:34:44 -0500] "GET /sipse/faces/javax.faces.resource/primefaces.css?ln=primefaces&v=4.0 HTTP/1.1" 304 -
191.95.51.208 - - [29/Mar/2023:10:34:44 -0500] "GET /sipse/faces/javax.faces.resource/theme.css?ln=primefaces-sipse HTTP/1.1" 304 -
191.95.51.208 - - [29/Mar/2023:10:34:44 -0500] "GET /sipse/js/jquery.min.js HTTP/1.1" 304 -
191.95.51.208 - - [29/Mar/2023:10:34:44 -0500] "GET /sipse/faces/javax.faces.resource/jquery/jquery.js?ln=primefaces&v=4.0 HTTP/1.1" 304 -
191.95.51.208 - - [29/Mar/2023:10:34:44 -0500] "GET /sipse/faces/javax.faces.resource/jquery/jquery-plugins.js?ln=primefaces&v=4.0 HTTP/1.1" 304 -
191.95.51.208 - - [29/Mar/2023:10:34:44 -0500] "GET /sipse/faces/javax.faces.resource/primefaces.js?ln=primefaces&v=4.0 HTTP/1.1" 304 -
201.245.192.253 - - [29/Mar/2023:10:34:43 -0500] "POST /sipse/faces/presentacion/financiero/solicitudProceso/consultarSolicitudProceso.xhtml HTTP/1.1" 200 150192
191.95.51.208 - - [29/Mar/2023:10:34:44 -0500] "GET /sipse/faces/javax.faces.resource/layout/layout.js?ln=primefaces&v=4.0 HTTP/1.1" 304 -
191.95.51.208 - - [29/Mar/2023:10:34:44 -0500] "GET /sipse/css/imagen/contrasena.png HTTP/1.1" 404 383
191.95.51.208 - - [29/Mar/2023:10:34:44 -0500] "GET /sipse/imagenes/logoAplicacion.jpg HTTP/1.1" 304 -
191.95.51.208 - - [29/Mar/2023:10:34:44 -0500] "GET /sipse/imagenes/cargando.gif HTTP/1.1" 304 -
201.245.192.253 - - [29/Mar/2023:10:34:44 -0500] "POST /sipse/faces/presentacion/financiero/solicitudProceso/consultarSolicitudProceso.xhtml HTTP/1.1" 200 150192
201.245.192.253 - - [29/Mar/2023:10:34:45 -0500] "POST /sipse/faces/presentacion/financiero/solicitudProceso/consultarSolicitudProceso.xhtml HTTP/1.1" 200 150192
201.245.192.253 - - [29/Mar/2023:10:34:46 -0500] "POST /sipse/faces/presentacion/financiero/solicitudProceso/consultarSolicitudProceso.xhtml HTTP/1.1" 200 150192
201.245.192.253 - - [29/Mar/2023:10:34:47 -0500] "POST /sipse/faces/presentacion/financiero/solicitudProceso/consultarSolicitudProceso.xhtml HTTP/1.1" 200 150192
201.245.192.253 - - [29/Mar/2023:10:34:45 -0500] "POST /kwsrmcab/Wsrmcab  HTTP/1.1" 200 43001
201.245.192.253 - - [29/Mar/2023:10:34:47 -0500] "POST /sipse/faces/presentacion/financiero/solicitudProceso/consultarSolicitudProceso.xhtml HTTP/1.1" 200 150192
201.245.192.253 - - [29/Mar/2023:10:34:48 -0500] "POST /sipse/faces/presentacion/financiero/solicitudProceso/consultarSolicitudProceso.xhtml HTTP/1.1" 200 150192
201.245.192.253 - - [29/Mar/2023:10:34:49 -0500] "POST /sipse/faces/presentacion/financiero/solicitudProceso/consultarSolicitudProceso.xhtml HTTP/1.1" 200 150192
201.245.192.253 - - [29/Mar/2023:10:34:50 -0500] "POST /sipse/faces/presentacion/financiero/solicitudProceso/consultarSolicitudProceso.xhtml HTTP/1.1" 200 150192
201.245.192.253 - - [29/Mar/2023:10:34:51 -0500] "POST /sipse/faces/presentacion/financiero/solicitudProceso/consultarSolicitudProceso.xhtml HTTP/1.1" 200 150192
201.245.192.253 - - [29/Mar/2023:10:34:52 -0500] "POST /sipse/faces/presentacion/financiero/solicitudProceso/consultarSolicitudProceso.xhtml HTTP/1.1" 200 150192
