72.167.51.183 - - [29/Mar/2023:04:21:08 -0500] "GET /blog/wp-includes/wlwmanifest.xml HTTP/1.1" 404 1022
72.167.51.183 - - [29/Mar/2023:04:21:24 -0500] "GET /web/wp-includes/wlwmanifest.xml HTTP/1.1" 404 1022
72.167.51.183 - - [29/Mar/2023:04:21:40 -0500] "GET /wordpress/wp-includes/wlwmanifest.xml HTTP/1.1" 404 1022
72.167.51.183 - - [29/Mar/2023:04:21:55 -0500] "GET /website/wp-includes/wlwmanifest.xml HTTP/1.1" 404 1022
72.167.51.183 - - [29/Mar/2023:04:22:11 -0500] "GET /wp/wp-includes/wlwmanifest.xml HTTP/1.1" 404 1022
72.167.51.183 - - [29/Mar/2023:04:22:27 -0500] "GET /news/wp-includes/wlwmanifest.xml HTTP/1.1" 404 1022
72.167.51.183 - - [29/Mar/2023:04:22:43 -0500] "GET /2020/wp-includes/wlwmanifest.xml HTTP/1.1" 404 1022
72.167.51.183 - - [29/Mar/2023:04:22:58 -0500] "GET /2019/wp-includes/wlwmanifest.xml HTTP/1.1" 404 1022
72.167.51.183 - - [29/Mar/2023:04:23:14 -0500] "GET /shop/wp-includes/wlwmanifest.xml HTTP/1.1" 404 1022
72.167.51.183 - - [29/Mar/2023:04:23:30 -0500] "GET /wp1/wp-includes/wlwmanifest.xml HTTP/1.1" 404 1022
172.22.2.4 - - [29/Mar/2023:04:22:07 -0500] "HEAD /BLA/boletinlegal/ HTTP/1.1" 200 -
72.167.51.183 - - [29/Mar/2023:04:23:46 -0500] "GET /test/wp-includes/wlwmanifest.xml HTTP/1.1" 404 1022
207.46.13.215 - - [29/Mar/2023:04:24:08 -0500] "GET /BLA/resoluciones/AUTOS%202018/0413.pdf HTTP/1.1" 304 -
72.167.51.183 - - [29/Mar/2023:04:24:02 -0500] "GET /wp2/wp-includes/wlwmanifest.xml HTTP/1.1" 404 1022
72.167.51.183 - - [29/Mar/2023:04:24:17 -0500] "GET /site/wp-includes/wlwmanifest.xml HTTP/1.1" 404 1022
172.22.2.4 - - [29/Mar/2023:04:22:58 -0500] "GET /BLA/boletinlegal/ HTTP/1.1" 200 57551
72.167.51.183 - - [29/Mar/2023:04:24:33 -0500] "GET /cms/wp-includes/wlwmanifest.xml HTTP/1.1" 404 1022
40.77.167.211 - - [29/Mar/2023:04:25:02 -0500] "GET /BLA/resoluciones/AUTOS%202021/5777.pdf HTTP/1.1" 304 -
72.167.51.183 - - [29/Mar/2023:04:24:49 -0500] "GET /sito/wp-includes/wlwmanifest.xml HTTP/1.1" 404 1022
185.119.81.106 - - [29/Mar/2023:04:25:29 -0500] "GET /portaldeninos/wp-login.php HTTP/1.1" 200 2592
185.119.81.106 - - [29/Mar/2023:04:25:30 -0500] "POST /portaldeninos/wp-login.php HTTP/1.1" 200 3650
216.245.221.92 - - [29/Mar/2023:04:25:59 -0500] "HEAD / HTTP/1.1" 200 -
201.245.192.253 - - [29/Mar/2023:04:26:02 -0500] "POST /kwsrmcab/Wsrmcab  HTTP/1.1" 200 43001
52.167.144.71 - - [29/Mar/2023:04:27:22 -0500] "GET /BLA/resoluciones/RESOLUCIONES%202021/0912.pdf HTTP/1.1" 200 560109
66.249.75.63 - - [29/Mar/2023:04:28:38 -0500] "-" 408 -
34.141.165.66 - - [29/Mar/2023:04:29:04 -0500] "GET /inventario-de-emisiones-2020-transporte-publico-sitp-redujo-emisiones-de-pm-2-5-en-un-37.html HTTP/1.1" 200 925
172.22.2.4 - - [29/Mar/2023:04:27:57 -0500] "HEAD /BLA/boletinlegal/ HTTP/1.1" 200 -
201.245.192.253 - - [29/Mar/2023:04:29:51 -0500] "POST /kwsrmcab/Wsrmcab HTTP/1.1" 200 43017
201.245.192.253 - - [29/Mar/2023:04:29:54 -0500] "POST /kwsrmcab/Wsrmcab HTTP/1.1" 200 43327
172.22.2.4 - - [29/Mar/2023:04:28:48 -0500] "GET /BLA/boletinlegal/ HTTP/1.1" 200 57935
216.245.221.92 - - [29/Mar/2023:04:30:59 -0500] "HEAD / HTTP/1.1" 200 -
201.245.192.253 - - [29/Mar/2023:04:31:02 -0500] "POST /kwsrmcab/Wsrmcab  HTTP/1.1" 200 43001
172.22.2.4 - - [29/Mar/2023:04:31:39 -0500] "GET /BLA/boletinlegal/actos.php HTTP/1.1" 200 9672
113.83.185.38 - - [29/Mar/2023:04:31:47 -0500] "HEAD /secretaria-de-ambiente-rinde-cuentas-este-viernes-31-de-marzo.html HTTP/1.1" 200 -
113.83.185.38 - - [29/Mar/2023:04:31:48 -0500] "GET /secretaria-de-ambiente-rinde-cuentas-este-viernes-31-de-marzo.html HTTP/1.1" 200 864
113.83.185.38 - - [29/Mar/2023:04:31:48 -0500] "HEAD /pagos-por-servicios-ambientales-hidricos-una-iniciativa-para-la-conservacion-de-este-recurso.html HTTP/1.1" 200 -
113.83.185.38 - - [29/Mar/2023:04:31:48 -0500] "GET /pagos-por-servicios-ambientales-hidricos-una-iniciativa-para-la-conservacion-de-este-recurso.html HTTP/1.1" 200 1006
113.83.185.38 - - [29/Mar/2023:04:31:48 -0500] "HEAD /cooperacion-internacional-postulate-para-la-coordinacion-ambiental-de-proyecto-con-la-union-europea-avantia.html HTTP/1.1" 200 -
113.83.185.38 - - [29/Mar/2023:04:31:49 -0500] "GET /cooperacion-internacional-postulate-para-la-coordinacion-ambiental-de-proyecto-con-la-union-europea-avantia.html HTTP/1.1" 200 1020
40.77.167.229 - - [29/Mar/2023:04:32:06 -0500] "GET /BLA/resoluciones/AUTOS%202021/4965.pdf HTTP/1.1" 304 -
121.4.166.245 - - [29/Mar/2023:04:32:08 -0500] "GET / HTTP/1.1" 200 319
40.77.167.211 - - [29/Mar/2023:04:32:41 -0500] "GET /BLA/resoluciones/RESOLUCIONES%202021/2571.pdf HTTP/1.1" 200 354350
34.147.47.195 - - [29/Mar/2023:04:32:47 -0500] "GET /inventario-de-emisiones-2020-transporte-publico-sitp-redujo-emisiones-de-pm-2-5-en-un-37.html HTTP/1.1" 200 925
40.77.167.101 - - [29/Mar/2023:04:34:47 -0500] "-" 408 -
172.22.2.4 - - [29/Mar/2023:04:33:47 -0500] "HEAD /BLA/boletinlegal/ HTTP/1.1" 200 -
66.249.75.63 - - [29/Mar/2023:04:35:57 -0500] "-" 408 -
216.245.221.92 - - [29/Mar/2023:04:35:59 -0500] "HEAD / HTTP/1.1" 200 -
192.241.210.70 - - [29/Mar/2023:04:36:03 -0500] "GET /actuator/health HTTP/1.1" 404 1018
201.245.192.253 - - [29/Mar/2023:04:36:02 -0500] "POST /kwsrmcab/Wsrmcab  HTTP/1.1" 200 43001
192.241.201.126 - - [29/Mar/2023:04:36:10 -0500] "GET /portal/redlion HTTP/1.1" 404 1018
172.22.2.4 - - [29/Mar/2023:04:34:38 -0500] "GET /BLA/boletinlegal/ HTTP/1.1" 200 55561
161.123.184.224 - - [29/Mar/2023:04:37:04 -0500] "GET /secretaria-de-ambiente-rinde-cuentas-este-viernes-31-de-marzo.html HTTP/1.1" 200 864
66.249.73.86 - - [29/Mar/2023:04:37:07 -0500] "-" 408 -
121.4.166.245 - - [29/Mar/2023:04:38:05 -0500] "GET / HTTP/1.1" 200 319
201.245.192.253 - - [29/Mar/2023:04:39:51 -0500] "POST /kwsrmcab/Wsrmcab HTTP/1.1" 200 43017
201.245.192.253 - - [29/Mar/2023:04:39:54 -0500] "POST /kwsrmcab/Wsrmcab HTTP/1.1" 200 43327
216.245.221.92 - - [29/Mar/2023:04:40:59 -0500] "HEAD / HTTP/1.1" 200 -
201.245.192.253 - - [29/Mar/2023:04:41:01 -0500] "POST /kwsrmcab/Wsrmcab  HTTP/1.1" 200 43001
172.22.2.4 - - [29/Mar/2023:04:39:37 -0500] "HEAD /BLA/boletinlegal/ HTTP/1.1" 200 -
172.22.2.4 - - [29/Mar/2023:04:40:28 -0500] "GET /BLA/boletinlegal/ HTTP/1.1" 200 57551
66.249.75.63 - - [29/Mar/2023:04:43:22 -0500] "-" 408 -
51.15.164.30 - - [29/Mar/2023:04:44:51 -0500] "HEAD /secretaria-de-ambiente-rinde-cuentas-este-viernes-31-de-marzo.html HTTP/1.1" 200 -
217.182.175.162 - - [29/Mar/2023:04:44:56 -0500] "HEAD /secretaria-de-ambiente-rinde-cuentas-este-viernes-31-de-marzo.html HTTP/1.1" 200 -
216.245.221.92 - - [29/Mar/2023:04:45:59 -0500] "HEAD / HTTP/1.1" 200 -
201.245.192.253 - - [29/Mar/2023:04:46:00 -0500] "POST /kwsrmcab/Wsrmcab  HTTP/1.1" 200 43001
162.55.167.166 - - [29/Mar/2023:04:46:26 -0500] "GET / HTTP/1.1" 200 4720
162.55.167.166 - - [29/Mar/2023:04:46:26 -0500] "GET / HTTP/1.1" 200 319
172.22.2.4 - - [29/Mar/2023:04:45:27 -0500] "HEAD /BLA/boletinlegal/ HTTP/1.1" 200 -
172.22.2.4 - - [29/Mar/2023:04:46:18 -0500] "GET /BLA/boletinlegal/ HTTP/1.1" 200 51967
52.167.144.167 - - [29/Mar/2023:04:48:14 -0500] "GET /BLA/resoluciones/AUTOS%202018/2180.pdf HTTP/1.1" 200 335129
52.167.144.167 - - [29/Mar/2023:04:48:15 -0500] "GET /BLA/resoluciones/AUTOS%202021/5341.pdf HTTP/1.1" 304 -
52.167.144.167 - - [29/Mar/2023:04:48:15 -0500] "GET /BLA/resoluciones/RESOLUCIONES%202021/5613.pdf HTTP/1.1" 200 447378
52.167.144.167 - - [29/Mar/2023:04:48:16 -0500] "GET /BLA/resoluciones/AUTOS%202021/2867.pdf HTTP/1.1" 304 -
52.167.144.167 - - [29/Mar/2023:04:48:19 -0500] "GET /BLA/resoluciones/index.php?dir=AUTOS+2017%2F HTTP/1.1" 200 464400
52.167.144.167 - - [29/Mar/2023:04:48:20 -0500] "GET /BLA/resoluciones/AUTOS%202021/1427.pdf HTTP/1.1" 304 -
52.167.144.167 - - [29/Mar/2023:04:48:20 -0500] "GET /BLA/resoluciones/AUTOS%202019/4617.pdf HTTP/1.1" 200 298551
172.22.2.4 - - [29/Mar/2023:04:47:42 -0500] "GET /BLA/boletinlegal/ HTTP/1.1" 200 28619
157.90.209.83 - - [29/Mar/2023:04:50:12 -0500] "-" 408 -
52.167.144.36 - - [29/Mar/2023:04:50:18 -0500] "GET /BLA/resoluciones/AUTOS%202013/1436.pdf HTTP/1.1" 200 379061
216.245.221.92 - - [29/Mar/2023:04:50:59 -0500] "HEAD / HTTP/1.1" 200 -
157.55.39.218 - - [29/Mar/2023:04:50:59 -0500] "GET /dia-mundial-del-agua-2023-programate-para-participar-en-estas-actividades-de-educacion-ambiental.html HTTP/1.1" 200 903
201.245.192.253 - - [29/Mar/2023:04:50:59 -0500] "POST /kwsrmcab/Wsrmcab  HTTP/1.1" 200 43001
66.249.75.63 - - [29/Mar/2023:04:52:41 -0500] "-" 408 -
179.43.142.43 - - [29/Mar/2023:04:52:51 -0500] "GET http://proxy.korsangazi.com:80/bc61121a8191137a1f6357ea09cea3d3.html HTTP/1.1" 404 1024
172.22.2.4 - - [29/Mar/2023:04:51:17 -0500] "HEAD /BLA/boletinlegal/ HTTP/1.1" 200 -
172.22.2.4 - - [29/Mar/2023:04:52:08 -0500] "GET /BLA/boletinlegal/ HTTP/1.1" 200 57551
83.33.93.148 - - [29/Mar/2023:04:53:49 -0500] "GET /galeria/galeria/jquery.fancybox.css?v=2.1.5 HTTP/1.1" 200 4895
83.33.93.148 - - [29/Mar/2023:04:53:49 -0500] "GET /BLA/boletinlegal/js/jquery.scrollShow.js HTTP/1.1" 200 4586
83.33.93.148 - - [29/Mar/2023:04:53:49 -0500] "GET /galeria/galeria/jquery.fancybox.js?v=2.1.5 HTTP/1.1" 200 48706
216.245.221.92 - - [29/Mar/2023:04:55:59 -0500] "HEAD / HTTP/1.1" 200 -
201.245.192.253 - - [29/Mar/2023:04:55:58 -0500] "POST /kwsrmcab/Wsrmcab  HTTP/1.1" 200 43001
173.252.83.23 - - [29/Mar/2023:04:58:17 -0500] "GET /images/caminatas-ecol\xc3\xb3gicas-marzo---1920x1080_optimized.jpg HTTP/1.1" 404 1034
66.249.75.63 - - [29/Mar/2023:04:58:38 -0500] "-" 408 -
172.22.2.4 - - [29/Mar/2023:04:57:07 -0500] "HEAD /BLA/boletinlegal/ HTTP/1.1" 200 -
172.22.2.4 - - [29/Mar/2023:04:57:58 -0500] "GET /BLA/boletinlegal/ HTTP/1.1" 200 56277
216.245.221.92 - - [29/Mar/2023:05:00:59 -0500] "HEAD / HTTP/1.1" 200 -
201.245.192.253 - - [29/Mar/2023:05:00:57 -0500] "POST /kwsrmcab/Wsrmcab  HTTP/1.1" 200 43001
52.167.144.167 - - [29/Mar/2023:05:01:04 -0500] "GET /Autoliquidacion/Grupo%20Forestal%20-%20Silvicultura/Formulario%20de%20solicitud%20de%20manejo%20o%20aprovechamiento%20forestal.xlsx HTTP/1.1" 404 1018
207.46.13.215 - - [29/Mar/2023:05:01:41 -0500] "GET /appsia/controlador HTTP/1.1" 200 4799
52.167.144.36 - - [29/Mar/2023:05:01:57 -0500] "GET /appsia/scripts/validarIngreso.js HTTP/1.1" 200 851
52.167.144.167 - - [29/Mar/2023:05:02:02 -0500] "GET /appsia/css/estilos.css HTTP/1.1" 200 4804
172.22.2.4 - - [29/Mar/2023:05:02:57 -0500] "HEAD /BLA/boletinlegal/ HTTP/1.1" 200 -
172.22.2.4 - - [29/Mar/2023:05:03:48 -0500] "GET /BLA/boletinlegal/ HTTP/1.1" 200 55924
34.147.114.73 - - [29/Mar/2023:05:05:42 -0500] "GET /inventario-de-emisiones-2020-transporte-publico-sitp-redujo-emisiones-de-pm-2-5-en-un-37.html HTTP/1.1" 200 925
201.245.192.253 - - [29/Mar/2023:05:05:56 -0500] "POST /kwsrmcab/Wsrmcab  HTTP/1.1" 200 43001
216.245.221.92 - - [29/Mar/2023:05:05:59 -0500] "HEAD / HTTP/1.1" 200 -
172.22.2.4 - - [29/Mar/2023:05:06:44 -0500] "GET /BLA/boletinlegal/actos.php HTTP/1.1" 200 9672
172.22.2.4 - - [29/Mar/2023:05:07:10 -0500] "GET /BLA/boletinlegal/images/pdf.gif HTTP/1.1" 304 -
34.147.47.195 - - [29/Mar/2023:05:07:43 -0500] "GET /inventario-de-emisiones-2020-transporte-publico-sitp-redujo-emisiones-de-pm-2-5-en-un-37.html HTTP/1.1" 200 925
157.55.39.218 - - [29/Mar/2023:05:09:46 -0500] "GET /portaldeninos/aulas-ambientales-2/parque-ecologico-distrital-de-montana-entrenubes/ HTTP/1.1" 200 90406
172.22.2.4 - - [29/Mar/2023:05:08:47 -0500] "HEAD /BLA/boletinlegal/ HTTP/1.1" 200 -
201.245.192.253 - - [29/Mar/2023:05:10:55 -0500] "POST /kwsrmcab/Wsrmcab  HTTP/1.1" 200 43001
216.245.221.92 - - [29/Mar/2023:05:10:59 -0500] "HEAD / HTTP/1.1" 200 -
172.22.2.4 - - [29/Mar/2023:05:09:38 -0500] "GET /BLA/boletinlegal/ HTTP/1.1" 200 57551
66.249.75.63 - - [29/Mar/2023:05:11:38 -0500] "-" 408 -
199.16.157.180 - - [29/Mar/2023:05:11:48 -0500] "GET /images/pot-humedales-2-octubre.jpg HTTP/1.1" 200 53089
185.119.81.99 - - [29/Mar/2023:05:11:57 -0500] "GET /portaldeninos/wp-login.php HTTP/1.1" 200 2592
185.119.81.99 - - [29/Mar/2023:05:11:58 -0500] "POST /portaldeninos/wp-login.php HTTP/1.1" 200 3605
185.119.81.99 - - [29/Mar/2023:05:13:13 -0500] "GET /portaldeninos/wp-login.php HTTP/1.1" 200 2592
185.119.81.99 - - [29/Mar/2023:05:13:14 -0500] "POST /portaldeninos/wp-login.php HTTP/1.1" 200 3670
201.245.192.253 - - [29/Mar/2023:05:15:54 -0500] "POST /kwsrmcab/Wsrmcab  HTTP/1.1" 200 43001
216.245.221.92 - - [29/Mar/2023:05:15:59 -0500] "HEAD / HTTP/1.1" 200 -
172.22.2.4 - - [29/Mar/2023:05:14:37 -0500] "HEAD /BLA/boletinlegal/ HTTP/1.1" 200 -
172.22.2.4 - - [29/Mar/2023:05:15:28 -0500] "GET /BLA/boletinlegal/ HTTP/1.1" 200 53104
172.22.2.4 - - [29/Mar/2023:05:17:17 -0500] "GET /BLA/boletinlegal/images/screen_5.png HTTP/1.1" 304 -
201.245.192.253 - - [29/Mar/2023:05:19:51 -0500] "POST /kwsrmcab/Wsrmcab HTTP/1.1" 200 43162
201.245.192.253 - - [29/Mar/2023:05:19:54 -0500] "POST /kwsrmcab/Wsrmcab HTTP/1.1" 200 43325
66.249.75.63 - - [29/Mar/2023:05:20:02 -0500] "-" 408 -
201.245.192.253 - - [29/Mar/2023:05:20:53 -0500] "POST /kwsrmcab/Wsrmcab  HTTP/1.1" 200 43001
216.245.221.92 - - [29/Mar/2023:05:20:59 -0500] "HEAD / HTTP/1.1" 200 -
40.77.167.211 - - [29/Mar/2023:05:21:06 -0500] "GET /BLA/resoluciones/RESOLUCIONES%202021/1618.pdf HTTP/1.1" 200 351563
52.167.144.43 - - [29/Mar/2023:05:21:24 -0500] "GET / HTTP/1.1" 200 319
172.22.2.4 - - [29/Mar/2023:05:20:27 -0500] "HEAD /BLA/boletinlegal/ HTTP/1.1" 200 -
52.167.144.36 - - [29/Mar/2023:05:22:10 -0500] "GET /BLA/resoluciones/AUTOS%202021/4033.pdf HTTP/1.1" 304 -
172.22.2.4 - - [29/Mar/2023:05:21:18 -0500] "GET /BLA/boletinlegal/ HTTP/1.1" 200 58653
173.252.83.20 - - [29/Mar/2023:05:23:42 -0500] "GET /galeria/galeria/fotos/Humedal-la-Isla2P.jpg HTTP/1.1" 200 13603
201.245.192.253 - - [29/Mar/2023:05:25:52 -0500] "POST /kwsrmcab/Wsrmcab  HTTP/1.1" 200 43001
216.245.221.92 - - [29/Mar/2023:05:25:59 -0500] "HEAD / HTTP/1.1" 200 -
172.22.2.4 - - [29/Mar/2023:05:27:19 -0500] "GET /BLA/boletinlegal/images/cabezote%20BLEGAL.jpg HTTP/1.1" 304 -
179.19.37.74 - - [29/Mar/2023:05:27:55 -0500] "GET /mujeres-que-reverdecen-secretaria-de-ambiente-anuncia-el-inicio-de-la-tercera-fase.html HTTP/1.1" 200 954
172.22.2.4 - - [29/Mar/2023:05:26:17 -0500] "HEAD /BLA/boletinlegal/ HTTP/1.1" 200 -
172.22.2.4 - - [29/Mar/2023:05:27:08 -0500] "GET /BLA/boletinlegal/ HTTP/1.1" 200 52720
66.249.75.63 - - [29/Mar/2023:05:28:55 -0500] "-" 408 -
201.245.192.253 - - [29/Mar/2023:05:29:51 -0500] "POST /kwsrmcab/Wsrmcab HTTP/1.1" 200 43162
201.245.192.253 - - [29/Mar/2023:05:29:54 -0500] "POST /kwsrmcab/Wsrmcab HTTP/1.1" 200 43325
201.245.192.253 - - [29/Mar/2023:05:30:51 -0500] "POST /kwsrmcab/Wsrmcab  HTTP/1.1" 200 43001
216.245.221.92 - - [29/Mar/2023:05:30:59 -0500] "HEAD / HTTP/1.1" 200 -
36.81.205.31 - - [29/Mar/2023:05:32:51 -0500] "GET / HTTP/1.1" 200 319
52.167.144.167 - - [29/Mar/2023:05:33:26 -0500] "GET /BLA/resoluciones/index.php?dir=RESOLUCIONES+2023%2F HTTP/1.1" 200 11738
52.167.144.167 - - [29/Mar/2023:05:33:26 -0500] "GET /BLA/resoluciones/AUTOS%202021/3890.pdf HTTP/1.1" 304 -
172.22.2.4 - - [29/Mar/2023:05:32:07 -0500] "HEAD /BLA/boletinlegal/ HTTP/1.1" 200 -
172.22.2.4 - - [29/Mar/2023:05:32:58 -0500] "GET /BLA/boletinlegal/ HTTP/1.1" 200 52316
201.245.192.253 - - [29/Mar/2023:05:35:51 -0500] "POST /kwsrmcab/Wsrmcab  HTTP/1.1" 200 43001
66.249.75.63 - - [29/Mar/2023:05:35:55 -0500] "-" 408 -
216.245.221.92 - - [29/Mar/2023:05:35:59 -0500] "HEAD / HTTP/1.1" 200 -
207.46.13.215 - - [29/Mar/2023:05:36:14 -0500] "GET /BLA/resoluciones/AUTOS%202022/4549.pdf HTTP/1.1" 200 1189600
52.167.144.167 - - [29/Mar/2023:05:37:50 -0500] "GET /BLA/resoluciones/AUTOS%202018/5859.pdf HTTP/1.1" 304 -
172.22.2.4 - - [29/Mar/2023:05:39:15 -0500] "GET /BLA/boletinlegal/favicon.ico HTTP/1.1" 404 1018
52.167.144.71 - - [29/Mar/2023:05:39:28 -0500] "GET /BLA/resoluciones/RESOLUCIONES%202021/1232.pdf HTTP/1.1" 200 7720495
172.22.2.4 - - [29/Mar/2023:05:37:57 -0500] "HEAD /BLA/boletinlegal/ HTTP/1.1" 200 -
172.22.2.4 - - [29/Mar/2023:05:38:59 -0500] "GET /BLA/boletinlegal/ HTTP/1.1" 200 20427
201.245.192.253 - - [29/Mar/2023:05:39:51 -0500] "POST /kwsrmcab/Wsrmcab HTTP/1.1" 200 43162
201.245.192.253 - - [29/Mar/2023:05:39:54 -0500] "POST /kwsrmcab/Wsrmcab HTTP/1.1" 200 43325
40.77.167.211 - - [29/Mar/2023:05:40:09 -0500] "GET /BLA/resoluciones/AUTOS%202021/4736.pdf HTTP/1.1" 200 402328
172.22.2.4 - - [29/Mar/2023:05:39:00 -0500] "GET /BLA/boletinlegal/ HTTP/1.1" 200 28619
172.22.2.4 - - [29/Mar/2023:05:38:48 -0500] "GET /BLA/boletinlegal/ HTTP/1.1" 200 46392
201.245.192.253 - - [29/Mar/2023:05:40:50 -0500] "POST /kwsrmcab/Wsrmcab  HTTP/1.1" 200 43001
216.245.221.92 - - [29/Mar/2023:05:40:59 -0500] "HEAD / HTTP/1.1" 200 -
66.249.75.63 - - [29/Mar/2023:05:43:07 -0500] "-" 408 -
172.22.2.4 - - [29/Mar/2023:05:43:47 -0500] "HEAD /BLA/boletinlegal/ HTTP/1.1" 200 -
172.22.2.4 - - [29/Mar/2023:05:43:59 -0500] "GET /BLA/boletinlegal/index.php HTTP/1.1" 200 48649
34.147.114.73 - - [29/Mar/2023:05:45:49 -0500] "GET /inventario-de-emisiones-2020-transporte-publico-sitp-redujo-emisiones-de-pm-2-5-en-un-37.html HTTP/1.1" 200 925
201.245.192.253 - - [29/Mar/2023:05:45:49 -0500] "POST /kwsrmcab/Wsrmcab  HTTP/1.1" 200 43001
216.245.221.92 - - [29/Mar/2023:05:45:59 -0500] "HEAD / HTTP/1.1" 200 -
172.22.2.4 - - [29/Mar/2023:05:44:38 -0500] "GET /BLA/boletinlegal/ HTTP/1.1" 200 52720
66.249.75.63 - - [29/Mar/2023:05:49:03 -0500] "-" 408 -
69.63.184.116 - - [29/Mar/2023:05:49:17 -0500] "GET /images/paneles-solares-22septiembre.jpeg HTTP/1.1" 200 66691
69.63.184.116 - - [29/Mar/2023:05:49:18 -0500] "GET /construcciones-sostenibles-estas-son-sus-principales-caracteristicas.html HTTP/1.1" 206 939
201.245.192.253 - - [29/Mar/2023:05:50:47 -0500] "POST /kwsrmcab/Wsrmcab  HTTP/1.1" 200 43001
216.245.221.92 - - [29/Mar/2023:05:50:59 -0500] "HEAD / HTTP/1.1" 200 -
172.22.2.4 - - [29/Mar/2023:05:49:37 -0500] "HEAD /BLA/boletinlegal/ HTTP/1.1" 200 -
185.119.81.104 - - [29/Mar/2023:05:51:33 -0500] "GET /portaldeninos/wp-login.php HTTP/1.1" 200 2592
185.119.81.104 - - [29/Mar/2023:05:51:34 -0500] "POST /portaldeninos/wp-login.php HTTP/1.1" 200 3650
172.22.2.4 - - [29/Mar/2023:05:50:28 -0500] "GET /BLA/boletinlegal/ HTTP/1.1" 200 57551
66.249.75.63 - - [29/Mar/2023:05:55:08 -0500] "-" 408 -
201.245.192.253 - - [29/Mar/2023:05:55:44 -0500] "POST /kwsrmcab/Wsrmcab  HTTP/1.1" 200 43001
216.245.221.92 - - [29/Mar/2023:05:55:59 -0500] "HEAD / HTTP/1.1" 200 -
207.46.13.215 - - [29/Mar/2023:05:56:12 -0500] "GET /BLA/resoluciones/AUTOS%202021/2330.pdf HTTP/1.1" 304 -
168.119.252.242 - - [29/Mar/2023:05:56:50 -0500] "GET / HTTP/1.1" 200 319
168.119.252.242 - - [29/Mar/2023:05:56:51 -0500] "GET / HTTP/1.1" 200 4720
168.119.253.61 - - [29/Mar/2023:05:56:58 -0500] "GET / HTTP/1.1" 200 319
168.119.253.61 - - [29/Mar/2023:05:57:00 -0500] "GET / HTTP/1.1" 200 4720
172.22.2.4 - - [29/Mar/2023:05:55:27 -0500] "HEAD /BLA/boletinlegal/ HTTP/1.1" 200 -
207.46.13.215 - - [29/Mar/2023:05:57:36 -0500] "GET /BLA/resoluciones/RESOLUCIONES%202021/2494.pdf HTTP/1.1" 200 532600
172.22.2.4 - - [29/Mar/2023:05:56:18 -0500] "GET /BLA/boletinlegal/ HTTP/1.1" 200 57551
34.147.66.132 - - [29/Mar/2023:05:58:46 -0500] "GET /inventario-de-emisiones-2020-transporte-publico-sitp-redujo-emisiones-de-pm-2-5-en-un-37.html HTTP/1.1" 200 925
69.171.249.21 - - [29/Mar/2023:05:59:45 -0500] "GET /images/rendicion-de-cuentas-post-01-02-(1)_optimized.jpg HTTP/1.1" 200 121430
201.245.192.253 - - [29/Mar/2023:06:00:41 -0500] "POST /kwsrmcab/Wsrmcab  HTTP/1.1" 200 43001
216.245.221.92 - - [29/Mar/2023:06:00:59 -0500] "HEAD / HTTP/1.1" 200 -
52.167.144.167 - - [29/Mar/2023:06:01:28 -0500] "GET /bla/resoluciones/resoluciones%202022/4279.pdf HTTP/1.1" 200 514849
172.22.2.4 - - [29/Mar/2023:06:01:39 -0500] "GET /BLA/boletinlegal/robots.txt HTTP/1.1" 404 1140
66.249.75.63 - - [29/Mar/2023:06:02:42 -0500] "-" 408 -
172.22.2.4 - - [29/Mar/2023:06:01:17 -0500] "HEAD /BLA/boletinlegal/ HTTP/1.1" 200 -
172.22.2.4 - - [29/Mar/2023:06:02:08 -0500] "GET /BLA/boletinlegal/ HTTP/1.1" 200 56277
162.55.175.141 - - [29/Mar/2023:06:04:14 -0500] "GET / HTTP/1.1" 200 319
162.55.175.141 - - [29/Mar/2023:06:04:15 -0500] "GET / HTTP/1.1" 200 4720
52.167.144.71 - - [29/Mar/2023:06:04:44 -0500] "GET /BLA/resoluciones/AUTOS%202017/2738.pdf HTTP/1.1" 200 282930
40.77.167.211 - - [29/Mar/2023:06:05:15 -0500] "GET /BLA/resoluciones/AUTOS%202021/4400.pdf HTTP/1.1" 304 -
185.119.81.104 - - [29/Mar/2023:06:05:36 -0500] "GET /portaldeninos/wp-login.php HTTP/1.1" 200 2592
185.119.81.104 - - [29/Mar/2023:06:05:37 -0500] "POST /portaldeninos/wp-login.php HTTP/1.1" 200 3650
201.245.192.253 - - [29/Mar/2023:06:05:39 -0500] "POST /kwsrmcab/Wsrmcab  HTTP/1.1" 200 43001
69.63.184.4 - - [29/Mar/2023:06:05:57 -0500] "GET /images/rendicion-de-cuentas-post-01-02-(1)_optimized.jpg HTTP/1.1" 200 121430
216.245.221.92 - - [29/Mar/2023:06:05:59 -0500] "HEAD / HTTP/1.1" 200 -
191.95.63.221 - - [29/Mar/2023:06:07:31 -0500] "GET /images/Foto%20Di%C3%8C%C2%81a%20Mundial%20del%20Agua%20%281%29%20%281%29.jpeg HTTP/1.1" 200 41770
172.22.2.4 - - [29/Mar/2023:06:08:37 -0500] "GET /BLA/boletinlegal/admin/config.php HTTP/1.1" 200 -
172.22.2.4 - - [29/Mar/2023:06:07:07 -0500] "HEAD /BLA/boletinlegal/ HTTP/1.1" 200 -
172.22.2.4 - - [29/Mar/2023:06:07:58 -0500] "GET /BLA/boletinlegal/ HTTP/1.1" 200 55561
66.249.73.88 - - [29/Mar/2023:06:09:51 -0500] "-" 408 -
31.13.103.3 - - [29/Mar/2023:06:10:09 -0500] "GET /images/jardines-verticales_optimized.jpeg HTTP/1.1" 200 138197
201.245.192.253 - - [29/Mar/2023:06:10:37 -0500] "POST /kwsrmcab/Wsrmcab  HTTP/1.1" 200 43001
216.245.221.92 - - [29/Mar/2023:06:10:59 -0500] "HEAD / HTTP/1.1" 200 -
172.22.2.4 - - [29/Mar/2023:06:12:08 -0500] "GET /BLA/boletinlegal/Directivas/2018/Directiva%20No.%2027%20del%2028%20de%20diciembre%20de%202018.pdf HTTP/1.1" 304 -
52.167.144.71 - - [29/Mar/2023:06:14:01 -0500] "GET /BLA/resoluciones/RESOLUCIONES%202021/2903.pdf HTTP/1.1" 304 -
172.22.2.4 - - [29/Mar/2023:06:12:57 -0500] "HEAD /BLA/boletinlegal/ HTTP/1.1" 200 -
172.22.2.4 - - [29/Mar/2023:06:13:48 -0500] "GET /BLA/boletinlegal/ HTTP/1.1" 200 57551
201.245.192.253 - - [29/Mar/2023:06:15:36 -0500] "POST /kwsrmcab/Wsrmcab  HTTP/1.1" 200 43001
216.245.221.92 - - [29/Mar/2023:06:15:59 -0500] "HEAD / HTTP/1.1" 200 -
128.14.136.18 - - [29/Mar/2023:06:15:58 -0500] "GET /portaldeninos/ HTTP/1.1" 200 110197
201.245.192.253 - - [29/Mar/2023:06:19:51 -0500] "POST /kwsrmcab/Wsrmcab HTTP/1.1" 200 43322
69.171.251.5 - - [29/Mar/2023:06:19:54 -0500] "GET /images/pieza-mujeres-reverdecen-4-abril.jpg HTTP/1.1" 200 48916
201.245.192.253 - - [29/Mar/2023:06:19:54 -0500] "POST /kwsrmcab/Wsrmcab HTTP/1.1" 200 43327
173.252.79.8 - - [29/Mar/2023:06:20:16 -0500] "GET /images/mercados-campesinos-5-mayo.jpg HTTP/1.1" 200 95848
172.22.2.4 - - [29/Mar/2023:06:18:47 -0500] "HEAD /BLA/boletinlegal/ HTTP/1.1" 200 -
201.245.192.253 - - [29/Mar/2023:06:20:35 -0500] "POST /kwsrmcab/Wsrmcab  HTTP/1.1" 200 43001
216.245.221.92 - - [29/Mar/2023:06:20:59 -0500] "HEAD / HTTP/1.1" 200 -
172.22.2.4 - - [29/Mar/2023:06:19:38 -0500] "GET /BLA/boletinlegal/ HTTP/1.1" 200 57551
173.252.83.119 - - [29/Mar/2023:06:24:32 -0500] "GET /images/calidad-aire-2-marzo-1_optimized.jpeg HTTP/1.1" 200 51562
201.245.192.253 - - [29/Mar/2023:06:25:34 -0500] "POST /kwsrmcab/Wsrmcab  HTTP/1.1" 200 43001
52.167.144.167 - - [29/Mar/2023:06:25:48 -0500] "GET /BLA/resoluciones/index.php?dir=RESOLUCIONES+2023%2F HTTP/1.1" 200 11738
216.245.221.92 - - [29/Mar/2023:06:25:59 -0500] "HEAD / HTTP/1.1" 200 -
172.22.2.4 - - [29/Mar/2023:06:24:37 -0500] "HEAD /BLA/boletinlegal/ HTTP/1.1" 200 -
34.91.208.242 - - [29/Mar/2023:06:26:37 -0500] "GET /inventario-de-emisiones-2020-transporte-publico-sitp-redujo-emisiones-de-pm-2-5-en-un-37.html HTTP/1.1" 200 925
172.22.2.4 - - [29/Mar/2023:06:25:28 -0500] "GET /BLA/boletinlegal/ HTTP/1.1" 200 57141
172.22.2.4 - - [29/Mar/2023:06:27:15 -0500] "GET /BLA/boletinlegal/actos.php HTTP/1.1" 200 9672
201.245.192.253 - - [29/Mar/2023:06:29:51 -0500] "POST /kwsrmcab/Wsrmcab HTTP/1.1" 200 43322
201.245.192.253 - - [29/Mar/2023:06:29:54 -0500] "POST /kwsrmcab/Wsrmcab HTTP/1.1" 200 43327
201.245.192.253 - - [29/Mar/2023:06:30:34 -0500] "POST /kwsrmcab/Wsrmcab  HTTP/1.1" 200 43001
216.245.221.92 - - [29/Mar/2023:06:30:59 -0500] "HEAD / HTTP/1.1" 200 -
172.22.2.4 - - [29/Mar/2023:06:30:27 -0500] "HEAD /BLA/boletinlegal/ HTTP/1.1" 200 -
207.46.13.215 - - [29/Mar/2023:06:32:22 -0500] "GET /bla/resoluciones/resoluciones%202012/1869.pdf HTTP/1.1" 304 -
172.22.2.4 - - [29/Mar/2023:06:31:17 -0500] "GET /BLA/boletinlegal/ HTTP/1.1" 200 57935
35.204.234.210 - - [29/Mar/2023:06:34:22 -0500] "GET /inventario-de-emisiones-2020-transporte-publico-sitp-redujo-emisiones-de-pm-2-5-en-un-37.html HTTP/1.1" 200 925
34.147.114.73 - - [29/Mar/2023:06:34:31 -0500] "GET /inventario-de-emisiones-2020-transporte-publico-sitp-redujo-emisiones-de-pm-2-5-en-un-37.html HTTP/1.1" 200 925
52.167.144.167 - - [29/Mar/2023:06:34:59 -0500] "GET /bla/resoluciones/resoluciones%202012/0507.pdf HTTP/1.1" 304 -
201.245.192.253 - - [29/Mar/2023:06:35:33 -0500] "POST /kwsrmcab/Wsrmcab  HTTP/1.1" 200 43001
216.245.221.92 - - [29/Mar/2023:06:35:59 -0500] "HEAD / HTTP/1.1" 200 -
191.156.57.237 - - [29/Mar/2023:06:36:29 -0500] "GET /galeria/galeria/jquery.fancybox.css?v=2.1.5 HTTP/1.1" 200 4895
191.156.57.237 - - [29/Mar/2023:06:36:29 -0500] "GET /galeria/galeria/jquery.fancybox.js?v=2.1.5 HTTP/1.1" 200 48706
191.156.58.199 - - [29/Mar/2023:06:36:29 -0500] "GET /BLA/boletinlegal/js/jquery.scrollShow.js HTTP/1.1" 200 4586
172.22.2.4 - - [29/Mar/2023:06:36:17 -0500] "HEAD /BLA/boletinlegal/ HTTP/1.1" 200 -
172.22.2.4 - - [29/Mar/2023:06:37:07 -0500] "GET /BLA/boletinlegal/ HTTP/1.1" 200 57141
172.22.2.4 - - [29/Mar/2023:06:39:32 -0500] "GET /BLA/boletinlegal/actos.php HTTP/1.1" 200 9672
201.245.192.253 - - [29/Mar/2023:06:39:51 -0500] "POST /kwsrmcab/Wsrmcab HTTP/1.1" 200 43322
201.245.192.253 - - [29/Mar/2023:06:39:53 -0500] "POST /kwsrmcab/Wsrmcab HTTP/1.1" 200 43327
201.245.192.253 - - [29/Mar/2023:06:40:32 -0500] "POST /kwsrmcab/Wsrmcab  HTTP/1.1" 200 43001
216.245.221.92 - - [29/Mar/2023:06:40:59 -0500] "HEAD / HTTP/1.1" 200 -
157.55.39.218 - - [29/Mar/2023:06:41:55 -0500] "GET /dia-mundial-del-agua-2023-programate-para-participar-en-estas-actividades-de-educacion-ambiental.html HTTP/1.1" 200 903
66.249.75.36 - - [29/Mar/2023:06:41:57 -0500] "-" 408 -
40.77.167.211 - - [29/Mar/2023:06:43:35 -0500] "GET /BLA/resoluciones/RESOLUCIONES%202019/2605.pdf HTTP/1.1" 200 286433
172.22.2.4 - - [29/Mar/2023:06:42:07 -0500] "HEAD /BLA/boletinlegal/ HTTP/1.1" 200 -
172.22.2.4 - - [29/Mar/2023:06:42:57 -0500] "GET /BLA/boletinlegal/ HTTP/1.1" 200 59296
199.16.157.180 - - [29/Mar/2023:06:45:08 -0500] "GET /images/Archivo%20pacto%20aire%2023%20enero.jpeg HTTP/1.1" 200 28889
199.16.157.180 - - [29/Mar/2023:06:45:08 -0500] "GET /secretaria-de-ambiente-otorgo-reconocimiento-a-80-empresas-vinculadas-al-pacto-unidos-por-un-nuevo-aire.html HTTP/1.1" 200 964
201.245.192.253 - - [29/Mar/2023:06:45:32 -0500] "POST /kwsrmcab/Wsrmcab  HTTP/1.1" 200 43001
216.245.221.92 - - [29/Mar/2023:06:45:59 -0500] "HEAD / HTTP/1.1" 200 -
186.102.28.51 - - [29/Mar/2023:06:47:12 -0500] "GET /kwssiamovil/sm/acme/a?s=U2FsdGVkX1+jusW6K7u8xDpbGeXA8fB8Dpy+6qraJwC8wFvGa7SshveTcKItUF19zoJDUmAOATk8e0nQ628rVVuLm/NY8vmke32vKL6Ko67SlvnDII3ggN/zPnCYxOcqHfsai402wrkWZPkPBlrli+W1DQ2YBvDaEQvez2Tg2qnz3W7zU0wHpIv4XRY9H9hxGf0ZbWE7AJPNH4HL+9uG9+SyU1x/loWE5BmUOIGAnWhXQwDkbz2V+3VVv68V6CZIOj0STU8MOXvY7281Uz3CYw==&u=U2FsdGVkX18b082sZ3k07yWw8QpaconwMjepBnNap6Ief8gd9ssqXsW9A75iEGgm&y=U2FsdGVkX1+aC6vxSWn3DbB9p4blResW39cf2O6Pt26lifhfLn/qIT/eMGOj2T0x HTTP/1.1" 200 26
186.102.28.51 - - [29/Mar/2023:06:47:13 -0500] "GET /kwssiamovil/sm/acme/a?s=U2FsdGVkX1+751H2BIzoaTXT42dMWko88e2p+HLEAhdBEyBfSiXvO7FI6IUNzo7XwNFXRfDlO2/NpbjX0dOEeiJgOT7zCKxOBA3paY1LC7KuWFEHaa5P4Faivk/nknVS78Pg9M4pZVMmRh9uX8qclZ3qMBxiXJ2NohSHzGwVG4laKRSusLe7OLvJU0x4zotVex+cCImcGpsy8Xxo5ofGy/FKjuT3pnH9S274jtNhJ7CcaQpM1nNQdqbtaqy8DAJMLNTQL4Ar8xVlaveXm9GDn4JVG3Pqzl8f+roiaf6d9UfJq54P5zZP9rA1lsJmNzO5cHb62LuIRNlmNVgmfbJlqUNg0W5shhVUtttmhPT3TyyBfXP6CDiv8+GjxnL3125+uhlk6AdKsz+2G/JBK61Q5wprdm63LWbE26eAx+bJ8+mlymRWaNjAYThKrqB8LXTk1o5GgAvPHYmdCfNAEkaI0fissTzEIpThdeAwn/ZY/m9OX7Cwl5snHQOwkjsxYW8j6bp9pK3swa/ot1NhCzM6g9tQwA7gaoBqm0rC9qh+Y/rBG5WnHHjAyGmuJpdcojo+MSzL3t6D5rsAyz0wIB3rM8JTPLqSJe08DIKepb9WaGdzVN0reDE0iFcXYOxKfunsZ7/ae4IcCzSsq4SCGR1Nw++krNfoCDitbfn1x1up59SNBSRwiI8liyVOh+XCzxGez8KTgzI5vxEkvBDae/PZMmOnNKJ+DVIIfLbRnpTKZq/TvNRdNwiPleyW/NvH1d+fA1gVQe6jh/6fZPjYbxoCCkhNTJwVXyPMCD513t46SZiIiSb3jJ9zDj+9Da44hlSDKAk/s6Wzath7JP42aNj/iGzajK4b3erdq7QS/dVR03fknf1sn3P7aBV4dfYjg2tFgyWHF2I1yScjhVxhsb0gDwV6x+9sJ3bC2zcmiLV6+3GW1DPyRetcnzFFYTYBY8yzUWqTjJogt3EWhEJCV3+Fkhaf4dpfr3Ou8iSmFgctv5zuy2R96PNlthZR1Lf7CiyEvOQziGX7TRKM8MkqJ65g8km7teBD+YIPX5GWlFBpn+YBHbJZOW8YtPFssg39bX8EMv8Zhqg4z99R4/pxWlNZgOiJmtMpXYTOBW1plThTBPlgtpZQk4evxw2PPySt0FkN9ChC+00q1uvZ0RHYl3nR1p1NzlCWkkeVzPp54Y+0Kkzft+Pfv0qtXeJaIivggjo7yEFIwf/h/9cN8kx+iXHhBdZucC1MmAZh3g4MvLZijiValecrErnhkOUGniuDzCzahSRcNm238zQDY0V8FD+6Pl+Am2Kk4Xr9yeVIf+ToOlOGaW5JpFfU+lGmQMLcHms4QmJbaEQMm1iIyUE5C1JwKEWnHPzLdFj2nCjpLXNleN1L9uElZYpWDxaeJKOY35D/cgxrppI8aibQTMNzgyoLB4xhM8oLqdlgIdbD2fHtwXyByUPLE4/kkQtPjwUCQcV7qZaDTJcqS9dtbgnP6QhlfEkIjNV3Z5NklWqzBo7BhS8pYkYAJKLMuZbCPMuraRrQp9xXXFQi6tY1bIHAV+puLx0jhpSZ65Be/geScJ/LKMmQn46vfGSiOCZju7gB4hvoXapfq1BQkcD7h5pQKElKJJb0B3V4DgNKE1a+HokdBVx38hlvLJWm/4Ab4l2Uye9v7QlKzBq6XuITssD1FWmjxfx1+tApt+2E+SprXOI22x95zABMeVEhJPpcmozJl4tNBeIRSHcCPLvuJ7RjO17/OymQQIRMvvdMt7BTHHiKjBLsPdOAzOrdZEB8EHeT2sRqhJDf7IajHhSEkTItPj7zWnLoQAU7B90XtNe/tyHIIPx2pC26SnsD53zwaXrpGJ/SiUm+VXoTIZcoCthZnut2jmXHGp9IPDRi43JKMMZpDZAQu9xx020PjHPsfXmxY5htO/NUScvxV8CqD06KGfk+E9WAkVoB3I05X9UxXcityygghYWlOOQn03l1f1U7+RuyYWdbKh+CEoWJZYBlgpM9Lja9MhPeWpw7+oKoZpqb50WYXJF7uAzp3kH0klcIj2S1q/P3kejhTDdTOKsG8FJUwQfYSMdMnNkh9n2AoCkNu8uS+4j0k7Gs6OEpp8Pkfzhq90a660hsK2bmaARvVi3pscmC2BGnnoVaIrM6P7xSkdL8AWGtSs8rRcackYBMSsPxQhBKoJJOdzXwKd2/FA0L4uJlHIb//jANxZlDvGTDxjGU4XvkRNQyTmCMQ8mbPmhpShi9hxAVdstZC5w5nPFlAi3z0Br80k2/9+2veNgl7SSO0wYvDhYwafeoYCLnt3Et4VfJWzcxpWEc3j0y422zf7QcGUgsTwVV4NHH6EZHRoXyTHSEj2/3GLYzG17FqVDwKGn0YAkxoyX2S7/u35RC8yJE0onWNMSt2qkiZZ2hC7Zx3y0k9GFfnNSr/vHCQvYa9roUDLEnz1IZ6/PKryxu5Px1SMZqWCpDqTj2FVFQcfKRKKQJ/YBj9DQAep1zKTBpCcAwKxayBwTwh9alZ9cYvbWp/0eMYLvg7mSeDafVnSzlltJB/SSW8o+Ifow+XTDnSkOqZQ5iFSv5T1deLoA3y8IpnNIzDiLiXgRyNitck0UWsxu2DYC7qs2sKiTl+EkhwHRvbPQhX2/E3dkgr9Nh0MRXmanC7RBASMjXqXdIIiYY/HKphQH/IN45B+lDtRbGRRsXB2RiXG0spuC4WlagSMhMNsku77vwz1ohvp4+xKlyBnLKoVEyhKNc7h/LMIhEhfPhZxVk/1KF/WQ9Anfks29Yu5OkuA6XNTRIWIYOCkbjDEiM3i+wpMzWkIkr+7UhiV8jy6aS6kBfK/Szmi2uscAERLJJvsSFtcMBc1MutYvhoL2Q6264RM3CrBA01O1Ecr7u1DI3t62SCM4stzTdcUm45pn+2RN+X1shPcnWeUc=&u=U2FsdGVkX18b082sZ3k07yWw8QpaconwMjepBnNap6Ief8gd9ssqXsW9A75iEGgm&y=U2FsdGVkX1+aC6vxSWn3DbB9p4blResW39cf2O6Pt26lifhfLn/qIT/eMGOj2T0x HTTP/1.1" 200 26
186.102.28.51 - - [29/Mar/2023:06:47:13 -0500] "GET /kwssiamovil/sm/acme/a?s=U2FsdGVkX1/VXxb1PKYJdSdcloGPiSms/s+gpb6v+8ISrwQthFkFsoqAmd6O6AH1yddImWEvYxy/mpSeObRhG7IAXTx57tnplak2MHSdoIK/E/xsnE+8srfh6aHyJjwROtmdGKv7f8kK8r1gnFUUbh2CtywDgZml6c/ez3fQnBc=&u=U2FsdGVkX18b082sZ3k07yWw8QpaconwMjepBnNap6Ief8gd9ssqXsW9A75iEGgm&y=U2FsdGVkX1+aC6vxSWn3DbB9p4blResW39cf2O6Pt26lifhfLn/qIT/eMGOj2T0x HTTP/1.1" 200 26
186.102.28.51 - - [29/Mar/2023:06:47:13 -0500] "GET /kwssiamovil/sm/acme/a?s=U2FsdGVkX18iwgIA6e2tRGzh1LoQgj8zEKBiSSU5HGD4cjkrcmAKtu7pyda5JOIixCFuUZZBTN4bUBT5Kifsvm7p6MiiiQXqFp9bhELtNKZnUKDzbir6uPJ5ZnBHv+JfwKyrCY8d2Q7DhceSoSAfc57H/4ZQJSyZnBU/+8O0AEI=&u=U2FsdGVkX18b082sZ3k07yWw8QpaconwMjepBnNap6Ief8gd9ssqXsW9A75iEGgm&y=U2FsdGVkX1+aC6vxSWn3DbB9p4blResW39cf2O6Pt26lifhfLn/qIT/eMGOj2T0x HTTP/1.1" 200 26
186.102.28.51 - - [29/Mar/2023:06:47:13 -0500] "GET /kwssiamovil/sm/acme/a?s=U2FsdGVkX1/cj/hr9ptQLeCDq6itxfNIMYyy+6f4vcpXPJ+ul7eYUtBry09EmVKQeYcVDUWTp46AMsh1SYF1iAB+/yMb5gEf7culHTb6ki3YgC6CLn+c0BmDXXKdrt32xHwvqcppaqTzzMuCKIyKKNjmbW+kHjXxqNzbKSznkJc=&u=U2FsdGVkX18b082sZ3k07yWw8QpaconwMjepBnNap6Ief8gd9ssqXsW9A75iEGgm&y=U2FsdGVkX1+aC6vxSWn3DbB9p4blResW39cf2O6Pt26lifhfLn/qIT/eMGOj2T0x HTTP/1.1" 200 26
186.102.28.51 - - [29/Mar/2023:06:47:14 -0500] "GET /kwssiamovil/sm/acme/a?s=U2FsdGVkX1/xopZI/dQTssm25uHljqcEauIPLCEbpw+wUIF4a3NH2HYTlnRV2SK/HcAO/mjc4wAzO1eRsI0vJfm3FiOqFJtlQnFBzWlkc7xL2MiIMau266Kit09E5IHVH/Q9q9tastiey3of3QhPw1ENRsCPYX6IMiXW2/Qns1d/tJfhHAnMDK2CebkGm2zW4MzXNf6wbVdvjWwLJbFFbQ==&u=U2FsdGVkX18b082sZ3k07yWw8QpaconwMjepBnNap6Ief8gd9ssqXsW9A75iEGgm&y=U2FsdGVkX1+aC6vxSWn3DbB9p4blResW39cf2O6Pt26lifhfLn/qIT/eMGOj2T0x HTTP/1.1" 200 26
172.22.2.4 - - [29/Mar/2023:06:47:57 -0500] "HEAD /BLA/boletinlegal/ HTTP/1.1" 200 -
172.22.2.4 - - [29/Mar/2023:06:48:47 -0500] "GET /BLA/boletinlegal/ HTTP/1.1" 200 52316
201.245.192.253 - - [29/Mar/2023:06:50:30 -0500] "POST /kwsrmcab/Wsrmcab  HTTP/1.1" 200 43001
173.252.107.118 - - [29/Mar/2023:06:50:40 -0500] "GET /images/semana-bosques-1_optimized.1.jpg HTTP/1.1" 200 102892
173.252.107.10 - - [29/Mar/2023:06:50:44 -0500] "GET /images/calidad-aire-2-marzo-1_optimized.jpeg HTTP/1.1" 200 51562
173.252.107.10 - - [29/Mar/2023:06:50:45 -0500] "GET /images/calidad-del-aire-suroccidental_optimized.jpeg HTTP/1.1" 200 175446
173.252.107.120 - - [29/Mar/2023:06:50:45 -0500] "GET /images/camino-a-los-cerros-1_optimized.jpeg HTTP/1.1" 200 222279
173.252.107.12 - - [29/Mar/2023:06:50:45 -0500] "GET /images/empresas-alertas_optimized.jpeg HTTP/1.1" 200 142365
173.252.107.1 - - [29/Mar/2023:06:50:45 -0500] "GET /images/28%20de%20febrero%20operativo.jpeg HTTP/1.1" 200 62220
173.252.107.19 - - [29/Mar/2023:06:50:45 -0500] "GET /images/idpyba-4-marzo-1_optimized.jpeg HTTP/1.1" 200 115318
216.245.221.92 - - [29/Mar/2023:06:50:59 -0500] "HEAD / HTTP/1.1" 200 -
186.80.52.59 - - [29/Mar/2023:06:51:15 -0500] "GET /catalogoisis/ HTTP/1.1" 200 8575
186.80.52.59 - - [29/Mar/2023:06:51:15 -0500] "GET /catalogoisis/Css/Busqueda.css HTTP/1.1" 200 1995
186.80.52.59 - - [29/Mar/2023:06:51:15 -0500] "GET /catalogoisis/Js/Cookies.js HTTP/1.1" 200 1369
186.80.52.59 - - [29/Mar/2023:06:51:15 -0500] "GET /catalogoisis/Js/Go.js HTTP/1.1" 200 364
186.80.52.59 - - [29/Mar/2023:06:51:15 -0500] "GET /catalogoisis/Js/CriterioCombinada.js HTTP/1.1" 200 1843
186.80.52.59 - - [29/Mar/2023:06:51:15 -0500] "GET /catalogoisis/Js/Remote.js HTTP/1.1" 200 436
186.80.52.59 - - [29/Mar/2023:06:51:15 -0500] "GET /catalogoisis/Js/LimpiarCombinada.js HTTP/1.1" 200 207
186.80.52.59 - - [29/Mar/2023:06:51:15 -0500] "GET /catalogoisis/Js/AceptarLimpiar.js HTTP/1.1" 200 331
186.80.52.59 - - [29/Mar/2023:06:51:15 -0500] "GET /catalogoisis/Js/Numero.js HTTP/1.1" 200 398
186.80.52.59 - - [29/Mar/2023:06:51:15 -0500] "GET /catalogoisis/Js/Enter.js HTTP/1.1" 200 1208
186.80.52.59 - - [29/Mar/2023:06:51:15 -0500] "GET /catalogoisis/imagenes/br1c1.gif HTTP/1.1" 200 172
186.80.52.59 - - [29/Mar/2023:06:51:15 -0500] "GET /catalogoisis/imagenes/br1c3.gif HTTP/1.1" 200 302
186.80.52.59 - - [29/Mar/2023:06:51:15 -0500] "GET /catalogoisis/imagenes/Turnbo1.gif HTTP/1.1" 200 227
186.80.52.59 - - [29/Mar/2023:06:51:15 -0500] "GET /catalogoisis/imagenes/limpiar1.gif HTTP/1.1" 200 606
186.80.52.59 - - [29/Mar/2023:06:51:15 -0500] "GET /catalogoisis/imagenes/aceptar1.gif HTTP/1.1" 200 604
186.80.52.59 - - [29/Mar/2023:06:51:15 -0500] "GET /catalogoisis/imagenes/br3c1.gif HTTP/1.1" 200 177
186.80.52.59 - - [29/Mar/2023:06:51:15 -0500] "GET /catalogoisis/imagenes/br3c2.gif HTTP/1.1" 200 285
186.80.52.59 - - [29/Mar/2023:06:51:15 -0500] "GET /catalogoisis/imagenes/Header.gif HTTP/1.1" 200 30313
186.80.52.59 - - [29/Mar/2023:06:51:15 -0500] "GET /catalogoisis/imagenes/br1c2.gif HTTP/1.1" 200 297
186.80.52.59 - - [29/Mar/2023:06:51:15 -0500] "GET /catalogoisis/imagenes/br3c3.gif HTTP/1.1" 200 186
186.80.52.59 - - [29/Mar/2023:06:51:15 -0500] "GET /catalogoisis/imagenes/br2c1.gif HTTP/1.1" 200 297
186.80.52.59 - - [29/Mar/2023:06:51:15 -0500] "GET /catalogoisis/imagenes/br2c2.gif HTTP/1.1" 200 302
186.80.52.59 - - [29/Mar/2023:06:51:15 -0500] "GET /catalogoisis/imagenes/br2c3.gif HTTP/1.1" 200 416
186.80.52.59 - - [29/Mar/2023:06:51:16 -0500] "GET /favicon.ico HTTP/1.1" 200 7782
172.22.2.4 - - [29/Mar/2023:06:51:49 -0500] "GET /BLA/boletinlegal/ HTTP/1.1" 200 61749
40.77.167.211 - - [29/Mar/2023:06:53:54 -0500] "GET /BLA/resoluciones/AUTOS%202008/0141.pdf HTTP/1.1" 200 193364
172.22.2.4 - - [29/Mar/2023:06:53:47 -0500] "HEAD /BLA/boletinlegal/ HTTP/1.1" 200 -
201.245.192.253 - - [29/Mar/2023:06:55:30 -0500] "POST /kwsrmcab/Wsrmcab  HTTP/1.1" 200 43001
216.245.221.92 - - [29/Mar/2023:06:55:59 -0500] "HEAD / HTTP/1.1" 200 -
172.22.2.4 - - [29/Mar/2023:06:54:37 -0500] "GET /BLA/boletinlegal/ HTTP/1.1" 200 53551
40.77.167.229 - - [29/Mar/2023:06:57:18 -0500] "GET /BLA/resoluciones/RESOLUCIONES%202021/0771.pdf HTTP/1.1" 200 526872
200.118.16.79 - - [29/Mar/2023:06:58:02 -0500] "GET /inicia-la-convocatoria-2023-para-el-panel-distrital-de-cambio-climatico.html HTTP/1.1" 200 887
66.249.75.36 - - [29/Mar/2023:06:59:57 -0500] "-" 408 -
201.245.192.253 - - [29/Mar/2023:07:00:29 -0500] "POST /kwsrmcab/Wsrmcab  HTTP/1.1" 200 43001
216.245.221.92 - - [29/Mar/2023:07:00:59 -0500] "HEAD / HTTP/1.1" 200 -
207.46.13.231 - - [29/Mar/2023:07:01:08 -0500] "-" 408 -
172.22.2.4 - - [29/Mar/2023:06:59:37 -0500] "HEAD /BLA/boletinlegal/ HTTP/1.1" 200 -
172.22.2.4 - - [29/Mar/2023:07:00:27 -0500] "GET /BLA/boletinlegal/ HTTP/1.1" 200 58653
173.252.83.21 - - [29/Mar/2023:07:03:16 -0500] "-" 408 -
52.167.144.36 - - [29/Mar/2023:07:05:17 -0500] "GET /BLA/resoluciones/RESOLUCIONES%202021/3085.pdf HTTP/1.1" 200 768199
74.125.210.166 - - [29/Mar/2023:07:05:28 -0500] "GET /images/jardines-verticales_optimized.jpeg HTTP/1.1" 200 138197
201.245.192.253 - - [29/Mar/2023:07:05:28 -0500] "POST /kwsrmcab/Wsrmcab  HTTP/1.1" 200 43001
52.167.144.71 - - [29/Mar/2023:07:05:38 -0500] "GET /BLA/resoluciones/AUTOS%202021/2042.pdf HTTP/1.1" 304 -
186.28.79.17 - - [29/Mar/2023:07:05:40 -0500] "GET /%C3%82%C2%BFquieres-aprender-sobre-jardines-verticales-esta-es-tu-oportunidad.html HTTP/1.1" 200 925
66.249.75.63 - - [29/Mar/2023:07:05:55 -0500] "-" 408 -
216.245.221.92 - - [29/Mar/2023:07:05:59 -0500] "HEAD / HTTP/1.1" 200 -
52.167.144.167 - - [29/Mar/2023:07:06:03 -0500] "GET /BLA/boletinlegal/Directivas/2015/Directiva%20No.%2001%20del%2014%20de%20Enero%20de%202015.pdf HTTP/1.1" 304 -
172.22.2.4 - - [29/Mar/2023:07:05:27 -0500] "HEAD /BLA/boletinlegal/ HTTP/1.1" 200 -
172.22.2.4 - - [29/Mar/2023:07:06:17 -0500] "GET /BLA/boletinlegal/ HTTP/1.1" 200 55211
35.204.236.59 - - [29/Mar/2023:07:08:00 -0500] "GET /inventario-de-emisiones-2020-transporte-publico-sitp-redujo-emisiones-de-pm-2-5-en-un-37.html HTTP/1.1" 200 925
172.22.2.4 - - [29/Mar/2023:07:07:30 -0500] "GET /BLA/boletinlegal/ HTTP/1.1" 200 24523
35.204.236.59 - - [29/Mar/2023:07:08:11 -0500] "GET /inventario-de-emisiones-2020-transporte-publico-sitp-redujo-emisiones-de-pm-2-5-en-un-37.html HTTP/1.1" 200 925
52.167.144.167 - - [29/Mar/2023:07:08:21 -0500] "GET /BLA/resoluciones/AUTOS%202021/4488.pdf HTTP/1.1" 304 -
34.91.208.242 - - [29/Mar/2023:07:09:15 -0500] "GET /inventario-de-emisiones-2020-transporte-publico-sitp-redujo-emisiones-de-pm-2-5-en-un-37.html HTTP/1.1" 200 925
52.167.144.167 - - [29/Mar/2023:07:09:30 -0500] "GET /Autoliquidacion/Grupo%20Forestal%20-%20Silvicultura/Formulario%20de%20solicitud%20de%20manejo%20o%20aprovechamiento%20forestal.xlsx HTTP/1.1" 404 1018
66.249.73.86 - - [29/Mar/2023:07:09:47 -0500] "-" 408 -
40.77.167.184 - - [29/Mar/2023:07:10:13 -0500] "-" 408 -
201.245.192.253 - - [29/Mar/2023:07:10:27 -0500] "POST /kwsrmcab/Wsrmcab  HTTP/1.1" 200 43001
216.245.221.92 - - [29/Mar/2023:07:10:59 -0500] "HEAD / HTTP/1.1" 200 -
52.167.144.71 - - [29/Mar/2023:07:11:17 -0500] "GET /BLA/resoluciones/AUTOS%202022/7418.pdf HTTP/1.1" 200 413719
186.102.28.51 - - [29/Mar/2023:07:12:52 -0500] "GET /kwssiamovil/sm/acme/a?s=U2FsdGVkX1/oed/mFS0pjVsGkJTFZ9Sw2kMtXPMAocdhznIPhpIbmALbfz8xxyq5woFvgzOaTYtOgRokqhsil5fjaUQkttbECoE+hrbjQtymEilMPcQJcRDTgMXOciJe17Bo8vkz68HxPepid7Zo7DQrsiVF7Y7+ligkE8WdmimGTbxwTFZiBoudq/r9FnuyYwpg0D1EfBC4JllJzNFQfmHllihGP3MNtybXO3uZGJMTMGvPH4eM8N+HpzD6qNuloLLeLN6EwmM5yW76uWx33A==&u=U2FsdGVkX18b082sZ3k07yWw8QpaconwMjepBnNap6Ief8gd9ssqXsW9A75iEGgm&y=U2FsdGVkX1+aC6vxSWn3DbB9p4blResW39cf2O6Pt26lifhfLn/qIT/eMGOj2T0x HTTP/1.1" 200 26
186.102.28.51 - - [29/Mar/2023:07:12:52 -0500] "GET /kwssiamovil/sm/acme/a?s=U2FsdGVkX194UOgGxfwza9+5eKbb1ZvR355Y4R8FKevDLws1D6xRH8DEFrvX/Q/Oe5UxUfgr9ZfXhgt4HduQkwazU7iy6vvGL9KqUvDTGi/nRewkeS+6ZXWRJSBgc0Xle3aK2inctg9vFN4NBTsJiF5E1Ofe9XgZtPZxiYyWDt8rUWABznB0PvHBm97e79vzF02uPzoMsIr0Xy/HL34V50ExyiME0sW51AfIS0MsgqfglqBFjgsP4Qx0i0zKwACD704L/rFoS4VnKbCJixxfVCqjE06L8I6B/1QxDSOkkRHD6X28wFluAq2ATzp1h6XgqMCVwRVZdJhGDwQeCyVF/SmaMiC3sooUYAed04RAkDSKfygHULdlqY53rNLD0GbMBWrBs8oSjPfnZl35pHeXnDj68lakDiNJZf2XX6YGXr/+l9uESNb/iidn+6rMWd4zx831sQRHI1svcLh/fV/84igw7Eo8U6brkqWbX5NBao5vd6gAU4VPFvXg2Vn5xfJ61HVqlP2M5lwM37qzilYavEWuYlHjxAmFizPg9YQCT7570c4c4DSNIXYPwf5Ou8pQ1tkbrUMW8Ict/OJKuDSbyLlcRMwk7tuwxPgXpTPe+4J0rf4rJ8OKPW4ICJWcR+txMkyEPPDkAGt7yvhNIlqsavSG/MXC/2jxKk9zdIQvwA2RZrv7/K63CLmK63272CdvjNyrAPRP7HZfwxEtHi6HYH3saC8b+26BqHHNbZMpO5E9aKbGlTyRCu0XI5fwU/lS1FYGkT2aSD7/Gm/rFuckLnuS3kQIf/k5CBT7sXGPvt1YkmIkhqHd4wl6Ck+HoPck01uszsmA+eHACPftVATmBb4yF9EkJwElRrnsMQcEN4D3ZKk4ajpUF03AKLG5Jv/DUb+WY4vAB0Y+ENqgl+DY9xeInA9RNvBhfsTmaqp7jUYiDkaI+YF/H9iCrVkpOREPeV68jWo2k1wdSPj6QOvHgZBX9Nt16u8gQGKVQmwfoKdokUoqk+3S1dxzdvzdlmpBB4Tj3GuPoBqMbH16ibOcbZ6Gfk3RO8CkLF9WkofAbeeCmDEACnL9OvdEdwCaHbSyeSiKmwyAPrHbtHOPT7dgjhl/dMwW7ep5oLdGpusW/WFXIDvDAhYiVZuyu28oJx3wTs6duOVl54BhORzYuX1fvtMg0iczuvzjFF6cAhJ7D553Cgi7FsBJAPRfuCVV4YWCFKf8mb0q8JIo5XAAKTVsqIbjRcwITJFoeWSY1TsahHkfNqVWUDkj5k739mJntx0T1wHAFDuT5lsOpA2/TPYQv4v2YGdUfsCgtCuuqqyLz9f1hHoGYpNTCInW6BipAE0jW3vzqjmCOfX6rplLfYsd21v37l1wDBeBaVPtyXCf18+wMWzjFQLVvp00QEOIXmddoS8txzujRT2EN4FX89oMnUaKqSTGznNfgSUbrHm42jKj63xfTZJWAd9TUgsaaG/aEP5L2BZ9B960y4UW8Arvn2jgd5cNumACNYsu1WeHM9/4loJK5EWVAAUKH+b8rzrjNqF1KQX2ZoaRzFXOAyJcyo/uZCcKIfQ7YrRxQcA5/iORhwh5JBENbojLFHAB6V+DVvfFfNi50jxJXfmNf/EkTwguXzirj4mPjviBBHm0JM74eCdvD7/VJ/yT+L3eD0aqgLrsDPHq+BBLy1wq8ceTFJ4DtLEu18Vd4FXjL8XsU/KxYGzXkxbBnLv+Berxb8uCuxT+1q3+b86ld0JYivJzGvM+T7J9HNw1GCZ2Er2eP57tN2/iFdCqmtAOZxIIv0vfq64VFXwBa2WfpuWadgnJyqhcM6BDnwj5uBvK8I1kmEzuCMfnRZ0Wi9XS9flmPLfxbG6ifw02YVG/VT0Uj4uc66fzV+rOOL9JuuJVUTQUDdj5UGEGRYYTfiF2x2TEaxFE8407zUmcKjbhWaTYonGBwVl5UiD79Nk/iyDMal7mRY6whktj9p9SWMzcWrXCObxCuUebtx/pjk++6hN8XJwwOc4XfU8j79YgvfjR7v3bCaf+aBf0+84jugNcKn+q6V64SZKlCwuajJyhWtBKsoD3OPH17/ajinphsTWyHFfiA3OJln/A5Vqctv7NyIUp1pXo+RahTMHb1ml9zVT/fL96N7hLXrSqvFZLTUbcmqUBjz3Z9suplmKeqG/27RCVPU2iY8vnO2y6egOx+sFMGPA/t+cF49dal6hV0lVVr0wTqWQLzj6n1w7nEYZOD5HuqkR2WMtyUmzaGFD6xGvFrc3E159utZPu3BynZAl7roLMMTF0LzaEmZvdiwnIu9IqhaCnI3pYhMyucSWW4h8eU1rWBbT1MclLiWfTsRoWcn+YegJIorWjfreGqadziJVpTdEGw4vKm8vp8te0yp7G2Pg4KszrV2CTXHh4aujR2b0IEs0ukfW4Wiity9VR+5Cj88/KhlbqmzcAfi2Hf4bym1rHeg==&u=U2FsdGVkX18b082sZ3k07yWw8QpaconwMjepBnNap6Ief8gd9ssqXsW9A75iEGgm&y=U2FsdGVkX1+aC6vxSWn3DbB9p4blResW39cf2O6Pt26lifhfLn/qIT/eMGOj2T0x HTTP/1.1" 200 26
186.102.28.51 - - [29/Mar/2023:07:12:52 -0500] "GET /kwssiamovil/sm/acme/a?s=U2FsdGVkX18RUFBcc1m2mgMIuWPTcDExYRIy7fT3kX17SlXxjaGdOtRwU6pQXhkL7bmjJPOXR16pzPCXPP6DrUCtV2IvxzM/JvsgKJHH8moCzffje/HPRCLV/86QL9iXqIV8Pu5IeujfR23SP/kIBtFs0540tPbrmRcWyT1wGoE=&u=U2FsdGVkX18b082sZ3k07yWw8QpaconwMjepBnNap6Ief8gd9ssqXsW9A75iEGgm&y=U2FsdGVkX1+aC6vxSWn3DbB9p4blResW39cf2O6Pt26lifhfLn/qIT/eMGOj2T0x HTTP/1.1" 200 26
186.102.28.51 - - [29/Mar/2023:07:12:53 -0500] "GET /kwssiamovil/sm/acme/a?s=U2FsdGVkX18bHgPWGfg7UB3L/u9nwrHPK+ICl4vf5quvz6seBU1CNuKC/Tl0kosyQB+cyoJ3YglPR82HtwKp8zPnSQTcVwuXaSWMoCAEmjwCNJF90CzUY0TKx9WggoarzVVSj0+pnY1xDbU/pVV9ZR4FDgn505s1dkWtdk159/s=&u=U2FsdGVkX18b082sZ3k07yWw8QpaconwMjepBnNap6Ief8gd9ssqXsW9A75iEGgm&y=U2FsdGVkX1+aC6vxSWn3DbB9p4blResW39cf2O6Pt26lifhfLn/qIT/eMGOj2T0x HTTP/1.1" 200 26
186.102.28.51 - - [29/Mar/2023:07:12:53 -0500] "GET /kwssiamovil/sm/acme/a?s=U2FsdGVkX19/rMPzfaF6uFcodWuURupyxECsR9BbyBZ+H/UzMu5cR2sFwQkaBMsLLJXyJX32eRh2bbs6QH1xzwxFbBEft9ipbcgt+3SoKtM4tuIG7EPr0aLykXkm0WYLTQBurXjZRBiSMHJPFWyXQz3BzrK70cklxdCH2VeYHpc=&u=U2FsdGVkX18b082sZ3k07yWw8QpaconwMjepBnNap6Ief8gd9ssqXsW9A75iEGgm&y=U2FsdGVkX1+aC6vxSWn3DbB9p4blResW39cf2O6Pt26lifhfLn/qIT/eMGOj2T0x HTTP/1.1" 200 26
186.102.28.51 - - [29/Mar/2023:07:12:53 -0500] "GET /kwssiamovil/sm/acme/a?s=U2FsdGVkX1899QptGF0qjrHXsFNaEzjbdBoc2+P7XHrW4fvXPBAkay7nVek8aWcWbyWeRFm5bFKh4WrNn4D5JI9+epO5twmzx5W4ATpVyN7yetxu2rE9xuoLFBPd43gio6C21vXWTk/ajT9F9Gx+l2+U6pTUfloK0dqAcAnqZv8gt3gpnUjzRiT0kd0BawCvJVzeYcrc/cJcu5n3jVuogA==&u=U2FsdGVkX18b082sZ3k07yWw8QpaconwMjepBnNap6Ief8gd9ssqXsW9A75iEGgm&y=U2FsdGVkX1+aC6vxSWn3DbB9p4blResW39cf2O6Pt26lifhfLn/qIT/eMGOj2T0x HTTP/1.1" 200 26
172.22.2.4 - - [29/Mar/2023:07:11:17 -0500] "HEAD /BLA/boletinlegal/ HTTP/1.1" 200 -
172.22.2.4 - - [29/Mar/2023:07:12:07 -0500] "GET /BLA/boletinlegal/ HTTP/1.1" 200 52720
34.141.165.66 - - [29/Mar/2023:07:14:55 -0500] "GET /inventario-de-emisiones-2020-transporte-publico-sitp-redujo-emisiones-de-pm-2-5-en-un-37.html HTTP/1.1" 200 925
172.22.2.4 - - [29/Mar/2023:07:14:56 -0500] "GET /BLA/boletinlegal/actos.php HTTP/1.1" 200 9672
201.245.192.253 - - [29/Mar/2023:07:15:25 -0500] "POST /kwsrmcab/Wsrmcab  HTTP/1.1" 200 43001
216.245.221.92 - - [29/Mar/2023:07:15:59 -0500] "HEAD / HTTP/1.1" 200 -
172.22.2.4 - - [29/Mar/2023:07:17:07 -0500] "HEAD /BLA/boletinlegal/ HTTP/1.1" 200 -
185.119.81.104 - - [29/Mar/2023:07:19:28 -0500] "GET /portaldeninos/wp-login.php HTTP/1.1" 200 2592
185.119.81.104 - - [29/Mar/2023:07:19:29 -0500] "POST /portaldeninos/wp-login.php HTTP/1.1" 200 3650
172.22.2.4 - - [29/Mar/2023:07:17:57 -0500] "GET /BLA/boletinlegal/ HTTP/1.1" 200 53104
201.245.192.253 - - [29/Mar/2023:07:19:51 -0500] "POST /kwsrmcab/Wsrmcab HTTP/1.1" 200 42894
201.245.192.253 - - [29/Mar/2023:07:19:54 -0500] "POST /kwsrmcab/Wsrmcab HTTP/1.1" 200 43338
172.22.2.4 - - [29/Mar/2023:07:20:08 -0500] "GET /BLA/boletinlegal/explore HTTP/1.1" 404 1018
201.245.192.253 - - [29/Mar/2023:07:20:25 -0500] "POST /kwsrmcab/Wsrmcab  HTTP/1.1" 200 43001
52.167.144.167 - - [29/Mar/2023:07:20:56 -0500] "GET /BLA/resoluciones/index.php?dir=RESOLUCIONES+2023%2F HTTP/1.1" 200 11738
216.245.221.92 - - [29/Mar/2023:07:20:59 -0500] "HEAD / HTTP/1.1" 200 -
186.23.234.86 - - [29/Mar/2023:07:21:58 -0500] "GET /BLA/boletinlegal/js/jquery.scrollShow.js HTTP/1.1" 200 4586
186.23.234.86 - - [29/Mar/2023:07:21:58 -0500] "GET /galeria/galeria/jquery.fancybox.js?v=2.1.5 HTTP/1.1" 200 48706
186.23.234.86 - - [29/Mar/2023:07:21:58 -0500] "GET /galeria/galeria/jquery.fancybox.css?v=2.1.5 HTTP/1.1" 200 4895
172.22.2.4 - - [29/Mar/2023:07:23:22 -0500] "GET /BLA/boletinlegal/consulta_actos.php?tipo=autos&no=4907&usuario=&sector=&fecha=2015&resuelve= HTTP/1.1" 200 1080
201.245.192.253 - - [29/Mar/2023:07:23:22 -0500] "GET /sipse/faces/index.xhtml HTTP/1.1" 200 677
201.245.192.253 - - [29/Mar/2023:07:23:23 -0500] "GET /sipse/faces/javax.faces.resource/theme.css?ln=primefaces-sipse HTTP/1.1" 304 -
201.245.192.253 - - [29/Mar/2023:07:23:23 -0500] "GET /sipse/faces/faces/autenticacion.xhtml HTTP/1.1" 200 12182
201.245.192.253 - - [29/Mar/2023:07:23:23 -0500] "GET /sipse/js/disable_browser_buttons.js HTTP/1.1" 304 -
201.245.192.253 - - [29/Mar/2023:07:23:23 -0500] "GET /sipse/js/funciones.js HTTP/1.1" 304 -
201.245.192.253 - - [29/Mar/2023:07:23:23 -0500] "GET /sipse/css/custom_css_sg_prime_login.css HTTP/1.1" 304 -
201.245.192.253 - - [29/Mar/2023:07:23:23 -0500] "GET /sipse/css/custom_css_sg.css HTTP/1.1" 304 -
201.245.192.253 - - [29/Mar/2023:07:23:23 -0500] "GET /sipse/faces/javax.faces.resource/theme.css?ln=primefaces-sipse HTTP/1.1" 304 -
201.245.192.253 - - [29/Mar/2023:07:23:23 -0500] "GET /sipse/faces/javax.faces.resource/primefaces.css?ln=primefaces&v=4.0 HTTP/1.1" 304 -
201.245.192.253 - - [29/Mar/2023:07:23:23 -0500] "GET /sipse/faces/javax.faces.resource/layout/layout.css?ln=primefaces&v=4.0 HTTP/1.1" 304 -
201.245.192.253 - - [29/Mar/2023:07:23:23 -0500] "GET /sipse/faces/javax.faces.resource/jquery/jquery.js?ln=primefaces&v=4.0 HTTP/1.1" 304 -
201.245.192.253 - - [29/Mar/2023:07:23:23 -0500] "GET /sipse/faces/javax.faces.resource/jquery/jquery-plugins.js?ln=primefaces&v=4.0 HTTP/1.1" 304 -
201.245.192.253 - - [29/Mar/2023:07:23:23 -0500] "GET /sipse/faces/javax.faces.resource/primefaces.js?ln=primefaces&v=4.0 HTTP/1.1" 304 -
201.245.192.253 - - [29/Mar/2023:07:23:23 -0500] "GET /sipse/faces/javax.faces.resource/layout/layout.js?ln=primefaces&v=4.0 HTTP/1.1" 304 -
201.245.192.253 - - [29/Mar/2023:07:23:23 -0500] "GET /sipse/css/imagen/logoSDG.png HTTP/1.1" 304 -
201.245.192.253 - - [29/Mar/2023:07:23:23 -0500] "GET /sipse/css/imagen/loginimg.png HTTP/1.1" 304 -
201.245.192.253 - - [29/Mar/2023:07:23:23 -0500] "GET /sipse/faces/javax.faces.resource/images/ui-icons_898989_256x240.png?ln=primefaces-aristo HTTP/1.1" 304 -
201.245.192.253 - - [29/Mar/2023:07:23:27 -0500] "POST /sipse/faces/autenticacion.xhtml HTTP/1.1" 200 16686
201.245.192.253 - - [29/Mar/2023:07:23:27 -0500] "GET /sipse/css/custom_css_sg_prime.css HTTP/1.1" 304 -
201.245.192.253 - - [29/Mar/2023:07:23:27 -0500] "GET /sipse/faces/javax.faces.resource/primefaces.css?ln=primefaces&v=4.0 HTTP/1.1" 304 -
201.245.192.253 - - [29/Mar/2023:07:23:27 -0500] "GET /sipse/faces/javax.faces.resource/theme.css?ln=primefaces-sipse HTTP/1.1" 304 -
201.245.192.253 - - [29/Mar/2023:07:23:27 -0500] "GET /sipse/faces/javax.faces.resource/layout/layout.css?ln=primefaces&v=4.0 HTTP/1.1" 304 -
201.245.192.253 - - [29/Mar/2023:07:23:27 -0500] "GET /sipse/js/jquery.min.js HTTP/1.1" 304 -
201.245.192.253 - - [29/Mar/2023:07:23:27 -0500] "GET /sipse/faces/javax.faces.resource/jquery/jquery.js?ln=primefaces&v=4.0 HTTP/1.1" 304 -
201.245.192.253 - - [29/Mar/2023:07:23:27 -0500] "GET /sipse/faces/javax.faces.resource/jquery/jquery-plugins.js?ln=primefaces&v=4.0 HTTP/1.1" 304 -
201.245.192.253 - - [29/Mar/2023:07:23:27 -0500] "GET /sipse/faces/javax.faces.resource/primefaces.js?ln=primefaces&v=4.0 HTTP/1.1" 304 -
201.245.192.253 - - [29/Mar/2023:07:23:27 -0500] "GET /sipse/faces/javax.faces.resource/layout/layout.js?ln=primefaces&v=4.0 HTTP/1.1" 304 -
