186.102.77.101 - - [31/Mar/2023:01:17:51 -0500] "GET /sipse/js/disable_browser_buttons.js HTTP/1.1" 200 3230
186.102.77.101 - - [31/Mar/2023:01:17:51 -0500] "GET /sipse/faces/javax.faces.resource/layout/layout.css?ln=primefaces&v=4.0 HTTP/1.1" 304 -
186.102.77.101 - - [31/Mar/2023:01:17:51 -0500] "GET /sipse/js/jquery.min.js HTTP/1.1" 200 85582
186.102.77.101 - - [31/Mar/2023:01:17:51 -0500] "GET /sipse/js/funciones.js HTTP/1.1" 200 12592
186.102.77.101 - - [31/Mar/2023:01:17:51 -0500] "GET /sipse/faces/javax.faces.resource/jquery/jquery.js?ln=primefaces&v=4.0 HTTP/1.1" 200 105384
186.102.77.101 - - [31/Mar/2023:01:17:51 -0500] "GET /sipse/faces/javax.faces.resource/jquery/jquery-plugins.js?ln=primefaces&v=4.0 HTTP/1.1" 200 220526
186.102.77.101 - - [31/Mar/2023:01:17:52 -0500] "GET /sipse/css/imagen/contrasena.png HTTP/1.1" 404 383
186.102.77.101 - - [31/Mar/2023:01:17:52 -0500] "GET /sipse/faces/javax.faces.resource/primefaces.js?ln=primefaces&v=4.0 HTTP/1.1" 200 276924
186.102.77.101 - - [31/Mar/2023:01:17:52 -0500] "GET /sipse/faces/javax.faces.resource/layout/layout.js?ln=primefaces&v=4.0 HTTP/1.1" 200 87560
186.102.77.101 - - [31/Mar/2023:01:17:53 -0500] "GET /sipse/faces/javax.faces.resource/messages/messages.png?ln=primefaces&v=4.0 HTTP/1.1" 200 27209
186.102.77.101 - - [31/Mar/2023:01:17:53 -0500] "POST /sipse/faces/presentacion/financiero/solicitudProceso/listarSolicitudProceso.xhtml HTTP/1.1" 200 1524
186.102.77.101 - - [31/Mar/2023:01:18:40 -0500] "POST /sipse/faces/presentacion/financiero/solicitudProceso/listarSolicitudProceso.xhtml HTTP/1.1" 200 116349
186.102.77.101 - - [31/Mar/2023:01:18:41 -0500] "GET /sipse/faces/javax.faces.resource/theme.css?ln=primefaces-sipse HTTP/1.1" 304 -
186.102.77.101 - - [31/Mar/2023:01:18:41 -0500] "GET /sipse/faces/javax.faces.resource/primefaces.css?ln=primefaces&v=4.0 HTTP/1.1" 304 -
186.102.77.101 - - [31/Mar/2023:01:18:41 -0500] "GET /sipse/js/disable_browser_buttons.js HTTP/1.1" 200 3230
186.102.77.101 - - [31/Mar/2023:01:18:41 -0500] "GET /sipse/faces/javax.faces.resource/layout/layout.css?ln=primefaces&v=4.0 HTTP/1.1" 304 -
186.102.77.101 - - [31/Mar/2023:01:18:41 -0500] "GET /sipse/js/jquery.min.js HTTP/1.1" 200 85582
186.102.77.101 - - [31/Mar/2023:01:18:42 -0500] "GET /sipse/js/funciones.js HTTP/1.1" 200 12592
186.102.77.101 - - [31/Mar/2023:01:18:42 -0500] "GET /sipse/faces/javax.faces.resource/jquery/jquery.js?ln=primefaces&v=4.0 HTTP/1.1" 200 105384
186.102.77.101 - - [31/Mar/2023:01:18:42 -0500] "GET /sipse/faces/javax.faces.resource/jquery/jquery-plugins.js?ln=primefaces&v=4.0 HTTP/1.1" 200 220526
186.102.77.101 - - [31/Mar/2023:01:18:42 -0500] "GET /sipse/faces/javax.faces.resource/primefaces.js?ln=primefaces&v=4.0 HTTP/1.1" 200 276924
186.102.77.101 - - [31/Mar/2023:01:18:43 -0500] "GET /sipse/faces/javax.faces.resource/layout/layout.js?ln=primefaces&v=4.0 HTTP/1.1" 200 87560
201.245.192.253 - - [31/Mar/2023:01:19:02 -0500] "POST /kwsrmcab/Wsrmcab  HTTP/1.1" 200 43001
186.102.77.101 - - [31/Mar/2023:01:19:12 -0500] "POST /sipse/faces/presentacion/financiero/solicitudProceso/consultarSolicitudProceso.xhtml HTTP/1.1" 200 49604
186.102.77.101 - - [31/Mar/2023:01:19:15 -0500] "GET /sipse/faces/javax.faces.resource/theme.css?ln=primefaces-sipse HTTP/1.1" 304 -
186.102.77.101 - - [31/Mar/2023:01:19:15 -0500] "GET /sipse/faces/javax.faces.resource/primefaces.css?ln=primefaces&v=4.0 HTTP/1.1" 304 -
186.102.77.101 - - [31/Mar/2023:01:19:15 -0500] "GET /sipse/faces/javax.faces.resource/layout/layout.css?ln=primefaces&v=4.0 HTTP/1.1" 304 -
186.102.77.101 - - [31/Mar/2023:01:19:15 -0500] "GET /sipse/js/disable_browser_buttons.js HTTP/1.1" 200 3230
186.102.77.101 - - [31/Mar/2023:01:19:15 -0500] "GET /sipse/js/jquery.min.js HTTP/1.1" 200 85582
186.102.77.101 - - [31/Mar/2023:01:19:15 -0500] "GET /sipse/js/funciones.js HTTP/1.1" 200 12592
186.102.77.101 - - [31/Mar/2023:01:19:15 -0500] "GET /sipse/faces/javax.faces.resource/jquery/jquery.js?ln=primefaces&v=4.0 HTTP/1.1" 200 105384
186.102.77.101 - - [31/Mar/2023:01:19:15 -0500] "GET /sipse/faces/javax.faces.resource/jquery/jquery-plugins.js?ln=primefaces&v=4.0 HTTP/1.1" 200 220526
186.102.77.101 - - [31/Mar/2023:01:19:16 -0500] "GET /sipse/faces/javax.faces.resource/primefaces.js?ln=primefaces&v=4.0 HTTP/1.1" 200 276924
186.102.77.101 - - [31/Mar/2023:01:19:16 -0500] "GET /sipse/faces/javax.faces.resource/layout/layout.js?ln=primefaces&v=4.0 HTTP/1.1" 200 87560
186.102.77.101 - - [31/Mar/2023:01:19:16 -0500] "POST /sipse/faces/presentacion/financiero/solicitudProceso/listarSolicitudProceso.xhtml HTTP/1.1" 200 1492
186.102.77.101 - - [31/Mar/2023:01:19:27 -0500] "POST /sipse/faces/presentacion/financiero/solicitudProceso/listarSolicitudProceso.xhtml HTTP/1.1" 200 136978
186.102.77.101 - - [31/Mar/2023:01:19:28 -0500] "GET /sipse/faces/javax.faces.resource/theme.css?ln=primefaces-sipse HTTP/1.1" 304 -
186.102.77.101 - - [31/Mar/2023:01:19:28 -0500] "GET /sipse/faces/javax.faces.resource/layout/layout.css?ln=primefaces&v=4.0 HTTP/1.1" 304 -
186.102.77.101 - - [31/Mar/2023:01:19:28 -0500] "GET /sipse/faces/javax.faces.resource/primefaces.css?ln=primefaces&v=4.0 HTTP/1.1" 304 -
186.102.77.101 - - [31/Mar/2023:01:19:28 -0500] "GET /sipse/js/disable_browser_buttons.js HTTP/1.1" 200 3230
186.102.77.101 - - [31/Mar/2023:01:19:28 -0500] "GET /sipse/js/jquery.min.js HTTP/1.1" 200 85582
186.102.77.101 - - [31/Mar/2023:01:19:28 -0500] "GET /sipse/js/funciones.js HTTP/1.1" 200 12592
186.102.77.101 - - [31/Mar/2023:01:19:28 -0500] "GET /sipse/faces/javax.faces.resource/jquery/jquery.js?ln=primefaces&v=4.0 HTTP/1.1" 200 105384
186.102.77.101 - - [31/Mar/2023:01:19:29 -0500] "GET /sipse/faces/javax.faces.resource/jquery/jquery-plugins.js?ln=primefaces&v=4.0 HTTP/1.1" 200 220526
186.102.77.101 - - [31/Mar/2023:01:19:29 -0500] "GET /sipse/faces/javax.faces.resource/primefaces.js?ln=primefaces&v=4.0 HTTP/1.1" 200 276924
186.102.77.101 - - [31/Mar/2023:01:19:30 -0500] "GET /sipse/faces/javax.faces.resource/layout/layout.js?ln=primefaces&v=4.0 HTTP/1.1" 200 87560
201.245.192.253 - - [31/Mar/2023:01:20:42 -0500] "POST /kwsrmcab/Wsrmcab HTTP/1.1" 200 42096
201.245.192.253 - - [31/Mar/2023:01:20:45 -0500] "POST /kwsrmcab/Wsrmcab HTTP/1.1" 200 42832
186.102.77.101 - - [31/Mar/2023:01:20:55 -0500] "POST /sipse/faces/presentacion/financiero/solicitudProceso/consultarSolicitudProceso.xhtml HTTP/1.1" 200 121203
216.245.221.92 - - [31/Mar/2023:01:22:06 -0500] "HEAD / HTTP/1.1" 200 -
172.22.2.4 - - [31/Mar/2023:01:20:53 -0500] "HEAD /BLA/boletinlegal/ HTTP/1.1" 200 -
186.102.77.101 - - [31/Mar/2023:01:22:33 -0500] "POST /sipse/faces/presentacion/financiero/solicitudProceso/consultarSolicitudProceso.xhtml HTTP/1.1" 200 701677
172.22.2.4 - - [31/Mar/2023:01:21:43 -0500] "GET /BLA/boletinlegal/ HTTP/1.1" 200 58653
186.102.93.101 - - [31/Mar/2023:01:23:43 -0500] "POST /sipse/faces/presentacion/financiero/solicitudProceso/consultarSolicitudProceso.xhtml HTTP/1.1" 200 46704
186.102.93.101 - - [31/Mar/2023:01:23:45 -0500] "GET /sipse/faces/javax.faces.resource/theme.css?ln=primefaces-sipse HTTP/1.1" 304 -
186.102.93.101 - - [31/Mar/2023:01:23:45 -0500] "GET /sipse/faces/javax.faces.resource/primefaces.css?ln=primefaces&v=4.0 HTTP/1.1" 304 -
186.102.93.101 - - [31/Mar/2023:01:23:45 -0500] "GET /sipse/js/disable_browser_buttons.js HTTP/1.1" 200 3230
186.102.93.101 - - [31/Mar/2023:01:23:45 -0500] "GET /sipse/faces/javax.faces.resource/layout/layout.css?ln=primefaces&v=4.0 HTTP/1.1" 304 -
186.102.93.101 - - [31/Mar/2023:01:23:45 -0500] "GET /sipse/js/jquery.min.js HTTP/1.1" 200 85582
186.102.93.101 - - [31/Mar/2023:01:23:45 -0500] "GET /sipse/js/funciones.js HTTP/1.1" 200 12592
186.102.93.101 - - [31/Mar/2023:01:23:45 -0500] "GET /sipse/faces/javax.faces.resource/jquery/jquery.js?ln=primefaces&v=4.0 HTTP/1.1" 200 105384
186.102.93.101 - - [31/Mar/2023:01:23:46 -0500] "GET /sipse/faces/javax.faces.resource/jquery/jquery-plugins.js?ln=primefaces&v=4.0 HTTP/1.1" 200 220526
186.102.93.101 - - [31/Mar/2023:01:23:46 -0500] "GET /sipse/faces/javax.faces.resource/primefaces.js?ln=primefaces&v=4.0 HTTP/1.1" 200 276924
186.102.93.101 - - [31/Mar/2023:01:23:47 -0500] "GET /sipse/faces/javax.faces.resource/layout/layout.js?ln=primefaces&v=4.0 HTTP/1.1" 200 87560
186.102.93.101 - - [31/Mar/2023:01:23:47 -0500] "POST /sipse/faces/presentacion/financiero/solicitudProceso/listarSolicitudProceso.xhtml HTTP/1.1" 200 1480
186.102.93.101 - - [31/Mar/2023:01:23:52 -0500] "POST /sipse/faces/presentacion/financiero/solicitudProceso/listarSolicitudProceso.xhtml HTTP/1.1" 200 136919
186.102.93.101 - - [31/Mar/2023:01:23:53 -0500] "GET /sipse/faces/javax.faces.resource/theme.css?ln=primefaces-sipse HTTP/1.1" 304 -
186.102.93.101 - - [31/Mar/2023:01:23:53 -0500] "GET /sipse/faces/javax.faces.resource/primefaces.css?ln=primefaces&v=4.0 HTTP/1.1" 304 -
186.102.93.101 - - [31/Mar/2023:01:23:53 -0500] "GET /sipse/faces/javax.faces.resource/layout/layout.css?ln=primefaces&v=4.0 HTTP/1.1" 304 -
186.102.93.101 - - [31/Mar/2023:01:23:53 -0500] "GET /sipse/js/disable_browser_buttons.js HTTP/1.1" 200 3230
186.102.93.101 - - [31/Mar/2023:01:23:53 -0500] "GET /sipse/js/jquery.min.js HTTP/1.1" 200 85582
186.102.93.101 - - [31/Mar/2023:01:23:54 -0500] "GET /sipse/js/funciones.js HTTP/1.1" 200 12592
186.102.93.101 - - [31/Mar/2023:01:23:54 -0500] "GET /sipse/faces/javax.faces.resource/jquery/jquery.js?ln=primefaces&v=4.0 HTTP/1.1" 200 105384
186.102.93.101 - - [31/Mar/2023:01:23:54 -0500] "GET /sipse/faces/javax.faces.resource/jquery/jquery-plugins.js?ln=primefaces&v=4.0 HTTP/1.1" 200 220526
186.102.93.101 - - [31/Mar/2023:01:23:54 -0500] "GET /sipse/faces/javax.faces.resource/primefaces.js?ln=primefaces&v=4.0 HTTP/1.1" 200 276924
186.102.93.101 - - [31/Mar/2023:01:23:55 -0500] "GET /sipse/faces/javax.faces.resource/layout/layout.js?ln=primefaces&v=4.0 HTTP/1.1" 200 87560
52.167.144.167 - - [31/Mar/2023:01:24:00 -0500] "GET /BLA/resoluciones/RESOLUCIONES%202021/3328.pdf HTTP/1.1" 200 355787
201.245.192.253 - - [31/Mar/2023:01:24:04 -0500] "POST /kwsrmcab/Wsrmcab  HTTP/1.1" 200 43001
186.102.85.101 - - [31/Mar/2023:01:24:54 -0500] "POST /sipse/faces/presentacion/financiero/solicitudProceso/consultarSolicitudProceso.xhtml HTTP/1.1" 200 761259
186.102.85.101 - - [31/Mar/2023:01:25:08 -0500] "POST /sipse/faces/presentacion/financiero/solicitudProceso/consultarSolicitudProceso.xhtml HTTP/1.1" 200 43830
186.102.85.101 - - [31/Mar/2023:01:25:10 -0500] "GET /sipse/faces/javax.faces.resource/theme.css?ln=primefaces-sipse HTTP/1.1" 304 -
186.102.85.101 - - [31/Mar/2023:01:25:10 -0500] "GET /sipse/faces/javax.faces.resource/primefaces.css?ln=primefaces&v=4.0 HTTP/1.1" 304 -
186.102.85.101 - - [31/Mar/2023:01:25:10 -0500] "GET /sipse/faces/javax.faces.resource/layout/layout.css?ln=primefaces&v=4.0 HTTP/1.1" 304 -
186.102.85.101 - - [31/Mar/2023:01:25:10 -0500] "GET /sipse/js/disable_browser_buttons.js HTTP/1.1" 200 3230
186.102.85.101 - - [31/Mar/2023:01:25:11 -0500] "GET /sipse/js/jquery.min.js HTTP/1.1" 200 85582
186.102.85.101 - - [31/Mar/2023:01:25:11 -0500] "GET /sipse/js/funciones.js HTTP/1.1" 200 12592
186.102.85.101 - - [31/Mar/2023:01:25:11 -0500] "GET /sipse/faces/javax.faces.resource/jquery/jquery.js?ln=primefaces&v=4.0 HTTP/1.1" 200 105384
186.102.85.101 - - [31/Mar/2023:01:25:11 -0500] "GET /sipse/faces/javax.faces.resource/jquery/jquery-plugins.js?ln=primefaces&v=4.0 HTTP/1.1" 200 220526
186.102.85.101 - - [31/Mar/2023:01:25:11 -0500] "GET /sipse/faces/javax.faces.resource/primefaces.js?ln=primefaces&v=4.0 HTTP/1.1" 200 276924
186.102.85.101 - - [31/Mar/2023:01:25:12 -0500] "GET /sipse/faces/javax.faces.resource/layout/layout.js?ln=primefaces&v=4.0 HTTP/1.1" 200 87560
186.102.85.101 - - [31/Mar/2023:01:25:12 -0500] "POST /sipse/faces/presentacion/financiero/solicitudProceso/listarSolicitudProceso.xhtml HTTP/1.1" 200 1468
186.102.85.101 - - [31/Mar/2023:01:25:17 -0500] "POST /sipse/faces/presentacion/financiero/solicitudProceso/listarSolicitudProceso.xhtml HTTP/1.1" 200 114451
186.102.85.101 - - [31/Mar/2023:01:25:18 -0500] "GET /sipse/faces/javax.faces.resource/theme.css?ln=primefaces-sipse HTTP/1.1" 304 -
186.102.85.101 - - [31/Mar/2023:01:25:18 -0500] "GET /sipse/faces/javax.faces.resource/layout/layout.css?ln=primefaces&v=4.0 HTTP/1.1" 304 -
186.102.85.101 - - [31/Mar/2023:01:25:18 -0500] "GET /sipse/js/disable_browser_buttons.js HTTP/1.1" 200 3230
186.102.85.101 - - [31/Mar/2023:01:25:18 -0500] "GET /sipse/faces/javax.faces.resource/primefaces.css?ln=primefaces&v=4.0 HTTP/1.1" 304 -
186.102.85.101 - - [31/Mar/2023:01:25:18 -0500] "GET /sipse/js/jquery.min.js HTTP/1.1" 200 85582
186.102.85.101 - - [31/Mar/2023:01:25:18 -0500] "GET /sipse/js/funciones.js HTTP/1.1" 200 12592
186.102.85.101 - - [31/Mar/2023:01:25:18 -0500] "GET /sipse/faces/javax.faces.resource/jquery/jquery.js?ln=primefaces&v=4.0 HTTP/1.1" 200 105384
186.102.85.101 - - [31/Mar/2023:01:25:18 -0500] "GET /sipse/faces/javax.faces.resource/jquery/jquery-plugins.js?ln=primefaces&v=4.0 HTTP/1.1" 200 220526
186.102.85.101 - - [31/Mar/2023:01:25:19 -0500] "GET /sipse/faces/javax.faces.resource/primefaces.js?ln=primefaces&v=4.0 HTTP/1.1" 200 276924
186.102.85.101 - - [31/Mar/2023:01:25:19 -0500] "GET /sipse/faces/javax.faces.resource/layout/layout.js?ln=primefaces&v=4.0 HTTP/1.1" 200 87560
186.102.85.101 - - [31/Mar/2023:01:25:31 -0500] "POST /sipse/faces/presentacion/financiero/solicitudProceso/consultarSolicitudProceso.xhtml HTTP/1.1" 200 40811
186.102.85.101 - - [31/Mar/2023:01:25:34 -0500] "GET /sipse/faces/javax.faces.resource/theme.css?ln=primefaces-sipse HTTP/1.1" 304 -
186.102.85.101 - - [31/Mar/2023:01:25:34 -0500] "GET /sipse/faces/javax.faces.resource/primefaces.css?ln=primefaces&v=4.0 HTTP/1.1" 304 -
186.102.85.101 - - [31/Mar/2023:01:25:34 -0500] "GET /sipse/faces/javax.faces.resource/layout/layout.css?ln=primefaces&v=4.0 HTTP/1.1" 304 -
186.102.85.101 - - [31/Mar/2023:01:25:34 -0500] "GET /sipse/js/disable_browser_buttons.js HTTP/1.1" 200 3230
186.102.85.101 - - [31/Mar/2023:01:25:34 -0500] "GET /sipse/js/jquery.min.js HTTP/1.1" 200 85582
186.102.85.101 - - [31/Mar/2023:01:25:34 -0500] "GET /sipse/js/funciones.js HTTP/1.1" 200 12592
186.102.85.101 - - [31/Mar/2023:01:25:34 -0500] "GET /sipse/faces/javax.faces.resource/jquery/jquery.js?ln=primefaces&v=4.0 HTTP/1.1" 200 105384
186.102.85.101 - - [31/Mar/2023:01:25:34 -0500] "GET /sipse/faces/javax.faces.resource/jquery/jquery-plugins.js?ln=primefaces&v=4.0 HTTP/1.1" 200 220526
186.102.85.101 - - [31/Mar/2023:01:25:35 -0500] "GET /sipse/faces/javax.faces.resource/primefaces.js?ln=primefaces&v=4.0 HTTP/1.1" 200 276924
186.102.85.101 - - [31/Mar/2023:01:25:35 -0500] "GET /sipse/faces/javax.faces.resource/layout/layout.js?ln=primefaces&v=4.0 HTTP/1.1" 200 87560
186.102.85.101 - - [31/Mar/2023:01:25:36 -0500] "POST /sipse/faces/presentacion/financiero/solicitudProceso/listarSolicitudProceso.xhtml HTTP/1.1" 200 1436
186.102.85.101 - - [31/Mar/2023:01:25:42 -0500] "POST /sipse/faces/presentacion/financiero/solicitudProceso/listarSolicitudProceso.xhtml HTTP/1.1" 200 154566
186.102.85.101 - - [31/Mar/2023:01:25:43 -0500] "GET /sipse/faces/javax.faces.resource/theme.css?ln=primefaces-sipse HTTP/1.1" 304 -
186.102.85.101 - - [31/Mar/2023:01:25:43 -0500] "GET /sipse/faces/javax.faces.resource/primefaces.css?ln=primefaces&v=4.0 HTTP/1.1" 304 -
186.102.85.101 - - [31/Mar/2023:01:25:43 -0500] "GET /sipse/faces/javax.faces.resource/layout/layout.css?ln=primefaces&v=4.0 HTTP/1.1" 304 -
186.102.85.101 - - [31/Mar/2023:01:25:43 -0500] "GET /sipse/js/disable_browser_buttons.js HTTP/1.1" 200 3230
186.102.85.101 - - [31/Mar/2023:01:25:43 -0500] "GET /sipse/js/jquery.min.js HTTP/1.1" 200 85582
186.102.85.101 - - [31/Mar/2023:01:25:43 -0500] "GET /sipse/js/funciones.js HTTP/1.1" 200 12592
186.102.85.101 - - [31/Mar/2023:01:25:43 -0500] "GET /sipse/faces/javax.faces.resource/jquery/jquery.js?ln=primefaces&v=4.0 HTTP/1.1" 200 105384
186.102.85.101 - - [31/Mar/2023:01:25:43 -0500] "GET /sipse/faces/javax.faces.resource/jquery/jquery-plugins.js?ln=primefaces&v=4.0 HTTP/1.1" 200 220526
186.102.85.101 - - [31/Mar/2023:01:25:44 -0500] "GET /sipse/faces/javax.faces.resource/primefaces.js?ln=primefaces&v=4.0 HTTP/1.1" 200 276924
186.102.85.101 - - [31/Mar/2023:01:25:44 -0500] "GET /sipse/faces/javax.faces.resource/layout/layout.js?ln=primefaces&v=4.0 HTTP/1.1" 200 87560
186.102.85.101 - - [31/Mar/2023:01:26:10 -0500] "POST /sipse/faces/presentacion/financiero/solicitudProceso/consultarSolicitudProceso.xhtml HTTP/1.1" 200 546575
186.102.85.101 - - [31/Mar/2023:01:26:30 -0500] "POST /sipse/faces/presentacion/financiero/solicitudProceso/consultarSolicitudProceso.xhtml HTTP/1.1" 200 37913
186.102.85.101 - - [31/Mar/2023:01:26:32 -0500] "GET /sipse/faces/javax.faces.resource/theme.css?ln=primefaces-sipse HTTP/1.1" 304 -
186.102.85.101 - - [31/Mar/2023:01:26:32 -0500] "GET /sipse/faces/javax.faces.resource/layout/layout.css?ln=primefaces&v=4.0 HTTP/1.1" 304 -
186.102.85.101 - - [31/Mar/2023:01:26:32 -0500] "GET /sipse/faces/javax.faces.resource/primefaces.css?ln=primefaces&v=4.0 HTTP/1.1" 304 -
186.102.85.101 - - [31/Mar/2023:01:26:32 -0500] "GET /sipse/js/disable_browser_buttons.js HTTP/1.1" 200 3230
186.102.85.101 - - [31/Mar/2023:01:26:32 -0500] "GET /sipse/js/jquery.min.js HTTP/1.1" 200 85582
186.102.85.101 - - [31/Mar/2023:01:26:33 -0500] "GET /sipse/js/funciones.js HTTP/1.1" 200 12592
186.102.85.101 - - [31/Mar/2023:01:26:33 -0500] "GET /sipse/faces/javax.faces.resource/jquery/jquery.js?ln=primefaces&v=4.0 HTTP/1.1" 200 105384
186.102.85.101 - - [31/Mar/2023:01:26:33 -0500] "GET /sipse/faces/javax.faces.resource/jquery/jquery-plugins.js?ln=primefaces&v=4.0 HTTP/1.1" 200 220526
186.102.85.101 - - [31/Mar/2023:01:26:33 -0500] "GET /sipse/faces/javax.faces.resource/primefaces.js?ln=primefaces&v=4.0 HTTP/1.1" 200 276924
186.102.85.101 - - [31/Mar/2023:01:26:34 -0500] "GET /sipse/faces/javax.faces.resource/layout/layout.js?ln=primefaces&v=4.0 HTTP/1.1" 200 87560
186.102.85.101 - - [31/Mar/2023:01:26:35 -0500] "POST /sipse/faces/presentacion/financiero/solicitudProceso/listarSolicitudProceso.xhtml HTTP/1.1" 200 1420
216.245.221.92 - - [31/Mar/2023:01:27:06 -0500] "HEAD / HTTP/1.1" 200 -
66.249.66.64 - - [31/Mar/2023:01:27:43 -0500] "-" 408 -
66.249.70.216 - - [31/Mar/2023:01:28:03 -0500] "GET /galeria/galeria/jquery.fancybox.css?v=2.1.5 HTTP/1.1" 200 4895
66.249.70.216 - - [31/Mar/2023:01:28:04 -0500] "GET /BLA/boletinlegal/js/jquery.scrollShow.js HTTP/1.1" 200 4586
66.249.70.210 - - [31/Mar/2023:01:28:05 -0500] "GET /galeria/galeria/jquery.fancybox.js?v=2.1.5 HTTP/1.1" 200 48706
172.22.2.4 - - [31/Mar/2023:01:26:43 -0500] "HEAD /BLA/boletinlegal/ HTTP/1.1" 200 -
201.245.192.253 - - [31/Mar/2023:01:29:04 -0500] "POST /kwsrmcab/Wsrmcab  HTTP/1.1" 200 43001
172.22.2.4 - - [31/Mar/2023:01:27:34 -0500] "GET /BLA/boletinlegal/ HTTP/1.1" 200 57141
173.252.83.6 - - [31/Mar/2023:01:29:44 -0500] "GET /galeria/galeria/fotos/loro3P.jpg HTTP/1.1" 200 24900
207.46.13.215 - - [31/Mar/2023:01:30:31 -0500] "GET /sipse/faces/faces/autenticacion.xhtml HTTP/1.1" 200 12501
52.167.144.43 - - [31/Mar/2023:01:30:34 -0500] "GET / HTTP/1.1" 200 4720
201.245.192.253 - - [31/Mar/2023:01:30:42 -0500] "POST /kwsrmcab/Wsrmcab HTTP/1.1" 200 42096
201.245.192.253 - - [31/Mar/2023:01:30:45 -0500] "POST /kwsrmcab/Wsrmcab HTTP/1.1" 200 42832
216.245.221.92 - - [31/Mar/2023:01:32:06 -0500] "HEAD / HTTP/1.1" 200 -
201.245.192.253 - - [31/Mar/2023:01:34:03 -0500] "POST /kwsrmcab/Wsrmcab  HTTP/1.1" 200 43001
172.22.2.4 - - [31/Mar/2023:01:32:33 -0500] "HEAD /BLA/boletinlegal/ HTTP/1.1" 200 -
172.22.2.4 - - [31/Mar/2023:01:33:24 -0500] "GET /BLA/boletinlegal/ HTTP/1.1" 200 57141
52.167.144.46 - - [31/Mar/2023:01:35:17 -0500] "GET /BLA/resoluciones/AUTOS%202018/0121.pdf HTTP/1.1" 304 -
52.167.144.167 - - [31/Mar/2023:01:36:02 -0500] "GET /BLA/resoluciones/index.php?dir=RESOLUCIONES+2023%2F HTTP/1.1" 200 11738
216.245.221.92 - - [31/Mar/2023:01:37:06 -0500] "HEAD / HTTP/1.1" 200 -
52.167.144.46 - - [31/Mar/2023:01:37:14 -0500] "GET /BLA/resoluciones/RESOLUCIONES%202021/5140.pdf HTTP/1.1" 200 348994
172.22.2.4 - - [31/Mar/2023:01:38:00 -0500] "GET /BLA/boletinlegal/Circulares/2019/Circular%20No.%200003%20del%2031%20de%20Enero%20de%202019.pdf HTTP/1.1" 200 164676
172.22.2.4 - - [31/Mar/2023:01:38:00 -0500] "GET /BLA/boletinlegal/favicon.ico HTTP/1.1" 404 1494
172.22.2.4 - - [31/Mar/2023:01:38:29 -0500] "GET /BLA/boletinlegal/Circulares/2017/Circular%20No.%20011%20del%2005%20de%20julio%20de%202017.pdf HTTP/1.1" 304 -
201.245.192.253 - - [31/Mar/2023:01:39:02 -0500] "POST /kwsrmcab/Wsrmcab  HTTP/1.1" 200 43001
172.22.2.4 - - [31/Mar/2023:01:38:23 -0500] "HEAD /BLA/boletinlegal/ HTTP/1.1" 200 -
201.245.192.253 - - [31/Mar/2023:01:40:42 -0500] "POST /kwsrmcab/Wsrmcab HTTP/1.1" 200 42096
201.245.192.253 - - [31/Mar/2023:01:40:45 -0500] "POST /kwsrmcab/Wsrmcab HTTP/1.1" 200 42832
172.22.2.4 - - [31/Mar/2023:01:39:13 -0500] "GET /BLA/boletinlegal/ HTTP/1.1" 200 57551
193.32.162.159 - - [31/Mar/2023:01:41:31 -0500] "GET / HTTP/1.1" 200 319
193.32.162.159 - - [31/Mar/2023:01:41:41 -0500] "GET /dispatch.asp HTTP/1.1" 404 1018
216.245.221.92 - - [31/Mar/2023:01:42:06 -0500] "HEAD / HTTP/1.1" 200 -
201.245.192.253 - - [31/Mar/2023:01:44:00 -0500] "POST /kwsrmcab/Wsrmcab  HTTP/1.1" 200 43001
52.167.144.150 - - [31/Mar/2023:01:45:35 -0500] "GET /BLA/resoluciones/AUTOS%202021/5608.pdf HTTP/1.1" 304 -
172.22.2.4 - - [31/Mar/2023:01:44:13 -0500] "HEAD /BLA/boletinlegal/ HTTP/1.1" 200 -
177.27.217.113 - - [31/Mar/2023:01:46:27 -0500] "-" 408 -
172.22.2.4 - - [31/Mar/2023:01:45:04 -0500] "GET /BLA/boletinlegal/ HTTP/1.1" 200 57935
216.245.221.92 - - [31/Mar/2023:01:47:06 -0500] "HEAD / HTTP/1.1" 200 -
66.249.66.65 - - [31/Mar/2023:01:47:33 -0500] "-" 408 -
201.245.192.253 - - [31/Mar/2023:01:48:59 -0500] "POST /kwsrmcab/Wsrmcab  HTTP/1.1" 200 43001
51.159.164.227 - - [31/Mar/2023:01:49:40 -0500] "GET / HTTP/1.1" 200 319
51.159.164.227 - - [31/Mar/2023:01:49:40 -0500] "GET /favicon.ico HTTP/1.1" 200 7782
172.22.2.4 - - [31/Mar/2023:01:51:22 -0500] "GET /BLA/boletinlegal/Directivas/2009/Directiva%20No.%20del%2023%20de%20Diciembre%20de%202009.pdf HTTP/1.1" 200 1636862
172.22.2.4 - - [31/Mar/2023:01:50:03 -0500] "HEAD /BLA/boletinlegal/ HTTP/1.1" 200 -
216.245.221.92 - - [31/Mar/2023:01:52:06 -0500] "HEAD / HTTP/1.1" 200 -
172.22.2.4 - - [31/Mar/2023:01:50:53 -0500] "GET /BLA/boletinlegal/ HTTP/1.1" 200 57551
201.245.192.253 - - [31/Mar/2023:01:53:58 -0500] "POST /kwsrmcab/Wsrmcab  HTTP/1.1" 200 43001
66.249.66.64 - - [31/Mar/2023:01:54:34 -0500] "-" 408 -
216.245.221.92 - - [31/Mar/2023:01:57:06 -0500] "HEAD / HTTP/1.1" 200 -
172.22.2.4 - - [31/Mar/2023:01:55:53 -0500] "HEAD /BLA/boletinlegal/ HTTP/1.1" 200 -
172.22.2.4 - - [31/Mar/2023:01:56:59 -0500] "GET /BLA/boletinlegal/ HTTP/1.1" 200 24523
172.22.2.4 - - [31/Mar/2023:01:56:43 -0500] "GET /BLA/boletinlegal/ HTTP/1.1" 200 53104
66.249.70.216 - - [31/Mar/2023:01:58:55 -0500] "-" 408 -
201.245.192.253 - - [31/Mar/2023:01:58:57 -0500] "POST /kwsrmcab/Wsrmcab  HTTP/1.1" 200 43001
216.245.221.92 - - [31/Mar/2023:02:02:06 -0500] "HEAD / HTTP/1.1" 200 -
172.22.2.4 - - [31/Mar/2023:02:01:43 -0500] "HEAD /BLA/boletinlegal/ HTTP/1.1" 200 -
5.187.208.232 - - [31/Mar/2023:02:03:37 -0500] "GET / HTTP/1.0" 200 319
201.245.192.253 - - [31/Mar/2023:02:03:56 -0500] "POST /kwsrmcab/Wsrmcab  HTTP/1.1" 200 43001
172.22.2.4 - - [31/Mar/2023:02:02:34 -0500] "GET /BLA/boletinlegal/ HTTP/1.1" 200 52316
34.78.38.154 - - [31/Mar/2023:02:05:32 -0500] "GET / HTTP/1.1" 200 319
40.77.167.80 - - [31/Mar/2023:02:06:10 -0500] "GET /BLA/resoluciones/RESOLUCIONES%202021/2903.pdf HTTP/1.1" 200 474460
40.77.167.211 - - [31/Mar/2023:02:06:16 -0500] "GET /bla/resoluciones/resoluciones%202012/0664.pdf HTTP/1.1" 304 -
216.245.221.92 - - [31/Mar/2023:02:07:06 -0500] "HEAD / HTTP/1.1" 200 -
186.84.91.12 - - [31/Mar/2023:02:07:41 -0500] "GET /galeria/galeria/jquery.fancybox.css?v=2.1.5 HTTP/1.1" 200 4895
186.84.91.12 - - [31/Mar/2023:02:07:41 -0500] "GET /BLA/boletinlegal/js/jquery.scrollShow.js HTTP/1.1" 200 4586
186.84.91.12 - - [31/Mar/2023:02:07:41 -0500] "GET /galeria/galeria/jquery.fancybox.js?v=2.1.5 HTTP/1.1" 200 48706
201.245.192.253 - - [31/Mar/2023:02:08:55 -0500] "POST /kwsrmcab/Wsrmcab  HTTP/1.1" 200 43001
172.22.2.4 - - [31/Mar/2023:02:07:33 -0500] "HEAD /BLA/boletinlegal/ HTTP/1.1" 200 -
172.22.2.4 - - [31/Mar/2023:02:08:23 -0500] "GET /BLA/boletinlegal/ HTTP/1.1" 200 57935
216.245.221.92 - - [31/Mar/2023:02:12:06 -0500] "HEAD / HTTP/1.1" 200 -
66.249.66.64 - - [31/Mar/2023:02:13:54 -0500] "-" 408 -
201.245.192.253 - - [31/Mar/2023:02:13:54 -0500] "POST /kwsrmcab/Wsrmcab  HTTP/1.1" 200 43001
66.249.70.210 - - [31/Mar/2023:02:13:58 -0500] "-" 408 -
52.167.144.46 - - [31/Mar/2023:02:14:18 -0500] "GET /BLA/resoluciones/AUTOS%202014/4943.pdf HTTP/1.1" 200 515049
172.22.2.4 - - [31/Mar/2023:02:13:23 -0500] "HEAD /BLA/boletinlegal/ HTTP/1.1" 200 -
172.22.2.4 - - [31/Mar/2023:02:14:13 -0500] "GET /BLA/boletinlegal/ HTTP/1.1" 200 59296
216.245.221.92 - - [31/Mar/2023:02:17:06 -0500] "HEAD / HTTP/1.1" 200 -
201.245.192.253 - - [31/Mar/2023:02:18:54 -0500] "POST /kwsrmcab/Wsrmcab  HTTP/1.1" 200 43001
157.55.39.225 - - [31/Mar/2023:02:20:38 -0500] "-" 408 -
201.245.192.253 - - [31/Mar/2023:02:20:42 -0500] "POST /kwsrmcab/Wsrmcab HTTP/1.1" 200 42243
201.245.192.253 - - [31/Mar/2023:02:20:45 -0500] "POST /kwsrmcab/Wsrmcab HTTP/1.1" 200 43166
172.22.2.4 - - [31/Mar/2023:02:19:13 -0500] "HEAD /BLA/boletinlegal/ HTTP/1.1" 200 -
172.22.2.4 - - [31/Mar/2023:02:20:03 -0500] "GET /BLA/boletinlegal/ HTTP/1.1" 200 54798
172.22.2.4 - - [31/Mar/2023:02:21:52 -0500] "GET /BLA/boletinlegal/actos.php HTTP/1.1" 200 9672
216.245.221.92 - - [31/Mar/2023:02:22:06 -0500] "HEAD / HTTP/1.1" 200 -
193.32.162.159 - - [31/Mar/2023:02:22:34 -0500] "GET / HTTP/1.1" 200 319
193.32.162.159 - - [31/Mar/2023:02:22:44 -0500] "GET /dispatch.asp HTTP/1.1" 404 1018
172.22.2.4 - - [31/Mar/2023:02:23:29 -0500] "GET /BLA/boletinlegal/Circulares/2012/Circular%20No.%2013%20del%2006%20de%20Septiembre%20de%202012.pdf HTTP/1.1" 304 -
201.245.192.253 - - [31/Mar/2023:02:23:54 -0500] "POST /kwsrmcab/Wsrmcab  HTTP/1.1" 200 43001
172.22.2.4 - - [31/Mar/2023:02:25:03 -0500] "HEAD /BLA/boletinlegal/ HTTP/1.1" 200 -
52.167.144.167 - - [31/Mar/2023:02:26:47 -0500] "GET /BLA/resoluciones/index.php?dir=RESOLUCIONES+2023%2F HTTP/1.1" 200 11738
216.245.221.92 - - [31/Mar/2023:02:27:06 -0500] "HEAD / HTTP/1.1" 200 -
172.22.2.4 - - [31/Mar/2023:02:25:53 -0500] "GET /BLA/boletinlegal/ HTTP/1.1" 200 55924
201.245.192.253 - - [31/Mar/2023:02:28:53 -0500] "POST /kwsrmcab/Wsrmcab  HTTP/1.1" 200 43001
66.249.66.64 - - [31/Mar/2023:02:30:00 -0500] "-" 408 -
201.245.192.253 - - [31/Mar/2023:02:30:42 -0500] "POST /kwsrmcab/Wsrmcab HTTP/1.1" 200 42243
201.245.192.253 - - [31/Mar/2023:02:30:44 -0500] "POST /kwsrmcab/Wsrmcab HTTP/1.1" 200 43166
216.245.221.92 - - [31/Mar/2023:02:32:06 -0500] "HEAD / HTTP/1.1" 200 -
172.22.2.4 - - [31/Mar/2023:02:30:53 -0500] "HEAD /BLA/boletinlegal/ HTTP/1.1" 200 -
172.22.2.4 - - [31/Mar/2023:02:31:43 -0500] "GET /BLA/boletinlegal/ HTTP/1.1" 200 53914
201.245.192.253 - - [31/Mar/2023:02:33:53 -0500] "POST /kwsrmcab/Wsrmcab  HTTP/1.1" 200 43001
52.167.144.150 - - [31/Mar/2023:02:35:26 -0500] "GET /forest/ HTTP/1.1" 200 12041
66.249.66.64 - - [31/Mar/2023:02:35:45 -0500] "-" 408 -
216.245.221.92 - - [31/Mar/2023:02:37:06 -0500] "HEAD / HTTP/1.1" 200 -
172.22.2.4 - - [31/Mar/2023:02:36:43 -0500] "HEAD /BLA/boletinlegal/ HTTP/1.1" 200 -
201.245.192.253 - - [31/Mar/2023:02:38:50 -0500] "POST /kwsrmcab/Wsrmcab  HTTP/1.1" 200 43001
172.22.2.4 - - [31/Mar/2023:02:37:33 -0500] "GET /BLA/boletinlegal/ HTTP/1.1" 200 57551
83.240.221.24 - - [31/Mar/2023:02:39:15 -0500] "HEAD / HTTP/1.1" 200 -
83.240.221.24 - - [31/Mar/2023:02:39:16 -0500] "GET /wp-login.php HTTP/1.1" 404 1241
83.240.221.24 - - [31/Mar/2023:02:39:16 -0500] "GET /wordpress/wp-login.php HTTP/1.1" 404 1241
83.240.221.24 - - [31/Mar/2023:02:39:17 -0500] "GET /blog/wp-login.php HTTP/1.1" 404 1241
83.240.221.24 - - [31/Mar/2023:02:39:17 -0500] "GET /wp/wp-login.php HTTP/1.1" 404 1241
201.245.192.253 - - [31/Mar/2023:02:40:42 -0500] "POST /kwsrmcab/Wsrmcab HTTP/1.1" 200 42243
201.245.192.253 - - [31/Mar/2023:02:40:45 -0500] "POST /kwsrmcab/Wsrmcab HTTP/1.1" 200 43166
52.167.144.150 - - [31/Mar/2023:02:41:45 -0500] "GET /BLA/resoluciones/AUTOS%202014/2776.pdf HTTP/1.1" 200 773690
216.245.221.92 - - [31/Mar/2023:02:42:06 -0500] "HEAD / HTTP/1.1" 200 -
201.245.192.253 - - [31/Mar/2023:02:43:46 -0500] "POST /kwsrmcab/Wsrmcab  HTTP/1.1" 200 43001
172.22.2.4 - - [31/Mar/2023:02:42:33 -0500] "HEAD /BLA/boletinlegal/ HTTP/1.1" 200 -
172.22.2.4 - - [31/Mar/2023:02:43:23 -0500] "GET /BLA/boletinlegal/ HTTP/1.1" 200 57141
52.167.144.150 - - [31/Mar/2023:02:46:36 -0500] "GET /Publicaciones/2022EE181272.pdf HTTP/1.1" 404 228
40.77.167.80 - - [31/Mar/2023:02:47:05 -0500] "GET /sipse/faces/autenticacion.xhtml HTTP/1.1" 200 12501
216.245.221.92 - - [31/Mar/2023:02:47:06 -0500] "HEAD / HTTP/1.1" 200 -
201.245.192.253 - - [31/Mar/2023:02:48:44 -0500] "POST /kwsrmcab/Wsrmcab  HTTP/1.1" 200 43001
172.22.2.4 - - [31/Mar/2023:02:48:23 -0500] "HEAD /BLA/boletinlegal/ HTTP/1.1" 200 -
66.249.70.213 - - [31/Mar/2023:02:50:04 -0500] "-" 408 -
162.55.175.141 - - [31/Mar/2023:02:50:16 -0500] "GET / HTTP/1.1" 200 319
162.55.175.141 - - [31/Mar/2023:02:50:17 -0500] "GET / HTTP/1.1" 200 4720
172.22.2.4 - - [31/Mar/2023:02:49:13 -0500] "GET /BLA/boletinlegal/ HTTP/1.1" 200 52316
172.22.2.4 - - [31/Mar/2023:02:49:58 -0500] "GET /BLA/boletinlegal/index.php HTTP/1.1" 200 54414
216.245.221.92 - - [31/Mar/2023:02:52:06 -0500] "HEAD / HTTP/1.1" 200 -
201.245.192.253 - - [31/Mar/2023:02:53:47 -0500] "POST /kwsrmcab/Wsrmcab  HTTP/1.1" 200 43001
172.22.2.4 - - [31/Mar/2023:02:54:13 -0500] "HEAD /BLA/boletinlegal/ HTTP/1.1" 200 -
172.22.2.4 - - [31/Mar/2023:02:55:03 -0500] "GET /BLA/boletinlegal/ HTTP/1.1" 200 58297
216.245.221.92 - - [31/Mar/2023:02:57:06 -0500] "HEAD / HTTP/1.1" 200 -
66.249.70.210 - - [31/Mar/2023:02:57:20 -0500] "-" 408 -
178.79.176.57 - - [31/Mar/2023:02:58:46 -0500] "GET / HTTP/1.1" 200 319
201.245.192.253 - - [31/Mar/2023:02:58:47 -0500] "POST /kwsrmcab/Wsrmcab  HTTP/1.1" 200 43001
172.22.2.4 - - [31/Mar/2023:03:00:03 -0500] "HEAD /BLA/boletinlegal/ HTTP/1.1" 200 -
216.245.221.92 - - [31/Mar/2023:03:02:06 -0500] "HEAD / HTTP/1.1" 200 -
52.167.144.167 - - [31/Mar/2023:03:02:19 -0500] "GET /BLA/resoluciones/AUTOS%202019/4775.pdf HTTP/1.1" 200 238439
172.22.2.4 - - [31/Mar/2023:03:00:53 -0500] "GET /BLA/boletinlegal/ HTTP/1.1" 200 56277
201.245.192.253 - - [31/Mar/2023:03:03:46 -0500] "POST /kwsrmcab/Wsrmcab  HTTP/1.1" 200 43001
104.152.52.15 - - [31/Mar/2023:03:06:21 -0500] "GET / HTTP/1.0" 200 319
216.245.221.92 - - [31/Mar/2023:03:07:06 -0500] "HEAD / HTTP/1.1" 200 -
172.22.2.4 - - [31/Mar/2023:03:05:53 -0500] "HEAD /BLA/boletinlegal/ HTTP/1.1" 200 -
66.249.70.216 - - [31/Mar/2023:03:08:04 -0500] "-" 408 -
40.77.167.211 - - [31/Mar/2023:03:08:11 -0500] "GET /BLA/resoluciones/RESOLUCIONES%202021/0441.pdf HTTP/1.1" 200 1370073
172.22.2.4 - - [31/Mar/2023:03:06:43 -0500] "GET /BLA/boletinlegal/ HTTP/1.1" 200 52316
172.22.2.4 - - [31/Mar/2023:03:08:29 -0500] "GET /BLA/boletinlegal/Directivas/2017/Directiva%20No.%2005%20del%2013%20de%20Junio%20de%202017.pdf HTTP/1.1" 304 -
201.245.192.253 - - [31/Mar/2023:03:08:44 -0500] "POST /kwsrmcab/Wsrmcab  HTTP/1.1" 200 43001
216.245.221.92 - - [31/Mar/2023:03:12:06 -0500] "HEAD / HTTP/1.1" 200 -
172.22.2.4 - - [31/Mar/2023:03:11:43 -0500] "HEAD /BLA/boletinlegal/ HTTP/1.1" 200 -
201.245.192.253 - - [31/Mar/2023:03:13:43 -0500] "POST /kwsrmcab/Wsrmcab  HTTP/1.1" 200 43001
66.249.66.64 - - [31/Mar/2023:03:14:03 -0500] "-" 408 -
172.22.2.4 - - [31/Mar/2023:03:12:33 -0500] "GET /BLA/boletinlegal/ HTTP/1.1" 200 53551
107.170.240.10 - - [31/Mar/2023:03:14:44 -0500] "GET / HTTP/1.1" 200 319
52.167.144.167 - - [31/Mar/2023:03:16:12 -0500] "GET /BLA/resoluciones/index.php?dir=RESOLUCIONES+2023%2F HTTP/1.1" 200 11738
66.249.70.210 - - [31/Mar/2023:03:17:03 -0500] "-" 408 -
216.245.221.92 - - [31/Mar/2023:03:17:06 -0500] "HEAD / HTTP/1.1" 200 -
201.245.192.253 - - [31/Mar/2023:03:18:42 -0500] "POST /kwsrmcab/Wsrmcab  HTTP/1.1" 200 43001
172.22.2.4 - - [31/Mar/2023:03:17:33 -0500] "HEAD /BLA/boletinlegal/ HTTP/1.1" 200 -
172.22.2.4 - - [31/Mar/2023:03:18:23 -0500] "GET /BLA/boletinlegal/ HTTP/1.1" 200 57551
40.77.167.211 - - [31/Mar/2023:03:20:42 -0500] "GET /BLA/resoluciones/AUTOS%202021/1217.pdf HTTP/1.1" 200 798133
201.245.192.253 - - [31/Mar/2023:03:20:42 -0500] "POST /kwsrmcab/Wsrmcab HTTP/1.1" 200 42085
201.245.192.253 - - [31/Mar/2023:03:20:45 -0500] "POST /kwsrmcab/Wsrmcab HTTP/1.1" 200 43152
216.245.221.92 - - [31/Mar/2023:03:22:06 -0500] "HEAD / HTTP/1.1" 200 -
45.33.80.237 - - [31/Mar/2023:03:22:31 -0500] "GET /galeria/galeria/jquery.fancybox.css?v=2.1.5 HTTP/1.1" 200 4895
45.33.80.237 - - [31/Mar/2023:03:22:31 -0500] "GET /BLA/boletinlegal/js/jquery.scrollShow.js HTTP/1.1" 200 4586
45.33.80.237 - - [31/Mar/2023:03:22:31 -0500] "GET /galeria/galeria/jquery.fancybox.js?v=2.1.5 HTTP/1.1" 200 48706
201.245.192.253 - - [31/Mar/2023:03:23:41 -0500] "POST /kwsrmcab/Wsrmcab  HTTP/1.1" 200 43001
172.22.2.4 - - [31/Mar/2023:03:23:23 -0500] "HEAD /BLA/boletinlegal/ HTTP/1.1" 200 -
172.22.2.4 - - [31/Mar/2023:03:24:13 -0500] "GET /BLA/boletinlegal/ HTTP/1.1" 200 52720
186.30.27.175 - - [31/Mar/2023:03:25:53 -0500] "GET /galeria/galeria/jquery.fancybox.css?v=2.1.5 HTTP/1.1" 200 4895
186.30.27.175 - - [31/Mar/2023:03:25:53 -0500] "GET /BLA/boletinlegal/js/jquery.scrollShow.js HTTP/1.1" 200 4586
186.30.27.175 - - [31/Mar/2023:03:25:53 -0500] "GET /galeria/galeria/jquery.fancybox.js?v=2.1.5 HTTP/1.1" 200 48706
216.245.221.92 - - [31/Mar/2023:03:27:06 -0500] "HEAD / HTTP/1.1" 200 -
66.249.70.210 - - [31/Mar/2023:03:28:39 -0500] "-" 408 -
201.245.192.253 - - [31/Mar/2023:03:28:41 -0500] "POST /kwsrmcab/Wsrmcab  HTTP/1.1" 200 43001
40.77.167.242 - - [31/Mar/2023:03:29:52 -0500] "GET /images/pieza-grafica-cronograma-rio-bog.jpg HTTP/1.1" 200 293470
201.245.192.253 - - [31/Mar/2023:03:30:42 -0500] "POST /kwsrmcab/Wsrmcab HTTP/1.1" 200 42085
201.245.192.253 - - [31/Mar/2023:03:30:44 -0500] "POST /kwsrmcab/Wsrmcab HTTP/1.1" 200 43152
172.22.2.4 - - [31/Mar/2023:03:29:13 -0500] "HEAD /BLA/boletinlegal/ HTTP/1.1" 200 -
172.22.2.4 - - [31/Mar/2023:03:30:03 -0500] "GET /BLA/boletinlegal/ HTTP/1.1" 200 52316
216.245.221.92 - - [31/Mar/2023:03:32:06 -0500] "HEAD / HTTP/1.1" 200 -
139.162.223.122 - - [31/Mar/2023:03:32:22 -0500] "GET /portaldeninos/ HTTP/1.1" 200 110197
172.22.2.4 - - [31/Mar/2023:03:32:45 -0500] "GET /BLA/boletinlegal/robots.txt HTTP/1.1" 404 1140
201.245.192.253 - - [31/Mar/2023:03:33:35 -0500] "POST /kwsrmcab/Wsrmcab  HTTP/1.1" 200 43001
207.46.13.215 - - [31/Mar/2023:03:33:58 -0500] "GET /BLA/resoluciones/RESOLUCIONES%202021/5262.pdf HTTP/1.1" 304 -
52.167.144.167 - - [31/Mar/2023:03:34:21 -0500] "GET /BLA/resoluciones/RESOLUCIONES%202021/0287.pdf HTTP/1.1" 200 453608
168.119.253.6 - - [31/Mar/2023:03:34:33 -0500] "GET / HTTP/1.1" 200 319
168.119.253.6 - - [31/Mar/2023:03:34:33 -0500] "GET / HTTP/1.1" 200 4720
172.22.2.4 - - [31/Mar/2023:03:35:03 -0500] "HEAD /BLA/boletinlegal/ HTTP/1.1" 200 -
52.167.144.46 - - [31/Mar/2023:03:36:54 -0500] "GET /BLA/resoluciones/ HTTP/1.1" 200 13502
216.245.221.92 - - [31/Mar/2023:03:37:06 -0500] "HEAD / HTTP/1.1" 200 -
172.22.2.4 - - [31/Mar/2023:03:35:53 -0500] "GET /BLA/boletinlegal/ HTTP/1.1" 200 53914
201.245.192.253 - - [31/Mar/2023:03:38:33 -0500] "POST /kwsrmcab/Wsrmcab  HTTP/1.1" 200 43001
66.249.70.210 - - [31/Mar/2023:03:39:04 -0500] "-" 408 -
201.245.192.253 - - [31/Mar/2023:03:40:42 -0500] "POST /kwsrmcab/Wsrmcab HTTP/1.1" 200 42085
201.245.192.253 - - [31/Mar/2023:03:40:45 -0500] "POST /kwsrmcab/Wsrmcab HTTP/1.1" 200 43152
207.46.13.215 - - [31/Mar/2023:03:40:49 -0500] "GET /BLA/resoluciones/RESOLUCIONES%202022/1902.pdf HTTP/1.1" 200 381871
216.245.221.92 - - [31/Mar/2023:03:42:06 -0500] "HEAD / HTTP/1.1" 200 -
172.22.2.4 - - [31/Mar/2023:03:40:53 -0500] "HEAD /BLA/boletinlegal/ HTTP/1.1" 200 -
173.252.107.18 - - [31/Mar/2023:03:42:39 -0500] "GET /bogota-tendra-la-primera-planta-de-termovalorizacion-de-colombia-la-cual-convertira-los-residuos-en-energia-para-la-ciudad.html HTTP/1.1" 206 883
172.22.2.4 - - [31/Mar/2023:03:41:43 -0500] "GET /BLA/boletinlegal/ HTTP/1.1" 200 53551
201.245.192.253 - - [31/Mar/2023:03:43:32 -0500] "POST /kwsrmcab/Wsrmcab  HTTP/1.1" 200 43001
34.141.165.66 - - [31/Mar/2023:03:44:59 -0500] "GET /inventario-de-emisiones-2020-transporte-publico-sitp-redujo-emisiones-de-pm-2-5-en-un-37.html HTTP/1.1" 200 925
172.22.2.4 - - [31/Mar/2023:03:45:30 -0500] "GET /BLA/boletinlegal/images/screen_2.png HTTP/1.1" 304 -
34.91.4.40 - - [31/Mar/2023:03:46:11 -0500] "GET /inventario-de-emisiones-2020-transporte-publico-sitp-redujo-emisiones-de-pm-2-5-en-un-37.html HTTP/1.1" 200 925
216.245.221.92 - - [31/Mar/2023:03:47:06 -0500] "HEAD / HTTP/1.1" 200 -
172.22.2.4 - - [31/Mar/2023:03:46:43 -0500] "HEAD /BLA/boletinlegal/ HTTP/1.1" 200 -
201.245.192.253 - - [31/Mar/2023:03:48:34 -0500] "POST /kwsrmcab/Wsrmcab  HTTP/1.1" 200 43001
66.249.70.210 - - [31/Mar/2023:03:48:39 -0500] "-" 408 -
172.22.2.4 - - [31/Mar/2023:03:47:33 -0500] "GET /BLA/boletinlegal/ HTTP/1.1" 200 56277
207.46.13.215 - - [31/Mar/2023:03:50:54 -0500] "GET /BLA/resoluciones/AUTOS%202021/3965.pdf HTTP/1.1" 304 -
216.245.221.92 - - [31/Mar/2023:03:52:06 -0500] "HEAD / HTTP/1.1" 200 -
52.167.144.46 - - [31/Mar/2023:03:52:06 -0500] "GET /Publicaciones/2022EE79024.pdf HTTP/1.1" 404 227
201.245.192.253 - - [31/Mar/2023:03:53:34 -0500] "POST /kwsrmcab/Wsrmcab  HTTP/1.1" 200 43001
172.22.2.4 - - [31/Mar/2023:03:52:33 -0500] "HEAD /BLA/boletinlegal/ HTTP/1.1" 200 -
79.110.72.7 - - [31/Mar/2023:03:54:15 -0500] "GET /BLA/resoluciones/RESOLUCIONES%202021/5480.pdf HTTP/1.1" 200 401899
172.22.2.4 - - [31/Mar/2023:03:53:23 -0500] "GET /BLA/boletinlegal/ HTTP/1.1" 200 59646
216.245.221.92 - - [31/Mar/2023:03:57:06 -0500] "HEAD / HTTP/1.1" 200 -
66.249.66.65 - - [31/Mar/2023:03:58:28 -0500] "-" 408 -
201.245.192.253 - - [31/Mar/2023:03:58:33 -0500] "POST /kwsrmcab/Wsrmcab  HTTP/1.1" 200 43001
172.22.2.4 - - [31/Mar/2023:03:58:23 -0500] "HEAD /BLA/boletinlegal/ HTTP/1.1" 200 -
52.167.144.46 - - [31/Mar/2023:04:00:50 -0500] "GET /BLA/resoluciones/AUTOS%202021/4587.pdf HTTP/1.1" 304 -
172.22.2.4 - - [31/Mar/2023:03:59:13 -0500] "GET /BLA/boletinlegal/ HTTP/1.1" 200 58297
40.77.167.211 - - [31/Mar/2023:04:01:04 -0500] "GET /BLA/resoluciones/AUTOS%202021/2948.pdf HTTP/1.1" 304 -
216.245.221.92 - - [31/Mar/2023:04:02:06 -0500] "HEAD / HTTP/1.1" 200 -
172.22.2.4 - - [31/Mar/2023:04:01:57 -0500] "GET /BLA/boletinlegal/ HTTP/1.1" 200 28619
40.77.167.211 - - [31/Mar/2023:04:03:24 -0500] "GET /BLA/resoluciones/AUTOS%202021/1637.pdf HTTP/1.1" 200 422783
201.245.192.253 - - [31/Mar/2023:04:03:32 -0500] "POST /kwsrmcab/Wsrmcab  HTTP/1.1" 200 43001
172.22.2.4 - - [31/Mar/2023:04:04:13 -0500] "HEAD /BLA/boletinlegal/ HTTP/1.1" 200 -
172.22.2.4 - - [31/Mar/2023:04:05:03 -0500] "GET /BLA/boletinlegal/ HTTP/1.1" 200 52720
162.55.43.55 - - [31/Mar/2023:04:06:55 -0500] "GET / HTTP/1.1" 200 4720
162.55.43.55 - - [31/Mar/2023:04:06:57 -0500] "GET / HTTP/1.1" 200 319
43.142.179.19 - - [31/Mar/2023:04:06:58 -0500] "GET /galeria/galeria/jquery.fancybox.js?v=2.1.5 HTTP/1.1" 200 48706
216.245.221.92 - - [31/Mar/2023:04:07:06 -0500] "HEAD / HTTP/1.1" 200 -
168.119.253.6 - - [31/Mar/2023:04:07:08 -0500] "GET / HTTP/1.1" 200 4720
168.119.253.6 - - [31/Mar/2023:04:07:08 -0500] "GET / HTTP/1.1" 200 319
201.245.192.253 - - [31/Mar/2023:04:08:31 -0500] "POST /kwsrmcab/Wsrmcab  HTTP/1.1" 200 43001
52.167.144.167 - - [31/Mar/2023:04:08:55 -0500] "GET /BLA/resoluciones/index.php?dir=RESOLUCIONES+2023%2F HTTP/1.1" 200 11738
66.249.70.210 - - [31/Mar/2023:04:09:05 -0500] "-" 408 -
172.22.2.4 - - [31/Mar/2023:04:10:22 -0500] "GET /BLA/boletinlegal/jurisprudencia/analisis/ANALISIST-046-99.docx HTTP/1.1" 304 -
172.22.2.4 - - [31/Mar/2023:04:10:22 -0500] "GET /BLA/boletinlegal/robots.txt HTTP/1.1" 404 1038
40.77.167.211 - - [31/Mar/2023:04:10:38 -0500] "GET /BLA/resoluciones/AUTOS%202020/2788.pdf HTTP/1.1" 200 317277
172.22.2.4 - - [31/Mar/2023:04:10:03 -0500] "HEAD /BLA/boletinlegal/ HTTP/1.1" 200 -
216.245.221.92 - - [31/Mar/2023:04:12:06 -0500] "HEAD / HTTP/1.1" 200 -
172.22.2.4 - - [31/Mar/2023:04:10:53 -0500] "GET /BLA/boletinlegal/ HTTP/1.1" 200 57141
201.245.192.253 - - [31/Mar/2023:04:13:30 -0500] "POST /kwsrmcab/Wsrmcab  HTTP/1.1" 200 43001
52.167.144.167 - - [31/Mar/2023:04:13:35 -0500] "GET /BLA/resoluciones/RESOLUCIONES%202021/1666-.pdf HTTP/1.1" 200 1360251
205.210.31.39 - - [31/Mar/2023:04:15:42 -0500] "GET / HTTP/1.1" 200 319
216.245.221.92 - - [31/Mar/2023:04:17:06 -0500] "HEAD / HTTP/1.1" 200 -
190.252.129.33 - - [31/Mar/2023:04:17:25 -0500] "GET /pagos-por-servicios-ambientales-hidricos-una-iniciativa-para-la-conservacion-de-este-recurso.html HTTP/1.1" 200 1006
172.22.2.4 - - [31/Mar/2023:04:15:53 -0500] "HEAD /BLA/boletinlegal/ HTTP/1.1" 200 -
172.22.2.4 - - [31/Mar/2023:04:18:13 -0500] "GET /BLA/boletinlegal/style.css HTTP/1.1" 200 9406
172.22.2.4 - - [31/Mar/2023:04:18:13 -0500] "GET /BLA/boletinlegal/styles2.css HTTP/1.1" 200 1838
172.22.2.4 - - [31/Mar/2023:04:18:14 -0500] "GET /BLA/boletinlegal/js/jquery.js HTTP/1.1" 200 57254
172.22.2.4 - - [31/Mar/2023:04:18:14 -0500] "GET /BLA/boletinlegal/js/jquery.scrollTo-min.js HTTP/1.1" 200 1150
172.22.2.4 - - [31/Mar/2023:04:18:14 -0500] "GET /BLA/boletinlegal/js/jquery.scrollShow.js HTTP/1.1" 200 4586
172.22.2.4 - - [31/Mar/2023:04:18:14 -0500] "GET /BLA/boletinlegal/images/cabezote%20BLEGAL.jpg HTTP/1.1" 200 118164
172.22.2.4 - - [31/Mar/2023:04:18:14 -0500] "GET /BLA/boletinlegal/images/subscribe-icon-big.png HTTP/1.1" 200 47702
172.22.2.4 - - [31/Mar/2023:04:18:14 -0500] "GET /BLA/boletinlegal/images/historia.png HTTP/1.1" 200 52775
172.22.2.4 - - [31/Mar/2023:04:18:14 -0500] "GET /BLA/boletinlegal/images/registro-usuarios.png HTTP/1.1" 200 8106
172.22.2.4 - - [31/Mar/2023:04:18:14 -0500] "GET /BLA/boletinlegal/images/arr_l.jpg HTTP/1.1" 200 1979
172.22.2.4 - - [31/Mar/2023:04:18:14 -0500] "GET /BLA/boletinlegal/images/launch.jpg HTTP/1.1" 200 14577
172.22.2.4 - - [31/Mar/2023:04:18:14 -0500] "GET /BLA/boletinlegal/images/screen_1.png HTTP/1.1" 200 202547
172.22.2.4 - - [31/Mar/2023:04:18:15 -0500] "GET /BLA/boletinlegal/images/body_bg.jpg HTTP/1.1" 200 1601
172.22.2.4 - - [31/Mar/2023:04:18:15 -0500] "GET /BLA/boletinlegal/images/menu_lft.gif HTTP/1.1" 200 1713
172.22.2.4 - - [31/Mar/2023:04:18:15 -0500] "GET /BLA/boletinlegal/images/menu_rght.gif HTTP/1.1" 200 1627
172.22.2.4 - - [31/Mar/2023:04:18:15 -0500] "GET /BLA/boletinlegal/images/bg_top.jpg HTTP/1.1" 200 522
172.22.2.4 - - [31/Mar/2023:04:18:15 -0500] "GET /BLA/boletinlegal/images/menu_bg.jpg HTTP/1.1" 200 620
172.22.2.4 - - [31/Mar/2023:04:18:15 -0500] "GET /BLA/boletinlegal/images/text.jpg HTTP/1.1" 200 568
172.22.2.4 - - [31/Mar/2023:04:18:15 -0500] "GET /BLA/boletinlegal/images/hover.jpg HTTP/1.1" 200 640
172.22.2.4 - - [31/Mar/2023:04:18:21 -0500] "GET /BLA/boletinlegal/images/screen_2.png HTTP/1.1" 200 362502
172.22.2.4 - - [31/Mar/2023:04:18:22 -0500] "GET /BLA/boletinlegal/images/screen_3.png HTTP/1.1" 200 210620
172.22.2.4 - - [31/Mar/2023:04:18:22 -0500] "GET /BLA/boletinlegal/images/screen_5.png HTTP/1.1" 200 368876
172.22.2.4 - - [31/Mar/2023:04:16:43 -0500] "GET /BLA/boletinlegal/ HTTP/1.1" 200 51967
172.22.2.4 - - [31/Mar/2023:04:18:24 -0500] "GET /BLA/boletinlegal/images/arr_r.jpg HTTP/1.1" 200 1998
172.22.2.4 - - [31/Mar/2023:04:18:30 -0500] "GET /BLA/boletinlegal/images/pdf.gif HTTP/1.1" 200 567
172.22.2.4 - - [31/Mar/2023:04:18:30 -0500] "GET /BLA/boletinlegal/images/footer_bg.jpg HTTP/1.1" 200 586
201.245.192.253 - - [31/Mar/2023:04:18:29 -0500] "POST /kwsrmcab/Wsrmcab  HTTP/1.1" 200 43001
128.14.136.18 - - [31/Mar/2023:04:18:45 -0500] "GET /portaldeninos/ HTTP/1.1" 200 110197
172.22.2.4 - - [31/Mar/2023:04:18:13 -0500] "GET /BLA/boletinlegal/ HTTP/1.1" 200 61240
172.22.2.4 - - [31/Mar/2023:04:19:53 -0500] "GET /BLA/boletinlegal/favicon.ico HTTP/1.1" 404 1308
201.245.192.253 - - [31/Mar/2023:04:20:42 -0500] "GET /kwsrmcab/Wsrmcab?wsdl HTTP/1.1" 200 6948
201.245.192.253 - - [31/Mar/2023:04:20:42 -0500] "POST /kwsrmcab/Wsrmcab HTTP/1.1" 200 42852
201.245.192.253 - - [31/Mar/2023:04:20:45 -0500] "POST /kwsrmcab/Wsrmcab HTTP/1.1" 200 43310
191.95.37.231 - - [31/Mar/2023:04:20:51 -0500] "GET / HTTP/1.1" 200 4720
191.95.37.231 - - [31/Mar/2023:04:20:51 -0500] "GET /js/url.js HTTP/1.1" 404 1294
191.95.37.231 - - [31/Mar/2023:04:20:51 -0500] "GET /css/style.css HTTP/1.1" 200 3473
191.95.37.231 - - [31/Mar/2023:04:20:51 -0500] "GET /css/bootstrap.min.css HTTP/1.1" 200 178212
191.95.37.231 - - [31/Mar/2023:04:20:51 -0500] "GET /fonts/icomoon/style.css HTTP/1.1" 200 79820
191.95.37.231 - - [31/Mar/2023:04:20:52 -0500] "GET /favicon.ico HTTP/1.1" 404 1294
216.245.221.92 - - [31/Mar/2023:04:22:05 -0500] "HEAD / HTTP/1.1" 200 -
173.252.83.4 - - [31/Mar/2023:04:22:23 -0500] "GET /galeria/galeria/fotos/loro3P.jpg HTTP/1.1" 200 24900
172.22.2.4 - - [31/Mar/2023:04:22:49 -0500] "GET /BLA/boletinlegal/images/background.gif HTTP/1.1" 200 -
52.167.144.46 - - [31/Mar/2023:04:23:22 -0500] "GET /BLA/resoluciones/RESOLUCIONES%202022/0367.pdf HTTP/1.1" 304 -
172.22.2.4 - - [31/Mar/2023:04:21:43 -0500] "HEAD /BLA/boletinlegal/ HTTP/1.1" 200 -
201.245.192.253 - - [31/Mar/2023:04:23:28 -0500] "POST /kwsrmcab/Wsrmcab  HTTP/1.1" 200 43001
192.109.145.231 - - [31/Mar/2023:04:24:05 -0500] "GET /galeria/nivo-slider/demo/images/Otorgamiento-excelencia-ambiental-Jos%C3%A9-Celestino-Mutis-2.jpg HTTP/1.1" 304 -
95.217.144.236 - - [31/Mar/2023:04:24:12 -0500] "-" 408 -
95.217.144.236 - - [31/Mar/2023:04:24:12 -0500] "-" 408 -
172.22.2.4 - - [31/Mar/2023:04:22:33 -0500] "GET /BLA/boletinlegal/ HTTP/1.1" 200 57141
52.167.144.150 - - [31/Mar/2023:04:24:16 -0500] "GET /BLA/resoluciones/AUTOS%202014/6369.pdf HTTP/1.1" 200 726319
216.245.221.92 - - [31/Mar/2023:04:27:05 -0500] "HEAD / HTTP/1.1" 200 -
201.245.192.253 - - [31/Mar/2023:04:28:26 -0500] "POST /kwsrmcab/Wsrmcab  HTTP/1.1" 200 43001
172.22.2.4 - - [31/Mar/2023:04:27:33 -0500] "HEAD /BLA/boletinlegal/ HTTP/1.1" 200 -
52.167.144.167 - - [31/Mar/2023:04:29:28 -0500] "GET /BLA/resoluciones/RESOLUCIONES%202021/2893.pdf HTTP/1.1" 200 1110902
172.22.2.4 - - [31/Mar/2023:04:28:23 -0500] "GET /BLA/boletinlegal/ HTTP/1.1" 200 57551
201.245.192.253 - - [31/Mar/2023:04:30:42 -0500] "POST /kwsrmcab/Wsrmcab HTTP/1.1" 200 42852
201.245.192.253 - - [31/Mar/2023:04:30:44 -0500] "POST /kwsrmcab/Wsrmcab HTTP/1.1" 200 43310
52.167.144.43 - - [31/Mar/2023:04:31:10 -0500] "GET /cooperacion-internacional-postulate-para-la-coordinacion-ambiental-de-proyecto-con-la-union-europea-avantia.html HTTP/1.1" 200 1020
172.22.2.4 - - [31/Mar/2023:04:29:59 -0500] "GET /BLA/boletinlegal/ HTTP/1.1" 200 61240
66.249.66.64 - - [31/Mar/2023:04:31:51 -0500] "-" 408 -
216.245.221.92 - - [31/Mar/2023:04:32:05 -0500] "HEAD / HTTP/1.1" 200 -
201.245.192.253 - - [31/Mar/2023:04:33:24 -0500] "POST /kwsrmcab/Wsrmcab  HTTP/1.1" 200 43001
52.167.144.167 - - [31/Mar/2023:04:34:30 -0500] "GET /BLA/resoluciones/AUTOS%202021/0647.pdf HTTP/1.1" 304 -
172.22.2.4 - - [31/Mar/2023:04:33:23 -0500] "HEAD /BLA/boletinlegal/ HTTP/1.1" 200 -
172.22.2.4 - - [31/Mar/2023:04:34:13 -0500] "GET /BLA/boletinlegal/ HTTP/1.1" 200 57141
216.245.221.92 - - [31/Mar/2023:04:37:05 -0500] "HEAD / HTTP/1.1" 200 -
66.249.70.216 - - [31/Mar/2023:04:38:06 -0500] "-" 408 -
201.245.192.253 - - [31/Mar/2023:04:38:23 -0500] "POST /kwsrmcab/Wsrmcab  HTTP/1.1" 200 43001
199.16.157.183 - - [31/Mar/2023:04:39:27 -0500] "GET /images/evento-wef-1_optimized.jpeg HTTP/1.1" 200 138129
199.16.157.181 - - [31/Mar/2023:04:39:27 -0500] "GET /nuevo-proyecto-en-el-parque-nacional-natural-chingaza-promueve-la-seguridad-hidrica-en-bogota.html HTTP/1.1" 200 834
201.245.192.253 - - [31/Mar/2023:04:40:42 -0500] "POST /kwsrmcab/Wsrmcab HTTP/1.1" 200 42852
201.245.192.253 - - [31/Mar/2023:04:40:45 -0500] "POST /kwsrmcab/Wsrmcab HTTP/1.1" 200 43310
172.22.2.4 - - [31/Mar/2023:04:39:13 -0500] "HEAD /BLA/boletinlegal/ HTTP/1.1" 200 -
172.22.2.4 - - [31/Mar/2023:04:40:03 -0500] "GET /BLA/boletinlegal/ HTTP/1.1" 200 53104
216.245.221.92 - - [31/Mar/2023:04:42:05 -0500] "HEAD / HTTP/1.1" 200 -
52.167.144.167 - - [31/Mar/2023:04:42:28 -0500] "GET /BLA/resoluciones/RESOLUCIONES%202021/0580.pdf HTTP/1.1" 200 393623
201.245.192.253 - - [31/Mar/2023:04:43:21 -0500] "POST /kwsrmcab/Wsrmcab  HTTP/1.1" 200 43001
34.29.53.9 - - [31/Mar/2023:04:43:26 -0500] "GET /galeria/galeria/fotos/GuaymaralTorca4P.jpg HTTP/1.1" 200 33981
66.249.70.210 - - [31/Mar/2023:04:45:11 -0500] "-" 408 -
172.22.2.4 - - [31/Mar/2023:04:45:03 -0500] "HEAD /BLA/boletinlegal/ HTTP/1.1" 200 -
216.245.221.92 - - [31/Mar/2023:04:47:05 -0500] "HEAD / HTTP/1.1" 200 -
162.55.166.12 - - [31/Mar/2023:04:47:06 -0500] "GET / HTTP/1.1" 200 4720
162.55.166.12 - - [31/Mar/2023:04:47:09 -0500] "GET / HTTP/1.1" 200 319
52.167.144.46 - - [31/Mar/2023:04:47:21 -0500] "GET /BLA/resoluciones/RESOLUCIONES%202022/0176.pdf HTTP/1.1" 200 531030
172.22.2.4 - - [31/Mar/2023:04:45:53 -0500] "GET /BLA/boletinlegal/ HTTP/1.1" 200 57551
201.245.192.253 - - [31/Mar/2023:04:48:22 -0500] "POST /kwsrmcab/Wsrmcab  HTTP/1.1" 200 43001
114.119.133.201 - - [31/Mar/2023:04:51:34 -0500] "-" 408 -
216.245.221.92 - - [31/Mar/2023:04:52:05 -0500] "HEAD / HTTP/1.1" 200 -
179.43.177.242 - - [31/Mar/2023:04:52:28 -0500] "GET / HTTP/1.1" 200 319
172.22.2.4 - - [31/Mar/2023:04:50:53 -0500] "HEAD /BLA/boletinlegal/ HTTP/1.1" 200 -
66.249.70.210 - - [31/Mar/2023:04:53:14 -0500] "-" 408 -
172.22.2.4 - - [31/Mar/2023:04:51:43 -0500] "GET /BLA/boletinlegal/ HTTP/1.1" 200 57141
