201.245.192.253 - - [31/Mar/2023:04:53:22 -0500] "POST /kwsrmcab/Wsrmcab  HTTP/1.1" 200 43001
173.252.83.22 - - [31/Mar/2023:04:55:12 -0500] "GET /BLA/boletinlegal/images/icono-email.png HTTP/1.1" 200 5544
216.245.221.92 - - [31/Mar/2023:04:57:05 -0500] "HEAD / HTTP/1.1" 200 -
52.167.144.167 - - [31/Mar/2023:04:58:19 -0500] "GET /BLA/resoluciones/RESOLUCIONES%202021/5143.pdf HTTP/1.1" 200 330324
172.22.2.4 - - [31/Mar/2023:04:56:42 -0500] "HEAD /BLA/boletinlegal/ HTTP/1.1" 200 -
201.245.192.253 - - [31/Mar/2023:04:58:21 -0500] "POST /kwsrmcab/Wsrmcab  HTTP/1.1" 200 43001
52.167.144.46 - - [31/Mar/2023:04:58:46 -0500] "GET /BLA/resoluciones/AUTOS%202021/1564.pdf HTTP/1.1" 304 -
172.22.2.4 - - [31/Mar/2023:04:57:33 -0500] "GET /BLA/boletinlegal/ HTTP/1.1" 200 57551
52.167.144.150 - - [31/Mar/2023:05:00:10 -0500] "GET /BLA/resoluciones/AUTOS%202021/3062.pdf HTTP/1.1" 200 399511
216.245.221.92 - - [31/Mar/2023:05:02:05 -0500] "HEAD / HTTP/1.1" 200 -
201.245.192.253 - - [31/Mar/2023:05:03:21 -0500] "POST /kwsrmcab/Wsrmcab  HTTP/1.1" 200 43001
14.116.156.77 - - [31/Mar/2023:05:04:11 -0500] "GET / HTTP/1.1" 200 319
172.22.2.4 - - [31/Mar/2023:05:02:32 -0500] "HEAD /BLA/boletinlegal/ HTTP/1.1" 200 -
172.22.2.4 - - [31/Mar/2023:05:03:23 -0500] "GET /BLA/boletinlegal/ HTTP/1.1" 200 54798
66.249.70.210 - - [31/Mar/2023:05:05:29 -0500] "-" 408 -
52.167.144.167 - - [31/Mar/2023:05:06:22 -0500] "GET /BLA/resoluciones/index.php?dir=RESOLUCIONES+2023%2F HTTP/1.1" 200 11738
216.245.221.92 - - [31/Mar/2023:05:07:05 -0500] "HEAD / HTTP/1.1" 200 -
52.167.144.167 - - [31/Mar/2023:05:07:43 -0500] "GET /BLA/resoluciones/AUTOS%202021/5866.pdf HTTP/1.1" 304 -
201.245.192.253 - - [31/Mar/2023:05:08:20 -0500] "POST /kwsrmcab/Wsrmcab  HTTP/1.1" 200 43001
40.77.167.211 - - [31/Mar/2023:05:08:59 -0500] "GET /Publicaciones/2022EE85061.pdf HTTP/1.1" 404 227
186.169.232.86 - - [31/Mar/2023:05:09:13 -0500] "POST /sipse/faces/presentacion/financiero/solicitudProceso/listarSolicitudProceso.xhtml HTTP/1.1" 200 141670
186.169.232.86 - - [31/Mar/2023:05:09:15 -0500] "GET /sipse/faces/javax.faces.resource/theme.css?ln=primefaces-sipse HTTP/1.1" 304 -
186.169.232.86 - - [31/Mar/2023:05:09:15 -0500] "GET /sipse/faces/javax.faces.resource/layout/layout.css?ln=primefaces&v=4.0 HTTP/1.1" 304 -
186.169.232.86 - - [31/Mar/2023:05:09:15 -0500] "GET /sipse/faces/javax.faces.resource/primefaces.css?ln=primefaces&v=4.0 HTTP/1.1" 304 -
186.169.232.86 - - [31/Mar/2023:05:09:15 -0500] "GET /sipse/js/disable_browser_buttons.js HTTP/1.1" 200 3230
186.169.232.86 - - [31/Mar/2023:05:09:16 -0500] "GET /sipse/js/jquery.min.js HTTP/1.1" 200 85582
186.169.232.86 - - [31/Mar/2023:05:09:17 -0500] "GET /sipse/js/funciones.js HTTP/1.1" 200 12592
186.169.232.86 - - [31/Mar/2023:05:09:17 -0500] "GET /sipse/faces/javax.faces.resource/jquery/jquery.js?ln=primefaces&v=4.0 HTTP/1.1" 200 105384
186.169.232.86 - - [31/Mar/2023:05:09:18 -0500] "GET /sipse/faces/javax.faces.resource/jquery/jquery-plugins.js?ln=primefaces&v=4.0 HTTP/1.1" 200 220526
186.169.232.86 - - [31/Mar/2023:05:09:19 -0500] "GET /sipse/css/imagen/contrasena.png HTTP/1.1" 404 383
186.169.232.86 - - [31/Mar/2023:05:09:20 -0500] "GET /sipse/faces/javax.faces.resource/primefaces.js?ln=primefaces&v=4.0 HTTP/1.1" 200 276924
186.169.232.86 - - [31/Mar/2023:05:09:23 -0500] "GET /sipse/faces/javax.faces.resource/layout/layout.js?ln=primefaces&v=4.0 HTTP/1.1" 200 87560
104.200.151.49 - - [31/Mar/2023:05:09:58 -0500] "GET /wp-login.php HTTP/1.1" 404 1018
172.22.2.4 - - [31/Mar/2023:05:08:22 -0500] "HEAD /BLA/boletinlegal/ HTTP/1.1" 200 -
172.22.2.4 - - [31/Mar/2023:05:09:13 -0500] "GET /BLA/boletinlegal/ HTTP/1.1" 200 59296
216.245.221.92 - - [31/Mar/2023:05:12:05 -0500] "HEAD / HTTP/1.1" 200 -
201.245.192.253 - - [31/Mar/2023:05:13:19 -0500] "POST /kwsrmcab/Wsrmcab  HTTP/1.1" 200 43001
66.249.70.210 - - [31/Mar/2023:05:13:37 -0500] "-" 408 -
66.249.66.64 - - [31/Mar/2023:05:14:15 -0500] "-" 408 -
172.22.2.4 - - [31/Mar/2023:05:14:12 -0500] "HEAD /BLA/boletinlegal/ HTTP/1.1" 200 -
172.22.2.4 - - [31/Mar/2023:05:15:03 -0500] "GET /BLA/boletinlegal/ HTTP/1.1" 200 57141
216.245.221.92 - - [31/Mar/2023:05:17:05 -0500] "HEAD / HTTP/1.1" 200 -
193.32.162.159 - - [31/Mar/2023:05:17:23 -0500] "GET / HTTP/1.1" 200 319
193.32.162.159 - - [31/Mar/2023:05:17:33 -0500] "GET /dispatch.asp HTTP/1.1" 404 1018
201.245.192.253 - - [31/Mar/2023:05:18:17 -0500] "POST /kwsrmcab/Wsrmcab  HTTP/1.1" 200 43001
51.158.37.186 - - [31/Mar/2023:05:20:05 -0500] "GET /portaldeninos/ HTTP/1.1" 200 110197
201.245.192.253 - - [31/Mar/2023:05:20:41 -0500] "POST /kwsrmcab/Wsrmcab HTTP/1.1" 200 42698
201.245.192.253 - - [31/Mar/2023:05:20:44 -0500] "POST /kwsrmcab/Wsrmcab HTTP/1.1" 200 43302
66.249.70.210 - - [31/Mar/2023:05:21:14 -0500] "-" 408 -
172.22.2.4 - - [31/Mar/2023:05:20:02 -0500] "HEAD /BLA/boletinlegal/ HTTP/1.1" 200 -
216.245.221.92 - - [31/Mar/2023:05:22:05 -0500] "HEAD / HTTP/1.1" 200 -
172.22.2.4 - - [31/Mar/2023:05:20:53 -0500] "GET /BLA/boletinlegal/ HTTP/1.1" 200 55211
114.119.144.233 - - [31/Mar/2023:05:22:45 -0500] "-" 408 -
201.245.192.253 - - [31/Mar/2023:05:23:16 -0500] "POST /kwsrmcab/Wsrmcab  HTTP/1.1" 200 43001
34.91.4.40 - - [31/Mar/2023:05:26:40 -0500] "GET /inventario-de-emisiones-2020-transporte-publico-sitp-redujo-emisiones-de-pm-2-5-en-un-37.html HTTP/1.1" 200 925
216.245.221.92 - - [31/Mar/2023:05:27:05 -0500] "HEAD / HTTP/1.1" 200 -
172.22.2.4 - - [31/Mar/2023:05:25:52 -0500] "HEAD /BLA/boletinlegal/ HTTP/1.1" 200 -
173.252.87.19 - - [31/Mar/2023:05:27:47 -0500] "GET /images/semana-bosques-1_optimized.1.jpg HTTP/1.1" 200 102892
201.245.192.253 - - [31/Mar/2023:05:28:15 -0500] "POST /kwsrmcab/Wsrmcab  HTTP/1.1" 200 43001
66.249.70.210 - - [31/Mar/2023:05:28:22 -0500] "-" 408 -
172.22.2.4 - - [31/Mar/2023:05:26:43 -0500] "GET /BLA/boletinlegal/ HTTP/1.1" 200 57551
207.46.13.219 - - [31/Mar/2023:05:28:29 -0500] "GET /BLA/boletinlegal/Directivas/2014/Directiva%20No.%202%20del%205%20de%20Mayo%20de%202014.pdf HTTP/1.1" 200 591315
201.245.192.253 - - [31/Mar/2023:05:30:42 -0500] "POST /kwsrmcab/Wsrmcab HTTP/1.1" 200 42698
201.245.192.253 - - [31/Mar/2023:05:30:45 -0500] "POST /kwsrmcab/Wsrmcab HTTP/1.1" 200 43302
172.22.2.4 - - [31/Mar/2023:05:31:23 -0500] "GET /BLA/boletinlegal/jurisprudencia/analisis/SENTENCIA%20C-703%20DE%202010.xls HTTP/1.1" 200 38912
173.252.107.22 - - [31/Mar/2023:05:31:24 -0500] "GET /images/Acercar.jpeg HTTP/1.1" 200 109672
173.252.127.15 - - [31/Mar/2023:05:31:24 -0500] "GET /images/Acercar.jpeg HTTP/1.1" 200 109672
216.245.221.92 - - [31/Mar/2023:05:32:05 -0500] "HEAD / HTTP/1.1" 200 -
52.167.144.46 - - [31/Mar/2023:05:32:06 -0500] "GET /BLA/resoluciones/RESOLUCIONES%202021/4758.pdf HTTP/1.1" 200 479020
172.22.2.4 - - [31/Mar/2023:05:32:26 -0500] "GET /BLA/boletinlegal/actas/079-2013.pdf HTTP/1.1" 200 1500109
201.245.192.253 - - [31/Mar/2023:05:33:13 -0500] "POST /kwsrmcab/Wsrmcab  HTTP/1.1" 200 43001
172.22.2.4 - - [31/Mar/2023:05:31:42 -0500] "HEAD /BLA/boletinlegal/ HTTP/1.1" 200 -
186.29.47.62 - - [31/Mar/2023:05:33:58 -0500] "GET /images/jardines-verticales_optimized.jpeg HTTP/1.1" 200 138197
172.22.2.4 - - [31/Mar/2023:05:32:33 -0500] "GET /BLA/boletinlegal/ HTTP/1.1" 200 53104
66.249.70.210 - - [31/Mar/2023:05:36:26 -0500] "-" 408 -
216.245.221.92 - - [31/Mar/2023:05:37:05 -0500] "HEAD / HTTP/1.1" 200 -
74.125.210.215 - - [31/Mar/2023:05:37:48 -0500] "GET /Publicaciones/SSFFS-06118-2021.zip HTTP/1.1" 404 232
201.245.192.253 - - [31/Mar/2023:05:38:11 -0500] "POST /kwsrmcab/Wsrmcab  HTTP/1.1" 200 43001
172.22.2.4 - - [31/Mar/2023:05:37:32 -0500] "HEAD /BLA/boletinlegal/ HTTP/1.1" 200 -
172.22.2.4 - - [31/Mar/2023:05:38:23 -0500] "GET /BLA/boletinlegal/ HTTP/1.1" 200 57551
40.77.167.211 - - [31/Mar/2023:05:40:28 -0500] "GET /BLA/resoluciones/RESOLUCIONES%202021/5141.pdf HTTP/1.1" 200 347644
201.245.192.253 - - [31/Mar/2023:05:40:41 -0500] "POST /kwsrmcab/Wsrmcab HTTP/1.1" 200 42698
201.245.192.253 - - [31/Mar/2023:05:40:44 -0500] "POST /kwsrmcab/Wsrmcab HTTP/1.1" 200 43302
139.162.223.49 - - [31/Mar/2023:05:41:48 -0500] "GET / HTTP/1.1" 200 319
216.245.221.92 - - [31/Mar/2023:05:42:05 -0500] "HEAD / HTTP/1.1" 200 -
172.22.2.4 - - [31/Mar/2023:05:42:13 -0500] "GET /BLA/boletinlegal/style.css HTTP/1.1" 200 9406
172.22.2.4 - - [31/Mar/2023:05:42:13 -0500] "GET /BLA/boletinlegal/styles2.css HTTP/1.1" 200 1838
172.22.2.4 - - [31/Mar/2023:05:42:13 -0500] "GET /BLA/boletinlegal/js/jquery.scrollShow.js HTTP/1.1" 200 4586
172.22.2.4 - - [31/Mar/2023:05:42:13 -0500] "GET /BLA/boletinlegal/js/jquery.js HTTP/1.1" 200 57254
172.22.2.4 - - [31/Mar/2023:05:42:13 -0500] "GET /BLA/boletinlegal/js/jquery.scrollTo-min.js HTTP/1.1" 200 1150
172.22.2.4 - - [31/Mar/2023:05:42:13 -0500] "GET /BLA/boletinlegal/images/cabezote%20BLEGAL.jpg HTTP/1.1" 200 118164
172.22.2.4 - - [31/Mar/2023:05:42:13 -0500] "GET /BLA/boletinlegal/images/subscribe-icon-big.png HTTP/1.1" 200 47702
172.22.2.4 - - [31/Mar/2023:05:42:13 -0500] "GET /BLA/boletinlegal/images/historia.png HTTP/1.1" 200 52775
172.22.2.4 - - [31/Mar/2023:05:42:13 -0500] "GET /BLA/boletinlegal/images/registro-usuarios.png HTTP/1.1" 200 8106
172.22.2.4 - - [31/Mar/2023:05:42:13 -0500] "GET /BLA/boletinlegal/images/arr_l.jpg HTTP/1.1" 200 1979
172.22.2.4 - - [31/Mar/2023:05:42:13 -0500] "GET /BLA/boletinlegal/images/screen_1.png HTTP/1.1" 200 202547
172.22.2.4 - - [31/Mar/2023:05:42:13 -0500] "GET /BLA/boletinlegal/images/launch.jpg HTTP/1.1" 200 14577
172.22.2.4 - - [31/Mar/2023:05:42:13 -0500] "GET /BLA/boletinlegal/images/screen_2.png HTTP/1.1" 200 362502
172.22.2.4 - - [31/Mar/2023:05:42:13 -0500] "GET /BLA/boletinlegal/images/screen_3.png HTTP/1.1" 200 210620
172.22.2.4 - - [31/Mar/2023:05:42:13 -0500] "GET /BLA/boletinlegal/images/screen_5.png HTTP/1.1" 200 368876
172.22.2.4 - - [31/Mar/2023:05:42:13 -0500] "GET /BLA/boletinlegal/images/arr_r.jpg HTTP/1.1" 200 1998
172.22.2.4 - - [31/Mar/2023:05:42:13 -0500] "GET /BLA/boletinlegal/images/body_bg.jpg HTTP/1.1" 200 1601
172.22.2.4 - - [31/Mar/2023:05:42:13 -0500] "GET /BLA/boletinlegal/images/menu_lft.gif HTTP/1.1" 200 1713
172.22.2.4 - - [31/Mar/2023:05:42:13 -0500] "GET /BLA/boletinlegal/images/menu_rght.gif HTTP/1.1" 200 1627
172.22.2.4 - - [31/Mar/2023:05:42:13 -0500] "GET /BLA/boletinlegal/images/hover.jpg HTTP/1.1" 200 640
172.22.2.4 - - [31/Mar/2023:05:42:13 -0500] "GET /BLA/boletinlegal/images/text.jpg HTTP/1.1" 200 568
172.22.2.4 - - [31/Mar/2023:05:42:13 -0500] "GET /BLA/boletinlegal/images/menu_bg.jpg HTTP/1.1" 200 620
172.22.2.4 - - [31/Mar/2023:05:42:13 -0500] "GET /BLA/boletinlegal/images/bg_top.jpg HTTP/1.1" 200 522
172.22.2.4 - - [31/Mar/2023:05:42:13 -0500] "GET /BLA/boletinlegal/images/footer_bg.jpg HTTP/1.1" 200 586
172.22.2.4 - - [31/Mar/2023:05:42:15 -0500] "GET /BLA/boletinlegal/actos.php HTTP/1.1" 200 9672
172.22.2.4 - - [31/Mar/2023:05:42:15 -0500] "GET /BLA/boletinlegal/js/ajax_actos.js HTTP/1.1" 200 1322
172.22.2.4 - - [31/Mar/2023:05:42:15 -0500] "GET /BLA/boletinlegal/niceforms-default.css HTTP/1.1" 200 6694
172.22.2.4 - - [31/Mar/2023:05:42:15 -0500] "GET /BLA/boletinlegal/js/lib.js HTTP/1.1" 200 6474
172.22.2.4 - - [31/Mar/2023:05:42:15 -0500] "GET /BLA/boletinlegal/niceforms.js HTTP/1.1" 200 22876
172.22.2.4 - - [31/Mar/2023:05:42:15 -0500] "GET /BLA/boletinlegal/js/popup.js HTTP/1.1" 200 1270
172.22.2.4 - - [31/Mar/2023:05:42:15 -0500] "GET /BLA/boletinlegal/js/jquery1.js HTTP/1.1" 200 29846
172.22.2.4 - - [31/Mar/2023:05:42:15 -0500] "GET /BLA/boletinlegal/images/tel.png HTTP/1.1" 200 14477
172.22.2.4 - - [31/Mar/2023:05:42:15 -0500] "GET /BLA/boletinlegal/images/icono-email.png HTTP/1.1" 200 5544
172.22.2.4 - - [31/Mar/2023:05:42:15 -0500] "GET /BLA/boletinlegal/images/green-yellow-blue-pink-th.png HTTP/1.1" 200 7394
172.22.2.4 - - [31/Mar/2023:05:42:15 -0500] "GET /BLA/boletinlegal/images/footer_bg_l.jpg HTTP/1.1" 200 776
172.22.2.4 - - [31/Mar/2023:05:42:15 -0500] "GET /BLA/boletinlegal/img/0.png HTTP/1.1" 200 110
172.22.2.4 - - [31/Mar/2023:05:42:15 -0500] "GET /BLA/boletinlegal/img/select-left.png HTTP/1.1" 200 263
172.22.2.4 - - [31/Mar/2023:05:42:15 -0500] "GET /BLA/boletinlegal/img/select-right.png HTTP/1.1" 200 44019
172.22.2.4 - - [31/Mar/2023:05:42:15 -0500] "GET /BLA/boletinlegal/img/button-left.png HTTP/1.1" 200 57071
172.22.2.4 - - [31/Mar/2023:05:42:15 -0500] "GET /BLA/boletinlegal/img/button.png HTTP/1.1" 200 43241
172.22.2.4 - - [31/Mar/2023:05:42:15 -0500] "GET /BLA/boletinlegal/img/button-right.png HTTP/1.1" 200 57878
172.22.2.4 - - [31/Mar/2023:05:42:15 -0500] "GET /BLA/boletinlegal/favicon.ico HTTP/1.1" 404 1326
172.22.2.4 - - [31/Mar/2023:05:42:24 -0500] "GET /BLA/boletinlegal/actos.php HTTP/1.1" 200 9672
201.245.251.218 - - [31/Mar/2023:05:42:27 -0500] "GET /BLA/resoluciones/ HTTP/1.1" 200 13502
201.245.251.218 - - [31/Mar/2023:05:42:27 -0500] "GET /BLA/resoluciones/dlf/styles.css HTTP/1.1" 200 3049
201.245.251.218 - - [31/Mar/2023:05:42:27 -0500] "GET /BLA/resoluciones/dlf/folder.png HTTP/1.1" 200 410
201.245.251.218 - - [31/Mar/2023:05:42:27 -0500] "GET /BLA/resoluciones/dlf/bg.gif HTTP/1.1" 200 54
201.245.251.218 - - [31/Mar/2023:05:42:31 -0500] "GET /BLA/resoluciones/index.php?dir=RESOLUCIONES+2013%2F HTTP/1.1" 200 238278
201.245.251.218 - - [31/Mar/2023:05:42:31 -0500] "GET /BLA/resoluciones/dlf/dirup.png HTTP/1.1" 200 644
201.245.251.218 - - [31/Mar/2023:05:42:31 -0500] "GET /BLA/resoluciones/dlf/pdf.gif HTTP/1.1" 200 272
201.245.251.218 - - [31/Mar/2023:05:42:31 -0500] "GET /BLA/resoluciones/dlf/doc.gif HTTP/1.1" 200 1079
201.245.251.218 - - [31/Mar/2023:05:42:38 -0500] "GET /BLA/resoluciones/RESOLUCIONES%202013/1438.pdf HTTP/1.1" 200 412434
172.22.2.4 - - [31/Mar/2023:05:42:06 -0500] "GET /BLA/boletinlegal/ HTTP/1.1" 200 28619
152.203.219.27 - - [31/Mar/2023:05:43:03 -0500] "GET /sipse/faces/index.xhtml HTTP/1.1" 200 677
152.203.219.27 - - [31/Mar/2023:05:43:03 -0500] "GET /sipse/faces/javax.faces.resource/theme.css?ln=primefaces-sipse HTTP/1.1" 304 -
152.203.219.27 - - [31/Mar/2023:05:43:04 -0500] "GET /sipse/faces/faces/autenticacion.xhtml HTTP/1.1" 200 12179
152.203.219.27 - - [31/Mar/2023:05:43:04 -0500] "GET /sipse/css/custom_css_sg.css HTTP/1.1" 304 -
152.203.219.27 - - [31/Mar/2023:05:43:04 -0500] "GET /sipse/js/disable_browser_buttons.js HTTP/1.1" 304 -
152.203.219.27 - - [31/Mar/2023:05:43:04 -0500] "GET /sipse/css/custom_css_sg_prime_login.css HTTP/1.1" 304 -
152.203.219.27 - - [31/Mar/2023:05:43:04 -0500] "GET /sipse/js/funciones.js HTTP/1.1" 304 -
152.203.219.27 - - [31/Mar/2023:05:43:04 -0500] "GET /sipse/faces/javax.faces.resource/primefaces.css?ln=primefaces&v=4.0 HTTP/1.1" 304 -
152.203.219.27 - - [31/Mar/2023:05:43:04 -0500] "GET /sipse/faces/javax.faces.resource/layout/layout.css?ln=primefaces&v=4.0 HTTP/1.1" 304 -
152.203.219.27 - - [31/Mar/2023:05:43:04 -0500] "GET /sipse/faces/javax.faces.resource/theme.css?ln=primefaces-sipse HTTP/1.1" 304 -
152.203.219.27 - - [31/Mar/2023:05:43:04 -0500] "GET /sipse/faces/javax.faces.resource/jquery/jquery.js?ln=primefaces&v=4.0 HTTP/1.1" 304 -
152.203.219.27 - - [31/Mar/2023:05:43:04 -0500] "GET /sipse/faces/javax.faces.resource/jquery/jquery-plugins.js?ln=primefaces&v=4.0 HTTP/1.1" 304 -
152.203.219.27 - - [31/Mar/2023:05:43:04 -0500] "GET /sipse/faces/javax.faces.resource/primefaces.js?ln=primefaces&v=4.0 HTTP/1.1" 304 -
152.203.219.27 - - [31/Mar/2023:05:43:04 -0500] "GET /sipse/faces/javax.faces.resource/layout/layout.js?ln=primefaces&v=4.0 HTTP/1.1" 304 -
152.203.219.27 - - [31/Mar/2023:05:43:04 -0500] "GET /sipse/css/imagen/logoSDG.png HTTP/1.1" 304 -
152.203.219.27 - - [31/Mar/2023:05:43:04 -0500] "GET /sipse/css/imagen/loginimg.png HTTP/1.1" 304 -
152.203.219.27 - - [31/Mar/2023:05:43:04 -0500] "GET /sipse/faces/javax.faces.resource/images/ui-icons_898989_256x240.png?ln=primefaces-aristo HTTP/1.1" 304 -
152.203.219.27 - - [31/Mar/2023:05:43:07 -0500] "POST /sipse/faces/autenticacion.xhtml HTTP/1.1" 200 16697
152.203.219.27 - - [31/Mar/2023:05:43:07 -0500] "GET /sipse/css/custom_css_sg_prime.css HTTP/1.1" 304 -
152.203.219.27 - - [31/Mar/2023:05:43:07 -0500] "GET /sipse/faces/javax.faces.resource/theme.css?ln=primefaces-sipse HTTP/1.1" 304 -
152.203.219.27 - - [31/Mar/2023:05:43:07 -0500] "GET /sipse/faces/javax.faces.resource/layout/layout.css?ln=primefaces&v=4.0 HTTP/1.1" 304 -
152.203.219.27 - - [31/Mar/2023:05:43:07 -0500] "GET /sipse/faces/javax.faces.resource/primefaces.css?ln=primefaces&v=4.0 HTTP/1.1" 304 -
152.203.219.27 - - [31/Mar/2023:05:43:07 -0500] "GET /sipse/js/jquery.min.js HTTP/1.1" 304 -
152.203.219.27 - - [31/Mar/2023:05:43:07 -0500] "GET /sipse/faces/javax.faces.resource/jquery/jquery.js?ln=primefaces&v=4.0 HTTP/1.1" 304 -
152.203.219.27 - - [31/Mar/2023:05:43:07 -0500] "GET /sipse/faces/javax.faces.resource/jquery/jquery-plugins.js?ln=primefaces&v=4.0 HTTP/1.1" 304 -
152.203.219.27 - - [31/Mar/2023:05:43:07 -0500] "GET /sipse/faces/javax.faces.resource/primefaces.js?ln=primefaces&v=4.0 HTTP/1.1" 304 -
152.203.219.27 - - [31/Mar/2023:05:43:07 -0500] "GET /sipse/faces/javax.faces.resource/layout/layout.js?ln=primefaces&v=4.0 HTTP/1.1" 304 -
152.203.219.27 - - [31/Mar/2023:05:43:07 -0500] "GET /sipse/imagenes/cargando.gif HTTP/1.1" 304 -
152.203.219.27 - - [31/Mar/2023:05:43:07 -0500] "GET /sipse/imagenes/logoAplicacion.jpg HTTP/1.1" 304 -
152.203.219.27 - - [31/Mar/2023:05:43:07 -0500] "GET /sipse/css/imagen/contrasena.png HTTP/1.1" 404 383
152.203.219.27 - - [31/Mar/2023:05:43:07 -0500] "GET /sipse/faces/javax.faces.resource/messages/messages.png?ln=primefaces&v=4.0 HTTP/1.1" 304 -
152.203.219.27 - - [31/Mar/2023:05:43:11 -0500] "GET /sipse/faces/javax.faces.resource/images/ui-bg_flat_0_2d5972_40x100.png?ln=primefaces-aristo HTTP/1.1" 304 -
152.203.219.27 - - [31/Mar/2023:05:43:11 -0500] "POST /sipse/faces/bienvenido.xhtml HTTP/1.1" 200 3255
201.245.192.253 - - [31/Mar/2023:05:43:09 -0500] "POST /kwsrmcab/Wsrmcab  HTTP/1.1" 200 43001
152.203.219.27 - - [31/Mar/2023:05:43:11 -0500] "POST /sipse/faces/bienvenido.xhtml HTTP/1.1" 200 42580
152.203.219.27 - - [31/Mar/2023:05:43:12 -0500] "GET /sipse/faces/javax.faces.resource/theme.css?ln=primefaces-sipse HTTP/1.1" 304 -
152.203.219.27 - - [31/Mar/2023:05:43:12 -0500] "GET /sipse/faces/javax.faces.resource/primefaces.css?ln=primefaces&v=4.0 HTTP/1.1" 304 -
152.203.219.27 - - [31/Mar/2023:05:43:12 -0500] "GET /sipse/faces/javax.faces.resource/layout/layout.css?ln=primefaces&v=4.0 HTTP/1.1" 304 -
152.203.219.27 - - [31/Mar/2023:05:43:12 -0500] "GET /sipse/faces/javax.faces.resource/jquery/jquery.js?ln=primefaces&v=4.0 HTTP/1.1" 304 -
152.203.219.27 - - [31/Mar/2023:05:43:12 -0500] "GET /sipse/faces/javax.faces.resource/jquery/jquery-plugins.js?ln=primefaces&v=4.0 HTTP/1.1" 304 -
152.203.219.27 - - [31/Mar/2023:05:43:12 -0500] "GET /sipse/faces/javax.faces.resource/primefaces.js?ln=primefaces&v=4.0 HTTP/1.1" 304 -
152.203.219.27 - - [31/Mar/2023:05:43:12 -0500] "GET /sipse/faces/javax.faces.resource/layout/layout.js?ln=primefaces&v=4.0 HTTP/1.1" 304 -
152.203.219.27 - - [31/Mar/2023:05:43:12 -0500] "POST /sipse/faces/presentacion/financiero/solicitudProceso/listarSolicitudProceso.xhtml HTTP/1.1" 200 1436
152.203.219.27 - - [31/Mar/2023:05:43:16 -0500] "POST /sipse/faces/presentacion/financiero/solicitudProceso/listarSolicitudProceso.xhtml HTTP/1.1" 200 135908
152.203.219.27 - - [31/Mar/2023:05:43:17 -0500] "GET /sipse/faces/javax.faces.resource/theme.css?ln=primefaces-sipse HTTP/1.1" 304 -
152.203.219.27 - - [31/Mar/2023:05:43:17 -0500] "GET /sipse/faces/javax.faces.resource/layout/layout.css?ln=primefaces&v=4.0 HTTP/1.1" 304 -
152.203.219.27 - - [31/Mar/2023:05:43:17 -0500] "GET /sipse/faces/javax.faces.resource/primefaces.css?ln=primefaces&v=4.0 HTTP/1.1" 304 -
152.203.219.27 - - [31/Mar/2023:05:43:17 -0500] "GET /sipse/faces/javax.faces.resource/jquery/jquery.js?ln=primefaces&v=4.0 HTTP/1.1" 304 -
152.203.219.27 - - [31/Mar/2023:05:43:17 -0500] "GET /sipse/faces/javax.faces.resource/jquery/jquery-plugins.js?ln=primefaces&v=4.0 HTTP/1.1" 304 -
152.203.219.27 - - [31/Mar/2023:05:43:17 -0500] "GET /sipse/faces/javax.faces.resource/primefaces.js?ln=primefaces&v=4.0 HTTP/1.1" 304 -
152.203.219.27 - - [31/Mar/2023:05:43:17 -0500] "GET /sipse/faces/javax.faces.resource/layout/layout.js?ln=primefaces&v=4.0 HTTP/1.1" 304 -
172.22.2.1 - - [31/Mar/2023:05:43:20 -0500] "GET /reportes_sipse/sdg/ServletFirma?solicitud=21739 HTTP/1.1" 200 -
152.203.219.27 - - [31/Mar/2023:05:43:20 -0500] "POST /sipse/faces/presentacion/financiero/solicitudProceso/consultarSolicitudProceso.xhtml HTTP/1.1" 200 40196
152.203.219.27 - - [31/Mar/2023:05:43:23 -0500] "GET /sipse/faces/javax.faces.resource/theme.css?ln=primefaces-sipse HTTP/1.1" 304 -
152.203.219.27 - - [31/Mar/2023:05:43:23 -0500] "GET /sipse/faces/javax.faces.resource/layout/layout.css?ln=primefaces&v=4.0 HTTP/1.1" 304 -
152.203.219.27 - - [31/Mar/2023:05:43:23 -0500] "GET /sipse/faces/javax.faces.resource/primefaces.css?ln=primefaces&v=4.0 HTTP/1.1" 304 -
152.203.219.27 - - [31/Mar/2023:05:43:23 -0500] "GET /sipse/faces/javax.faces.resource/jquery/jquery.js?ln=primefaces&v=4.0 HTTP/1.1" 304 -
152.203.219.27 - - [31/Mar/2023:05:43:23 -0500] "GET /sipse/faces/javax.faces.resource/jquery/jquery-plugins.js?ln=primefaces&v=4.0 HTTP/1.1" 304 -
152.203.219.27 - - [31/Mar/2023:05:43:23 -0500] "GET /sipse/faces/javax.faces.resource/primefaces.js?ln=primefaces&v=4.0 HTTP/1.1" 304 -
152.203.219.27 - - [31/Mar/2023:05:43:23 -0500] "GET /sipse/faces/javax.faces.resource/layout/layout.js?ln=primefaces&v=4.0 HTTP/1.1" 304 -
152.203.219.27 - - [31/Mar/2023:05:43:23 -0500] "POST /sipse/faces/presentacion/financiero/solicitudProceso/listarSolicitudProceso.xhtml HTTP/1.1" 200 1420
66.249.70.210 - - [31/Mar/2023:05:43:26 -0500] "-" 408 -
152.203.219.27 - - [31/Mar/2023:05:43:25 -0500] "POST /sipse/faces/presentacion/financiero/solicitudProceso/listarSolicitudProceso.xhtml HTTP/1.1" 200 141198
152.203.219.27 - - [31/Mar/2023:05:43:26 -0500] "GET /sipse/faces/javax.faces.resource/layout/layout.css?ln=primefaces&v=4.0 HTTP/1.1" 304 -
152.203.219.27 - - [31/Mar/2023:05:43:26 -0500] "GET /sipse/faces/javax.faces.resource/primefaces.css?ln=primefaces&v=4.0 HTTP/1.1" 304 -
152.203.219.27 - - [31/Mar/2023:05:43:26 -0500] "GET /sipse/faces/javax.faces.resource/theme.css?ln=primefaces-sipse HTTP/1.1" 304 -
152.203.219.27 - - [31/Mar/2023:05:43:27 -0500] "GET /sipse/faces/javax.faces.resource/jquery/jquery.js?ln=primefaces&v=4.0 HTTP/1.1" 304 -
152.203.219.27 - - [31/Mar/2023:05:43:27 -0500] "GET /sipse/faces/javax.faces.resource/jquery/jquery-plugins.js?ln=primefaces&v=4.0 HTTP/1.1" 304 -
152.203.219.27 - - [31/Mar/2023:05:43:27 -0500] "GET /sipse/faces/javax.faces.resource/primefaces.js?ln=primefaces&v=4.0 HTTP/1.1" 304 -
152.203.219.27 - - [31/Mar/2023:05:43:27 -0500] "GET /sipse/faces/javax.faces.resource/layout/layout.js?ln=primefaces&v=4.0 HTTP/1.1" 304 -
172.22.2.1 - - [31/Mar/2023:05:43:30 -0500] "GET /reportes_sipse/sdg/ServletFirma?solicitud=21700 HTTP/1.1" 200 -
152.203.219.27 - - [31/Mar/2023:05:43:30 -0500] "POST /sipse/faces/presentacion/financiero/solicitudProceso/consultarSolicitudProceso.xhtml HTTP/1.1" 200 37165
152.203.219.27 - - [31/Mar/2023:05:43:33 -0500] "GET /sipse/faces/javax.faces.resource/primefaces.css?ln=primefaces&v=4.0 HTTP/1.1" 304 -
152.203.219.27 - - [31/Mar/2023:05:43:33 -0500] "GET /sipse/faces/javax.faces.resource/theme.css?ln=primefaces-sipse HTTP/1.1" 304 -
152.203.219.27 - - [31/Mar/2023:05:43:33 -0500] "GET /sipse/faces/javax.faces.resource/layout/layout.css?ln=primefaces&v=4.0 HTTP/1.1" 304 -
152.203.219.27 - - [31/Mar/2023:05:43:33 -0500] "GET /sipse/faces/javax.faces.resource/jquery/jquery.js?ln=primefaces&v=4.0 HTTP/1.1" 304 -
152.203.219.27 - - [31/Mar/2023:05:43:33 -0500] "GET /sipse/faces/javax.faces.resource/jquery/jquery-plugins.js?ln=primefaces&v=4.0 HTTP/1.1" 304 -
152.203.219.27 - - [31/Mar/2023:05:43:33 -0500] "GET /sipse/faces/javax.faces.resource/primefaces.js?ln=primefaces&v=4.0 HTTP/1.1" 304 -
152.203.219.27 - - [31/Mar/2023:05:43:33 -0500] "GET /sipse/faces/javax.faces.resource/layout/layout.js?ln=primefaces&v=4.0 HTTP/1.1" 304 -
152.203.219.27 - - [31/Mar/2023:05:43:33 -0500] "POST /sipse/faces/presentacion/financiero/solicitudProceso/listarSolicitudProceso.xhtml HTTP/1.1" 200 1396
152.203.219.27 - - [31/Mar/2023:05:43:34 -0500] "POST /sipse/faces/presentacion/financiero/solicitudProceso/listarSolicitudProceso.xhtml HTTP/1.1" 200 911
152.203.219.27 - - [31/Mar/2023:05:43:35 -0500] "GET /sipse/faces/faces/faces/autenticacion HTTP/1.1" 302 -
152.203.219.27 - - [31/Mar/2023:05:43:35 -0500] "GET /sipse/faces/autenticacion.xhtml HTTP/1.1" 200 12179
152.203.219.27 - - [31/Mar/2023:05:43:35 -0500] "GET /sipse/faces/javax.faces.resource/layout/layout.css?ln=primefaces&v=4.0 HTTP/1.1" 304 -
152.203.219.27 - - [31/Mar/2023:05:43:35 -0500] "GET /sipse/faces/javax.faces.resource/primefaces.css?ln=primefaces&v=4.0 HTTP/1.1" 304 -
152.203.219.27 - - [31/Mar/2023:05:43:35 -0500] "GET /sipse/faces/javax.faces.resource/theme.css?ln=primefaces-sipse HTTP/1.1" 304 -
152.203.219.27 - - [31/Mar/2023:05:43:35 -0500] "GET /sipse/faces/javax.faces.resource/primefaces.js?ln=primefaces&v=4.0 HTTP/1.1" 304 -
152.203.219.27 - - [31/Mar/2023:05:43:35 -0500] "GET /sipse/faces/javax.faces.resource/jquery/jquery-plugins.js?ln=primefaces&v=4.0 HTTP/1.1" 304 -
152.203.219.27 - - [31/Mar/2023:05:43:35 -0500] "GET /sipse/faces/javax.faces.resource/jquery/jquery.js?ln=primefaces&v=4.0 HTTP/1.1" 304 -
152.203.219.27 - - [31/Mar/2023:05:43:35 -0500] "GET /sipse/faces/javax.faces.resource/layout/layout.js?ln=primefaces&v=4.0 HTTP/1.1" 304 -
152.203.219.27 - - [31/Mar/2023:05:43:38 -0500] "POST /sipse/faces/autenticacion.xhtml HTTP/1.1" 200 2225
152.203.219.27 - - [31/Mar/2023:05:43:39 -0500] "POST /sipse/faces/autenticacion.xhtml HTTP/1.1" 200 16244
152.203.219.27 - - [31/Mar/2023:05:43:39 -0500] "GET /sipse/faces/javax.faces.resource/layout/layout.css?ln=primefaces&v=4.0 HTTP/1.1" 304 -
152.203.219.27 - - [31/Mar/2023:05:43:39 -0500] "GET /sipse/faces/javax.faces.resource/theme.css?ln=primefaces-sipse HTTP/1.1" 304 -
152.203.219.27 - - [31/Mar/2023:05:43:39 -0500] "GET /sipse/faces/javax.faces.resource/primefaces.css?ln=primefaces&v=4.0 HTTP/1.1" 304 -
152.203.219.27 - - [31/Mar/2023:05:43:39 -0500] "GET /sipse/faces/javax.faces.resource/jquery/jquery.js?ln=primefaces&v=4.0 HTTP/1.1" 304 -
152.203.219.27 - - [31/Mar/2023:05:43:39 -0500] "GET /sipse/faces/javax.faces.resource/jquery/jquery-plugins.js?ln=primefaces&v=4.0 HTTP/1.1" 304 -
152.203.219.27 - - [31/Mar/2023:05:43:39 -0500] "GET /sipse/faces/javax.faces.resource/primefaces.js?ln=primefaces&v=4.0 HTTP/1.1" 304 -
152.203.219.27 - - [31/Mar/2023:05:43:39 -0500] "GET /sipse/faces/javax.faces.resource/layout/layout.js?ln=primefaces&v=4.0 HTTP/1.1" 304 -
152.203.219.27 - - [31/Mar/2023:05:43:40 -0500] "POST /sipse/faces/bienvenido.xhtml HTTP/1.1" 200 2658
152.203.219.27 - - [31/Mar/2023:05:43:41 -0500] "POST /sipse/faces/bienvenido.xhtml HTTP/1.1" 200 63897
152.203.219.27 - - [31/Mar/2023:05:43:45 -0500] "GET /sipse/faces/javax.faces.resource/theme.css?ln=primefaces-sipse HTTP/1.1" 304 -
152.203.219.27 - - [31/Mar/2023:05:43:45 -0500] "GET /sipse/faces/javax.faces.resource/primefaces.css?ln=primefaces&v=4.0 HTTP/1.1" 304 -
152.203.219.27 - - [31/Mar/2023:05:43:45 -0500] "GET /sipse/faces/javax.faces.resource/layout/layout.css?ln=primefaces&v=4.0 HTTP/1.1" 304 -
152.203.219.27 - - [31/Mar/2023:05:43:45 -0500] "GET /sipse/faces/javax.faces.resource/jquery/jquery.js?ln=primefaces&v=4.0 HTTP/1.1" 304 -
152.203.219.27 - - [31/Mar/2023:05:43:45 -0500] "GET /sipse/faces/javax.faces.resource/jquery/jquery-plugins.js?ln=primefaces&v=4.0 HTTP/1.1" 304 -
152.203.219.27 - - [31/Mar/2023:05:43:45 -0500] "GET /sipse/faces/javax.faces.resource/primefaces.js?ln=primefaces&v=4.0 HTTP/1.1" 304 -
152.203.219.27 - - [31/Mar/2023:05:43:45 -0500] "GET /sipse/faces/javax.faces.resource/layout/layout.js?ln=primefaces&v=4.0 HTTP/1.1" 304 -
152.203.219.27 - - [31/Mar/2023:05:43:45 -0500] "POST /sipse/faces/presentacion/financiero/solicitudProceso/listarSolicitudProceso.xhtml HTTP/1.1" 200 1556
152.203.219.27 - - [31/Mar/2023:05:43:57 -0500] "POST /sipse/faces/presentacion/financiero/solicitudProceso/listarSolicitudProceso.xhtml HTTP/1.1" 200 139354
152.203.219.27 - - [31/Mar/2023:05:43:58 -0500] "GET /sipse/faces/javax.faces.resource/theme.css?ln=primefaces-sipse HTTP/1.1" 304 -
152.203.219.27 - - [31/Mar/2023:05:43:58 -0500] "GET /sipse/faces/javax.faces.resource/layout/layout.css?ln=primefaces&v=4.0 HTTP/1.1" 304 -
152.203.219.27 - - [31/Mar/2023:05:43:58 -0500] "GET /sipse/faces/javax.faces.resource/primefaces.css?ln=primefaces&v=4.0 HTTP/1.1" 304 -
152.203.219.27 - - [31/Mar/2023:05:43:58 -0500] "GET /sipse/faces/javax.faces.resource/jquery/jquery.js?ln=primefaces&v=4.0 HTTP/1.1" 304 -
152.203.219.27 - - [31/Mar/2023:05:43:58 -0500] "GET /sipse/faces/javax.faces.resource/jquery/jquery-plugins.js?ln=primefaces&v=4.0 HTTP/1.1" 304 -
152.203.219.27 - - [31/Mar/2023:05:43:58 -0500] "GET /sipse/faces/javax.faces.resource/primefaces.js?ln=primefaces&v=4.0 HTTP/1.1" 304 -
152.203.219.27 - - [31/Mar/2023:05:43:58 -0500] "GET /sipse/faces/javax.faces.resource/layout/layout.js?ln=primefaces&v=4.0 HTTP/1.1" 304 -
152.203.219.27 - - [31/Mar/2023:05:44:02 -0500] "POST /sipse/faces/presentacion/financiero/solicitudProceso/consultarSolicitudProceso.xhtml HTTP/1.1" 200 63897
152.203.219.27 - - [31/Mar/2023:05:44:03 -0500] "GET /sipse/faces/javax.faces.resource/theme.css?ln=primefaces-sipse HTTP/1.1" 304 -
152.203.219.27 - - [31/Mar/2023:05:44:03 -0500] "GET /sipse/faces/javax.faces.resource/primefaces.css?ln=primefaces&v=4.0 HTTP/1.1" 304 -
152.203.219.27 - - [31/Mar/2023:05:44:03 -0500] "GET /sipse/faces/javax.faces.resource/jquery/jquery.js?ln=primefaces&v=4.0 HTTP/1.1" 304 -
152.203.219.27 - - [31/Mar/2023:05:44:03 -0500] "GET /sipse/faces/javax.faces.resource/jquery/jquery-plugins.js?ln=primefaces&v=4.0 HTTP/1.1" 304 -
152.203.219.27 - - [31/Mar/2023:05:44:03 -0500] "GET /sipse/faces/javax.faces.resource/primefaces.js?ln=primefaces&v=4.0 HTTP/1.1" 304 -
152.203.219.27 - - [31/Mar/2023:05:44:03 -0500] "GET /sipse/faces/javax.faces.resource/layout/layout.js?ln=primefaces&v=4.0 HTTP/1.1" 304 -
152.203.219.27 - - [31/Mar/2023:05:44:03 -0500] "GET /sipse/faces/javax.faces.resource/layout/layout.css?ln=primefaces&v=4.0 HTTP/1.1" 304 -
152.203.219.27 - - [31/Mar/2023:05:44:03 -0500] "POST /sipse/faces/presentacion/financiero/solicitudProceso/listarSolicitudProceso.xhtml HTTP/1.1" 200 57281
152.203.219.27 - - [31/Mar/2023:05:44:03 -0500] "POST /sipse/faces/presentacion/financiero/solicitudProceso/listarSolicitudProceso.xhtml HTTP/1.1" 200 57281
152.203.219.27 - - [31/Mar/2023:05:44:04 -0500] "POST /sipse/faces/presentacion/financiero/solicitudProceso/listarSolicitudProceso.xhtml HTTP/1.1" 200 1556
152.203.219.27 - - [31/Mar/2023:05:44:07 -0500] "POST /sipse/faces/presentacion/financiero/solicitudProceso/listarSolicitudProceso.xhtml HTTP/1.1" 200 1560
152.203.219.27 - - [31/Mar/2023:05:44:09 -0500] "POST /sipse/faces/presentacion/financiero/solicitudProceso/listarSolicitudProceso.xhtml HTTP/1.1" 200 1564
172.22.2.4 - - [31/Mar/2023:05:43:22 -0500] "HEAD /BLA/boletinlegal/ HTTP/1.1" 200 -
172.22.2.4 - - [31/Mar/2023:05:44:13 -0500] "GET /BLA/boletinlegal/ HTTP/1.1" 200 53914
186.80.52.59 - - [31/Mar/2023:05:46:40 -0500] "GET /forest/ HTTP/1.1" 200 12041
152.203.219.27 - - [31/Mar/2023:05:46:41 -0500] "POST /sipse/faces/presentacion/financiero/solicitudProceso/listarSolicitudProceso.xhtml HTTP/1.1" 200 45814
152.203.219.27 - - [31/Mar/2023:05:46:44 -0500] "POST /sipse/faces/presentacion/financiero/solicitudProceso/listarSolicitudProceso.xhtml HTTP/1.1" 200 19890
152.203.219.27 - - [31/Mar/2023:05:46:46 -0500] "POST /sipse/faces/presentacion/financiero/solicitudProceso/listarSolicitudProceso.xhtml HTTP/1.1" 200 139471
152.203.219.27 - - [31/Mar/2023:05:46:47 -0500] "GET /sipse/faces/javax.faces.resource/theme.css?ln=primefaces-sipse HTTP/1.1" 304 -
152.203.219.27 - - [31/Mar/2023:05:46:47 -0500] "GET /sipse/faces/javax.faces.resource/primefaces.css?ln=primefaces&v=4.0 HTTP/1.1" 304 -
152.203.219.27 - - [31/Mar/2023:05:46:47 -0500] "GET /sipse/faces/javax.faces.resource/layout/layout.css?ln=primefaces&v=4.0 HTTP/1.1" 304 -
152.203.219.27 - - [31/Mar/2023:05:46:47 -0500] "GET /sipse/css/imagen/contrasena.png HTTP/1.1" 404 383
152.203.219.27 - - [31/Mar/2023:05:46:47 -0500] "GET /sipse/faces/javax.faces.resource/jquery/jquery.js?ln=primefaces&v=4.0 HTTP/1.1" 304 -
152.203.219.27 - - [31/Mar/2023:05:46:47 -0500] "GET /sipse/faces/javax.faces.resource/jquery/jquery-plugins.js?ln=primefaces&v=4.0 HTTP/1.1" 304 -
152.203.219.27 - - [31/Mar/2023:05:46:47 -0500] "GET /sipse/faces/javax.faces.resource/primefaces.js?ln=primefaces&v=4.0 HTTP/1.1" 304 -
152.203.219.27 - - [31/Mar/2023:05:46:47 -0500] "GET /sipse/faces/javax.faces.resource/layout/layout.js?ln=primefaces&v=4.0 HTTP/1.1" 304 -
152.203.219.27 - - [31/Mar/2023:05:46:47 -0500] "GET /sipse/faces/javax.faces.resource/images/ui-icons_898989_256x240.png?ln=primefaces-aristo HTTP/1.1" 304 -
152.203.219.27 - - [31/Mar/2023:05:46:49 -0500] "POST /sipse/faces/presentacion/financiero/solicitudProceso/consultarSolicitudProceso.xhtml HTTP/1.1" 200 43882
152.203.219.27 - - [31/Mar/2023:05:46:50 -0500] "GET /sipse/faces/javax.faces.resource/primefaces.css?ln=primefaces&v=4.0 HTTP/1.1" 304 -
152.203.219.27 - - [31/Mar/2023:05:46:50 -0500] "GET /sipse/faces/javax.faces.resource/theme.css?ln=primefaces-sipse HTTP/1.1" 304 -
152.203.219.27 - - [31/Mar/2023:05:46:50 -0500] "GET /sipse/faces/javax.faces.resource/layout/layout.css?ln=primefaces&v=4.0 HTTP/1.1" 304 -
152.203.219.27 - - [31/Mar/2023:05:46:50 -0500] "GET /sipse/faces/javax.faces.resource/jquery/jquery.js?ln=primefaces&v=4.0 HTTP/1.1" 304 -
152.203.219.27 - - [31/Mar/2023:05:46:50 -0500] "GET /sipse/faces/javax.faces.resource/jquery/jquery-plugins.js?ln=primefaces&v=4.0 HTTP/1.1" 304 -
152.203.219.27 - - [31/Mar/2023:05:46:50 -0500] "GET /sipse/faces/javax.faces.resource/primefaces.js?ln=primefaces&v=4.0 HTTP/1.1" 304 -
152.203.219.27 - - [31/Mar/2023:05:46:50 -0500] "GET /sipse/faces/javax.faces.resource/layout/layout.js?ln=primefaces&v=4.0 HTTP/1.1" 304 -
152.203.219.27 - - [31/Mar/2023:05:46:50 -0500] "GET /sipse/css/imagen/contrasena.png HTTP/1.1" 404 383
152.203.219.27 - - [31/Mar/2023:05:46:50 -0500] "GET /sipse/faces/javax.faces.resource/images/ui-icons_898989_256x240.png?ln=primefaces-aristo HTTP/1.1" 304 -
152.203.219.27 - - [31/Mar/2023:05:47:02 -0500] "GET /sipse/faces/javax.faces.resource/theme.css?ln=primefaces-sipse HTTP/1.1" 304 -
152.203.219.27 - - [31/Mar/2023:05:47:02 -0500] "GET /sipse/faces/javax.faces.resource/primefaces.css?ln=primefaces&v=4.0 HTTP/1.1" 304 -
152.203.219.27 - - [31/Mar/2023:05:47:02 -0500] "GET /sipse/faces/javax.faces.resource/layout/layout.css?ln=primefaces&v=4.0 HTTP/1.1" 304 -
152.203.219.27 - - [31/Mar/2023:05:47:02 -0500] "GET /sipse/faces/javax.faces.resource/jquery/jquery-plugins.js?ln=primefaces&v=4.0 HTTP/1.1" 304 -
152.203.219.27 - - [31/Mar/2023:05:47:02 -0500] "GET /sipse/faces/javax.faces.resource/jquery/jquery.js?ln=primefaces&v=4.0 HTTP/1.1" 304 -
152.203.219.27 - - [31/Mar/2023:05:47:02 -0500] "GET /sipse/faces/javax.faces.resource/layout/layout.js?ln=primefaces&v=4.0 HTTP/1.1" 304 -
152.203.219.27 - - [31/Mar/2023:05:47:02 -0500] "GET /sipse/faces/javax.faces.resource/primefaces.js?ln=primefaces&v=4.0 HTTP/1.1" 304 -
152.203.219.27 - - [31/Mar/2023:05:47:02 -0500] "POST /sipse/faces/presentacion/financiero/solicitudProceso/consultarHistorialSolProceso.xhtml HTTP/1.1" 200 185313
152.203.219.27 - - [31/Mar/2023:05:47:02 -0500] "GET /sipse/css/imagen/contrasena.png HTTP/1.1" 404 383
152.203.219.27 - - [31/Mar/2023:05:47:02 -0500] "GET /sipse/faces/javax.faces.resource/images/ui-icons_898989_256x240.png?ln=primefaces-aristo HTTP/1.1" 304 -
216.245.221.92 - - [31/Mar/2023:05:47:05 -0500] "HEAD / HTTP/1.1" 200 -
152.203.219.27 - - [31/Mar/2023:05:47:49 -0500] "POST /sipse/faces/presentacion/financiero/solicitudProceso/consultarSolicitudProceso.xhtml HTTP/1.1" 200 43882
152.203.219.27 - - [31/Mar/2023:05:47:50 -0500] "GET /sipse/faces/javax.faces.resource/theme.css?ln=primefaces-sipse HTTP/1.1" 304 -
152.203.219.27 - - [31/Mar/2023:05:47:50 -0500] "GET /sipse/faces/javax.faces.resource/primefaces.css?ln=primefaces&v=4.0 HTTP/1.1" 304 -
152.203.219.27 - - [31/Mar/2023:05:47:50 -0500] "GET /sipse/faces/javax.faces.resource/layout/layout.css?ln=primefaces&v=4.0 HTTP/1.1" 304 -
152.203.219.27 - - [31/Mar/2023:05:47:50 -0500] "GET /sipse/faces/javax.faces.resource/primefaces.js?ln=primefaces&v=4.0 HTTP/1.1" 304 -
152.203.219.27 - - [31/Mar/2023:05:47:50 -0500] "GET /sipse/faces/javax.faces.resource/jquery/jquery-plugins.js?ln=primefaces&v=4.0 HTTP/1.1" 304 -
152.203.219.27 - - [31/Mar/2023:05:47:50 -0500] "GET /sipse/faces/javax.faces.resource/jquery/jquery.js?ln=primefaces&v=4.0 HTTP/1.1" 304 -
152.203.219.27 - - [31/Mar/2023:05:47:50 -0500] "GET /sipse/faces/javax.faces.resource/layout/layout.js?ln=primefaces&v=4.0 HTTP/1.1" 304 -
152.203.219.27 - - [31/Mar/2023:05:47:50 -0500] "GET /sipse/css/imagen/contrasena.png HTTP/1.1" 404 383
152.203.219.27 - - [31/Mar/2023:05:47:50 -0500] "GET /sipse/faces/javax.faces.resource/images/ui-icons_898989_256x240.png?ln=primefaces-aristo HTTP/1.1" 304 -
201.245.192.253 - - [31/Mar/2023:05:48:07 -0500] "POST /kwsrmcab/Wsrmcab  HTTP/1.1" 200 43001
152.203.219.27 - - [31/Mar/2023:05:48:33 -0500] "GET /sipse/faces/javax.faces.resource/theme.css?ln=primefaces-sipse HTTP/1.1" 304 -
152.203.219.27 - - [31/Mar/2023:05:48:33 -0500] "GET /sipse/faces/javax.faces.resource/layout/layout.css?ln=primefaces&v=4.0 HTTP/1.1" 304 -
152.203.219.27 - - [31/Mar/2023:05:48:33 -0500] "GET /sipse/faces/javax.faces.resource/primefaces.css?ln=primefaces&v=4.0 HTTP/1.1" 304 -
152.203.219.27 - - [31/Mar/2023:05:48:33 -0500] "GET /sipse/faces/javax.faces.resource/jquery/jquery.js?ln=primefaces&v=4.0 HTTP/1.1" 304 -
152.203.219.27 - - [31/Mar/2023:05:48:33 -0500] "GET /sipse/faces/javax.faces.resource/jquery/jquery-plugins.js?ln=primefaces&v=4.0 HTTP/1.1" 304 -
152.203.219.27 - - [31/Mar/2023:05:48:33 -0500] "GET /sipse/faces/javax.faces.resource/primefaces.js?ln=primefaces&v=4.0 HTTP/1.1" 304 -
152.203.219.27 - - [31/Mar/2023:05:48:33 -0500] "GET /sipse/faces/javax.faces.resource/layout/layout.js?ln=primefaces&v=4.0 HTTP/1.1" 304 -
152.203.219.27 - - [31/Mar/2023:05:48:32 -0500] "POST /sipse/faces/presentacion/financiero/solicitudProceso/consultarHistorialSolProceso.xhtml HTTP/1.1" 200 185313
152.203.219.27 - - [31/Mar/2023:05:48:33 -0500] "GET /sipse/css/imagen/contrasena.png HTTP/1.1" 404 383
152.203.219.27 - - [31/Mar/2023:05:48:33 -0500] "GET /sipse/faces/javax.faces.resource/images/ui-icons_898989_256x240.png?ln=primefaces-aristo HTTP/1.1" 304 -
152.203.219.27 - - [31/Mar/2023:05:48:45 -0500] "GET /sipse/faces/javax.faces.resource/images/ui-bg_flat_0_2d5972_40x100.png?ln=primefaces-aristo HTTP/1.1" 304 -
152.203.219.27 - - [31/Mar/2023:05:48:45 -0500] "POST /sipse/faces/presentacion/financiero/solicitudProceso/consultarSolicitudProceso.xhtml HTTP/1.1" 200 36607
152.203.219.27 - - [31/Mar/2023:05:48:46 -0500] "GET /sipse/faces/javax.faces.resource/theme.css?ln=primefaces-sipse HTTP/1.1" 304 -
152.203.219.27 - - [31/Mar/2023:05:48:46 -0500] "GET /sipse/faces/javax.faces.resource/primefaces.css?ln=primefaces&v=4.0 HTTP/1.1" 304 -
152.203.219.27 - - [31/Mar/2023:05:48:46 -0500] "GET /sipse/faces/javax.faces.resource/layout/layout.css?ln=primefaces&v=4.0 HTTP/1.1" 304 -
152.203.219.27 - - [31/Mar/2023:05:48:46 -0500] "GET /sipse/faces/javax.faces.resource/jquery/jquery.js?ln=primefaces&v=4.0 HTTP/1.1" 304 -
152.203.219.27 - - [31/Mar/2023:05:48:46 -0500] "GET /sipse/faces/javax.faces.resource/jquery/jquery-plugins.js?ln=primefaces&v=4.0 HTTP/1.1" 304 -
152.203.219.27 - - [31/Mar/2023:05:48:46 -0500] "GET /sipse/faces/javax.faces.resource/primefaces.js?ln=primefaces&v=4.0 HTTP/1.1" 304 -
152.203.219.27 - - [31/Mar/2023:05:48:46 -0500] "GET /sipse/faces/javax.faces.resource/layout/layout.js?ln=primefaces&v=4.0 HTTP/1.1" 304 -
152.203.219.27 - - [31/Mar/2023:05:48:46 -0500] "POST /sipse/faces/presentacion/financiero/solicitudProceso/listarSolicitudProceso.xhtml HTTP/1.1" 200 1396
66.249.66.64 - - [31/Mar/2023:05:49:41 -0500] "-" 408 -
172.22.2.4 - - [31/Mar/2023:05:49:12 -0500] "HEAD /BLA/boletinlegal/ HTTP/1.1" 200 -
52.167.144.150 - - [31/Mar/2023:05:51:23 -0500] "GET /BLA/resoluciones/AUTOS%202021/2356.pdf HTTP/1.1" 200 382852
172.22.2.4 - - [31/Mar/2023:05:50:03 -0500] "GET /BLA/boletinlegal/ HTTP/1.1" 200 52316
216.245.221.92 - - [31/Mar/2023:05:52:05 -0500] "HEAD / HTTP/1.1" 200 -
201.245.192.253 - - [31/Mar/2023:05:53:06 -0500] "POST /kwsrmcab/Wsrmcab  HTTP/1.1" 200 43001
66.249.70.210 - - [31/Mar/2023:05:53:11 -0500] "-" 408 -
172.22.2.4 - - [31/Mar/2023:05:54:41 -0500] "GET /BLA/boletinlegal/ HTTP/1.1" 200 24523
172.22.2.4 - - [31/Mar/2023:05:55:02 -0500] "HEAD /BLA/boletinlegal/ HTTP/1.1" 200 -
216.245.221.92 - - [31/Mar/2023:05:57:05 -0500] "HEAD / HTTP/1.1" 200 -
52.167.144.167 - - [31/Mar/2023:05:57:15 -0500] "GET /BLA/resoluciones/index.php?dir=RESOLUCIONES+2023%2F HTTP/1.1" 200 11738
172.22.2.4 - - [31/Mar/2023:05:55:53 -0500] "GET /BLA/boletinlegal/ HTTP/1.1" 200 57551
52.167.144.150 - - [31/Mar/2023:05:57:47 -0500] "GET /BLA/resoluciones/RESOLUCIONES%202021/3056.pdf HTTP/1.1" 200 487643
201.245.192.253 - - [31/Mar/2023:05:58:04 -0500] "POST /kwsrmcab/Wsrmcab  HTTP/1.1" 200 43001
152.203.219.27 - - [31/Mar/2023:05:58:41 -0500] "POST /sipse/faces/presentacion/financiero/solicitudProceso/listarSolicitudProceso.xhtml HTTP/1.1" 200 45814
52.167.144.46 - - [31/Mar/2023:05:59:19 -0500] "GET /BLA/resoluciones/AUTOS%202013/1169.pdf HTTP/1.1" 200 536301
216.245.221.92 - - [31/Mar/2023:06:02:05 -0500] "HEAD / HTTP/1.1" 200 -
172.22.2.4 - - [31/Mar/2023:06:00:52 -0500] "HEAD /BLA/boletinlegal/ HTTP/1.1" 200 -
201.245.192.253 - - [31/Mar/2023:06:03:02 -0500] "POST /kwsrmcab/Wsrmcab  HTTP/1.1" 200 43001
172.22.2.4 - - [31/Mar/2023:06:01:43 -0500] "GET /BLA/boletinlegal/ HTTP/1.1" 200 52316
152.203.219.27 - - [31/Mar/2023:06:03:34 -0500] "POST /sipse/faces/presentacion/financiero/solicitudProceso/listarSolicitudProceso.xhtml HTTP/1.1" 200 45635
152.203.219.27 - - [31/Mar/2023:06:03:43 -0500] "POST /sipse/faces/presentacion/financiero/solicitudProceso/listarSolicitudProceso.xhtml HTTP/1.1" 200 135911
152.203.219.27 - - [31/Mar/2023:06:03:44 -0500] "GET /sipse/faces/javax.faces.resource/theme.css?ln=primefaces-sipse HTTP/1.1" 304 -
152.203.219.27 - - [31/Mar/2023:06:03:44 -0500] "GET /sipse/faces/javax.faces.resource/layout/layout.css?ln=primefaces&v=4.0 HTTP/1.1" 304 -
152.203.219.27 - - [31/Mar/2023:06:03:44 -0500] "GET /sipse/faces/javax.faces.resource/primefaces.css?ln=primefaces&v=4.0 HTTP/1.1" 304 -
152.203.219.27 - - [31/Mar/2023:06:03:44 -0500] "GET /sipse/faces/javax.faces.resource/jquery/jquery.js?ln=primefaces&v=4.0 HTTP/1.1" 304 -
152.203.219.27 - - [31/Mar/2023:06:03:44 -0500] "GET /sipse/faces/javax.faces.resource/jquery/jquery-plugins.js?ln=primefaces&v=4.0 HTTP/1.1" 304 -
152.203.219.27 - - [31/Mar/2023:06:03:44 -0500] "GET /sipse/faces/javax.faces.resource/primefaces.js?ln=primefaces&v=4.0 HTTP/1.1" 304 -
152.203.219.27 - - [31/Mar/2023:06:03:45 -0500] "GET /sipse/faces/javax.faces.resource/layout/layout.js?ln=primefaces&v=4.0 HTTP/1.1" 304 -
152.203.219.27 - - [31/Mar/2023:06:03:48 -0500] "GET /sipse/faces/javax.faces.resource/primefaces.css?ln=primefaces&v=4.0 HTTP/1.1" 304 -
152.203.219.27 - - [31/Mar/2023:06:03:48 -0500] "GET /sipse/faces/javax.faces.resource/theme.css?ln=primefaces-sipse HTTP/1.1" 304 -
152.203.219.27 - - [31/Mar/2023:06:03:48 -0500] "GET /sipse/faces/javax.faces.resource/layout/layout.css?ln=primefaces&v=4.0 HTTP/1.1" 304 -
152.203.219.27 - - [31/Mar/2023:06:03:48 -0500] "GET /sipse/faces/javax.faces.resource/jquery/jquery.js?ln=primefaces&v=4.0 HTTP/1.1" 304 -
152.203.219.27 - - [31/Mar/2023:06:03:48 -0500] "GET /sipse/faces/javax.faces.resource/primefaces.js?ln=primefaces&v=4.0 HTTP/1.1" 304 -
152.203.219.27 - - [31/Mar/2023:06:03:48 -0500] "GET /sipse/faces/javax.faces.resource/jquery/jquery-plugins.js?ln=primefaces&v=4.0 HTTP/1.1" 304 -
152.203.219.27 - - [31/Mar/2023:06:03:48 -0500] "GET /sipse/faces/javax.faces.resource/layout/layout.js?ln=primefaces&v=4.0 HTTP/1.1" 304 -
152.203.219.27 - - [31/Mar/2023:06:03:47 -0500] "POST /sipse/faces/presentacion/financiero/solicitudProceso/consultarSolicitudProceso.xhtml HTTP/1.1" 200 37800
152.203.219.27 - - [31/Mar/2023:06:03:48 -0500] "GET /sipse/css/imagen/contrasena.png HTTP/1.1" 404 383
152.203.219.27 - - [31/Mar/2023:06:03:48 -0500] "GET /sipse/faces/javax.faces.resource/images/ui-icons_898989_256x240.png?ln=primefaces-aristo HTTP/1.1" 304 -
152.203.219.27 - - [31/Mar/2023:06:04:13 -0500] "GET /sipse/faces/javax.faces.resource/theme.css?ln=primefaces-sipse HTTP/1.1" 304 -
152.203.219.27 - - [31/Mar/2023:06:04:13 -0500] "GET /sipse/faces/javax.faces.resource/primefaces.css?ln=primefaces&v=4.0 HTTP/1.1" 304 -
152.203.219.27 - - [31/Mar/2023:06:04:13 -0500] "GET /sipse/faces/javax.faces.resource/layout/layout.css?ln=primefaces&v=4.0 HTTP/1.1" 304 -
152.203.219.27 - - [31/Mar/2023:06:04:13 -0500] "GET /sipse/faces/javax.faces.resource/jquery/jquery-plugins.js?ln=primefaces&v=4.0 HTTP/1.1" 304 -
152.203.219.27 - - [31/Mar/2023:06:04:13 -0500] "GET /sipse/faces/javax.faces.resource/jquery/jquery.js?ln=primefaces&v=4.0 HTTP/1.1" 304 -
152.203.219.27 - - [31/Mar/2023:06:04:13 -0500] "GET /sipse/faces/javax.faces.resource/primefaces.js?ln=primefaces&v=4.0 HTTP/1.1" 304 -
152.203.219.27 - - [31/Mar/2023:06:04:13 -0500] "GET /sipse/faces/javax.faces.resource/layout/layout.js?ln=primefaces&v=4.0 HTTP/1.1" 304 -
152.203.219.27 - - [31/Mar/2023:06:04:13 -0500] "GET /sipse/css/imagen/contrasena.png HTTP/1.1" 404 383
152.203.219.27 - - [31/Mar/2023:06:04:13 -0500] "GET /sipse/faces/javax.faces.resource/images/ui-icons_898989_256x240.png?ln=primefaces-aristo HTTP/1.1" 304 -
152.203.219.27 - - [31/Mar/2023:06:04:12 -0500] "POST /sipse/faces/presentacion/financiero/solicitudProceso/consultarHistorialSolProceso.xhtml HTTP/1.1" 200 181753
152.203.219.27 - - [31/Mar/2023:06:04:30 -0500] "POST /sipse/faces/presentacion/financiero/solicitudProceso/consultarSolicitudProceso.xhtml HTTP/1.1" 200 37800
152.203.219.27 - - [31/Mar/2023:06:04:31 -0500] "GET /sipse/faces/javax.faces.resource/theme.css?ln=primefaces-sipse HTTP/1.1" 304 -
152.203.219.27 - - [31/Mar/2023:06:04:31 -0500] "GET /sipse/faces/javax.faces.resource/layout/layout.css?ln=primefaces&v=4.0 HTTP/1.1" 304 -
152.203.219.27 - - [31/Mar/2023:06:04:31 -0500] "GET /sipse/faces/javax.faces.resource/primefaces.css?ln=primefaces&v=4.0 HTTP/1.1" 304 -
152.203.219.27 - - [31/Mar/2023:06:04:31 -0500] "GET /sipse/faces/javax.faces.resource/primefaces.js?ln=primefaces&v=4.0 HTTP/1.1" 304 -
152.203.219.27 - - [31/Mar/2023:06:04:31 -0500] "GET /sipse/faces/javax.faces.resource/jquery/jquery-plugins.js?ln=primefaces&v=4.0 HTTP/1.1" 304 -
152.203.219.27 - - [31/Mar/2023:06:04:31 -0500] "GET /sipse/faces/javax.faces.resource/jquery/jquery.js?ln=primefaces&v=4.0 HTTP/1.1" 304 -
152.203.219.27 - - [31/Mar/2023:06:04:31 -0500] "GET /sipse/faces/javax.faces.resource/layout/layout.js?ln=primefaces&v=4.0 HTTP/1.1" 304 -
152.203.219.27 - - [31/Mar/2023:06:04:31 -0500] "GET /sipse/css/imagen/contrasena.png HTTP/1.1" 404 383
152.203.219.27 - - [31/Mar/2023:06:04:31 -0500] "GET /sipse/faces/javax.faces.resource/images/ui-icons_898989_256x240.png?ln=primefaces-aristo HTTP/1.1" 304 -
186.102.30.11 - - [31/Mar/2023:06:04:36 -0500] "GET /secretaria-de-ambiente-rinde-cuentas-este-viernes-31-de-marzo.html HTTP/1.1" 200 864
152.203.219.27 - - [31/Mar/2023:06:04:55 -0500] "GET /sipse/faces/javax.faces.resource/theme.css?ln=primefaces-sipse HTTP/1.1" 304 -
152.203.219.27 - - [31/Mar/2023:06:04:55 -0500] "GET /sipse/faces/javax.faces.resource/primefaces.css?ln=primefaces&v=4.0 HTTP/1.1" 304 -
152.203.219.27 - - [31/Mar/2023:06:04:55 -0500] "GET /sipse/faces/javax.faces.resource/jquery/jquery.js?ln=primefaces&v=4.0 HTTP/1.1" 304 -
152.203.219.27 - - [31/Mar/2023:06:04:55 -0500] "GET /sipse/faces/javax.faces.resource/layout/layout.css?ln=primefaces&v=4.0 HTTP/1.1" 304 -
152.203.219.27 - - [31/Mar/2023:06:04:55 -0500] "GET /sipse/faces/javax.faces.resource/jquery/jquery-plugins.js?ln=primefaces&v=4.0 HTTP/1.1" 304 -
152.203.219.27 - - [31/Mar/2023:06:04:55 -0500] "GET /sipse/faces/javax.faces.resource/primefaces.js?ln=primefaces&v=4.0 HTTP/1.1" 304 -
152.203.219.27 - - [31/Mar/2023:06:04:55 -0500] "GET /sipse/faces/javax.faces.resource/layout/layout.js?ln=primefaces&v=4.0 HTTP/1.1" 304 -
152.203.219.27 - - [31/Mar/2023:06:04:55 -0500] "GET /sipse/css/imagen/contrasena.png HTTP/1.1" 404 383
152.203.219.27 - - [31/Mar/2023:06:04:55 -0500] "GET /sipse/faces/javax.faces.resource/images/ui-icons_898989_256x240.png?ln=primefaces-aristo HTTP/1.1" 304 -
152.203.219.27 - - [31/Mar/2023:06:04:55 -0500] "POST /sipse/faces/presentacion/financiero/solicitudProceso/consultarHistorialSolProceso.xhtml HTTP/1.1" 200 181753
152.203.219.27 - - [31/Mar/2023:06:04:59 -0500] "POST /sipse/faces/presentacion/financiero/solicitudProceso/consultarSolicitudProceso.xhtml HTTP/1.1" 200 83693
52.167.144.150 - - [31/Mar/2023:06:05:15 -0500] "GET /BLA/resoluciones/RESOLUCIONES%202021/2737.pdf HTTP/1.1" 200 598311
152.203.219.27 - - [31/Mar/2023:06:05:45 -0500] "GET /sipse/faces/javax.faces.resource/images/ui-bg_flat_0_2d5972_40x100.png?ln=primefaces-aristo HTTP/1.1" 304 -
152.203.219.27 - - [31/Mar/2023:06:05:45 -0500] "POST /sipse/faces/presentacion/financiero/solicitudProceso/consultarSolicitudProceso.xhtml HTTP/1.1" 200 5526
