186.155.19.209 - - [04/Apr/2023:04:35:36 -0500] "GET /sipse/faces/javax.faces.resource/primefaces.js?ln=primefaces&v=4.0 HTTP/1.1" 304 -
186.155.19.209 - - [04/Apr/2023:04:35:36 -0500] "GET /sipse/faces/javax.faces.resource/jquery/jquery-plugins.js?ln=primefaces&v=4.0 HTTP/1.1" 304 -
186.155.19.209 - - [04/Apr/2023:04:35:36 -0500] "GET /sipse/faces/javax.faces.resource/layout/layout.js?ln=primefaces&v=4.0 HTTP/1.1" 304 -
216.245.221.92 - - [04/Apr/2023:04:35:38 -0500] "HEAD / HTTP/1.1" 200 -
186.155.19.209 - - [04/Apr/2023:04:35:39 -0500] "POST /sipse/faces/autenticacion.xhtml HTTP/1.1" 200 2225
186.155.19.209 - - [04/Apr/2023:04:35:40 -0500] "POST /sipse/faces/autenticacion.xhtml HTTP/1.1" 200 16241
186.155.19.209 - - [04/Apr/2023:04:35:40 -0500] "GET /sipse/faces/javax.faces.resource/theme.css?ln=primefaces-sipse HTTP/1.1" 304 -
186.155.19.209 - - [04/Apr/2023:04:35:40 -0500] "GET /sipse/faces/javax.faces.resource/primefaces.css?ln=primefaces&v=4.0 HTTP/1.1" 304 -
186.155.19.209 - - [04/Apr/2023:04:35:40 -0500] "GET /sipse/faces/javax.faces.resource/layout/layout.css?ln=primefaces&v=4.0 HTTP/1.1" 304 -
186.155.19.209 - - [04/Apr/2023:04:35:40 -0500] "GET /sipse/faces/javax.faces.resource/jquery/jquery.js?ln=primefaces&v=4.0 HTTP/1.1" 304 -
186.155.19.209 - - [04/Apr/2023:04:35:40 -0500] "GET /sipse/faces/javax.faces.resource/jquery/jquery-plugins.js?ln=primefaces&v=4.0 HTTP/1.1" 304 -
186.155.19.209 - - [04/Apr/2023:04:35:40 -0500] "GET /sipse/faces/javax.faces.resource/primefaces.js?ln=primefaces&v=4.0 HTTP/1.1" 304 -
186.155.19.209 - - [04/Apr/2023:04:35:40 -0500] "GET /sipse/faces/javax.faces.resource/layout/layout.js?ln=primefaces&v=4.0 HTTP/1.1" 304 -
186.155.19.209 - - [04/Apr/2023:04:35:42 -0500] "POST /sipse/faces/bienvenido.xhtml HTTP/1.1" 200 2658
186.155.19.209 - - [04/Apr/2023:04:35:43 -0500] "POST /sipse/faces/bienvenido.xhtml HTTP/1.1" 200 63704
186.155.19.209 - - [04/Apr/2023:04:35:44 -0500] "GET /sipse/faces/javax.faces.resource/layout/layout.css?ln=primefaces&v=4.0 HTTP/1.1" 304 -
186.155.19.209 - - [04/Apr/2023:04:35:44 -0500] "GET /sipse/faces/javax.faces.resource/jquery/jquery.js?ln=primefaces&v=4.0 HTTP/1.1" 304 -
186.155.19.209 - - [04/Apr/2023:04:35:44 -0500] "GET /sipse/faces/javax.faces.resource/theme.css?ln=primefaces-sipse HTTP/1.1" 304 -
186.155.19.209 - - [04/Apr/2023:04:35:44 -0500] "GET /sipse/faces/javax.faces.resource/primefaces.css?ln=primefaces&v=4.0 HTTP/1.1" 304 -
186.155.19.209 - - [04/Apr/2023:04:35:44 -0500] "GET /sipse/faces/javax.faces.resource/jquery/jquery-plugins.js?ln=primefaces&v=4.0 HTTP/1.1" 304 -
186.155.19.209 - - [04/Apr/2023:04:35:44 -0500] "GET /sipse/faces/javax.faces.resource/primefaces.js?ln=primefaces&v=4.0 HTTP/1.1" 304 -
186.155.19.209 - - [04/Apr/2023:04:35:44 -0500] "GET /sipse/faces/javax.faces.resource/layout/layout.js?ln=primefaces&v=4.0 HTTP/1.1" 304 -
186.155.19.209 - - [04/Apr/2023:04:35:44 -0500] "POST /sipse/faces/presentacion/financiero/solicitudProceso/listarSolicitudProceso.xhtml HTTP/1.1" 200 1556
201.245.192.253 - - [04/Apr/2023:04:36:22 -0500] "POST /kwsrmcab/Wsrmcab  HTTP/1.1" 200 42075
34.147.120.241 - - [04/Apr/2023:04:36:39 -0500] "GET /inventario-de-emisiones-2020-transporte-publico-sitp-redujo-emisiones-de-pm-2-5-en-un-37.html HTTP/1.1" 200 925
172.22.2.4 - - [04/Apr/2023:04:37:24 -0500] "GET /BLA/boletinlegal/actos.php HTTP/1.1" 200 9672
172.22.2.4 - - [04/Apr/2023:04:36:41 -0500] "HEAD /BLA/boletinlegal/ HTTP/1.1" 200 -
66.249.72.80 - - [04/Apr/2023:04:39:05 -0500] "-" 408 -
172.22.2.4 - - [04/Apr/2023:04:37:32 -0500] "GET /BLA/boletinlegal/ HTTP/1.1" 200 52720
52.167.144.44 - - [04/Apr/2023:04:39:36 -0500] "GET /portaldeninos/gestion-del-riesgo-incendios-forestales/ HTTP/1.1" 200 86825
207.46.13.215 - - [04/Apr/2023:04:39:52 -0500] "GET /portaldeninos/wp-content/themes/betheme/js/menu.js?ver=20.9.6 HTTP/1.1" 200 2449
207.46.13.215 - - [04/Apr/2023:04:39:53 -0500] "GET /portaldeninos/wp-includes/js/jquery/ui/mouse.min.js?ver=1.11.4 HTTP/1.1" 200 3148
207.46.13.215 - - [04/Apr/2023:04:39:53 -0500] "GET /portaldeninos/wp-includes/js/jquery/ui/tabs.min.js?ver=1.11.4 HTTP/1.1" 200 12110
207.46.13.215 - - [04/Apr/2023:04:39:53 -0500] "GET /portaldeninos/wp-includes/js/jquery/ui/widget.min.js?ver=1.11.4 HTTP/1.1" 200 6908
52.167.144.97 - - [04/Apr/2023:04:39:53 -0500] "GET /portaldeninos/wp-content/themes/betheme/assets/jplayer/jplayer.min.js?ver=20.9.6 HTTP/1.1" 200 52702
40.77.167.242 - - [04/Apr/2023:04:39:55 -0500] "GET /portaldeninos/wp-content/themes/betheme/assets/animations/animations.min.css?ver=20.9.6 HTTP/1.1" 200 58508
157.55.39.217 - - [04/Apr/2023:04:39:57 -0500] "GET /portaldeninos/wp-content/themes/betheme/assets/animations/animations.min.js?ver=20.9.6 HTTP/1.1" 200 1896
157.55.39.217 - - [04/Apr/2023:04:39:57 -0500] "GET /portaldeninos/wp-content/themes/betheme/css/shortcodes.css?ver=20.9.6 HTTP/1.1" 200 138889
157.55.39.217 - - [04/Apr/2023:04:39:58 -0500] "GET /portaldeninos/wp-content/themes/betheme/style.css?ver=20.9.6 HTTP/1.1" 200 287
157.55.39.217 - - [04/Apr/2023:04:39:58 -0500] "GET /portaldeninos/wp-includes/js/jquery/ui/core.min.js?ver=1.11.4 HTTP/1.1" 200 4000
52.167.144.97 - - [04/Apr/2023:04:40:03 -0500] "GET /portaldeninos/wp-content/themes/betheme/js/plugins.js?ver=20.9.6 HTTP/1.1" 200 197151
52.167.144.97 - - [04/Apr/2023:04:40:04 -0500] "GET /portaldeninos/wp-includes/js/jquery/ui/sortable.min.js?ver=1.11.4 HTTP/1.1" 200 24899
52.167.144.97 - - [04/Apr/2023:04:40:04 -0500] "GET /portaldeninos/wp-includes/js/wp-emoji-release.min.js?ver=4.9.8 HTTP/1.1" 200 12026
40.77.167.242 - - [04/Apr/2023:04:40:07 -0500] "GET /portaldeninos/wp-includes/js/jquery/ui/accordion.min.js?ver=1.11.4 HTTP/1.1" 200 8584
40.77.167.242 - - [04/Apr/2023:04:40:08 -0500] "GET /portaldeninos/wp-includes/js/wp-embed.min.js?ver=4.9.8 HTTP/1.1" 200 1398
52.167.144.44 - - [04/Apr/2023:04:40:16 -0500] "GET /portaldeninos/wp-content/plugins/gallery-videos/CSS/Total-Soft-Gallery-Video-Widget.css?ver=4.9.8 HTTP/1.1" 200 51554
52.167.144.44 - - [04/Apr/2023:04:40:16 -0500] "GET /portaldeninos/wp-content/plugins/gallery-videos/JS/modernizr.custom.js?ver=4.9.8 HTTP/1.1" 200 9019
52.167.144.44 - - [04/Apr/2023:04:40:16 -0500] "GET /portaldeninos/wp-content/themes/betheme/assets/jplayer/css/jplayer.blue.monday.css?ver=20.9.6 HTTP/1.1" 200 9834
52.167.144.44 - - [04/Apr/2023:04:40:16 -0500] "GET /portaldeninos/wp-content/themes/betheme/css/base.css?ver=20.9.6 HTTP/1.1" 200 57283
52.167.144.44 - - [04/Apr/2023:04:40:17 -0500] "GET /portaldeninos/wp-content/themes/betheme/css/responsive.css?ver=20.9.6 HTTP/1.1" 200 55740
52.167.144.44 - - [04/Apr/2023:04:40:17 -0500] "GET /portaldeninos/wp-includes/js/jquery/jquery-migrate.min.js?ver=1.4.1 HTTP/1.1" 200 10056
157.55.39.216 - - [04/Apr/2023:04:40:22 -0500] "GET /portaldeninos/wp-content/plugins/gallery-videos/CSS/totalsoft.css?ver=4.9.8 HTTP/1.1" 200 40622
157.55.39.216 - - [04/Apr/2023:04:40:22 -0500] "GET /portaldeninos/wp-content/themes/betheme/assets/ui/jquery.ui.all.css?ver=20.9.6 HTTP/1.1" 200 18765
201.245.192.253 - - [04/Apr/2023:04:40:23 -0500] "GET /kwsrmcab/Wsrmcab?wsdl HTTP/1.1" 200 6948
157.55.39.216 - - [04/Apr/2023:04:40:23 -0500] "GET /portaldeninos/wp-content/themes/betheme/css/layout.css?ver=20.9.6 HTTP/1.1" 200 116639
157.55.39.216 - - [04/Apr/2023:04:40:23 -0500] "GET /portaldeninos/wp-content/themes/betheme/js/scripts.js?ver=20.9.6 HTTP/1.1" 200 77162
157.55.39.216 - - [04/Apr/2023:04:40:24 -0500] "GET /portaldeninos/wp-content/uploads/useanyfont/uaf.css?ver=1589905315 HTTP/1.1" 200 408
157.55.39.216 - - [04/Apr/2023:04:40:24 -0500] "GET /portaldeninos/wp-includes/js/jquery/jquery.js?ver=1.12.4 HTTP/1.1" 200 97184
201.245.192.253 - - [04/Apr/2023:04:40:23 -0500] "POST /kwsrmcab/Wsrmcab HTTP/1.1" 200 42387
201.245.192.253 - - [04/Apr/2023:04:40:26 -0500] "POST /kwsrmcab/Wsrmcab HTTP/1.1" 200 43168
216.245.221.92 - - [04/Apr/2023:04:40:38 -0500] "HEAD / HTTP/1.1" 200 -
34.91.50.11 - - [04/Apr/2023:04:40:56 -0500] "GET /inventario-de-emisiones-2020-transporte-publico-sitp-redujo-emisiones-de-pm-2-5-en-un-37.html HTTP/1.1" 200 925
201.245.192.253 - - [04/Apr/2023:04:41:21 -0500] "POST /kwsrmcab/Wsrmcab  HTTP/1.1" 200 42075
34.147.120.241 - - [04/Apr/2023:04:43:32 -0500] "GET /inventario-de-emisiones-2020-transporte-publico-sitp-redujo-emisiones-de-pm-2-5-en-un-37.html HTTP/1.1" 200 925
172.22.2.4 - - [04/Apr/2023:04:42:31 -0500] "HEAD /BLA/boletinlegal/ HTTP/1.1" 200 -
35.204.241.77 - - [04/Apr/2023:04:44:34 -0500] "GET /inventario-de-emisiones-2020-transporte-publico-sitp-redujo-emisiones-de-pm-2-5-en-un-37.html HTTP/1.1" 200 925
207.46.13.223 - - [04/Apr/2023:04:44:44 -0500] "GET /BLA/resoluciones/RESOLUCIONES%202021/3704.pdf HTTP/1.1" 200 343765
172.22.2.4 - - [04/Apr/2023:04:43:22 -0500] "GET /BLA/boletinlegal/ HTTP/1.1" 200 53914
216.245.221.92 - - [04/Apr/2023:04:45:38 -0500] "HEAD / HTTP/1.1" 200 -
201.245.192.253 - - [04/Apr/2023:04:46:19 -0500] "POST /kwsrmcab/Wsrmcab  HTTP/1.1" 200 42075
186.155.19.209 - - [04/Apr/2023:04:47:11 -0500] "POST /sipse/faces/presentacion/financiero/solicitudProceso/listarSolicitudProceso.xhtml HTTP/1.1" 200 57091
186.155.19.209 - - [04/Apr/2023:04:47:12 -0500] "POST /sipse/faces/presentacion/financiero/solicitudProceso/listarSolicitudProceso.xhtml HTTP/1.1" 200 57091
186.155.19.209 - - [04/Apr/2023:04:47:12 -0500] "POST /sipse/faces/presentacion/financiero/solicitudProceso/listarSolicitudProceso.xhtml HTTP/1.1" 200 1556
186.155.19.209 - - [04/Apr/2023:04:47:12 -0500] "POST /sipse/faces/presentacion/financiero/solicitudProceso/listarSolicitudProceso.xhtml HTTP/1.1" 200 1560
179.51.107.146 - - [04/Apr/2023:04:47:41 -0500] "GET /semana-santa-dias-y-horarios-para-visitar-el-camino-guadalupe-aguanoso.html HTTP/1.1" 200 943
173.252.95.6 - - [04/Apr/2023:04:47:50 -0500] "GET /semana-santa-dias-y-horarios-para-visitar-el-camino-guadalupe-aguanoso.html HTTP/1.1" 206 943
173.252.95.23 - - [04/Apr/2023:04:47:52 -0500] "GET /semana-santa-dias-y-horarios-para-visitar-el-camino-guadalupe-aguanoso.html HTTP/1.1" 206 943
200.31.19.228 - - [04/Apr/2023:04:49:30 -0500] "GET /galeria/galeria/jquery.fancybox.js?v=2.1.5 HTTP/1.1" 200 48706
200.31.19.228 - - [04/Apr/2023:04:49:30 -0500] "GET /BLA/boletinlegal/js/jquery.scrollShow.js HTTP/1.1" 200 4586
200.31.19.228 - - [04/Apr/2023:04:49:30 -0500] "GET /galeria/galeria/jquery.fancybox.css?v=2.1.5 HTTP/1.1" 200 4895
173.252.83.120 - - [04/Apr/2023:04:49:58 -0500] "GET /galeria/galeria/fotos/MeandrodelSay3P.jpg HTTP/1.1" 200 32353
172.22.2.4 - - [04/Apr/2023:04:48:21 -0500] "HEAD /BLA/boletinlegal/ HTTP/1.1" 200 -
216.245.221.92 - - [04/Apr/2023:04:50:38 -0500] "HEAD / HTTP/1.1" 200 -
172.22.2.4 - - [04/Apr/2023:04:49:12 -0500] "GET /BLA/boletinlegal/ HTTP/1.1" 200 53104
31.13.127.13 - - [04/Apr/2023:04:51:16 -0500] "GET /images/jardines-verticales_optimized.jpeg HTTP/1.1" 200 138197
201.245.192.253 - - [04/Apr/2023:04:51:18 -0500] "POST /kwsrmcab/Wsrmcab  HTTP/1.1" 200 42075
186.155.19.209 - - [04/Apr/2023:04:52:06 -0500] "POST /sipse/faces/presentacion/financiero/solicitudProceso/listarSolicitudProceso.xhtml HTTP/1.1" 200 57091
186.155.19.209 - - [04/Apr/2023:04:52:07 -0500] "POST /sipse/faces/presentacion/financiero/solicitudProceso/listarSolicitudProceso.xhtml HTTP/1.1" 200 57091
186.155.19.209 - - [04/Apr/2023:04:52:07 -0500] "POST /sipse/faces/presentacion/financiero/solicitudProceso/listarSolicitudProceso.xhtml HTTP/1.1" 200 1556
186.155.19.209 - - [04/Apr/2023:04:52:07 -0500] "POST /sipse/faces/presentacion/financiero/solicitudProceso/listarSolicitudProceso.xhtml HTTP/1.1" 200 1560
186.155.19.209 - - [04/Apr/2023:04:52:10 -0500] "POST /sipse/faces/presentacion/financiero/solicitudProceso/listarSolicitudProceso.xhtml HTTP/1.1" 200 160545
186.155.19.209 - - [04/Apr/2023:04:52:11 -0500] "GET /sipse/faces/javax.faces.resource/theme.css?ln=primefaces-sipse HTTP/1.1" 304 -
186.155.19.209 - - [04/Apr/2023:04:52:12 -0500] "GET /sipse/css/imagen/contrasena.png HTTP/1.1" 404 383
186.155.19.209 - - [04/Apr/2023:04:52:12 -0500] "GET /sipse/faces/javax.faces.resource/primefaces.css?ln=primefaces&v=4.0 HTTP/1.1" 304 -
186.155.19.209 - - [04/Apr/2023:04:52:12 -0500] "GET /sipse/faces/javax.faces.resource/layout/layout.css?ln=primefaces&v=4.0 HTTP/1.1" 304 -
186.155.19.209 - - [04/Apr/2023:04:52:12 -0500] "GET /sipse/faces/javax.faces.resource/jquery/jquery.js?ln=primefaces&v=4.0 HTTP/1.1" 304 -
186.155.19.209 - - [04/Apr/2023:04:52:12 -0500] "GET /sipse/faces/javax.faces.resource/jquery/jquery-plugins.js?ln=primefaces&v=4.0 HTTP/1.1" 304 -
186.155.19.209 - - [04/Apr/2023:04:52:12 -0500] "GET /sipse/faces/javax.faces.resource/primefaces.js?ln=primefaces&v=4.0 HTTP/1.1" 304 -
186.155.19.209 - - [04/Apr/2023:04:52:12 -0500] "GET /sipse/faces/javax.faces.resource/layout/layout.js?ln=primefaces&v=4.0 HTTP/1.1" 304 -
186.155.19.209 - - [04/Apr/2023:04:52:12 -0500] "GET /sipse/faces/javax.faces.resource/images/ui-icons_898989_256x240.png?ln=primefaces-aristo HTTP/1.1" 304 -
186.155.19.209 - - [04/Apr/2023:04:52:20 -0500] "POST /sipse/faces/presentacion/financiero/solicitudProceso/consultarSolicitudProceso.xhtml HTTP/1.1" 200 159802
186.155.19.209 - - [04/Apr/2023:04:52:28 -0500] "POST /sipse/faces/presentacion/financiero/solicitudProceso/consultarSolicitudProceso.xhtml HTTP/1.1" 200 135948
186.155.19.209 - - [04/Apr/2023:04:52:30 -0500] "POST /sipse/faces/presentacion/financiero/solicitudProceso/consultarSolicitudProceso.xhtml HTTP/1.1" 200 83272
186.155.19.209 - - [04/Apr/2023:04:52:32 -0500] "POST /sipse/faces/presentacion/financiero/solicitudProceso/consultarSolicitudProceso.xhtml HTTP/1.1" 200 148410
66.249.70.216 - - [04/Apr/2023:04:53:07 -0500] "-" 408 -
191.95.172.31 - - [04/Apr/2023:04:54:44 -0500] "GET /semana-santa-dias-y-horarios-para-visitar-el-camino-guadalupe-aguanoso.html HTTP/1.1" 200 943
216.245.221.92 - - [04/Apr/2023:04:55:38 -0500] "HEAD / HTTP/1.1" 200 -
172.22.2.4 - - [04/Apr/2023:04:54:11 -0500] "HEAD /BLA/boletinlegal/ HTTP/1.1" 200 -
40.77.188.30 - - [04/Apr/2023:04:55:52 -0500] "GET /portaldeninos/wp-content/themes/betheme/fonts/mfn-icons.woff?93978679 HTTP/1.1" 200 80932
201.245.192.253 - - [04/Apr/2023:04:56:16 -0500] "POST /kwsrmcab/Wsrmcab  HTTP/1.1" 200 42075
172.22.2.4 - - [04/Apr/2023:04:55:02 -0500] "GET /BLA/boletinlegal/ HTTP/1.1" 200 58653
159.65.235.215 - - [04/Apr/2023:04:58:08 -0500] "\x16\x03\x01" 400 226
159.65.235.215 - - [04/Apr/2023:04:58:08 -0500] "\x16\x03\x01" 400 226
159.65.235.215 - - [04/Apr/2023:04:58:08 -0500] "GET / HTTP/1.1" 200 319
159.65.235.215 - - [04/Apr/2023:04:58:08 -0500] "GET /client/get_targets HTTP/1.1" 404 1018
159.65.235.215 - - [04/Apr/2023:04:58:09 -0500] "GET /upl.php HTTP/1.1" 404 1018
159.65.235.215 - - [04/Apr/2023:04:58:09 -0500] "\x16\x03\x01" 400 226
159.65.235.215 - - [04/Apr/2023:04:58:09 -0500] "GET /geoip/ HTTP/1.1" 404 1018
159.65.235.215 - - [04/Apr/2023:04:58:09 -0500] "GET / HTTP/1.1" 200 319
159.65.235.215 - - [04/Apr/2023:04:58:09 -0500] "GET /favicon.ico HTTP/1.1" 200 7782
88.174.43.161 - - [04/Apr/2023:04:58:35 -0500] "GET / HTTP/1.1" 200 319
66.249.70.210 - - [04/Apr/2023:04:59:45 -0500] "-" 408 -
216.245.221.92 - - [04/Apr/2023:05:00:38 -0500] "HEAD / HTTP/1.1" 200 -
40.77.167.80 - - [04/Apr/2023:05:00:43 -0500] "GET /BLA/resoluciones/AUTOS%202018/1438.pdf HTTP/1.1" 200 292105
201.245.192.253 - - [04/Apr/2023:05:01:14 -0500] "POST /kwsrmcab/Wsrmcab  HTTP/1.1" 200 42075
172.22.2.4 - - [04/Apr/2023:05:00:01 -0500] "HEAD /BLA/boletinlegal/ HTTP/1.1" 200 -
172.22.2.4 - - [04/Apr/2023:05:00:52 -0500] "GET /BLA/boletinlegal/ HTTP/1.1" 200 56744
172.22.2.4 - - [04/Apr/2023:05:03:46 -0500] "GET /BLA/boletinlegal/jurisprudencia.php HTTP/1.1" 200 17573
152.203.46.207 - - [04/Apr/2023:05:04:52 -0500] "GET /semana-santa-dias-y-horarios-para-visitar-el-camino-guadalupe-aguanoso.html HTTP/1.1" 200 943
168.119.253.32 - - [04/Apr/2023:05:05:11 -0500] "GET / HTTP/1.1" 200 319
168.119.253.32 - - [04/Apr/2023:05:05:11 -0500] "GET / HTTP/1.1" 200 4720
216.245.221.92 - - [04/Apr/2023:05:05:38 -0500] "HEAD / HTTP/1.1" 200 -
201.245.192.253 - - [04/Apr/2023:05:06:16 -0500] "POST /kwsrmcab/Wsrmcab  HTTP/1.1" 200 42075
66.249.70.210 - - [04/Apr/2023:05:07:11 -0500] "-" 408 -
191.156.224.221 - - [04/Apr/2023:05:07:15 -0500] "GET /semana-santa-dias-y-horarios-para-visitar-el-camino-guadalupe-aguanoso.html HTTP/1.1" 200 943
172.22.2.4 - - [04/Apr/2023:05:05:51 -0500] "HEAD /BLA/boletinlegal/ HTTP/1.1" 200 -
172.22.2.4 - - [04/Apr/2023:05:06:42 -0500] "GET /BLA/boletinlegal/ HTTP/1.1" 200 57551
172.22.2.4 - - [04/Apr/2023:05:08:44 -0500] "GET /BLA/boletinlegal/robots.txt HTTP/1.1" 404 1038
69.63.184.3 - - [04/Apr/2023:05:09:43 -0500] "GET /images/caminos-de-los-cerros-1_optimized.jpeg HTTP/1.1" 200 49537
172.22.2.4 - - [04/Apr/2023:05:08:45 -0500] "GET /BLA/boletinlegal/index.php HTTP/1.1" 200 57291
216.245.221.92 - - [04/Apr/2023:05:10:38 -0500] "HEAD / HTTP/1.1" 200 -
172.22.2.4 - - [04/Apr/2023:05:09:45 -0500] "GET /BLA/boletinlegal/index.php HTTP/1.1" 200 53195
201.245.192.253 - - [04/Apr/2023:05:11:15 -0500] "POST /kwsrmcab/Wsrmcab  HTTP/1.1" 200 42075
51.159.194.233 - - [04/Apr/2023:05:11:51 -0500] "GET /secretaria-de-ambiente-entrego-balance-de-su-gestion-en-2022-y-presento-los-retos-para-el-2023.html HTTP/1.1" 200 968
51.159.194.233 - - [04/Apr/2023:05:11:51 -0500] "GET /images/rendici%C3%B3n-de-cuentas-2_optimized.jpeg HTTP/1.1" 404 1034
172.22.2.4 - - [04/Apr/2023:05:11:41 -0500] "HEAD /BLA/boletinlegal/ HTTP/1.1" 200 -
172.22.2.4 - - [04/Apr/2023:05:12:32 -0500] "GET /BLA/boletinlegal/ HTTP/1.1" 200 52316
69.63.184.119 - - [04/Apr/2023:05:14:31 -0500] "GET /images/caminos-de-los-cerros-1_optimized.jpeg HTTP/1.1" 200 49537
66.249.72.80 - - [04/Apr/2023:05:14:39 -0500] "-" 408 -
186.155.19.209 - - [04/Apr/2023:05:15:10 -0500] "GET /sipse/faces/javax.faces.resource/images/ui-bg_flat_0_2d5972_40x100.png?ln=primefaces-aristo HTTP/1.1" 304 -
186.155.19.209 - - [04/Apr/2023:05:15:10 -0500] "POST /sipse/faces/presentacion/financiero/solicitudProceso/consultarSolicitudProceso.xhtml HTTP/1.1" 200 63704
186.155.19.209 - - [04/Apr/2023:05:15:10 -0500] "GET /sipse/faces/javax.faces.resource/theme.css?ln=primefaces-sipse HTTP/1.1" 304 -
186.155.19.209 - - [04/Apr/2023:05:15:10 -0500] "GET /sipse/faces/javax.faces.resource/layout/layout.css?ln=primefaces&v=4.0 HTTP/1.1" 304 -
186.155.19.209 - - [04/Apr/2023:05:15:10 -0500] "GET /sipse/faces/javax.faces.resource/primefaces.css?ln=primefaces&v=4.0 HTTP/1.1" 304 -
186.155.19.209 - - [04/Apr/2023:05:15:10 -0500] "GET /sipse/faces/javax.faces.resource/jquery/jquery.js?ln=primefaces&v=4.0 HTTP/1.1" 304 -
186.155.19.209 - - [04/Apr/2023:05:15:10 -0500] "GET /sipse/faces/javax.faces.resource/jquery/jquery-plugins.js?ln=primefaces&v=4.0 HTTP/1.1" 304 -
186.155.19.209 - - [04/Apr/2023:05:15:10 -0500] "GET /sipse/faces/javax.faces.resource/primefaces.js?ln=primefaces&v=4.0 HTTP/1.1" 304 -
186.155.19.209 - - [04/Apr/2023:05:15:10 -0500] "GET /sipse/faces/javax.faces.resource/layout/layout.js?ln=primefaces&v=4.0 HTTP/1.1" 304 -
186.155.19.209 - - [04/Apr/2023:05:15:10 -0500] "POST /sipse/faces/presentacion/financiero/solicitudProceso/listarSolicitudProceso.xhtml HTTP/1.1" 200 57091
186.155.19.209 - - [04/Apr/2023:05:15:11 -0500] "POST /sipse/faces/presentacion/financiero/solicitudProceso/listarSolicitudProceso.xhtml HTTP/1.1" 200 57091
186.155.19.209 - - [04/Apr/2023:05:15:11 -0500] "POST /sipse/faces/presentacion/financiero/solicitudProceso/listarSolicitudProceso.xhtml HTTP/1.1" 200 1556
186.155.19.209 - - [04/Apr/2023:05:15:11 -0500] "POST /sipse/faces/presentacion/financiero/solicitudProceso/listarSolicitudProceso.xhtml HTTP/1.1" 200 1560
186.155.19.209 - - [04/Apr/2023:05:15:12 -0500] "POST /sipse/faces/presentacion/financiero/solicitudProceso/listarSolicitudProceso.xhtml HTTP/1.1" 200 1564
66.249.70.210 - - [04/Apr/2023:05:15:18 -0500] "-" 408 -
34.147.120.241 - - [04/Apr/2023:05:15:28 -0500] "GET /inventario-de-emisiones-2020-transporte-publico-sitp-redujo-emisiones-de-pm-2-5-en-un-37.html HTTP/1.1" 200 925
20.15.133.160 - - [04/Apr/2023:05:15:33 -0500] "GET /BLA/resoluciones/AUTOS%202022/2133.pdf HTTP/1.1" 200 380879
186.155.19.209 - - [04/Apr/2023:05:15:35 -0500] "POST /sipse/faces/presentacion/financiero/solicitudProceso/listarSolicitudProceso.xhtml HTTP/1.1" 200 57091
186.155.19.209 - - [04/Apr/2023:05:15:35 -0500] "POST /sipse/faces/presentacion/financiero/solicitudProceso/listarSolicitudProceso.xhtml HTTP/1.1" 200 57091
186.155.19.209 - - [04/Apr/2023:05:15:36 -0500] "POST /sipse/faces/presentacion/financiero/solicitudProceso/listarSolicitudProceso.xhtml HTTP/1.1" 200 57091
186.155.19.209 - - [04/Apr/2023:05:15:36 -0500] "POST /sipse/faces/presentacion/financiero/solicitudProceso/listarSolicitudProceso.xhtml HTTP/1.1" 200 57091
186.155.19.209 - - [04/Apr/2023:05:15:36 -0500] "POST /sipse/faces/presentacion/financiero/solicitudProceso/listarSolicitudProceso.xhtml HTTP/1.1" 200 1556
186.155.19.209 - - [04/Apr/2023:05:15:36 -0500] "POST /sipse/faces/presentacion/financiero/solicitudProceso/listarSolicitudProceso.xhtml HTTP/1.1" 200 1560
186.155.19.209 - - [04/Apr/2023:05:15:37 -0500] "POST /sipse/faces/presentacion/financiero/solicitudProceso/listarSolicitudProceso.xhtml HTTP/1.1" 200 1564
186.155.19.209 - - [04/Apr/2023:05:15:37 -0500] "POST /sipse/faces/presentacion/financiero/solicitudProceso/listarSolicitudProceso.xhtml HTTP/1.1" 200 1560
216.245.221.92 - - [04/Apr/2023:05:15:38 -0500] "HEAD / HTTP/1.1" 200 -
186.155.19.209 - - [04/Apr/2023:05:15:46 -0500] "POST /sipse/faces/presentacion/financiero/solicitudProceso/listarSolicitudProceso.xhtml HTTP/1.1" 200 157142
186.155.19.209 - - [04/Apr/2023:05:15:47 -0500] "GET /sipse/faces/javax.faces.resource/theme.css?ln=primefaces-sipse HTTP/1.1" 304 -
186.155.19.209 - - [04/Apr/2023:05:15:47 -0500] "GET /sipse/faces/javax.faces.resource/jquery/jquery.js?ln=primefaces&v=4.0 HTTP/1.1" 304 -
186.155.19.209 - - [04/Apr/2023:05:15:47 -0500] "GET /sipse/faces/javax.faces.resource/layout/layout.css?ln=primefaces&v=4.0 HTTP/1.1" 304 -
186.155.19.209 - - [04/Apr/2023:05:15:47 -0500] "GET /sipse/faces/javax.faces.resource/primefaces.css?ln=primefaces&v=4.0 HTTP/1.1" 304 -
186.155.19.209 - - [04/Apr/2023:05:15:47 -0500] "GET /sipse/faces/javax.faces.resource/jquery/jquery-plugins.js?ln=primefaces&v=4.0 HTTP/1.1" 304 -
186.155.19.209 - - [04/Apr/2023:05:15:47 -0500] "GET /sipse/faces/javax.faces.resource/primefaces.js?ln=primefaces&v=4.0 HTTP/1.1" 304 -
186.155.19.209 - - [04/Apr/2023:05:15:47 -0500] "GET /sipse/faces/javax.faces.resource/layout/layout.js?ln=primefaces&v=4.0 HTTP/1.1" 304 -
186.155.19.209 - - [04/Apr/2023:05:15:54 -0500] "POST /sipse/faces/presentacion/financiero/solicitudProceso/consultarSolicitudProceso.xhtml HTTP/1.1" 200 161452
186.155.19.209 - - [04/Apr/2023:05:16:01 -0500] "POST /sipse/faces/presentacion/financiero/solicitudProceso/consultarSolicitudProceso.xhtml HTTP/1.1" 200 106679
186.155.19.209 - - [04/Apr/2023:05:16:02 -0500] "POST /sipse/faces/presentacion/financiero/solicitudProceso/consultarSolicitudProceso.xhtml HTTP/1.1" 200 78930
186.155.19.209 - - [04/Apr/2023:05:16:03 -0500] "POST /sipse/faces/presentacion/financiero/solicitudProceso/consultarSolicitudProceso.xhtml HTTP/1.1" 200 148410
201.245.192.253 - - [04/Apr/2023:05:16:10 -0500] "POST /kwsrmcab/Wsrmcab  HTTP/1.1" 200 42075
69.63.184.113 - - [04/Apr/2023:05:17:01 -0500] "GET /images/caminos-de-los-cerros-1_optimized.jpeg HTTP/1.1" 200 49537
52.167.144.167 - - [04/Apr/2023:05:18:48 -0500] "GET /BLA/resoluciones/AUTOS%202017/2247.pdf HTTP/1.1" 200 663085
172.22.2.4 - - [04/Apr/2023:05:17:31 -0500] "HEAD /BLA/boletinlegal/ HTTP/1.1" 200 -
69.63.184.116 - - [04/Apr/2023:05:19:49 -0500] "GET /images/caminos-de-los-cerros-1_optimized.jpeg HTTP/1.1" 200 49537
172.22.2.4 - - [04/Apr/2023:05:18:22 -0500] "GET /BLA/boletinlegal/ HTTP/1.1" 200 57141
40.77.167.162 - - [04/Apr/2023:05:20:16 -0500] "GET /BLA/resoluciones/AUTOS%202022/6637.pdf HTTP/1.1" 200 641478
40.77.167.162 - - [04/Apr/2023:05:20:18 -0500] "GET /BLA/resoluciones/RESOLUCIONES%202021/1622.pdf HTTP/1.1" 304 -
201.245.192.253 - - [04/Apr/2023:05:20:22 -0500] "POST /kwsrmcab/Wsrmcab HTTP/1.1" 200 42375
201.245.192.253 - - [04/Apr/2023:05:20:25 -0500] "POST /kwsrmcab/Wsrmcab HTTP/1.1" 200 43161
216.245.221.92 - - [04/Apr/2023:05:20:38 -0500] "HEAD / HTTP/1.1" 200 -
207.46.13.223 - - [04/Apr/2023:05:20:39 -0500] "GET /BLA/resoluciones/AUTOS%202008/3329.pdf HTTP/1.1" 200 58714
201.245.192.253 - - [04/Apr/2023:05:21:07 -0500] "POST /kwsrmcab/Wsrmcab  HTTP/1.1" 200 42075
66.249.70.210 - - [04/Apr/2023:05:21:58 -0500] "-" 408 -
172.22.2.4 - - [04/Apr/2023:05:21:41 -0500] "GET /BLA/boletinlegal/ HTTP/1.1" 200 28619
34.141.209.26 - - [04/Apr/2023:05:22:27 -0500] "GET /inventario-de-emisiones-2020-transporte-publico-sitp-redujo-emisiones-de-pm-2-5-en-un-37.html HTTP/1.1" 200 925
69.63.184.2 - - [04/Apr/2023:05:23:02 -0500] "GET /images/caminos-de-los-cerros-1_optimized.jpeg HTTP/1.1" 200 49537
52.167.144.167 - - [04/Apr/2023:05:23:19 -0500] "GET /BLA/resoluciones/RESOLUCIONES%202021/2457.pdf HTTP/1.1" 200 358745
40.77.167.162 - - [04/Apr/2023:05:24:36 -0500] "GET /BLA/jurisprudencia/sentencias/5283531030012000-00005-01%20%5B16-05-2011%5D%5B1%5D.pdf HTTP/1.1" 404 1018
172.22.2.4 - - [04/Apr/2023:05:23:21 -0500] "HEAD /BLA/boletinlegal/ HTTP/1.1" 200 -
216.245.221.92 - - [04/Apr/2023:05:25:38 -0500] "HEAD / HTTP/1.1" 200 -
172.22.2.4 - - [04/Apr/2023:05:24:12 -0500] "GET /BLA/boletinlegal/ HTTP/1.1" 200 52316
201.245.192.253 - - [04/Apr/2023:05:26:03 -0500] "POST /kwsrmcab/Wsrmcab  HTTP/1.1" 200 42075
52.167.144.167 - - [04/Apr/2023:05:26:14 -0500] "GET /BLA/resoluciones/AUTOS%202021/4790.pdf HTTP/1.1" 304 -
69.63.184.119 - - [04/Apr/2023:05:27:31 -0500] "GET /images/caminos-de-los-cerros-1_optimized.jpeg HTTP/1.1" 200 49537
40.77.167.211 - - [04/Apr/2023:05:28:08 -0500] "GET /BLA/resoluciones/RESOLUCIONES%202021/1492.pdf HTTP/1.1" 200 520173
186.155.19.209 - - [04/Apr/2023:05:28:15 -0500] "POST /sipse/faces/presentacion/financiero/solicitudProceso/consultarSolicitudProceso.xhtml HTTP/1.1" 200 63704
186.155.19.209 - - [04/Apr/2023:05:28:16 -0500] "GET /sipse/faces/javax.faces.resource/theme.css?ln=primefaces-sipse HTTP/1.1" 304 -
186.155.19.209 - - [04/Apr/2023:05:28:16 -0500] "GET /sipse/faces/javax.faces.resource/jquery/jquery.js?ln=primefaces&v=4.0 HTTP/1.1" 304 -
186.155.19.209 - - [04/Apr/2023:05:28:16 -0500] "GET /sipse/faces/javax.faces.resource/primefaces.css?ln=primefaces&v=4.0 HTTP/1.1" 304 -
186.155.19.209 - - [04/Apr/2023:05:28:16 -0500] "GET /sipse/faces/javax.faces.resource/layout/layout.css?ln=primefaces&v=4.0 HTTP/1.1" 304 -
186.155.19.209 - - [04/Apr/2023:05:28:16 -0500] "GET /sipse/faces/javax.faces.resource/jquery/jquery-plugins.js?ln=primefaces&v=4.0 HTTP/1.1" 304 -
186.155.19.209 - - [04/Apr/2023:05:28:16 -0500] "GET /sipse/faces/javax.faces.resource/primefaces.js?ln=primefaces&v=4.0 HTTP/1.1" 304 -
186.155.19.209 - - [04/Apr/2023:05:28:16 -0500] "GET /sipse/faces/javax.faces.resource/layout/layout.js?ln=primefaces&v=4.0 HTTP/1.1" 304 -
186.155.19.209 - - [04/Apr/2023:05:28:16 -0500] "POST /sipse/faces/presentacion/financiero/solicitudProceso/listarSolicitudProceso.xhtml HTTP/1.1" 200 57091
186.155.19.209 - - [04/Apr/2023:05:28:16 -0500] "POST /sipse/faces/presentacion/financiero/solicitudProceso/listarSolicitudProceso.xhtml HTTP/1.1" 200 57091
186.155.19.209 - - [04/Apr/2023:05:28:16 -0500] "POST /sipse/faces/presentacion/financiero/solicitudProceso/listarSolicitudProceso.xhtml HTTP/1.1" 200 57091
186.155.19.209 - - [04/Apr/2023:05:28:16 -0500] "POST /sipse/faces/presentacion/financiero/solicitudProceso/listarSolicitudProceso.xhtml HTTP/1.1" 200 57091
186.155.19.209 - - [04/Apr/2023:05:28:17 -0500] "POST /sipse/faces/presentacion/financiero/solicitudProceso/listarSolicitudProceso.xhtml HTTP/1.1" 200 1556
186.155.19.209 - - [04/Apr/2023:05:28:17 -0500] "POST /sipse/faces/presentacion/financiero/solicitudProceso/listarSolicitudProceso.xhtml HTTP/1.1" 200 1560
186.155.19.209 - - [04/Apr/2023:05:28:17 -0500] "POST /sipse/faces/presentacion/financiero/solicitudProceso/listarSolicitudProceso.xhtml HTTP/1.1" 200 1564
186.155.19.209 - - [04/Apr/2023:05:28:17 -0500] "POST /sipse/faces/presentacion/financiero/solicitudProceso/listarSolicitudProceso.xhtml HTTP/1.1" 200 1560
186.155.19.209 - - [04/Apr/2023:05:28:18 -0500] "POST /sipse/faces/presentacion/financiero/solicitudProceso/listarSolicitudProceso.xhtml HTTP/1.1" 200 1560
66.249.70.210 - - [04/Apr/2023:05:28:24 -0500] "-" 408 -
186.155.19.209 - - [04/Apr/2023:05:28:26 -0500] "POST /sipse/faces/presentacion/financiero/solicitudProceso/listarSolicitudProceso.xhtml HTTP/1.1" 200 148213
186.155.19.209 - - [04/Apr/2023:05:28:27 -0500] "GET /sipse/faces/javax.faces.resource/layout/layout.css?ln=primefaces&v=4.0 HTTP/1.1" 304 -
186.155.19.209 - - [04/Apr/2023:05:28:27 -0500] "GET /sipse/faces/javax.faces.resource/primefaces.css?ln=primefaces&v=4.0 HTTP/1.1" 304 -
186.155.19.209 - - [04/Apr/2023:05:28:27 -0500] "GET /sipse/faces/javax.faces.resource/theme.css?ln=primefaces-sipse HTTP/1.1" 304 -
186.155.19.209 - - [04/Apr/2023:05:28:27 -0500] "GET /sipse/faces/javax.faces.resource/jquery/jquery.js?ln=primefaces&v=4.0 HTTP/1.1" 304 -
186.155.19.209 - - [04/Apr/2023:05:28:28 -0500] "GET /sipse/faces/javax.faces.resource/jquery/jquery-plugins.js?ln=primefaces&v=4.0 HTTP/1.1" 304 -
186.155.19.209 - - [04/Apr/2023:05:28:28 -0500] "GET /sipse/faces/javax.faces.resource/primefaces.js?ln=primefaces&v=4.0 HTTP/1.1" 304 -
186.155.19.209 - - [04/Apr/2023:05:28:28 -0500] "GET /sipse/faces/javax.faces.resource/layout/layout.js?ln=primefaces&v=4.0 HTTP/1.1" 304 -
186.155.19.209 - - [04/Apr/2023:05:28:50 -0500] "POST /sipse/faces/presentacion/financiero/solicitudProceso/consultarSolicitudProceso.xhtml HTTP/1.1" 200 133058
186.155.19.209 - - [04/Apr/2023:05:28:54 -0500] "POST /sipse/faces/presentacion/financiero/solicitudProceso/consultarSolicitudProceso.xhtml HTTP/1.1" 200 108521
186.155.19.209 - - [04/Apr/2023:05:28:56 -0500] "POST /sipse/faces/presentacion/financiero/solicitudProceso/consultarSolicitudProceso.xhtml HTTP/1.1" 200 254629
186.155.19.209 - - [04/Apr/2023:05:28:57 -0500] "POST /sipse/faces/presentacion/financiero/solicitudProceso/consultarSolicitudProceso.xhtml HTTP/1.1" 200 148665
186.29.35.36 - - [04/Apr/2023:05:29:16 -0500] "GET /semana-santa-dias-y-horarios-para-visitar-el-camino-guadalupe-aguanoso.html?fbclid=IwAR2zgSBZ7xgYabdjnRiyRBJnmNtcXJC7NYtEhGVRB-ShdCBLdB-NIJaEJT0 HTTP/1.1" 200 943
152.39.168.137 - - [04/Apr/2023:05:29:55 -0500] "GET /secretaria-de-ambiente-entrego-balance-de-su-gestion-en-2022-y-presento-los-retos-para-el-2023.html HTTP/1.1" 200 968
213.188.66.131 - - [04/Apr/2023:05:29:55 -0500] "GET /semana-santa-dias-y-horarios-para-visitar-el-camino-guadalupe-aguanoso.html HTTP/1.1" 200 943
69.171.231.112 - - [04/Apr/2023:05:30:06 -0500] "GET /images/caminos-de-los-cerros-1_optimized.jpeg HTTP/1.1" 200 49537
201.245.192.253 - - [04/Apr/2023:05:30:22 -0500] "POST /kwsrmcab/Wsrmcab HTTP/1.1" 200 42375
201.245.192.253 - - [04/Apr/2023:05:30:25 -0500] "POST /kwsrmcab/Wsrmcab HTTP/1.1" 200 43161
216.245.221.92 - - [04/Apr/2023:05:30:38 -0500] "HEAD / HTTP/1.1" 200 -
172.22.2.4 - - [04/Apr/2023:05:29:11 -0500] "HEAD /BLA/boletinlegal/ HTTP/1.1" 200 -
201.245.192.253 - - [04/Apr/2023:05:31:02 -0500] "POST /kwsrmcab/Wsrmcab  HTTP/1.1" 200 42075
207.46.13.223 - - [04/Apr/2023:05:31:10 -0500] "GET /BLA/resoluciones/AUTOS%202018/6537.pdf HTTP/1.1" 200 421895
172.22.2.4 - - [04/Apr/2023:05:30:02 -0500] "GET /BLA/boletinlegal/ HTTP/1.1" 200 57141
66.249.70.210 - - [04/Apr/2023:05:34:43 -0500] "-" 408 -
69.63.184.116 - - [04/Apr/2023:05:34:55 -0500] "GET /images/caminos-de-los-cerros-1_optimized.jpeg HTTP/1.1" 200 49537
40.77.167.211 - - [04/Apr/2023:05:35:09 -0500] "GET /BLA/resoluciones/RESOLUCIONES%202010/0287.pdf HTTP/1.1" 200 530032
216.245.221.92 - - [04/Apr/2023:05:35:38 -0500] "HEAD / HTTP/1.1" 200 -
201.245.192.253 - - [04/Apr/2023:05:36:00 -0500] "POST /kwsrmcab/Wsrmcab  HTTP/1.1" 200 42075
172.22.2.4 - - [04/Apr/2023:05:35:01 -0500] "HEAD /BLA/boletinlegal/ HTTP/1.1" 200 -
201.244.213.98 - - [04/Apr/2023:05:37:22 -0500] "GET /semana-santa-dias-y-horarios-para-visitar-el-camino-guadalupe-aguanoso.html HTTP/1.1" 200 943
172.22.2.4 - - [04/Apr/2023:05:35:52 -0500] "GET /BLA/boletinlegal/ HTTP/1.1" 200 57935
52.167.144.167 - - [04/Apr/2023:05:39:53 -0500] "GET /bla/resoluciones/autos%202015/0237.pdf HTTP/1.1" 200 193076
200.119.48.33 - - [04/Apr/2023:05:40:00 -0500] "GET /semana-santa-dias-y-horarios-para-visitar-el-camino-guadalupe-aguanoso.html HTTP/1.1" 200 943
201.245.192.253 - - [04/Apr/2023:05:40:22 -0500] "POST /kwsrmcab/Wsrmcab HTTP/1.1" 200 42375
201.245.192.253 - - [04/Apr/2023:05:40:25 -0500] "POST /kwsrmcab/Wsrmcab HTTP/1.1" 200 43161
172.22.2.4 - - [04/Apr/2023:05:40:30 -0500] "GET /BLA/boletinlegal/actos.php HTTP/1.1" 200 9672
116.202.33.36 - - [04/Apr/2023:05:40:33 -0500] "GET /pagos-por-servicios-ambientales-hidricos-una-iniciativa-para-la-conservacion-de-este-recurso.html HTTP/1.1" 200 1006
216.245.221.92 - - [04/Apr/2023:05:40:38 -0500] "HEAD / HTTP/1.1" 200 -
40.77.167.86 - - [04/Apr/2023:05:40:50 -0500] "GET /BLA/resoluciones/RESOLUCIONES%202022/4365.pdf HTTP/1.1" 304 -
66.249.70.210 - - [04/Apr/2023:05:40:53 -0500] "-" 408 -
201.245.192.253 - - [04/Apr/2023:05:40:59 -0500] "POST /kwsrmcab/Wsrmcab  HTTP/1.1" 200 42075
116.202.33.36 - - [04/Apr/2023:05:41:08 -0500] "GET /portaldeninos/ HTTP/1.1" 200 110197
116.202.33.36 - - [04/Apr/2023:05:41:16 -0500] "GET /caminatas-ecologicas-en-bogota-inscribete-y-participa-en-los-recorridos-de-abril.html HTTP/1.1" 200 868
116.202.33.36 - - [04/Apr/2023:05:41:17 -0500] "GET /cooperacion-internacional-postulate-para-la-coordinacion-ambiental-de-proyecto-con-la-union-europea-avantia.html HTTP/1.1" 200 1020
116.202.33.36 - - [04/Apr/2023:05:41:28 -0500] "GET /secretaria-de-ambiente-rinde-cuentas-este-viernes-31-de-marzo.html HTTP/1.1" 200 864
207.46.13.223 - - [04/Apr/2023:05:42:24 -0500] "GET /BLA/resoluciones/AUTOS%202021/4840.pdf HTTP/1.1" 304 -
172.22.2.4 - - [04/Apr/2023:05:40:51 -0500] "HEAD /BLA/boletinlegal/ HTTP/1.1" 200 -
172.22.2.4 - - [04/Apr/2023:05:41:42 -0500] "GET /BLA/boletinlegal/ HTTP/1.1" 200 57551
216.245.221.92 - - [04/Apr/2023:05:45:38 -0500] "HEAD / HTTP/1.1" 200 -
201.245.192.253 - - [04/Apr/2023:05:45:59 -0500] "POST /kwsrmcab/Wsrmcab  HTTP/1.1" 200 42075
172.22.2.4 - - [04/Apr/2023:05:46:41 -0500] "HEAD /BLA/boletinlegal/ HTTP/1.1" 200 -
66.249.70.210 - - [04/Apr/2023:05:48:40 -0500] "-" 408 -
186.80.6.215 - - [04/Apr/2023:05:49:08 -0500] "GET /sipse/faces/index.xhtml HTTP/1.1" 200 677
186.80.6.215 - - [04/Apr/2023:05:49:09 -0500] "GET /sipse/faces/javax.faces.resource/theme.css?ln=primefaces-sipse HTTP/1.1" 304 -
186.80.6.215 - - [04/Apr/2023:05:49:09 -0500] "GET /sipse/faces/faces/autenticacion.xhtml HTTP/1.1" 200 12177
186.80.6.215 - - [04/Apr/2023:05:49:09 -0500] "GET /sipse/faces/javax.faces.resource/theme.css?ln=primefaces-sipse HTTP/1.1" 304 -
186.80.6.215 - - [04/Apr/2023:05:49:09 -0500] "GET /sipse/faces/javax.faces.resource/layout/layout.css?ln=primefaces&v=4.0 HTTP/1.1" 304 -
186.80.6.215 - - [04/Apr/2023:05:49:09 -0500] "GET /sipse/faces/javax.faces.resource/jquery/jquery.js?ln=primefaces&v=4.0 HTTP/1.1" 304 -
186.80.6.215 - - [04/Apr/2023:05:49:09 -0500] "GET /sipse/faces/javax.faces.resource/jquery/jquery-plugins.js?ln=primefaces&v=4.0 HTTP/1.1" 304 -
186.80.6.215 - - [04/Apr/2023:05:49:09 -0500] "GET /sipse/faces/javax.faces.resource/primefaces.js?ln=primefaces&v=4.0 HTTP/1.1" 304 -
186.80.6.215 - - [04/Apr/2023:05:49:09 -0500] "GET /sipse/faces/javax.faces.resource/layout/layout.js?ln=primefaces&v=4.0 HTTP/1.1" 304 -
186.80.6.215 - - [04/Apr/2023:05:49:09 -0500] "GET /sipse/faces/javax.faces.resource/primefaces.css?ln=primefaces&v=4.0 HTTP/1.1" 304 -
186.80.6.215 - - [04/Apr/2023:05:49:09 -0500] "GET /sipse/faces/javax.faces.resource/images/ui-icons_898989_256x240.png?ln=primefaces-aristo HTTP/1.1" 200 5355
186.80.6.215 - - [04/Apr/2023:05:49:09 -0500] "GET /sipse/css/imagen/logoSDG.png HTTP/1.1" 200 12242
186.80.6.215 - - [04/Apr/2023:05:49:09 -0500] "GET /sipse/css/imagen/loginimg.png HTTP/1.1" 200 16770
172.22.2.4 - - [04/Apr/2023:05:47:32 -0500] "GET /BLA/boletinlegal/ HTTP/1.1" 200 57551
186.80.6.215 - - [04/Apr/2023:05:49:12 -0500] "POST /sipse/faces/autenticacion.xhtml HTTP/1.1" 200 16068
186.80.6.215 - - [04/Apr/2023:05:49:12 -0500] "GET /sipse/faces/javax.faces.resource/jquery/jquery.js?ln=primefaces&v=4.0 HTTP/1.1" 304 -
186.80.6.215 - - [04/Apr/2023:05:49:12 -0500] "GET /sipse/faces/javax.faces.resource/jquery/jquery-plugins.js?ln=primefaces&v=4.0 HTTP/1.1" 304 -
186.80.6.215 - - [04/Apr/2023:05:49:12 -0500] "GET /sipse/faces/javax.faces.resource/primefaces.js?ln=primefaces&v=4.0 HTTP/1.1" 304 -
186.80.6.215 - - [04/Apr/2023:05:49:12 -0500] "GET /sipse/faces/javax.faces.resource/layout/layout.js?ln=primefaces&v=4.0 HTTP/1.1" 304 -
186.80.6.215 - - [04/Apr/2023:05:49:12 -0500] "GET /sipse/css/imagen/contrasena.png HTTP/1.1" 404 383
186.80.6.215 - - [04/Apr/2023:05:49:12 -0500] "GET /sipse/faces/javax.faces.resource/messages/messages.png?ln=primefaces&v=4.0 HTTP/1.1" 200 27209
69.63.184.117 - - [04/Apr/2023:05:49:54 -0500] "GET /images/caminos-de-los-cerros-1_optimized.jpeg HTTP/1.1" 200 49537
190.248.224.58 - - [04/Apr/2023:05:50:19 -0500] "GET /semana-santa-dias-y-horarios-para-visitar-el-camino-guadalupe-aguanoso.html HTTP/1.1" 200 943
216.245.221.92 - - [04/Apr/2023:05:50:38 -0500] "HEAD / HTTP/1.1" 200 -
201.245.192.253 - - [04/Apr/2023:05:50:58 -0500] "POST /kwsrmcab/Wsrmcab  HTTP/1.1" 200 42075
173.252.107.113 - - [04/Apr/2023:05:53:26 -0500] "GET /images/caminos-de-los-cerros-1_optimized.jpeg HTTP/1.1" 200 49537
172.22.2.4 - - [04/Apr/2023:05:52:31 -0500] "HEAD /BLA/boletinlegal/ HTTP/1.1" 200 -
172.22.2.4 - - [04/Apr/2023:05:53:22 -0500] "GET /BLA/boletinlegal/ HTTP/1.1" 200 52720
216.245.221.92 - - [04/Apr/2023:05:55:38 -0500] "HEAD / HTTP/1.1" 200 -
201.245.192.253 - - [04/Apr/2023:05:55:57 -0500] "POST /kwsrmcab/Wsrmcab  HTTP/1.1" 200 42075
66.249.70.213 - - [04/Apr/2023:05:56:20 -0500] "-" 408 -
172.22.2.4 - - [04/Apr/2023:05:58:01 -0500] "GET /BLA/boletinlegal/.env HTTP/1.1" 404 1018
135.181.214.38 - - [04/Apr/2023:05:58:47 -0500] "GET /ciudadanos-pueden-enviar-comentarios-y-propuestas-al-proyecto-de-decreto-para-reducir-la-utilizacion-de-plasticos-de-un-solo-uso-en-las-entidades-del-distrito.html HTTP/1.1" 200 1170
173.252.107.19 - - [04/Apr/2023:05:59:05 -0500] "GET /images/caminos-de-los-cerros-1_optimized.jpeg HTTP/1.1" 200 49537
172.22.2.4 - - [04/Apr/2023:05:58:21 -0500] "HEAD /BLA/boletinlegal/ HTTP/1.1" 200 -
216.245.221.92 - - [04/Apr/2023:06:00:38 -0500] "HEAD / HTTP/1.1" 200 -
172.22.2.4 - - [04/Apr/2023:05:59:12 -0500] "GET /BLA/boletinlegal/ HTTP/1.1" 200 58297
201.245.192.253 - - [04/Apr/2023:06:00:56 -0500] "POST /kwsrmcab/Wsrmcab  HTTP/1.1" 200 42075
66.249.70.210 - - [04/Apr/2023:06:02:08 -0500] "-" 408 -
186.155.16.129 - - [04/Apr/2023:06:02:14 -0500] "GET /BLA/resoluciones/RESOLUCIONES%202022/5531.pdf HTTP/1.1" 200 464242
186.155.16.129 - - [04/Apr/2023:06:02:16 -0500] "GET /BLA/resoluciones/RESOLUCIONES%202022/5531.pdf HTTP/1.1" 206 1025
186.155.16.129 - - [04/Apr/2023:06:02:16 -0500] "GET /BLA/resoluciones/RESOLUCIONES%202022/5531.pdf HTTP/1.1" 200 464242
181.48.255.70 - - [04/Apr/2023:06:02:18 -0500] "GET /BLA/resoluciones/RESOLUCIONES%202022/5531.pdf HTTP/1.1" 200 464242
186.155.16.129 - - [04/Apr/2023:06:03:19 -0500] "GET /BLA/resoluciones/RESOLUCIONES%202022/5531.pdf HTTP/1.1" 200 464242
186.155.16.129 - - [04/Apr/2023:06:03:22 -0500] "GET /BLA/resoluciones/RESOLUCIONES%202022/5531.pdf HTTP/1.1" 206 3072
172.22.2.4 - - [04/Apr/2023:06:02:47 -0500] "GET /BLA/boletinlegal/ HTTP/1.1" 200 28619
173.252.95.2 - - [04/Apr/2023:06:03:33 -0500] "GET /semana-santa-dias-y-horarios-para-visitar-el-camino-guadalupe-aguanoso.html?fbclid=IwAR3tHV2fs9Fl8woUoyAPbQlqCRMlGEeJd6u5G1aGE5rTzLuIMyZG_n9AzYU HTTP/1.1" 200 943
191.156.149.174 - - [04/Apr/2023:06:04:46 -0500] "GET /semana-santa-dias-y-horarios-para-visitar-el-camino-guadalupe-aguanoso.html HTTP/1.1" 200 943
216.245.221.92 - - [04/Apr/2023:06:05:38 -0500] "HEAD / HTTP/1.1" 200 -
172.22.2.4 - - [04/Apr/2023:06:04:11 -0500] "HEAD /BLA/boletinlegal/ HTTP/1.1" 200 -
201.245.192.253 - - [04/Apr/2023:06:05:54 -0500] "POST /kwsrmcab/Wsrmcab  HTTP/1.1" 200 42075
172.22.2.4 - - [04/Apr/2023:06:05:02 -0500] "GET /BLA/boletinlegal/ HTTP/1.1" 200 57551
190.60.254.219 - - [04/Apr/2023:06:06:52 -0500] "GET /semana-santa-dias-y-horarios-para-visitar-el-camino-guadalupe-aguanoso.html HTTP/1.1" 200 943
69.63.184.1 - - [04/Apr/2023:06:07:50 -0500] "GET /images/caminos-de-los-cerros-1_optimized.jpeg HTTP/1.1" 200 49537
216.245.221.92 - - [04/Apr/2023:06:10:38 -0500] "HEAD / HTTP/1.1" 200 -
201.245.192.253 - - [04/Apr/2023:06:10:53 -0500] "POST /kwsrmcab/Wsrmcab  HTTP/1.1" 200 42075
172.22.2.4 - - [04/Apr/2023:06:10:01 -0500] "HEAD /BLA/boletinlegal/ HTTP/1.1" 200 -
193.32.162.159 - - [04/Apr/2023:06:12:07 -0500] "GET / HTTP/1.1" 200 319
193.32.162.159 - - [04/Apr/2023:06:12:17 -0500] "GET /dispatch.asp HTTP/1.1" 404 1018
172.22.2.4 - - [04/Apr/2023:06:10:52 -0500] "GET /BLA/boletinlegal/ HTTP/1.1" 200 53104
173.252.107.12 - - [04/Apr/2023:06:13:03 -0500] "GET /palmas-silvestres-secretaria-de-ambiente-inicia-campana-de-proteccion.html HTTP/1.1" 206 851
173.252.107.21 - - [04/Apr/2023:06:13:04 -0500] "GET /palmas-silvestres-secretaria-de-ambiente-inicia-campana-de-proteccion.html HTTP/1.1" 206 851
66.249.70.210 - - [04/Apr/2023:06:13:07 -0500] "-" 408 -
191.156.226.242 - - [04/Apr/2023:06:13:22 -0500] "GET /semana-santa-dias-y-horarios-para-visitar-el-camino-guadalupe-aguanoso.html HTTP/1.1" 200 943
216.245.221.92 - - [04/Apr/2023:06:15:38 -0500] "HEAD / HTTP/1.1" 200 -
201.245.192.253 - - [04/Apr/2023:06:15:51 -0500] "POST /kwsrmcab/Wsrmcab  HTTP/1.1" 200 42075
114.119.154.26 - - [04/Apr/2023:06:17:26 -0500] "-" 408 -
172.22.2.4 - - [04/Apr/2023:06:15:51 -0500] "HEAD /BLA/boletinlegal/ HTTP/1.1" 200 -
168.228.230.163 - - [04/Apr/2023:06:17:53 -0500] "GET / HTTP/1.1" 200 319
69.63.189.120 - - [04/Apr/2023:06:18:05 -0500] "GET /images/semana-bosques-1_optimized.1.jpg HTTP/1.1" 200 102892
69.63.189.120 - - [04/Apr/2023:06:18:05 -0500] "GET /images/palma-de-cera-1-abril_optimized.jpeg HTTP/1.1" 200 171987
69.63.189.1 - - [04/Apr/2023:06:18:05 -0500] "GET /images/rendicion-de-cuentas-post-01-02-(1)_optimized.jpg HTTP/1.1" 200 121430
69.63.189.4 - - [04/Apr/2023:06:18:05 -0500] "GET /images/caminos-de-los-cerros-1_optimized.jpeg HTTP/1.1" 200 49537
69.63.189.5 - - [04/Apr/2023:06:18:10 -0500] "GET /images/empresas-alertas_optimized.jpeg HTTP/1.1" 200 142365
69.63.189.3 - - [04/Apr/2023:06:18:10 -0500] "GET /images/calidad-del-aire-suroccidental_optimized.jpeg HTTP/1.1" 200 175446
172.22.2.4 - - [04/Apr/2023:06:16:42 -0500] "GET /BLA/boletinlegal/ HTTP/1.1" 200 57551
181.243.220.20 - - [04/Apr/2023:06:18:43 -0500] "GET /semana-santa-dias-y-horarios-para-visitar-el-camino-guadalupe-aguanoso.html HTTP/1.1" 200 943
69.63.184.120 - - [04/Apr/2023:06:20:20 -0500] "GET /images/caminos-de-los-cerros-1_optimized.jpeg HTTP/1.1" 200 49537
201.245.192.253 - - [04/Apr/2023:06:20:22 -0500] "POST /kwsrmcab/Wsrmcab HTTP/1.1" 200 42417
201.245.192.253 - - [04/Apr/2023:06:20:25 -0500] "POST /kwsrmcab/Wsrmcab HTTP/1.1" 200 43183
216.245.221.92 - - [04/Apr/2023:06:20:38 -0500] "HEAD / HTTP/1.1" 200 -
201.245.192.253 - - [04/Apr/2023:06:20:49 -0500] "POST /kwsrmcab/Wsrmcab  HTTP/1.1" 200 42075
168.119.252.242 - - [04/Apr/2023:06:21:12 -0500] "GET / HTTP/1.1" 200 319
168.119.252.242 - - [04/Apr/2023:06:21:12 -0500] "GET / HTTP/1.1" 200 4720
69.63.184.1 - - [04/Apr/2023:06:21:20 -0500] "GET /images/caminos-de-los-cerros-1_optimized.jpeg HTTP/1.1" 200 49537
138.201.157.89 - - [04/Apr/2023:06:21:21 -0500] "GET / HTTP/1.1" 200 319
138.201.157.89 - - [04/Apr/2023:06:21:21 -0500] "GET / HTTP/1.1" 200 4720
168.119.51.200 - - [04/Apr/2023:06:22:26 -0500] "GET / HTTP/1.1" 200 319
168.119.51.200 - - [04/Apr/2023:06:22:27 -0500] "GET / HTTP/1.1" 200 4720
40.77.167.86 - - [04/Apr/2023:06:22:33 -0500] "GET /BLA/resoluciones/RESOLUCIONES%202023/0073.pdf HTTP/1.1" 200 412643
157.55.39.216 - - [04/Apr/2023:06:23:20 -0500] "GET /secretaria-de-ambiente-entrego-balance-de-su-gestion-en-2022-y-presento-los-retos-para-el-2023.html HTTP/1.1" 200 968
172.22.2.4 - - [04/Apr/2023:06:21:41 -0500] "HEAD /BLA/boletinlegal/ HTTP/1.1" 200 -
172.22.2.4 - - [04/Apr/2023:06:22:32 -0500] "GET /BLA/boletinlegal/ HTTP/1.1" 200 53551
66.249.70.210 - - [04/Apr/2023:06:24:51 -0500] "-" 408 -
69.63.184.2 - - [04/Apr/2023:06:25:10 -0500] "GET /images/caminos-de-los-cerros-1_optimized.jpeg HTTP/1.1" 200 49537
216.245.221.92 - - [04/Apr/2023:06:25:38 -0500] "HEAD / HTTP/1.1" 200 -
201.245.192.253 - - [04/Apr/2023:06:25:49 -0500] "POST /kwsrmcab/Wsrmcab  HTTP/1.1" 200 42075
173.252.107.16 - - [04/Apr/2023:06:28:13 -0500] "GET /images/caminos-de-los-cerros-1_optimized.jpeg HTTP/1.1" 200 49537
172.22.2.4 - - [04/Apr/2023:06:27:31 -0500] "HEAD /BLA/boletinlegal/ HTTP/1.1" 200 -
172.22.2.4 - - [04/Apr/2023:06:28:22 -0500] "GET /BLA/boletinlegal/ HTTP/1.1" 200 52316
201.245.192.253 - - [04/Apr/2023:06:30:22 -0500] "POST /kwsrmcab/Wsrmcab HTTP/1.1" 200 42417
201.245.192.253 - - [04/Apr/2023:06:30:25 -0500] "POST /kwsrmcab/Wsrmcab HTTP/1.1" 200 43183
216.245.221.92 - - [04/Apr/2023:06:30:38 -0500] "HEAD / HTTP/1.1" 200 -
201.245.192.253 - - [04/Apr/2023:06:30:48 -0500] "POST /kwsrmcab/Wsrmcab  HTTP/1.1" 200 42075
173.252.87.9 - - [04/Apr/2023:06:32:20 -0500] "GET /images/caminos-de-los-cerros-1_optimized.jpeg HTTP/1.1" 200 49537
69.63.184.116 - - [04/Apr/2023:06:32:22 -0500] "GET /images/caminos-de-los-cerros-1_optimized.jpeg HTTP/1.1" 200 49537
66.249.72.76 - - [04/Apr/2023:06:33:19 -0500] "-" 408 -
172.22.2.4 - - [04/Apr/2023:06:32:35 -0500] "GET /BLA/boletinlegal/index.php?s=/Index/\\think\\app/invokefunction&function=call_user_func_array&vars[0]=md5&vars[1][]=HelloThinkPHP21 HTTP/1.1" 200 36811
66.249.70.210 - - [04/Apr/2023:06:33:53 -0500] "-" 408 -
172.22.2.4 - - [04/Apr/2023:06:33:21 -0500] "HEAD /BLA/boletinlegal/ HTTP/1.1" 200 -
216.245.221.92 - - [04/Apr/2023:06:35:38 -0500] "HEAD / HTTP/1.1" 200 -
201.245.192.253 - - [04/Apr/2023:06:35:47 -0500] "POST /kwsrmcab/Wsrmcab  HTTP/1.1" 200 42075
172.22.2.4 - - [04/Apr/2023:06:34:12 -0500] "GET /BLA/boletinlegal/ HTTP/1.1" 200 57551
172.22.2.4 - - [04/Apr/2023:06:36:29 -0500] "GET /BLA/boletinlegal/favicon.ico HTTP/1.1" 404 1326
186.29.61.16 - - [04/Apr/2023:06:36:38 -0500] "GET / HTTP/1.1" 200 4720
186.29.61.16 - - [04/Apr/2023:06:36:38 -0500] "GET /js/url.js HTTP/1.1" 404 1294
186.29.61.16 - - [04/Apr/2023:06:36:38 -0500] "GET /fonts/icomoon/style.css HTTP/1.1" 200 79820
186.29.61.16 - - [04/Apr/2023:06:36:38 -0500] "GET /css/bootstrap.min.css HTTP/1.1" 200 178212
186.29.61.16 - - [04/Apr/2023:06:36:38 -0500] "GET /css/style.css HTTP/1.1" 200 3473
186.29.61.16 - - [04/Apr/2023:06:36:39 -0500] "GET /favicon.ico HTTP/1.1" 404 1294
173.252.107.24 - - [04/Apr/2023:06:36:42 -0500] "GET /distrito-declara-alerta-preventiva-en-el-suroccidente-de-la-ciudad-por-mala-calidad-del-aire.html HTTP/1.1" 206 1065
200.118.16.171 - - [04/Apr/2023:06:36:52 -0500] "GET /semana-santa-dias-y-horarios-para-visitar-el-camino-guadalupe-aguanoso.html HTTP/1.1" 200 943
69.63.184.5 - - [04/Apr/2023:06:37:07 -0500] "GET /images/caminos-de-los-cerros-1_optimized.jpeg HTTP/1.1" 200 49537
40.77.167.211 - - [04/Apr/2023:06:38:18 -0500] "GET /BLA/resoluciones/AUTOS%202021/2654.pdf HTTP/1.1" 304 -
40.77.167.80 - - [04/Apr/2023:06:38:28 -0500] "GET /BLA/resoluciones/RESOLUCIONES%202021/2903.pdf HTTP/1.1" 304 -
172.22.2.4 - - [04/Apr/2023:06:38:40 -0500] "GET /BLA/boletinlegal/style.css HTTP/1.1" 200 9406
172.22.2.4 - - [04/Apr/2023:06:38:40 -0500] "GET /BLA/boletinlegal/styles2.css HTTP/1.1" 200 1838
172.22.2.4 - - [04/Apr/2023:06:38:40 -0500] "GET /BLA/boletinlegal/js/jquery.scrollTo-min.js HTTP/1.1" 200 1150
172.22.2.4 - - [04/Apr/2023:06:38:40 -0500] "GET /BLA/boletinlegal/js/jquery.js HTTP/1.1" 200 57254
172.22.2.4 - - [04/Apr/2023:06:38:40 -0500] "GET /BLA/boletinlegal/js/jquery.scrollShow.js HTTP/1.1" 200 4586
172.22.2.4 - - [04/Apr/2023:06:38:40 -0500] "GET /BLA/boletinlegal/images/cabezote%20BLEGAL.jpg HTTP/1.1" 200 118164
172.22.2.4 - - [04/Apr/2023:06:38:40 -0500] "GET /BLA/boletinlegal/images/subscribe-icon-big.png HTTP/1.1" 200 47702
172.22.2.4 - - [04/Apr/2023:06:38:40 -0500] "GET /BLA/boletinlegal/images/historia.png HTTP/1.1" 200 52775
172.22.2.4 - - [04/Apr/2023:06:38:40 -0500] "GET /BLA/boletinlegal/images/registro-usuarios.png HTTP/1.1" 200 8106
172.22.2.4 - - [04/Apr/2023:06:38:40 -0500] "GET /BLA/boletinlegal/images/arr_l.jpg HTTP/1.1" 200 1979
172.22.2.4 - - [04/Apr/2023:06:38:40 -0500] "GET /BLA/boletinlegal/images/screen_1.png HTTP/1.1" 200 202547
172.22.2.4 - - [04/Apr/2023:06:38:40 -0500] "GET /BLA/boletinlegal/images/launch.jpg HTTP/1.1" 200 14577
172.22.2.4 - - [04/Apr/2023:06:38:40 -0500] "GET /BLA/boletinlegal/images/body_bg.jpg HTTP/1.1" 200 1601
172.22.2.4 - - [04/Apr/2023:06:38:40 -0500] "GET /BLA/boletinlegal/images/menu_lft.gif HTTP/1.1" 200 1713
172.22.2.4 - - [04/Apr/2023:06:38:40 -0500] "GET /BLA/boletinlegal/images/menu_rght.gif HTTP/1.1" 200 1627
172.22.2.4 - - [04/Apr/2023:06:38:40 -0500] "GET /BLA/boletinlegal/images/bg_top.jpg HTTP/1.1" 200 522
172.22.2.4 - - [04/Apr/2023:06:38:40 -0500] "GET /BLA/boletinlegal/images/menu_bg.jpg HTTP/1.1" 200 620
172.22.2.4 - - [04/Apr/2023:06:38:40 -0500] "GET /BLA/boletinlegal/images/hover.jpg HTTP/1.1" 200 640
172.22.2.4 - - [04/Apr/2023:06:38:40 -0500] "GET /BLA/boletinlegal/images/text.jpg HTTP/1.1" 200 568
172.22.2.4 - - [04/Apr/2023:06:38:48 -0500] "GET /BLA/boletinlegal/images/screen_2.png HTTP/1.1" 200 362502
