186.29.214.211 - - [06/Apr/2023:08:06:21 -0500] "GET /como-obtener-el-certificado-de-estado-de-conservacion-ambiental-ceca.html HTTP/1.1" 206 873
35.204.80.241 - - [06/Apr/2023:08:06:32 -0500] "GET /inventario-de-emisiones-2020-transporte-publico-sitp-redujo-emisiones-de-pm-2-5-en-un-37.html HTTP/1.1" 200 925
172.22.2.4 - - [06/Apr/2023:08:04:53 -0500] "HEAD /BLA/boletinlegal/ HTTP/1.1" 200 -
201.245.192.253 - - [06/Apr/2023:08:07:20 -0500] "POST /kwsrmcab/Wsrmcab  HTTP/1.1" 200 42075
172.22.2.4 - - [06/Apr/2023:08:05:43 -0500] "GET /BLA/boletinlegal/ HTTP/1.1" 200 57551
35.204.103.49 - - [06/Apr/2023:08:07:33 -0500] "GET /inventario-de-emisiones-2020-transporte-publico-sitp-redujo-emisiones-de-pm-2-5-en-un-37.html HTTP/1.1" 200 925
172.22.2.4 - - [06/Apr/2023:08:09:12 -0500] "GET /BLA/boletinlegal/actos.php HTTP/1.1" 200 9672
172.22.2.4 - - [06/Apr/2023:08:10:19 -0500] "GET /BLA/boletinlegal/actos.php HTTP/1.1" 200 9672
216.245.221.92 - - [06/Apr/2023:08:10:38 -0500] "HEAD / HTTP/1.1" 200 -
66.249.70.182 - - [06/Apr/2023:08:11:22 -0500] "-" 408 -
35.204.103.49 - - [06/Apr/2023:08:11:29 -0500] "GET /inventario-de-emisiones-2020-transporte-publico-sitp-redujo-emisiones-de-pm-2-5-en-un-37.html HTTP/1.1" 200 925
186.155.217.94 - - [06/Apr/2023:08:12:18 -0500] "GET /BLA/boletinlegal/js/jquery.scrollShow.js HTTP/1.1" 200 4586
186.155.217.94 - - [06/Apr/2023:08:12:18 -0500] "GET /galeria/galeria/jquery.fancybox.css?v=2.1.5 HTTP/1.1" 200 4895
186.155.217.94 - - [06/Apr/2023:08:12:18 -0500] "GET /galeria/galeria/jquery.fancybox.js?v=2.1.5 HTTP/1.1" 200 48706
201.245.192.253 - - [06/Apr/2023:08:12:19 -0500] "POST /kwsrmcab/Wsrmcab  HTTP/1.1" 200 42075
172.22.2.4 - - [06/Apr/2023:08:10:43 -0500] "HEAD /BLA/boletinlegal/ HTTP/1.1" 200 -
172.22.2.4 - - [06/Apr/2023:08:11:48 -0500] "GET /BLA/boletinlegal/ HTTP/1.1" 200 24523
35.204.203.11 - - [06/Apr/2023:08:12:49 -0500] "GET /inventario-de-emisiones-2020-transporte-publico-sitp-redujo-emisiones-de-pm-2-5-en-un-37.html HTTP/1.1" 200 925
172.22.2.4 - - [06/Apr/2023:08:11:33 -0500] "GET /BLA/boletinlegal/ HTTP/1.1" 200 55561
52.167.144.167 - - [06/Apr/2023:08:14:50 -0500] "GET /BLA/resoluciones/RESOLUCIONES%202021/1252.pdf HTTP/1.1" 200 1013201
172.22.2.4 - - [06/Apr/2023:08:15:04 -0500] "GET /BLA/boletinlegal/actos.php HTTP/1.1" 200 9672
172.22.2.4 - - [06/Apr/2023:08:15:30 -0500] "GET /BLA/boletinlegal/actos.php HTTP/1.1" 200 9672
216.245.221.92 - - [06/Apr/2023:08:15:38 -0500] "HEAD / HTTP/1.1" 200 -
201.245.192.253 - - [06/Apr/2023:08:17:16 -0500] "POST /kwsrmcab/Wsrmcab  HTTP/1.1" 200 42075
34.91.10.255 - - [06/Apr/2023:08:17:35 -0500] "GET /inventario-de-emisiones-2020-transporte-publico-sitp-redujo-emisiones-de-pm-2-5-en-un-37.html HTTP/1.1" 200 925
172.22.2.4 - - [06/Apr/2023:08:16:33 -0500] "HEAD /BLA/boletinlegal/ HTTP/1.1" 200 -
66.249.70.210 - - [06/Apr/2023:08:18:47 -0500] "-" 408 -
128.1.248.42 - - [06/Apr/2023:08:18:48 -0500] "GET /portaldeninos/ HTTP/1.1" 200 110197
172.22.2.4 - - [06/Apr/2023:08:17:23 -0500] "GET /BLA/boletinlegal/ HTTP/1.1" 200 53104
201.245.192.253 - - [06/Apr/2023:08:20:12 -0500] "POST /kwsrmcab/Wsrmcab HTTP/1.1" 200 42420
201.245.192.253 - - [06/Apr/2023:08:20:15 -0500] "POST /kwsrmcab/Wsrmcab HTTP/1.1" 200 43194
216.245.221.92 - - [06/Apr/2023:08:20:38 -0500] "HEAD / HTTP/1.1" 200 -
172.22.2.4 - - [06/Apr/2023:08:21:01 -0500] "GET /BLA/boletinlegal/actos.php HTTP/1.1" 200 9672
201.245.192.253 - - [06/Apr/2023:08:22:12 -0500] "POST /kwsrmcab/Wsrmcab  HTTP/1.1" 200 42075
162.55.175.138 - - [06/Apr/2023:08:22:32 -0500] "GET / HTTP/1.1" 200 319
162.55.175.138 - - [06/Apr/2023:08:22:32 -0500] "GET / HTTP/1.1" 200 4720
172.22.2.4 - - [06/Apr/2023:08:22:23 -0500] "HEAD /BLA/boletinlegal/ HTTP/1.1" 200 -
172.22.2.4 - - [06/Apr/2023:08:23:13 -0500] "GET /BLA/boletinlegal/ HTTP/1.1" 200 52316
216.245.221.92 - - [06/Apr/2023:08:25:38 -0500] "HEAD / HTTP/1.1" 200 -
201.245.192.253 - - [06/Apr/2023:08:27:11 -0500] "POST /kwsrmcab/Wsrmcab  HTTP/1.1" 200 42075
207.46.13.216 - - [06/Apr/2023:08:27:19 -0500] "GET /BLA/resoluciones/AUTOS%202021/0244.pdf HTTP/1.1" 304 -
173.252.95.2 - - [06/Apr/2023:08:29:32 -0500] "GET /images/calidad-aire-2-marzo-1_optimized.jpeg HTTP/1.1" 200 51562
172.22.2.4 - - [06/Apr/2023:08:28:13 -0500] "HEAD /BLA/boletinlegal/ HTTP/1.1" 200 -
201.245.192.253 - - [06/Apr/2023:08:30:12 -0500] "POST /kwsrmcab/Wsrmcab HTTP/1.1" 200 42420
201.245.192.253 - - [06/Apr/2023:08:30:15 -0500] "POST /kwsrmcab/Wsrmcab HTTP/1.1" 200 43194
69.63.184.4 - - [06/Apr/2023:08:30:19 -0500] "GET /images/WhatsApp%20Image%202023-04-05%20at%2013.54.41.jpeg HTTP/1.1" 200 210747
216.245.221.92 - - [06/Apr/2023:08:30:38 -0500] "HEAD / HTTP/1.1" 200 -
172.22.2.4 - - [06/Apr/2023:08:29:03 -0500] "GET /BLA/boletinlegal/ HTTP/1.1" 200 55211
173.252.107.4 - - [06/Apr/2023:08:31:51 -0500] "GET /la-moda-circular-es-tendencia-nueva-apuesta-para-avanzar-en-la-sostenibilidad-del-sector-en-bogota.html HTTP/1.1" 206 796
201.245.192.253 - - [06/Apr/2023:08:32:10 -0500] "POST /kwsrmcab/Wsrmcab  HTTP/1.1" 200 42075
201.244.162.153 - - [06/Apr/2023:08:32:42 -0500] "GET /como-obtener-el-certificado-de-estado-de-conservacion-ambiental-ceca.html HTTP/1.1" 200 873
40.77.167.80 - - [06/Apr/2023:08:34:52 -0500] "GET /BLA/resoluciones/AUTOS%202019/4578.pdf HTTP/1.1" 200 1459986
216.245.221.92 - - [06/Apr/2023:08:35:38 -0500] "HEAD / HTTP/1.1" 200 -
172.22.2.4 - - [06/Apr/2023:08:34:03 -0500] "HEAD /BLA/boletinlegal/ HTTP/1.1" 200 -
172.22.2.4 - - [06/Apr/2023:08:34:53 -0500] "GET /BLA/boletinlegal/ HTTP/1.1" 200 52720
191.156.187.197 - - [06/Apr/2023:08:36:56 -0500] "GET /css/date_blue.css HTTP/1.1" 404 1254
191.156.182.225 - - [06/Apr/2023:08:36:56 -0500] "GET /css/textos.css HTTP/1.1" 404 1254
191.156.182.225 - - [06/Apr/2023:08:36:56 -0500] "GET /css/fondos.css HTTP/1.1" 404 1254
191.156.182.225 - - [06/Apr/2023:08:36:59 -0500] "GET /css/bordes.css HTTP/1.1" 404 1254
201.245.192.253 - - [06/Apr/2023:08:37:08 -0500] "POST /kwsrmcab/Wsrmcab  HTTP/1.1" 200 42075
186.28.19.103 - - [06/Apr/2023:08:37:17 -0500] "GET /mejora-la-calidad-del-aire-condiciones-meteorologicas-favorables-permiten-levantar-la-alerta-preventiva.html HTTP/1.1" 200 873
186.28.19.103 - - [06/Apr/2023:08:37:17 -0500] "GET /favicon.ico HTTP/1.1" 404 1510
40.77.167.80 - - [06/Apr/2023:08:37:46 -0500] "GET /Publicaciones/2022EE79494.pdf HTTP/1.1" 404 227
201.245.192.253 - - [06/Apr/2023:08:40:12 -0500] "POST /kwsrmcab/Wsrmcab HTTP/1.1" 200 42420
201.245.192.253 - - [06/Apr/2023:08:40:14 -0500] "POST /kwsrmcab/Wsrmcab HTTP/1.1" 200 43194
216.245.221.92 - - [06/Apr/2023:08:40:38 -0500] "HEAD / HTTP/1.1" 200 -
172.22.2.4 - - [06/Apr/2023:08:39:53 -0500] "HEAD /BLA/boletinlegal/ HTTP/1.1" 200 -
190.158.204.24 - - [06/Apr/2023:08:42:07 -0500] "GET /sipse/faces/faces/index.xhtml HTTP/1.1" 200 677
190.158.204.24 - - [06/Apr/2023:08:42:07 -0500] "GET /sipse/faces/javax.faces.resource/theme.css?ln=primefaces-sipse HTTP/1.1" 304 -
190.158.204.24 - - [06/Apr/2023:08:42:07 -0500] "GET /sipse/faces/faces/faces/autenticacion.xhtml HTTP/1.1" 200 12177
190.158.204.24 - - [06/Apr/2023:08:42:07 -0500] "GET /sipse/js/disable_browser_buttons.js HTTP/1.1" 304 -
190.158.204.24 - - [06/Apr/2023:08:42:07 -0500] "GET /sipse/js/funciones.js HTTP/1.1" 304 -
190.158.204.24 - - [06/Apr/2023:08:42:07 -0500] "GET /sipse/css/custom_css_sg.css HTTP/1.1" 304 -
190.158.204.24 - - [06/Apr/2023:08:42:07 -0500] "GET /sipse/css/custom_css_sg_prime_login.css HTTP/1.1" 304 -
190.158.204.24 - - [06/Apr/2023:08:42:07 -0500] "GET /sipse/faces/javax.faces.resource/jquery/jquery.js?ln=primefaces&v=4.0 HTTP/1.1" 304 -
190.158.204.24 - - [06/Apr/2023:08:42:07 -0500] "GET /sipse/faces/javax.faces.resource/theme.css?ln=primefaces-sipse HTTP/1.1" 304 -
190.158.204.24 - - [06/Apr/2023:08:42:07 -0500] "GET /sipse/faces/javax.faces.resource/primefaces.css?ln=primefaces&v=4.0 HTTP/1.1" 304 -
190.158.204.24 - - [06/Apr/2023:08:42:07 -0500] "GET /sipse/faces/javax.faces.resource/layout/layout.css?ln=primefaces&v=4.0 HTTP/1.1" 304 -
190.158.204.24 - - [06/Apr/2023:08:42:07 -0500] "GET /sipse/faces/javax.faces.resource/primefaces.js?ln=primefaces&v=4.0 HTTP/1.1" 304 -
190.158.204.24 - - [06/Apr/2023:08:42:07 -0500] "GET /sipse/faces/javax.faces.resource/jquery/jquery-plugins.js?ln=primefaces&v=4.0 HTTP/1.1" 304 -
190.158.204.24 - - [06/Apr/2023:08:42:07 -0500] "GET /sipse/faces/javax.faces.resource/layout/layout.js?ln=primefaces&v=4.0 HTTP/1.1" 304 -
190.158.204.24 - - [06/Apr/2023:08:42:07 -0500] "GET /sipse/css/imagen/loginimg.png HTTP/1.1" 304 -
190.158.204.24 - - [06/Apr/2023:08:42:07 -0500] "GET /sipse/css/imagen/logoSDG.png HTTP/1.1" 304 -
190.158.204.24 - - [06/Apr/2023:08:42:07 -0500] "GET /sipse/faces/javax.faces.resource/images/ui-icons_898989_256x240.png?ln=primefaces-aristo HTTP/1.1" 304 -
201.245.192.253 - - [06/Apr/2023:08:42:07 -0500] "POST /kwsrmcab/Wsrmcab  HTTP/1.1" 200 42075
172.22.2.4 - - [06/Apr/2023:08:40:43 -0500] "GET /BLA/boletinlegal/ HTTP/1.1" 200 53551
66.249.70.213 - - [06/Apr/2023:08:43:22 -0500] "-" 408 -
31.13.127.27 - - [06/Apr/2023:08:43:54 -0500] "GET /mejora-la-calidad-del-aire-condiciones-meteorologicas-favorables-permiten-levantar-la-alerta-preventiva.html HTTP/1.1" 206 873
31.13.127.26 - - [06/Apr/2023:08:43:56 -0500] "GET /mejora-la-calidad-del-aire-condiciones-meteorologicas-favorables-permiten-levantar-la-alerta-preventiva.html HTTP/1.1" 206 873
31.13.127.15 - - [06/Apr/2023:08:43:56 -0500] "GET /mejora-la-calidad-del-aire-condiciones-meteorologicas-favorables-permiten-levantar-la-alerta-preventiva.html HTTP/1.1" 206 873
172.22.2.4 - - [06/Apr/2023:08:44:45 -0500] "GET /BLA/boletinlegal/jurisprudencia/analisis/Analisis%20Sentencia%20T-1077 HTTP/1.1" 404 1038
40.77.167.211 - - [06/Apr/2023:08:45:04 -0500] "GET /BLA/boletinlegal/actos.php HTTP/1.1" 200 9672
52.167.144.87 - - [06/Apr/2023:08:45:19 -0500] "GET /BLA/boletinlegal/js/jquery1.js HTTP/1.1" 200 29846
52.167.144.87 - - [06/Apr/2023:08:45:20 -0500] "GET /BLA/boletinlegal/js/popup.js HTTP/1.1" 200 1270
52.167.144.87 - - [06/Apr/2023:08:45:20 -0500] "GET /BLA/boletinlegal/style.css HTTP/1.1" 200 9406
157.55.39.216 - - [06/Apr/2023:08:45:19 -0500] "GET /portaldeninos/humedal-la-conejera-2/ HTTP/1.1" 200 88020
157.55.39.219 - - [06/Apr/2023:08:45:22 -0500] "GET /BLA/boletinlegal/niceforms-default.css HTTP/1.1" 200 6694
52.167.144.167 - - [06/Apr/2023:08:45:23 -0500] "GET /BLA/boletinlegal/js/ajax_actos.js HTTP/1.1" 200 1322
37.221.92.204 - - [06/Apr/2023:08:45:14 -0500] "POST /boaform/admin/formLogin HTTP/1.1" 404 1186
40.77.167.80 - - [06/Apr/2023:08:45:24 -0500] "GET /BLA/boletinlegal/js/lib.js HTTP/1.1" 200 6474
157.55.39.219 - - [06/Apr/2023:08:45:32 -0500] "GET /BLA/boletinlegal/styles2.css HTTP/1.1" 200 1838
40.77.167.80 - - [06/Apr/2023:08:45:36 -0500] "GET /BLA/boletinlegal/niceforms.js HTTP/1.1" 200 22876
216.245.221.92 - - [06/Apr/2023:08:45:37 -0500] "HEAD / HTTP/1.1" 200 -
157.55.39.216 - - [06/Apr/2023:08:45:39 -0500] "GET /portaldeninos/wp-content/themes/betheme/css/layout.css?ver=20.9.6 HTTP/1.1" 200 116639
52.167.144.97 - - [06/Apr/2023:08:45:42 -0500] "GET /portaldeninos/wp-content/themes/betheme/fonts/mfn-icons.ttf?93978679 HTTP/1.1" 200 124684
52.167.144.97 - - [06/Apr/2023:08:45:43 -0500] "GET /portaldeninos/wp-includes/js/wp-emoji-release.min.js?ver=4.9.8 HTTP/1.1" 200 12026
201.245.192.253 - - [06/Apr/2023:08:47:05 -0500] "POST /kwsrmcab/Wsrmcab  HTTP/1.1" 200 42075
172.22.2.4 - - [06/Apr/2023:08:45:43 -0500] "HEAD /BLA/boletinlegal/ HTTP/1.1" 200 -
69.171.231.5 - - [06/Apr/2023:08:47:39 -0500] "GET /images/jardines-verticales-plantas-24-mayo.jpg HTTP/1.1" 200 148288
172.22.2.4 - - [06/Apr/2023:08:47:41 -0500] "GET /BLA/boletinlegal/normativa.php HTTP/1.1" 200 8333
172.22.2.4 - - [06/Apr/2023:08:47:41 -0500] "GET /BLA/boletinlegal/js/ajax_normativa.js HTTP/1.1" 200 1154
172.22.2.4 - - [06/Apr/2023:08:47:41 -0500] "GET /BLA/boletinlegal/styles2.css HTTP/1.1" 200 1838
172.22.2.4 - - [06/Apr/2023:08:47:41 -0500] "GET /BLA/boletinlegal/niceforms-default.css HTTP/1.1" 200 6694
172.22.2.4 - - [06/Apr/2023:08:47:41 -0500] "GET /BLA/boletinlegal/style.css HTTP/1.1" 200 9406
172.22.2.4 - - [06/Apr/2023:08:47:41 -0500] "GET /BLA/boletinlegal/images/cabezote%20BLEGAL.jpg HTTP/1.1" 200 118164
172.22.2.4 - - [06/Apr/2023:08:47:41 -0500] "GET /BLA/boletinlegal/niceforms.js HTTP/1.1" 200 22876
172.22.2.4 - - [06/Apr/2023:08:47:41 -0500] "GET /BLA/boletinlegal/images/historia.png HTTP/1.1" 200 52775
172.22.2.4 - - [06/Apr/2023:08:47:41 -0500] "GET /BLA/boletinlegal/images/subscribe-icon-big.png HTTP/1.1" 200 47702
172.22.2.4 - - [06/Apr/2023:08:47:41 -0500] "GET /BLA/boletinlegal/images/registro-usuarios.png HTTP/1.1" 200 8106
172.22.2.4 - - [06/Apr/2023:08:47:41 -0500] "GET /BLA/boletinlegal/images/tel.png HTTP/1.1" 200 14477
172.22.2.4 - - [06/Apr/2023:08:47:41 -0500] "GET /BLA/boletinlegal/images/menu_lft.gif HTTP/1.1" 200 1713
172.22.2.4 - - [06/Apr/2023:08:47:41 -0500] "GET /BLA/boletinlegal/images/hover.jpg HTTP/1.1" 200 640
172.22.2.4 - - [06/Apr/2023:08:47:41 -0500] "GET /BLA/boletinlegal/images/menu_bg.jpg HTTP/1.1" 200 620
172.22.2.4 - - [06/Apr/2023:08:47:41 -0500] "GET /BLA/boletinlegal/images/body_bg.jpg HTTP/1.1" 200 1601
172.22.2.4 - - [06/Apr/2023:08:47:41 -0500] "GET /BLA/boletinlegal/images/menu_rght.gif HTTP/1.1" 200 1627
172.22.2.4 - - [06/Apr/2023:08:47:41 -0500] "GET /BLA/boletinlegal/images/bg_top.jpg HTTP/1.1" 200 522
172.22.2.4 - - [06/Apr/2023:08:47:41 -0500] "GET /BLA/boletinlegal/images/footer_bg.jpg HTTP/1.1" 200 586
172.22.2.4 - - [06/Apr/2023:08:47:41 -0500] "GET /BLA/boletinlegal/images/text.jpg HTTP/1.1" 200 568
172.22.2.4 - - [06/Apr/2023:08:47:41 -0500] "GET /BLA/boletinlegal/images/icono-email.png HTTP/1.1" 200 5544
172.22.2.4 - - [06/Apr/2023:08:47:41 -0500] "GET /BLA/boletinlegal/images/footer_bg_l.jpg HTTP/1.1" 200 776
172.22.2.4 - - [06/Apr/2023:08:47:41 -0500] "GET /BLA/boletinlegal/img/0.png HTTP/1.1" 200 110
172.22.2.4 - - [06/Apr/2023:08:47:41 -0500] "GET /BLA/boletinlegal/img/button-left.png HTTP/1.1" 200 57071
172.22.2.4 - - [06/Apr/2023:08:47:41 -0500] "GET /BLA/boletinlegal/img/select-left.png HTTP/1.1" 200 263
172.22.2.4 - - [06/Apr/2023:08:47:41 -0500] "GET /BLA/boletinlegal/img/select-right.png HTTP/1.1" 200 44019
172.22.2.4 - - [06/Apr/2023:08:47:41 -0500] "GET /BLA/boletinlegal/img/button.png HTTP/1.1" 200 43241
172.22.2.4 - - [06/Apr/2023:08:47:41 -0500] "GET /BLA/boletinlegal/img/button-right.png HTTP/1.1" 200 57878
172.22.2.4 - - [06/Apr/2023:08:47:41 -0500] "GET /BLA/boletinlegal/favicon.ico HTTP/1.1" 404 1334
172.22.2.4 - - [06/Apr/2023:08:46:34 -0500] "GET /BLA/boletinlegal/ HTTP/1.1" 200 59646
173.252.107.20 - - [06/Apr/2023:08:48:35 -0500] "GET /secretaria-de-ambiente-abre-ciclo-de-capacitaciones-sobre-techos-verdes-y-jardines-verticales.html HTTP/1.1" 206 1078
173.252.79.15 - - [06/Apr/2023:08:48:36 -0500] "GET /images/jardines-verticales-4-marzo.jpg HTTP/1.1" 200 54804
52.167.144.87 - - [06/Apr/2023:08:48:39 -0500] "GET /BLA/resoluciones/AUTOS%202021/4157.pdf HTTP/1.1" 304 -
52.167.144.87 - - [06/Apr/2023:08:49:40 -0500] "GET /galeria/nivo-slider/themes/pascal/pascal.css HTTP/1.1" 200 2258
40.77.167.80 - - [06/Apr/2023:08:49:44 -0500] "GET /galeria/nivo-slider/jquery.nivo.slider.pack.js HTTP/1.1" 200 11561
52.167.144.167 - - [06/Apr/2023:08:49:45 -0500] "GET /galeria/nivo-slider/demo/scripts/jquery-1.7.1.min.js HTTP/1.1" 200 93868
52.167.144.167 - - [06/Apr/2023:08:49:46 -0500] "GET /galeria/nivo-slider/demo/style.css HTTP/1.1" 200 2222
52.167.144.167 - - [06/Apr/2023:08:49:46 -0500] "GET /galeria/nivo-slider/themes/default/default.css HTTP/1.1" 200 1569
173.252.107.18 - - [06/Apr/2023:08:50:33 -0500] "GET /oso-melero-recuperado-en-bogota-fue-liberado-exitosamente-en-el-meta.html HTTP/1.1" 206 948
216.245.221.92 - - [06/Apr/2023:08:50:37 -0500] "HEAD / HTTP/1.1" 200 -
181.252.84.10 - - [06/Apr/2023:08:51:09 -0500] "GET /semana-santa-dias-y-horarios-para-visitar-el-camino-guadalupe-aguanoso.html HTTP/1.1" 200 943
52.167.144.167 - - [06/Apr/2023:08:51:43 -0500] "GET /BLA/resoluciones/AUTOS%202021/5804.pdf HTTP/1.1" 304 -
201.245.192.253 - - [06/Apr/2023:08:52:03 -0500] "POST /kwsrmcab/Wsrmcab  HTTP/1.1" 200 42075
172.22.2.4 - - [06/Apr/2023:08:51:33 -0500] "HEAD /BLA/boletinlegal/ HTTP/1.1" 200 -
172.22.2.4 - - [06/Apr/2023:08:52:23 -0500] "GET /BLA/boletinlegal/ HTTP/1.1" 200 55924
216.245.221.92 - - [06/Apr/2023:08:55:37 -0500] "HEAD / HTTP/1.1" 200 -
201.245.192.253 - - [06/Apr/2023:08:57:02 -0500] "POST /kwsrmcab/Wsrmcab  HTTP/1.1" 200 42075
52.167.144.87 - - [06/Apr/2023:08:58:01 -0500] "GET /BLA/resoluciones/AUTOS%202021/4447.pdf HTTP/1.1" 304 -
172.22.2.4 - - [06/Apr/2023:08:57:23 -0500] "HEAD /BLA/boletinlegal/ HTTP/1.1" 200 -
172.22.2.4 - - [06/Apr/2023:08:58:13 -0500] "GET /BLA/boletinlegal/ HTTP/1.1" 200 57551
216.245.221.92 - - [06/Apr/2023:09:00:37 -0500] "HEAD / HTTP/1.1" 200 -
69.63.189.5 - - [06/Apr/2023:09:01:03 -0500] "GET /images/Aire1.jpeg HTTP/1.1" 200 51706
69.63.189.1 - - [06/Apr/2023:09:01:03 -0500] "GET /gracias-al-compromiso-de-la-ciudadan%C3%83%C2%ADa-la-academia-las-industrias-y-el-distrito-el-2021-fue-el-a%C3%83%C2%B1o-de-la-calidad-del-aire.html HTTP/1.1" 206 1115
40.77.167.187 - - [06/Apr/2023:09:01:18 -0500] "-" 408 -
40.77.189.203 - - [06/Apr/2023:09:01:38 -0500] "GET /portaldeninos/wp-content/themes/betheme/fonts/mfn-icons.woff?93978679 HTTP/1.1" 200 80932
201.245.192.253 - - [06/Apr/2023:09:02:01 -0500] "POST /kwsrmcab/Wsrmcab  HTTP/1.1" 200 42075
172.22.2.4 - - [06/Apr/2023:09:03:13 -0500] "HEAD /BLA/boletinlegal/ HTTP/1.1" 200 -
190.158.204.24 - - [06/Apr/2023:09:05:01 -0500] "GET /sipse/faces/faces/index.xhtml HTTP/1.1" 200 677
190.158.204.24 - - [06/Apr/2023:09:05:01 -0500] "GET /sipse/faces/javax.faces.resource/theme.css?ln=primefaces-sipse HTTP/1.1" 304 -
190.158.204.24 - - [06/Apr/2023:09:05:01 -0500] "GET /sipse/faces/faces/faces/autenticacion.xhtml HTTP/1.1" 200 12177
190.158.204.24 - - [06/Apr/2023:09:05:01 -0500] "GET /sipse/faces/javax.faces.resource/theme.css?ln=primefaces-sipse HTTP/1.1" 304 -
190.158.204.24 - - [06/Apr/2023:09:05:01 -0500] "GET /sipse/faces/javax.faces.resource/primefaces.css?ln=primefaces&v=4.0 HTTP/1.1" 304 -
190.158.204.24 - - [06/Apr/2023:09:05:01 -0500] "GET /sipse/faces/javax.faces.resource/layout/layout.css?ln=primefaces&v=4.0 HTTP/1.1" 304 -
190.158.204.24 - - [06/Apr/2023:09:05:01 -0500] "GET /sipse/faces/javax.faces.resource/jquery/jquery.js?ln=primefaces&v=4.0 HTTP/1.1" 304 -
190.158.204.24 - - [06/Apr/2023:09:05:02 -0500] "GET /sipse/faces/javax.faces.resource/primefaces.js?ln=primefaces&v=4.0 HTTP/1.1" 304 -
190.158.204.24 - - [06/Apr/2023:09:05:02 -0500] "GET /sipse/faces/javax.faces.resource/jquery/jquery-plugins.js?ln=primefaces&v=4.0 HTTP/1.1" 304 -
190.158.204.24 - - [06/Apr/2023:09:05:02 -0500] "GET /sipse/faces/javax.faces.resource/layout/layout.js?ln=primefaces&v=4.0 HTTP/1.1" 304 -
190.158.204.24 - - [06/Apr/2023:09:05:02 -0500] "GET /sipse/faces/javax.faces.resource/images/ui-icons_898989_256x240.png?ln=primefaces-aristo HTTP/1.1" 304 -
216.245.221.92 - - [06/Apr/2023:09:05:37 -0500] "HEAD / HTTP/1.1" 200 -
172.22.2.4 - - [06/Apr/2023:09:04:03 -0500] "GET /BLA/boletinlegal/ HTTP/1.1" 200 55924
201.245.192.253 - - [06/Apr/2023:09:07:00 -0500] "POST /kwsrmcab/Wsrmcab  HTTP/1.1" 200 42075
52.167.144.167 - - [06/Apr/2023:09:09:44 -0500] "GET /BLA/resoluciones/RESOLUCIONES%202021/0722.pdf HTTP/1.1" 200 593893
186.30.73.106 - - [06/Apr/2023:09:10:34 -0500] "GET /favicon.ico HTTP/1.1" 200 7782
216.245.221.92 - - [06/Apr/2023:09:10:37 -0500] "HEAD / HTTP/1.1" 200 -
186.30.73.106 - - [06/Apr/2023:09:10:38 -0500] "GET /BLA/resoluciones/AUTOS%202014/7331.pdf HTTP/1.1" 200 813273
172.22.2.4 - - [06/Apr/2023:09:09:03 -0500] "HEAD /BLA/boletinlegal/ HTTP/1.1" 200 -
172.22.2.4 - - [06/Apr/2023:09:09:53 -0500] "GET /BLA/boletinlegal/ HTTP/1.1" 200 57551
201.245.192.253 - - [06/Apr/2023:09:11:58 -0500] "POST /kwsrmcab/Wsrmcab  HTTP/1.1" 200 42075
128.14.136.18 - - [06/Apr/2023:09:12:44 -0500] "GET /portaldeninos/ HTTP/1.1" 200 110197
186.29.232.1 - - [06/Apr/2023:09:15:15 -0500] "GET /agendate-para-participar-en-las-caminatas-ecologicas-de-febrero.html HTTP/1.1" 200 830
40.77.167.80 - - [06/Apr/2023:09:15:17 -0500] "GET /sipse/faces/autenticacion.xhtml HTTP/1.1" 200 12499
216.245.221.92 - - [06/Apr/2023:09:15:37 -0500] "HEAD / HTTP/1.1" 200 -
172.22.2.4 - - [06/Apr/2023:09:14:53 -0500] "HEAD /BLA/boletinlegal/ HTTP/1.1" 200 -
52.167.144.97 - - [06/Apr/2023:09:16:56 -0500] "GET /portaldeninos/parque-mirador-de-los-nevados/ HTTP/1.1" 200 89855
201.245.192.253 - - [06/Apr/2023:09:16:56 -0500] "POST /kwsrmcab/Wsrmcab  HTTP/1.1" 200 42075
172.22.2.4 - - [06/Apr/2023:09:15:43 -0500] "GET /BLA/boletinlegal/ HTTP/1.1" 200 57551
179.181.96.108 - - [06/Apr/2023:09:19:39 -0500] "GET /como-obtener-el-certificado-de-estado-de-conservacion-ambiental-ceca.html HTTP/1.1" 200 873
201.245.192.253 - - [06/Apr/2023:09:20:12 -0500] "POST /kwsrmcab/Wsrmcab HTTP/1.1" 200 42436
201.245.192.253 - - [06/Apr/2023:09:20:14 -0500] "POST /kwsrmcab/Wsrmcab HTTP/1.1" 200 43193
216.245.221.92 - - [06/Apr/2023:09:20:37 -0500] "HEAD / HTTP/1.1" 200 -
172.22.2.4 - - [06/Apr/2023:09:20:19 -0500] "GET /BLA/boletinlegal/ HTTP/1.1" 200 20427
186.154.37.186 - - [06/Apr/2023:09:21:10 -0500] "GET /fauna-silvestre-distrito-sensibiliza-a-personas-que-van-a-viajar-en-semana-santa-sobre-la-importancia-de-proteger-la-fauna-silvestre.html HTTP/1.1" 200 955
186.102.54.212 - - [06/Apr/2023:09:21:36 -0500] "GET /kwssiamovil/sm/ldap/au?x=U2FsdGVkX1/Pe/3Ek/QyjVVLilOO+fl/lsZFcqRGUC5jo4Q+aDodePHHb7ZIu9+P&y=U2FsdGVkX19Um/jmPwusy2Pj92O7JfFy9MgQWmGMj1e/fQacAp6D0jKwwuhwA4g0 HTTP/1.1" 200 30
186.102.54.212 - - [06/Apr/2023:09:21:36 -0500] "GET /kwssiamovil/sm/acme/s?s=U2FsdGVkX1/Nc1c6s3kyGD1DSmzLBVmIOFpmku8ssGRXJhzCAc9KiXj2w7ZoPquA2U8NLog2KgeiYMfI4Viv+XP7uVvImEiLWEk4GQagy78=&u=U2FsdGVkX19fh+ci8QrCHOoIgHZIXb2ngKJ2MENq3HA=&y=U2FsdGVkX19Um/jmPwusy2Pj92O7JfFy9MgQWmGMj1e/fQacAp6D0jKwwuhwA4g0 HTTP/1.1" 200 97
186.102.54.212 - - [06/Apr/2023:09:21:36 -0500] "GET /kwssiamovil/sm/acme/s?s=U2FsdGVkX1+hLvQ2E634cdS59tzHrtvXaTCmpCNhog8SyWvVnig1b20fapKq5+WGw3IJr/l1TT0eLu2DqRyP7q9+nInreee/l4ne5wQ5Vg56lu7nP9NFdQgb3JaYQ3yrxPp+IC5x2YTwhed6Uzw0hPD8RVv/TkLM7Esn59hU/TnOgUvqLgbmZcvPDwYtcUWCcK6WCiD0PxImxu87kkNY2DbaXH6ng0kIDyPG7M+v1hufNy6Xkgpd2UZUwpx2dzMI170yMxjVOdUeOV5F+gp9bHQn3PCMSS6dZPCV8khKedlHcJ2K5wvYP4egcRZ0uDDvwj/8WKNZLIPSiIYRmHggiOrGBYCDU+2lZZ6aSCYtM2gGVaIXNCGbrxCjvReF9YLjqqQ5V5TZRgBcCrqqNDh5889AIqjmjCAH+1Dl+tGBqYHNZvu5bxlIkBjZh6Z6IezuPTRpXmlaZkv98WqzeBo2/uJS40vbsjYfW3prtv4snrdMl9Hp0jGUIMiRQKxvXymScmHjpLXOB6pu7waOXIhkQH9Nd++MI6rD6TQEw8wlNndA0acq//FQuqwVVeHz6SXDwIWz5I8DMxhYCRR1eIV4dyQi81SNFBJohdYccrCao44a21cz3LU5BDKN+1h428mh00eXvxXuMU/LrvPn5MuRv3NBVzONFL0W/BXbIdIz7IXkzgF3l3DxXt9eEJNPSkJI4YoN4UH0GofuI++/BgeCarsw7nbhlLn8MoAEaECaeCpKE8EAqovKQOA/CsUwx1inB23C48V6tn8o7u/DUwKuZJokNjr/fj4/SusGt7NahZdHbdoYduNHvxnGAl5+sjeNSYOmsmTWNiSnYe1RZXDBnZadpGtEIDpSpgjZjnYNhCZf5sMCB5F9uij474oK/Sj6yuiDfMtveQnWy89DOZd8aye06MmFV0YbZkYqA2iltAHPUnpj8oY6J+GkKrcZg2N2yq+OHqX3vY4tiVMnOxJDhktp1dp56Y9m8IGvVJggh3U7RU/MLeIEpnHbGNamq01BTXEeIcgoz22+ICZV6izsE4cYSubA0QjvAsPXiNaq6hmJg9CZxqIjUcLtGpUfNna+plUYyiApaQdnZ8qCvgbHRm/sWTGRzL7XOgzSIKHuQg8j+rVfy7mtLIO8IVKk0TYVhAGDg+CThHPvxZpr1HDd2KJPGddHES+ve/22S8iw9aRllPUp1sYg4c9lg/5+3AINO2NZU4oUV2dhPqZbweoUBrwQKFfbCfCbbbW07T7BV8TCy3vZ+zImm38GFkY+yBeA71GJIThS1r6YPvLyJLrCdcD0uz+LvoJnD2gMj8pcHX62Rjpw1/OWuZIow4jeD+oVj97HLlOXcaTLxlhr/Ws+oGO90ySSD7CHTbOsQ9e+LHr0EqohsvKdVafx0YEAEF/aXXmSU6YPzXXIBOmIEp5X5rg/d1ze3fZ0Qa3zYY5lCF81kPhlxXAlXMKzNLUerMekhpr6Vxb0grxRcbqxZGYLRPXiy1ZC2/isjVj3z5k6FGifHa55t4PpHL2AltroxlBPdo3izIi1tgKDZPFsl5Sl0Uu/k2ejrINuFmUeQ7OFVgYgJAQHBPvoi5CelI1ovaDm+e1GT/F/e6IE9rP7FyQRpQPrhTgpfev+e0TAUb/EDeCettLJRiiMB27wqu3SQGj8O86JIFmHYiq8vBvbqvvAJiTfZSTornTFC2etoInlTQhFAR/jJ67LY3mTkCHdvFNnwwcfWlqXQqOCs/8uTgvFKzC6/w15yF4fGPxv7oWIZwI=&u=U2FsdGVkX19fh+ci8QrCHOoIgHZIXb2ngKJ2MENq3HA=&y=U2FsdGVkX19Um/jmPwusy2Pj92O7JfFy9MgQWmGMj1e/fQacAp6D0jKwwuhwA4g0 HTTP/1.1" 200 1070
186.102.54.212 - - [06/Apr/2023:09:21:36 -0500] "GET /kwssiamovil/sm/acme/s?s=U2FsdGVkX1+XEmCL3dU3Zjv2pAASuCWo3cqXSje96OBOOWA7eNNe2DadJ3SnryTAVeXpGFET0iXgP2Oy0zJ3LaJwDs3wKXvmyVr8DCodAmKhkhQgbrL80QwroxH/gWmQeFUa9AtFwNb9HJYoONl2J71n6qfKzvFyIXnuYbH6yges+lE1G3EnDTSsc+C4u9dzXbmL0HrqXUp8h/vsYcSo+ZjF+uVLoqUiob/PTzNxaKkrQ94wAS0sflxlBQvpwrmbAFu7herFNZL2BS1lER4f5QDVuMMNOG2Fc+Gf/HVkqaXXXf+IUrTXEV15sWH8jlLju9Un0L+jMmnMEI4NcRo9GfpP2p33FthkBb/ExdjG8+V8YN/mostmWQ6tFQcHP3tcJ36OLK3s0WQ3jbxjXkPXLcQAYphWM3YzSVXY/9D1O8SoNHcdymvnhIU3trJxYFPswUAAfJbgncHv1cM0ZYq14vutSmcWtkumusBPSTBNmCRk+cmSScXYFY+IRfUu/K0Q3a6fg7xQ+DmWGGFSy9k2DXX2sJsBhvYDtkC/AFVanpjZK0Jlq69o3nL5QJ+y5ipAWzI9HNJ6LLMteYqq4JPA+aRULyutXLSX/GaPoWtETJS+B04NhmkKEU8E2ZRikBO/WSb75+rHXigO9gxKI1BufJvtdDMQQHzxErDkhMzz436gqMdgbMQoOP5xSQizBjmOvf6niY5d339ugKW54OqWBcyURI3hcu/GHUzsQxM5zgjPRdr3POJ3DJn7HEszeDln&u=U2FsdGVkX19fh+ci8QrCHOoIgHZIXb2ngKJ2MENq3HA=&y=U2FsdGVkX19Um/jmPwusy2Pj92O7JfFy9MgQWmGMj1e/fQacAp6D0jKwwuhwA4g0 HTTP/1.1" 200 208
186.102.54.212 - - [06/Apr/2023:09:21:37 -0500] "GET /kwssiamovil/sm/cjson/pre?f=1&x=U2FsdGVkX1/Pe/3Ek/QyjVVLilOO+fl/lsZFcqRGUC5jo4Q+aDodePHHb7ZIu9+P HTTP/1.1" 200 31032
201.245.192.253 - - [06/Apr/2023:09:21:55 -0500] "POST /kwsrmcab/Wsrmcab  HTTP/1.1" 200 42075
172.22.2.4 - - [06/Apr/2023:09:20:42 -0500] "HEAD /BLA/boletinlegal/ HTTP/1.1" 200 -
193.32.162.159 - - [06/Apr/2023:09:23:03 -0500] "GET / HTTP/1.1" 200 319
193.32.162.159 - - [06/Apr/2023:09:23:13 -0500] "GET /dispatch.asp HTTP/1.1" 404 1018
172.22.2.4 - - [06/Apr/2023:09:21:33 -0500] "GET /BLA/boletinlegal/ HTTP/1.1" 200 52316
216.245.221.92 - - [06/Apr/2023:09:25:37 -0500] "HEAD / HTTP/1.1" 200 -
207.46.13.216 - - [06/Apr/2023:09:26:53 -0500] "GET /BLA/resoluciones/RESOLUCIONES%202021/0264.pdf HTTP/1.1" 200 338239
201.245.192.253 - - [06/Apr/2023:09:26:53 -0500] "POST /kwsrmcab/Wsrmcab  HTTP/1.1" 200 42075
51.159.164.227 - - [06/Apr/2023:09:27:19 -0500] "GET /portaldeninos/ HTTP/1.1" 200 110197
172.22.2.4 - - [06/Apr/2023:09:26:32 -0500] "HEAD /BLA/boletinlegal/ HTTP/1.1" 200 -
172.22.2.4 - - [06/Apr/2023:09:27:23 -0500] "GET /BLA/boletinlegal/ HTTP/1.1" 200 52316
186.28.142.229 - - [06/Apr/2023:09:29:36 -0500] "GET / HTTP/1.1" 200 4720
186.28.142.229 - - [06/Apr/2023:09:29:37 -0500] "GET /js/url.js HTTP/1.1" 404 1294
201.245.192.253 - - [06/Apr/2023:09:30:11 -0500] "POST /kwsrmcab/Wsrmcab HTTP/1.1" 200 42436
201.245.192.253 - - [06/Apr/2023:09:30:14 -0500] "POST /kwsrmcab/Wsrmcab HTTP/1.1" 200 43193
172.22.2.4 - - [06/Apr/2023:09:30:21 -0500] "GET /BLA/boletinlegal/api/index.php/v1/config/application?public=true HTTP/1.1" 404 1038
186.28.142.229 - - [06/Apr/2023:09:30:23 -0500] "POST /procesar.php HTTP/1.1" 200 992
186.28.142.229 - - [06/Apr/2023:09:30:26 -0500] "GET /incautadas-cuatro-aves-y-mas-9-mil-gramos-de-productos-de-fauna-silvestre.html HTTP/1.1" 200 884
216.245.221.92 - - [06/Apr/2023:09:30:37 -0500] "HEAD / HTTP/1.1" 200 -
69.63.184.116 - - [06/Apr/2023:09:31:03 -0500] "GET /incautadas-cuatro-aves-y-mas-9-mil-gramos-de-productos-de-fauna-silvestre.html HTTP/1.1" 206 884
69.63.184.119 - - [06/Apr/2023:09:31:03 -0500] "GET /incautadas-cuatro-aves-y-mas-9-mil-gramos-de-productos-de-fauna-silvestre.html HTTP/1.1" 206 884
69.63.184.2 - - [06/Apr/2023:09:31:03 -0500] "GET /incautadas-cuatro-aves-y-mas-9-mil-gramos-de-productos-de-fauna-silvestre.html HTTP/1.1" 206 884
69.63.184.118 - - [06/Apr/2023:09:31:04 -0500] "GET /images/incautan-animales-semana-santa-2023.jpeg HTTP/1.1" 200 36611
69.63.184.118 - - [06/Apr/2023:09:31:06 -0500] "GET /incautadas-cuatro-aves-y-mas-9-mil-gramos-de-productos-de-fauna-silvestre.html HTTP/1.1" 206 884
173.252.111.20 - - [06/Apr/2023:09:31:06 -0500] "GET /images/incautan-animales-semana-santa-2023.jpeg HTTP/1.1" 200 36611
69.63.184.119 - - [06/Apr/2023:09:31:10 -0500] "GET /images/incautan-animales-semana-santa-2023.jpeg HTTP/1.1" 200 36611
201.245.192.253 - - [06/Apr/2023:09:31:52 -0500] "POST /kwsrmcab/Wsrmcab  HTTP/1.1" 200 42075
192.133.77.16 - - [06/Apr/2023:09:32:09 -0500] "GET /en-este-pot-se-le-da-la-relevancia-que-merece-a-la-emergencia-climatica-y-la-proteccion-de-la-estructura-ecologica-principal-carolina-urrutia.html HTTP/1.1" 200 1047
192.133.77.16 - - [06/Apr/2023:09:32:10 -0500] "GET /images/pot-humedales-2-octubre.jpg HTTP/1.1" 200 53089
66.249.70.180 - - [06/Apr/2023:09:32:19 -0500] "-" 408 -
186.29.106.194 - - [06/Apr/2023:09:32:37 -0500] "GET /BLA/resoluciones/index.php?dir=AUTOS+2015%2F HTTP/1.1" 200 581234
186.29.106.194 - - [06/Apr/2023:09:32:47 -0500] "GET /BLA/resoluciones/AUTOS%202015/0013.pdf HTTP/1.1" 200 484382
172.22.2.4 - - [06/Apr/2023:09:32:23 -0500] "HEAD /BLA/boletinlegal/ HTTP/1.1" 200 -
192.133.77.17 - - [06/Apr/2023:09:34:29 -0500] "GET /incautadas-cuatro-aves-y-mas-9-mil-gramos-de-productos-de-fauna-silvestre.html HTTP/1.1" 200 884
192.133.77.17 - - [06/Apr/2023:09:34:29 -0500] "GET /images/incautan-animales-semana-santa-2023.jpeg HTTP/1.1" 200 36611
162.55.175.141 - - [06/Apr/2023:09:34:33 -0500] "GET / HTTP/1.1" 200 319
162.55.175.141 - - [06/Apr/2023:09:34:34 -0500] "GET / HTTP/1.1" 200 4720
186.28.142.229 - - [06/Apr/2023:09:34:34 -0500] "GET / HTTP/1.1" 200 4720
186.28.142.229 - - [06/Apr/2023:09:34:35 -0500] "GET /js/url.js HTTP/1.1" 404 1294
40.77.167.80 - - [06/Apr/2023:09:34:52 -0500] "GET /BLA/resoluciones/RESOLUCIONES%202019/2457.pdf HTTP/1.1" 304 -
172.22.2.4 - - [06/Apr/2023:09:33:13 -0500] "GET /BLA/boletinlegal/ HTTP/1.1" 200 53104
78.196.68.233 - - [06/Apr/2023:09:35:24 -0500] "GET /catalogoisis/Css/Busqueda.css HTTP/1.1" 200 1995
78.196.68.233 - - [06/Apr/2023:09:35:24 -0500] "GET /catalogoisis/ HTTP/1.1" 200 8575
78.196.68.233 - - [06/Apr/2023:09:35:24 -0500] "GET /catalogoisis/Js/AceptarLimpiar.js HTTP/1.1" 200 331
78.196.68.233 - - [06/Apr/2023:09:35:24 -0500] "GET /catalogoisis/Js/Cookies.js HTTP/1.1" 200 1369
78.196.68.233 - - [06/Apr/2023:09:35:24 -0500] "GET /catalogoisis/Js/CriterioCombinada.js HTTP/1.1" 200 1843
78.196.68.233 - - [06/Apr/2023:09:35:24 -0500] "GET /catalogoisis/Js/LimpiarCombinada.js HTTP/1.1" 200 207
78.196.68.233 - - [06/Apr/2023:09:35:24 -0500] "GET /catalogoisis/Js/Remote.js HTTP/1.1" 200 436
78.196.68.233 - - [06/Apr/2023:09:35:24 -0500] "GET /catalogoisis/Js/Go.js HTTP/1.1" 200 364
78.196.68.233 - - [06/Apr/2023:09:35:24 -0500] "GET /catalogoisis/Js/Numero.js HTTP/1.1" 200 398
78.196.68.233 - - [06/Apr/2023:09:35:24 -0500] "GET /catalogoisis/Js/Enter.js HTTP/1.1" 200 1208
78.196.68.233 - - [06/Apr/2023:09:35:24 -0500] "GET /catalogoisis/imagenes/br1c1.gif HTTP/1.1" 200 172
78.196.68.233 - - [06/Apr/2023:09:35:24 -0500] "GET /catalogoisis/imagenes/br1c3.gif HTTP/1.1" 200 302
78.196.68.233 - - [06/Apr/2023:09:35:24 -0500] "GET /catalogoisis/imagenes/Turnbo1.gif HTTP/1.1" 200 227
78.196.68.233 - - [06/Apr/2023:09:35:24 -0500] "GET /catalogoisis/imagenes/aceptar1.gif HTTP/1.1" 200 604
78.196.68.233 - - [06/Apr/2023:09:35:24 -0500] "GET /catalogoisis/imagenes/limpiar1.gif HTTP/1.1" 200 606
78.196.68.233 - - [06/Apr/2023:09:35:25 -0500] "GET /catalogoisis/imagenes/br2c3.gif HTTP/1.1" 200 416
78.196.68.233 - - [06/Apr/2023:09:35:25 -0500] "GET /catalogoisis/imagenes/br3c3.gif HTTP/1.1" 200 186
78.196.68.233 - - [06/Apr/2023:09:35:25 -0500] "GET /catalogoisis/imagenes/br1c2.gif HTTP/1.1" 200 297
78.196.68.233 - - [06/Apr/2023:09:35:25 -0500] "GET /catalogoisis/imagenes/br2c2.gif HTTP/1.1" 200 302
78.196.68.233 - - [06/Apr/2023:09:35:25 -0500] "GET /catalogoisis/imagenes/br2c1.gif HTTP/1.1" 200 297
78.196.68.233 - - [06/Apr/2023:09:35:24 -0500] "GET /catalogoisis/imagenes/Header.gif HTTP/1.1" 200 30313
78.196.68.233 - - [06/Apr/2023:09:35:25 -0500] "GET /catalogoisis/imagenes/br3c1.gif HTTP/1.1" 200 177
78.196.68.233 - - [06/Apr/2023:09:35:25 -0500] "GET /catalogoisis/imagenes/br3c2.gif HTTP/1.1" 200 285
78.196.68.233 - - [06/Apr/2023:09:35:25 -0500] "GET /favicon.ico HTTP/1.1" 200 7782
216.245.221.92 - - [06/Apr/2023:09:35:37 -0500] "HEAD / HTTP/1.1" 200 -
201.244.162.153 - - [06/Apr/2023:09:35:41 -0500] "GET /como-obtener-el-certificado-de-estado-de-conservacion-ambiental-ceca.html HTTP/1.1" 200 873
201.245.192.253 - - [06/Apr/2023:09:36:51 -0500] "POST /kwsrmcab/Wsrmcab  HTTP/1.1" 200 42075
172.22.2.4 - - [06/Apr/2023:09:38:12 -0500] "HEAD /BLA/boletinlegal/ HTTP/1.1" 200 -
201.245.192.253 - - [06/Apr/2023:09:40:12 -0500] "POST /kwsrmcab/Wsrmcab HTTP/1.1" 200 42436
201.245.192.253 - - [06/Apr/2023:09:40:14 -0500] "POST /kwsrmcab/Wsrmcab HTTP/1.1" 200 43193
216.245.221.92 - - [06/Apr/2023:09:40:37 -0500] "HEAD / HTTP/1.1" 200 -
172.22.2.4 - - [06/Apr/2023:09:39:03 -0500] "GET /BLA/boletinlegal/ HTTP/1.1" 200 57141
40.77.167.211 - - [06/Apr/2023:09:41:36 -0500] "GET /BLA/resoluciones/RESOLUCIONES%202023/0075.pdf HTTP/1.1" 200 546139
201.245.192.253 - - [06/Apr/2023:09:41:49 -0500] "POST /kwsrmcab/Wsrmcab  HTTP/1.1" 200 42075
186.114.105.245 - - [06/Apr/2023:09:45:26 -0500] "GET /galeria/galeria/jquery.fancybox.css?v=2.1.5 HTTP/1.1" 200 4895
186.114.105.245 - - [06/Apr/2023:09:45:26 -0500] "GET /BLA/boletinlegal/js/jquery.scrollShow.js HTTP/1.1" 200 4586
186.114.105.245 - - [06/Apr/2023:09:45:26 -0500] "GET /galeria/galeria/jquery.fancybox.js?v=2.1.5 HTTP/1.1" 200 48706
216.245.221.92 - - [06/Apr/2023:09:45:37 -0500] "HEAD / HTTP/1.1" 200 -
172.22.2.4 - - [06/Apr/2023:09:44:02 -0500] "HEAD /BLA/boletinlegal/ HTTP/1.1" 200 -
27.115.124.96 - - [06/Apr/2023:09:45:43 -0500] "\x16\x03\x01\x011\x01" 400 226
27.115.124.114 - - [06/Apr/2023:09:46:03 -0500] "GET / HTTP/1.1" 200 319
172.22.2.4 - - [06/Apr/2023:09:44:53 -0500] "GET /BLA/boletinlegal/ HTTP/1.1" 200 59296
27.115.124.97 - - [06/Apr/2023:09:46:36 -0500] "\x16\x03\x01\x010\x01" 400 226
27.115.124.112 - - [06/Apr/2023:09:46:48 -0500] "GET / HTTP/1.1" 200 4720
201.245.192.253 - - [06/Apr/2023:09:46:47 -0500] "POST /kwsrmcab/Wsrmcab  HTTP/1.1" 200 42075
27.115.124.96 - - [06/Apr/2023:09:46:56 -0500] "GET /favicon.ico HTTP/1.1" 200 7782
172.22.2.4 - - [06/Apr/2023:09:46:59 -0500] "GET /BLA/boletinlegal/actos.php HTTP/1.1" 200 9672
186.28.142.229 - - [06/Apr/2023:09:47:44 -0500] "GET /incautadas-cuatro-aves-y-mas-9-mil-gramos-de-productos-de-fauna-silvestre.html HTTP/1.1" 206 884
186.28.142.229 - - [06/Apr/2023:09:47:45 -0500] "GET /images/incautan-animales-semana-santa-2023.jpeg HTTP/1.1" 206 36611
27.115.124.67 - - [06/Apr/2023:09:47:49 -0500] "GET /sitemap.xml HTTP/1.1" 404 1035
27.115.124.97 - - [06/Apr/2023:09:47:55 -0500] "GET /favicon.ico HTTP/1.1" 404 1034
27.115.124.68 - - [06/Apr/2023:09:48:44 -0500] "GET /sitemap.xml HTTP/1.1" 404 1034
172.22.2.4 - - [06/Apr/2023:09:47:10 -0500] "GET /BLA/boletinlegal/ HTTP/1.1" 200 61240
172.22.2.4 - - [06/Apr/2023:09:48:39 -0500] "GET /BLA/boletinlegal/ HTTP/1.1" 200 36811
52.167.144.44 - - [06/Apr/2023:09:50:10 -0500] "GET /documents/10184/4278102/WhatsApp+Image+2023-02-15+at+5.07.26+PM.jpeg/b3fc9fb6-ab32-4cbf-a171-9e5a8a21f3dd?t=1676499867085 HTTP/1.1" 404 1034
172.22.2.4 - - [06/Apr/2023:09:49:49 -0500] "GET /BLA/boletinlegal/ HTTP/1.1" 200 28619
216.245.221.92 - - [06/Apr/2023:09:50:37 -0500] "HEAD / HTTP/1.1" 200 -
34.91.10.255 - - [06/Apr/2023:09:50:54 -0500] "GET /inventario-de-emisiones-2020-transporte-publico-sitp-redujo-emisiones-de-pm-2-5-en-un-37.html HTTP/1.1" 200 925
172.22.2.4 - - [06/Apr/2023:09:50:55 -0500] "GET /BLA/boletinlegal/favicon.ico HTTP/1.1" 404 1038
66.249.70.207 - - [06/Apr/2023:09:51:07 -0500] "GET /BLA/resoluciones/RESOLUCIONES%202021/5480.pdf HTTP/1.1" 200 401899
66.249.70.207 - - [06/Apr/2023:09:51:22 -0500] "GET /BLA/resoluciones/RESOLUCIONES%202012/0725.pdf HTTP/1.1" 200 376644
172.22.2.4 - - [06/Apr/2023:09:51:29 -0500] "GET /BLA/boletinlegal/sitemap.xml HTTP/1.1" 404 1038
172.22.2.4 - - [06/Apr/2023:09:49:52 -0500] "HEAD /BLA/boletinlegal/ HTTP/1.1" 200 -
201.245.192.253 - - [06/Apr/2023:09:51:46 -0500] "POST /kwsrmcab/Wsrmcab  HTTP/1.1" 200 42075
66.249.70.210 - - [06/Apr/2023:09:52:21 -0500] "GET /BLA/resoluciones/Autos%202008/1313.pdf HTTP/1.1" 200 315430
172.22.2.4 - - [06/Apr/2023:09:50:43 -0500] "GET /BLA/boletinlegal/ HTTP/1.1" 200 55211
172.22.2.4 - - [06/Apr/2023:09:52:43 -0500] "GET /BLA/boletinlegal/actos.php HTTP/1.1" 200 9672
157.55.39.219 - - [06/Apr/2023:09:53:01 -0500] "GET /Publicaciones/2022EE85913.pdf HTTP/1.1" 404 227
186.28.142.229 - - [06/Apr/2023:09:54:14 -0500] "POST /procesar.php HTTP/1.1" 200 1002
216.245.221.92 - - [06/Apr/2023:09:55:37 -0500] "HEAD / HTTP/1.1" 200 -
69.63.184.119 - - [06/Apr/2023:09:56:10 -0500] "GET /autoridades-frenan-disposicion-de-residuos-de-construccion-cerca-al-humedal-salitre.html HTTP/1.1" 206 935
69.63.184.2 - - [06/Apr/2023:09:56:10 -0500] "GET /autoridades-frenan-disposicion-de-residuos-de-construccion-cerca-al-humedal-salitre.html HTTP/1.1" 206 935
69.63.184.116 - - [06/Apr/2023:09:56:11 -0500] "GET /autoridades-frenan-disposicion-de-residuos-de-construccion-cerca-al-humedal-salitre.html HTTP/1.1" 206 935
69.63.184.4 - - [06/Apr/2023:09:56:11 -0500] "GET /images/residuos-de-construcci%C3%B3n-humedal-el-salitre-2023.jpeg HTTP/1.1" 404 1034
69.63.184.111 - - [06/Apr/2023:09:56:12 -0500] "GET /autoridades-frenan-disposicion-de-residuos-de-construccion-cerca-al-humedal-salitre.html HTTP/1.1" 206 935
186.155.19.209 - - [06/Apr/2023:09:56:41 -0500] "POST /sipse/faces/presentacion/financiero/solicitudProceso/consultarSolicitudProceso.xhtml HTTP/1.1" 302 -
186.155.19.209 - - [06/Apr/2023:09:56:41 -0500] "GET /sipse/faces/autenticacion.xhtml HTTP/1.1" 200 1099
201.245.192.253 - - [06/Apr/2023:09:56:46 -0500] "POST /kwsrmcab/Wsrmcab  HTTP/1.1" 200 42075
186.28.142.229 - - [06/Apr/2023:09:56:53 -0500] "GET /incautadas-cuatro-aves-y-mas-9-mil-gramos-de-productos-de-fauna-silvestre.html HTTP/1.1" 206 884
186.28.142.229 - - [06/Apr/2023:09:56:53 -0500] "GET /autoridades-frenan-disposicion-de-residuos-de-construccion-cerca-al-humedal-salitre.html HTTP/1.1" 206 935
186.28.142.229 - - [06/Apr/2023:09:56:53 -0500] "GET /autoridades-frenan-disposicion-de-residuos-de-construccion-cerca-al-humedal-salitre.html HTTP/1.1" 206 935
186.28.142.229 - - [06/Apr/2023:09:56:54 -0500] "GET /images/incautan-animales-semana-santa-2023.jpeg HTTP/1.1" 206 36611
186.155.19.209 - - [06/Apr/2023:09:56:55 -0500] "GET /sipse/faces/presentacion/sistema/anexos/cargarAnexoSolicitudProceso.xhtml HTTP/1.1" 302 -
186.155.19.209 - - [06/Apr/2023:09:56:55 -0500] "GET /sipse/faces/autenticacion.xhtml HTTP/1.1" 200 12177
186.155.19.209 - - [06/Apr/2023:09:56:55 -0500] "GET /sipse/faces/javax.faces.resource/jquery/jquery.js?ln=primefaces&v=4.0 HTTP/1.1" 304 -
186.155.19.209 - - [06/Apr/2023:09:56:55 -0500] "GET /sipse/faces/javax.faces.resource/theme.css?ln=primefaces-sipse HTTP/1.1" 304 -
186.155.19.209 - - [06/Apr/2023:09:56:55 -0500] "GET /sipse/faces/javax.faces.resource/primefaces.css?ln=primefaces&v=4.0 HTTP/1.1" 304 -
186.155.19.209 - - [06/Apr/2023:09:56:55 -0500] "GET /sipse/faces/javax.faces.resource/layout/layout.js?ln=primefaces&v=4.0 HTTP/1.1" 304 -
186.155.19.209 - - [06/Apr/2023:09:56:55 -0500] "GET /sipse/faces/javax.faces.resource/jquery/jquery-plugins.js?ln=primefaces&v=4.0 HTTP/1.1" 304 -
186.155.19.209 - - [06/Apr/2023:09:56:55 -0500] "GET /sipse/faces/javax.faces.resource/layout/layout.css?ln=primefaces&v=4.0 HTTP/1.1" 304 -
186.155.19.209 - - [06/Apr/2023:09:56:55 -0500] "GET /sipse/faces/javax.faces.resource/primefaces.js?ln=primefaces&v=4.0 HTTP/1.1" 304 -
186.155.19.209 - - [06/Apr/2023:09:56:55 -0500] "GET /sipse/faces/javax.faces.resource/images/ui-icons_898989_256x240.png?ln=primefaces-aristo HTTP/1.1" 304 -
186.155.19.209 - - [06/Apr/2023:09:56:56 -0500] "GET /sipse/faces/index.xhtml HTTP/1.1" 200 677
186.155.19.209 - - [06/Apr/2023:09:56:56 -0500] "GET /sipse/faces/javax.faces.resource/theme.css?ln=primefaces-sipse HTTP/1.1" 304 -
186.155.19.209 - - [06/Apr/2023:09:56:56 -0500] "GET /sipse/faces/faces/autenticacion.xhtml HTTP/1.1" 200 12177
186.155.19.209 - - [06/Apr/2023:09:56:56 -0500] "GET /sipse/faces/javax.faces.resource/theme.css?ln=primefaces-sipse HTTP/1.1" 304 -
186.155.19.209 - - [06/Apr/2023:09:56:56 -0500] "GET /sipse/faces/javax.faces.resource/primefaces.js?ln=primefaces&v=4.0 HTTP/1.1" 304 -
186.155.19.209 - - [06/Apr/2023:09:56:56 -0500] "GET /sipse/faces/javax.faces.resource/jquery/jquery-plugins.js?ln=primefaces&v=4.0 HTTP/1.1" 304 -
186.155.19.209 - - [06/Apr/2023:09:56:56 -0500] "GET /sipse/faces/javax.faces.resource/primefaces.css?ln=primefaces&v=4.0 HTTP/1.1" 304 -
186.155.19.209 - - [06/Apr/2023:09:56:56 -0500] "GET /sipse/faces/javax.faces.resource/layout/layout.css?ln=primefaces&v=4.0 HTTP/1.1" 304 -
186.155.19.209 - - [06/Apr/2023:09:56:56 -0500] "GET /sipse/faces/javax.faces.resource/jquery/jquery.js?ln=primefaces&v=4.0 HTTP/1.1" 304 -
186.155.19.209 - - [06/Apr/2023:09:56:56 -0500] "GET /sipse/faces/javax.faces.resource/layout/layout.js?ln=primefaces&v=4.0 HTTP/1.1" 304 -
186.155.19.209 - - [06/Apr/2023:09:56:59 -0500] "POST /sipse/faces/autenticacion.xhtml HTTP/1.1" 200 2225
186.155.19.209 - - [06/Apr/2023:09:57:00 -0500] "GET /sipse/faces/javax.faces.resource/messages/messages.png?ln=primefaces&v=4.0 HTTP/1.1" 304 -
186.155.19.209 - - [06/Apr/2023:09:57:01 -0500] "GET /sipse/faces/javax.faces.resource/images/ui-icons_898989_256x240.png?ln=primefaces-aristo HTTP/1.1" 304 -
186.155.19.209 - - [06/Apr/2023:09:57:01 -0500] "POST /sipse/faces/autenticacion.xhtml HTTP/1.1" 200 16241
186.155.19.209 - - [06/Apr/2023:09:57:01 -0500] "GET /sipse/faces/javax.faces.resource/theme.css?ln=primefaces-sipse HTTP/1.1" 304 -
186.155.19.209 - - [06/Apr/2023:09:57:01 -0500] "GET /sipse/faces/javax.faces.resource/primefaces.css?ln=primefaces&v=4.0 HTTP/1.1" 304 -
186.155.19.209 - - [06/Apr/2023:09:57:01 -0500] "GET /sipse/faces/javax.faces.resource/layout/layout.css?ln=primefaces&v=4.0 HTTP/1.1" 304 -
186.155.19.209 - - [06/Apr/2023:09:57:01 -0500] "GET /sipse/faces/javax.faces.resource/jquery/jquery.js?ln=primefaces&v=4.0 HTTP/1.1" 200 105384
186.155.19.209 - - [06/Apr/2023:09:57:02 -0500] "GET /sipse/faces/javax.faces.resource/jquery/jquery-plugins.js?ln=primefaces&v=4.0 HTTP/1.1" 200 220526
186.155.19.209 - - [06/Apr/2023:09:57:02 -0500] "GET /sipse/faces/javax.faces.resource/primefaces.js?ln=primefaces&v=4.0 HTTP/1.1" 200 276924
186.155.19.209 - - [06/Apr/2023:09:57:03 -0500] "GET /sipse/faces/javax.faces.resource/layout/layout.js?ln=primefaces&v=4.0 HTTP/1.1" 304 -
186.155.19.209 - - [06/Apr/2023:09:57:03 -0500] "GET /sipse/css/imagen/contrasena.png HTTP/1.1" 404 383
186.155.19.209 - - [06/Apr/2023:09:57:03 -0500] "GET /sipse/imagenes/logoAplicacion.jpg HTTP/1.1" 200 155084
186.155.19.209 - - [06/Apr/2023:09:57:05 -0500] "GET /sipse/faces/javax.faces.resource/images/ui-bg_flat_0_2d5972_40x100.png?ln=primefaces-aristo HTTP/1.1" 304 -
186.155.19.209 - - [06/Apr/2023:09:57:05 -0500] "POST /sipse/faces/bienvenido.xhtml HTTP/1.1" 200 2073
186.155.19.209 - - [06/Apr/2023:09:57:06 -0500] "POST /sipse/faces/bienvenido.xhtml HTTP/1.1" 200 2658
186.155.19.209 - - [06/Apr/2023:09:57:07 -0500] "POST /sipse/faces/bienvenido.xhtml HTTP/1.1" 200 64879
186.155.19.209 - - [06/Apr/2023:09:57:08 -0500] "GET /sipse/faces/javax.faces.resource/theme.css?ln=primefaces-sipse HTTP/1.1" 304 -
186.155.19.209 - - [06/Apr/2023:09:57:08 -0500] "GET /sipse/faces/javax.faces.resource/primefaces.css?ln=primefaces&v=4.0 HTTP/1.1" 304 -
186.155.19.209 - - [06/Apr/2023:09:57:08 -0500] "GET /sipse/faces/javax.faces.resource/layout/layout.css?ln=primefaces&v=4.0 HTTP/1.1" 304 -
186.155.19.209 - - [06/Apr/2023:09:57:08 -0500] "GET /sipse/faces/javax.faces.resource/jquery/jquery.js?ln=primefaces&v=4.0 HTTP/1.1" 304 -
186.155.19.209 - - [06/Apr/2023:09:57:08 -0500] "GET /sipse/faces/javax.faces.resource/jquery/jquery-plugins.js?ln=primefaces&v=4.0 HTTP/1.1" 304 -
186.155.19.209 - - [06/Apr/2023:09:57:08 -0500] "GET /sipse/faces/javax.faces.resource/primefaces.js?ln=primefaces&v=4.0 HTTP/1.1" 304 -
186.155.19.209 - - [06/Apr/2023:09:57:08 -0500] "GET /sipse/faces/javax.faces.resource/layout/layout.js?ln=primefaces&v=4.0 HTTP/1.1" 304 -
186.155.19.209 - - [06/Apr/2023:09:57:08 -0500] "POST /sipse/faces/presentacion/financiero/solicitudProceso/listarSolicitudProceso.xhtml HTTP/1.1" 200 1556
186.155.19.209 - - [06/Apr/2023:09:57:17 -0500] "POST /sipse/faces/presentacion/financiero/solicitudProceso/listarSolicitudProceso.xhtml HTTP/1.1" 200 152311
186.155.19.209 - - [06/Apr/2023:09:57:18 -0500] "GET /sipse/faces/javax.faces.resource/theme.css?ln=primefaces-sipse HTTP/1.1" 304 -
186.155.19.209 - - [06/Apr/2023:09:57:18 -0500] "GET /sipse/faces/javax.faces.resource/layout/layout.css?ln=primefaces&v=4.0 HTTP/1.1" 304 -
186.155.19.209 - - [06/Apr/2023:09:57:18 -0500] "GET /sipse/faces/javax.faces.resource/primefaces.css?ln=primefaces&v=4.0 HTTP/1.1" 304 -
186.155.19.209 - - [06/Apr/2023:09:57:18 -0500] "GET /sipse/faces/javax.faces.resource/jquery/jquery.js?ln=primefaces&v=4.0 HTTP/1.1" 304 -
186.155.19.209 - - [06/Apr/2023:09:57:18 -0500] "GET /sipse/faces/javax.faces.resource/jquery/jquery-plugins.js?ln=primefaces&v=4.0 HTTP/1.1" 304 -
186.155.19.209 - - [06/Apr/2023:09:57:18 -0500] "GET /sipse/faces/javax.faces.resource/primefaces.js?ln=primefaces&v=4.0 HTTP/1.1" 304 -
186.155.19.209 - - [06/Apr/2023:09:57:18 -0500] "GET /sipse/faces/javax.faces.resource/layout/layout.js?ln=primefaces&v=4.0 HTTP/1.1" 304 -
172.22.2.4 - - [06/Apr/2023:09:55:42 -0500] "HEAD /BLA/boletinlegal/ HTTP/1.1" 200 -
66.249.70.207 - - [06/Apr/2023:09:57:27 -0500] "GET /BLA/resoluciones/RESOLUCIONES%202011/3325.pdf HTTP/1.1" 200 767058
34.86.177.154 - - [06/Apr/2023:09:57:27 -0500] "GET /autoridades-frenan-disposicion-de-residuos-de-construccion-cerca-al-humedal-salitre.html HTTP/1.1" 200 935
186.154.37.186 - - [06/Apr/2023:09:57:31 -0500] "GET /autoridades-frenan-disposicion-de-residuos-de-construccion-cerca-al-humedal-salitre.html HTTP/1.1" 200 935
192.133.77.16 - - [06/Apr/2023:09:57:43 -0500] "GET /images/incautan-animales-semana-santa-2023.jpeg HTTP/1.1" 200 36611
186.155.19.209 - - [06/Apr/2023:09:57:46 -0500] "POST /sipse/faces/presentacion/financiero/solicitudProceso/consultarSolicitudProceso.xhtml HTTP/1.1" 200 84070
186.155.19.209 - - [06/Apr/2023:09:57:49 -0500] "POST /sipse/faces/presentacion/financiero/solicitudProceso/consultarSolicitudProceso.xhtml HTTP/1.1" 200 84667
172.22.2.4 - - [06/Apr/2023:09:56:33 -0500] "GET /BLA/boletinlegal/ HTTP/1.1" 200 52316
186.155.19.209 - - [06/Apr/2023:09:58:32 -0500] "POST /sipse/faces/presentacion/financiero/solicitudProceso/consultarSolicitudProceso.xhtml HTTP/1.1" 200 6856
40.77.167.211 - - [06/Apr/2023:09:58:36 -0500] "GET /BLA/resoluciones/AUTOS%202021/5136.pdf HTTP/1.1" 304 -
186.155.19.209 - - [06/Apr/2023:09:58:36 -0500] "POST /sipse/faces/presentacion/financiero/solicitudProceso/consultarSolicitudProceso.xhtml HTTP/1.1" 200 65417
186.155.19.209 - - [06/Apr/2023:09:58:39 -0500] "GET /sipse/faces/javax.faces.resource/theme.css?ln=primefaces-sipse HTTP/1.1" 304 -
186.155.19.209 - - [06/Apr/2023:09:58:39 -0500] "GET /sipse/faces/javax.faces.resource/primefaces.css?ln=primefaces&v=4.0 HTTP/1.1" 304 -
186.155.19.209 - - [06/Apr/2023:09:58:39 -0500] "GET /sipse/faces/javax.faces.resource/layout/layout.css?ln=primefaces&v=4.0 HTTP/1.1" 304 -
186.155.19.209 - - [06/Apr/2023:09:58:39 -0500] "GET /sipse/faces/javax.faces.resource/jquery/jquery.js?ln=primefaces&v=4.0 HTTP/1.1" 304 -
186.155.19.209 - - [06/Apr/2023:09:58:39 -0500] "GET /sipse/faces/javax.faces.resource/jquery/jquery-plugins.js?ln=primefaces&v=4.0 HTTP/1.1" 304 -
186.155.19.209 - - [06/Apr/2023:09:58:39 -0500] "GET /sipse/faces/javax.faces.resource/primefaces.js?ln=primefaces&v=4.0 HTTP/1.1" 304 -
186.155.19.209 - - [06/Apr/2023:09:58:39 -0500] "GET /sipse/faces/javax.faces.resource/layout/layout.js?ln=primefaces&v=4.0 HTTP/1.1" 304 -
186.155.19.209 - - [06/Apr/2023:09:58:39 -0500] "POST /sipse/faces/presentacion/financiero/solicitudProceso/listarSolicitudProceso.xhtml HTTP/1.1" 200 1556
66.249.70.207 - - [06/Apr/2023:09:58:39 -0500] "GET /bla/resoluciones/RESOLUCIONES%202011/1371.pdf HTTP/1.1" 200 519061
186.155.19.209 - - [06/Apr/2023:09:58:49 -0500] "POST /sipse/faces/presentacion/financiero/solicitudProceso/listarSolicitudProceso.xhtml HTTP/1.1" 200 149794
186.155.19.209 - - [06/Apr/2023:09:58:50 -0500] "GET /sipse/faces/javax.faces.resource/layout/layout.css?ln=primefaces&v=4.0 HTTP/1.1" 304 -
186.155.19.209 - - [06/Apr/2023:09:58:50 -0500] "GET /sipse/faces/javax.faces.resource/theme.css?ln=primefaces-sipse HTTP/1.1" 304 -
186.155.19.209 - - [06/Apr/2023:09:58:50 -0500] "GET /sipse/faces/javax.faces.resource/primefaces.css?ln=primefaces&v=4.0 HTTP/1.1" 304 -
186.155.19.209 - - [06/Apr/2023:09:58:50 -0500] "GET /sipse/faces/javax.faces.resource/jquery/jquery.js?ln=primefaces&v=4.0 HTTP/1.1" 304 -
186.155.19.209 - - [06/Apr/2023:09:58:50 -0500] "GET /sipse/faces/javax.faces.resource/jquery/jquery-plugins.js?ln=primefaces&v=4.0 HTTP/1.1" 304 -
186.155.19.209 - - [06/Apr/2023:09:58:50 -0500] "GET /sipse/faces/javax.faces.resource/primefaces.js?ln=primefaces&v=4.0 HTTP/1.1" 304 -
186.155.19.209 - - [06/Apr/2023:09:58:50 -0500] "GET /sipse/faces/javax.faces.resource/layout/layout.js?ln=primefaces&v=4.0 HTTP/1.1" 304 -
186.155.19.209 - - [06/Apr/2023:09:58:57 -0500] "POST /sipse/faces/presentacion/financiero/solicitudProceso/consultarSolicitudProceso.xhtml HTTP/1.1" 200 45087
186.155.19.209 - - [06/Apr/2023:09:58:58 -0500] "GET /sipse/faces/javax.faces.resource/theme.css?ln=primefaces-sipse HTTP/1.1" 304 -
186.155.19.209 - - [06/Apr/2023:09:58:58 -0500] "GET /sipse/faces/javax.faces.resource/layout/layout.css?ln=primefaces&v=4.0 HTTP/1.1" 304 -
186.155.19.209 - - [06/Apr/2023:09:58:58 -0500] "GET /sipse/faces/javax.faces.resource/primefaces.css?ln=primefaces&v=4.0 HTTP/1.1" 304 -
186.155.19.209 - - [06/Apr/2023:09:58:58 -0500] "GET /sipse/faces/javax.faces.resource/jquery/jquery.js?ln=primefaces&v=4.0 HTTP/1.1" 304 -
