!C99Shell v. 1.0 pre-release build #13!

Software: Apache. PHP/5.5.15 

uname -a: Windows NT SVR-DMZ 6.1 build 7600 (Windows Server 2008 R2 Enterprise Edition) i586 

SYSTEM 

Safe-mode: OFF (not secure)

E:\nuevo\apache\logs\   drwxrwxrwx
Free 8.02 GB of 239.26 GB (3.35%)
Detected drives: [ a ] [ c ] [ d ] [ e ] [ f ]
Home    Back    Forward    UPDIR    Refresh    Search    Buffer    Encoder    Tools    Proc.    FTP brute    Sec.    SQL    PHP-code    Update    Feedback    Self remove    Logout    


Viewing file:     access.2023.04.06.log (627.84 KB)      -rw-rw-rw-
Select action/file-type:
(+) | (+) | (+) | Code (+) | Session (+) | (+) | SDB (+) | (+) | (+) | (+) | (+) | (+) |
216.245.221.92 - - [06/Apr/2023:00:00:39 -0500] "HEAD / HTTP/1.1" 200 -
201.245.192.253 - - [06/Apr/2023:00:01:18 -0500] "POST /kwsrmcab/Wsrmcab  HTTP/1.1" 200 42075
172.22.2.4 - - [05/Apr/2023:23:59:57 -0500] "GET /BLA/boletinlegal/ HTTP/1.1" 200 57551
52.167.144.87 - - [06/Apr/2023:00:02:02 -0500] "GET /BLA/resoluciones/RESOLUCIONES%202021/5011.pdf HTTP/1.1" 200 352857
172.22.2.4 - - [06/Apr/2023:00:00:41 -0500] "HEAD /BLA/boletinlegal/ HTTP/1.1" 200 -
172.22.2.4 - - [06/Apr/2023:00:01:31 -0500] "GET /BLA/boletinlegal/ HTTP/1.1" 200 53104
66.249.70.210 - - [06/Apr/2023:00:04:39 -0500] "-" 408 -
54.39.243.52 - - [06/Apr/2023:00:05:15 -0500] "GET /auambari-deleito-con-sus-sonidos-ambientales-a-los-asistentes-de-fima-2021.html HTTP/1.1" 200 888
216.245.221.92 - - [06/Apr/2023:00:05:39 -0500] "HEAD / HTTP/1.1" 200 -
201.245.192.253 - - [06/Apr/2023:00:06:16 -0500] "POST /kwsrmcab/Wsrmcab  HTTP/1.1" 200 42075
190.25.103.241 - - [06/Apr/2023:00:06:23 -0500] "GET /BLA/resoluciones/index.php HTTP/1.1" 200 13502
190.25.103.241 - - [06/Apr/2023:00:06:26 -0500] "GET /BLA/resoluciones/index.php?dir=AUTOS+2019%2F HTTP/1.1" 200 360261
172.22.2.4 - - [06/Apr/2023:00:06:31 -0500] "HEAD /BLA/boletinlegal/ HTTP/1.1" 200 -
172.22.2.4 - - [06/Apr/2023:00:07:21 -0500] "GET /BLA/boletinlegal/ HTTP/1.1" 200 58297
152.61.192.232 - - [06/Apr/2023:00:09:04 -0500] "GET / HTTP/1.1" 200 319
207.46.13.216 - - [06/Apr/2023:00:09:11 -0500] "GET /BLA/resoluciones/AUTOS%202016/2421.pdf HTTP/1.1" 200 844208
40.94.20.60 - - [06/Apr/2023:00:09:39 -0500] "GET /como-obtener-el-certificado-de-estado-de-conservacion-ambiental-ceca.html HTTP/1.1" 200 873
216.245.221.92 - - [06/Apr/2023:00:10:39 -0500] "HEAD / HTTP/1.1" 200 -
172.22.2.4 - - [06/Apr/2023:00:11:08 -0500] "GET /BLA/boletinlegal/actos.php HTTP/1.1" 200 9672
201.245.192.253 - - [06/Apr/2023:00:11:16 -0500] "POST /kwsrmcab/Wsrmcab  HTTP/1.1" 200 42075
172.22.2.4 - - [06/Apr/2023:00:13:12 -0500] "GET /BLA/boletinlegal/Circulares/2020/CIRCULAR%20No.%2000019%20DEL%2018%20DE%20DICIEMBRE%20DEL%202020.pdf HTTP/1.1" 200 307959
172.22.2.4 - - [06/Apr/2023:00:12:21 -0500] "HEAD /BLA/boletinlegal/ HTTP/1.1" 200 -
172.22.2.4 - - [06/Apr/2023:00:14:34 -0500] "GET /BLA/boletinlegal/Circulares/2019/Circular%20No.%200003%20del%2031%20de%20Enero%20de%202019.pdf HTTP/1.1" 200 164676
172.22.2.4 - - [06/Apr/2023:00:13:11 -0500] "GET /BLA/boletinlegal/ HTTP/1.1" 200 53914
216.245.221.92 - - [06/Apr/2023:00:15:39 -0500] "HEAD / HTTP/1.1" 200 -
34.147.109.161 - - [06/Apr/2023:00:15:41 -0500] "GET /inventario-de-emisiones-2020-transporte-publico-sitp-redujo-emisiones-de-pm-2-5-en-un-37.html HTTP/1.1" 200 925
172.22.2.4 - - [06/Apr/2023:00:16:08 -0500] "GET /BLA/boletinlegal/images/screen_2.png HTTP/1.1" 304 -
172.22.2.4 - - [06/Apr/2023:00:15:25 -0500] "GET /BLA/boletinlegal/index.php?s=/Index/\\think\\app/invokefunction&function=call_user_func_array&vars[0]=md5&vars[1][]=HelloThinkPHP21 HTTP/1.1" 200 36811
201.245.192.253 - - [06/Apr/2023:00:16:15 -0500] "POST /kwsrmcab/Wsrmcab  HTTP/1.1" 200 42075
40.77.167.80 - - [06/Apr/2023:00:16:49 -0500] "GET /BLA/resoluciones/RESOLUCIONES%202011/2423.pdf HTTP/1.1" 200 454873
207.46.13.216 - - [06/Apr/2023:00:16:53 -0500] "GET /BLA/resoluciones/RESOLUCIONES%202019/0743.pdf HTTP/1.1" 200 358755
172.22.2.4 - - [06/Apr/2023:00:17:35 -0500] "GET /BLA/boletinlegal/actos.php HTTP/1.1" 200 9672
193.32.162.159 - - [06/Apr/2023:00:17:46 -0500] "GET / HTTP/1.1" 200 319
193.32.162.159 - - [06/Apr/2023:00:17:56 -0500] "GET /dispatch.asp HTTP/1.1" 404 1018
52.167.144.167 - - [06/Apr/2023:00:18:46 -0500] "GET /BLA/resoluciones/RESOLUCIONES%202021/3861.pdf HTTP/1.1" 200 447665
207.46.13.216 - - [06/Apr/2023:00:18:53 -0500] "GET /BLA/resoluciones/RESOLUCIONES%202022/3133.pdf HTTP/1.1" 304 -
173.252.83.23 - - [06/Apr/2023:00:19:19 -0500] "GET /galeria/galeria/fotos/Huemdal-el-Tunjo1P.jpg HTTP/1.1" 200 24430
172.22.2.4 - - [06/Apr/2023:00:18:11 -0500] "HEAD /BLA/boletinlegal/ HTTP/1.1" 200 -
201.245.192.253 - - [06/Apr/2023:00:20:13 -0500] "POST /kwsrmcab/Wsrmcab HTTP/1.1" 200 43025
201.245.192.253 - - [06/Apr/2023:00:20:16 -0500] "POST /kwsrmcab/Wsrmcab HTTP/1.1" 200 43169
186.31.57.93 - - [06/Apr/2023:00:20:34 -0500] "GET /kwssiamovil/sm/acme/a?s=U2FsdGVkX1/hfGo/hvVETfC8Wjny8ywwDDUcfoZyC9PUfM1JgG5KQ3wPMkXC0aIOTCCfpxKolh4oLCuHfNd1tkvwNahVlD/JsFfFTssKjxoTvKxNT/LZsWMvSDyCNA12VqdyBp5h1sPcb5eAfREgcJFxxo+Fpj1wJISi/aJv/mj2iYNnkWY59YwlGiZDL5wf5FW5vG1qKbESnrBdY7dty02sLe6yAcHs6uZiKlf6eCzisGN/+WsBv1xgcRBxKRbL88ihtTH72wNi7cVTzQ7wGg==&u=U2FsdGVkX1/Tiap5Yk95S6xjk+0/iX6haA4cb96vKIBp+cdW8E6kfptw1avO2DOL&y=U2FsdGVkX1/P9xm0wrd7kSGZGIHNdAn2lRU3B3ZjTKfNWW0RJTJzU0DLX/SbIlJu HTTP/1.1" 200 26
186.31.57.93 - - [06/Apr/2023:00:20:37 -0500] "GET /kwssiamovil/sm/acme/a?s=U2FsdGVkX1/5lG3HFg73Z2EwOrMSoIEBcbuTMiofYKggcvxmVMoLVgNv1p9gLNa7kz544T2BKMpfJoVc4B/nqYp9DsSwcDIz5jdqYsNr575de5KJ7/DMuhGdt9TlkPxERFqOtlKYh1RIMeD8cPzIzHyyIYFoOBvOrKDah/ocrVv/apzPRgwRyZjZF7z0K8rMfz8xAtKawyucru92fEddwM0KgS9RjzTzsNej/zf+JpvDEm7aer+nCMojgaJ/xfMEFQV641mxPm85TufDR0+YYRp1AZ8yoqXDyWwB+PUopoHFL8bUCRwlEuf947JIcAm0ASoxLXnLleqG0oNYc7iJLzfJXXssc0i75v3ii/oM47qikaf8Q7mSAMN8cZpF8L+hVWJd/ybWKSRC4wEs1ZxXpra3XkXhe6A74KlByuNEp0IM1tbADzpWpxDz+Ak00QbIclY2j0dLckdEiRTobB+zVIej0nwxKZwJ7+Hr0grQ783GrDvhaC941bMm7jR8we7d7qZVx3dmnQTcQcdSc9Edssl1R3Ngd3ghFsUEYkVHTy8bsu68+o1RxZjSiBw/BEI76lg8ZPVJJRrsL9wm03PV9y8k+Fa40P2ywpKplMgEGfBmRcoZF6qbby8/LU0dyjAGckDgkWHp/J39SEfWgWHMRc+chQnNGk/bAc1zPs34o0AyKlwzYcdbkqWkCwi/eTcc9TZxLLgeq3rCtkqngWKN0wsOSZRyVo55FHS1V0nWNXEOBI+7F8C74mlO/1GG6glPhOOWrMLE+2NXMcy/qoi0lk57QhyhAOQFXn9BCfEF+4bIZe2OcUhAkol2Oc+mabqTWY7FeIqVTWk0uaV3OLOclq40pkUfIbtI9JNQWwGBpCvH7BttZ+uXOCCrYYGQYgJ964GlvRz/aOVUZoljNYOvYBweq7/JZqNVC6tVAh/Yhr/olsn55FOzKmHm7v4yc+NYrFqwtNrynQFscO6QDTC+b5f0la0mqBGGBdT5TS0C2dY7ALUIwyPgefieVIKeKYbRbmGFUFb+9tvVSvvPG0D+qKTbs4ywOqNQHSA1iCMXkyATF+jwQEbtpRBMcjCk2mW3SSNLaxD2CmjNA/L3DZ341GioSw22ljifZfTooxIfnfThFpqrGMAQaofhCbG4u60+9IJ5WPJzAI0JFhJ/NGn7gzKReNRGZCu920vtZpQ/MK0FBk6jdj7W3BVJm4Ml3+GVeySEoJbEsR1nCxsg+YFmuv8XHvkE664BBm12Z1PpLeM48ovpMl9M8BczKlx8mqskLNu7jRyDYFz8/vANBtnlTHfthcbbyXZtNBftZltvU5SQmKy/9D+cfoetavl21ykt83faoPzMpVYD8Vg5T8xjuh2ngpsU/L20Z89PHSYD8mmXhIHeW7lG6ngpBn34C80IAxMY0AtctCpv+KRg5YkWOAz/8EsQfJG/uD0xBVBtiqJdKlE2jUUXiZDc1CGz1lcWBPOZxT6w6GUfZJ0jJYRv29xO+UpkjjDCYYrrwwy/5DQ8jAUkTDyV6q9TusIrwf5Jr5Dskng53WxnCuKpKQ+ahlOiuKOafI/k2GYrX092AHKNGyBxKnLlHw9T/V3G2Og5Zc7HeR1fCI8dIa3m0HWORX4N2V9byUlyOB4bFPWNfB/PPUkSM/hkKx9jDXg/nPyoSbA7/jHHFpWGDH/r3p5q3xrgO7Afg8AmnSS29kvwgO8=&u=U2FsdGVkX1/Tiap5Yk95S6xjk+0/iX6haA4cb96vKIBp+cdW8E6kfptw1avO2DOL&y=U2FsdGVkX1/P9xm0wrd7kSGZGIHNdAn2lRU3B3ZjTKfNWW0RJTJzU0DLX/SbIlJu HTTP/1.1" 200 26
216.245.221.92 - - [06/Apr/2023:00:20:39 -0500] "HEAD / HTTP/1.1" 200 -
186.31.57.93 - - [06/Apr/2023:00:20:41 -0500] "GET /kwssiamovil/sm/acme/a?s=U2FsdGVkX19HBeMj1VE7v1sgDD/pZ0RccD+v6G27KDn7jKkONcs+pWOseNncfkfg2ms4c+L3e+6jfg4FC6F3UiPsHtWfnTbWw3yrxPw7AHQUQLBOeRHOkmCKztuK1aODhLAe96ZOdy0JnQu6yRy8g0MyYIltuE72jq+kqbmSofs=&u=U2FsdGVkX1/Tiap5Yk95S6xjk+0/iX6haA4cb96vKIBp+cdW8E6kfptw1avO2DOL&y=U2FsdGVkX1/P9xm0wrd7kSGZGIHNdAn2lRU3B3ZjTKfNWW0RJTJzU0DLX/SbIlJu HTTP/1.1" 200 26
172.22.2.4 - - [06/Apr/2023:00:19:01 -0500] "GET /BLA/boletinlegal/ HTTP/1.1" 200 56744
186.31.57.93 - - [06/Apr/2023:00:20:44 -0500] "GET /kwssiamovil/sm/acme/a?s=U2FsdGVkX1/HiRlOeooR7PbSX7aQaycjZG/tMrqsvApjAA7gcCO+w7NyTTg6QDxvBPUGEBl4y1LAQ2ea8f65NSJyuGJlbdKbKsqyVL94PPNVsIiwilkYiqnLLbU+ZsSrfw3xRRgIRJHMXzhn9l+0+HxeQaEPj5B1d373TdwoWNQ=&u=U2FsdGVkX1/Tiap5Yk95S6xjk+0/iX6haA4cb96vKIBp+cdW8E6kfptw1avO2DOL&y=U2FsdGVkX1/P9xm0wrd7kSGZGIHNdAn2lRU3B3ZjTKfNWW0RJTJzU0DLX/SbIlJu HTTP/1.1" 200 26
186.31.57.93 - - [06/Apr/2023:00:20:47 -0500] "GET /kwssiamovil/sm/acme/a?s=U2FsdGVkX1/aTDpB/KqBR8OPOzGbus0btTSddUv1mYMziofZ2ZfMsqo9smCSzKgTLOXpPlH+gOF3DZiCeoyBW48LatX4rWfuYIFEY3wGbO8thWcn3rSyg96vueFqenwLQE94sCaR0UfveFiOMcoYahGX6yYG9jWHQU/cjPGpmEs=&u=U2FsdGVkX1/Tiap5Yk95S6xjk+0/iX6haA4cb96vKIBp+cdW8E6kfptw1avO2DOL&y=U2FsdGVkX1/P9xm0wrd7kSGZGIHNdAn2lRU3B3ZjTKfNWW0RJTJzU0DLX/SbIlJu HTTP/1.1" 200 26
186.31.57.93 - - [06/Apr/2023:00:20:50 -0500] "GET /kwssiamovil/sm/acme/a?s=U2FsdGVkX18X2gzHD/7B7ORPDOGKjk9HVJNxT7ecEY9BoIAC3jdhz1edv6jzAXE1IGNbVVMOvx5z1aqLIemDxMaNFf+SaycJktgdDOFoJQ7VZlOINYJ5y/F4iy9bhwDbCcGHwc0M/tmjGKbw5BDYhiGMj6RzkMm9NZvAtl0PzMIAswqPzFidOIHCA1yMy7lo4Tyo43Ggt/5RVSRgWD3ocQ==&u=U2FsdGVkX1/Tiap5Yk95S6xjk+0/iX6haA4cb96vKIBp+cdW8E6kfptw1avO2DOL&y=U2FsdGVkX1/P9xm0wrd7kSGZGIHNdAn2lRU3B3ZjTKfNWW0RJTJzU0DLX/SbIlJu HTTP/1.1" 200 26
172.22.2.4 - - [06/Apr/2023:00:21:12 -0500] "GET /BLA/boletinlegal/ReportServer HTTP/1.1" 404 1018
201.245.192.253 - - [06/Apr/2023:00:21:15 -0500] "POST /kwsrmcab/Wsrmcab  HTTP/1.1" 200 42075
52.167.144.167 - - [06/Apr/2023:00:21:29 -0500] "GET / HTTP/1.1" 200 319
173.252.83.13 - - [06/Apr/2023:00:21:40 -0500] "GET /secretaria-de-ambiente-entrego-balance-de-su-gestion-en-2022-y-presento-los-retos-para-el-2023.html HTTP/1.1" 206 968
172.22.2.4 - - [06/Apr/2023:00:22:08 -0500] "GET /BLA/boletinlegal/login HTTP/1.1" 404 1018
66.249.70.182 - - [06/Apr/2023:00:23:01 -0500] "-" 408 -
185.142.236.43 - - [06/Apr/2023:00:23:35 -0500] "-" 408 -
52.167.144.167 - - [06/Apr/2023:00:25:28 -0500] "GET / HTTP/1.1" 200 319
216.245.221.92 - - [06/Apr/2023:00:25:39 -0500] "HEAD / HTTP/1.1" 200 -
172.22.2.4 - - [06/Apr/2023:00:24:01 -0500] "HEAD /BLA/boletinlegal/ HTTP/1.1" 200 -
201.245.192.253 - - [06/Apr/2023:00:26:14 -0500] "POST /kwsrmcab/Wsrmcab  HTTP/1.1" 200 42075
172.22.2.4 - - [06/Apr/2023:00:24:51 -0500] "GET /BLA/boletinlegal/ HTTP/1.1" 200 52720
34.76.96.55 - - [06/Apr/2023:00:28:23 -0500] "GET / HTTP/1.1" 200 319
173.252.107.6 - - [06/Apr/2023:00:29:20 -0500] "GET /images/camino-a-los-cerros-1_optimized.jpeg HTTP/1.1" 200 222279
173.252.107.4 - - [06/Apr/2023:00:29:20 -0500] "GET /images/Sello%201%20JA-2.jpeg HTTP/1.1" 200 42236
173.252.107.18 - - [06/Apr/2023:00:29:20 -0500] "GET /images/Puntos%20calientes%2024%20de%20febrero.jpeg HTTP/1.1" 200 42626
173.252.107.10 - - [06/Apr/2023:00:29:20 -0500] "GET /images/calidad-del-aire-suroccidental_optimized.jpeg HTTP/1.1" 200 175446
173.252.107.14 - - [06/Apr/2023:00:29:20 -0500] "GET /images/WhatsApp%20Image%202023-02-15%20at%205.07.25%20PM.jpeg HTTP/1.1" 200 50573
173.252.107.14 - - [06/Apr/2023:00:29:20 -0500] "GET /images/17%20de%20febrero%20mujeres%20que%20reverdecen.jpeg HTTP/1.1" 200 85735
173.252.107.15 - - [06/Apr/2023:00:29:20 -0500] "GET /images/28%20de%20febrero%20operativo.jpeg HTTP/1.1" 200 62220
173.252.107.20 - - [06/Apr/2023:00:29:20 -0500] "GET /images/calidad-aire-2-marzo-1_optimized.jpeg HTTP/1.1" 200 51562
173.252.107.18 - - [06/Apr/2023:00:29:21 -0500] "GET /images/empresas-alertas_optimized.jpeg HTTP/1.1" 200 142365
173.252.107.4 - - [06/Apr/2023:00:29:21 -0500] "GET /images/Rmasar%2018%20de%20febrero%20Grupo.jpg HTTP/1.1" 200 68398
173.252.107.15 - - [06/Apr/2023:00:29:21 -0500] "GET /images/idpyba-4-marzo-1_optimized.jpeg HTTP/1.1" 200 115318
173.252.107.20 - - [06/Apr/2023:00:29:21 -0500] "GET /images/8%20de%20febrero%20incendio%20forestal.jpeg HTTP/1.1" 200 56283
173.252.107.14 - - [06/Apr/2023:00:29:21 -0500] "GET /images/Conversatorio%20aire%201%20(1).jpeg HTTP/1.1" 200 72040
173.252.107.5 - - [06/Apr/2023:00:29:21 -0500] "GET /images/24%20de%20febrero%20Sendero%20guadalupe%202.jpeg HTTP/1.1" 200 70964
173.252.107.9 - - [06/Apr/2023:00:29:21 -0500] "GET /images/vertimiento-Comprimida%20(1).png HTTP/1.1" 200 22870
173.252.107.20 - - [06/Apr/2023:00:29:21 -0500] "GET /images/Secretarias%20Fondo%20carga%206%20de%20febrero.jpeg HTTP/1.1" 200 55460
173.252.107.6 - - [06/Apr/2023:00:29:21 -0500] "GET /images/20%20de%20febrero%20panor\xc3\xa1mica%20de%20Bogot\xc3\xa1%20(1)%20(1).jpeg HTTP/1.1" 404 1034
173.252.107.13 - - [06/Apr/2023:00:29:21 -0500] "GET /images/Juan%20Rey%20febrero%2013.jpg HTTP/1.1" 200 55934
201.245.192.253 - - [06/Apr/2023:00:30:14 -0500] "POST /kwsrmcab/Wsrmcab HTTP/1.1" 200 43025
201.245.192.253 - - [06/Apr/2023:00:30:16 -0500] "POST /kwsrmcab/Wsrmcab HTTP/1.1" 200 43169
216.245.221.92 - - [06/Apr/2023:00:30:39 -0500] "HEAD / HTTP/1.1" 200 -
201.245.192.253 - - [06/Apr/2023:00:31:13 -0500] "POST /kwsrmcab/Wsrmcab  HTTP/1.1" 200 42075
152.61.128.50 - - [06/Apr/2023:00:31:25 -0500] "GET / HTTP/1.1" 200 319
172.22.2.4 - - [06/Apr/2023:00:29:51 -0500] "HEAD /BLA/boletinlegal/ HTTP/1.1" 200 -
66.249.70.180 - - [06/Apr/2023:00:31:57 -0500] "-" 408 -
172.22.2.4 - - [06/Apr/2023:00:30:41 -0500] "GET /BLA/boletinlegal/ HTTP/1.1" 200 53551
207.46.13.216 - - [06/Apr/2023:00:32:44 -0500] "GET /BLA/resoluciones/AUTOS%202021/2780.pdf HTTP/1.1" 304 -
207.46.13.229 - - [06/Apr/2023:00:33:32 -0500] "-" 408 -
40.77.167.80 - - [06/Apr/2023:00:34:11 -0500] "GET /BLA/resoluciones/AUTOS%202021/2350.pdf HTTP/1.1" 304 -
172.22.2.4 - - [06/Apr/2023:00:34:24 -0500] "GET /BLA/boletinlegal/jurisprudencia/analisis/G__Jurisp.%20Junio%202014_Sent%20Tutela%20Drumond.docx HTTP/1.1" 200 25380
172.22.2.4 - - [06/Apr/2023:00:34:36 -0500] "GET /BLA/boletinlegal/?XDEBUG_SESSION_START=phpstorm HTTP/1.1" 200 28619
40.77.167.80 - - [06/Apr/2023:00:35:19 -0500] "GET /Publicaciones/2022EE19414.pdf HTTP/1.1" 404 227
216.245.221.92 - - [06/Apr/2023:00:35:39 -0500] "HEAD / HTTP/1.1" 200 -
201.245.192.253 - - [06/Apr/2023:00:36:13 -0500] "POST /kwsrmcab/Wsrmcab  HTTP/1.1" 200 42075
172.22.2.4 - - [06/Apr/2023:00:35:41 -0500] "HEAD /BLA/boletinlegal/ HTTP/1.1" 200 -
172.22.2.4 - - [06/Apr/2023:00:36:31 -0500] "GET /BLA/boletinlegal/ HTTP/1.1" 200 54414
157.55.39.219 - - [06/Apr/2023:00:38:27 -0500] "GET /galeria/carrusel/Carrusel/jquery.thumbnailScroller.js HTTP/1.1" 200 8157
52.167.144.167 - - [06/Apr/2023:00:38:31 -0500] "GET /galeria/carrusel/Carrusel/jquery-ui-1.8.13.custom.min.js HTTP/1.1" 200 10800
40.77.167.211 - - [06/Apr/2023:00:38:36 -0500] "GET /galeria/carrusel/Carrusel/jquery.thumbnailScroller.css HTTP/1.1" 200 2066
40.77.167.211 - - [06/Apr/2023:00:38:36 -0500] "GET /galeria/nivo-slider/demo/banner.html HTTP/1.1" 200 5446
66.220.149.116 - - [06/Apr/2023:00:38:39 -0500] "GET /images/cr\xc3\xb3nica-29-nov-1_optimized.jpeg HTTP/1.1" 404 1034
69.171.251.8 - - [06/Apr/2023:00:40:04 -0500] "GET /images/mejora-la-calidad-del-aire-en-bogota-5-abril.jpeg HTTP/1.1" 200 44341
201.245.192.253 - - [06/Apr/2023:00:40:13 -0500] "POST /kwsrmcab/Wsrmcab HTTP/1.1" 200 43025
201.245.192.253 - - [06/Apr/2023:00:40:16 -0500] "POST /kwsrmcab/Wsrmcab HTTP/1.1" 200 43169
216.245.221.92 - - [06/Apr/2023:00:40:39 -0500] "HEAD / HTTP/1.1" 200 -
201.245.192.253 - - [06/Apr/2023:00:41:13 -0500] "POST /kwsrmcab/Wsrmcab  HTTP/1.1" 200 42075
172.22.2.4 - - [06/Apr/2023:00:41:31 -0500] "HEAD /BLA/boletinlegal/ HTTP/1.1" 200 -
52.167.144.44 - - [06/Apr/2023:00:43:40 -0500] "GET /secretaria-de-ambiente-rinde-cuentas-este-viernes-31-de-marzo.html HTTP/1.1" 200 864
172.22.2.4 - - [06/Apr/2023:00:42:21 -0500] "GET /BLA/boletinlegal/ HTTP/1.1" 200 56744
173.252.83.3 - - [06/Apr/2023:00:44:40 -0500] "GET /galeria/nivo-slider/demo/images/bannercapacitacionesbogota.jpg HTTP/1.1" 200 42416
216.245.221.92 - - [06/Apr/2023:00:45:39 -0500] "HEAD / HTTP/1.1" 200 -
201.245.192.253 - - [06/Apr/2023:00:46:10 -0500] "POST /kwsrmcab/Wsrmcab  HTTP/1.1" 200 42075
172.22.2.4 - - [06/Apr/2023:00:47:08 -0500] "GET /BLA/boletinlegal/actos.php HTTP/1.1" 200 9672
35.204.179.234 - - [06/Apr/2023:00:48:09 -0500] "GET /inventario-de-emisiones-2020-transporte-publico-sitp-redujo-emisiones-de-pm-2-5-en-un-37.html HTTP/1.1" 200 925
52.167.144.167 - - [06/Apr/2023:00:48:48 -0500] "GET /BLA/resoluciones/RESOLUCIONES%202021/0974.pdf HTTP/1.1" 200 454162
172.22.2.4 - - [06/Apr/2023:00:47:21 -0500] "HEAD /BLA/boletinlegal/ HTTP/1.1" 200 -
172.22.2.4 - - [06/Apr/2023:00:48:11 -0500] "GET /BLA/boletinlegal/ HTTP/1.1" 200 57551
35.204.80.241 - - [06/Apr/2023:00:50:07 -0500] "GET /inventario-de-emisiones-2020-transporte-publico-sitp-redujo-emisiones-de-pm-2-5-en-un-37.html HTTP/1.1" 200 925
216.245.221.92 - - [06/Apr/2023:00:50:39 -0500] "HEAD / HTTP/1.1" 200 -
201.245.192.253 - - [06/Apr/2023:00:51:07 -0500] "POST /kwsrmcab/Wsrmcab  HTTP/1.1" 200 42075
34.91.50.11 - - [06/Apr/2023:00:51:15 -0500] "GET /inventario-de-emisiones-2020-transporte-publico-sitp-redujo-emisiones-de-pm-2-5-en-un-37.html HTTP/1.1" 200 925
152.61.192.232 - - [06/Apr/2023:00:51:40 -0500] "GET /arcgis/services/Calidad_del_Agua_WQI/MapServer/WMSServer?request=GetCapabilities&service=WMS HTTP/1.1" 503 1020
152.61.192.232 - - [06/Apr/2023:00:51:42 -0500] "GET /arcgis/services/Calidad_del_Agua_WQI/MapServer/WMSServer?SERVICE=WMS&REQUEST=GetCapabilities HTTP/1.1" 503 1020
152.61.192.232 - - [06/Apr/2023:00:51:42 -0500] "GET /arcgis/services/Calidad_del_Agua_WQI/MapServer/WMSServer?WMTVER=1.0.0&REQUEST=capabilities HTTP/1.1" 503 1020
69.171.249.14 - - [06/Apr/2023:00:52:21 -0500] "GET /images/mejora-la-calidad-del-aire-en-bogota-5-abril.jpeg HTTP/1.1" 200 44341
172.22.2.4 - - [06/Apr/2023:00:52:32 -0500] "GET /BLA/boletinlegal/actos.php HTTP/1.1" 200 9672
66.249.70.184 - - [06/Apr/2023:00:52:33 -0500] "-" 408 -
173.252.107.117 - - [06/Apr/2023:00:52:37 -0500] "GET /images/mejora-la-calidad-del-aire-en-bogota-5-abril.jpeg HTTP/1.1" 200 44341
157.55.39.216 - - [06/Apr/2023:00:52:44 -0500] "GET /dia-mundial-del-agua-2023-programate-para-participar-en-estas-actividades-de-educacion-ambiental.html HTTP/1.1" 200 903
172.22.2.4 - - [06/Apr/2023:00:52:54 -0500] "GET /BLA/boletinlegal/jurisprudencia/analisis/CUADRO%20ANALISIS%20SENTENCIA%20T-411%20DE%201992.doc HTTP/1.1" 304 -
207.46.13.216 - - [06/Apr/2023:00:54:26 -0500] "GET /forest/ HTTP/1.1" 200 12041
40.77.188.115 - - [06/Apr/2023:00:54:28 -0500] "GET /galeria/nivo-slider/themes/default/default.css HTTP/1.1" 200 1569
40.77.188.115 - - [06/Apr/2023:00:54:28 -0500] "GET /galeria/nivo-slider/themes/pascal/pascal.css HTTP/1.1" 200 2258
40.77.188.115 - - [06/Apr/2023:00:54:28 -0500] "GET /galeria/nivo-slider/nivo-slider.css HTTP/1.1" 200 1507
40.77.188.115 - - [06/Apr/2023:00:54:28 -0500] "GET /galeria/nivo-slider/themes/orman/orman.css HTTP/1.1" 200 2152
40.77.188.115 - - [06/Apr/2023:00:54:28 -0500] "GET /galeria/nivo-slider/demo/style.css HTTP/1.1" 200 2222
40.77.188.115 - - [06/Apr/2023:00:54:28 -0500] "GET /galeria/nivo-slider/demo/scripts/jquery-1.7.1.min.js HTTP/1.1" 200 93868
40.77.188.115 - - [06/Apr/2023:00:54:28 -0500] "GET /galeria/nivo-slider/jquery.nivo.slider.pack.js HTTP/1.1" 200 11561
172.22.2.4 - - [06/Apr/2023:00:53:11 -0500] "HEAD /BLA/boletinlegal/ HTTP/1.1" 200 -
172.22.2.4 - - [06/Apr/2023:00:54:57 -0500] "GET /BLA/boletinlegal/actos.php HTTP/1.1" 200 9672
52.167.144.87 - - [06/Apr/2023:00:55:37 -0500] "GET /BLA/resoluciones/RESOLUCIONES%202022/0455.pdf HTTP/1.1" 304 -
216.245.221.92 - - [06/Apr/2023:00:55:39 -0500] "HEAD / HTTP/1.1" 200 -
172.22.2.4 - - [06/Apr/2023:00:54:01 -0500] "GET /BLA/boletinlegal/ HTTP/1.1" 200 52316
201.245.192.253 - - [06/Apr/2023:00:56:05 -0500] "POST /kwsrmcab/Wsrmcab  HTTP/1.1" 200 42075
207.46.13.216 - - [06/Apr/2023:00:57:36 -0500] "GET /BLA/resoluciones/RESOLUCIONES%202021/5144.pdf HTTP/1.1" 200 347400
216.245.221.92 - - [06/Apr/2023:01:00:39 -0500] "HEAD / HTTP/1.1" 200 -
172.22.2.4 - - [06/Apr/2023:00:59:01 -0500] "HEAD /BLA/boletinlegal/ HTTP/1.1" 200 -
201.245.192.253 - - [06/Apr/2023:01:01:08 -0500] "POST /kwsrmcab/Wsrmcab  HTTP/1.1" 200 42075
172.22.2.4 - - [06/Apr/2023:00:59:51 -0500] "GET /BLA/boletinlegal/ HTTP/1.1" 200 53104
34.253.55.27 - - [06/Apr/2023:01:01:48 -0500] "-" 408 -
34.147.120.241 - - [06/Apr/2023:01:04:27 -0500] "GET /inventario-de-emisiones-2020-transporte-publico-sitp-redujo-emisiones-de-pm-2-5-en-un-37.html HTTP/1.1" 200 925
172.22.2.4 - - [06/Apr/2023:01:05:01 -0500] "GET /BLA/boletinlegal/actos.php HTTP/1.1" 200 9672
216.245.221.92 - - [06/Apr/2023:01:05:39 -0500] "HEAD / HTTP/1.1" 200 -
201.245.192.253 - - [06/Apr/2023:01:06:07 -0500] "POST /kwsrmcab/Wsrmcab  HTTP/1.1" 200 42075
172.22.2.4 - - [06/Apr/2023:01:04:51 -0500] "HEAD /BLA/boletinlegal/ HTTP/1.1" 200 -
172.22.2.4 - - [06/Apr/2023:01:05:41 -0500] "GET /BLA/boletinlegal/ HTTP/1.1" 200 57551
223.166.22.39 - - [06/Apr/2023:01:07:34 -0500] "GET / HTTP/1.1" 200 319
124.31.107.154 - - [06/Apr/2023:01:07:35 -0500] "GET /favicon.ico HTTP/1.1" 200 7782
66.249.70.210 - - [06/Apr/2023:01:10:01 -0500] "-" 408 -
216.245.221.92 - - [06/Apr/2023:01:10:39 -0500] "HEAD / HTTP/1.1" 200 -
201.245.192.253 - - [06/Apr/2023:01:11:03 -0500] "POST /kwsrmcab/Wsrmcab  HTTP/1.1" 200 42075
172.22.2.4 - - [06/Apr/2023:01:11:25 -0500] "GET /BLA/boletinlegal/jurisprudencia/analisis/CUADRO%20SENTENCIA%20C-245%20DE%202004.doc HTTP/1.1" 200 65536
152.61.128.50 - - [06/Apr/2023:01:12:00 -0500] "GET /arcgis/services/Calidad_del_Agua_WQI/MapServer/WMSServer?request=GetCapabilities&service=WMS HTTP/1.1" 503 1020
152.61.128.50 - - [06/Apr/2023:01:12:01 -0500] "GET /arcgis/services/Calidad_del_Agua_WQI/MapServer/WMSServer?SERVICE=WMS&REQUEST=GetCapabilities HTTP/1.1" 503 1020
152.61.128.50 - - [06/Apr/2023:01:12:01 -0500] "GET /arcgis/services/Calidad_del_Agua_WQI/MapServer/WMSServer?WMTVER=1.0.0&REQUEST=capabilities HTTP/1.1" 503 1020
172.22.2.4 - - [06/Apr/2023:01:10:41 -0500] "HEAD /BLA/boletinlegal/ HTTP/1.1" 200 -
52.167.144.97 - - [06/Apr/2023:01:12:40 -0500] "GET /portaldeninos/ HTTP/1.1" 200 110197
172.22.2.4 - - [06/Apr/2023:01:11:31 -0500] "GET /BLA/boletinlegal/ HTTP/1.1" 200 58653
66.249.70.182 - - [06/Apr/2023:01:14:35 -0500] "-" 408 -
216.245.221.92 - - [06/Apr/2023:01:15:39 -0500] "HEAD / HTTP/1.1" 200 -
201.245.192.253 - - [06/Apr/2023:01:16:01 -0500] "POST /kwsrmcab/Wsrmcab  HTTP/1.1" 200 42075
172.22.2.4 - - [06/Apr/2023:01:16:31 -0500] "HEAD /BLA/boletinlegal/ HTTP/1.1" 200 -
172.22.2.4 - - [06/Apr/2023:01:17:21 -0500] "GET /BLA/boletinlegal/ HTTP/1.1" 200 57141
201.245.192.253 - - [06/Apr/2023:01:20:13 -0500] "POST /kwsrmcab/Wsrmcab HTTP/1.1" 200 42671
201.245.192.253 - - [06/Apr/2023:01:20:16 -0500] "POST /kwsrmcab/Wsrmcab HTTP/1.1" 200 42847
216.245.221.92 - - [06/Apr/2023:01:20:39 -0500] "HEAD / HTTP/1.1" 200 -
201.245.192.253 - - [06/Apr/2023:01:20:58 -0500] "POST /kwsrmcab/Wsrmcab  HTTP/1.1" 200 42075
40.77.167.208 - - [06/Apr/2023:01:21:42 -0500] "GET / HTTP/1.1" 200 4720
128.14.136.18 - - [06/Apr/2023:01:22:28 -0500] "GET / HTTP/1.1" 200 319
157.55.39.219 - - [06/Apr/2023:01:23:21 -0500] "GET /BLA/resoluciones/AUTOS%202021/5412.pdf HTTP/1.1" 304 -
172.22.2.4 - - [06/Apr/2023:01:22:21 -0500] "HEAD /BLA/boletinlegal/ HTTP/1.1" 200 -
172.22.2.4 - - [06/Apr/2023:01:23:11 -0500] "GET /BLA/boletinlegal/ HTTP/1.1" 200 52316
216.245.221.92 - - [06/Apr/2023:01:25:39 -0500] "HEAD / HTTP/1.1" 200 -
201.245.192.253 - - [06/Apr/2023:01:25:56 -0500] "POST /kwsrmcab/Wsrmcab  HTTP/1.1" 200 42075
52.151.201.131 - - [06/Apr/2023:01:26:52 -0500] "GET /images/jardines-verticales_optimized.jpeg HTTP/1.1" 200 138197
35.204.80.241 - - [06/Apr/2023:01:29:02 -0500] "GET /inventario-de-emisiones-2020-transporte-publico-sitp-redujo-emisiones-de-pm-2-5-en-un-37.html HTTP/1.1" 200 925
172.22.2.4 - - [06/Apr/2023:01:28:11 -0500] "HEAD /BLA/boletinlegal/ HTTP/1.1" 200 -
34.147.109.161 - - [06/Apr/2023:01:30:09 -0500] "GET /inventario-de-emisiones-2020-transporte-publico-sitp-redujo-emisiones-de-pm-2-5-en-un-37.html HTTP/1.1" 200 925
34.91.10.255 - - [06/Apr/2023:01:30:15 -0500] "GET /inventario-de-emisiones-2020-transporte-publico-sitp-redujo-emisiones-de-pm-2-5-en-un-37.html HTTP/1.1" 200 925
201.245.192.253 - - [06/Apr/2023:01:30:13 -0500] "POST /kwsrmcab/Wsrmcab HTTP/1.1" 200 42671
201.245.192.253 - - [06/Apr/2023:01:30:16 -0500] "POST /kwsrmcab/Wsrmcab HTTP/1.1" 200 42847
216.245.221.92 - - [06/Apr/2023:01:30:39 -0500] "HEAD / HTTP/1.1" 200 -
172.22.2.4 - - [06/Apr/2023:01:29:01 -0500] "GET /BLA/boletinlegal/ HTTP/1.1" 200 59296
201.245.192.253 - - [06/Apr/2023:01:30:56 -0500] "POST /kwsrmcab/Wsrmcab  HTTP/1.1" 200 42075
52.167.144.167 - - [06/Apr/2023:01:33:16 -0500] "GET /BLA/resoluciones/RESOLUCIONES%202022/2900.pdf HTTP/1.1" 304 -
34.147.118.53 - - [06/Apr/2023:01:33:23 -0500] "GET /caminatas-ecologicas-en-bogota-inscribete-y-participa-en-los-recorridos-de-abril.html HTTP/1.1" 200 868
172.22.2.4 - - [06/Apr/2023:01:32:53 -0500] "GET /BLA/boletinlegal/ HTTP/1.1" 200 36811
35.204.221.1 - - [06/Apr/2023:01:35:25 -0500] "GET /inventario-de-emisiones-2020-transporte-publico-sitp-redujo-emisiones-de-pm-2-5-en-un-37.html HTTP/1.1" 200 925
216.245.221.92 - - [06/Apr/2023:01:35:39 -0500] "HEAD / HTTP/1.1" 200 -
172.22.2.4 - - [06/Apr/2023:01:34:01 -0500] "HEAD /BLA/boletinlegal/ HTTP/1.1" 200 -
201.245.192.253 - - [06/Apr/2023:01:35:56 -0500] "POST /kwsrmcab/Wsrmcab  HTTP/1.1" 503 1020
172.22.2.4 - - [06/Apr/2023:01:34:51 -0500] "GET /BLA/boletinlegal/ HTTP/1.1" 200 56744
201.245.192.253 - - [06/Apr/2023:01:36:55 -0500] "POST /kwsrmcab/Wsrmcab  HTTP/1.1" 503 1020
157.55.39.219 - - [06/Apr/2023:01:37:53 -0500] "GET /BLA/resoluciones/AUTOS%202022/2102.pdf HTTP/1.1" 304 -
201.245.192.253 - - [06/Apr/2023:01:37:54 -0500] "POST /kwsrmcab/Wsrmcab  HTTP/1.1" 200 42075
66.249.70.182 - - [06/Apr/2023:01:38:39 -0500] "-" 408 -
207.46.13.216 - - [06/Apr/2023:01:38:40 -0500] "GET /BLA/resoluciones/AUTOS%202021/1484.pdf HTTP/1.1" 200 354170
201.245.192.253 - - [06/Apr/2023:01:38:56 -0500] "POST /kwsrmcab/Wsrmcab  HTTP/1.1" 200 42075
201.245.192.253 - - [06/Apr/2023:01:40:13 -0500] "POST /kwsrmcab/Wsrmcab HTTP/1.1" 200 42671
201.245.192.253 - - [06/Apr/2023:01:40:16 -0500] "POST /kwsrmcab/Wsrmcab HTTP/1.1" 200 42847
216.245.221.92 - - [06/Apr/2023:01:40:39 -0500] "HEAD / HTTP/1.1" 200 -
34.147.118.53 - - [06/Apr/2023:01:41:03 -0500] "GET /inventario-de-emisiones-2020-transporte-publico-sitp-redujo-emisiones-de-pm-2-5-en-un-37.html HTTP/1.1" 200 925
172.22.2.4 - - [06/Apr/2023:01:39:51 -0500] "HEAD /BLA/boletinlegal/ HTTP/1.1" 200 -
172.22.2.4 - - [06/Apr/2023:01:40:41 -0500] "GET /BLA/boletinlegal/ HTTP/1.1" 200 57551
40.77.167.211 - - [06/Apr/2023:01:42:45 -0500] "GET /BLA/resoluciones/RESOLUCIONES%202022/2567.pdf HTTP/1.1" 304 -
172.22.2.4 - - [06/Apr/2023:01:43:27 -0500] "GET /BLA/boletinlegal/Directivas/2011/Directiva%20No.%201%20del%205%20de%20Abril%20de%202011.pdf HTTP/1.1" 304 -
40.77.167.80 - - [06/Apr/2023:01:43:55 -0500] "GET /BLA/resoluciones/RESOLUCIONES%202021/2052.pdf HTTP/1.1" 200 1715342
65.154.226.168 - - [06/Apr/2023:01:43:56 -0500] "GET /bla/resoluciones/resoluciones%202021/0874.pdf HTTP/1.1" 200 439098
65.154.226.171 - - [06/Apr/2023:01:43:56 -0500] "GET /bla/resoluciones/resoluciones%202016/2023.pdf HTTP/1.1" 200 769599
201.245.192.253 - - [06/Apr/2023:01:43:55 -0500] "POST /kwsrmcab/Wsrmcab  HTTP/1.1" 200 42075
131.107.159.192 - - [06/Apr/2023:01:44:40 -0500] "GET /bla/resoluciones/resoluciones%202021/1346.pdf HTTP/1.1" 200 387959
131.107.159.192 - - [06/Apr/2023:01:44:40 -0500] "GET /bla/resoluciones/resoluciones%202021/5512.pdf HTTP/1.1" 200 420460
131.107.159.192 - - [06/Apr/2023:01:44:40 -0500] "GET /bla/resoluciones/autos%202022/4918.pdf HTTP/1.1" 200 369156
131.107.159.192 - - [06/Apr/2023:01:44:40 -0500] "GET /bla/boletinlegal/directivas/2009/directiva%20no.%20del%2023%20de%20diciembre%20de%202009.pdf HTTP/1.1" 200 1636862
172.22.2.4 - - [06/Apr/2023:01:43:54 -0500] "GET /BLA/boletinlegal/ HTTP/1.1" 200 36811
52.167.144.97 - - [06/Apr/2023:01:45:01 -0500] "GET /images/Fauna%20SDA%20(1)%20(1).jpeg HTTP/1.1" 200 29639
216.245.221.92 - - [06/Apr/2023:01:45:39 -0500] "HEAD / HTTP/1.1" 200 -
172.22.2.4 - - [06/Apr/2023:01:45:41 -0500] "HEAD /BLA/boletinlegal/ HTTP/1.1" 200 -
172.22.2.4 - - [06/Apr/2023:01:46:31 -0500] "GET /BLA/boletinlegal/ HTTP/1.1" 200 57551
201.245.192.253 - - [06/Apr/2023:01:48:54 -0500] "POST /kwsrmcab/Wsrmcab  HTTP/1.1" 200 42075
216.245.221.92 - - [06/Apr/2023:01:50:39 -0500] "HEAD / HTTP/1.1" 200 -
172.22.2.4 - - [06/Apr/2023:01:51:31 -0500] "HEAD /BLA/boletinlegal/ HTTP/1.1" 200 -
45.33.80.237 - - [06/Apr/2023:01:53:33 -0500] "GET /galeria/galeria/jquery.fancybox.css?v=2.1.5 HTTP/1.1" 200 4895
45.33.80.237 - - [06/Apr/2023:01:53:33 -0500] "GET /BLA/boletinlegal/js/jquery.scrollShow.js HTTP/1.1" 200 4586
45.33.80.237 - - [06/Apr/2023:01:53:33 -0500] "GET /galeria/galeria/jquery.fancybox.js?v=2.1.5 HTTP/1.1" 200 48706
201.245.192.253 - - [06/Apr/2023:01:53:53 -0500] "POST /kwsrmcab/Wsrmcab  HTTP/1.1" 200 42075
172.22.2.4 - - [06/Apr/2023:01:52:21 -0500] "GET /BLA/boletinlegal/ HTTP/1.1" 200 52316
216.245.221.92 - - [06/Apr/2023:01:55:39 -0500] "HEAD / HTTP/1.1" 200 -
172.22.2.4 - - [06/Apr/2023:01:56:59 -0500] "GET /BLA/boletinlegal/Circulares/2009/Circular%20Instructiva%20-%20Memorando%202009IE24363.pdf HTTP/1.1" 304 -
199.16.157.183 - - [06/Apr/2023:01:57:10 -0500] "GET /images/foto%202.jpg HTTP/1.1" 200 63300
201.245.192.253 - - [06/Apr/2023:01:58:53 -0500] "POST /kwsrmcab/Wsrmcab  HTTP/1.1" 200 42075
172.22.2.4 - - [06/Apr/2023:01:57:21 -0500] "HEAD /BLA/boletinlegal/ HTTP/1.1" 200 -
172.22.2.4 - - [06/Apr/2023:01:58:11 -0500] "GET /BLA/boletinlegal/ HTTP/1.1" 200 58653
216.245.221.92 - - [06/Apr/2023:02:00:39 -0500] "HEAD / HTTP/1.1" 200 -
45.95.11.26 - - [06/Apr/2023:02:02:50 -0500] "GET / HTTP/1.1" 200 319
157.55.39.216 - - [06/Apr/2023:02:03:01 -0500] "GET /dia-mundial-del-agua-2023-programate-para-participar-en-estas-actividades-de-educacion-ambiental.html HTTP/1.1" 200 903
66.249.70.182 - - [06/Apr/2023:02:03:08 -0500] "-" 408 -
172.22.2.4 - - [06/Apr/2023:02:02:24 -0500] "GET /BLA/boletinlegal/ HTTP/1.1" 200 36811
52.167.144.167 - - [06/Apr/2023:02:03:19 -0500] "GET /BLA/resoluciones/RESOLUCIONES%202021/5516.pdf HTTP/1.1" 304 -
201.245.192.253 - - [06/Apr/2023:02:03:51 -0500] "POST /kwsrmcab/Wsrmcab  HTTP/1.1" 200 42075
40.77.167.80 - - [06/Apr/2023:02:03:57 -0500] "GET /BLA/resoluciones/AUTOS%202014/6225.pdf HTTP/1.1" 200 518626
172.22.2.4 - - [06/Apr/2023:02:03:11 -0500] "HEAD /BLA/boletinlegal/ HTTP/1.1" 200 -
216.245.221.92 - - [06/Apr/2023:02:05:39 -0500] "HEAD / HTTP/1.1" 200 -
172.22.2.4 - - [06/Apr/2023:02:04:01 -0500] "GET /BLA/boletinlegal/ HTTP/1.1" 200 57551
193.32.162.159 - - [06/Apr/2023:02:06:55 -0500] "GET / HTTP/1.1" 200 319
193.32.162.159 - - [06/Apr/2023:02:07:06 -0500] "GET /dispatch.asp HTTP/1.1" 404 1018
172.225.238.96 - - [06/Apr/2023:02:07:38 -0500] "GET /images/jardines-verticales_optimized.jpeg HTTP/1.1" 200 138197
157.90.244.54 - - [06/Apr/2023:02:07:50 -0500] "GET / HTTP/1.1" 200 319
157.90.244.54 - - [06/Apr/2023:02:07:51 -0500] "GET / HTTP/1.1" 200 4720
201.245.192.253 - - [06/Apr/2023:02:08:48 -0500] "POST /kwsrmcab/Wsrmcab  HTTP/1.1" 200 42075
52.167.144.87 - - [06/Apr/2023:02:08:53 -0500] "GET /appsia/controlador HTTP/1.1" 200 4799
207.46.13.216 - - [06/Apr/2023:02:09:22 -0500] "GET /BLA/resoluciones/AUTOS%202021/4424.pdf HTTP/1.1" 304 -
40.77.167.80 - - [06/Apr/2023:02:10:17 -0500] "GET /sendero/? HTTP/1.1" 200 36439
172.22.2.4 - - [06/Apr/2023:02:10:31 -0500] "GET /BLA/boletinlegal/jurisprudencia/analisis/AnalisisC-746-12.docx HTTP/1.1" 200 22637
216.245.221.92 - - [06/Apr/2023:02:10:38 -0500] "HEAD / HTTP/1.1" 200 -
172.22.2.4 - - [06/Apr/2023:02:09:01 -0500] "HEAD /BLA/boletinlegal/ HTTP/1.1" 200 -
172.22.2.4 - - [06/Apr/2023:02:09:51 -0500] "GET /BLA/boletinlegal/ HTTP/1.1" 200 56744
35.204.80.241 - - [06/Apr/2023:02:12:20 -0500] "GET /inventario-de-emisiones-2020-transporte-publico-sitp-redujo-emisiones-de-pm-2-5-en-un-37.html HTTP/1.1" 200 925
74.125.210.203 - - [06/Apr/2023:02:12:27 -0500] "GET /galeria/galeria/fotos/Movilizacion13G.jpg HTTP/1.1" 200 120282
104.194.8.237 - - [06/Apr/2023:02:13:40 -0500] "GET /portaldeninos/wp-content/uploads/2021/06/titulo-videos-ni%C3%B1os.png HTTP/1.1" 200 10502
201.245.192.253 - - [06/Apr/2023:02:13:43 -0500] "POST /kwsrmcab/Wsrmcab  HTTP/1.1" 200 42075
172.22.2.4 - - [06/Apr/2023:02:14:26 -0500] "GET /BLA/boletinlegal/actos.php HTTP/1.1" 200 9672
172.22.2.4 - - [06/Apr/2023:02:15:14 -0500] "GET /BLA/boletinlegal/actos.php HTTP/1.1" 200 9672
172.22.2.4 - - [06/Apr/2023:02:15:37 -0500] "GET /BLA/boletinlegal/actuator/gateway/routes HTTP/1.1" 404 1018
216.245.221.92 - - [06/Apr/2023:02:15:38 -0500] "HEAD / HTTP/1.1" 200 -
172.22.2.4 - - [06/Apr/2023:02:14:51 -0500] "HEAD /BLA/boletinlegal/ HTTP/1.1" 200 -
172.22.2.4 - - [06/Apr/2023:02:15:41 -0500] "GET /BLA/boletinlegal/ HTTP/1.1" 200 53104
168.119.252.242 - - [06/Apr/2023:02:18:01 -0500] "GET / HTTP/1.1" 200 319
168.119.252.242 - - [06/Apr/2023:02:18:01 -0500] "GET / HTTP/1.1" 200 4720
201.245.192.253 - - [06/Apr/2023:02:18:40 -0500] "POST /kwsrmcab/Wsrmcab  HTTP/1.1" 200 42075
201.245.192.253 - - [06/Apr/2023:02:20:13 -0500] "POST /kwsrmcab/Wsrmcab HTTP/1.1" 200 43038
201.245.192.253 - - [06/Apr/2023:02:20:15 -0500] "POST /kwsrmcab/Wsrmcab HTTP/1.1" 200 43177
216.245.221.92 - - [06/Apr/2023:02:20:39 -0500] "HEAD / HTTP/1.1" 200 -
40.77.167.80 - - [06/Apr/2023:02:21:49 -0500] "GET /BLA/resoluciones/RESOLUCIONES%202022/3415.pdf HTTP/1.1" 304 -
34.147.120.241 - - [06/Apr/2023:02:22:06 -0500] "GET /inventario-de-emisiones-2020-transporte-publico-sitp-redujo-emisiones-de-pm-2-5-en-un-37.html HTTP/1.1" 200 925
172.22.2.4 - - [06/Apr/2023:02:20:41 -0500] "HEAD /BLA/boletinlegal/ HTTP/1.1" 200 -
35.204.103.49 - - [06/Apr/2023:02:22:39 -0500] "GET /inventario-de-emisiones-2020-transporte-publico-sitp-redujo-emisiones-de-pm-2-5-en-un-37.html HTTP/1.1" 200 925
172.22.2.4 - - [06/Apr/2023:02:21:31 -0500] "GET /BLA/boletinlegal/ HTTP/1.1" 200 54798
201.245.192.253 - - [06/Apr/2023:02:23:40 -0500] "POST /kwsrmcab/Wsrmcab  HTTP/1.1" 200 42075
216.245.221.92 - - [06/Apr/2023:02:25:38 -0500] "HEAD / HTTP/1.1" 200 -
172.22.2.4 - - [06/Apr/2023:02:24:03 -0500] "GET /BLA/boletinlegal/index.php HTTP/1.1" 200 61749
172.22.2.4 - - [06/Apr/2023:02:26:21 -0500] "GET /BLA/boletinlegal/js/jquery.js HTTP/1.1" 200 57254
66.249.70.216 - - [06/Apr/2023:02:27:08 -0500] "-" 408 -
172.22.2.4 - - [06/Apr/2023:02:27:15 -0500] "GET /BLA/boletinlegal/jurisprudencia/analisis/AnalisisT-606-15.docx HTTP/1.1" 200 26698
172.22.2.4 - - [06/Apr/2023:02:27:16 -0500] "GET /BLA/boletinlegal/apple-touch-icon-120x120-precomposed.png HTTP/1.1" 404 1140
172.22.2.4 - - [06/Apr/2023:02:27:16 -0500] "GET /BLA/boletinlegal/apple-touch-icon-120x120.png HTTP/1.1" 404 1140
172.22.2.4 - - [06/Apr/2023:02:27:16 -0500] "GET /BLA/boletinlegal/apple-touch-icon-precomposed.png HTTP/1.1" 404 1140
172.22.2.4 - - [06/Apr/2023:02:27:16 -0500] "GET /BLA/boletinlegal/apple-touch-icon.png HTTP/1.1" 404 1140
172.22.2.4 - - [06/Apr/2023:02:27:16 -0500] "GET /BLA/boletinlegal/favicon.ico HTTP/1.1" 404 1140
172.22.2.4 - - [06/Apr/2023:02:27:16 -0500] "GET /BLA/boletinlegal/apple-touch-icon-120x120-precomposed.png HTTP/1.1" 404 1140
172.22.2.4 - - [06/Apr/2023:02:27:16 -0500] "GET /BLA/boletinlegal/apple-touch-icon-120x120.png HTTP/1.1" 404 1140
172.22.2.4 - - [06/Apr/2023:02:27:16 -0500] "GET /BLA/boletinlegal/apple-touch-icon-precomposed.png HTTP/1.1" 404 1140
172.22.2.4 - - [06/Apr/2023:02:27:16 -0500] "GET /BLA/boletinlegal/apple-touch-icon.png HTTP/1.1" 404 1140
172.22.2.4 - - [06/Apr/2023:02:27:16 -0500] "GET /BLA/boletinlegal/favicon.ico HTTP/1.1" 404 1140
172.22.2.4 - - [06/Apr/2023:02:26:31 -0500] "HEAD /BLA/boletinlegal/ HTTP/1.1" 200 -
201.245.192.253 - - [06/Apr/2023:02:28:39 -0500] "POST /kwsrmcab/Wsrmcab  HTTP/1.1" 200 42075
172.22.2.4 - - [06/Apr/2023:02:27:21 -0500] "GET /BLA/boletinlegal/ HTTP/1.1" 200 52720
52.167.144.87 - - [06/Apr/2023:02:29:46 -0500] "GET /sipse/faces/faces/autenticacion.xhtml HTTP/1.1" 200 12499
201.245.192.253 - - [06/Apr/2023:02:30:13 -0500] "POST /kwsrmcab/Wsrmcab HTTP/1.1" 200 43038
201.245.192.253 - - [06/Apr/2023:02:30:16 -0500] "POST /kwsrmcab/Wsrmcab HTTP/1.1" 200 43177
216.245.221.92 - - [06/Apr/2023:02:30:38 -0500] "HEAD / HTTP/1.1" 200 -
114.119.130.178 - - [06/Apr/2023:02:32:30 -0500] "-" 408 -
40.77.167.211 - - [06/Apr/2023:02:32:49 -0500] "GET /BLA/resoluciones/AUTOS%202018/2686.pdf HTTP/1.1" 200 311077
201.245.192.253 - - [06/Apr/2023:02:33:39 -0500] "POST /kwsrmcab/Wsrmcab  HTTP/1.1" 200 42075
172.22.2.4 - - [06/Apr/2023:02:32:21 -0500] "HEAD /BLA/boletinlegal/ HTTP/1.1" 200 -
172.22.2.4 - - [06/Apr/2023:02:34:14 -0500] "GET /BLA/boletinlegal/robots.txt HTTP/1.1" 404 1038
172.22.2.4 - - [06/Apr/2023:02:34:14 -0500] "GET /BLA/boletinlegal/actos.php HTTP/1.1" 200 9672
172.22.2.4 - - [06/Apr/2023:02:33:11 -0500] "GET /BLA/boletinlegal/ HTTP/1.1" 200 55211
216.245.221.92 - - [06/Apr/2023:02:35:38 -0500] "HEAD / HTTP/1.1" 200 -
172.22.2.4 - - [06/Apr/2023:02:38:37 -0500] "GET /BLA/boletinlegal/jurisprudencia/analisis/AnalisisT-606-15.docx HTTP/1.1" 200 26698
172.22.2.4 - - [06/Apr/2023:02:38:38 -0500] "GET /BLA/boletinlegal/apple-touch-icon-120x120-precomposed.png HTTP/1.1" 404 1140
172.22.2.4 - - [06/Apr/2023:02:38:38 -0500] "GET /BLA/boletinlegal/apple-touch-icon-120x120.png HTTP/1.1" 404 1140
172.22.2.4 - - [06/Apr/2023:02:38:38 -0500] "GET /BLA/boletinlegal/apple-touch-icon-precomposed.png HTTP/1.1" 404 1140
172.22.2.4 - - [06/Apr/2023:02:38:38 -0500] "GET /BLA/boletinlegal/apple-touch-icon.png HTTP/1.1" 404 1140
172.22.2.4 - - [06/Apr/2023:02:38:38 -0500] "GET /BLA/boletinlegal/favicon.ico HTTP/1.1" 404 1140
172.22.2.4 - - [06/Apr/2023:02:38:38 -0500] "GET /BLA/boletinlegal/apple-touch-icon-120x120-precomposed.png HTTP/1.1" 404 1140
172.22.2.4 - - [06/Apr/2023:02:38:38 -0500] "GET /BLA/boletinlegal/apple-touch-icon-120x120.png HTTP/1.1" 404 1140
172.22.2.4 - - [06/Apr/2023:02:38:38 -0500] "GET /BLA/boletinlegal/apple-touch-icon-precomposed.png HTTP/1.1" 404 1140
172.22.2.4 - - [06/Apr/2023:02:38:38 -0500] "GET /BLA/boletinlegal/apple-touch-icon.png HTTP/1.1" 404 1140
172.22.2.4 - - [06/Apr/2023:02:38:38 -0500] "GET /BLA/boletinlegal/favicon.ico HTTP/1.1" 404 1140
201.245.192.253 - - [06/Apr/2023:02:38:38 -0500] "POST /kwsrmcab/Wsrmcab  HTTP/1.1" 200 42075
157.55.39.219 - - [06/Apr/2023:02:39:49 -0500] "GET /BLA/resoluciones/AUTOS%202021/2442.pdf HTTP/1.1" 304 -
172.22.2.4 - - [06/Apr/2023:02:38:10 -0500] "HEAD /BLA/boletinlegal/ HTTP/1.1" 200 -
201.245.192.253 - - [06/Apr/2023:02:40:13 -0500] "POST /kwsrmcab/Wsrmcab HTTP/1.1" 200 43038
201.245.192.253 - - [06/Apr/2023:02:40:15 -0500] "POST /kwsrmcab/Wsrmcab HTTP/1.1" 200 43177
216.245.221.92 - - [06/Apr/2023:02:40:38 -0500] "HEAD / HTTP/1.1" 200 -
172.22.2.4 - - [06/Apr/2023:02:39:01 -0500] "GET /BLA/boletinlegal/ HTTP/1.1" 200 57141
162.55.37.179 - - [06/Apr/2023:02:43:37 -0500] "GET / HTTP/1.1" 200 319
162.55.37.179 - - [06/Apr/2023:02:43:37 -0500] "GET / HTTP/1.1" 200 4720
201.245.192.253 - - [06/Apr/2023:02:43:36 -0500] "POST /kwsrmcab/Wsrmcab  HTTP/1.1" 200 42075
216.245.221.92 - - [06/Apr/2023:02:45:38 -0500] "HEAD / HTTP/1.1" 200 -
172.22.2.4 - - [06/Apr/2023:02:44:01 -0500] "HEAD /BLA/boletinlegal/ HTTP/1.1" 200 -
189.126.94.141 - - [06/Apr/2023:02:45:56 -0500] "GET / HTTP/1.1" 200 319
52.167.144.167 - - [06/Apr/2023:02:46:10 -0500] "GET /BLA/resoluciones/AUTOS%202021/3745.pdf HTTP/1.1" 304 -
172.22.2.4 - - [06/Apr/2023:02:44:51 -0500] "GET /BLA/boletinlegal/ HTTP/1.1" 200 54798
66.249.70.184 - - [06/Apr/2023:02:48:08 -0500] "-" 408 -
201.245.192.253 - - [06/Apr/2023:02:48:35 -0500] "POST /kwsrmcab/Wsrmcab  HTTP/1.1" 200 42075
157.55.39.225 - - [06/Apr/2023:02:49:55 -0500] "-" 408 -
216.245.221.92 - - [06/Apr/2023:02:50:38 -0500] "HEAD / HTTP/1.1" 200 -
34.91.36.176 - - [06/Apr/2023:02:50:50 -0500] "GET /inventario-de-emisiones-2020-transporte-publico-sitp-redujo-emisiones-de-pm-2-5-en-un-37.html HTTP/1.1" 200 925
172.22.2.4 - - [06/Apr/2023:02:51:30 -0500] "GET /BLA/boletinlegal/actos.php HTTP/1.1" 200 9672
172.22.2.4 - - [06/Apr/2023:02:49:50 -0500] "HEAD /BLA/boletinlegal/ HTTP/1.1" 200 -
172.22.2.4 - - [06/Apr/2023:02:51:49 -0500] "GET /BLA/boletinlegal/actos.php HTTP/1.1" 200 9672
172.22.2.4 - - [06/Apr/2023:02:50:41 -0500] "GET /BLA/boletinlegal/ HTTP/1.1" 200 57935
201.245.192.253 - - [06/Apr/2023:02:53:35 -0500] "POST /kwsrmcab/Wsrmcab  HTTP/1.1" 200 42075
35.204.103.49 - - [06/Apr/2023:02:54:58 -0500] "GET /inventario-de-emisiones-2020-transporte-publico-sitp-redujo-emisiones-de-pm-2-5-en-un-37.html HTTP/1.1" 200 925
52.167.144.44 - - [06/Apr/2023:02:55:13 -0500] "GET /portaldeninos/relatos-urbanos-de-los-ecosistemas-bogotanos-2/ HTTP/1.1" 200 88374
52.167.144.97 - - [06/Apr/2023:02:55:28 -0500] "GET /portaldeninos/wp-content/themes/betheme/assets/jplayer/jplayer.min.js?ver=20.9.6 HTTP/1.1" 200 52702
52.167.144.97 - - [06/Apr/2023:02:55:29 -0500] "GET /portaldeninos/wp-content/themes/betheme/js/plugins.js?ver=20.9.6 HTTP/1.1" 200 197151
52.167.144.97 - - [06/Apr/2023:02:55:29 -0500] "GET /portaldeninos/wp-includes/js/wp-emoji-release.min.js?ver=4.9.8 HTTP/1.1" 200 12026
52.167.144.44 - - [06/Apr/2023:02:55:33 -0500] "GET /portaldeninos/wp-content/plugins/gallery-videos/CSS/Total-Soft-Gallery-Video-Widget.css?ver=4.9.8 HTTP/1.1" 200 51554
52.167.144.44 - - [06/Apr/2023:02:55:33 -0500] "GET /portaldeninos/wp-content/plugins/gallery-videos/JS/modernizr.custom.js?ver=4.9.8 HTTP/1.1" 200 9019
52.167.144.44 - - [06/Apr/2023:02:55:33 -0500] "GET /portaldeninos/wp-content/themes/betheme/assets/jplayer/css/jplayer.blue.monday.css?ver=20.9.6 HTTP/1.1" 200 9834
52.167.144.44 - - [06/Apr/2023:02:55:33 -0500] "GET /portaldeninos/wp-content/themes/betheme/css/base.css?ver=20.9.6 HTTP/1.1" 200 57283
52.167.144.44 - - [06/Apr/2023:02:55:33 -0500] "GET /portaldeninos/wp-content/themes/betheme/style.css?ver=20.9.6 HTTP/1.1" 200 287
52.167.144.44 - - [06/Apr/2023:02:55:33 -0500] "GET /portaldeninos/wp-includes/js/jquery/ui/core.min.js?ver=1.11.4 HTTP/1.1" 200 4000
40.77.167.242 - - [06/Apr/2023:02:55:37 -0500] "GET /portaldeninos/wp-content/themes/betheme/assets/animations/animations.min.css?ver=20.9.6 HTTP/1.1" 200 58508
216.245.221.92 - - [06/Apr/2023:02:55:38 -0500] "HEAD / HTTP/1.1" 200 -
157.55.39.216 - - [06/Apr/2023:02:55:39 -0500] "GET /portaldeninos/wp-content/plugins/gallery-videos/CSS/totalsoft.css?ver=4.9.8 HTTP/1.1" 200 40622
157.55.39.216 - - [06/Apr/2023:02:55:39 -0500] "GET /portaldeninos/wp-content/themes/betheme/css/layout.css?ver=20.9.6 HTTP/1.1" 200 116639
157.55.39.216 - - [06/Apr/2023:02:55:40 -0500] "GET /portaldeninos/wp-content/themes/betheme/js/scripts.js?ver=20.9.6 HTTP/1.1" 200 77162
157.55.39.216 - - [06/Apr/2023:02:55:40 -0500] "GET /portaldeninos/wp-content/uploads/useanyfont/uaf.css?ver=1589905315 HTTP/1.1" 200 408
40.77.167.242 - - [06/Apr/2023:02:55:47 -0500] "GET /portaldeninos/wp-includes/js/jquery/ui/accordion.min.js?ver=1.11.4 HTTP/1.1" 200 8584
40.77.167.242 - - [06/Apr/2023:02:55:48 -0500] "GET /portaldeninos/wp-includes/js/wp-embed.min.js?ver=4.9.8 HTTP/1.1" 200 1398
172.22.2.4 - - [06/Apr/2023:02:54:42 -0500] "GET /BLA/boletinlegal/index.php HTTP/1.1" 200 57935
35.204.103.49 - - [06/Apr/2023:02:56:59 -0500] "GET /inventario-de-emisiones-2020-transporte-publico-sitp-redujo-emisiones-de-pm-2-5-en-un-37.html HTTP/1.1" 200 925
172.22.2.4 - - [06/Apr/2023:02:55:40 -0500] "HEAD /BLA/boletinlegal/ HTTP/1.1" 200 -
172.22.2.4 - - [06/Apr/2023:02:56:31 -0500] "GET /BLA/boletinlegal/ HTTP/1.1" 200 59296
172.22.2.4 - - [06/Apr/2023:02:58:31 -0500] "GET /BLA/boletinlegal/actos.php HTTP/1.1" 200 9672
201.245.192.253 - - [06/Apr/2023:02:58:35 -0500] "POST /kwsrmcab/Wsrmcab  HTTP/1.1" 200 42075
216.245.221.92 - - [06/Apr/2023:03:00:38 -0500] "HEAD / HTTP/1.1" 200 -
157.55.39.225 - - [06/Apr/2023:03:01:29 -0500] "-" 408 -
66.249.70.210 - - [06/Apr/2023:03:02:36 -0500] "GET /BLA/boletinlegal/Directivas/2018/Directiva%20No.%2027%20del%2028%20de%20diciembre%20de%202018.pdf HTTP/1.1" 200 2831879
66.249.70.210 - - [06/Apr/2023:03:02:38 -0500] "GET /BLA/resoluciones/AUTOS%202014/0121.pdf HTTP/1.1" 200 387049
66.249.70.210 - - [06/Apr/2023:03:02:38 -0500] "GET /BLA/resoluciones/AUTOS%202007/0627.pdf HTTP/1.1" 200 66570
66.249.70.210 - - [06/Apr/2023:03:02:39 -0500] "GET /BLA/resoluciones/AUTOS%202015/0935.pdf HTTP/1.1" 200 549658
128.14.229.186 - - [06/Apr/2023:03:02:50 -0500] "GET /portaldeninos/wp-includes/js/jquery/ui/accordion.min.js?ver=1.11.4 HTTP/1.1" 200 8584
128.14.229.186 - - [06/Apr/2023:03:02:50 -0500] "GET /portaldeninos/wp-includes/js/jquery/ui/core.min.js?ver=1.11.4 HTTP/1.1" 200 4000
128.14.229.186 - - [06/Apr/2023:03:02:50 -0500] "GET /portaldeninos/wp-includes/js/jquery/ui/tabs.min.js?ver=1.11.4 HTTP/1.1" 200 12110
128.14.229.186 - - [06/Apr/2023:03:02:51 -0500] "GET /portaldeninos/wp-includes/js/jquery/ui/mouse.min.js?ver=1.11.4 HTTP/1.1" 200 3148
128.14.229.186 - - [06/Apr/2023:03:02:50 -0500] "GET /portaldeninos/wp-content/plugins/gallery-videos/JS/Total-Soft-Gallery-Video-Widget.js?ver=4.9.8 HTTP/1.1" 200 80264
128.14.229.186 - - [06/Apr/2023:03:02:51 -0500] "GET /portaldeninos/wp-includes/js/jquery/ui/widget.min.js?ver=1.11.4 HTTP/1.1" 200 6908
128.14.229.186 - - [06/Apr/2023:03:02:52 -0500] "GET /portaldeninos/wp-content/themes/betheme/js/menu.js?ver=20.9.6 HTTP/1.1" 200 2449
128.14.229.186 - - [06/Apr/2023:03:02:52 -0500] "GET /portaldeninos/wp-content/themes/betheme/js/plugins.js?ver=20.9.6 HTTP/1.1" 200 197151
128.14.229.186 - - [06/Apr/2023:03:02:58 -0500] "GET /portaldeninos/ HTTP/1.1" 200 110197
69.63.184.120 - - [06/Apr/2023:03:03:09 -0500] "GET /images/atencion-al-ciudadano-abril.jpg HTTP/1.1" 200 116523
172.22.2.4 - - [06/Apr/2023:03:01:30 -0500] "HEAD /BLA/boletinlegal/ HTTP/1.1" 200 -
201.245.192.253 - - [06/Apr/2023:03:03:33 -0500] "POST /kwsrmcab/Wsrmcab  HTTP/1.1" 200 42075
172.22.2.4 - - [06/Apr/2023:03:02:21 -0500] "GET /BLA/boletinlegal/ HTTP/1.1" 200 57551
216.245.221.92 - - [06/Apr/2023:03:05:38 -0500] "HEAD / HTTP/1.1" 200 -
40.77.167.80 - - [06/Apr/2023:03:08:13 -0500] "GET /BLA/resoluciones/AUTOS%202021/1650.pdf HTTP/1.1" 304 -
66.249.70.210 - - [06/Apr/2023:03:08:23 -0500] "GET /resoluciones/AUTOS%202007/3246.pdf HTTP/1.1" 404 1018
201.245.192.253 - - [06/Apr/2023:03:08:31 -0500] "POST /kwsrmcab/Wsrmcab  HTTP/1.1" 200 42075
172.22.2.4 - - [06/Apr/2023:03:07:20 -0500] "HEAD /BLA/boletinlegal/ HTTP/1.1" 200 -
52.167.144.167 - - [06/Apr/2023:03:09:34 -0500] "GET /BLA/resoluciones/AUTOS%202021/6236.pdf HTTP/1.1" 304 -
172.22.2.4 - - [06/Apr/2023:03:10:28 -0500] "GET /BLA/boletinlegal/robots.txt HTTP/1.1" 404 1038
216.245.221.92 - - [06/Apr/2023:03:10:38 -0500] "HEAD / HTTP/1.1" 200 -
66.249.70.213 - - [06/Apr/2023:03:10:47 -0500] "GET /BLA/resoluciones/RESOLUCIONES%202008/3152.pdf HTTP/1.1" 200 1132215
172.22.2.4 - - [06/Apr/2023:03:09:35 -0500] "GET /BLA/boletinlegal/ HTTP/1.1" 200 52720
172.22.2.4 - - [06/Apr/2023:03:09:35 -0500] "GET /BLA/boletinlegal/ HTTP/1.1" 200 52720
40.77.188.233 - - [06/Apr/2023:03:11:31 -0500] "GET /portaldeninos/wp-content/themes/betheme/fonts/mfn-icons.woff?93978679 HTTP/1.1" 200 80932
172.22.2.4 - - [06/Apr/2023:03:11:32 -0500] "GET /BLA/boletinlegal/Circulares/2013/Circular%20No.%206%20del%2019%20de%20julio%20de%202013.pdf HTTP/1.1" 304 -
66.249.70.184 - - [06/Apr/2023:03:11:52 -0500] "-" 408 -
172.22.2.4 - - [06/Apr/2023:03:10:29 -0500] "GET /BLA/boletinlegal/ HTTP/1.1" 200 55561
201.245.192.253 - - [06/Apr/2023:03:13:29 -0500] "POST /kwsrmcab/Wsrmcab  HTTP/1.1" 200 42075
172.22.2.4 - - [06/Apr/2023:03:13:11 -0500] "HEAD /BLA/boletinlegal/ HTTP/1.1" 200 -
216.245.221.92 - - [06/Apr/2023:03:15:38 -0500] "HEAD / HTTP/1.1" 200 -
114.5.240.157 - - [06/Apr/2023:03:15:42 -0500] "GET /api/index.php/v1/config/application?public=true HTTP/1.1" 404 1018
172.22.2.4 - - [06/Apr/2023:03:14:02 -0500] "GET /BLA/boletinlegal/ HTTP/1.1" 200 54798
114.5.240.157 - - [06/Apr/2023:03:15:43 -0500] "GET /api/index.php/v1/config/application?public=true HTTP/1.1" 404 1018
40.77.167.211 - - [06/Apr/2023:03:18:02 -0500] "GET /BLA/resoluciones/AUTOS%202021/6332.pdf HTTP/1.1" 304 -
201.245.192.253 - - [06/Apr/2023:03:18:28 -0500] "POST /kwsrmcab/Wsrmcab  HTTP/1.1" 200 42075
201.245.192.253 - - [06/Apr/2023:03:20:13 -0500] "POST /kwsrmcab/Wsrmcab HTTP/1.1" 200 43008
201.245.192.253 - - [06/Apr/2023:03:20:16 -0500] "POST /kwsrmcab/Wsrmcab HTTP/1.1" 200 43167
216.245.221.92 - - [06/Apr/2023:03:20:38 -0500] "HEAD / HTTP/1.1" 200 -
172.22.2.4 - - [06/Apr/2023:03:19:01 -0500] "HEAD /BLA/boletinlegal/ HTTP/1.1" 200 -
192.241.234.12 - - [06/Apr/2023:03:20:59 -0500] "GET / HTTP/1.1" 200 319
172.22.2.4 - - [06/Apr/2023:03:19:52 -0500] "GET /BLA/boletinlegal/ HTTP/1.1" 200 57141
52.167.144.87 - - [06/Apr/2023:03:23:01 -0500] "GET /sipse/faces/index.xhtml HTTP/1.1" 200 677
201.245.192.253 - - [06/Apr/2023:03:23:27 -0500] "POST /kwsrmcab/Wsrmcab  HTTP/1.1" 200 42075
216.245.221.92 - - [06/Apr/2023:03:25:38 -0500] "HEAD / HTTP/1.1" 200 -
172.22.2.4 - - [06/Apr/2023:03:24:51 -0500] "HEAD /BLA/boletinlegal/ HTTP/1.1" 200 -
172.22.2.4 - - [06/Apr/2023:03:25:42 -0500] "GET /BLA/boletinlegal/ HTTP/1.1" 200 59646
201.245.192.253 - - [06/Apr/2023:03:28:25 -0500] "POST /kwsrmcab/Wsrmcab  HTTP/1.1" 200 42075
172.22.2.4 - - [06/Apr/2023:03:28:31 -0500] "GET /BLA/boletinlegal/Directivas/2017/Directiva%20No.%2005%20del%2013%20de%20Junio%20de%202017.pdf HTTP/1.1" 200 853105
172.22.2.4 - - [06/Apr/2023:03:30:11 -0500] "GET /BLA/boletinlegal/actos.php HTTP/1.1" 200 9672
201.245.192.253 - - [06/Apr/2023:03:30:12 -0500] "POST /kwsrmcab/Wsrmcab HTTP/1.1" 200 43008
201.245.192.253 - - [06/Apr/2023:03:30:15 -0500] "POST /kwsrmcab/Wsrmcab HTTP/1.1" 200 43167
34.147.118.53 - - [06/Apr/2023:03:30:19 -0500] "GET /inventario-de-emisiones-2020-transporte-publico-sitp-redujo-emisiones-de-pm-2-5-en-un-37.html HTTP/1.1" 200 925
216.245.221.92 - - [06/Apr/2023:03:30:38 -0500] "HEAD / HTTP/1.1" 200 -
