172.22.2.4 - - [06/Apr/2023:16:37:40 -0500] "GET /BLA/boletinlegal/ HTTP/1.1" 200 54798
172.22.2.4 - - [06/Apr/2023:16:38:13 -0500] "HEAD /BLA/boletinlegal/ HTTP/1.1" 200 -
66.249.70.210 - - [06/Apr/2023:16:40:04 -0500] "-" 408 -
201.245.192.253 - - [06/Apr/2023:16:40:04 -0500] "POST /kwsrmcab/Wsrmcab  HTTP/1.1" 200 42075
201.245.192.253 - - [06/Apr/2023:16:40:10 -0500] "POST /kwsrmcab/Wsrmcab HTTP/1.1" 200 42383
201.245.192.253 - - [06/Apr/2023:16:40:13 -0500] "POST /kwsrmcab/Wsrmcab HTTP/1.1" 200 43181
216.245.221.92 - - [06/Apr/2023:16:40:36 -0500] "HEAD / HTTP/1.1" 200 -
172.22.2.4 - - [06/Apr/2023:16:39:04 -0500] "GET /BLA/boletinlegal/ HTTP/1.1" 200 58297
172.22.2.4 - - [06/Apr/2023:16:41:24 -0500] "GET /BLA/boletinlegal/actos.php HTTP/1.1" 200 9672
172.22.2.4 - - [06/Apr/2023:16:41:24 -0500] "GET /BLA/boletinlegal/styles2.css HTTP/1.1" 200 1838
172.22.2.4 - - [06/Apr/2023:16:41:24 -0500] "GET /BLA/boletinlegal/js/ajax_actos.js HTTP/1.1" 200 1322
172.22.2.4 - - [06/Apr/2023:16:41:24 -0500] "GET /BLA/boletinlegal/niceforms-default.css HTTP/1.1" 200 6694
172.22.2.4 - - [06/Apr/2023:16:41:24 -0500] "GET /BLA/boletinlegal/style.css HTTP/1.1" 200 9406
172.22.2.4 - - [06/Apr/2023:16:41:24 -0500] "GET /BLA/boletinlegal/niceforms.js HTTP/1.1" 200 22876
172.22.2.4 - - [06/Apr/2023:16:41:24 -0500] "GET /BLA/boletinlegal/js/popup.js HTTP/1.1" 200 1270
172.22.2.4 - - [06/Apr/2023:16:41:24 -0500] "GET /BLA/boletinlegal/js/lib.js HTTP/1.1" 200 6474
172.22.2.4 - - [06/Apr/2023:16:41:24 -0500] "GET /BLA/boletinlegal/js/jquery1.js HTTP/1.1" 200 29846
172.22.2.4 - - [06/Apr/2023:16:41:24 -0500] "GET /BLA/boletinlegal/images/cabezote%20BLEGAL.jpg HTTP/1.1" 200 118164
172.22.2.4 - - [06/Apr/2023:16:41:24 -0500] "GET /BLA/boletinlegal/images/subscribe-icon-big.png HTTP/1.1" 200 47702
172.22.2.4 - - [06/Apr/2023:16:41:24 -0500] "GET /BLA/boletinlegal/images/historia.png HTTP/1.1" 200 52775
172.22.2.4 - - [06/Apr/2023:16:41:24 -0500] "GET /BLA/boletinlegal/images/registro-usuarios.png HTTP/1.1" 200 8106
172.22.2.4 - - [06/Apr/2023:16:41:24 -0500] "GET /BLA/boletinlegal/images/green-yellow-blue-pink-th.png HTTP/1.1" 200 7394
172.22.2.4 - - [06/Apr/2023:16:41:24 -0500] "GET /BLA/boletinlegal/images/tel.png HTTP/1.1" 200 14477
172.22.2.4 - - [06/Apr/2023:16:41:24 -0500] "GET /BLA/boletinlegal/images/icono-email.png HTTP/1.1" 200 5544
172.22.2.4 - - [06/Apr/2023:16:41:24 -0500] "GET /BLA/boletinlegal/images/body_bg.jpg HTTP/1.1" 200 1601
172.22.2.4 - - [06/Apr/2023:16:41:24 -0500] "GET /BLA/boletinlegal/images/menu_lft.gif HTTP/1.1" 200 1713
172.22.2.4 - - [06/Apr/2023:16:41:24 -0500] "GET /BLA/boletinlegal/images/menu_rght.gif HTTP/1.1" 200 1627
172.22.2.4 - - [06/Apr/2023:16:41:24 -0500] "GET /BLA/boletinlegal/images/menu_bg.jpg HTTP/1.1" 200 620
172.22.2.4 - - [06/Apr/2023:16:41:24 -0500] "GET /BLA/boletinlegal/images/bg_top.jpg HTTP/1.1" 200 522
172.22.2.4 - - [06/Apr/2023:16:41:24 -0500] "GET /BLA/boletinlegal/images/hover.jpg HTTP/1.1" 200 640
172.22.2.4 - - [06/Apr/2023:16:41:24 -0500] "GET /BLA/boletinlegal/images/footer_bg.jpg HTTP/1.1" 200 586
172.22.2.4 - - [06/Apr/2023:16:41:24 -0500] "GET /BLA/boletinlegal/images/text.jpg HTTP/1.1" 200 568
172.22.2.4 - - [06/Apr/2023:16:41:24 -0500] "GET /BLA/boletinlegal/images/footer_bg_l.jpg HTTP/1.1" 200 776
172.22.2.4 - - [06/Apr/2023:16:41:25 -0500] "GET /BLA/boletinlegal/img/select-right.png HTTP/1.1" 200 44019
172.22.2.4 - - [06/Apr/2023:16:41:25 -0500] "GET /BLA/boletinlegal/img/button-left.png HTTP/1.1" 200 57071
172.22.2.4 - - [06/Apr/2023:16:41:25 -0500] "GET /BLA/boletinlegal/img/0.png HTTP/1.1" 200 110
172.22.2.4 - - [06/Apr/2023:16:41:25 -0500] "GET /BLA/boletinlegal/img/select-left.png HTTP/1.1" 200 263
172.22.2.4 - - [06/Apr/2023:16:41:25 -0500] "GET /BLA/boletinlegal/img/button.png HTTP/1.1" 200 43241
172.22.2.4 - - [06/Apr/2023:16:41:25 -0500] "GET /BLA/boletinlegal/img/button-right.png HTTP/1.1" 200 57878
172.22.2.4 - - [06/Apr/2023:16:41:25 -0500] "GET /BLA/boletinlegal/favicon.ico HTTP/1.1" 404 1326
172.22.2.4 - - [06/Apr/2023:16:41:27 -0500] "GET /BLA/boletinlegal/consulta_actos.php?tipo=autos&no=&usuario=&sector=&fecha=2023&resuelve= HTTP/1.1" 200 42570
172.22.2.4 - - [06/Apr/2023:16:41:27 -0500] "GET /BLA/boletinlegal/images/pdf.gif HTTP/1.1" 200 567
172.22.2.4 - - [06/Apr/2023:16:41:27 -0500] "GET /BLA/boletinlegal/images/background.gif HTTP/1.1" 200 -
181.60.41.150 - - [06/Apr/2023:16:42:05 -0500] "GET /BLA/resoluciones/AUTOS%202023/0333.pdf HTTP/1.1" 200 4879917
181.60.41.150 - - [06/Apr/2023:16:42:05 -0500] "GET /favicon.ico HTTP/1.1" 200 7782
201.245.192.253 - - [06/Apr/2023:16:45:03 -0500] "POST /kwsrmcab/Wsrmcab  HTTP/1.1" 200 42075
181.60.41.150 - - [06/Apr/2023:16:45:18 -0500] "GET /BLA/resoluciones/AUTOS%202023/0326.pdf HTTP/1.1" 200 464530
172.22.2.4 - - [06/Apr/2023:16:45:22 -0500] "GET /BLA/boletinlegal/actos.php HTTP/1.1" 200 9672
172.22.2.4 - - [06/Apr/2023:16:45:22 -0500] "GET /BLA/boletinlegal/js/ajax_actos.js HTTP/1.1" 200 1322
172.22.2.4 - - [06/Apr/2023:16:45:22 -0500] "GET /BLA/boletinlegal/styles2.css HTTP/1.1" 200 1838
172.22.2.4 - - [06/Apr/2023:16:45:22 -0500] "GET /BLA/boletinlegal/niceforms-default.css HTTP/1.1" 200 6694
172.22.2.4 - - [06/Apr/2023:16:45:22 -0500] "GET /BLA/boletinlegal/style.css HTTP/1.1" 200 9406
172.22.2.4 - - [06/Apr/2023:16:45:22 -0500] "GET /BLA/boletinlegal/niceforms.js HTTP/1.1" 200 22876
172.22.2.4 - - [06/Apr/2023:16:45:22 -0500] "GET /BLA/boletinlegal/js/lib.js HTTP/1.1" 200 6474
172.22.2.4 - - [06/Apr/2023:16:45:22 -0500] "GET /BLA/boletinlegal/js/popup.js HTTP/1.1" 200 1270
172.22.2.4 - - [06/Apr/2023:16:45:22 -0500] "GET /BLA/boletinlegal/js/jquery1.js HTTP/1.1" 200 29846
172.22.2.4 - - [06/Apr/2023:16:45:22 -0500] "GET /BLA/boletinlegal/images/cabezote%20BLEGAL.jpg HTTP/1.1" 200 118164
172.22.2.4 - - [06/Apr/2023:16:45:22 -0500] "GET /BLA/boletinlegal/images/subscribe-icon-big.png HTTP/1.1" 200 47702
172.22.2.4 - - [06/Apr/2023:16:45:22 -0500] "GET /BLA/boletinlegal/images/historia.png HTTP/1.1" 200 52775
172.22.2.4 - - [06/Apr/2023:16:45:22 -0500] "GET /BLA/boletinlegal/images/tel.png HTTP/1.1" 200 14477
172.22.2.4 - - [06/Apr/2023:16:45:22 -0500] "GET /BLA/boletinlegal/images/green-yellow-blue-pink-th.png HTTP/1.1" 200 7394
172.22.2.4 - - [06/Apr/2023:16:45:22 -0500] "GET /BLA/boletinlegal/images/registro-usuarios.png HTTP/1.1" 200 8106
172.22.2.4 - - [06/Apr/2023:16:45:22 -0500] "GET /BLA/boletinlegal/images/icono-email.png HTTP/1.1" 200 5544
172.22.2.4 - - [06/Apr/2023:16:45:22 -0500] "GET /BLA/boletinlegal/images/menu_lft.gif HTTP/1.1" 200 1713
172.22.2.4 - - [06/Apr/2023:16:45:22 -0500] "GET /BLA/boletinlegal/images/menu_rght.gif HTTP/1.1" 200 1627
172.22.2.4 - - [06/Apr/2023:16:45:22 -0500] "GET /BLA/boletinlegal/images/body_bg.jpg HTTP/1.1" 200 1601
172.22.2.4 - - [06/Apr/2023:16:45:22 -0500] "GET /BLA/boletinlegal/images/text.jpg HTTP/1.1" 200 568
172.22.2.4 - - [06/Apr/2023:16:45:22 -0500] "GET /BLA/boletinlegal/images/bg_top.jpg HTTP/1.1" 200 522
172.22.2.4 - - [06/Apr/2023:16:45:22 -0500] "GET /BLA/boletinlegal/images/hover.jpg HTTP/1.1" 200 640
172.22.2.4 - - [06/Apr/2023:16:45:22 -0500] "GET /BLA/boletinlegal/images/footer_bg.jpg HTTP/1.1" 200 586
172.22.2.4 - - [06/Apr/2023:16:45:22 -0500] "GET /BLA/boletinlegal/images/menu_bg.jpg HTTP/1.1" 200 620
172.22.2.4 - - [06/Apr/2023:16:45:22 -0500] "GET /BLA/boletinlegal/images/footer_bg_l.jpg HTTP/1.1" 200 776
172.22.2.4 - - [06/Apr/2023:16:45:22 -0500] "GET /BLA/boletinlegal/img/0.png HTTP/1.1" 200 110
172.22.2.4 - - [06/Apr/2023:16:45:22 -0500] "GET /BLA/boletinlegal/img/select-left.png HTTP/1.1" 200 263
172.22.2.4 - - [06/Apr/2023:16:45:22 -0500] "GET /BLA/boletinlegal/img/button-left.png HTTP/1.1" 200 57071
172.22.2.4 - - [06/Apr/2023:16:45:22 -0500] "GET /BLA/boletinlegal/img/select-right.png HTTP/1.1" 200 44019
172.22.2.4 - - [06/Apr/2023:16:45:22 -0500] "GET /BLA/boletinlegal/img/button.png HTTP/1.1" 200 43241
172.22.2.4 - - [06/Apr/2023:16:45:22 -0500] "GET /BLA/boletinlegal/img/button-right.png HTTP/1.1" 200 57878
172.22.2.4 - - [06/Apr/2023:16:45:22 -0500] "GET /BLA/boletinlegal/favicon.ico HTTP/1.1" 404 1326
172.22.2.4 - - [06/Apr/2023:16:45:27 -0500] "GET /BLA/boletinlegal/actos.php HTTP/1.1" 200 9672
216.245.221.92 - - [06/Apr/2023:16:45:36 -0500] "HEAD / HTTP/1.1" 200 -
172.22.2.4 - - [06/Apr/2023:16:45:38 -0500] "GET /BLA/boletinlegal/consulta_actos.php?tipo=autos&no=&usuario=&sector=&fecha=2019&resuelve= HTTP/1.1" 200 1270988
172.22.2.4 - - [06/Apr/2023:16:45:39 -0500] "GET /BLA/boletinlegal/images/pdf.gif HTTP/1.1" 200 567
172.22.2.4 - - [06/Apr/2023:16:45:39 -0500] "GET /BLA/boletinlegal/images/background.gif HTTP/1.1" 200 -
186.84.21.198 - - [06/Apr/2023:16:45:43 -0500] "GET /autoridades-frenan-disposicion-de-residuos-de-construccion-cerca-al-humedal-salitre.html?fbclid=PAAabSB65sae4J1xKJ2-F-e9Bg-uCfBXietNIjMLVF-IXUZSaE1xhhMM1r7N8 HTTP/1.1" 200 935
172.22.2.4 - - [06/Apr/2023:16:44:03 -0500] "HEAD /BLA/boletinlegal/ HTTP/1.1" 200 -
66.249.70.207 - - [06/Apr/2023:16:46:10 -0500] "-" 408 -
181.54.228.54 - - [06/Apr/2023:16:46:12 -0500] "GET /BLA/resoluciones/AUTOS%202019/4923.pdf HTTP/1.1" 200 283254
186.31.57.93 - - [06/Apr/2023:16:46:27 -0500] "GET /BLA/resoluciones/RESOLUCIONES%202022/1079.pdf HTTP/1.1" 200 695620
181.54.228.54 - - [06/Apr/2023:16:46:27 -0500] "GET /BLA/resoluciones/AUTOS%202019/4904.pdf HTTP/1.1" 200 394540
172.22.2.4 - - [06/Apr/2023:16:44:54 -0500] "GET /BLA/boletinlegal/ HTTP/1.1" 200 54414
172.22.2.4 - - [06/Apr/2023:16:47:32 -0500] "GET /BLA/boletinlegal/owa/auth/logon.aspx?url=https%3a%2f%2f1%2fecp%2f HTTP/1.1" 404 1018
181.54.228.54 - - [06/Apr/2023:16:47:58 -0500] "GET /BLA/resoluciones/AUTOS%202019/4898.pdf HTTP/1.1" 200 532883
181.54.228.54 - - [06/Apr/2023:16:48:26 -0500] "GET /BLA/resoluciones/AUTOS%202019/4897.pdf HTTP/1.1" 200 284297
181.54.228.54 - - [06/Apr/2023:16:48:35 -0500] "GET /BLA/resoluciones/AUTOS%202019/4869.pdf HTTP/1.1" 200 374748
181.54.228.54 - - [06/Apr/2023:16:48:43 -0500] "GET /BLA/resoluciones/AUTOS%202019/4858.pdf HTTP/1.1" 200 261058
181.54.228.54 - - [06/Apr/2023:16:49:07 -0500] "GET /BLA/resoluciones/AUTOS%202019/4849.pdf HTTP/1.1" 200 505894
173.252.107.2 - - [06/Apr/2023:16:49:26 -0500] "GET /images/1%20de%20febrer%20Operativo%20hornos.jpg HTTP/1.1" 200 69569
181.54.228.54 - - [06/Apr/2023:16:49:28 -0500] "GET /BLA/resoluciones/AUTOS%202019/4726.pdf HTTP/1.1" 200 301409
181.54.228.54 - - [06/Apr/2023:16:49:40 -0500] "GET /BLA/resoluciones/AUTOS%202019/4487.pdf HTTP/1.1" 200 261145
69.63.184.5 - - [06/Apr/2023:16:49:54 -0500] "GET /images/mejora-la-calidad-del-aire-en-bogota-5-abril.jpeg HTTP/1.1" 200 44341
201.245.192.253 - - [06/Apr/2023:16:50:01 -0500] "POST /kwsrmcab/Wsrmcab  HTTP/1.1" 200 42075
69.63.184.120 - - [06/Apr/2023:16:50:12 -0500] "GET /images/incautan-animales-semana-santa-2023.jpeg HTTP/1.1" 200 36611
181.54.228.54 - - [06/Apr/2023:16:50:22 -0500] "GET /BLA/resoluciones/AUTOS%202019/3066.pdf HTTP/1.1" 200 338780
216.245.221.92 - - [06/Apr/2023:16:50:36 -0500] "HEAD / HTTP/1.1" 200 -
181.54.228.54 - - [06/Apr/2023:16:50:50 -0500] "GET /BLA/resoluciones/AUTOS%202019/2254.pdf HTTP/1.1" 200 252764
181.54.228.54 - - [06/Apr/2023:16:50:58 -0500] "GET /BLA/resoluciones/AUTOS%202019/2245.pdf HTTP/1.1" 200 265493
207.46.13.216 - - [06/Apr/2023:16:51:06 -0500] "GET /BLA/resoluciones/index.php?dir=RESOLUCIONES+2008%2F HTTP/1.1" 200 976272
181.54.228.54 - - [06/Apr/2023:16:51:14 -0500] "GET /BLA/resoluciones/AUTOS%202019/2237.pdf HTTP/1.1" 200 267493
181.54.228.54 - - [06/Apr/2023:16:51:28 -0500] "GET /BLA/resoluciones/AUTOS%202019/1632.pdf HTTP/1.1" 200 282116
172.22.2.4 - - [06/Apr/2023:16:49:53 -0500] "HEAD /BLA/boletinlegal/ HTTP/1.1" 200 -
181.54.228.54 - - [06/Apr/2023:16:51:44 -0500] "GET /BLA/resoluciones/AUTOS%202019/1279.pdf HTTP/1.1" 200 438578
172.22.2.4 - - [06/Apr/2023:16:52:02 -0500] "GET /BLA/boletinlegal/consulta_actos.php?tipo=autos&no=&usuario=&sector=&fecha=2020&resuelve= HTTP/1.1" 200 1138504
172.22.2.4 - - [06/Apr/2023:16:50:44 -0500] "GET /BLA/boletinlegal/ HTTP/1.1" 200 56744
181.54.228.54 - - [06/Apr/2023:16:52:31 -0500] "GET /BLA/resoluciones/AUTOS%202020/5015.pdf HTTP/1.1" 200 399873
181.54.228.54 - - [06/Apr/2023:16:52:40 -0500] "GET /BLA/resoluciones/AUTOS%202020/0720.pdf HTTP/1.1" 200 414432
181.54.228.54 - - [06/Apr/2023:16:53:01 -0500] "GET /BLA/resoluciones/AUTOS%202020/0412.pdf HTTP/1.1" 200 575969
66.249.70.207 - - [06/Apr/2023:16:53:28 -0500] "-" 408 -
66.249.70.170 - - [06/Apr/2023:16:53:31 -0500] "-" 408 -
201.245.192.253 - - [06/Apr/2023:16:55:00 -0500] "POST /kwsrmcab/Wsrmcab  HTTP/1.1" 200 42075
216.245.221.92 - - [06/Apr/2023:16:55:36 -0500] "HEAD / HTTP/1.1" 200 -
40.77.167.80 - - [06/Apr/2023:16:56:59 -0500] "GET /BLA/resoluciones/AUTOS%202021/6449.pdf HTTP/1.1" 304 -
172.22.2.4 - - [06/Apr/2023:16:55:43 -0500] "HEAD /BLA/boletinlegal/ HTTP/1.1" 200 -
173.252.79.120 - - [06/Apr/2023:16:57:48 -0500] "GET /images/calidad-aire-2-marzo-1_optimized.jpeg HTTP/1.1" 200 51562
172.22.2.4 - - [06/Apr/2023:16:56:34 -0500] "GET /BLA/boletinlegal/ HTTP/1.1" 200 52316
66.249.70.207 - - [06/Apr/2023:16:59:08 -0500] "-" 408 -
31.13.115.4 - - [06/Apr/2023:16:59:46 -0500] "GET /mejora-la-calidad-del-aire-condiciones-meteorologicas-favorables-permiten-levantar-la-alerta-preventiva.html?fbclid=IwAR1c2O98H8cndxb9akAPSeXxKFHoGgLC679cHGb1TfZv_F9kD-DRPW0TvUM HTTP/1.1" 200 873
201.245.192.253 - - [06/Apr/2023:17:00:00 -0500] "POST /kwsrmcab/Wsrmcab  HTTP/1.1" 200 42075
200.29.113.36 - - [06/Apr/2023:17:00:04 -0500] "GET /BLA/resoluciones/index.php?dir=AUTOS+2017%2F HTTP/1.1" 200 465052
190.102.126.108 - - [06/Apr/2023:17:00:08 -0500] "GET /BLA/resoluciones/index.php?dir= HTTP/1.1" 200 13502
200.29.113.36 - - [06/Apr/2023:17:00:08 -0500] "GET /BLA/resoluciones/dlf/styles.css HTTP/1.1" 200 3049
200.29.113.36 - - [06/Apr/2023:17:00:08 -0500] "GET /BLA/resoluciones/dlf/dirup.png HTTP/1.1" 200 644
200.29.113.36 - - [06/Apr/2023:17:00:09 -0500] "GET /BLA/resoluciones/dlf/pdf.gif HTTP/1.1" 200 272
200.29.113.36 - - [06/Apr/2023:17:00:09 -0500] "GET /BLA/resoluciones/dlf/bg.gif HTTP/1.1" 200 54
190.102.126.108 - - [06/Apr/2023:17:00:09 -0500] "GET /BLA/resoluciones/index.php?dir=AUTOS+2013%2F HTTP/1.1" 200 407265
190.102.126.108 - - [06/Apr/2023:17:00:19 -0500] "GET /BLA/resoluciones/AUTOS%202013/3029.pdf HTTP/1.1" 200 802823
216.245.221.92 - - [06/Apr/2023:17:00:36 -0500] "HEAD / HTTP/1.1" 200 -
173.252.95.22 - - [06/Apr/2023:17:03:04 -0500] "GET /dia-de-la-ninez-la-secretaria-de-ambiente-participo-en-el-festival-de-crianza-amorosa-juego.html HTTP/1.1" 206 1025
172.22.2.4 - - [06/Apr/2023:17:01:33 -0500] "HEAD /BLA/boletinlegal/ HTTP/1.1" 200 -
172.22.2.4 - - [06/Apr/2023:17:02:24 -0500] "GET /BLA/boletinlegal/ HTTP/1.1" 200 52316
201.245.192.253 - - [06/Apr/2023:17:04:56 -0500] "POST /kwsrmcab/Wsrmcab  HTTP/1.1" 200 42075
216.245.221.92 - - [06/Apr/2023:17:05:36 -0500] "HEAD / HTTP/1.1" 200 -
201.245.192.253 - - [06/Apr/2023:17:06:07 -0500] "POST /sipse/faces/presentacion/financiero/solicitudProceso/consultar.xhtml HTTP/1.1" 200 3231
66.249.70.168 - - [06/Apr/2023:17:06:32 -0500] "-" 408 -
201.245.192.253 - - [06/Apr/2023:17:06:08 -0500] "POST /sipse/faces/presentacion/financiero/solicitudProceso/consultar.xhtml HTTP/1.1" 200 85787
201.245.192.253 - - [06/Apr/2023:17:06:33 -0500] "GET /sipse/faces/javax.faces.resource/jquery/jquery.js?ln=primefaces&v=4.0 HTTP/1.1" 304 -
201.245.192.253 - - [06/Apr/2023:17:06:33 -0500] "GET /sipse/faces/javax.faces.resource/jquery/jquery-plugins.js?ln=primefaces&v=4.0 HTTP/1.1" 304 -
201.245.192.253 - - [06/Apr/2023:17:06:33 -0500] "GET /sipse/faces/javax.faces.resource/primefaces.js?ln=primefaces&v=4.0 HTTP/1.1" 304 -
201.245.192.253 - - [06/Apr/2023:17:06:33 -0500] "GET /sipse/faces/javax.faces.resource/layout/layout.js?ln=primefaces&v=4.0 HTTP/1.1" 304 -
201.245.192.253 - - [06/Apr/2023:17:06:33 -0500] "POST /sipse/faces/presentacion/proyectos/proyecto/listarProyecto.xhtml HTTP/1.1" 200 79214
201.245.192.253 - - [06/Apr/2023:17:06:34 -0500] "POST /sipse/faces/presentacion/proyectos/proyecto/listarProyecto.xhtml HTTP/1.1" 200 79214
201.245.192.253 - - [06/Apr/2023:17:06:34 -0500] "POST /sipse/faces/presentacion/proyectos/proyecto/listarProyecto.xhtml HTTP/1.1" 200 79214
201.245.192.253 - - [06/Apr/2023:17:06:34 -0500] "POST /sipse/faces/presentacion/proyectos/proyecto/listarProyecto.xhtml HTTP/1.1" 200 79214
201.245.192.253 - - [06/Apr/2023:17:06:34 -0500] "POST /sipse/faces/presentacion/proyectos/proyecto/listarProyecto.xhtml HTTP/1.1" 200 79214
201.245.192.253 - - [06/Apr/2023:17:06:34 -0500] "POST /sipse/faces/presentacion/proyectos/proyecto/listarProyecto.xhtml HTTP/1.1" 200 79214
201.245.192.253 - - [06/Apr/2023:17:06:34 -0500] "POST /sipse/faces/presentacion/proyectos/proyecto/listarProyecto.xhtml HTTP/1.1" 200 79214
201.245.192.253 - - [06/Apr/2023:17:06:35 -0500] "POST /sipse/faces/presentacion/proyectos/proyecto/listarProyecto.xhtml HTTP/1.1" 200 79214
201.245.192.253 - - [06/Apr/2023:17:06:35 -0500] "POST /sipse/faces/presentacion/proyectos/proyecto/listarProyecto.xhtml HTTP/1.1" 200 79214
207.46.13.216 - - [06/Apr/2023:17:06:46 -0500] "GET /BLA/resoluciones/AUTOS%202019/1673.pdf HTTP/1.1" 200 223232
191.73.245.206 - - [06/Apr/2023:17:07:03 -0500] "GET /autoridades-frenan-disposicion-de-residuos-de-construccion-cerca-al-humedal-salitre.html?fbclid=PAAaaausDEztuvfecm9Oy8fUmW2DqnsXfh6qnbKTLZNPIYL0VZLP4P1QeJ1-Y HTTP/1.1" 200 935
66.249.70.207 - - [06/Apr/2023:17:07:03 -0500] "-" 408 -
172.22.2.4 - - [06/Apr/2023:17:07:23 -0500] "HEAD /BLA/boletinlegal/ HTTP/1.1" 200 -
181.54.228.54 - - [06/Apr/2023:17:09:18 -0500] "GET /BLA/resoluciones/AUTOS%202020/0359.pdf HTTP/1.1" 200 680104
172.22.2.4 - - [06/Apr/2023:17:08:14 -0500] "GET /BLA/boletinlegal/ HTTP/1.1" 200 59296
201.245.192.253 - - [06/Apr/2023:17:09:53 -0500] "POST /kwsrmcab/Wsrmcab  HTTP/1.1" 200 42075
201.245.192.253 - - [06/Apr/2023:17:09:58 -0500] "POST /sipse/faces/presentacion/proyectos/proyecto/listarProyecto.xhtml HTTP/1.1" 200 4957
201.245.192.253 - - [06/Apr/2023:17:10:00 -0500] "POST /sipse/faces/presentacion/proyectos/proyecto/listarProyecto.xhtml HTTP/1.1" 200 163
201.245.192.253 - - [06/Apr/2023:17:10:01 -0500] "GET /sipse/faces/presentacion/proyectos/proyecto/proyecto.xhtml HTTP/1.1" 200 94062
201.245.192.253 - - [06/Apr/2023:17:10:02 -0500] "GET /sipse/faces/javax.faces.resource/layout/layout.css?ln=primefaces&v=4.0 HTTP/1.1" 200 542
201.245.192.253 - - [06/Apr/2023:17:10:02 -0500] "GET /sipse/faces/javax.faces.resource/theme.css?ln=primefaces-sipse HTTP/1.1" 200 50058
201.245.192.253 - - [06/Apr/2023:17:10:02 -0500] "GET /sipse/faces/javax.faces.resource/jquery/jquery-plugins.js?ln=primefaces&v=4.0 HTTP/1.1" 304 -
201.245.192.253 - - [06/Apr/2023:17:10:02 -0500] "GET /sipse/faces/javax.faces.resource/jquery/jquery.js?ln=primefaces&v=4.0 HTTP/1.1" 304 -
201.245.192.253 - - [06/Apr/2023:17:10:02 -0500] "GET /sipse/faces/javax.faces.resource/primefaces.js?ln=primefaces&v=4.0 HTTP/1.1" 304 -
201.245.192.253 - - [06/Apr/2023:17:10:02 -0500] "GET /sipse/faces/javax.faces.resource/layout/layout.js?ln=primefaces&v=4.0 HTTP/1.1" 304 -
201.245.192.253 - - [06/Apr/2023:17:10:02 -0500] "GET /sipse/faces/javax.faces.resource/primefaces.css?ln=primefaces&v=4.0 HTTP/1.1" 200 53295
201.245.192.253 - - [06/Apr/2023:17:10:02 -0500] "GET /sipse/faces/javax.faces.resource/images/ui-icons_898989_256x240.png?ln=primefaces-aristo HTTP/1.1" 200 5355
201.245.192.253 - - [06/Apr/2023:17:10:03 -0500] "GET /favicon.ico HTTP/1.1" 200 7782
201.245.192.253 - - [06/Apr/2023:17:10:03 -0500] "GET /sipse/faces/javax.faces.resource/images/ui-bg_flat_0_2d5972_40x100.png?ln=primefaces-aristo HTTP/1.1" 200 183
201.245.192.253 - - [06/Apr/2023:17:10:03 -0500] "POST /sipse/faces/presentacion/proyectos/proyecto/proyecto.xhtml HTTP/1.1" 200 3269
181.54.228.54 - - [06/Apr/2023:17:10:16 -0500] "GET /BLA/resoluciones/AUTOS%202020/4936.pdf HTTP/1.1" 200 390251
201.245.192.253 - - [06/Apr/2023:17:10:17 -0500] "POST /sipse/faces/presentacion/proyectos/proyecto/proyecto.xhtml HTTP/1.1" 200 28687
201.245.192.253 - - [06/Apr/2023:17:10:18 -0500] "GET /sipse/faces/javax.faces.resource/jquery/jquery.js?ln=primefaces&v=4.0 HTTP/1.1" 304 -
201.245.192.253 - - [06/Apr/2023:17:10:18 -0500] "GET /sipse/faces/javax.faces.resource/jquery/jquery-plugins.js?ln=primefaces&v=4.0 HTTP/1.1" 304 -
201.245.192.253 - - [06/Apr/2023:17:10:18 -0500] "GET /sipse/faces/javax.faces.resource/primefaces.js?ln=primefaces&v=4.0 HTTP/1.1" 304 -
201.245.192.253 - - [06/Apr/2023:17:10:18 -0500] "GET /sipse/faces/javax.faces.resource/layout/layout.js?ln=primefaces&v=4.0 HTTP/1.1" 304 -
201.245.192.253 - - [06/Apr/2023:17:10:25 -0500] "POST /sipse/faces/presentacion/proyectos/proyecto/proyectoAdministrador/editarAdministrador.xhtml HTTP/1.1" 200 3129
181.54.228.54 - - [06/Apr/2023:17:10:33 -0500] "GET /BLA/resoluciones/AUTOS%202020/4926.pdf HTTP/1.1" 200 400819
216.245.221.92 - - [06/Apr/2023:17:10:36 -0500] "HEAD / HTTP/1.1" 200 -
52.167.144.167 - - [06/Apr/2023:17:10:39 -0500] "GET /BLA/resoluciones/RESOLUCIONES%202019/1536.pdf HTTP/1.1" 200 363532
201.245.192.253 - - [06/Apr/2023:17:10:40 -0500] "POST /sipse/faces/presentacion/proyectos/proyecto/proyectoAdministrador/editarAdministrador.xhtml HTTP/1.1" 200 19181
201.245.192.253 - - [06/Apr/2023:17:10:50 -0500] "POST /sipse/faces/presentacion/proyectos/proyecto/proyectoAdministrador/editarAdministrador.xhtml HTTP/1.1" 200 2214
201.245.192.253 - - [06/Apr/2023:17:11:17 -0500] "POST /sipse/faces/presentacion/proyectos/proyecto/proyectoAdministrador/editarAdministrador.xhtml HTTP/1.1" 200 85294
201.245.192.253 - - [06/Apr/2023:17:11:18 -0500] "GET /sipse/faces/javax.faces.resource/jquery/jquery.js?ln=primefaces&v=4.0 HTTP/1.1" 304 -
201.245.192.253 - - [06/Apr/2023:17:11:18 -0500] "GET /sipse/faces/javax.faces.resource/jquery/jquery-plugins.js?ln=primefaces&v=4.0 HTTP/1.1" 304 -
201.245.192.253 - - [06/Apr/2023:17:11:18 -0500] "GET /sipse/faces/javax.faces.resource/primefaces.js?ln=primefaces&v=4.0 HTTP/1.1" 304 -
201.245.192.253 - - [06/Apr/2023:17:11:19 -0500] "GET /sipse/faces/javax.faces.resource/layout/layout.js?ln=primefaces&v=4.0 HTTP/1.1" 304 -
201.245.192.253 - - [06/Apr/2023:17:11:19 -0500] "GET /sipse/faces/javax.faces.resource/messages/messages.png?ln=primefaces&v=4.0 HTTP/1.1" 200 27209
201.245.192.253 - - [06/Apr/2023:17:11:19 -0500] "POST /sipse/faces/presentacion/proyectos/proyecto/proyecto.xhtml HTTP/1.1" 200 3269
201.245.192.253 - - [06/Apr/2023:17:11:23 -0500] "POST /sipse/faces/presentacion/proyectos/proyecto/proyecto.xhtml HTTP/1.1" 200 28690
201.245.192.253 - - [06/Apr/2023:17:11:24 -0500] "GET /sipse/faces/javax.faces.resource/jquery/jquery.js?ln=primefaces&v=4.0 HTTP/1.1" 304 -
201.245.192.253 - - [06/Apr/2023:17:11:24 -0500] "GET /sipse/faces/javax.faces.resource/jquery/jquery-plugins.js?ln=primefaces&v=4.0 HTTP/1.1" 304 -
201.245.192.253 - - [06/Apr/2023:17:11:24 -0500] "GET /sipse/faces/javax.faces.resource/primefaces.js?ln=primefaces&v=4.0 HTTP/1.1" 304 -
201.245.192.253 - - [06/Apr/2023:17:11:24 -0500] "GET /sipse/faces/javax.faces.resource/layout/layout.js?ln=primefaces&v=4.0 HTTP/1.1" 304 -
201.245.192.253 - - [06/Apr/2023:17:11:33 -0500] "POST /sipse/faces/presentacion/proyectos/proyecto/proyectoAdministrador/editarAdministrador.xhtml HTTP/1.1" 200 19178
201.245.192.253 - - [06/Apr/2023:17:11:37 -0500] "POST /sipse/faces/presentacion/proyectos/proyecto/proyectoAdministrador/editarAdministrador.xhtml HTTP/1.1" 200 2210
201.245.192.253 - - [06/Apr/2023:17:11:37 -0500] "POST /sipse/faces/presentacion/proyectos/proyecto/proyectoAdministrador/editarAdministrador.xhtml HTTP/1.1" 200 2214
181.54.228.54 - - [06/Apr/2023:17:11:45 -0500] "GET /BLA/resoluciones/AUTOS%202020/4863.pdf HTTP/1.1" 200 412586
201.245.192.253 - - [06/Apr/2023:17:11:49 -0500] "POST /sipse/faces/presentacion/proyectos/proyecto/proyectoAdministrador/editarAdministrador.xhtml HTTP/1.1" 200 85294
201.245.192.253 - - [06/Apr/2023:17:11:50 -0500] "GET /sipse/faces/javax.faces.resource/jquery/jquery.js?ln=primefaces&v=4.0 HTTP/1.1" 304 -
201.245.192.253 - - [06/Apr/2023:17:11:50 -0500] "GET /sipse/faces/javax.faces.resource/jquery/jquery-plugins.js?ln=primefaces&v=4.0 HTTP/1.1" 304 -
201.245.192.253 - - [06/Apr/2023:17:11:50 -0500] "GET /sipse/faces/javax.faces.resource/primefaces.js?ln=primefaces&v=4.0 HTTP/1.1" 304 -
201.245.192.253 - - [06/Apr/2023:17:11:50 -0500] "GET /sipse/faces/javax.faces.resource/layout/layout.js?ln=primefaces&v=4.0 HTTP/1.1" 304 -
201.245.192.253 - - [06/Apr/2023:17:11:51 -0500] "POST /sipse/faces/presentacion/proyectos/proyecto/proyecto.xhtml HTTP/1.1" 200 3269
181.54.228.54 - - [06/Apr/2023:17:11:51 -0500] "GET /BLA/resoluciones/AUTOS%202020/4862.pdf HTTP/1.1" 200 417061
201.245.192.253 - - [06/Apr/2023:17:12:01 -0500] "POST /sipse/faces/presentacion/proyectos/proyecto/proyecto.xhtml HTTP/1.1" 200 85787
201.245.192.253 - - [06/Apr/2023:17:12:01 -0500] "GET /sipse/faces/javax.faces.resource/jquery/jquery.js?ln=primefaces&v=4.0 HTTP/1.1" 304 -
201.245.192.253 - - [06/Apr/2023:17:12:01 -0500] "GET /sipse/faces/javax.faces.resource/jquery/jquery-plugins.js?ln=primefaces&v=4.0 HTTP/1.1" 304 -
201.245.192.253 - - [06/Apr/2023:17:12:01 -0500] "GET /sipse/faces/javax.faces.resource/primefaces.js?ln=primefaces&v=4.0 HTTP/1.1" 304 -
201.245.192.253 - - [06/Apr/2023:17:12:01 -0500] "GET /sipse/faces/javax.faces.resource/layout/layout.js?ln=primefaces&v=4.0 HTTP/1.1" 304 -
201.245.192.253 - - [06/Apr/2023:17:12:01 -0500] "POST /sipse/faces/presentacion/proyectos/proyecto/listarProyecto.xhtml HTTP/1.1" 200 79214
201.245.192.253 - - [06/Apr/2023:17:12:02 -0500] "POST /sipse/faces/presentacion/proyectos/proyecto/listarProyecto.xhtml HTTP/1.1" 200 79214
201.245.192.253 - - [06/Apr/2023:17:12:02 -0500] "POST /sipse/faces/presentacion/proyectos/proyecto/listarProyecto.xhtml HTTP/1.1" 200 79214
201.245.192.253 - - [06/Apr/2023:17:12:02 -0500] "POST /sipse/faces/presentacion/proyectos/proyecto/listarProyecto.xhtml HTTP/1.1" 200 79214
181.54.228.54 - - [06/Apr/2023:17:12:18 -0500] "GET /BLA/resoluciones/AUTOS%202020/4861.pdf HTTP/1.1" 200 431253
40.94.36.97 - - [06/Apr/2023:17:12:19 -0500] "GET /autoridades-frenan-disposicion-de-residuos-de-construccion-cerca-al-humedal-salitre.html HTTP/1.1" 200 935
181.54.228.54 - - [06/Apr/2023:17:12:27 -0500] "GET /BLA/resoluciones/AUTOS%202020/4859.pdf HTTP/1.1" 200 414462
181.54.228.54 - - [06/Apr/2023:17:12:29 -0500] "GET /BLA/resoluciones/AUTOS%202020/4858.pdf HTTP/1.1" 200 466679
181.54.228.54 - - [06/Apr/2023:17:12:51 -0500] "GET /BLA/resoluciones/AUTOS%202020/4796.pdf HTTP/1.1" 200 647438
181.54.228.54 - - [06/Apr/2023:17:13:11 -0500] "GET /BLA/resoluciones/AUTOS%202020/4795.pdf HTTP/1.1" 200 666287
181.54.228.54 - - [06/Apr/2023:17:13:18 -0500] "GET /BLA/resoluciones/AUTOS%202020/4790.pdf HTTP/1.1" 200 375064
181.54.228.54 - - [06/Apr/2023:17:13:51 -0500] "GET /BLA/resoluciones/AUTOS%202020/4785.pdf HTTP/1.1" 200 382261
172.22.2.4 - - [06/Apr/2023:17:14:27 -0500] "GET /BLA/boletinlegal/jurisprudencia.php HTTP/1.1" 200 17573
201.245.192.253 - - [06/Apr/2023:17:14:51 -0500] "POST /kwsrmcab/Wsrmcab  HTTP/1.1" 200 42075
172.22.2.4 - - [06/Apr/2023:17:13:13 -0500] "HEAD /BLA/boletinlegal/ HTTP/1.1" 200 -
172.22.2.4 - - [06/Apr/2023:17:14:56 -0500] "GET /BLA/boletinlegal/js/jquery1.js HTTP/1.1" 200 29846
172.22.2.4 - - [06/Apr/2023:17:14:56 -0500] "GET /BLA/boletinlegal/js/popup.js HTTP/1.1" 200 1270
172.22.2.4 - - [06/Apr/2023:17:15:00 -0500] "GET /BLA/boletinlegal/js/lib.js HTTP/1.1" 200 6474
66.249.70.207 - - [06/Apr/2023:17:15:04 -0500] "-" 408 -
216.245.221.92 - - [06/Apr/2023:17:15:36 -0500] "HEAD / HTTP/1.1" 200 -
172.22.2.4 - - [06/Apr/2023:17:14:04 -0500] "GET /BLA/boletinlegal/ HTTP/1.1" 200 59296
201.245.192.253 - - [06/Apr/2023:17:18:35 -0500] "POST /sipse/faces/presentacion/proyectos/proyecto/listarProyecto.xhtml HTTP/1.1" 200 163
201.245.192.253 - - [06/Apr/2023:17:18:35 -0500] "POST /sipse/faces/presentacion/proyectos/proyecto/listarProyecto.xhtml HTTP/1.1" 200 4958
201.245.192.253 - - [06/Apr/2023:17:18:35 -0500] "GET /sipse/faces/presentacion/proyectos/proyecto/proyecto.xhtml HTTP/1.1" 200 90625
201.245.192.253 - - [06/Apr/2023:17:18:37 -0500] "GET /sipse/faces/javax.faces.resource/jquery/jquery.js?ln=primefaces&v=4.0 HTTP/1.1" 304 -
201.245.192.253 - - [06/Apr/2023:17:18:37 -0500] "GET /sipse/faces/javax.faces.resource/jquery/jquery-plugins.js?ln=primefaces&v=4.0 HTTP/1.1" 304 -
201.245.192.253 - - [06/Apr/2023:17:18:37 -0500] "GET /sipse/faces/javax.faces.resource/primefaces.js?ln=primefaces&v=4.0 HTTP/1.1" 304 -
201.245.192.253 - - [06/Apr/2023:17:18:37 -0500] "GET /sipse/faces/javax.faces.resource/layout/layout.css?ln=primefaces&v=4.0 HTTP/1.1" 200 542
201.245.192.253 - - [06/Apr/2023:17:18:37 -0500] "GET /sipse/faces/javax.faces.resource/layout/layout.js?ln=primefaces&v=4.0 HTTP/1.1" 304 -
201.245.192.253 - - [06/Apr/2023:17:18:37 -0500] "GET /sipse/faces/javax.faces.resource/theme.css?ln=primefaces-sipse HTTP/1.1" 200 50058
201.245.192.253 - - [06/Apr/2023:17:18:37 -0500] "GET /sipse/faces/javax.faces.resource/primefaces.css?ln=primefaces&v=4.0 HTTP/1.1" 200 53295
201.245.192.253 - - [06/Apr/2023:17:18:37 -0500] "GET /favicon.ico HTTP/1.1" 200 7782
201.245.192.253 - - [06/Apr/2023:17:18:37 -0500] "GET /sipse/faces/javax.faces.resource/images/ui-icons_898989_256x240.png?ln=primefaces-aristo HTTP/1.1" 200 5355
201.245.192.253 - - [06/Apr/2023:17:18:36 -0500] "POST /sipse/faces/presentacion/proyectos/proyecto/listarProyecto.xhtml HTTP/1.1" 200 163
201.245.192.253 - - [06/Apr/2023:17:18:37 -0500] "GET /sipse/faces/javax.faces.resource/images/ui-bg_flat_0_2d5972_40x100.png?ln=primefaces-aristo HTTP/1.1" 200 183
201.245.192.253 - - [06/Apr/2023:17:18:37 -0500] "POST /sipse/faces/presentacion/proyectos/proyecto/proyecto.xhtml HTTP/1.1" 200 3261
207.46.13.216 - - [06/Apr/2023:17:19:48 -0500] "GET /BLA/resoluciones/AUTOS%202021/2166.pdf HTTP/1.1" 304 -
201.245.192.253 - - [06/Apr/2023:17:19:49 -0500] "POST /kwsrmcab/Wsrmcab  HTTP/1.1" 200 42075
172.22.2.4 - - [06/Apr/2023:17:20:05 -0500] "GET /BLA/boletinlegal/jurisprudencia/analisis/CUADRO%20SENTENCIA%20T-299%20DE%202008.doc HTTP/1.1" 304 -
201.245.192.253 - - [06/Apr/2023:17:20:10 -0500] "POST /kwsrmcab/Wsrmcab HTTP/1.1" 200 42712
201.245.192.253 - - [06/Apr/2023:17:20:12 -0500] "POST /kwsrmcab/Wsrmcab HTTP/1.1" 200 43177
52.151.201.131 - - [06/Apr/2023:17:20:18 -0500] "GET /images/Foto%20Di%C3%8C%C2%81a%20Mundial%20del%20Agua%20(1)%20(1).jpeg HTTP/1.1" 200 41770
216.245.221.92 - - [06/Apr/2023:17:20:36 -0500] "HEAD / HTTP/1.1" 200 -
172.22.2.4 - - [06/Apr/2023:17:19:03 -0500] "HEAD /BLA/boletinlegal/ HTTP/1.1" 200 -
172.22.2.4 - - [06/Apr/2023:17:19:54 -0500] "GET /BLA/boletinlegal/ HTTP/1.1" 200 53551
152.200.172.17 - - [06/Apr/2023:17:21:59 -0500] "GET /galeria/galeria/jquery.fancybox.js?v=2.1.5 HTTP/1.1" 200 48706
152.200.172.17 - - [06/Apr/2023:17:21:59 -0500] "GET /galeria/galeria/jquery.fancybox.css?v=2.1.5 HTTP/1.1" 200 4895
152.200.172.17 - - [06/Apr/2023:17:21:59 -0500] "GET /BLA/boletinlegal/js/jquery.scrollShow.js HTTP/1.1" 200 4586
152.200.172.17 - - [06/Apr/2023:17:21:59 -0500] "GET /galeria/carrusel/Carrusel/jquery.thumbnailScroller.css HTTP/1.1" 200 2066
152.200.172.17 - - [06/Apr/2023:17:21:59 -0500] "GET /galeria/carrusel/Carrusel/jquery-ui-1.8.13.custom.min.js HTTP/1.1" 200 10800
152.200.172.17 - - [06/Apr/2023:17:21:59 -0500] "GET /galeria/carrusel/Carrusel/jquery.thumbnailScroller.js HTTP/1.1" 200 8157
152.200.172.17 - - [06/Apr/2023:17:22:00 -0500] "GET /galeria/nivo-slider/demo/banner.html HTTP/1.1" 200 5446
152.200.172.17 - - [06/Apr/2023:17:22:00 -0500] "GET /galeria/nivo-slider/themes/default/default.css HTTP/1.1" 200 1569
152.200.172.17 - - [06/Apr/2023:17:22:00 -0500] "GET /galeria/nivo-slider/themes/pascal/pascal.css HTTP/1.1" 200 2258
152.200.172.17 - - [06/Apr/2023:17:22:00 -0500] "GET /galeria/nivo-slider/demo/style.css HTTP/1.1" 200 2222
152.200.172.17 - - [06/Apr/2023:17:22:00 -0500] "GET /galeria/nivo-slider/nivo-slider.css HTTP/1.1" 200 1507
152.200.172.17 - - [06/Apr/2023:17:22:00 -0500] "GET /galeria/nivo-slider/themes/orman/orman.css HTTP/1.1" 200 2152
152.200.172.17 - - [06/Apr/2023:17:22:00 -0500] "GET /galeria/nivo-slider/demo/scripts/jquery-1.7.1.min.js HTTP/1.1" 200 93868
152.200.172.17 - - [06/Apr/2023:17:22:00 -0500] "GET /galeria/nivo-slider/jquery.nivo.slider.pack.js HTTP/1.1" 200 11561
152.200.172.17 - - [06/Apr/2023:17:22:00 -0500] "GET /galeria/nivo-slider/demo/images/bannertortuga_optimized.jpg HTTP/1.1" 200 39066
152.200.172.17 - - [06/Apr/2023:17:22:00 -0500] "GET /galeria/nivo-slider/demo/images/Bannermujeresquereverdecen.jpg HTTP/1.1" 200 46558
152.200.172.17 - - [06/Apr/2023:17:22:00 -0500] "GET /galeria/nivo-slider/demo/images/bannertrafico_optimized.jpg HTTP/1.1" 200 42578
152.200.172.17 - - [06/Apr/2023:17:22:00 -0500] "GET /galeria/nivo-slider/demo/images/Bannersedeelectronica.jpg HTTP/1.1" 200 40383
152.200.172.17 - - [06/Apr/2023:17:22:00 -0500] "GET /galeria/nivo-slider/demo/images/bannerrutaesperanza.jpg HTTP/1.1" 200 55560
152.200.172.17 - - [06/Apr/2023:17:22:00 -0500] "GET /galeria/nivo-slider/demo/images/4Simple_Slider.png HTTP/1.1" 200 11722
152.200.172.17 - - [06/Apr/2023:17:22:00 -0500] "GET /galeria/nivo-slider/themes/default/loading.gif HTTP/1.1" 200 1737
152.200.172.17 - - [06/Apr/2023:17:22:00 -0500] "GET /galeria/nivo-slider/demo/images/banneraire2021.jpg HTTP/1.1" 200 265101
152.200.172.17 - - [06/Apr/2023:17:22:00 -0500] "GET /galeria/nivo-slider/demo/images/Bannerplasticosseptiembre.jpg HTTP/1.1" 200 45633
152.200.172.17 - - [06/Apr/2023:17:22:00 -0500] "GET /galeria/nivo-slider/demo/images/bannerresiduoshospitalariosagosto.jpg HTTP/1.1" 200 36499
152.200.172.17 - - [06/Apr/2023:17:22:00 -0500] "GET /galeria/nivo-slider/demo/images/banneraccionpopularcrr68.jpg HTTP/1.1" 200 51887
152.200.172.17 - - [06/Apr/2023:17:22:00 -0500] "GET /galeria/nivo-slider/demo/images/banneraccionpopular.jpeg HTTP/1.1" 200 41707
152.200.172.17 - - [06/Apr/2023:17:22:00 -0500] "GET /galeria/nivo-slider/demo/images/bannerclases2021.jpg HTTP/1.1" 200 68230
152.200.172.17 - - [06/Apr/2023:17:22:00 -0500] "GET /galeria/nivo-slider/demo/images/bannercapacitacionesbogota.jpg HTTP/1.1" 200 42416
152.200.172.17 - - [06/Apr/2023:17:22:00 -0500] "GET /galeria/nivo-slider/demo/images/Bannervirtualescanales.jpg HTTP/1.1" 200 174544
152.200.172.17 - - [06/Apr/2023:17:22:00 -0500] "GET /galeria/nivo-slider/demo/images/Bannerenvases.jpg HTTP/1.1" 200 37316
152.200.172.17 - - [06/Apr/2023:17:22:00 -0500] "GET /galeria/nivo-slider/themes/default/arrows.png HTTP/1.1" 200 824
152.200.172.17 - - [06/Apr/2023:17:22:00 -0500] "GET /galeria/nivo-slider/themes/default/bullets.png HTTP/1.1" 200 1281
66.249.70.207 - - [06/Apr/2023:17:24:20 -0500] "-" 408 -
201.245.192.253 - - [06/Apr/2023:17:24:47 -0500] "POST /kwsrmcab/Wsrmcab  HTTP/1.1" 200 42075
52.167.144.34 - - [06/Apr/2023:17:24:52 -0500] "GET /BLA/resoluciones/AUTOS%202021/4049.pdf HTTP/1.1" 304 -
216.245.221.92 - - [06/Apr/2023:17:25:36 -0500] "HEAD / HTTP/1.1" 200 -
40.77.167.80 - - [06/Apr/2023:17:26:13 -0500] "GET /BLA/resoluciones/AUTOS%202021/2171.pdf HTTP/1.1" 304 -
172.22.2.4 - - [06/Apr/2023:17:24:53 -0500] "HEAD /BLA/boletinlegal/ HTTP/1.1" 200 -
186.31.57.93 - - [06/Apr/2023:17:26:55 -0500] "GET /kwssiamovil/sm/acme/a?s=U2FsdGVkX19RjxHJAMbpTL3HPWw0ohNJ6Cxg8DGfIhiGOp5+danCOaFo99nDWQGMynfXBcF+q9UhJZO4Qbs2AbbjUijEEUzB2R2mt9JmokpNpLitfNCncZ5Wh4h/9XtHa19Z8fUEf7bAmd+4TlFb+UrjKdPn5eMrg4TpgJHVBFe0d/+svZK8p4nOPax8p5xu+GHzZx3phWGF2ZXvJTlO76jRJkV1GK8/tbgbFm3BznJDz0mslx6zhB17GguFN9ibL5Ze1WIMQfEX+xG0iCetfg==&u=U2FsdGVkX19aXwyWaNLP78SCcohjs2yFRgsfI1fUPMMraHgPiRcsr79gixFrMFqn&y=U2FsdGVkX19xKCdf46QT8i1RKNo0IcOEqKsUonrRgP/R/HXFox2Zlg+SoRXPD/F2 HTTP/1.1" 200 26
186.31.57.93 - - [06/Apr/2023:17:26:55 -0500] "GET /kwssiamovil/sm/acme/a?s=U2FsdGVkX1/kR5bovR4DosjYgq7bfcJz5ldGctG+R9AiqM0oTWMv/G58bJU9+vutSlYd9g7yzweLEZ/uUKLRFYAAxf4UdjljxPL0YeJkuXN2dYsYZwFlfUuvKdmuSODUA40GC7x+hm96zH033IRR93rZErIYDusvVIUGGnN1NiZy1/gjht7Y+adV8riLcFmSlihOw6zaZaxRs93uYTOmK21Zqw0x0jGVxkTkGPpDa7hSgw/yKZWTgU8ySd2zo53HLiYVuHp3Odwn3Kma6BZMYF4RXZ0bxRSLx8eDoC0sHZA2sHJj5mAOOr7hYqkvod3A9x4tt5m3cEbeKIQNzZUuqO2A/SR68z7TTWwOpFHHW7PrYMnyiNqa7MR/aSxgeF9gPSKl/AJ+in8TQK1spbIT0Ppr9bWkfoxJ0HLmdgqVp6W6mSFNBm+QZVuw7z8ZUWbFBM6M9FO9zmRoaj1dcd4baEvDzAQBhlo+rW4YS2uVI3L1xMzTsngqNaDzEizFlmnsBaZUS4XgsG0mKOtEjeh7OtVhWAXrXX006qgs+mxoLPLbasVBaEtU0JgRWihX3p3RuXcE/5znfLTFE8v23OmlgMMNON+oiod9cS092mijOVI1FMgpt32xx9r+whWQ/sbFlIey/Ed3D3+RmwvRc0ltISsGSBfq9EylQghqKVo/qIwHSuTaTaj+eBip1BCTTCFupc33pmbsguC7u1kcW1al/BpVP1MlgSadoFMD/rbj2CjYIE35VtDvF7gT21MRHTMYRzsjNrZcfqFr010+NryMTNxHMbecbAxg2fI/a+65DN4QzOu3rXNBKe7brHiL1l1QzmoZFdzczsIyZsJV/JZGO2/gLxI1aoaLzUmceJ9P+vzYMENmdZF1qq8AQPmSkCo+C33kxjljsjguimZWzaQLLW+wVVCwcGOClW+9QPWopdRUQyARHqCFHFB/unDlrrPZVP31dnF/7iqURykrNVEAwCdNhpa1A/3sTMCaBigATehnbwoRvh0VfARmqI7jKCdXi3nQWicmE6U8t1etZviHdfOZUQFh4P7Q/LZSkFfZ2oPx+1eCAmdHY4Eyb4PLGJUusgcirw9Lt+4D/tvwlLDTg8OIBpzyMd1F+zYBWEZ7OJHUvmPTX9CdUU/fx3MM/YMsCRWrIAIHuQURK8xkffZreM7dQLFvk9MMKeZ5P8GsomTnAhp2e0R9xDXlq1bDvuTibL2QT2KZQ0OsqW8FC/x1YEr0CQqU9KTqks4KcMCi46h0FCA8DE9msNVLwUwPWzP6kTmlE2Z/ys8dFo7gHZX929rTK0A6w993ed8wPvFqCnzp3fJww1aW+FxM2tNXe1pagX40hyBO/t/Tv9hGqAYZZwWzpBL/8hFLyC0kFnHUC55Ibw30xyHxIZ8xIZzh4Bk9e09kJ569odY8MyauJ6/sBxsd0T0K3Y/LOWLEnNUoA81CZkjkPjl3bXNusm6Cjf8dQiKigq2vDgYG089kY4Bm+ivnklkmYfZAD4p5XBpWCgGAAoQ/MI8RFMt++PNJZCrYnvdZJPWTC/FgeQLhaePjbUmLvWa+xzPS7T5VSxEo4XNeAB8zcJET0akmhZf5nfne89L8ilIrzdrPRRnXRpKS8Hg7TGAoq5lnrv+IfI/K3Vdne3wrwFA+SKNa2RSvHQN8gbms/dmlOWwNsF91ZaGNPH6kPSDqPZqHuhGM8bIJpb5BSvLeXBJ7mcWCZ1e9udKxoIbIFJ2q27yzm2Cg5VpyTPfsE4/CBqwEfFJ8Vy6iyX1B6hSc2XNDWEGXoEYBUngoarz3kPZZ+SRSN64va6SzF0obgq1jrdS9RdvckA5wVmxnES2slorcZyq5AL/agMKQLBQHCA+uSF2I+CO+nxwtPkV22zVzxffcccT3hofVXV2FFys14KoJ8+OUJ6/U7mKZLfREc7hjWD2I1ZUw+WmcqUG15UjALSFhNYa7potEK+Q=&u=U2FsdGVkX19aXwyWaNLP78SCcohjs2yFRgsfI1fUPMMraHgPiRcsr79gixFrMFqn&y=U2FsdGVkX19xKCdf46QT8i1RKNo0IcOEqKsUonrRgP/R/HXFox2Zlg+SoRXPD/F2 HTTP/1.1" 200 26
186.31.57.93 - - [06/Apr/2023:17:26:55 -0500] "GET /kwssiamovil/sm/acme/a?s=U2FsdGVkX18mIFVKQwX6HYXD8lyJJeAiCbRFb38CUIeNZ+u1gW/zsRfGRqGGqjkyQu36akZw4uJFEoBomoXoXnfv0mBuemp3CpQPCr1GzUc0idd6zXEdCFL8BDWci/k7w8p1neiRx8IiqjC0lT4oWOL33EBZqUI7lRWfTimq6hI=&u=U2FsdGVkX19aXwyWaNLP78SCcohjs2yFRgsfI1fUPMMraHgPiRcsr79gixFrMFqn&y=U2FsdGVkX19xKCdf46QT8i1RKNo0IcOEqKsUonrRgP/R/HXFox2Zlg+SoRXPD/F2 HTTP/1.1" 200 26
186.31.57.93 - - [06/Apr/2023:17:26:56 -0500] "GET /kwssiamovil/sm/acme/a?s=U2FsdGVkX1/XHIvBSUj5ypssiu2jsc9r6vsUtuDz0tf9Lp3BTsWiS2+vz9NQOPBuUtt143cJB+YYhjqTLW0jT2lry1poQkh4Eub+5r+J8GP/inojyTzhtbYn/j2Lkt1J+gbQhRUbs7Z7scif71uALMHiNzw2to7RwLN1lMDj0CE=&u=U2FsdGVkX19aXwyWaNLP78SCcohjs2yFRgsfI1fUPMMraHgPiRcsr79gixFrMFqn&y=U2FsdGVkX19xKCdf46QT8i1RKNo0IcOEqKsUonrRgP/R/HXFox2Zlg+SoRXPD/F2 HTTP/1.1" 200 26
186.31.57.93 - - [06/Apr/2023:17:26:56 -0500] "GET /kwssiamovil/sm/acme/a?s=U2FsdGVkX18YucTgzRGK5PDORzHGLtsolpWcG3lK63vdpVvm7u7g2fkumNOelyVN5o2CtykZLtpccU/sazJT1Ir/P+JP2DHP1GN63SyflXqYZKf8yiojVnbAInxwaeFQq85TINrt8eu3FIhyt0W4NgV33iLk/LrZa4YA9wkmiow=&u=U2FsdGVkX19aXwyWaNLP78SCcohjs2yFRgsfI1fUPMMraHgPiRcsr79gixFrMFqn&y=U2FsdGVkX19xKCdf46QT8i1RKNo0IcOEqKsUonrRgP/R/HXFox2Zlg+SoRXPD/F2 HTTP/1.1" 200 26
186.31.57.93 - - [06/Apr/2023:17:26:56 -0500] "GET /kwssiamovil/sm/acme/a?s=U2FsdGVkX1/5s9NlJJA6/oFQH0G0gst3NdpiWZ3auk+O+uex158oBtrvD6k3P3gjpXiuUPOWJdAuYldI7WvWBR+nyFEhGs3EBzYLJPbKd9KN+A662ioY7Ell8kqLR+5qSlZSEg25iDYdfm4ZUJj6LvOYbH+UGQKLI5GjM2HNkQx1SMdimF/Jif31h0l9XK8mWtpKvdndT6pvh5tFnF5rig==&u=U2FsdGVkX19aXwyWaNLP78SCcohjs2yFRgsfI1fUPMMraHgPiRcsr79gixFrMFqn&y=U2FsdGVkX19xKCdf46QT8i1RKNo0IcOEqKsUonrRgP/R/HXFox2Zlg+SoRXPD/F2 HTTP/1.1" 200 26
172.22.2.4 - - [06/Apr/2023:17:25:44 -0500] "GET /BLA/boletinlegal/ HTTP/1.1" 200 52720
186.31.57.93 - - [06/Apr/2023:17:27:35 -0500] "GET /kwssiamovil/sm/acme/a?s=U2FsdGVkX1+cg1jY4CdAlZPHUj/UkI24uNQ3UXE7tAFBPa3y3Qg3GKp+fZMdv+W9gRSvqbf/6wV4NQ62BGrS/377bPfYWwR4g+w8+LLVcWhLr32RnqjRuf1B7EEIQAznBXdqAeRc4v+DFqXGJYCRjX+bx1QRzNAvPemgHBfrI5cFSSvLr9TKIpv7NTAiq5FambJx5SpBTRCpRShEp4orWBMcemDklIPmvcx85yKyk1TzAODThmnrv0Ara4hQ7zcR4i96ve6UA6eoDl4U1FWwSA==&u=U2FsdGVkX19aXwyWaNLP78SCcohjs2yFRgsfI1fUPMMraHgPiRcsr79gixFrMFqn&y=U2FsdGVkX19xKCdf46QT8i1RKNo0IcOEqKsUonrRgP/R/HXFox2Zlg+SoRXPD/F2 HTTP/1.1" 200 26
186.31.57.93 - - [06/Apr/2023:17:27:35 -0500] "GET /kwssiamovil/sm/acme/a?s=U2FsdGVkX1+o36SYXzZRoYrTDdoEtWGh0RqbKsVNXXIGJDM4S7d8jRUp20FIOornpNT1QljdVO0AwWH2mhCoMfu56Ckn6tC9zAG1meQ3qmWp66DPyZnzKruoFzf5s0CeWIm4sA9OroAmZeJyV/blZVa4aH4dhsJ8K69j7GgfouMyeb+rFctrufSoznIKqzeWSLxhhjNXvCqE9YoFpPPA66PJB2k09Quo0DcVyCR++MWu72/jCvjjCW6Wz0E5dQyZRYSeKg7JyTbKFpig34ADhW2mfjMPDOnzQYk5ElGO1ZX8i0HDDAkzDXgtsZfrenn0sTh3v5kNdCb2ZCayMz90y+zwNsGEAILzJBhO7DDaOOk+2Gu2KyUtEFbfnq4ELbK3Fbsu03KddkxgEfXFRR8OPpXnXUKiC0WjYolJw35YU9c20KzufOt0vcCegd4T5aThgf4W/6y1iz0M6o9DEVtY335jbjmJY2VGQE450LAR16/pliplcDq+1vAVDQUC/MHQt9tZoMdobmg003y8XnUoIOVDQs969if0/rpynNrQ0Rhcfupa8sqQOZw5ChfP6Mui5BOOjiBbpNS+IqKN20TEl997ZNUIAo/JhqkYQmWc15GIwKRwT4ABE4EEgfdMUUZHupepen/WDAv1jK4j/vk8+tWrF7h9C5h3lDSsQZUYClTwBtJHv7vnMG0qi87SkCBUsz5AYGJkVob45dbm563353SbOj4ikRTDXakD8nlXuHHcayrI0QRLuR9znD12SjfqEekCd50BgyJpyg0kgayQutjzaPSWVzxd5MLODKgSLhk2SmtLmfZZ02+Xzs/27W2RdQYYEjTxEX2BNeD/mT1kIfrOHoFRW/Xz2IEhMbBcfBLBLIgNPwcyjSlX86UtLzIqP27ExRF6EoDtwx4GW6awZzAJI+X1WYLPXrTUuDccUMebza2kJOi0lfppG+PVttAQK5ccK8ZP29ljQ1ZmIq8HkKTc1lhPPQsB7ra4ubFZ4TWC8XMETr+geW8Op+fJRX85fbar8NV23gk60nOE+FgUCpN++yuC+z+hGTqVvDe4sK6AcwKafVVCrMZRLcwZcB16PqFFyLEkPqXx1ZL4PDspha4TDkSP8L78ONOQ9NBJGxLeHY9FBWY1LGeMiaYk3A6TsI6nu0vA2/VehArKXlADXdFIUPo7KB46TlMbAv8tsN1iFPuXbKURiLsOAp9aSI+hDujOE7nqUbWwApU+aWOREhyP5fuWsWec/ZMflL9sBOuyiiqCAbaCI4e75MeR5+l9qwRrQMDMyU3Fl7bG0a1CkbLwYLzQSIczZdjMrdEjb0Q6hKlZhUhLnKWwrh/r60T0zVVmD86nHTm3acoIKJnF78TtgpmdCRwHMOui7hwqbGixyyY00cnVquprI/Rv1kbih9SetreQxD1TRCTR8WbKDzG8/7Ct/FNj4P06vQF/HwOT8yxvSGVgoEjcZiOXGmsTaY9lIiotbR4TpeGV9ub5JBKrflSpJH7Lr2C/uxVhZx9ZcFWxeeAAUEfSaQyWaxpDwJTE7ZQu+eaTMvZIi00o7hHQrqWefmYl9ivZYkB4O8C15+MbORdCdBhjVlYHieQUqQtHjYX2hBGBYbjLaeodtSisxpOpUuCdusVF0BF3Y+6uHJd4YuR2vQBddygzy7QJD9AyxNBxo1JH3kunRZns7OIEOh3Uq30sCK/YwcQybfQWSfBhOXX/FO4DX0B0RC2XyXU65gIRvuuQqfyvEdBYnyUCLmHwqNuVt0OGnpBrYk4sKFEiefDG6Dp5OsmIf5rfiI+1J/tHZWdil6cy0siKcYpJNGR002Htv/b8TPCNVZul4Vdt345JfljUfg9cmTdZQBlrV3Kio5/PB/drRaov6I8it0Clmn/outLCxipzqH4sVdlzwktSXeELPrfejFECLDHKHofOQsLn17b9Nx9e09LJm976Lq80zdValUbafU4=&u=U2FsdGVkX19aXwyWaNLP78SCcohjs2yFRgsfI1fUPMMraHgPiRcsr79gixFrMFqn&y=U2FsdGVkX19xKCdf46QT8i1RKNo0IcOEqKsUonrRgP/R/HXFox2Zlg+SoRXPD/F2 HTTP/1.1" 200 26
186.31.57.93 - - [06/Apr/2023:17:27:35 -0500] "GET /kwssiamovil/sm/acme/a?s=U2FsdGVkX1+gOkNSzi5iM32AN4XQ7mHv/lQTvLHKQluyLJ3uwNkLXgAR0EBWQg8F77Cwboprb3sUT3fMQaOV3ZHBLvt2WdVPxC9JbcwWzzeG9rB64DxAMm5ElqOp+0KoDn5lhcmQy0VyQ9f+/HLvmEw4s1aUscEeg/cqicKGdGQ=&u=U2FsdGVkX19aXwyWaNLP78SCcohjs2yFRgsfI1fUPMMraHgPiRcsr79gixFrMFqn&y=U2FsdGVkX19xKCdf46QT8i1RKNo0IcOEqKsUonrRgP/R/HXFox2Zlg+SoRXPD/F2 HTTP/1.1" 200 26
186.31.57.93 - - [06/Apr/2023:17:27:36 -0500] "GET /kwssiamovil/sm/acme/a?s=U2FsdGVkX18IasW6a6ewQ9JllxAcbkbRjopizeXHVeQufQtANZ7RVMVXdizMbyjWF+xkOwk+XBPEYBTGfCz6gvLUYZbX2ki1pecUnutWp9NGIuRwa9QD+jF2DIjsT2Wcds5JdS4tZUT7/Epeg/EGYb4W6wJaRYa5FZRfc6TjH9U=&u=U2FsdGVkX19aXwyWaNLP78SCcohjs2yFRgsfI1fUPMMraHgPiRcsr79gixFrMFqn&y=U2FsdGVkX19xKCdf46QT8i1RKNo0IcOEqKsUonrRgP/R/HXFox2Zlg+SoRXPD/F2 HTTP/1.1" 200 26
186.31.57.93 - - [06/Apr/2023:17:27:36 -0500] "GET /kwssiamovil/sm/acme/a?s=U2FsdGVkX19/YDMnVX1oGR3wlzKsomFb5oUOu2RnjaoaI0jvDrL4gYToas7ndL3BwlFl5RxX6YCaj/jVWDu4Pas5IJxs8AB40oba4HOl+t4hQja6WkLDYTBxQII6BO/9q0ZHW+pc3AoVmX32K5N1NAdlN/aVPASy3UPk+MX63Gk=&u=U2FsdGVkX19aXwyWaNLP78SCcohjs2yFRgsfI1fUPMMraHgPiRcsr79gixFrMFqn&y=U2FsdGVkX19xKCdf46QT8i1RKNo0IcOEqKsUonrRgP/R/HXFox2Zlg+SoRXPD/F2 HTTP/1.1" 200 26
186.31.57.93 - - [06/Apr/2023:17:27:36 -0500] "GET /kwssiamovil/sm/acme/a?s=U2FsdGVkX18DR5YLhm9HjLSI6RRVgfits1JM3cDvUxJ3qa/686yvrI0gRSbPSxLgLUmeqGTYQaJGghsIThpEM4FLmI+WJvVPsSbo6di7HRTHc52hmTAwpowsM10KChkj+MhwG33GrCYOSjUl7lavk9Ln3os0RXySem9mdU2bda9KwwIhmk53Q827RZD6ufEnj1VoPHXWhYknxvJIBzsfiw==&u=U2FsdGVkX19aXwyWaNLP78SCcohjs2yFRgsfI1fUPMMraHgPiRcsr79gixFrMFqn&y=U2FsdGVkX19xKCdf46QT8i1RKNo0IcOEqKsUonrRgP/R/HXFox2Zlg+SoRXPD/F2 HTTP/1.1" 200 26
52.167.144.87 - - [06/Apr/2023:17:28:17 -0500] "GET /BLA/resoluciones/RESOLUCIONES%202022/3996.pdf HTTP/1.1" 304 -
173.252.111.6 - - [06/Apr/2023:17:28:25 -0500] "GET /images/17%20de%20febrero%20mujeres%20que%20reverdecen.jpeg HTTP/1.1" 200 85735
52.167.144.34 - - [06/Apr/2023:17:29:32 -0500] "GET /BLA/resoluciones/AUTOS%202021/4246.pdf HTTP/1.1" 304 -
201.245.192.253 - - [06/Apr/2023:17:29:46 -0500] "POST /kwsrmcab/Wsrmcab  HTTP/1.1" 200 42075
201.245.192.253 - - [06/Apr/2023:17:30:10 -0500] "POST /kwsrmcab/Wsrmcab HTTP/1.1" 200 42712
201.245.192.253 - - [06/Apr/2023:17:30:12 -0500] "POST /kwsrmcab/Wsrmcab HTTP/1.1" 200 43177
216.245.221.92 - - [06/Apr/2023:17:30:36 -0500] "HEAD / HTTP/1.1" 200 -
34.91.92.184 - - [06/Apr/2023:17:30:40 -0500] "GET /inventario-de-emisiones-2020-transporte-publico-sitp-redujo-emisiones-de-pm-2-5-en-un-37.html HTTP/1.1" 200 925
181.131.99.36 - - [06/Apr/2023:17:31:01 -0500] "GET /BLA/resoluciones/ HTTP/1.1" 200 13502
181.131.99.36 - - [06/Apr/2023:17:31:06 -0500] "GET /BLA/resoluciones/index.php?dir=AUTOS+2014%2F HTTP/1.1" 200 889384
181.131.99.36 - - [06/Apr/2023:17:31:25 -0500] "GET /BLA/resoluciones/AUTOS%202014/3911.pdf HTTP/1.1" 200 2071406
172.22.2.4 - - [06/Apr/2023:17:31:29 -0500] "GET /BLA/boletinlegal/actos.php HTTP/1.1" 200 9672
186.84.91.19 - - [06/Apr/2023:17:31:31 -0500] "GET /autoridades-frenan-disposicion-de-residuos-de-construccion-cerca-al-humedal-salitre.html?fbclid=PAAabBu5Nibxz48-DC5AyY-9mcC3VKwM9hyNlGET30Ir1GK5bRNAU28WMXyM4 HTTP/1.1" 200 935
186.84.91.19 - - [06/Apr/2023:17:31:31 -0500] "GET /favicon.ico HTTP/1.1" 404 1136
181.53.12.40 - - [06/Apr/2023:17:32:20 -0500] "GET /incautadas-cuatro-aves-y-mas-9-mil-gramos-de-productos-de-fauna-silvestre.html HTTP/1.1" 200 884
172.22.2.4 - - [06/Apr/2023:17:30:43 -0500] "HEAD /BLA/boletinlegal/ HTTP/1.1" 200 -
162.55.170.174 - - [06/Apr/2023:17:32:58 -0500] "GET / HTTP/1.1" 200 319
162.55.170.174 - - [06/Apr/2023:17:32:58 -0500] "GET / HTTP/1.1" 200 4720
168.119.61.24 - - [06/Apr/2023:17:33:05 -0500] "GET / HTTP/1.1" 200 4720
168.119.61.24 - - [06/Apr/2023:17:33:07 -0500] "GET / HTTP/1.1" 200 319
190.27.56.224 - - [06/Apr/2023:17:33:08 -0500] "GET /galeria/galeria/jquery.fancybox.css?v=2.1.5 HTTP/1.1" 200 4895
190.27.56.224 - - [06/Apr/2023:17:33:08 -0500] "GET /BLA/boletinlegal/js/jquery.scrollShow.js HTTP/1.1" 200 4586
190.27.56.224 - - [06/Apr/2023:17:33:08 -0500] "GET /galeria/galeria/jquery.fancybox.js?v=2.1.5 HTTP/1.1" 200 48706
190.27.56.224 - - [06/Apr/2023:17:33:09 -0500] "GET /sendero/? HTTP/1.1" 200 36439
172.22.2.4 - - [06/Apr/2023:17:31:34 -0500] "GET /BLA/boletinlegal/ HTTP/1.1" 200 59296
186.84.90.196 - - [06/Apr/2023:17:34:05 -0500] "GET /semana-santa-dias-y-horarios-para-visitar-el-camino-guadalupe-aguanoso.html HTTP/1.1" 200 943
201.245.192.253 - - [06/Apr/2023:17:34:45 -0500] "POST /kwsrmcab/Wsrmcab  HTTP/1.1" 200 42075
216.245.221.92 - - [06/Apr/2023:17:35:36 -0500] "HEAD / HTTP/1.1" 200 -
186.86.33.194 - - [06/Apr/2023:17:35:39 -0500] "GET /autoridades-frenan-disposicion-de-residuos-de-construccion-cerca-al-humedal-salitre.html HTTP/1.1" 200 935
35.204.221.1 - - [06/Apr/2023:17:36:00 -0500] "GET /inventario-de-emisiones-2020-transporte-publico-sitp-redujo-emisiones-de-pm-2-5-en-un-37.html HTTP/1.1" 200 925
206.84.81.39 - - [06/Apr/2023:17:36:33 -0500] "GET /galeria/galeria/jquery.fancybox.css?v=2.1.5 HTTP/1.1" 200 4895
206.84.81.39 - - [06/Apr/2023:17:36:33 -0500] "GET /galeria/galeria/jquery.fancybox.js?v=2.1.5 HTTP/1.1" 200 48706
206.84.81.39 - - [06/Apr/2023:17:36:33 -0500] "GET /BLA/boletinlegal/js/jquery.scrollShow.js HTTP/1.1" 200 4586
172.22.2.4 - - [06/Apr/2023:17:36:40 -0500] "GET /BLA/boletinlegal/favicon.ico HTTP/1.1" 404 1018
190.27.56.224 - - [06/Apr/2023:17:33:39 -0500] "GET /sendero/DOCUMENTO%20EIA.zip HTTP/1.1" 200 815584762
190.27.56.224 - - [06/Apr/2023:17:33:41 -0500] "GET /sendero/DOCUMENTO%20EIA.zip HTTP/1.1" 200 815584762
172.22.2.4 - - [06/Apr/2023:17:36:24 -0500] "GET /BLA/boletinlegal/ HTTP/1.1" 200 20427
172.22.2.4 - - [06/Apr/2023:17:36:25 -0500] "GET /BLA/boletinlegal/ HTTP/1.1" 200 28619
52.167.144.167 - - [06/Apr/2023:17:37:34 -0500] "GET /BLA/resoluciones/AUTOS%202021/6161.pdf HTTP/1.1" 304 -
201.245.192.253 - - [06/Apr/2023:17:38:01 -0500] "GET /sipsesda/ HTTP/1.1" 200 1477
201.245.192.253 - - [06/Apr/2023:17:38:01 -0500] "GET /css/segobdis.css HTTP/1.1" 404 1264
201.245.192.253 - - [06/Apr/2023:17:38:01 -0500] "GET /sipsesda/faces/login.jspx HTTP/1.1" 200 6860
201.245.192.253 - - [06/Apr/2023:17:38:02 -0500] "GET /sipsesda/js/disable_browser_buttons.js HTTP/1.1" 304 -
201.245.192.253 - - [06/Apr/2023:17:38:02 -0500] "GET /sipsesda/js/funciones.js HTTP/1.1" 304 -
201.245.192.253 - - [06/Apr/2023:17:38:02 -0500] "GET /sipsesda/adf/images/t.gif HTTP/1.1" 200 86
201.245.192.253 - - [06/Apr/2023:17:38:02 -0500] "GET /sipsesda/imagenes/encabezado.jpg HTTP/1.1" 200 18018
201.245.192.253 - - [06/Apr/2023:17:38:02 -0500] "GET /sipsesda/adf/styles/cache/segobdis16-desktop-10_1_3_4_0-gecko.css HTTP/1.1" 200 18432
201.245.192.253 - - [06/Apr/2023:17:38:05 -0500] "POST /sipsesda/faces/login.jspx HTTP/1.1" 200 5729
201.245.192.253 - - [06/Apr/2023:17:38:08 -0500] "POST /sipsesda/faces/vista/sistema/seleccionRol.jspx HTTP/1.1" 200 32819
201.245.192.253 - - [06/Apr/2023:17:38:09 -0500] "GET /sipsesda/imagenes/logoAplicacion.jpg HTTP/1.1" 200 155084
201.245.192.253 - - [06/Apr/2023:17:38:09 -0500] "GET /sipsesda/js/jquery-latest.js HTTP/1.1" 304 -
201.245.192.253 - - [06/Apr/2023:17:38:09 -0500] "GET /sipsesda/js/menu.js HTTP/1.1" 304 -
201.245.192.253 - - [06/Apr/2023:17:38:09 -0500] "GET /sipsesda/js/menu13_compact.js HTTP/1.1" 304 -
201.245.192.253 - - [06/Apr/2023:17:38:09 -0500] "GET /sipsesda/faces/imagenes/vinetaAbajo.gif HTTP/1.1" 200 72
