186.84.90.37 - - [06/Apr/2023:10:24:28 -0500] "GET /sipse/faces/javax.faces.resource/primefaces.js?ln=primefaces&v=4.0 HTTP/1.1" 304 -
186.84.90.37 - - [06/Apr/2023:10:24:28 -0500] "GET /sipse/faces/javax.faces.resource/fileupload/fileupload.js?ln=primefaces&v=4.0 HTTP/1.1" 304 -
186.84.90.37 - - [06/Apr/2023:10:24:38 -0500] "POST /sipse/faces/presentacion/sistema/anexos/cargarAnexoSolicitudProceso.xhtml HTTP/1.1" 200 166524
186.84.90.37 - - [06/Apr/2023:10:24:39 -0500] "GET /sipse/faces/javax.faces.resource/theme.css?ln=primefaces-sipse HTTP/1.1" 304 -
186.84.90.37 - - [06/Apr/2023:10:24:39 -0500] "GET /sipse/faces/javax.faces.resource/layout/layout.css?ln=primefaces&v=4.0 HTTP/1.1" 304 -
186.84.90.37 - - [06/Apr/2023:10:24:39 -0500] "GET /sipse/faces/javax.faces.resource/primefaces.css?ln=primefaces&v=4.0 HTTP/1.1" 304 -
186.84.90.37 - - [06/Apr/2023:10:24:39 -0500] "GET /sipse/faces/javax.faces.resource/jquery/jquery.js?ln=primefaces&v=4.0 HTTP/1.1" 304 -
186.84.90.37 - - [06/Apr/2023:10:24:39 -0500] "GET /sipse/faces/javax.faces.resource/primefaces.js?ln=primefaces&v=4.0 HTTP/1.1" 304 -
186.84.90.37 - - [06/Apr/2023:10:24:39 -0500] "GET /sipse/faces/javax.faces.resource/jquery/jquery-plugins.js?ln=primefaces&v=4.0 HTTP/1.1" 304 -
186.84.90.37 - - [06/Apr/2023:10:24:39 -0500] "GET /sipse/faces/javax.faces.resource/layout/layout.js?ln=primefaces&v=4.0 HTTP/1.1" 304 -
190.158.204.24 - - [06/Apr/2023:10:24:44 -0500] "POST /sipse/faces/presentacion/financiero/solicitudProceso/consultarSolicitudProceso.xhtml HTTP/1.1" 200 43801
190.158.204.24 - - [06/Apr/2023:10:24:45 -0500] "GET /sipse/faces/javax.faces.resource/theme.css?ln=primefaces-sipse HTTP/1.1" 304 -
190.158.204.24 - - [06/Apr/2023:10:24:45 -0500] "GET /sipse/faces/javax.faces.resource/jquery/jquery.js?ln=primefaces&v=4.0 HTTP/1.1" 304 -
190.158.204.24 - - [06/Apr/2023:10:24:45 -0500] "GET /sipse/faces/javax.faces.resource/primefaces.css?ln=primefaces&v=4.0 HTTP/1.1" 304 -
190.158.204.24 - - [06/Apr/2023:10:24:45 -0500] "GET /sipse/faces/javax.faces.resource/layout/layout.css?ln=primefaces&v=4.0 HTTP/1.1" 304 -
190.158.204.24 - - [06/Apr/2023:10:24:45 -0500] "GET /sipse/faces/javax.faces.resource/jquery/jquery-plugins.js?ln=primefaces&v=4.0 HTTP/1.1" 304 -
190.158.204.24 - - [06/Apr/2023:10:24:45 -0500] "GET /sipse/faces/javax.faces.resource/primefaces.js?ln=primefaces&v=4.0 HTTP/1.1" 304 -
190.158.204.24 - - [06/Apr/2023:10:24:45 -0500] "GET /sipse/faces/javax.faces.resource/layout/layout.js?ln=primefaces&v=4.0 HTTP/1.1" 304 -
190.158.204.24 - - [06/Apr/2023:10:24:45 -0500] "POST /sipse/faces/presentacion/financiero/solicitudProceso/consultar.xhtml HTTP/1.1" 200 37204
190.158.204.24 - - [06/Apr/2023:10:24:45 -0500] "POST /sipse/faces/presentacion/financiero/solicitudProceso/consultar.xhtml HTTP/1.1" 200 37204
190.158.204.24 - - [06/Apr/2023:10:24:45 -0500] "POST /sipse/faces/presentacion/financiero/solicitudProceso/consultar.xhtml HTTP/1.1" 200 37204
190.158.204.24 - - [06/Apr/2023:10:24:47 -0500] "POST /sipse/faces/presentacion/financiero/solicitudProceso/consultar.xhtml HTTP/1.1" 200 12872
190.158.204.24 - - [06/Apr/2023:10:24:48 -0500] "POST /sipse/faces/presentacion/financiero/solicitudProceso/consultar.xhtml HTTP/1.1" 200 123389
190.158.204.24 - - [06/Apr/2023:10:24:49 -0500] "GET /sipse/faces/javax.faces.resource/theme.css?ln=primefaces-sipse HTTP/1.1" 304 -
190.158.204.24 - - [06/Apr/2023:10:24:49 -0500] "GET /sipse/faces/javax.faces.resource/layout/layout.css?ln=primefaces&v=4.0 HTTP/1.1" 304 -
190.158.204.24 - - [06/Apr/2023:10:24:49 -0500] "GET /sipse/faces/javax.faces.resource/primefaces.css?ln=primefaces&v=4.0 HTTP/1.1" 304 -
190.158.204.24 - - [06/Apr/2023:10:24:49 -0500] "GET /sipse/faces/javax.faces.resource/jquery/jquery.js?ln=primefaces&v=4.0 HTTP/1.1" 304 -
190.158.204.24 - - [06/Apr/2023:10:24:49 -0500] "GET /sipse/faces/javax.faces.resource/jquery/jquery-plugins.js?ln=primefaces&v=4.0 HTTP/1.1" 304 -
190.158.204.24 - - [06/Apr/2023:10:24:49 -0500] "GET /sipse/faces/javax.faces.resource/primefaces.js?ln=primefaces&v=4.0 HTTP/1.1" 304 -
190.158.204.24 - - [06/Apr/2023:10:24:49 -0500] "GET /sipse/faces/javax.faces.resource/layout/layout.js?ln=primefaces&v=4.0 HTTP/1.1" 304 -
172.22.2.4 - - [06/Apr/2023:10:24:03 -0500] "GET /BLA/boletinlegal/ HTTP/1.1" 200 36811
190.158.204.24 - - [06/Apr/2023:10:24:55 -0500] "POST /sipse/faces/presentacion/financiero/solicitudProceso/consultarSolicitudProceso.xhtml HTTP/1.1" 200 122913
52.167.144.167 - - [06/Apr/2023:10:25:22 -0500] "GET /BLA/resoluciones/AUTOS%202021/0487.pdf HTTP/1.1" 304 -
190.158.204.24 - - [06/Apr/2023:10:25:32 -0500] "POST /sipse/faces/presentacion/financiero/solicitudProceso/consultarSolicitudProceso.xhtml HTTP/1.1" 200 193
190.158.204.24 - - [06/Apr/2023:10:25:32 -0500] "POST /sipse/faces/presentacion/financiero/solicitudProceso/consultarSolicitudProceso.xhtml HTTP/1.1" 200 193
190.158.204.24 - - [06/Apr/2023:10:25:32 -0500] "POST /sipse/faces/presentacion/financiero/solicitudProceso/consultarSolicitudProceso.xhtml HTTP/1.1" 200 193
190.158.204.24 - - [06/Apr/2023:10:25:32 -0500] "GET /sipse/faces/presentacion/financiero/solicitudAnulacion/consultarSolicitudAnulacion.xhtml HTTP/1.1" 200 15757
190.158.204.24 - - [06/Apr/2023:10:25:32 -0500] "POST /sipse/faces/presentacion/financiero/solicitudProceso/consultarSolicitudProceso.xhtml HTTP/1.1" 200 193
190.158.204.24 - - [06/Apr/2023:10:25:33 -0500] "GET /sipse/faces/presentacion/financiero/solicitudAnulacion/consultarSolicitudAnulacion.xhtml HTTP/1.1" 200 44669
190.158.204.24 - - [06/Apr/2023:10:25:33 -0500] "GET /sipse/faces/javax.faces.resource/primefaces.css?ln=primefaces&v=4.0 HTTP/1.1" 304 -
190.158.204.24 - - [06/Apr/2023:10:25:33 -0500] "GET /sipse/faces/javax.faces.resource/theme.css?ln=primefaces-sipse HTTP/1.1" 304 -
190.158.204.24 - - [06/Apr/2023:10:25:33 -0500] "GET /sipse/faces/javax.faces.resource/jquery/jquery.js?ln=primefaces&v=4.0 HTTP/1.1" 304 -
190.158.204.24 - - [06/Apr/2023:10:25:33 -0500] "GET /sipse/faces/javax.faces.resource/layout/layout.css?ln=primefaces&v=4.0 HTTP/1.1" 304 -
190.158.204.24 - - [06/Apr/2023:10:25:33 -0500] "GET /sipse/faces/javax.faces.resource/jquery/jquery-plugins.js?ln=primefaces&v=4.0 HTTP/1.1" 304 -
190.158.204.24 - - [06/Apr/2023:10:25:33 -0500] "GET /sipse/faces/javax.faces.resource/primefaces.js?ln=primefaces&v=4.0 HTTP/1.1" 304 -
190.158.204.24 - - [06/Apr/2023:10:25:33 -0500] "GET /sipse/faces/javax.faces.resource/layout/layout.js?ln=primefaces&v=4.0 HTTP/1.1" 304 -
190.158.204.24 - - [06/Apr/2023:10:25:32 -0500] "GET /sipse/faces/presentacion/financiero/solicitudAnulacion/consultarSolicitudAnulacion.xhtml HTTP/1.1" 200 16805
190.158.204.24 - - [06/Apr/2023:10:25:33 -0500] "POST /sipse/faces/presentacion/financiero/solicitudProceso/consultarSolicitudProceso.xhtml HTTP/1.1" 200 193
190.158.204.24 - - [06/Apr/2023:10:25:32 -0500] "GET /sipse/faces/presentacion/financiero/solicitudAnulacion/consultarSolicitudAnulacion.xhtml HTTP/1.1" 200 15757
190.158.204.24 - - [06/Apr/2023:10:25:33 -0500] "POST /sipse/faces/presentacion/financiero/solicitudAnulacion/consultarSolicitudAnulacion.xhtml HTTP/1.1" 200 10636
190.158.204.24 - - [06/Apr/2023:10:25:34 -0500] "POST /sipse/faces/presentacion/financiero/solicitudAnulacion/consultarSolicitudAnulacion.xhtml HTTP/1.1" 200 43839
190.158.204.24 - - [06/Apr/2023:10:25:34 -0500] "GET /sipse/faces/javax.faces.resource/theme.css?ln=primefaces-sipse HTTP/1.1" 304 -
190.158.204.24 - - [06/Apr/2023:10:25:34 -0500] "GET /sipse/faces/javax.faces.resource/jquery/jquery.js?ln=primefaces&v=4.0 HTTP/1.1" 304 -
190.158.204.24 - - [06/Apr/2023:10:25:34 -0500] "GET /sipse/faces/javax.faces.resource/primefaces.css?ln=primefaces&v=4.0 HTTP/1.1" 304 -
190.158.204.24 - - [06/Apr/2023:10:25:34 -0500] "GET /sipse/faces/javax.faces.resource/layout/layout.css?ln=primefaces&v=4.0 HTTP/1.1" 304 -
190.158.204.24 - - [06/Apr/2023:10:25:34 -0500] "GET /sipse/faces/javax.faces.resource/jquery/jquery-plugins.js?ln=primefaces&v=4.0 HTTP/1.1" 304 -
190.158.204.24 - - [06/Apr/2023:10:25:34 -0500] "GET /sipse/faces/javax.faces.resource/primefaces.js?ln=primefaces&v=4.0 HTTP/1.1" 304 -
190.158.204.24 - - [06/Apr/2023:10:25:34 -0500] "GET /sipse/faces/javax.faces.resource/layout/layout.js?ln=primefaces&v=4.0 HTTP/1.1" 304 -
172.22.2.4 - - [06/Apr/2023:10:24:46 -0500] "GET /BLA/boletinlegal/ HTTP/1.1" 200 28619
190.158.204.24 - - [06/Apr/2023:10:25:36 -0500] "POST /sipse/faces/presentacion/financiero/solicitudProceso/consultar.xhtml HTTP/1.1" 200 12929
172.22.2.4 - - [06/Apr/2023:10:25:37 -0500] "GET /BLA/boletinlegal/favicon.ico HTTP/1.1" 404 1037
216.245.221.92 - - [06/Apr/2023:10:25:37 -0500] "HEAD / HTTP/1.1" 200 -
190.158.204.24 - - [06/Apr/2023:10:25:37 -0500] "POST /sipse/faces/presentacion/financiero/solicitudProceso/consultar.xhtml HTTP/1.1" 200 123524
190.158.204.24 - - [06/Apr/2023:10:25:38 -0500] "GET /sipse/faces/javax.faces.resource/theme.css?ln=primefaces-sipse HTTP/1.1" 304 -
190.158.204.24 - - [06/Apr/2023:10:25:38 -0500] "GET /sipse/faces/javax.faces.resource/primefaces.css?ln=primefaces&v=4.0 HTTP/1.1" 304 -
190.158.204.24 - - [06/Apr/2023:10:25:38 -0500] "GET /sipse/faces/javax.faces.resource/layout/layout.css?ln=primefaces&v=4.0 HTTP/1.1" 304 -
190.158.204.24 - - [06/Apr/2023:10:25:38 -0500] "GET /sipse/faces/javax.faces.resource/jquery/jquery.js?ln=primefaces&v=4.0 HTTP/1.1" 304 -
190.158.204.24 - - [06/Apr/2023:10:25:38 -0500] "GET /sipse/faces/javax.faces.resource/jquery/jquery-plugins.js?ln=primefaces&v=4.0 HTTP/1.1" 304 -
190.158.204.24 - - [06/Apr/2023:10:25:38 -0500] "GET /sipse/faces/javax.faces.resource/primefaces.js?ln=primefaces&v=4.0 HTTP/1.1" 304 -
190.158.204.24 - - [06/Apr/2023:10:25:38 -0500] "GET /sipse/faces/javax.faces.resource/layout/layout.js?ln=primefaces&v=4.0 HTTP/1.1" 304 -
172.22.2.4 - - [06/Apr/2023:10:25:41 -0500] "GET /BLA/boletinlegal/robots.txt HTTP/1.1" 404 1037
172.22.2.4 - - [06/Apr/2023:10:25:49 -0500] "GET /BLA/boletinlegal/sitemap.xml HTTP/1.1" 404 1037
172.22.2.4 - - [06/Apr/2023:10:24:52 -0500] "HEAD /BLA/boletinlegal/ HTTP/1.1" 200 -
69.63.184.5 - - [06/Apr/2023:10:26:37 -0500] "GET /images/incautan-animales-semana-santa-2023.jpeg HTTP/1.1" 200 36611
190.158.204.24 - - [06/Apr/2023:10:26:40 -0500] "POST /sipse/faces/presentacion/financiero/solicitudProceso/consultarSolicitudProceso.xhtml HTTP/1.1" 200 43896
190.158.204.24 - - [06/Apr/2023:10:26:40 -0500] "GET /sipse/faces/javax.faces.resource/theme.css?ln=primefaces-sipse HTTP/1.1" 304 -
190.158.204.24 - - [06/Apr/2023:10:26:40 -0500] "GET /sipse/faces/javax.faces.resource/layout/layout.css?ln=primefaces&v=4.0 HTTP/1.1" 304 -
190.158.204.24 - - [06/Apr/2023:10:26:40 -0500] "GET /sipse/faces/javax.faces.resource/primefaces.css?ln=primefaces&v=4.0 HTTP/1.1" 304 -
190.158.204.24 - - [06/Apr/2023:10:26:40 -0500] "GET /sipse/faces/javax.faces.resource/jquery/jquery.js?ln=primefaces&v=4.0 HTTP/1.1" 304 -
190.158.204.24 - - [06/Apr/2023:10:26:40 -0500] "GET /sipse/faces/javax.faces.resource/jquery/jquery-plugins.js?ln=primefaces&v=4.0 HTTP/1.1" 304 -
190.158.204.24 - - [06/Apr/2023:10:26:40 -0500] "GET /sipse/faces/javax.faces.resource/primefaces.js?ln=primefaces&v=4.0 HTTP/1.1" 304 -
190.158.204.24 - - [06/Apr/2023:10:26:40 -0500] "GET /sipse/faces/javax.faces.resource/layout/layout.js?ln=primefaces&v=4.0 HTTP/1.1" 304 -
190.158.204.24 - - [06/Apr/2023:10:26:41 -0500] "POST /sipse/faces/presentacion/financiero/solicitudProceso/consultar.xhtml HTTP/1.1" 200 37299
190.158.204.24 - - [06/Apr/2023:10:26:41 -0500] "POST /sipse/faces/presentacion/financiero/solicitudProceso/consultar.xhtml HTTP/1.1" 200 37299
201.245.192.253 - - [06/Apr/2023:10:26:39 -0500] "POST /kwsrmcab/Wsrmcab  HTTP/1.1" 200 42075
190.158.204.24 - - [06/Apr/2023:10:26:42 -0500] "POST /sipse/faces/presentacion/financiero/solicitudProceso/consultar.xhtml HTTP/1.1" 200 12845
190.158.204.24 - - [06/Apr/2023:10:26:44 -0500] "POST /sipse/faces/presentacion/financiero/solicitudProceso/consultar.xhtml HTTP/1.1" 200 150917
190.158.204.24 - - [06/Apr/2023:10:26:44 -0500] "GET /sipse/faces/javax.faces.resource/theme.css?ln=primefaces-sipse HTTP/1.1" 304 -
190.158.204.24 - - [06/Apr/2023:10:26:44 -0500] "GET /sipse/faces/javax.faces.resource/primefaces.css?ln=primefaces&v=4.0 HTTP/1.1" 304 -
190.158.204.24 - - [06/Apr/2023:10:26:44 -0500] "GET /sipse/faces/javax.faces.resource/layout/layout.css?ln=primefaces&v=4.0 HTTP/1.1" 304 -
190.158.204.24 - - [06/Apr/2023:10:26:44 -0500] "GET /sipse/faces/javax.faces.resource/jquery/jquery.js?ln=primefaces&v=4.0 HTTP/1.1" 304 -
190.158.204.24 - - [06/Apr/2023:10:26:44 -0500] "GET /sipse/faces/javax.faces.resource/jquery/jquery-plugins.js?ln=primefaces&v=4.0 HTTP/1.1" 304 -
190.158.204.24 - - [06/Apr/2023:10:26:45 -0500] "GET /sipse/faces/javax.faces.resource/primefaces.js?ln=primefaces&v=4.0 HTTP/1.1" 304 -
190.158.204.24 - - [06/Apr/2023:10:26:45 -0500] "GET /sipse/faces/javax.faces.resource/layout/layout.js?ln=primefaces&v=4.0 HTTP/1.1" 304 -
190.158.204.24 - - [06/Apr/2023:10:26:48 -0500] "POST /sipse/faces/presentacion/financiero/solicitudProceso/consultarSolicitudProceso.xhtml HTTP/1.1" 200 118426
31.13.127.117 - - [06/Apr/2023:10:27:13 -0500] "GET /images/incautan-animales-semana-santa-2023.jpeg HTTP/1.1" 200 36611
172.22.2.4 - - [06/Apr/2023:10:25:43 -0500] "GET /BLA/boletinlegal/ HTTP/1.1" 200 57141
172.22.2.4 - - [06/Apr/2023:10:27:37 -0500] "GET /BLA/boletinlegal/robots.txt HTTP/1.1" 404 1038
69.171.231.5 - - [06/Apr/2023:10:28:01 -0500] "GET /images/Acuerdos%2001%20(1)%20(1).jpeg HTTP/1.1" 200 32884
172.22.2.4 - - [06/Apr/2023:10:27:38 -0500] "GET /BLA/boletinlegal/ HTTP/1.1" 200 61749
172.22.2.4 - - [06/Apr/2023:10:29:19 -0500] "GET /BLA/boletinlegal/actos.php HTTP/1.1" 200 9672
172.22.2.4 - - [06/Apr/2023:10:29:19 -0500] "GET /BLA/boletinlegal/normativa.php HTTP/1.1" 200 8333
69.171.231.117 - - [06/Apr/2023:10:29:35 -0500] "GET /images/eficiencia-energetica-11-marzo.jpg HTTP/1.1" 200 46478
69.171.231.120 - - [06/Apr/2023:10:29:45 -0500] "GET /bogota-destacada-en-america-latina-por-su-accion-climatica.html HTTP/1.1" 206 768
201.245.192.253 - - [06/Apr/2023:10:30:11 -0500] "POST /kwsrmcab/Wsrmcab HTTP/1.1" 200 42713
201.245.192.253 - - [06/Apr/2023:10:30:14 -0500] "POST /kwsrmcab/Wsrmcab HTTP/1.1" 200 43469
172.22.2.4 - - [06/Apr/2023:10:30:25 -0500] "GET /BLA/boletinlegal/actos.php HTTP/1.1" 200 9672
190.25.166.36 - - [06/Apr/2023:10:30:27 -0500] "GET /BLA/resoluciones/ HTTP/1.1" 200 13502
172.22.2.4 - - [06/Apr/2023:10:30:37 -0500] "GET /BLA/boletinlegal/robots.txt HTTP/1.1" 404 1140
216.245.221.92 - - [06/Apr/2023:10:30:37 -0500] "HEAD / HTTP/1.1" 200 -
66.249.70.210 - - [06/Apr/2023:10:30:39 -0500] "-" 408 -
173.252.95.22 - - [06/Apr/2023:10:30:40 -0500] "GET /images/mercados-campesinos-5-mayo.jpg HTTP/1.1" 200 95848
172.22.2.4 - - [06/Apr/2023:10:29:20 -0500] "GET /BLA/boletinlegal/index.php HTTP/1.1" 200 57291
69.171.231.120 - - [06/Apr/2023:10:30:54 -0500] "GET /elabora-tu-jardin-vertical-y-contribuye-a-mitigar-los-efectos-del-cambio-climatico.html HTTP/1.1" 206 985
69.171.231.118 - - [06/Apr/2023:10:30:54 -0500] "GET /se-aproxima-nueva-jornada-de-recoleccion-masiva-de-residuos-especiales-y-peligrosos-en-bogota.html HTTP/1.1" 206 1048
43.128.225.120 - - [06/Apr/2023:10:31:26 -0500] "GET / HTTP/1.1" 200 319
201.245.192.253 - - [06/Apr/2023:10:31:38 -0500] "POST /kwsrmcab/Wsrmcab  HTTP/1.1" 200 42075
172.22.2.4 - - [06/Apr/2023:10:32:05 -0500] "GET /BLA/boletinlegal/images/screen_2.png HTTP/1.1" 200 362502
172.22.2.4 - - [06/Apr/2023:10:32:06 -0500] "GET /BLA/boletinlegal/images/screen_5.png HTTP/1.1" 200 368876
172.22.2.4 - - [06/Apr/2023:10:32:06 -0500] "GET /BLA/boletinlegal/actos.php HTTP/1.1" 200 9672
172.22.2.4 - - [06/Apr/2023:10:32:06 -0500] "GET /BLA/boletinlegal/favicon.ico HTTP/1.1" 404 1326
191.95.27.66 - - [06/Apr/2023:10:32:08 -0500] "GET /BLA/resoluciones/ HTTP/1.1" 200 13502
172.22.2.4 - - [06/Apr/2023:10:30:42 -0500] "HEAD /BLA/boletinlegal/ HTTP/1.1" 200 -
191.95.27.66 - - [06/Apr/2023:10:32:17 -0500] "GET /BLA/resoluciones/index.php?dir=AUTOS+2014%2F HTTP/1.1" 200 889384
172.22.2.4 - - [06/Apr/2023:10:31:33 -0500] "GET /BLA/boletinlegal/ HTTP/1.1" 200 52720
172.22.2.4 - - [06/Apr/2023:10:31:55 -0500] "GET /BLA/boletinlegal/ HTTP/1.1" 200 53551
173.252.79.18 - - [06/Apr/2023:10:34:02 -0500] "GET /images/8%20de%20febrero%20incendio%20forestal.jpeg HTTP/1.1" 200 56283
190.25.166.36 - - [06/Apr/2023:10:34:05 -0500] "GET /BLA/resoluciones/index.php?dir=RESOLUCIONES+2021%2F HTTP/1.1" 200 439136
172.22.2.4 - - [06/Apr/2023:10:34:13 -0500] "GET /BLA/boletinlegal/actos.php HTTP/1.1" 200 9672
172.22.2.4 - - [06/Apr/2023:10:34:14 -0500] "GET /BLA/boletinlegal/favicon.ico HTTP/1.1" 404 1326
172.22.2.4 - - [06/Apr/2023:10:34:10 -0500] "GET /BLA/boletinlegal/ HTTP/1.1" 200 24523
31.13.127.15 - - [06/Apr/2023:10:35:02 -0500] "GET /images/incautan-animales-semana-santa-2023.jpeg HTTP/1.1" 200 36611
216.245.221.92 - - [06/Apr/2023:10:35:37 -0500] "HEAD / HTTP/1.1" 200 -
191.156.154.8 - - [06/Apr/2023:10:35:38 -0500] "GET /BLA/resoluciones/ HTTP/1.1" 200 13502
191.156.148.1 - - [06/Apr/2023:10:35:38 -0500] "GET /BLA/resoluciones/dlf/folder.png HTTP/1.1" 200 410
191.156.154.8 - - [06/Apr/2023:10:35:38 -0500] "GET /BLA/resoluciones/dlf/styles.css HTTP/1.1" 200 3049
191.156.148.1 - - [06/Apr/2023:10:35:38 -0500] "GET /BLA/resoluciones/dlf/bg.gif HTTP/1.1" 200 54
18.220.21.2 - - [06/Apr/2023:10:35:45 -0500] "GET /en-semana-santa-realice-sus-tramites-ante-la-secretaria-de-ambiente-de-forma-virtual.html HTTP/1.1" 200 835
191.156.154.8 - - [06/Apr/2023:10:35:47 -0500] "GET /BLA/resoluciones/dlf/dirup.png HTTP/1.1" 200 644
191.156.146.201 - - [06/Apr/2023:10:35:47 -0500] "GET /BLA/resoluciones/dlf/pdf.gif HTTP/1.1" 200 272
191.156.148.1 - - [06/Apr/2023:10:35:46 -0500] "GET /BLA/resoluciones/index.php?dir=AUTOS+2017%2F HTTP/1.1" 200 465052
201.245.192.253 - - [06/Apr/2023:10:36:37 -0500] "POST /kwsrmcab/Wsrmcab  HTTP/1.1" 200 42075
172.22.2.4 - - [06/Apr/2023:10:36:22 -0500] "GET /BLA/boletinlegal/ HTTP/1.1" 200 24523
35.204.203.11 - - [06/Apr/2023:10:37:02 -0500] "GET /inventario-de-emisiones-2020-transporte-publico-sitp-redujo-emisiones-de-pm-2-5-en-un-37.html HTTP/1.1" 200 925
200.112.209.142 - - [06/Apr/2023:10:37:18 -0500] "GET /como-obtener-el-certificado-de-estado-de-conservacion-ambiental-ceca.html HTTP/1.1" 200 873
40.77.167.211 - - [06/Apr/2023:10:37:24 -0500] "GET /catalogoisis/ HTTP/1.1" 200 8575
173.252.95.15 - - [06/Apr/2023:10:38:00 -0500] "GET /incendios-forestales-como-prevenirlos-y-aportar-al-cuidado-de-los-ecosistemas.html HTTP/1.1" 206 883
172.22.2.4 - - [06/Apr/2023:10:36:32 -0500] "HEAD /BLA/boletinlegal/ HTTP/1.1" 200 -
172.22.2.4 - - [06/Apr/2023:10:37:23 -0500] "GET /BLA/boletinlegal/ HTTP/1.1" 200 55561
66.249.70.210 - - [06/Apr/2023:10:40:03 -0500] "-" 408 -
201.245.192.253 - - [06/Apr/2023:10:40:11 -0500] "POST /kwsrmcab/Wsrmcab HTTP/1.1" 200 42713
201.245.192.253 - - [06/Apr/2023:10:40:14 -0500] "POST /kwsrmcab/Wsrmcab HTTP/1.1" 200 43469
216.245.221.92 - - [06/Apr/2023:10:40:37 -0500] "HEAD / HTTP/1.1" 200 -
186.102.100.224 - - [06/Apr/2023:10:41:32 -0500] "GET /incautadas-cuatro-aves-y-mas-9-mil-gramos-de-productos-de-fauna-silvestre.html HTTP/1.1" 200 884
201.245.192.253 - - [06/Apr/2023:10:41:36 -0500] "POST /kwsrmcab/Wsrmcab  HTTP/1.1" 200 42075
34.86.192.84 - - [06/Apr/2023:10:41:50 -0500] "GET /en-semana-santa-realice-sus-tramites-ante-la-secretaria-de-ambiente-de-forma-virtual.html HTTP/1.0" 200 835
51.79.78.22 - - [06/Apr/2023:10:42:19 -0500] "GET /incautadas-cuatro-aves-y-mas-9-mil-gramos-de-productos-de-fauna-silvestre.html HTTP/1.1" 200 884
173.252.83.3 - - [06/Apr/2023:10:42:26 -0500] "GET /images/Sello%201%20JA-2.jpeg HTTP/1.1" 200 42236
172.22.2.4 - - [06/Apr/2023:10:42:22 -0500] "HEAD /BLA/boletinlegal/ HTTP/1.1" 200 -
52.167.144.167 - - [06/Apr/2023:10:44:05 -0500] "GET /BLA/resoluciones/RESOLUCIONES%202021/4589.pdf HTTP/1.1" 200 356271
172.22.2.4 - - [06/Apr/2023:10:43:13 -0500] "GET /BLA/boletinlegal/ HTTP/1.1" 200 53551
124.223.193.19 - - [06/Apr/2023:10:45:04 -0500] "GET /favicon.ico HTTP/1.1" 404 1034
173.252.79.16 - - [06/Apr/2023:10:45:34 -0500] "GET /images/Sello%201%20JA-2.jpeg HTTP/1.1" 200 42236
216.245.221.92 - - [06/Apr/2023:10:45:37 -0500] "HEAD / HTTP/1.1" 200 -
66.249.70.210 - - [06/Apr/2023:10:46:07 -0500] "-" 408 -
201.245.192.253 - - [06/Apr/2023:10:46:35 -0500] "POST /kwsrmcab/Wsrmcab  HTTP/1.1" 200 42075
172.22.2.4 - - [06/Apr/2023:10:47:32 -0500] "GET /BLA/boletinlegal/actos.php HTTP/1.1" 200 9672
172.22.2.4 - - [06/Apr/2023:10:48:04 -0500] "GET /BLA/boletinlegal/wp-content/plugins/imagify/readme.txt HTTP/1.1" 404 1038
172.22.2.4 - - [06/Apr/2023:10:48:04 -0500] "GET /BLA/boletinlegal/wp-content/plugins/socialfit/popup.php?msg=%3C%2Fscript%3E%3Cscript%3Ealert%28document.domain%29%3C%2Fscript%3E&service=googleplus HTTP/1.1" 404 1038
172.22.2.4 - - [06/Apr/2023:10:48:04 -0500] "GET /BLA/boletinlegal/metrics HTTP/1.1" 404 1038
172.22.2.4 - - [06/Apr/2023:10:48:04 -0500] "GET /BLA/boletinlegal/spaces/viewdefaultdecorator.action?decoratorName HTTP/1.1" 404 1038
172.22.2.4 - - [06/Apr/2023:10:48:04 -0500] "GET /BLA/boletinlegal/account/login HTTP/1.1" 404 1038
172.22.2.4 - - [06/Apr/2023:10:48:04 -0500] "GET /BLA/boletinlegal/check_mk/login.py HTTP/1.1" 404 1038
172.22.2.4 - - [06/Apr/2023:10:48:05 -0500] "GET /BLA/boletinlegal/backupsettings.dat HTTP/1.1" 404 1038
172.22.2.4 - - [06/Apr/2023:10:48:06 -0500] "POST /BLA/boletinlegal/dip/api/login HTTP/1.1" 404 1038
172.22.2.4 - - [06/Apr/2023:10:48:07 -0500] "POST /BLA/boletinlegal/autodiscover/autodiscover.json HTTP/1.1" 404 1038
172.22.2.4 - - [06/Apr/2023:10:48:08 -0500] "POST /BLA/boletinlegal/graphql HTTP/1.1" 404 1038
172.22.2.4 - - [06/Apr/2023:10:48:08 -0500] "GET /BLA/boletinlegal/wp-content/plugins/coblocks/readme.txt HTTP/1.1" 404 1038
173.252.79.3 - - [06/Apr/2023:10:48:10 -0500] "GET /images/foto%202.jpg HTTP/1.1" 200 63300
172.22.2.4 - - [06/Apr/2023:10:48:11 -0500] "GET /BLA/boletinlegal/new/login HTTP/1.1" 404 1038
172.22.2.4 - - [06/Apr/2023:10:48:04 -0500] "GET /BLA/boletinlegal/index.php?option=com_loginbox&view=../../../../../../../../../etc/passwd%00 HTTP/1.1" 200 28619
52.167.144.44 - - [06/Apr/2023:10:49:35 -0500] "GET /incautadas-cuatro-aves-y-mas-9-mil-gramos-de-productos-de-fauna-silvestre.html HTTP/1.1" 200 884
172.22.2.4 - - [06/Apr/2023:10:48:12 -0500] "HEAD /BLA/boletinlegal/ HTTP/1.1" 200 -
216.245.221.92 - - [06/Apr/2023:10:50:37 -0500] "HEAD / HTTP/1.1" 200 -
172.22.2.4 - - [06/Apr/2023:10:49:03 -0500] "GET /BLA/boletinlegal/ HTTP/1.1" 200 54798
181.53.13.252 - - [06/Apr/2023:10:51:27 -0500] "GET /BLA/resoluciones/ HTTP/1.1" 200 13502
201.245.192.253 - - [06/Apr/2023:10:51:33 -0500] "POST /kwsrmcab/Wsrmcab  HTTP/1.1" 200 42075
69.171.231.118 - - [06/Apr/2023:10:51:47 -0500] "GET /images/incautan-animales-semana-santa-2023.jpeg HTTP/1.1" 200 36611
181.53.13.252 - - [06/Apr/2023:10:52:05 -0500] "GET /BLA/resoluciones/index.php?dir=AUTOS+2016%2F HTTP/1.1" 200 329014
34.91.10.255 - - [06/Apr/2023:10:52:13 -0500] "GET /inventario-de-emisiones-2020-transporte-publico-sitp-redujo-emisiones-de-pm-2-5-en-un-37.html HTTP/1.1" 200 925
66.249.70.210 - - [06/Apr/2023:10:52:25 -0500] "-" 408 -
172.22.2.4 - - [06/Apr/2023:10:53:25 -0500] "GET /BLA/boletinlegal/login HTTP/1.1" 404 1038
179.1.102.183 - - [06/Apr/2023:10:54:08 -0500] "GET /incautadas-cuatro-aves-y-mas-9-mil-gramos-de-productos-de-fauna-silvestre.html HTTP/1.1" 200 884
52.167.144.87 - - [06/Apr/2023:10:55:02 -0500] "GET /BLA/resoluciones/AUTOS%202021/2030.pdf HTTP/1.1" 304 -
52.167.144.167 - - [06/Apr/2023:10:55:04 -0500] "GET /BLA/resoluciones/AUTOS%202021/4392.pdf HTTP/1.1" 200 359674
52.167.144.34 - - [06/Apr/2023:10:55:06 -0500] "GET /BLA/resoluciones/AUTOS%202021/5612.pdf HTTP/1.1" 304 -
52.167.144.97 - - [06/Apr/2023:10:55:13 -0500] "GET /portaldeninos/ HTTP/1.1" 200 110197
216.245.221.92 - - [06/Apr/2023:10:55:37 -0500] "HEAD / HTTP/1.1" 200 -
172.22.2.4 - - [06/Apr/2023:10:54:02 -0500] "HEAD /BLA/boletinlegal/ HTTP/1.1" 200 -
172.22.2.4 - - [06/Apr/2023:10:54:53 -0500] "GET /BLA/boletinlegal/ HTTP/1.1" 200 57935
201.245.192.253 - - [06/Apr/2023:10:56:32 -0500] "POST /kwsrmcab/Wsrmcab  HTTP/1.1" 200 42075
186.145.71.17 - - [06/Apr/2023:10:58:23 -0500] "GET /distrito-anuncia-areas-potenciales-para-la-creacion-de-21-bosques-urbanos-y-avanza-en-la-meta-de-sembrar-802-000-arboles.html HTTP/1.1" 200 928
186.145.71.17 - - [06/Apr/2023:10:58:23 -0500] "GET /favicon.ico HTTP/1.1" 404 1544
101.199.254.231 - - [06/Apr/2023:11:00:05 -0500] "\x16\x03\x01\x01$\x01" 400 226
216.245.221.92 - - [06/Apr/2023:11:00:37 -0500] "HEAD / HTTP/1.1" 200 -
101.199.254.202 - - [06/Apr/2023:11:00:38 -0500] "GET / HTTP/1.1" 200 319
101.199.254.231 - - [06/Apr/2023:11:01:16 -0500] "GET /favicon.ico HTTP/1.1" 200 7782
172.22.2.4 - - [06/Apr/2023:10:59:52 -0500] "HEAD /BLA/boletinlegal/ HTTP/1.1" 200 -
201.245.192.253 - - [06/Apr/2023:11:01:31 -0500] "POST /kwsrmcab/Wsrmcab  HTTP/1.1" 200 42075
101.199.254.233 - - [06/Apr/2023:11:01:43 -0500] "GET /sitemap.xml HTTP/1.1" 404 1022
40.77.167.211 - - [06/Apr/2023:11:01:56 -0500] "GET /BLA/resoluciones/AUTOS%202013/3357.pdf HTTP/1.1" 200 971371
66.249.70.207 - - [06/Apr/2023:11:02:01 -0500] "-" 408 -
69.171.249.19 - - [06/Apr/2023:11:02:05 -0500] "GET /images/mejora-la-calidad-del-aire-en-bogota-5-abril.jpeg HTTP/1.1" 200 44341
69.171.249.24 - - [06/Apr/2023:11:02:05 -0500] "GET /images/incautan-animales-semana-santa-2023.jpeg HTTP/1.1" 200 36611
172.22.2.4 - - [06/Apr/2023:11:00:43 -0500] "GET /BLA/boletinlegal/ HTTP/1.1" 200 58297
69.63.184.5 - - [06/Apr/2023:11:02:46 -0500] "GET /images/incautan-animales-semana-santa-2023.jpeg HTTP/1.1" 200 36611
216.245.221.92 - - [06/Apr/2023:11:05:37 -0500] "HEAD / HTTP/1.1" 200 -
201.245.192.253 - - [06/Apr/2023:11:06:29 -0500] "POST /kwsrmcab/Wsrmcab  HTTP/1.1" 200 42075
52.167.144.167 - - [06/Apr/2023:11:07:07 -0500] "GET /BLA/resoluciones/RESOLUCIONES%202022/4438.pdf HTTP/1.1" 304 -
172.22.2.4 - - [06/Apr/2023:11:05:42 -0500] "HEAD /BLA/boletinlegal/ HTTP/1.1" 200 -
69.171.231.4 - - [06/Apr/2023:11:08:11 -0500] "GET /images/incautan-animales-semana-santa-2023.jpeg HTTP/1.1" 200 36611
172.22.2.4 - - [06/Apr/2023:11:06:33 -0500] "GET /BLA/boletinlegal/ HTTP/1.1" 200 58653
69.171.231.120 - - [06/Apr/2023:11:09:42 -0500] "GET /images/8%20de%20febrero%20incendio%20forestal.jpeg HTTP/1.1" 200 56283
181.53.13.111 - - [06/Apr/2023:11:09:49 -0500] "GET /semana-santa-dias-y-horarios-para-visitar-el-camino-guadalupe-aguanoso.html HTTP/1.1" 200 943
216.245.221.92 - - [06/Apr/2023:11:10:37 -0500] "HEAD / HTTP/1.1" 200 -
201.245.192.253 - - [06/Apr/2023:11:11:28 -0500] "POST /kwsrmcab/Wsrmcab  HTTP/1.1" 200 42075
66.249.70.207 - - [06/Apr/2023:11:12:12 -0500] "-" 408 -
69.171.249.14 - - [06/Apr/2023:11:12:16 -0500] "GET /en-semana-santa-realice-sus-tramites-ante-la-secretaria-de-ambiente-de-forma-virtual.html HTTP/1.1" 206 835
69.171.249.2 - - [06/Apr/2023:11:12:18 -0500] "GET /en-semana-santa-realice-sus-tramites-ante-la-secretaria-de-ambiente-de-forma-virtual.html HTTP/1.1" 206 835
172.22.2.4 - - [06/Apr/2023:11:11:32 -0500] "HEAD /BLA/boletinlegal/ HTTP/1.1" 200 -
191.95.155.76 - - [06/Apr/2023:11:13:16 -0500] "GET /galeria/galeria/jquery.fancybox.css?v=2.1.5 HTTP/1.1" 200 4895
191.95.155.76 - - [06/Apr/2023:11:13:16 -0500] "GET /BLA/boletinlegal/js/jquery.scrollShow.js HTTP/1.1" 200 4586
191.95.155.76 - - [06/Apr/2023:11:13:17 -0500] "GET /galeria/galeria/jquery.fancybox.js?v=2.1.5 HTTP/1.1" 200 48706
172.22.2.4 - - [06/Apr/2023:11:12:23 -0500] "GET /BLA/boletinlegal/ HTTP/1.1" 200 57141
172.22.2.4 - - [06/Apr/2023:11:14:30 -0500] "GET /BLA/boletinlegal/actos.php HTTP/1.1" 200 9672
172.22.2.4 - - [06/Apr/2023:11:14:53 -0500] "GET /BLA/boletinlegal/Directivas/2017/Directiva%20No.%2003%20del%2024%20de%20Febrero%20de%202017.pdf HTTP/1.1" 200 6911517
172.22.2.4 - - [06/Apr/2023:11:14:27 -0500] "GET /BLA/boletinlegal/ HTTP/1.1" 200 24523
191.156.151.88 - - [06/Apr/2023:11:15:02 -0500] "GET /BLA/resoluciones/ HTTP/1.1" 200 13502
191.156.151.88 - - [06/Apr/2023:11:15:06 -0500] "GET /BLA/resoluciones/index.php?dir=AUTOS+2016%2F HTTP/1.1" 200 329014
191.95.54.203 - - [06/Apr/2023:11:15:26 -0500] "GET /semana-santa-dias-y-horarios-para-visitar-el-camino-guadalupe-aguanoso.html HTTP/1.1" 304 -
191.156.151.161 - - [06/Apr/2023:11:15:27 -0500] "GET /BLA/resoluciones/AUTOS%202016/2920.PDF HTTP/1.1" 200 10107219
191.156.154.8 - - [06/Apr/2023:11:15:30 -0500] "GET /BLA/resoluciones/AUTOS%202016/2920.PDF HTTP/1.1" 200 10107219
118.173.29.52 - - [06/Apr/2023:11:15:31 -0500] "GET / HTTP/1.1" 200 319
216.245.221.92 - - [06/Apr/2023:11:15:37 -0500] "HEAD / HTTP/1.1" 200 -
201.245.192.253 - - [06/Apr/2023:11:16:27 -0500] "POST /kwsrmcab/Wsrmcab  HTTP/1.1" 200 42075
173.252.95.119 - - [06/Apr/2023:11:16:35 -0500] "GET /images/WhatsApp%20Image%202023-04-05%20at%2013.54.41.jpeg HTTP/1.1" 200 210747
199.16.157.182 - - [06/Apr/2023:11:17:36 -0500] "GET /autoridades-frenan-disposicion-de-residuos-de-construccion-cerca-al-humedal-salitre.html HTTP/1.1" 200 935
199.16.157.182 - - [06/Apr/2023:11:17:36 -0500] "GET /images/residuos-de-construcci%C3%B3n-humedal-el-salitre-2023.jpeg HTTP/1.1" 404 1034
199.16.157.183 - - [06/Apr/2023:11:17:39 -0500] "GET /images/residuos-de-construcci%C3%B3n-humedal-el-salitre-2023.jpeg HTTP/1.1" 404 1034
180.163.220.96 - - [06/Apr/2023:11:18:26 -0500] "\x16\x03\x01\x01?\x01" 400 226
199.16.157.181 - - [06/Apr/2023:11:18:33 -0500] "GET /images/residuos-de-construcci%C3%B3n-humedal-el-salitre-2023.jpeg HTTP/1.1" 404 1034
180.163.220.41 - - [06/Apr/2023:11:18:37 -0500] "GET / HTTP/1.1" 200 319
199.16.157.181 - - [06/Apr/2023:11:18:48 -0500] "GET /autoridades-frenan-disposicion-de-residuos-de-construccion-cerca-al-humedal-salitre.html HTTP/1.1" 200 935
199.16.157.183 - - [06/Apr/2023:11:18:48 -0500] "GET /images/residuos-de-construcci%C3%B3n-humedal-el-salitre-2023.jpeg HTTP/1.1" 404 1034
180.163.220.125 - - [06/Apr/2023:11:18:54 -0500] "GET /favicon.ico HTTP/1.1" 200 7782
199.16.157.181 - - [06/Apr/2023:11:18:57 -0500] "GET /images/residuos-de-construcci%C3%B3n-humedal-el-salitre-2023.jpeg HTTP/1.1" 404 1034
69.63.184.1 - - [06/Apr/2023:11:19:01 -0500] "GET /images/incautan-animales-semana-santa-2023.jpeg HTTP/1.1" 200 36611
172.22.2.4 - - [06/Apr/2023:11:17:22 -0500] "HEAD /BLA/boletinlegal/ HTTP/1.1" 200 -
173.252.95.118 - - [06/Apr/2023:11:19:03 -0500] "GET /autoridades-frenan-disposicion-de-residuos-de-construccion-cerca-al-humedal-salitre.html HTTP/1.1" 206 935
173.252.95.4 - - [06/Apr/2023:11:19:04 -0500] "GET /autoridades-frenan-disposicion-de-residuos-de-construccion-cerca-al-humedal-salitre.html HTTP/1.1" 206 935
180.163.220.51 - - [06/Apr/2023:11:19:15 -0500] "GET /sitemap.xml HTTP/1.1" 404 1049
172.22.2.4 - - [06/Apr/2023:11:18:13 -0500] "GET /BLA/boletinlegal/ HTTP/1.1" 200 57935
69.171.231.1 - - [06/Apr/2023:11:19:55 -0500] "GET /autoridades-frenan-disposicion-de-residuos-de-construccion-cerca-al-humedal-salitre.html HTTP/1.1" 206 935
66.249.70.207 - - [06/Apr/2023:11:19:56 -0500] "-" 408 -
173.252.127.16 - - [06/Apr/2023:11:19:58 -0500] "GET /autoridades-frenan-disposicion-de-residuos-de-construccion-cerca-al-humedal-salitre.html?fbclid=IwAR27FL2KNGYFjiy-NcKJPA0gkoKWTHk3sa1RIJJI8Rhlk3sDGNFudg26yc4 HTTP/1.1" 200 935
168.119.76.155 - - [06/Apr/2023:11:20:09 -0500] "GET /autoridades-frenan-disposicion-de-residuos-de-construccion-cerca-al-humedal-salitre.html HTTP/1.1" 200 935
201.245.192.253 - - [06/Apr/2023:11:20:11 -0500] "POST /kwsrmcab/Wsrmcab HTTP/1.1" 200 42713
201.245.192.253 - - [06/Apr/2023:11:20:14 -0500] "POST /kwsrmcab/Wsrmcab HTTP/1.1" 200 43459
207.46.13.216 - - [06/Apr/2023:11:20:25 -0500] "GET /BLA/resoluciones/RESOLUCIONES%202009/5537.pdf HTTP/1.1" 200 436181
216.245.221.92 - - [06/Apr/2023:11:20:37 -0500] "HEAD / HTTP/1.1" 200 -
201.245.192.253 - - [06/Apr/2023:11:21:26 -0500] "POST /kwsrmcab/Wsrmcab  HTTP/1.1" 200 42075
136.243.11.34 - - [06/Apr/2023:11:21:32 -0500] "GET /autoridades-frenan-disposicion-de-residuos-de-construccion-cerca-al-humedal-salitre.html HTTP/1.1" 200 935
172.22.2.4 - - [06/Apr/2023:11:22:23 -0500] "GET /BLA/boletinlegal/actos.php HTTP/1.1" 200 9672
191.156.154.8 - - [06/Apr/2023:11:23:16 -0500] "GET /BLA/resoluciones/index.php?dir=AUTOS+2011%2F HTTP/1.1" 200 249803
191.156.145.99 - - [06/Apr/2023:11:23:22 -0500] "GET /BLA/resoluciones/index.php?dir=AUTOS+2016%2F HTTP/1.1" 200 329014
173.252.95.17 - - [06/Apr/2023:11:23:32 -0500] "GET /images/mujeres-reverdecen-humedales-2-febrero.jpg HTTP/1.1" 200 47327
45.238.182.171 - - [06/Apr/2023:11:24:12 -0500] "GET /incautadas-cuatro-aves-y-mas-9-mil-gramos-de-productos-de-fauna-silvestre.html HTTP/1.1" 200 884
172.22.2.4 - - [06/Apr/2023:11:23:12 -0500] "HEAD /BLA/boletinlegal/ HTTP/1.1" 200 -
207.46.13.216 - - [06/Apr/2023:11:25:25 -0500] "GET /BLA/resoluciones/RESOLUCIONES%202020/1760.pdf HTTP/1.1" 304 -
216.245.221.92 - - [06/Apr/2023:11:25:37 -0500] "HEAD / HTTP/1.1" 200 -
172.22.2.4 - - [06/Apr/2023:11:24:03 -0500] "GET /BLA/boletinlegal/ HTTP/1.1" 200 57551
34.91.10.255 - - [06/Apr/2023:11:26:17 -0500] "GET /inventario-de-emisiones-2020-transporte-publico-sitp-redujo-emisiones-de-pm-2-5-en-un-37.html HTTP/1.1" 200 925
201.245.192.253 - - [06/Apr/2023:11:26:24 -0500] "POST /kwsrmcab/Wsrmcab  HTTP/1.1" 200 42075
172.22.2.4 - - [06/Apr/2023:11:26:35 -0500] "GET /BLA/boletinlegal/actos.php HTTP/1.1" 200 9672
66.249.70.207 - - [06/Apr/2023:11:26:57 -0500] "-" 408 -
172.22.2.4 - - [06/Apr/2023:11:25:40 -0500] "GET /BLA/boletinlegal/ HTTP/1.1" 200 61749
31.13.103.11 - - [06/Apr/2023:11:28:41 -0500] "GET /images/atencion-al-ciudadano-abril.jpg HTTP/1.1" 200 116523
40.77.167.211 - - [06/Apr/2023:11:29:14 -0500] "GET /BLA/resoluciones/RESOLUCIONES%202021/3614.pdf HTTP/1.1" 200 354696
201.244.40.116 - - [06/Apr/2023:11:29:17 -0500] "GET /autoridades-frenan-disposicion-de-residuos-de-construccion-cerca-al-humedal-salitre.html HTTP/1.1" 200 935
172.22.2.4 - - [06/Apr/2023:11:27:38 -0500] "HEAD /BLA/boletinlegal/ HTTP/1.1" 200 -
34.141.246.195 - - [06/Apr/2023:11:29:45 -0500] "GET /inventario-de-emisiones-2020-transporte-publico-sitp-redujo-emisiones-de-pm-2-5-en-un-37.html HTTP/1.1" 200 925
201.245.192.253 - - [06/Apr/2023:11:30:12 -0500] "POST /kwsrmcab/Wsrmcab HTTP/1.1" 200 42713
201.245.192.253 - - [06/Apr/2023:11:30:14 -0500] "POST /kwsrmcab/Wsrmcab HTTP/1.1" 200 43459
213.239.218.163 - - [06/Apr/2023:11:30:26 -0500] "HEAD /autoridades-frenan-disposicion-de-residuos-de-construccion-cerca-al-humedal-salitre.html HTTP/1.1" 200 -
216.245.221.92 - - [06/Apr/2023:11:30:37 -0500] "HEAD / HTTP/1.1" 200 -
74.125.151.172 - - [06/Apr/2023:11:30:37 -0500] "GET / HTTP/1.1" 200 4720
172.22.2.4 - - [06/Apr/2023:11:29:02 -0500] "HEAD /BLA/boletinlegal/ HTTP/1.1" 200 -
201.245.192.253 - - [06/Apr/2023:11:31:24 -0500] "POST /kwsrmcab/Wsrmcab  HTTP/1.1" 200 42075
172.22.2.4 - - [06/Apr/2023:11:29:53 -0500] "GET /BLA/boletinlegal/ HTTP/1.1" 200 58653
69.171.231.119 - - [06/Apr/2023:11:31:56 -0500] "GET /images/incautan-animales-semana-santa-2023.jpeg HTTP/1.1" 200 36611
173.252.95.24 - - [06/Apr/2023:11:32:02 -0500] "GET /images/WhatsApp%20Image%202023-04-05%20at%2013.54.41.jpeg HTTP/1.1" 200 210747
45.238.182.171 - - [06/Apr/2023:11:33:45 -0500] "GET /autoridades-frenan-disposicion-de-residuos-de-construccion-cerca-al-humedal-salitre.html HTTP/1.1" 200 935
69.63.184.116 - - [06/Apr/2023:11:33:51 -0500] "GET /images/WhatsApp%20Image%202023-04-05%20at%2013.54.41.jpeg HTTP/1.1" 200 210747
173.252.107.23 - - [06/Apr/2023:11:34:06 -0500] "GET /autoridades-frenan-disposicion-de-residuos-de-construccion-cerca-al-humedal-salitre.html HTTP/1.1" 206 935
173.252.107.116 - - [06/Apr/2023:11:34:06 -0500] "GET /autoridades-frenan-disposicion-de-residuos-de-construccion-cerca-al-humedal-salitre.html HTTP/1.1" 206 935
173.252.107.22 - - [06/Apr/2023:11:34:06 -0500] "GET /autoridades-frenan-disposicion-de-residuos-de-construccion-cerca-al-humedal-salitre.html HTTP/1.1" 206 935
211.249.46.116 - - [06/Apr/2023:11:35:12 -0500] "GET /autoridades-frenan-disposicion-de-residuos-de-construccion-cerca-al-humedal-salitre.html HTTP/1.1" 200 935
216.245.221.92 - - [06/Apr/2023:11:35:37 -0500] "HEAD / HTTP/1.1" 200 -
201.245.192.253 - - [06/Apr/2023:11:36:24 -0500] "POST /kwsrmcab/Wsrmcab  HTTP/1.1" 200 42075
172.22.2.4 - - [06/Apr/2023:11:34:52 -0500] "HEAD /BLA/boletinlegal/ HTTP/1.1" 200 -
34.91.36.176 - - [06/Apr/2023:11:36:37 -0500] "GET /inventario-de-emisiones-2020-transporte-publico-sitp-redujo-emisiones-de-pm-2-5-en-un-37.html HTTP/1.1" 200 925
34.86.177.154 - - [06/Apr/2023:11:37:22 -0500] "-" 408 -
172.22.2.4 - - [06/Apr/2023:11:35:43 -0500] "GET /BLA/boletinlegal/ HTTP/1.1" 200 52720
66.249.70.210 - - [06/Apr/2023:11:37:27 -0500] "-" 408 -
34.147.118.53 - - [06/Apr/2023:11:38:59 -0500] "GET /inventario-de-emisiones-2020-transporte-publico-sitp-redujo-emisiones-de-pm-2-5-en-un-37.html HTTP/1.1" 200 925
201.245.192.253 - - [06/Apr/2023:11:40:11 -0500] "POST /kwsrmcab/Wsrmcab HTTP/1.1" 200 42713
201.245.192.253 - - [06/Apr/2023:11:40:14 -0500] "POST /kwsrmcab/Wsrmcab HTTP/1.1" 200 43459
216.245.221.92 - - [06/Apr/2023:11:40:37 -0500] "HEAD / HTTP/1.1" 200 -
66.249.70.168 - - [06/Apr/2023:11:41:01 -0500] "-" 408 -
172.22.2.4 - - [06/Apr/2023:11:41:06 -0500] "GET /BLA/boletinlegal/actos.php HTTP/1.1" 200 9672
172.22.2.4 - - [06/Apr/2023:11:41:07 -0500] "GET /BLA/boletinlegal/favicon.ico HTTP/1.1" 404 1326
181.61.204.215 - - [06/Apr/2023:11:41:10 -0500] "GET /BLA/resoluciones/ HTTP/1.1" 200 13502
181.61.204.215 - - [06/Apr/2023:11:41:10 -0500] "GET /favicon.ico HTTP/1.1" 200 7782
181.61.204.215 - - [06/Apr/2023:11:41:15 -0500] "GET /BLA/resoluciones/index.php?dir=AUTOS+2018%2F HTTP/1.1" 200 449478
201.245.192.253 - - [06/Apr/2023:11:41:22 -0500] "POST /kwsrmcab/Wsrmcab  HTTP/1.1" 200 42075
45.79.181.223 - - [06/Apr/2023:11:42:19 -0500] "\x16\x03\x01" 400 226
172.22.2.4 - - [06/Apr/2023:11:42:22 -0500] "GET /BLA/boletinlegal/Directivas/2017/Directiva%20No.%2001%20del%2017%20de%20Enero%20de%202017.pdf HTTP/1.1" 304 -
172.22.2.4 - - [06/Apr/2023:11:40:42 -0500] "HEAD /BLA/boletinlegal/ HTTP/1.1" 200 -
172.22.2.4 - - [06/Apr/2023:11:41:06 -0500] "GET /BLA/boletinlegal/ HTTP/1.1" 200 49131
172.22.2.4 - - [06/Apr/2023:11:41:33 -0500] "GET /BLA/boletinlegal/ HTTP/1.1" 200 52316
172.22.2.4 - - [06/Apr/2023:11:43:38 -0500] "GET /BLA/boletinlegal/.env HTTP/1.1" 404 1018
168.119.76.235 - - [06/Apr/2023:11:43:50 -0500] "-" 408 -
172.22.2.4 - - [06/Apr/2023:11:43:39 -0500] "POST /BLA/boletinlegal/ HTTP/1.1" 200 24523
69.63.184.117 - - [06/Apr/2023:11:45:25 -0500] "GET /images/incautan-animales-semana-santa-2023.jpeg HTTP/1.1" 200 36611
66.249.70.207 - - [06/Apr/2023:11:45:34 -0500] "-" 408 -
216.245.221.92 - - [06/Apr/2023:11:45:37 -0500] "HEAD / HTTP/1.1" 200 -
201.245.192.253 - - [06/Apr/2023:11:46:21 -0500] "POST /kwsrmcab/Wsrmcab  HTTP/1.1" 200 42075
152.202.135.205 - - [06/Apr/2023:11:47:08 -0500] "GET /autoridades-frenan-disposicion-de-residuos-de-construccion-cerca-al-humedal-salitre.html HTTP/1.1" 200 935
40.77.167.211 - - [06/Apr/2023:11:47:57 -0500] "GET /BLA/resoluciones/RESOLUCIONES%202021/2362.pdf HTTP/1.1" 200 341443
172.22.2.4 - - [06/Apr/2023:11:46:32 -0500] "HEAD /BLA/boletinlegal/ HTTP/1.1" 200 -
52.167.144.97 - - [06/Apr/2023:11:48:49 -0500] "GET /images/contenedores-1_optimized.jpeg HTTP/1.1" 200 34036
172.22.2.4 - - [06/Apr/2023:11:47:23 -0500] "GET /BLA/boletinlegal/ HTTP/1.1" 200 57551
181.234.223.70 - - [06/Apr/2023:11:49:20 -0500] "GET / HTTP/1.1" 200 4720
181.234.223.70 - - [06/Apr/2023:11:49:20 -0500] "GET /js/url.js HTTP/1.1" 404 1294
181.234.223.70 - - [06/Apr/2023:11:49:20 -0500] "GET /css/style.css HTTP/1.1" 200 3473
181.234.223.70 - - [06/Apr/2023:11:49:20 -0500] "GET /css/bootstrap.min.css HTTP/1.1" 200 178212
181.234.223.70 - - [06/Apr/2023:11:49:20 -0500] "GET /fonts/icomoon/style.css HTTP/1.1" 200 79820
181.234.223.70 - - [06/Apr/2023:11:49:21 -0500] "GET / HTTP/1.1" 200 4720
181.234.223.70 - - [06/Apr/2023:11:49:21 -0500] "GET /js/url.js HTTP/1.1" 404 1294
181.234.223.70 - - [06/Apr/2023:11:49:23 -0500] "GET / HTTP/1.1" 200 4720
181.234.223.70 - - [06/Apr/2023:11:49:23 -0500] "GET /js/url.js HTTP/1.1" 404 1294
173.252.83.5 - - [06/Apr/2023:11:50:34 -0500] "GET /images/foto%202.jpg HTTP/1.1" 200 63300
216.245.221.92 - - [06/Apr/2023:11:50:37 -0500] "HEAD / HTTP/1.1" 200 -
201.245.192.253 - - [06/Apr/2023:11:51:20 -0500] "POST /kwsrmcab/Wsrmcab  HTTP/1.1" 200 42075
190.25.77.40 - - [06/Apr/2023:11:52:21 -0500] "GET /autoridades-frenan-disposicion-de-residuos-de-construccion-cerca-al-humedal-salitre.html?fbclid=PAAaa_ebMkmEc_toGDlUIsykK4WsaKPR4VdI-8Thx0bWHb4Ersa55NcK2G_Bs HTTP/1.1" 200 935
172.22.2.4 - - [06/Apr/2023:11:52:22 -0500] "HEAD /BLA/boletinlegal/ HTTP/1.1" 200 -
191.92.165.126 - - [06/Apr/2023:11:54:35 -0500] "GET /autoridades-frenan-disposicion-de-residuos-de-construccion-cerca-al-humedal-salitre.html HTTP/1.1" 200 935
172.22.2.4 - - [06/Apr/2023:11:53:13 -0500] "GET /BLA/boletinlegal/ HTTP/1.1" 200 52316
52.167.144.167 - - [06/Apr/2023:11:55:23 -0500] "GET /bla/resoluciones/resoluciones%202012/0827.pdf HTTP/1.1" 304 -
216.245.221.92 - - [06/Apr/2023:11:55:37 -0500] "HEAD / HTTP/1.1" 200 -
40.77.167.80 - - [06/Apr/2023:11:56:04 -0500] "GET /BLA/resoluciones/AUTOS%202019/2756.pdf HTTP/1.1" 200 683194
201.245.192.253 - - [06/Apr/2023:11:56:19 -0500] "POST /kwsrmcab/Wsrmcab  HTTP/1.1" 200 42075
66.249.70.207 - - [06/Apr/2023:11:58:14 -0500] "-" 408 -
172.22.2.4 - - [06/Apr/2023:11:58:12 -0500] "HEAD /BLA/boletinlegal/ HTTP/1.1" 200 -
216.245.221.92 - - [06/Apr/2023:12:00:37 -0500] "HEAD / HTTP/1.1" 200 -
172.22.2.4 - - [06/Apr/2023:11:59:03 -0500] "GET /BLA/boletinlegal/ HTTP/1.1" 200 57551
34.86.177.154 - - [06/Apr/2023:12:01:15 -0500] "GET /incautadas-cuatro-aves-y-mas-9-mil-gramos-de-productos-de-fauna-silvestre.html HTTP/1.1" 200 884
186.154.37.186 - - [06/Apr/2023:12:01:16 -0500] "GET /incautadas-cuatro-aves-y-mas-9-mil-gramos-de-productos-de-fauna-silvestre.html HTTP/1.1" 200 884
201.245.192.253 - - [06/Apr/2023:12:01:18 -0500] "POST /kwsrmcab/Wsrmcab  HTTP/1.1" 200 42075
186.155.18.81 - - [06/Apr/2023:12:03:36 -0500] "GET /semana-santa-dias-y-horarios-para-visitar-el-camino-guadalupe-aguanoso.html HTTP/1.1" 200 943
186.102.43.7 - - [06/Apr/2023:12:04:09 -0500] "GET /galeria/galeria/jquery.fancybox.css?v=2.1.5 HTTP/1.1" 200 4895
66.249.70.207 - - [06/Apr/2023:12:04:33 -0500] "-" 408 -
186.102.43.7 - - [06/Apr/2023:12:04:38 -0500] "GET /BLA/boletinlegal/js/jquery.scrollShow.js HTTP/1.1" 200 4586
190.25.77.40 - - [06/Apr/2023:12:05:30 -0500] "GET /autoridades-frenan-disposicion-de-residuos-de-construccion-cerca-al-humedal-salitre.html?fbclid=PAAabExaS50UVonn7iUllKhKdb4KnUEU49_Rgm39aOD3hR67il9YZ8eOyZyvM HTTP/1.1" 200 935
186.155.33.157 - - [06/Apr/2023:12:05:33 -0500] "GET /mujeres-que-reverdecen-secretaria-de-ambiente-anuncia-el-inicio-de-la-tercera-fase.html HTTP/1.1" 200 954
216.245.221.92 - - [06/Apr/2023:12:05:37 -0500] "HEAD / HTTP/1.1" 200 -
207.46.13.216 - - [06/Apr/2023:12:05:40 -0500] "GET /BLA/resoluciones/AUTOS%202022/4975.pdf HTTP/1.1" 304 -
172.22.2.4 - - [06/Apr/2023:12:04:02 -0500] "HEAD /BLA/boletinlegal/ HTTP/1.1" 200 -
190.25.77.40 - - [06/Apr/2023:12:05:46 -0500] "GET /autoridades-frenan-disposicion-de-residuos-de-construccion-cerca-al-humedal-salitre.html HTTP/1.1" 200 935
186.102.43.7 - - [06/Apr/2023:12:06:02 -0500] "GET /galeria/galeria/jquery.fancybox.js?v=2.1.5 HTTP/1.1" 200 48706
201.245.192.253 - - [06/Apr/2023:12:06:18 -0500] "POST /kwsrmcab/Wsrmcab  HTTP/1.1" 200 42075
172.22.2.4 - - [06/Apr/2023:12:04:53 -0500] "GET /BLA/boletinlegal/ HTTP/1.1" 200 57141
172.22.2.4 - - [06/Apr/2023:12:06:54 -0500] "GET /BLA/boletinlegal/.env HTTP/1.1" 404 1018
172.22.2.4 - - [06/Apr/2023:12:08:21 -0500] "GET /BLA/boletinlegal/favicon.ico HTTP/1.1" 404 1326
168.119.253.6 - - [06/Apr/2023:12:08:31 -0500] "GET / HTTP/1.1" 200 4720
168.119.253.6 - - [06/Apr/2023:12:08:31 -0500] "GET / HTTP/1.1" 200 319
172.104.11.34 - - [06/Apr/2023:12:08:39 -0500] "GET / HTTP/1.1" 200 319
66.249.70.170 - - [06/Apr/2023:12:09:26 -0500] "-" 408 -
141.170.219.9 - - [06/Apr/2023:12:09:26 -0500] "-" 408 -
216.245.221.92 - - [06/Apr/2023:12:10:37 -0500] "HEAD / HTTP/1.1" 200 -
66.249.70.207 - - [06/Apr/2023:12:11:16 -0500] "-" 408 -
201.245.192.253 - - [06/Apr/2023:12:11:17 -0500] "POST /kwsrmcab/Wsrmcab  HTTP/1.1" 200 42075
172.22.2.4 - - [06/Apr/2023:12:09:52 -0500] "HEAD /BLA/boletinlegal/ HTTP/1.1" 200 -
199.16.157.182 - - [06/Apr/2023:12:12:09 -0500] "GET /autoridades-frenan-disposicion-de-residuos-de-construccion-cerca-al-humedal-salitre.html HTTP/1.1" 200 935
199.16.157.180 - - [06/Apr/2023:12:12:10 -0500] "GET /images/residuos-de-construcci%C3%B3n-humedal-el-salitre-2023.jpeg HTTP/1.1" 404 1034
172.22.2.4 - - [06/Apr/2023:12:10:43 -0500] "GET /BLA/boletinlegal/ HTTP/1.1" 200 52720
52.188.77.43 - - [06/Apr/2023:12:13:26 -0500] "GET /images/Foto%20Di%C3%8C%C2%81a%20Mundial%20del%20Agua%20(1)%20(1).jpeg HTTP/1.1" 200 41770
191.102.117.217 - - [06/Apr/2023:12:15:21 -0500] "GET /forest/ HTTP/1.1" 200 12041
216.245.221.92 - - [06/Apr/2023:12:15:37 -0500] "HEAD / HTTP/1.1" 200 -
66.249.70.168 - - [06/Apr/2023:12:15:47 -0500] "-" 408 -
201.245.192.253 - - [06/Apr/2023:12:16:15 -0500] "POST /kwsrmcab/Wsrmcab  HTTP/1.1" 200 42075
191.102.117.217 - - [06/Apr/2023:12:17:21 -0500] "POST /forest/index.php HTTP/1.1" 200 12268
172.22.2.4 - - [06/Apr/2023:12:15:42 -0500] "HEAD /BLA/boletinlegal/ HTTP/1.1" 200 -
172.22.2.4 - - [06/Apr/2023:12:16:33 -0500] "GET /BLA/boletinlegal/ HTTP/1.1" 200 57141
191.156.184.196 - - [06/Apr/2023:12:19:02 -0500] "GET /autoridades-frenan-disposicion-de-residuos-de-construccion-cerca-al-humedal-salitre.html HTTP/1.1" 200 935
207.46.13.216 - - [06/Apr/2023:12:19:29 -0500] "GET /BLA/resoluciones/AUTOS%202021/0489.pdf HTTP/1.1" 304 -
66.249.70.207 - - [06/Apr/2023:12:19:39 -0500] "-" 408 -
201.245.192.253 - - [06/Apr/2023:12:20:11 -0500] "POST /kwsrmcab/Wsrmcab HTTP/1.1" 200 42554
201.245.192.253 - - [06/Apr/2023:12:20:14 -0500] "POST /kwsrmcab/Wsrmcab HTTP/1.1" 200 43472
216.245.221.92 - - [06/Apr/2023:12:20:37 -0500] "HEAD / HTTP/1.1" 200 -
168.119.49.52 - - [06/Apr/2023:12:20:51 -0500] "GET / HTTP/1.1" 200 319
168.119.49.52 - - [06/Apr/2023:12:20:52 -0500] "GET / HTTP/1.1" 200 4720
201.245.192.253 - - [06/Apr/2023:12:21:14 -0500] "POST /kwsrmcab/Wsrmcab  HTTP/1.1" 200 42075
173.252.127.21 - - [06/Apr/2023:12:22:21 -0500] "GET /images/mercados-campesinos-5-mayo.jpg HTTP/1.1" 200 95848
172.22.2.4 - - [06/Apr/2023:12:21:32 -0500] "HEAD /BLA/boletinlegal/ HTTP/1.1" 200 -
172.22.2.4 - - [06/Apr/2023:12:22:23 -0500] "GET /BLA/boletinlegal/ HTTP/1.1" 200 52316
104.47.55.126 - - [06/Apr/2023:12:24:17 -0500] "HEAD /%C3%82%C2%BFque-hacer-con-su-animal-de-compania-en-esta-semana-santa.html HTTP/1.1" 200 -
186.155.15.183 - - [06/Apr/2023:12:24:17 -0500] "GET /%C3%82%C2%BFque-hacer-con-su-animal-de-compania-en-esta-semana-santa.html HTTP/1.1" 200 906
40.94.36.4 - - [06/Apr/2023:12:24:45 -0500] "GET /%C3%82%C2%BFque-hacer-con-su-animal-de-compania-en-esta-semana-santa.html HTTP/1.1" 200 906
172.22.2.4 - - [06/Apr/2023:12:24:46 -0500] "GET /BLA/boletinlegal/actos.php HTTP/1.1" 200 9672
185.58.226.197 - - [06/Apr/2023:12:25:24 -0500] "GET /autoridades-frenan-disposicion-de-residuos-de-construccion-cerca-al-humedal-salitre.html HTTP/1.1" 200 935
216.245.221.92 - - [06/Apr/2023:12:25:37 -0500] "HEAD / HTTP/1.1" 200 -
66.249.70.177 - - [06/Apr/2023:12:25:57 -0500] "-" 408 -
89.40.126.55 - - [06/Apr/2023:12:26:02 -0500] "GET /autoridades-frenan-disposicion-de-residuos-de-construccion-cerca-al-humedal-salitre.html HTTP/1.1" 200 935
201.245.192.253 - - [06/Apr/2023:12:26:12 -0500] "POST /kwsrmcab/Wsrmcab  HTTP/1.1" 200 42075
207.46.13.216 - - [06/Apr/2023:12:26:21 -0500] "GET /BLA/resoluciones/RESOLUCIONES%202021/1241.pdf HTTP/1.1" 200 352714
51.15.244.81 - - [06/Apr/2023:12:26:31 -0500] "GET /autoridades-frenan-disposicion-de-residuos-de-construccion-cerca-al-humedal-salitre.html HTTP/1.1" 200 935
52.167.144.87 - - [06/Apr/2023:12:27:20 -0500] "GET /BLA/resoluciones/RESOLUCIONES%202022/3527.pdf HTTP/1.1" 200 512433
52.167.144.167 - - [06/Apr/2023:12:28:22 -0500] "GET /BLA/resoluciones/RESOLUCIONES%202021/5130.pdf HTTP/1.1" 200 352017
52.167.144.34 - - [06/Apr/2023:12:28:34 -0500] "GET /BLA/resoluciones/RESOLUCIONES%202021/5217.pdf HTTP/1.1" 200 334011
172.22.2.4 - - [06/Apr/2023:12:27:22 -0500] "HEAD /BLA/boletinlegal/ HTTP/1.1" 200 -
172.22.2.4 - - [06/Apr/2023:12:29:27 -0500] "GET /BLA/boletinlegal/actos.php HTTP/1.1" 200 9672
66.249.70.207 - - [06/Apr/2023:12:29:28 -0500] "-" 408 -
172.22.2.4 - - [06/Apr/2023:12:28:13 -0500] "GET /BLA/boletinlegal/ HTTP/1.1" 200 57551
201.245.192.253 - - [06/Apr/2023:12:30:11 -0500] "POST /kwsrmcab/Wsrmcab HTTP/1.1" 200 42554
201.245.192.253 - - [06/Apr/2023:12:30:14 -0500] "POST /kwsrmcab/Wsrmcab HTTP/1.1" 200 43472
216.245.221.92 - - [06/Apr/2023:12:30:37 -0500] "HEAD / HTTP/1.1" 200 -
52.167.144.34 - - [06/Apr/2023:12:30:37 -0500] "GET /BLA/resoluciones/AUTOS%202018/2420.pdf HTTP/1.1" 200 281827
201.245.192.253 - - [06/Apr/2023:12:31:12 -0500] "POST /kwsrmcab/Wsrmcab  HTTP/1.1" 200 42075
172.225.238.107 - - [06/Apr/2023:12:31:47 -0500] "GET /autoridades-frenan-disposicion-de-residuos-de-construccion-cerca-al-humedal-salitre.html HTTP/1.1" 200 935
173.252.95.7 - - [06/Apr/2023:12:32:32 -0500] "GET /con-camaras-trampa-y-otras-metodologias-secretaria-de-ambiente-evalua-la-fauna-y-flora-de-bogota.html HTTP/1.1" 206 1096
172.22.2.4 - - [06/Apr/2023:12:33:08 -0500] "GET /BLA/boletinlegal/Circulares/2018/Circular%20No.%2011%20del%2024%20de%20Septiembre%20de%202018.pdf HTTP/1.1" 200 169541
172.22.2.4 - - [06/Apr/2023:12:33:12 -0500] "HEAD /BLA/boletinlegal/ HTTP/1.1" 200 -
