201.245.192.253 - - [06/Apr/2023:18:12:46 -0500] "GET /sipsesda/faces/__ADFv__?_afPfm=9.2&_t=fred&_red=cd&value=1680822714587&loc=es-CO&enc=UTF-8&minValue=1641081600000 HTTP/1.1" 200 1051
201.245.192.253 - - [06/Apr/2023:18:12:46 -0500] "GET /sipsesda/faces/__ADFv__?_afPfm=9.2&_t=cd&loc=es-CO&value=1680822714587&enc=UTF-8&minValue=1641081600000 HTTP/1.1" 200 7903
201.245.192.253 - - [06/Apr/2023:18:12:51 -0500] "POST /sipsesda/faces/vista/administracion/cargoFuncionario/registrarCargoFuncionario.jspx?_afPfm=9.2 HTTP/1.1" 200 19046
201.245.192.253 - - [06/Apr/2023:18:12:59 -0500] "POST /sipsesda/faces/vista/administracion/funcionario/registrarFuncionario.jspx?_afPfm=9 HTTP/1.1" 200 37463
201.245.192.253 - - [06/Apr/2023:18:13:04 -0500] "POST /sipsesda/faces/vista/administracion/funcionario/listadoFuncionario.jspx HTTP/1.1" 200 36925
201.245.192.253 - - [06/Apr/2023:18:13:08 -0500] "POST /sipsesda/faces/vista/administracion/funcionario/listadoFuncionario.jspx HTTP/1.1" 200 37377
201.245.192.253 - - [06/Apr/2023:18:13:09 -0500] "POST /sipsesda/faces/vista/administracion/funcionario/listadoFuncionario.jspx HTTP/1.1" 200 18960
201.245.192.253 - - [06/Apr/2023:18:13:13 -0500] "POST /sipsesda/faces/vista/administracion/funcionario/registrarFuncionario.jspx?_afPfm=a HTTP/1.1" 200 14758
172.22.2.4 - - [06/Apr/2023:18:11:33 -0500] "HEAD /BLA/boletinlegal/ HTTP/1.1" 200 -
201.245.192.253 - - [06/Apr/2023:18:13:15 -0500] "POST /sipsesda/faces/vista/administracion/dependenciaFuncionario/registrarDependenciaFuncionario.jspx?_afPfm=a.1 HTTP/1.1" 200 18960
201.245.192.253 - - [06/Apr/2023:18:13:19 -0500] "POST /sipsesda/faces/vista/administracion/funcionario/registrarFuncionario.jspx?_afPfm=a HTTP/1.1" 200 7595
201.245.192.253 - - [06/Apr/2023:18:13:22 -0500] "POST /sipsesda/faces/vista/administracion/rolFuncionario/registrarRolFuncionario.jspx?_afPfm=a.2 HTTP/1.1" 200 18962
201.245.192.253 - - [06/Apr/2023:18:13:33 -0500] "POST /sipsesda/faces/vista/administracion/funcionario/registrarFuncionario.jspx?_afPfm=a HTTP/1.1" 200 17894
201.245.192.253 - - [06/Apr/2023:18:13:36 -0500] "GET /sipsesda/faces/__ADFv__?_afPfm=a.3&_t=fred&_red=cd&value=1680822764955&loc=es-CO&enc=UTF-8&minValue=1680393600000 HTTP/1.1" 200 1051
201.245.192.253 - - [06/Apr/2023:18:13:36 -0500] "GET /sipsesda/faces/__ADFv__?_afPfm=a.3&_t=cd&enc=UTF-8&loc=es-CO&minValue=1680393600000&value=1680822764955 HTTP/1.1" 200 7542
201.245.192.253 - - [06/Apr/2023:18:13:39 -0500] "POST /sipsesda/faces/vista/administracion/cargoFuncionario/registrarCargoFuncionario.jspx?_afPfm=a.3 HTTP/1.1" 200 18971
201.245.192.253 - - [06/Apr/2023:18:13:48 -0500] "POST /sipsesda/faces/vista/administracion/funcionario/registrarFuncionario.jspx?_afPfm=a HTTP/1.1" 200 37434
201.245.192.253 - - [06/Apr/2023:18:13:56 -0500] "POST /sipsesda/faces/vista/administracion/funcionario/listadoFuncionario.jspx HTTP/1.1" 200 36925
201.245.192.253 - - [06/Apr/2023:18:13:59 -0500] "POST /sipsesda/faces/vista/administracion/funcionario/listadoFuncionario.jspx HTTP/1.1" 200 37375
201.245.192.253 - - [06/Apr/2023:18:14:00 -0500] "POST /sipsesda/faces/vista/administracion/funcionario/listadoFuncionario.jspx HTTP/1.1" 200 18920
172.22.2.4 - - [06/Apr/2023:18:12:24 -0500] "GET /BLA/boletinlegal/ HTTP/1.1" 200 57551
201.245.192.253 - - [06/Apr/2023:18:14:13 -0500] "POST /sipsesda/faces/vista/administracion/funcionario/registrarFuncionario.jspx?_afPfm=b HTTP/1.1" 200 17893
201.245.192.253 - - [06/Apr/2023:18:14:16 -0500] "GET /sipsesda/faces/__ADFv__?_afPfm=b.1&_t=fred&_red=cd&value=1680822804367&loc=es-CO&enc=UTF-8&minValue=1672617600000 HTTP/1.1" 200 1051
201.245.192.253 - - [06/Apr/2023:18:14:16 -0500] "GET /sipsesda/faces/__ADFv__?_afPfm=b.1&_t=cd&minValue=1672617600000&enc=UTF-8&value=1680822804367&loc=es-CO HTTP/1.1" 200 7903
201.245.192.253 - - [06/Apr/2023:18:14:18 -0500] "POST /sipsesda/faces/vista/administracion/cargoFuncionario/registrarCargoFuncionario.jspx?_afPfm=b.1 HTTP/1.1" 200 18929
201.245.192.253 - - [06/Apr/2023:18:14:19 -0500] "POST /sipsesda/faces/vista/administracion/funcionario/registrarFuncionario.jspx?_afPfm=b HTTP/1.1" 200 7594
201.245.192.253 - - [06/Apr/2023:18:14:23 -0500] "POST /sipsesda/faces/vista/administracion/rolFuncionario/registrarRolFuncionario.jspx?_afPfm=b.2 HTTP/1.1" 200 18931
201.245.192.253 - - [06/Apr/2023:18:14:26 -0500] "POST /sipsesda/faces/vista/administracion/funcionario/registrarFuncionario.jspx?_afPfm=b HTTP/1.1" 200 37432
201.245.192.253 - - [06/Apr/2023:18:14:38 -0500] "POST /sipsesda/faces/vista/administracion/funcionario/listadoFuncionario.jspx HTTP/1.1" 200 36925
201.245.192.253 - - [06/Apr/2023:18:14:40 -0500] "POST /sipsesda/faces/vista/administracion/funcionario/listadoFuncionario.jspx HTTP/1.1" 200 37377
201.245.192.253 - - [06/Apr/2023:18:14:41 -0500] "POST /sipsesda/faces/vista/administracion/funcionario/listadoFuncionario.jspx HTTP/1.1" 200 19353
201.245.192.253 - - [06/Apr/2023:18:14:40 -0500] "POST /kwsrmcab/Wsrmcab  HTTP/1.1" 200 42075
201.245.192.253 - - [06/Apr/2023:18:14:47 -0500] "POST /sipsesda/faces/vista/administracion/funcionario/registrarFuncionario.jspx?_afPfm=c HTTP/1.1" 200 37434
216.245.221.92 - - [06/Apr/2023:18:15:36 -0500] "HEAD / HTTP/1.1" 200 -
34.91.92.184 - - [06/Apr/2023:18:16:01 -0500] "GET /inventario-de-emisiones-2020-transporte-publico-sitp-redujo-emisiones-de-pm-2-5-en-un-37.html HTTP/1.1" 200 925
66.249.70.207 - - [06/Apr/2023:18:16:02 -0500] "-" 408 -
168.119.253.69 - - [06/Apr/2023:18:16:32 -0500] "GET / HTTP/1.1" 200 319
168.119.253.69 - - [06/Apr/2023:18:16:32 -0500] "GET / HTTP/1.1" 200 4720
162.55.165.184 - - [06/Apr/2023:18:16:42 -0500] "GET / HTTP/1.1" 200 319
162.55.165.184 - - [06/Apr/2023:18:16:43 -0500] "GET / HTTP/1.1" 200 4720
172.22.2.4 - - [06/Apr/2023:18:17:29 -0500] "GET /BLA/boletinlegal/actos.php HTTP/1.1" 200 9672
207.46.13.216 - - [06/Apr/2023:18:18:53 -0500] "GET /BLA/resoluciones/RESOLUCIONES%202012/0288.pdf HTTP/1.1" 304 -
172.22.2.4 - - [06/Apr/2023:18:17:23 -0500] "HEAD /BLA/boletinlegal/ HTTP/1.1" 200 -
40.94.88.52 - - [06/Apr/2023:18:19:08 -0500] "GET /autoridades-frenan-disposicion-de-residuos-de-construccion-cerca-al-humedal-salitre.html HTTP/1.1" 200 935
69.171.251.3 - - [06/Apr/2023:18:19:35 -0500] "GET /images/negocios-verdes-mayo-2022.jpg HTTP/1.1" 200 48000
201.245.192.253 - - [06/Apr/2023:18:19:36 -0500] "POST /kwsrmcab/Wsrmcab  HTTP/1.1" 200 42075
172.22.2.4 - - [06/Apr/2023:18:18:14 -0500] "GET /BLA/boletinlegal/ HTTP/1.1" 200 57551
201.245.192.253 - - [06/Apr/2023:18:20:10 -0500] "POST /kwsrmcab/Wsrmcab HTTP/1.1" 200 42546
201.245.192.253 - - [06/Apr/2023:18:20:13 -0500] "POST /kwsrmcab/Wsrmcab HTTP/1.1" 200 43166
216.245.221.92 - - [06/Apr/2023:18:20:36 -0500] "HEAD / HTTP/1.1" 200 -
186.30.73.106 - - [06/Apr/2023:18:22:15 -0500] "GET /BLA/resoluciones/AUTOS%202014/7334.pdf HTTP/1.1" 200 679440
181.154.179.182 - - [06/Apr/2023:18:24:31 -0500] "GET /fauna-silvestre-distrito-sensibiliza-a-personas-que-van-a-viajar-en-semana-santa-sobre-la-importancia-de-proteger-la-fauna-silvestre.html HTTP/1.1" 200 955
199.16.157.181 - - [06/Apr/2023:18:24:32 -0500] "GET /fauna-silvestre-distrito-sensibiliza-a-personas-que-van-a-viajar-en-semana-santa-sobre-la-importancia-de-proteger-la-fauna-silvestre.html HTTP/1.1" 200 955
199.16.157.183 - - [06/Apr/2023:18:24:32 -0500] "GET /images/Fauna-silvestre-jornada-sensibilizacion-semana-santa.jpeg HTTP/1.1" 200 50019
199.16.157.181 - - [06/Apr/2023:18:24:33 -0500] "GET /images/Fauna-silvestre-jornada-sensibilizacion-semana-santa.jpeg HTTP/1.1" 200 50019
201.245.192.253 - - [06/Apr/2023:18:24:33 -0500] "POST /kwsrmcab/Wsrmcab  HTTP/1.1" 200 42075
172.22.2.4 - - [06/Apr/2023:18:23:13 -0500] "HEAD /BLA/boletinlegal/ HTTP/1.1" 200 -
186.86.34.23 - - [06/Apr/2023:18:25:09 -0500] "GET /mujeres-que-reverdecen-secretaria-de-ambiente-anuncia-el-inicio-de-la-tercera-fase.html HTTP/1.1" 200 954
216.245.221.92 - - [06/Apr/2023:18:25:36 -0500] "HEAD / HTTP/1.1" 200 -
172.22.2.4 - - [06/Apr/2023:18:24:04 -0500] "GET /BLA/boletinlegal/ HTTP/1.1" 200 57141
172.22.2.4 - - [06/Apr/2023:18:26:30 -0500] "GET /BLA/boletinlegal/consulta_actos.php?tipo=resoluciones&no=1079&usuario=&sector=SILVICULTURA&fecha=2022&resuelve= HTTP/1.1" 200 1104
172.22.2.4 - - [06/Apr/2023:18:26:30 -0500] "GET /BLA/boletinlegal/images/pdf.gif HTTP/1.1" 200 567
207.46.13.216 - - [06/Apr/2023:18:26:56 -0500] "GET /BLA/resoluciones/RESOLUCIONES%202021/1107.pdf HTTP/1.1" 200 374159
207.46.13.216 - - [06/Apr/2023:18:28:34 -0500] "GET /BLA/resoluciones/RESOLUCIONES%202022/3000.pdf HTTP/1.1" 304 -
162.55.175.24 - - [06/Apr/2023:18:29:00 -0500] "GET / HTTP/1.1" 200 319
162.55.175.24 - - [06/Apr/2023:18:29:03 -0500] "GET / HTTP/1.1" 200 4720
199.16.157.183 - - [06/Apr/2023:18:29:10 -0500] "GET /fauna-silvestre-distrito-sensibiliza-a-personas-que-van-a-viajar-en-semana-santa-sobre-la-importancia-de-proteger-la-fauna-silvestre.html HTTP/1.1" 200 955
162.55.175.24 - - [06/Apr/2023:18:29:10 -0500] "GET / HTTP/1.1" 200 319
199.16.157.181 - - [06/Apr/2023:18:29:11 -0500] "GET /images/Fauna-silvestre-jornada-sensibilizacion-semana-santa.jpeg HTTP/1.1" 200 50019
162.55.175.24 - - [06/Apr/2023:18:29:13 -0500] "GET / HTTP/1.1" 200 4720
54.39.177.173 - - [06/Apr/2023:18:29:23 -0500] "GET /fauna-silvestre-distrito-sensibiliza-a-personas-que-van-a-viajar-en-semana-santa-sobre-la-importancia-de-proteger-la-fauna-silvestre.html HTTP/1.1" 200 955
201.245.192.253 - - [06/Apr/2023:18:29:30 -0500] "POST /kwsrmcab/Wsrmcab  HTTP/1.1" 200 42075
173.252.95.117 - - [06/Apr/2023:18:30:04 -0500] "GET /images/semana-bosques-1_optimized.1.jpg HTTP/1.1" 200 102892
69.171.249.10 - - [06/Apr/2023:18:30:04 -0500] "GET /images/incautan-animales-semana-santa-2023.jpeg HTTP/1.1" 200 36611
173.252.95.21 - - [06/Apr/2023:18:30:08 -0500] "GET /images/28%20de%20febrero%20operativo.jpeg HTTP/1.1" 200 62220
173.252.95.15 - - [06/Apr/2023:18:30:08 -0500] "GET /images/17%20de%20febrero%20mujeres%20que%20reverdecen.jpeg HTTP/1.1" 200 85735
173.252.95.118 - - [06/Apr/2023:18:30:08 -0500] "GET /images/WhatsApp%20Image%202023-02-15%20at%205.07.25%20PM.jpeg HTTP/1.1" 200 50573
173.252.95.2 - - [06/Apr/2023:18:30:08 -0500] "GET /images/camino-a-los-cerros-1_optimized.jpeg HTTP/1.1" 200 222279
173.252.95.17 - - [06/Apr/2023:18:30:08 -0500] "GET /images/Puntos%20calientes%2024%20de%20febrero.jpeg HTTP/1.1" 200 42626
173.252.95.19 - - [06/Apr/2023:18:30:09 -0500] "GET /images/Conversatorio%20aire%201%20(1).jpeg HTTP/1.1" 200 72040
173.252.95.117 - - [06/Apr/2023:18:30:09 -0500] "GET /images/8%20de%20febrero%20incendio%20forestal.jpeg HTTP/1.1" 200 56283
173.252.95.23 - - [06/Apr/2023:18:30:09 -0500] "GET /images/vertimiento-Comprimida%20(1).png HTTP/1.1" 200 22870
173.252.95.10 - - [06/Apr/2023:18:30:09 -0500] "GET /images/24%20de%20febrero%20Sendero%20guadalupe%202.jpeg HTTP/1.1" 200 70964
173.252.95.20 - - [06/Apr/2023:18:30:09 -0500] "GET /images/Secretarias%20Fondo%20carga%206%20de%20febrero.jpeg HTTP/1.1" 200 55460
173.252.95.21 - - [06/Apr/2023:18:30:09 -0500] "GET /images/20%20de%20febrero%20panor\xc3\xa1mica%20de%20Bogot\xc3\xa1%20(1)%20(1).jpeg HTTP/1.1" 404 1034
173.252.95.118 - - [06/Apr/2023:18:30:09 -0500] "GET /images/Rmasar%2018%20de%20febrero%20Grupo.jpg HTTP/1.1" 200 68398
173.252.95.20 - - [06/Apr/2023:18:30:11 -0500] "GET /fauna-silvestre-distrito-sensibiliza-a-personas-que-van-a-viajar-en-semana-santa-sobre-la-importancia-de-proteger-la-fauna-silvestre.html HTTP/1.1" 206 955
173.252.95.13 - - [06/Apr/2023:18:30:11 -0500] "GET /fauna-silvestre-distrito-sensibiliza-a-personas-que-van-a-viajar-en-semana-santa-sobre-la-importancia-de-proteger-la-fauna-silvestre.html HTTP/1.1" 206 955
201.245.192.253 - - [06/Apr/2023:18:30:10 -0500] "POST /kwsrmcab/Wsrmcab HTTP/1.1" 200 42546
173.252.95.20 - - [06/Apr/2023:18:30:12 -0500] "GET /fauna-silvestre-distrito-sensibiliza-a-personas-que-van-a-viajar-en-semana-santa-sobre-la-importancia-de-proteger-la-fauna-silvestre.html HTTP/1.1" 206 955
173.252.83.120 - - [06/Apr/2023:18:30:12 -0500] "GET /images/Fauna-silvestre-jornada-sensibilizacion-semana-santa.jpeg HTTP/1.1" 200 50019
201.245.192.253 - - [06/Apr/2023:18:30:13 -0500] "POST /kwsrmcab/Wsrmcab HTTP/1.1" 200 43166
168.119.76.213 - - [06/Apr/2023:18:30:27 -0500] "GET /fauna-silvestre-distrito-sensibiliza-a-personas-que-van-a-viajar-en-semana-santa-sobre-la-importancia-de-proteger-la-fauna-silvestre.html HTTP/1.1" 200 955
216.245.221.92 - - [06/Apr/2023:18:30:36 -0500] "HEAD / HTTP/1.1" 200 -
162.55.232.163 - - [06/Apr/2023:18:30:37 -0500] "GET /fauna-silvestre-distrito-sensibiliza-a-personas-que-van-a-viajar-en-semana-santa-sobre-la-importancia-de-proteger-la-fauna-silvestre.html HTTP/1.1" 206 955
172.22.2.4 - - [06/Apr/2023:18:29:03 -0500] "HEAD /BLA/boletinlegal/ HTTP/1.1" 200 -
17.241.219.86 - - [06/Apr/2023:18:31:16 -0500] "-" 408 -
173.252.87.7 - - [06/Apr/2023:18:31:16 -0500] "GET /images/Fauna-silvestre-jornada-sensibilizacion-semana-santa.jpeg HTTP/1.1" 200 50019
173.252.83.16 - - [06/Apr/2023:18:31:17 -0500] "GET /fauna-silvestre-distrito-sensibiliza-a-personas-que-van-a-viajar-en-semana-santa-sobre-la-importancia-de-proteger-la-fauna-silvestre.html HTTP/1.1" 206 955
173.252.83.13 - - [06/Apr/2023:18:31:18 -0500] "GET /images/1%20de%20febrer%20Operativo%20hornos.jpg HTTP/1.1" 200 69569
173.252.95.10 - - [06/Apr/2023:18:31:19 -0500] "GET /images/Fauna-silvestre-jornada-sensibilizacion-semana-santa.jpeg HTTP/1.1" 200 50019
173.252.95.6 - - [06/Apr/2023:18:31:21 -0500] "GET /images/Fauna-silvestre-jornada-sensibilizacion-semana-santa.jpeg HTTP/1.1" 200 50019
173.252.107.21 - - [06/Apr/2023:18:31:22 -0500] "GET /cuatro-industrias-con-medidas-preventivas-por-contaminar-el-aire-en-el-suroccidente-de-bogota.html HTTP/1.1" 206 1042
173.252.95.15 - - [06/Apr/2023:18:31:23 -0500] "GET /fauna-silvestre-distrito-sensibiliza-a-personas-que-van-a-viajar-en-semana-santa-sobre-la-importancia-de-proteger-la-fauna-silvestre.html HTTP/1.1" 206 955
52.86.197.61 - - [06/Apr/2023:18:31:23 -0500] "HEAD /fauna-silvestre-distrito-sensibiliza-a-personas-que-van-a-viajar-en-semana-santa-sobre-la-importancia-de-proteger-la-fauna-silvestre.html HTTP/1.1" 200 -
173.252.111.11 - - [06/Apr/2023:18:31:26 -0500] "GET /images/Fauna-silvestre-jornada-sensibilizacion-semana-santa.jpeg HTTP/1.1" 200 50019
173.252.107.23 - - [06/Apr/2023:18:31:26 -0500] "GET /images/Fauna-silvestre-jornada-sensibilizacion-semana-santa.jpeg HTTP/1.1" 200 50019
66.220.149.6 - - [06/Apr/2023:18:31:27 -0500] "GET /images/Fauna-silvestre-jornada-sensibilizacion-semana-santa.jpeg HTTP/1.1" 200 50019
66.220.149.6 - - [06/Apr/2023:18:31:27 -0500] "GET /images/Fauna-silvestre-jornada-sensibilizacion-semana-santa.jpeg HTTP/1.1" 200 50019
173.252.79.1 - - [06/Apr/2023:18:31:27 -0500] "GET /images/Fauna-silvestre-jornada-sensibilizacion-semana-santa.jpeg HTTP/1.1" 200 50019
18.210.147.12 - - [06/Apr/2023:18:31:28 -0500] "HEAD /fauna-silvestre-distrito-sensibiliza-a-personas-que-van-a-viajar-en-semana-santa-sobre-la-importancia-de-proteger-la-fauna-silvestre.html HTTP/1.1" 200 -
172.22.2.4 - - [06/Apr/2023:18:29:54 -0500] "GET /BLA/boletinlegal/ HTTP/1.1" 200 57141
173.252.83.18 - - [06/Apr/2023:18:31:35 -0500] "GET /images/Fauna-silvestre-jornada-sensibilizacion-semana-santa.jpeg HTTP/1.1" 200 50019
66.249.70.170 - - [06/Apr/2023:18:31:44 -0500] "-" 408 -
69.63.184.1 - - [06/Apr/2023:18:31:57 -0500] "GET /images/Fauna-silvestre-jornada-sensibilizacion-semana-santa.jpeg HTTP/1.1" 200 50019
88.99.142.101 - - [06/Apr/2023:18:32:43 -0500] "GET /fauna-silvestre-distrito-sensibiliza-a-personas-que-van-a-viajar-en-semana-santa-sobre-la-importancia-de-proteger-la-fauna-silvestre.html HTTP/1.1" 200 955
185.180.143.137 - - [06/Apr/2023:18:32:46 -0500] "GET /portaldeninos/ HTTP/1.1" 200 110197
172.22.2.4 - - [06/Apr/2023:18:34:01 -0500] "GET /BLA/boletinlegal/version HTTP/1.1" 404 1018
201.245.192.253 - - [06/Apr/2023:18:34:29 -0500] "POST /kwsrmcab/Wsrmcab  HTTP/1.1" 200 42075
66.249.70.213 - - [06/Apr/2023:18:35:03 -0500] "-" 408 -
172.22.2.4 - - [06/Apr/2023:18:35:12 -0500] "GET /BLA/boletinlegal/consulta_actos.php?tipo=autos&no=0682&usuario=&sector=SILVICULTURA&fecha=2022&resuelve= HTTP/1.1" 200 626
172.22.2.4 - - [06/Apr/2023:18:35:25 -0500] "GET /BLA/boletinlegal/consulta_actos.php?tipo=autos&no=0682&usuario=&sector=SILVICULTURA&fecha=2021&resuelve= HTTP/1.1" 200 626
172.22.2.4 - - [06/Apr/2023:18:35:30 -0500] "GET /BLA/boletinlegal/consulta_actos.php?tipo=autos&no=0682&usuario=&sector=SILVICULTURA&fecha=2021&resuelve= HTTP/1.1" 200 626
216.245.221.92 - - [06/Apr/2023:18:35:36 -0500] "HEAD / HTTP/1.1" 200 -
172.22.2.4 - - [06/Apr/2023:18:33:59 -0500] "GET /BLA/boletinlegal/ HTTP/1.1" 200 57551
172.22.2.4 - - [06/Apr/2023:18:35:41 -0500] "GET /BLA/boletinlegal/consulta_actos.php?tipo=autos&no=6827&usuario=&sector=SILVICULTURA&fecha=2021&resuelve= HTTP/1.1" 200 1082
186.31.57.93 - - [06/Apr/2023:18:35:43 -0500] "GET /BLA/resoluciones/AUTOS%202021/6827.pdf HTTP/1.1" 200 389539
69.63.184.111 - - [06/Apr/2023:18:35:52 -0500] "GET /images/Fauna-silvestre-jornada-sensibilizacion-semana-santa.jpeg HTTP/1.1" 200 50019
69.171.251.18 - - [06/Apr/2023:18:35:57 -0500] "GET /images/Fauna-silvestre-jornada-sensibilizacion-semana-santa.jpeg HTTP/1.1" 200 50019
172.22.2.4 - - [06/Apr/2023:18:34:53 -0500] "HEAD /BLA/boletinlegal/ HTTP/1.1" 200 -
172.22.2.4 - - [06/Apr/2023:18:35:44 -0500] "GET /BLA/boletinlegal/ HTTP/1.1" 200 59296
69.63.184.117 - - [06/Apr/2023:18:37:30 -0500] "GET /images/Fauna-silvestre-jornada-sensibilizacion-semana-santa.jpeg HTTP/1.1" 200 50019
172.22.2.4 - - [06/Apr/2023:18:37:56 -0500] "GET /BLA/boletinlegal/Circulares/2019/.pdf HTTP/1.1" 404 1218
173.252.127.5 - - [06/Apr/2023:18:38:35 -0500] "GET /autoridades-frenan-disposicion-de-residuos-de-construccion-cerca-al-humedal-salitre.html?fbclid=IwAR2hF8fS7-0L1PdPm3XI0WeE-nAyqP4TEAtPEY-dkaLSk0mHw0BzctrJrdc HTTP/1.1" 200 935
173.252.107.14 - - [06/Apr/2023:18:38:47 -0500] "GET /fauna-silvestre-distrito-sensibiliza-a-personas-que-van-a-viajar-en-semana-santa-sobre-la-importancia-de-proteger-la-fauna-silvestre.html HTTP/1.1" 206 955
173.252.107.119 - - [06/Apr/2023:18:38:51 -0500] "GET /fauna-silvestre-distrito-sensibiliza-a-personas-que-van-a-viajar-en-semana-santa-sobre-la-importancia-de-proteger-la-fauna-silvestre.html HTTP/1.1" 206 955
173.252.95.12 - - [06/Apr/2023:18:38:58 -0500] "GET /images/Fauna-silvestre-jornada-sensibilizacion-semana-santa.jpeg HTTP/1.1" 200 50019
201.245.192.253 - - [06/Apr/2023:18:39:27 -0500] "POST /kwsrmcab/Wsrmcab  HTTP/1.1" 200 42075
167.114.101.27 - - [06/Apr/2023:18:39:32 -0500] "GET /fauna-silvestre-distrito-sensibiliza-a-personas-que-van-a-viajar-en-semana-santa-sobre-la-importancia-de-proteger-la-fauna-silvestre.html HTTP/1.1" 200 955
173.252.95.1 - - [06/Apr/2023:18:39:56 -0500] "GET /en-el-dia-mundial-de-la-educacion-ambiental-bogota-condecora-a-docentes-lideres-artistas-organizaciones-y-empresas.html HTTP/1.1" 206 1075
201.245.192.253 - - [06/Apr/2023:18:40:10 -0500] "POST /kwsrmcab/Wsrmcab HTTP/1.1" 200 42546
201.245.192.253 - - [06/Apr/2023:18:40:12 -0500] "POST /kwsrmcab/Wsrmcab HTTP/1.1" 200 43166
216.245.221.92 - - [06/Apr/2023:18:40:36 -0500] "HEAD / HTTP/1.1" 200 -
173.252.127.16 - - [06/Apr/2023:18:41:53 -0500] "GET /fauna-silvestre-distrito-sensibiliza-a-personas-que-van-a-viajar-en-semana-santa-sobre-la-importancia-de-proteger-la-fauna-silvestre.html?fbclid=IwAR3cjWT80wqCnFeLcp1Oz0g1LJdAXhSEusKn3CChg0UXRZ0DRtvJNYhXFk0 HTTP/1.1" 200 955
191.156.237.246 - - [06/Apr/2023:18:42:07 -0500] "GET /fauna-silvestre-distrito-sensibiliza-a-personas-que-van-a-viajar-en-semana-santa-sobre-la-importancia-de-proteger-la-fauna-silvestre.html HTTP/1.1" 200 955
172.22.2.4 - - [06/Apr/2023:18:40:43 -0500] "HEAD /BLA/boletinlegal/ HTTP/1.1" 200 -
172.22.2.4 - - [06/Apr/2023:18:41:34 -0500] "GET /BLA/boletinlegal/ HTTP/1.1" 200 57551
172.22.2.4 - - [06/Apr/2023:18:43:38 -0500] "GET /BLA/boletinlegal/Directivas/2018/Directiva%20No.%2026%20del%2028%20de%20diciembre%20de%202018.pdf HTTP/1.1" 200 332220
110.93.150.82 - - [06/Apr/2023:18:43:40 -0500] "GET /fauna-silvestre-distrito-sensibiliza-a-personas-que-van-a-viajar-en-semana-santa-sobre-la-importancia-de-proteger-la-fauna-silvestre.html HTTP/1.1" 200 955
191.75.80.118 - - [06/Apr/2023:18:44:00 -0500] "GET /semana-santa-dias-y-horarios-para-visitar-el-camino-guadalupe-aguanoso.html HTTP/1.1" 200 943
201.245.192.253 - - [06/Apr/2023:18:44:29 -0500] "POST /kwsrmcab/Wsrmcab  HTTP/1.1" 200 42075
181.59.122.69 - - [06/Apr/2023:18:44:46 -0500] "GET /cooperacion-internacional-postulate-para-la-coordinacion-ambiental-de-proyecto-con-la-union-europea-avantia.html HTTP/1.1" 200 1020
14.116.150.68 - - [06/Apr/2023:18:44:47 -0500] "GET / HTTP/1.1" 200 319
173.252.107.18 - - [06/Apr/2023:18:45:08 -0500] "GET /images/mejora-la-calidad-del-aire-en-bogota-5-abril.jpeg HTTP/1.1" 200 44341
216.245.221.92 - - [06/Apr/2023:18:45:36 -0500] "HEAD / HTTP/1.1" 200 -
172.22.2.4 - - [06/Apr/2023:18:45:08 -0500] "GET /BLA/boletinlegal/ HTTP/1.1" 200 28619
69.171.231.5 - - [06/Apr/2023:18:46:01 -0500] "GET /images/Fauna-silvestre-jornada-sensibilizacion-semana-santa.jpeg HTTP/1.1" 200 50019
172.22.2.4 - - [06/Apr/2023:18:46:07 -0500] "GET /BLA/boletinlegal/style.css HTTP/1.1" 200 9406
172.22.2.4 - - [06/Apr/2023:18:46:07 -0500] "GET /BLA/boletinlegal/js/jquery.js HTTP/1.1" 200 57254
172.22.2.4 - - [06/Apr/2023:18:46:07 -0500] "GET /BLA/boletinlegal/styles2.css HTTP/1.1" 200 1838
172.22.2.4 - - [06/Apr/2023:18:46:07 -0500] "GET /BLA/boletinlegal/js/jquery.scrollTo-min.js HTTP/1.1" 200 1150
172.22.2.4 - - [06/Apr/2023:18:46:07 -0500] "GET /BLA/boletinlegal/js/jquery.scrollShow.js HTTP/1.1" 200 4586
172.22.2.4 - - [06/Apr/2023:18:46:07 -0500] "GET /BLA/boletinlegal/images/cabezote%20BLEGAL.jpg HTTP/1.1" 200 118164
172.22.2.4 - - [06/Apr/2023:18:46:07 -0500] "GET /BLA/boletinlegal/images/subscribe-icon-big.png HTTP/1.1" 200 47702
172.22.2.4 - - [06/Apr/2023:18:46:07 -0500] "GET /BLA/boletinlegal/images/historia.png HTTP/1.1" 200 52775
172.22.2.4 - - [06/Apr/2023:18:46:07 -0500] "GET /BLA/boletinlegal/images/registro-usuarios.png HTTP/1.1" 200 8106
172.22.2.4 - - [06/Apr/2023:18:46:07 -0500] "GET /BLA/boletinlegal/images/arr_l.jpg HTTP/1.1" 200 1979
172.22.2.4 - - [06/Apr/2023:18:46:07 -0500] "GET /BLA/boletinlegal/images/screen_1.png HTTP/1.1" 200 202547
172.22.2.4 - - [06/Apr/2023:18:46:07 -0500] "GET /BLA/boletinlegal/images/launch.jpg HTTP/1.1" 200 14577
172.22.2.4 - - [06/Apr/2023:18:46:08 -0500] "GET /BLA/boletinlegal/images/body_bg.jpg HTTP/1.1" 200 1601
172.22.2.4 - - [06/Apr/2023:18:46:08 -0500] "GET /BLA/boletinlegal/images/menu_lft.gif HTTP/1.1" 200 1713
172.22.2.4 - - [06/Apr/2023:18:46:08 -0500] "GET /BLA/boletinlegal/images/menu_rght.gif HTTP/1.1" 200 1627
172.22.2.4 - - [06/Apr/2023:18:46:08 -0500] "GET /BLA/boletinlegal/images/bg_top.jpg HTTP/1.1" 200 522
172.22.2.4 - - [06/Apr/2023:18:46:08 -0500] "GET /BLA/boletinlegal/images/hover.jpg HTTP/1.1" 200 640
172.22.2.4 - - [06/Apr/2023:18:46:08 -0500] "GET /BLA/boletinlegal/images/menu_bg.jpg HTTP/1.1" 200 620
172.22.2.4 - - [06/Apr/2023:18:46:09 -0500] "GET /BLA/boletinlegal/images/text.jpg HTTP/1.1" 200 568
172.22.2.4 - - [06/Apr/2023:18:46:13 -0500] "GET /BLA/boletinlegal/actos.php HTTP/1.1" 200 9672
172.22.2.4 - - [06/Apr/2023:18:46:14 -0500] "GET /BLA/boletinlegal/js/ajax_actos.js HTTP/1.1" 200 1322
172.22.2.4 - - [06/Apr/2023:18:46:14 -0500] "GET /BLA/boletinlegal/niceforms-default.css HTTP/1.1" 200 6694
172.22.2.4 - - [06/Apr/2023:18:46:14 -0500] "GET /BLA/boletinlegal/niceforms.js HTTP/1.1" 200 22876
172.22.2.4 - - [06/Apr/2023:18:46:14 -0500] "GET /BLA/boletinlegal/js/lib.js HTTP/1.1" 200 6474
172.22.2.4 - - [06/Apr/2023:18:46:14 -0500] "GET /BLA/boletinlegal/js/popup.js HTTP/1.1" 200 1270
172.22.2.4 - - [06/Apr/2023:18:46:14 -0500] "GET /BLA/boletinlegal/js/jquery1.js HTTP/1.1" 200 29846
172.22.2.4 - - [06/Apr/2023:18:46:14 -0500] "GET /BLA/boletinlegal/images/green-yellow-blue-pink-th.png HTTP/1.1" 200 7394
172.22.2.4 - - [06/Apr/2023:18:46:14 -0500] "GET /BLA/boletinlegal/images/tel.png HTTP/1.1" 200 14477
172.22.2.4 - - [06/Apr/2023:18:46:14 -0500] "GET /BLA/boletinlegal/images/icono-email.png HTTP/1.1" 200 5544
172.22.2.4 - - [06/Apr/2023:18:46:14 -0500] "GET /BLA/boletinlegal/images/footer_bg.jpg HTTP/1.1" 200 586
172.22.2.4 - - [06/Apr/2023:18:46:14 -0500] "GET /BLA/boletinlegal/images/footer_bg_l.jpg HTTP/1.1" 200 776
172.22.2.4 - - [06/Apr/2023:18:46:14 -0500] "GET /BLA/boletinlegal/img/0.png HTTP/1.1" 200 110
172.22.2.4 - - [06/Apr/2023:18:46:14 -0500] "GET /BLA/boletinlegal/img/select-left.png HTTP/1.1" 200 263
172.22.2.4 - - [06/Apr/2023:18:46:14 -0500] "GET /BLA/boletinlegal/img/select-right.png HTTP/1.1" 200 44019
172.22.2.4 - - [06/Apr/2023:18:46:14 -0500] "GET /BLA/boletinlegal/img/button-left.png HTTP/1.1" 200 57071
172.22.2.4 - - [06/Apr/2023:18:46:14 -0500] "GET /BLA/boletinlegal/img/button.png HTTP/1.1" 200 43241
172.22.2.4 - - [06/Apr/2023:18:46:14 -0500] "GET /BLA/boletinlegal/img/button-right.png HTTP/1.1" 200 57878
172.22.2.4 - - [06/Apr/2023:18:46:14 -0500] "GET /BLA/boletinlegal/favicon.ico HTTP/1.1" 404 1326
186.29.253.39 - - [06/Apr/2023:18:46:22 -0500] "GET /BLA/resoluciones/ HTTP/1.1" 200 13502
186.29.253.39 - - [06/Apr/2023:18:46:22 -0500] "GET /BLA/resoluciones/dlf/styles.css HTTP/1.1" 200 3049
186.29.253.39 - - [06/Apr/2023:18:46:22 -0500] "GET /BLA/resoluciones/dlf/folder.png HTTP/1.1" 200 410
186.29.253.39 - - [06/Apr/2023:18:46:22 -0500] "GET /BLA/resoluciones/dlf/bg.gif HTTP/1.1" 200 54
186.29.253.39 - - [06/Apr/2023:18:46:22 -0500] "GET /favicon.ico HTTP/1.1" 200 7782
186.29.253.39 - - [06/Apr/2023:18:46:33 -0500] "GET /BLA/resoluciones/dlf/dirup.png HTTP/1.1" 200 644
186.29.253.39 - - [06/Apr/2023:18:46:33 -0500] "GET /BLA/resoluciones/dlf/pdf.gif HTTP/1.1" 200 272
186.29.253.39 - - [06/Apr/2023:18:46:32 -0500] "GET /BLA/resoluciones/index.php?dir=AUTOS+2022%2F HTTP/1.1" 200 467200
172.22.2.4 - - [06/Apr/2023:18:46:07 -0500] "GET /BLA/boletinlegal/ HTTP/1.1" 200 24523
186.29.253.39 - - [06/Apr/2023:18:46:55 -0500] "GET /BLA/resoluciones/index.php?dir=AUTOS+2022%2F HTTP/1.1" 200 467200
69.171.231.5 - - [06/Apr/2023:18:47:10 -0500] "GET /images/Fauna-silvestre-jornada-sensibilizacion-semana-santa.jpeg HTTP/1.1" 200 50019
172.22.2.4 - - [06/Apr/2023:18:46:33 -0500] "HEAD /BLA/boletinlegal/ HTTP/1.1" 200 -
66.249.70.207 - - [06/Apr/2023:18:48:26 -0500] "-" 408 -
69.63.184.5 - - [06/Apr/2023:18:49:03 -0500] "GET /images/Fauna-silvestre-jornada-sensibilizacion-semana-santa.jpeg HTTP/1.1" 200 50019
172.22.2.4 - - [06/Apr/2023:18:47:24 -0500] "GET /BLA/boletinlegal/ HTTP/1.1" 200 56277
201.245.192.253 - - [06/Apr/2023:18:49:25 -0500] "POST /kwsrmcab/Wsrmcab  HTTP/1.1" 200 42075
52.167.144.34 - - [06/Apr/2023:18:49:39 -0500] "GET /BLA/resoluciones/AUTOS%202021/6795.pdf HTTP/1.1" 304 -
27.115.124.45 - - [06/Apr/2023:18:49:39 -0500] "GET / HTTP/1.1" 200 4720
27.115.124.6 - - [06/Apr/2023:18:49:40 -0500] "GET /js/url.js HTTP/1.1" 404 1198
27.115.124.45 - - [06/Apr/2023:18:49:40 -0500] "GET /fonts/icomoon/style.css HTTP/1.1" 200 79820
27.115.124.53 - - [06/Apr/2023:18:49:40 -0500] "GET /css/bootstrap.min.css HTTP/1.1" 200 178212
27.115.124.38 - - [06/Apr/2023:18:49:40 -0500] "GET /css/style.css HTTP/1.1" 200 3473
69.63.184.4 - - [06/Apr/2023:18:50:06 -0500] "GET /images/Fauna-silvestre-jornada-sensibilizacion-semana-santa.jpeg HTTP/1.1" 200 50019
69.171.249.20 - - [06/Apr/2023:18:50:30 -0500] "GET /images/Fauna-silvestre-jornada-sensibilizacion-semana-santa.jpeg HTTP/1.1" 200 50019
216.245.221.92 - - [06/Apr/2023:18:50:36 -0500] "HEAD / HTTP/1.1" 200 -
35.204.80.241 - - [06/Apr/2023:18:51:17 -0500] "GET /inventario-de-emisiones-2020-transporte-publico-sitp-redujo-emisiones-de-pm-2-5-en-un-37.html HTTP/1.1" 200 925
27.115.124.38 - - [06/Apr/2023:18:51:24 -0500] "GET /cooperacion-internacional-postulate-para-la-coordinacion-ambiental-de-proyecto-con-la-union-europea-avantia.html HTTP/1.1" 200 1020
40.77.167.211 - - [06/Apr/2023:18:51:25 -0500] "GET /BLA/resoluciones/RESOLUCIONES%202021/4105.pdf HTTP/1.1" 200 346863
173.252.95.118 - - [06/Apr/2023:18:51:39 -0500] "GET /images/cr\xc3\xb3nica-29-nov-1_optimized.jpeg HTTP/1.1" 404 1034
191.156.189.251 - - [06/Apr/2023:18:52:42 -0500] "GET /autoridades-frenan-disposicion-de-residuos-de-construccion-cerca-al-humedal-salitre.html?fbclid=PAAabcnR4idwHLzwLhJK0YWH7wgjI-s96UQJhR_PTWaMgaM4itRi8pmwHwIr4 HTTP/1.1" 200 935
172.22.2.4 - - [06/Apr/2023:18:52:45 -0500] "GET /BLA/boletinlegal/actos.php HTTP/1.1" 200 9672
34.91.36.176 - - [06/Apr/2023:18:53:42 -0500] "GET /inventario-de-emisiones-2020-transporte-publico-sitp-redujo-emisiones-de-pm-2-5-en-un-37.html HTTP/1.1" 200 925
172.22.2.4 - - [06/Apr/2023:18:52:23 -0500] "HEAD /BLA/boletinlegal/ HTTP/1.1" 200 -
201.245.192.253 - - [06/Apr/2023:18:54:24 -0500] "POST /kwsrmcab/Wsrmcab  HTTP/1.1" 200 42075
172.22.2.4 - - [06/Apr/2023:18:53:14 -0500] "GET /BLA/boletinlegal/ HTTP/1.1" 200 53104
172.22.2.4 - - [06/Apr/2023:18:55:33 -0500] "GET /BLA/boletinlegal/style.css HTTP/1.1" 200 9406
172.22.2.4 - - [06/Apr/2023:18:55:33 -0500] "GET /BLA/boletinlegal/styles2.css HTTP/1.1" 200 1838
172.22.2.4 - - [06/Apr/2023:18:55:33 -0500] "GET /BLA/boletinlegal/js/jquery.js HTTP/1.1" 200 57254
172.22.2.4 - - [06/Apr/2023:18:55:33 -0500] "GET /BLA/boletinlegal/js/jquery.scrollShow.js HTTP/1.1" 200 4586
172.22.2.4 - - [06/Apr/2023:18:55:33 -0500] "GET /BLA/boletinlegal/js/jquery.scrollTo-min.js HTTP/1.1" 200 1150
172.22.2.4 - - [06/Apr/2023:18:55:34 -0500] "GET /BLA/boletinlegal/images/cabezote%20BLEGAL.jpg HTTP/1.1" 200 118164
172.22.2.4 - - [06/Apr/2023:18:55:34 -0500] "GET /BLA/boletinlegal/images/historia.png HTTP/1.1" 200 52775
172.22.2.4 - - [06/Apr/2023:18:55:34 -0500] "GET /BLA/boletinlegal/images/arr_l.jpg HTTP/1.1" 200 1979
172.22.2.4 - - [06/Apr/2023:18:55:34 -0500] "GET /BLA/boletinlegal/images/subscribe-icon-big.png HTTP/1.1" 200 47702
172.22.2.4 - - [06/Apr/2023:18:55:34 -0500] "GET /BLA/boletinlegal/images/registro-usuarios.png HTTP/1.1" 200 8106
172.22.2.4 - - [06/Apr/2023:18:55:34 -0500] "GET /BLA/boletinlegal/images/body_bg.jpg HTTP/1.1" 200 1601
172.22.2.4 - - [06/Apr/2023:18:55:34 -0500] "GET /BLA/boletinlegal/images/menu_lft.gif HTTP/1.1" 200 1713
172.22.2.4 - - [06/Apr/2023:18:55:34 -0500] "GET /BLA/boletinlegal/images/menu_rght.gif HTTP/1.1" 200 1627
172.22.2.4 - - [06/Apr/2023:18:55:34 -0500] "GET /BLA/boletinlegal/images/menu_bg.jpg HTTP/1.1" 200 620
172.22.2.4 - - [06/Apr/2023:18:55:34 -0500] "GET /BLA/boletinlegal/images/bg_top.jpg HTTP/1.1" 200 522
172.22.2.4 - - [06/Apr/2023:18:55:35 -0500] "GET /BLA/boletinlegal/images/text.jpg HTTP/1.1" 200 568
172.22.2.4 - - [06/Apr/2023:18:55:35 -0500] "GET /BLA/boletinlegal/images/launch.jpg HTTP/1.1" 200 14577
172.22.2.4 - - [06/Apr/2023:18:55:35 -0500] "GET /BLA/boletinlegal/images/screen_1.png HTTP/1.1" 200 202547
172.22.2.4 - - [06/Apr/2023:18:55:35 -0500] "GET /BLA/boletinlegal/images/hover.jpg HTTP/1.1" 200 640
216.245.221.92 - - [06/Apr/2023:18:55:36 -0500] "HEAD / HTTP/1.1" 200 -
172.22.2.4 - - [06/Apr/2023:18:55:32 -0500] "GET /BLA/boletinlegal/ HTTP/1.1" 200 24523
69.171.249.22 - - [06/Apr/2023:18:58:23 -0500] "GET /images/incautan-animales-semana-santa-2023.jpeg HTTP/1.1" 200 36611
172.22.2.4 - - [06/Apr/2023:18:58:04 -0500] "GET /BLA/boletinlegal/ HTTP/1.1" 200 28619
172.22.2.4 - - [06/Apr/2023:18:59:16 -0500] "GET /BLA/boletinlegal/Directivas/2011/Directiva%20No.%208%20del%2020%20de%20Septiembre%20de%202011.pdf HTTP/1.1" 200 727150
201.245.192.253 - - [06/Apr/2023:18:59:22 -0500] "POST /kwsrmcab/Wsrmcab  HTTP/1.1" 200 42075
157.90.244.54 - - [06/Apr/2023:18:59:41 -0500] "GET / HTTP/1.1" 200 319
157.90.244.54 - - [06/Apr/2023:18:59:42 -0500] "GET / HTTP/1.1" 200 4720
168.119.253.69 - - [06/Apr/2023:18:59:52 -0500] "GET / HTTP/1.1" 200 319
168.119.253.69 - - [06/Apr/2023:18:59:52 -0500] "GET / HTTP/1.1" 200 4720
172.22.2.4 - - [06/Apr/2023:18:58:13 -0500] "HEAD /BLA/boletinlegal/ HTTP/1.1" 200 -
186.28.166.203 - - [06/Apr/2023:19:00:05 -0500] "GET /galeria/galeria/jquery.fancybox.css?v=2.1.5 HTTP/1.1" 200 4895
186.28.166.203 - - [06/Apr/2023:19:00:05 -0500] "GET /BLA/boletinlegal/js/jquery.scrollShow.js HTTP/1.1" 200 4586
186.28.166.203 - - [06/Apr/2023:19:00:05 -0500] "GET /galeria/galeria/jquery.fancybox.js?v=2.1.5 HTTP/1.1" 200 48706
216.245.221.92 - - [06/Apr/2023:19:00:36 -0500] "HEAD / HTTP/1.1" 200 -
172.22.2.4 - - [06/Apr/2023:18:59:04 -0500] "GET /BLA/boletinlegal/ HTTP/1.1" 200 52720
191.107.176.140 - - [06/Apr/2023:19:01:03 -0500] "GET /fauna-silvestre-distrito-sensibiliza-a-personas-que-van-a-viajar-en-semana-santa-sobre-la-importancia-de-proteger-la-fauna-silvestre.html?fbclid=IwAR0kw-HCajrOR7kl0qXBM1aTeGLEwHM4u4GzloceQmP90q0QrHerfJ9Px9g HTTP/1.1" 200 955
69.171.249.12 - - [06/Apr/2023:19:01:08 -0500] "GET /fauna-silvestre-distrito-sensibiliza-a-personas-que-van-a-viajar-en-semana-santa-sobre-la-importancia-de-proteger-la-fauna-silvestre.html HTTP/1.1" 206 955
69.171.249.15 - - [06/Apr/2023:19:01:08 -0500] "GET /fauna-silvestre-distrito-sensibiliza-a-personas-que-van-a-viajar-en-semana-santa-sobre-la-importancia-de-proteger-la-fauna-silvestre.html HTTP/1.1" 206 955
69.171.249.22 - - [06/Apr/2023:19:01:09 -0500] "GET /fauna-silvestre-distrito-sensibiliza-a-personas-que-van-a-viajar-en-semana-santa-sobre-la-importancia-de-proteger-la-fauna-silvestre.html HTTP/1.1" 206 955
179.33.73.236 - - [06/Apr/2023:19:02:50 -0500] "GET /kwssiamovil/sm/acme/a?s=U2FsdGVkX19YevpGYrGy19LdkdSLLfifN4zpwGMOr2arFI7P0C/tylwGzCEozNW6/ydYTP4yyblI6MZp3BsCnQbI3Jb+mmjwD1gt4KzPrxbWqfKs9Dl1AeWcfR2OdOpF/j6Fx0HFDQ8uHLHom7HE6r+t1qi5dYmmxTWKBOXAc7B/vldQ5+4JmbWCXr61kJTWX7uk1KcEn2++RHhQg6d1aA6zvapSfmJfJPcG97vE45lA0I5edD/oey3vOp7oYuCjPdDDbdkAn4KJ1UKxEuOnww==&u=U2FsdGVkX19fh+ci8QrCHOoIgHZIXb2ngKJ2MENq3HA=&y=U2FsdGVkX19Um/jmPwusy2Pj92O7JfFy9MgQWmGMj1e/fQacAp6D0jKwwuhwA4g0 HTTP/1.1" 200 26
179.33.73.236 - - [06/Apr/2023:19:02:51 -0500] "GET /kwssiamovil/sm/acme/a?s=U2FsdGVkX18afO1oANXK6JkMSV0YrvX6I7U8PLua3gvyVaSwXJznboNB2Xc9YFnbsh0mXj3bpgdE3SLqfzNgY6GjCnL29+DrQmEzK4tmbxBRP+d2yaRKAAk5IYgtrsI2Q1w7ZiEK4dXOh1XohCyvKd1nyRWRoR7Kc8Ay3X8dyt8xc+/lD/1tidiO+BtnTdhts/VcvXtUWvL4T60A2rr4+pn50Qql9hCPdi+U+Ztz8deQzP8Ts/oO1gYUS1JK9FrHYxuAH/UROBM/yCPzr8oNNlbLfwtae1jHvgeKJZXnJN7xiHTcS19WJPSlP/Zf/w0ySOnqPJUtfYc29jcUmCx/LZKBuZePzezyuAcRb5HvU8qAQHJeSXVXlvbJZkH/AsZVl4AEI9WVZzrOi6jmrUYw47cWGq80Zrid25e46XCxp6zau1ztCSYV+s47P43IQ9iDun+WWzGoWOesgbNeet/wAAcmjbT7+x/xsZ/VO+HrrduOKFLOGe+SHiibJXiQI7qzoA+HCam5K++4jfNuDsRaM/Wi6FL5eTPIuUN3X5CV9JzF4N1BXR8Nfv+Auotvwlx+znE++VY4UbZMmPUcGyk75PeiiBc/NeVkQeSiEcT0h3tk/RJtd4bu3O4oRqFBwnrOeZ6zRVJmpE7PHYMCIRJVIeWXxypPzXTH9B+0k0wTa1bjfqIToJLF3OBzrdhhpQyoh6AGCzHTQwNRUPjZ4BcU8T7GYZuiR9glQjLi2PHmyOP/y9NbrBmHokBCMSk9bHLlJdjhECdYGWk8X1RfqD36RDYb8Qzm2ywM75XJI+/TK/MPDdcOErg+jy25nvMUP9Yr1vrfVD6yNvv4jaap/bkQ0r8q7VD6dDJi+YrOZUbZdCo+YZN3QdTpq2S4iqVTKSqYSxVOuji2EGy5uFFWhA8EanlPj+Ub5ik40eocpVLMzezIdg6x4QSFtI9a4Pgw8FxqT4WwqtC9JcaKswFXMN1apgz3ly5GbD6kZBvOqg6CjST5uS4RfCPPl1z/9qSH9/PdZvxFDX8/fGkNqS6VnlD4Vh5K8pCug2L70/J/zwsrHUHCnkSKJpmkn4XS9UoN68gyOzcoGYbuvUow6dKclHm+Ehx+DCvFqpRQ5IR61V7wvlSf+M78vTFuyGh7AFsHpNESYaVY7A9e+Tz83zDj50gB48zBrmCs7JSsSuEYb7rcTErDkx4D/IMBl64uldH/Ozes78CQibxigGrxD+baLTMXJj9CV57EuecPnCTO3rFWrCXo19r2l/LMc5ot4tlac34msLPCKL6JezxKwBC9sx55yXuoXx72iEfGjZ3yzJPwFm0GqbPSMzexZ3Kg2rqBb2hCwcufP7iYgISFmJn4JDrXntzoE0HpoDb2N1Ket2uMehyWa6l/lkc3j9N0h36jEPGvZq07NHvCLohqJNkUIQc6paliXhsx8ZFeNdJFIJCT6x5GQDl/0XHeX5MsuYLqnNF9+jciu6imqQWJZhmlY4T9blmYue6y4JOvvLbqwnB+MEsnF29qg7kdVwBLUMuZDNM0+yScjgQZBCh96X0uCljeKq7EO7M6cYCH4J0t6UcgdKo=&u=U2FsdGVkX19fh+ci8QrCHOoIgHZIXb2ngKJ2MENq3HA=&y=U2FsdGVkX19Um/jmPwusy2Pj92O7JfFy9MgQWmGMj1e/fQacAp6D0jKwwuhwA4g0 HTTP/1.1" 200 26
179.33.73.236 - - [06/Apr/2023:19:02:51 -0500] "GET /kwssiamovil/sm/acme/a?s=U2FsdGVkX18sQK2VtAmjxGmBRMMfpGqp0C2+G4fzzzHkJiXXAA5y+r++p9R1yvPvMss5CgYQpkBqD9mXNrK10xPXy9OQczenLskGUCcQjgVsOswEhnW26RJJ3i6KcMZYWuROU643Q7tIIilo5Yaw3O6Hza51Yvl0yHO6qC6vqKE=&u=U2FsdGVkX19fh+ci8QrCHOoIgHZIXb2ngKJ2MENq3HA=&y=U2FsdGVkX19Um/jmPwusy2Pj92O7JfFy9MgQWmGMj1e/fQacAp6D0jKwwuhwA4g0 HTTP/1.1" 200 26
179.33.73.236 - - [06/Apr/2023:19:02:51 -0500] "GET /kwssiamovil/sm/acme/a?s=U2FsdGVkX1/c6aNi87KfSH4AxXvmWRz8kIZhVZ9A4HIMWja7GA6OT08Gwd+S+AvF2G0su7WvGz83LndULd3Rma/Sd9vxmn3IcQoZjl5TQMUbSl6PDxXTBLOGvLnvkkAczB9scaGTJkyyHOCRo2rFbf0OMuWBNkIoxyf77msp8i4=&u=U2FsdGVkX19fh+ci8QrCHOoIgHZIXb2ngKJ2MENq3HA=&y=U2FsdGVkX19Um/jmPwusy2Pj92O7JfFy9MgQWmGMj1e/fQacAp6D0jKwwuhwA4g0 HTTP/1.1" 200 26
179.33.73.236 - - [06/Apr/2023:19:02:52 -0500] "GET /kwssiamovil/sm/acme/a?s=U2FsdGVkX1/9W+BP7kKhXp4OEohXn09Sss5XzdGdRzw2kgBkwWqaASvFc5OfdFkNEP4Jgpo2CDncSIGXlROvIBWJRnTCB8v4wjMyCwUm7YCwn1dNkDReOCVfLfc+WN/UkLzvU3p7pt9CuElaqjbcEVXwzKrdx5Vymfxxfb5nwEQ=&u=U2FsdGVkX19fh+ci8QrCHOoIgHZIXb2ngKJ2MENq3HA=&y=U2FsdGVkX19Um/jmPwusy2Pj92O7JfFy9MgQWmGMj1e/fQacAp6D0jKwwuhwA4g0 HTTP/1.1" 200 26
179.33.73.236 - - [06/Apr/2023:19:02:52 -0500] "GET /kwssiamovil/sm/acme/a?s=U2FsdGVkX1+wPPE5HhBasM/GEDTMMb0xWwO1jMFJjXdMEZ8Nh3cTHKQy3c70YHldV5W8H1CxNCqkesEwGJrFqaF86hg5wtpo1ClgyATcIqpkhxSfJPkIbuyka8V6SYSYnTVF4UuaxWDVEl0kr9T0Rvto9HUo5kB5myQxoFoh4LnRCJ7U08cuQ7QxdVx422hhCx119+HSJCHdT3GrcnlC5w==&u=U2FsdGVkX19fh+ci8QrCHOoIgHZIXb2ngKJ2MENq3HA=&y=U2FsdGVkX19Um/jmPwusy2Pj92O7JfFy9MgQWmGMj1e/fQacAp6D0jKwwuhwA4g0 HTTP/1.1" 200 26
31.13.127.12 - - [06/Apr/2023:19:03:52 -0500] "GET /images/WhatsApp%20Image%202023-04-05%20at%2013.54.41.jpeg HTTP/1.1" 200 210747
31.13.127.8 - - [06/Apr/2023:19:03:52 -0500] "GET /images/Fauna-silvestre-jornada-sensibilizacion-semana-santa.jpeg HTTP/1.1" 200 50019
201.245.192.253 - - [06/Apr/2023:19:04:20 -0500] "POST /kwsrmcab/Wsrmcab  HTTP/1.1" 200 42075
69.171.231.1 - - [06/Apr/2023:19:04:41 -0500] "GET /images/Fauna-silvestre-jornada-sensibilizacion-semana-santa.jpeg HTTP/1.1" 200 50019
216.245.221.92 - - [06/Apr/2023:19:05:36 -0500] "HEAD / HTTP/1.1" 200 -
172.22.2.4 - - [06/Apr/2023:19:04:03 -0500] "HEAD /BLA/boletinlegal/ HTTP/1.1" 200 -
172.22.2.4 - - [06/Apr/2023:19:04:54 -0500] "GET /BLA/boletinlegal/ HTTP/1.1" 200 57551
173.252.111.17 - - [06/Apr/2023:19:07:57 -0500] "GET /images/24%20de%20febrero%20Sendero%20guadalupe%202.jpeg HTTP/1.1" 200 70964
173.252.95.8 - - [06/Apr/2023:19:07:59 -0500] "GET /images/reunion-planta-termovalorizacion-11-mayo.jpg HTTP/1.1" 200 34782
201.245.192.253 - - [06/Apr/2023:19:09:19 -0500] "POST /kwsrmcab/Wsrmcab  HTTP/1.1" 200 42075
69.63.184.120 - - [06/Apr/2023:19:09:23 -0500] "GET /images/Fauna-silvestre-jornada-sensibilizacion-semana-santa.jpeg HTTP/1.1" 200 50019
186.86.32.140 - - [06/Apr/2023:19:09:37 -0500] "GET /incautadas-cuatro-aves-y-mas-9-mil-gramos-de-productos-de-fauna-silvestre.html HTTP/1.1" 200 884
191.156.189.133 - - [06/Apr/2023:19:10:25 -0500] "GET /fauna-silvestre-distrito-sensibiliza-a-personas-que-van-a-viajar-en-semana-santa-sobre-la-importancia-de-proteger-la-fauna-silvestre.html HTTP/1.1" 200 955
216.245.221.92 - - [06/Apr/2023:19:10:36 -0500] "HEAD / HTTP/1.1" 200 -
172.22.2.4 - - [06/Apr/2023:19:09:53 -0500] "HEAD /BLA/boletinlegal/ HTTP/1.1" 200 -
172.22.2.4 - - [06/Apr/2023:19:10:44 -0500] "GET /BLA/boletinlegal/ HTTP/1.1" 200 56277
186.84.90.45 - - [06/Apr/2023:19:13:57 -0500] "GET /semana-santa-dias-y-horarios-para-visitar-el-camino-guadalupe-aguanoso.html HTTP/1.1" 200 943
201.245.192.253 - - [06/Apr/2023:19:14:18 -0500] "POST /kwsrmcab/Wsrmcab  HTTP/1.1" 200 42075
162.142.125.225 - - [06/Apr/2023:19:15:28 -0500] "GET / HTTP/1.1" 200 319
162.142.125.225 - - [06/Apr/2023:19:15:28 -0500] "GET / HTTP/1.1" 200 319
162.142.125.225 - - [06/Apr/2023:19:15:28 -0500] "PRI * HTTP/2.0" 400 946
162.142.125.225 - - [06/Apr/2023:19:15:28 -0500] "GET /favicon.ico HTTP/1.1" 200 7782
216.245.221.92 - - [06/Apr/2023:19:15:36 -0500] "HEAD / HTTP/1.1" 200 -
191.106.183.11 - - [06/Apr/2023:19:15:41 -0500] "GET /galeria/galeria/jquery.fancybox.js?v=2.1.5 HTTP/1.1" 200 48706
191.106.183.11 - - [06/Apr/2023:19:15:41 -0500] "GET /galeria/galeria/jquery.fancybox.css?v=2.1.5 HTTP/1.1" 200 4895
191.106.183.11 - - [06/Apr/2023:19:15:41 -0500] "GET /BLA/boletinlegal/js/jquery.scrollShow.js HTTP/1.1" 200 4586
186.31.57.93 - - [06/Apr/2023:19:16:11 -0500] "GET /kwssiamovil/sm/acme/a?s=U2FsdGVkX19wFa72DOYQw9DhptJd4CK83AhqbQOQEHEyKPAOAMhX/nCZQFli3w2NUN+wogEZcuA7X7+XPtnTJTn92wBuDeCoeH1icmkeNoaTKmNXGHaatTUxjb8LFKRLz+i3/guLKb2O7NGlKvZs+wT2mh4zAbPogb4qR6CvuFDJVAzWh+RvleyrC3+ozRJBDXLPMOejio4wC/CFO0UTGj2JZlngYh7Zfm/TtbRP/ScwqshEEEixmwraOw1ECGqYBbniYC4U3xUe9+zgsuGB6g==&u=U2FsdGVkX19aXwyWaNLP78SCcohjs2yFRgsfI1fUPMMraHgPiRcsr79gixFrMFqn&y=U2FsdGVkX19xKCdf46QT8i1RKNo0IcOEqKsUonrRgP/R/HXFox2Zlg+SoRXPD/F2 HTTP/1.1" 200 26
186.31.57.93 - - [06/Apr/2023:19:16:11 -0500] "GET /kwssiamovil/sm/acme/a?s=U2FsdGVkX1/9Rf7SdIMxO4X2Sq1u6QCnVhr4CbdfEJo/iEqGLXa2j8WPQFf93F4qUp7yynag4yuXVCudvWhDcUgstlcBE8quun93ungPvH7UUIM/vxtdnIzmMxAkT0GVWCS2D+kFdJdPfuXFNjTs+tDgSuTAL3MojpJFfzvZ6qM+HeWlxOP6//Qr+i1a2qZ8jWm4ToNEs5DlP1IDw83EVBLe+h+kSOYFlqDVvgmpmCRDGJ332ryyLlFCKLpLR7XZ+tLymVKhJRhyDC61/Le2vtbJsj8xoMshCyIbX6TFyvAOcyEEGWhWxfKBF8qfXan4jjnbLHu7VUwEMJw1mi4Ylvan2OcAywju9M3Rta3puDiCbvEV7qbYjymmc159biId2w3B+/NET6Ms7zVvai5YHd6whZr/qMZfdyMDkD9SyeUADoMzXSrDFdJX0/iugpJCCYQajwIjLIiOmxLkAGFDNFqSYo92W6Kr0vZ4RuNOdlIpmFA1egwc4abxa2aWV3rl/C3vH4okJ44ZIE4ov3WVZuuLQq1c3uBnleyy2beu0RpDUanWje0RWVMUdnUQQ2JRd/+ettlxw+MHapGimhXylZxHQbaIRPqif/UwkNAYLuH1+AOrKIKlutL1rKM774NxY3PAvlrVdZ6A6+pMwMeTtv33T0soeUNlsfsq4JWfZtki2APM+hH0M7KXy4GkZz65vsdS8sMubPzVZuW/MVkpYn+kXLMU3PQrJM/mnrpHxFab+/89rJCTdjyGxx8xZUU+jVUa1HJ2IAvVILBwdv1uoTY+fGx+uMsK4l6wMf/pU+9D6wd3OF6sMjjn2aguK3TB5RKUQRMyrT9fHLfc0m51LUGeqvaaSTNMXjbHOyzIGX5i7oPq9aDHzvMWSg8cl/PcastoOh42bJ+4Z++6Y/byTVHGq2xP0GmBRfu/b8E07P3+DE4XI1HyHs2DwY+psrwejBDtdsKC8iCidgt/auqa8xNilRnZ4A9NNt8W8p0DB8zmWmf+6n62OctYht1tbJSvPO1tSCbbnrMTnOWv3N+xFiiwzGENkXcNZIe/f+hj2BfbBah4CbbTi9DlQi/SpA17qOxRRnTRGeC+sVO/H3gUV7h1U7h2gn54UyO0KLW7nD8icOABII4Obd2ydbDMO1pF1LVkbQwhv4R0R7/vydeh9hoN+FX6xh80ca7hmZ8LZhp9jTpnhkLgzzcLIR8Wo1X3MRUY4TP1ExX9rRbXAa/tsP5p4jWaXo/ANhOVS7D3SUeTh4sDVbCNSdk+92KQQa9rpvjLuOKRh6SQBiFrpPTPXaJ8/v+GiQKm7GYvyfS8tvqqZdYc3oWPsXDSw2JD4btoCfcVJe/X9ndaAZp5nubS/CFO59W6kptg6af/zFqFtEhlJSkpfU8zCj8SfZQXuIwtZNhJSstMqEO4JLfNDrkor+3vuENUWDV7JmQotcBTy/ki9mEQI8uG70fduwhXouzjL3ENS/r37S8Y7Zu3oSJjcEPCyB0AnzyxVGHPwCYyQceXTUuTXdymG5VJc8lQwqm4X+3LCxApkcpzV0jJNkS2bFIpSV3hGiUv1ABfJg7s7Bj1beI3mFRlFytu8gBXJFs/G3w0zkSZ+qajtOMVTU1mQCs9Z0bFbegvJbNbpS1i409UAy/wFuxpJY4YO4P5JrBtNR2HFjjt1fCL4QeM8LZWtA+v3cA0P4oU0S2k3/xbyMlG+hmdKy/K5Zek0YgtWGzxe3BHiiEjDhwxCN7ZxQBbwkmPEWY+AhSc3U6R56RFxhuEARGnn25D0iUy8lQ3RLmiwmBw15ezROvUTvw5okA/nHeEOpAhc9L2mrQwyngmmZzna/+xLAfuNlUBScYXiRCShC3n6my+q5jSKv0ZAKx93JKSMSYagY5W5Gujltw8ZT8m0iA2T5vQgT8Bka7m2yrY&u=U2FsdGVkX19aXwyWaNLP78SCcohjs2yFRgsfI1fUPMMraHgPiRcsr79gixFrMFqn&y=U2FsdGVkX19xKCdf46QT8i1RKNo0IcOEqKsUonrRgP/R/HXFox2Zlg+SoRXPD/F2 HTTP/1.1" 200 26
186.31.57.93 - - [06/Apr/2023:19:16:11 -0500] "GET /kwssiamovil/sm/acme/a?s=U2FsdGVkX1+U21WT7D/nTmLqqyW+9nyoYcYfns7jFk1F8N4+85Myp0a/AZxfnkHNstyIT2KQrCyhK/++fGFZvzfMzS0c6eNvlwRxTKyIsjo82beIZ7V6DE4xbqidKvwb25SkLhr3d93ig8UpqeeUSevN55y3OFPI0AHkE2Q+9sI=&u=U2FsdGVkX19aXwyWaNLP78SCcohjs2yFRgsfI1fUPMMraHgPiRcsr79gixFrMFqn&y=U2FsdGVkX19xKCdf46QT8i1RKNo0IcOEqKsUonrRgP/R/HXFox2Zlg+SoRXPD/F2 HTTP/1.1" 200 26
186.31.57.93 - - [06/Apr/2023:19:16:12 -0500] "GET /kwssiamovil/sm/acme/a?s=U2FsdGVkX1/H08as8VdhYWh0wRTH5iT/BNkq+u8G92qHVH+J19aKsJfc+EI9HlFIIqIKxGXn1WwCy1LVhO7TG76iitHcZ3AKfmt01y3Lggl6s/FnazZTBkaGtVRE1g51zoayBFL51gws0bz1bDFvBmvn80kSoBRf2t4bLgiD8dg=&u=U2FsdGVkX19aXwyWaNLP78SCcohjs2yFRgsfI1fUPMMraHgPiRcsr79gixFrMFqn&y=U2FsdGVkX19xKCdf46QT8i1RKNo0IcOEqKsUonrRgP/R/HXFox2Zlg+SoRXPD/F2 HTTP/1.1" 200 26
186.31.57.93 - - [06/Apr/2023:19:16:12 -0500] "GET /kwssiamovil/sm/acme/a?s=U2FsdGVkX18SYwh+Ne2YYBtc+lz/lzuWOdVuX6ftGSAYVTbJRe0kpnCrPl4qmXvKdfqNzeqe7p1gE7ouwBKRVkZLse+HNPB4YNurXKVXkzpulPCleQrf7YF7cviBjMVzZxMrOhEn+0IWWboTFm3XHIK+oAGtazxXnNEBYyv8+eo=&u=U2FsdGVkX19aXwyWaNLP78SCcohjs2yFRgsfI1fUPMMraHgPiRcsr79gixFrMFqn&y=U2FsdGVkX19xKCdf46QT8i1RKNo0IcOEqKsUonrRgP/R/HXFox2Zlg+SoRXPD/F2 HTTP/1.1" 200 26
186.31.57.93 - - [06/Apr/2023:19:16:12 -0500] "GET /kwssiamovil/sm/acme/a?s=U2FsdGVkX19+7/wWkNUvvAqTePSQjqIvilyuVZGJI96NO7L08oWM0L+OcpXBsgPNm4qIw4APg9tue6v/dzN1b+76txj+Oz2D5hGq7Pyp15aBCEXWJ3zcYmbR7+7K4jXov41kOgpqkJUwGwYjXH4avb9kIY22ClEB7oRcy84Rb4rWjqdZPSFmDgfb4LTZIn7YVuHCT25hDlmvHr8XeW1oTA==&u=U2FsdGVkX19aXwyWaNLP78SCcohjs2yFRgsfI1fUPMMraHgPiRcsr79gixFrMFqn&y=U2FsdGVkX19xKCdf46QT8i1RKNo0IcOEqKsUonrRgP/R/HXFox2Zlg+SoRXPD/F2 HTTP/1.1" 200 26
191.102.67.233 - - [06/Apr/2023:19:16:37 -0500] "GET /autoridades-frenan-disposicion-de-residuos-de-construccion-cerca-al-humedal-salitre.html HTTP/1.1" 200 935
181.53.13.96 - - [06/Apr/2023:19:17:01 -0500] "GET /BLA/resoluciones/Notificaciones/AUTOS%202022/7984.pdf HTTP/1.1" 200 443558
181.53.13.96 - - [06/Apr/2023:19:17:06 -0500] "GET /BLA/resoluciones/Notificaciones/AUTOS%202022/8205.pdf HTTP/1.1" 200 426562
172.22.2.4 - - [06/Apr/2023:19:15:43 -0500] "HEAD /BLA/boletinlegal/ HTTP/1.1" 200 -
186.102.48.190 - - [06/Apr/2023:19:17:50 -0500] "GET /incautadas-cuatro-aves-y-mas-9-mil-gramos-de-productos-de-fauna-silvestre.html HTTP/1.1" 200 884
172.22.2.4 - - [06/Apr/2023:19:16:34 -0500] "GET /BLA/boletinlegal/ HTTP/1.1" 200 57551
181.53.13.96 - - [06/Apr/2023:19:18:37 -0500] "GET /BLA/resoluciones/Notificaciones/RESOLUCIONES%202023/00153.pdf HTTP/1.1" 200 514220
181.53.13.96 - - [06/Apr/2023:19:18:37 -0500] "GET /favicon.ico HTTP/1.1" 200 7782
181.53.13.96 - - [06/Apr/2023:19:19:19 -0500] "GET /BLA/resoluciones/Notificaciones/AUTOS%202022/7984.pdf HTTP/1.1" 200 443558
201.245.192.253 - - [06/Apr/2023:19:19:17 -0500] "POST /kwsrmcab/Wsrmcab  HTTP/1.1" 200 42075
199.16.157.183 - - [06/Apr/2023:19:19:45 -0500] "GET /images/actividades-dia-tierra-22-abril.jpg HTTP/1.1" 200 77276
199.16.157.183 - - [06/Apr/2023:19:19:45 -0500] "GET /images/actividades-dia-tierra-22-abril.jpg HTTP/1.1" 200 77276
199.16.157.182 - - [06/Apr/2023:19:19:45 -0500] "GET /distrito-academia-y-sector-privado-plantaron-100-arboles-para-conmemorar-el-dia-de-la-tierra.html HTTP/1.1" 200 1066
201.245.192.253 - - [06/Apr/2023:19:20:09 -0500] "POST /kwsrmcab/Wsrmcab HTTP/1.1" 200 43120
201.245.192.253 - - [06/Apr/2023:19:20:12 -0500] "POST /kwsrmcab/Wsrmcab HTTP/1.1" 200 43165
20.15.133.166 - - [06/Apr/2023:19:20:26 -0500] "GET /reporte-calidad-del-aire-martes.html HTTP/1.1" 200 885
216.245.221.92 - - [06/Apr/2023:19:20:36 -0500] "HEAD / HTTP/1.1" 200 -
181.53.13.96 - - [06/Apr/2023:19:20:39 -0500] "GET /BLA/resoluciones/Notificaciones/AUTOS%202022/7914.pdf HTTP/1.1" 200 417838
186.30.73.106 - - [06/Apr/2023:19:20:41 -0500] "GET /BLA/resoluciones/AUTOS%202014/2012.pdf HTTP/1.1" 200 346230
172.22.2.4 - - [06/Apr/2023:19:21:33 -0500] "HEAD /BLA/boletinlegal/ HTTP/1.1" 200 -
31.13.127.116 - - [06/Apr/2023:19:23:32 -0500] "GET /images/Fauna-silvestre-jornada-sensibilizacion-semana-santa.jpeg HTTP/1.1" 200 50019
172.22.2.4 - - [06/Apr/2023:19:22:23 -0500] "GET /BLA/boletinlegal/ HTTP/1.1" 200 52316
201.245.192.253 - - [06/Apr/2023:19:24:16 -0500] "POST /kwsrmcab/Wsrmcab  HTTP/1.1" 200 42075
69.171.249.13 - - [06/Apr/2023:19:25:08 -0500] "GET /animales-recuperados-en-san-cristobal-y-ciudad-bolivar-son-atendidos-en-el-centro-de-flora-de-la-secretaria-de-ambiente.html HTTP/1.1" 206 1056
69.171.249.116 - - [06/Apr/2023:19:25:08 -0500] "GET /secretaria-de-ambiente-rescata-perezoso-y-lo-traslada-al-departamento-de-antioquia-para-su-rehabilitacion.html HTTP/1.1" 206 1059
181.53.13.96 - - [06/Apr/2023:19:25:25 -0500] "GET /BLA/resoluciones/Notificaciones/RESOLUCIONES%202022/4631.pdf HTTP/1.1" 200 383861
191.156.182.223 - - [06/Apr/2023:19:25:29 -0500] "GET /autoridades-frenan-disposicion-de-residuos-de-construccion-cerca-al-humedal-salitre.html?fbclid=PAAaYE2-xl09kWT4-31lFCXEWh-vS4gwtcVcplxOFMLtdKGHTD94yF1eFhKWU HTTP/1.1" 200 935
216.245.221.92 - - [06/Apr/2023:19:25:36 -0500] "HEAD / HTTP/1.1" 200 -
69.171.231.4 - - [06/Apr/2023:19:27:06 -0500] "GET /images/Fauna-silvestre-jornada-sensibilizacion-semana-santa.jpeg HTTP/1.1" 200 50019
186.80.183.77 - - [06/Apr/2023:19:28:42 -0500] "GET /autoridades-frenan-disposicion-de-residuos-de-construccion-cerca-al-humedal-salitre.html?fbclid=PAAaYOYXsRTz4r7JIiwY8j0a91W7C_NRpeSUusV9_syX03_4m1oaJKjAOs-_g HTTP/1.1" 200 935
172.22.2.4 - - [06/Apr/2023:19:27:23 -0500] "HEAD /BLA/boletinlegal/ HTTP/1.1" 200 -
201.245.192.253 - - [06/Apr/2023:19:29:15 -0500] "POST /kwsrmcab/Wsrmcab  HTTP/1.1" 200 42075
40.77.167.208 - - [06/Apr/2023:19:29:43 -0500] "GET / HTTP/1.1" 200 4720
172.22.2.4 - - [06/Apr/2023:19:28:13 -0500] "GET /BLA/boletinlegal/ HTTP/1.1" 200 57141
201.245.192.253 - - [06/Apr/2023:19:30:10 -0500] "POST /kwsrmcab/Wsrmcab HTTP/1.1" 200 43120
201.245.192.253 - - [06/Apr/2023:19:30:12 -0500] "POST /kwsrmcab/Wsrmcab HTTP/1.1" 200 43165
216.245.221.92 - - [06/Apr/2023:19:30:36 -0500] "HEAD / HTTP/1.1" 200 -
172.22.2.4 - - [06/Apr/2023:19:30:06 -0500] "GET /BLA/boletinlegal/ HTTP/1.1" 200 28619
172.22.2.4 - - [06/Apr/2023:19:30:51 -0500] "GET /BLA/boletinlegal/owa/ HTTP/1.1" 404 1018
172.22.2.4 - - [06/Apr/2023:19:30:51 -0500] "GET /BLA/boletinlegal/autodiscover/autodiscover.json?a..foo.var/owa/?&Email=autodiscover/autodiscover.json?a..foo.var&Protocol=XYZ&FooProtocol=%50owershell HTTP/1.1" 404 1018
172.22.2.4 - - [06/Apr/2023:19:30:40 -0500] "GET /BLA/boletinlegal/ HTTP/1.1" 200 24523
172.22.2.4 - - [06/Apr/2023:19:31:24 -0500] "HEAD /BLA/boletinlegal/icons/sphere1.png HTTP/1.1" 404 -
172.22.2.4 - - [06/Apr/2023:19:31:24 -0500] "GET /BLA/boletinlegal/admin/ HTTP/1.1" 200 2324
172.22.2.4 - - [06/Apr/2023:19:31:25 -0500] "GET /BLA/boletinlegal/solr/ HTTP/1.1" 404 1018
66.249.70.210 - - [06/Apr/2023:19:31:55 -0500] "-" 408 -
172.22.2.4 - - [06/Apr/2023:19:32:13 -0500] "GET /BLA/boletinlegal/webfig/ HTTP/1.1" 404 1018
172.22.2.4 - - [06/Apr/2023:19:32:05 -0500] "GET /BLA/boletinlegal/ HTTP/1.1" 200 28619
190.69.225.115 - - [06/Apr/2023:19:32:53 -0500] "GET /galeria/galeria/jquery.fancybox.css?v=2.1.5 HTTP/1.1" 200 4895
