69.63.184.2 - - [06/Apr/2023:12:35:06 -0500] "GET /images/incautan-animales-semana-santa-2023.jpeg HTTP/1.1" 200 36611
216.245.221.92 - - [06/Apr/2023:12:35:37 -0500] "HEAD / HTTP/1.1" 200 -
172.22.2.4 - - [06/Apr/2023:12:34:05 -0500] "GET /BLA/boletinlegal/ HTTP/1.1" 200 57551
201.245.192.253 - - [06/Apr/2023:12:36:08 -0500] "POST /kwsrmcab/Wsrmcab  HTTP/1.1" 200 42075
69.63.184.116 - - [06/Apr/2023:12:36:20 -0500] "GET /images/incautan-animales-semana-santa-2023.jpeg HTTP/1.1" 200 36611
173.252.111.118 - - [06/Apr/2023:12:37:51 -0500] "GET /images/8%20de%20febrero%20incendio%20forestal.jpeg HTTP/1.1" 200 56283
66.249.70.207 - - [06/Apr/2023:12:38:12 -0500] "-" 408 -
201.245.192.253 - - [06/Apr/2023:12:40:11 -0500] "POST /kwsrmcab/Wsrmcab HTTP/1.1" 200 42554
201.245.192.253 - - [06/Apr/2023:12:40:14 -0500] "POST /kwsrmcab/Wsrmcab HTTP/1.1" 200 43472
216.245.221.92 - - [06/Apr/2023:12:40:37 -0500] "HEAD / HTTP/1.1" 200 -
69.171.249.19 - - [06/Apr/2023:12:40:38 -0500] "GET /distrito-levanta-alerta-fase-1-por-calidad-del-aire-en-bogota-llamado-a-no-bajar-la-guardia-y-seguir-reduciendo-emisiones.html HTTP/1.1" 206 908
172.22.2.4 - - [06/Apr/2023:12:39:04 -0500] "HEAD /BLA/boletinlegal/ HTTP/1.1" 200 -
172.22.2.4 - - [06/Apr/2023:12:40:55 -0500] "GET /BLA/boletinlegal/actos.php HTTP/1.1" 200 9672
181.61.204.215 - - [06/Apr/2023:12:40:58 -0500] "GET /BLA/resoluciones/ HTTP/1.1" 200 13502
69.171.251.14 - - [06/Apr/2023:12:41:01 -0500] "GET /autoridades-frenan-disposicion-de-residuos-de-construccion-cerca-al-humedal-salitre.html?fbclid=IwAR1HvjBaWLnaCAGgri7gWJFQn-GqRaMvEf0eTBe_cya-fXDUeXmaXfYV4Z0 HTTP/1.1" 200 935
181.61.204.215 - - [06/Apr/2023:12:41:03 -0500] "GET /BLA/resoluciones/index.php?dir=AUTOS+2019%2F HTTP/1.1" 200 360261
201.245.192.253 - - [06/Apr/2023:12:41:06 -0500] "POST /kwsrmcab/Wsrmcab  HTTP/1.1" 200 42075
40.77.167.80 - - [06/Apr/2023:12:41:16 -0500] "GET /BLA/resoluciones/RESOLUCIONES%202015/0932.pdf HTTP/1.1" 304 -
101.199.254.202 - - [06/Apr/2023:12:41:21 -0500] "-" 408 -
172.22.2.4 - - [06/Apr/2023:12:39:54 -0500] "GET /BLA/boletinlegal/ HTTP/1.1" 200 39568
172.22.2.4 - - [06/Apr/2023:12:40:35 -0500] "GET /BLA/boletinlegal/ HTTP/1.1" 200 24523
172.22.2.4 - - [06/Apr/2023:12:40:35 -0500] "GET /BLA/boletinlegal/ HTTP/1.1" 200 24523
173.252.83.9 - - [06/Apr/2023:12:41:58 -0500] "GET /galeria/galeria/fotos/Entrenube1P.jpg HTTP/1.1" 200 6959
172.22.2.4 - - [06/Apr/2023:12:41:02 -0500] "GET /BLA/boletinlegal/ HTTP/1.1" 200 24523
172.22.2.4 - - [06/Apr/2023:12:41:02 -0500] "GET /BLA/boletinlegal/ HTTP/1.1" 200 24523
172.22.2.4 - - [06/Apr/2023:12:40:54 -0500] "GET /BLA/boletinlegal/ HTTP/1.1" 200 43256
69.63.184.3 - - [06/Apr/2023:12:42:51 -0500] "GET /images/incautan-animales-semana-santa-2023.jpeg HTTP/1.1" 200 36611
172.22.2.4 - - [06/Apr/2023:12:42:04 -0500] "GET /BLA/boletinlegal/ HTTP/1.1" 200 24523
172.22.2.4 - - [06/Apr/2023:12:42:04 -0500] "GET /BLA/boletinlegal/ HTTP/1.1" 200 24523
52.167.144.87 - - [06/Apr/2023:12:43:01 -0500] "GET /BLA/resoluciones/AUTOS%202018/2927.pdf HTTP/1.1" 304 -
173.252.111.3 - - [06/Apr/2023:12:45:25 -0500] "GET /images/negocios-verdes-mayo-2022.jpg HTTP/1.1" 200 48000
216.245.221.92 - - [06/Apr/2023:12:45:37 -0500] "HEAD / HTTP/1.1" 200 -
201.245.192.253 - - [06/Apr/2023:12:46:05 -0500] "POST /kwsrmcab/Wsrmcab  HTTP/1.1" 200 42075
66.220.149.11 - - [06/Apr/2023:12:46:23 -0500] "GET /images/24%20de%20febrero%20Sendero%20guadalupe%202.jpeg HTTP/1.1" 200 70964
172.22.2.4 - - [06/Apr/2023:12:44:54 -0500] "HEAD /BLA/boletinlegal/ HTTP/1.1" 200 -
172.22.2.4 - - [06/Apr/2023:12:45:45 -0500] "GET /BLA/boletinlegal/ HTTP/1.1" 200 52316
52.167.144.87 - - [06/Apr/2023:12:48:02 -0500] "GET /Publicaciones/2022EE86504.pdf HTTP/1.1" 404 227
31.13.127.21 - - [06/Apr/2023:12:49:07 -0500] "GET /images/incautan-animales-semana-santa-2023.jpeg HTTP/1.1" 200 36611
216.245.221.92 - - [06/Apr/2023:12:50:37 -0500] "HEAD / HTTP/1.1" 200 -
201.245.192.253 - - [06/Apr/2023:12:51:04 -0500] "POST /kwsrmcab/Wsrmcab  HTTP/1.1" 200 42075
66.249.70.172 - - [06/Apr/2023:12:51:12 -0500] "GET /autoridades-frenan-disposicion-de-residuos-de-construccion-cerca-al-humedal-salitre.html HTTP/1.1" 200 935
172.22.2.4 - - [06/Apr/2023:12:50:44 -0500] "HEAD /BLA/boletinlegal/ HTTP/1.1" 200 -
52.167.144.44 - - [06/Apr/2023:12:52:37 -0500] "GET /portaldeninos/2021/01/14/en-caso-de-encontrarte-una-tingua-azul-sigue-las-siguientes-recomendaciones/ HTTP/1.1" 200 102470
172.22.2.4 - - [06/Apr/2023:12:51:34 -0500] "GET /BLA/boletinlegal/ HTTP/1.1" 200 59296
216.245.221.92 - - [06/Apr/2023:12:55:37 -0500] "HEAD / HTTP/1.1" 200 -
66.249.70.168 - - [06/Apr/2023:12:55:56 -0500] "-" 408 -
201.245.192.253 - - [06/Apr/2023:12:56:03 -0500] "POST /kwsrmcab/Wsrmcab  HTTP/1.1" 200 42075
52.167.144.87 - - [06/Apr/2023:12:56:43 -0500] "GET /BLA/resoluciones/AUTOS%202022/4095.pdf HTTP/1.1" 304 -
181.53.12.232 - - [06/Apr/2023:12:57:23 -0500] "GET /galeria/galeria/jquery.fancybox.css?v=2.1.5 HTTP/1.1" 200 4895
181.53.12.232 - - [06/Apr/2023:12:57:24 -0500] "GET /BLA/boletinlegal/js/jquery.scrollShow.js HTTP/1.1" 200 4586
181.53.12.232 - - [06/Apr/2023:12:57:24 -0500] "GET /galeria/galeria/jquery.fancybox.js?v=2.1.5 HTTP/1.1" 200 48706
181.53.12.232 - - [06/Apr/2023:12:57:24 -0500] "GET /galeria/bibloteca/contentflow.js HTTP/1.1" 200 42804
181.53.12.232 - - [06/Apr/2023:12:57:25 -0500] "GET /galeria/bibloteca/contentflow.css HTTP/1.1" 200 3201
181.53.12.232 - - [06/Apr/2023:12:57:25 -0500] "GET /galeria/bibloteca/ContentFlowAddOn_white.js HTTP/1.1" 200 2497
181.53.12.232 - - [06/Apr/2023:12:57:25 -0500] "GET /galeria/bibloteca/mycontentflow.css HTTP/1.1" 200 3110
181.53.12.232 - - [06/Apr/2023:12:57:25 -0500] "GET /galeria/bibloteca/ContentFlowAddOn_white.css HTTP/1.1" 200 3355
181.53.12.232 - - [06/Apr/2023:12:57:25 -0500] "GET /galeria/bibloteca/img/loader.gif HTTP/1.1" 200 8238
181.53.12.232 - - [06/Apr/2023:12:57:25 -0500] "GET /galeria/bibloteca/img/scrollbar_white.png HTTP/1.1" 200 82
181.53.12.232 - - [06/Apr/2023:12:57:25 -0500] "GET /galeria/bibloteca/img/slider_white.png HTTP/1.1" 200 178
181.53.12.232 - - [06/Apr/2023:12:57:27 -0500] "GET /galeria/bibloteca/img/ajax-loader.gif HTTP/1.1" 200 9427
181.53.12.232 - - [06/Apr/2023:12:57:27 -0500] "GET /galeria/bibloteca/img/1x1_0.5_white.png HTTP/1.1" 200 82
181.53.12.232 - - [06/Apr/2023:12:57:27 -0500] "GET /galeria/bibloteca/img/scrollbar_black.png HTTP/1.1" 200 82
181.53.12.232 - - [06/Apr/2023:12:57:27 -0500] "GET /galeria/bibloteca/img/slider_black.png HTTP/1.1" 200 175
172.22.2.4 - - [06/Apr/2023:12:56:34 -0500] "HEAD /BLA/boletinlegal/ HTTP/1.1" 200 -
66.249.70.172 - - [06/Apr/2023:12:58:48 -0500] "GET /incautadas-cuatro-aves-y-mas-9-mil-gramos-de-productos-de-fauna-silvestre.html HTTP/1.1" 200 884
180.163.220.61 - - [06/Apr/2023:12:58:55 -0500] "-" 408 -
191.102.117.217 - - [06/Apr/2023:12:59:00 -0500] "GET /forest/ HTTP/1.1" 200 12041
191.102.117.217 - - [06/Apr/2023:12:59:04 -0500] "POST /forest/index.php HTTP/1.1" 200 12268
172.22.2.4 - - [06/Apr/2023:12:57:24 -0500] "GET /BLA/boletinlegal/ HTTP/1.1" 200 57551
168.119.76.155 - - [06/Apr/2023:12:59:35 -0500] "-" 408 -
186.155.19.209 - - [06/Apr/2023:13:00:09 -0500] "POST /sipse/faces/presentacion/financiero/solicitudProceso/listarSolicitudProceso.xhtml HTTP/1.1" 200 58303
186.155.19.209 - - [06/Apr/2023:13:00:09 -0500] "POST /sipse/faces/presentacion/financiero/solicitudProceso/listarSolicitudProceso.xhtml HTTP/1.1" 200 58303
66.249.70.172 - - [06/Apr/2023:13:00:09 -0500] "GET /secretaria-de-ambiente-entrego-balance-de-su-gestion-en-2022-y-presento-los-retos-para-el-2023.html HTTP/1.1" 200 968
186.155.19.209 - - [06/Apr/2023:13:00:09 -0500] "POST /sipse/faces/presentacion/financiero/solicitudProceso/listarSolicitudProceso.xhtml HTTP/1.1" 200 58303
186.155.19.209 - - [06/Apr/2023:13:00:10 -0500] "POST /sipse/faces/presentacion/financiero/solicitudProceso/listarSolicitudProceso.xhtml HTTP/1.1" 200 58303
186.155.19.209 - - [06/Apr/2023:13:00:10 -0500] "POST /sipse/faces/presentacion/financiero/solicitudProceso/listarSolicitudProceso.xhtml HTTP/1.1" 200 1556
186.155.19.209 - - [06/Apr/2023:13:00:10 -0500] "POST /sipse/faces/presentacion/financiero/solicitudProceso/listarSolicitudProceso.xhtml HTTP/1.1" 200 1560
186.155.19.209 - - [06/Apr/2023:13:00:10 -0500] "POST /sipse/faces/presentacion/financiero/solicitudProceso/listarSolicitudProceso.xhtml HTTP/1.1" 200 1564
186.155.19.209 - - [06/Apr/2023:13:00:11 -0500] "POST /sipse/faces/presentacion/financiero/solicitudProceso/listarSolicitudProceso.xhtml HTTP/1.1" 200 1560
216.245.221.92 - - [06/Apr/2023:13:00:37 -0500] "HEAD / HTTP/1.1" 200 -
186.155.19.209 - - [06/Apr/2023:13:00:40 -0500] "POST /sipse/faces/presentacion/financiero/solicitudProceso/listarSolicitudProceso.xhtml HTTP/1.1" 200 58303
186.155.19.209 - - [06/Apr/2023:13:00:40 -0500] "POST /sipse/faces/presentacion/financiero/solicitudProceso/listarSolicitudProceso.xhtml HTTP/1.1" 200 58303
186.155.19.209 - - [06/Apr/2023:13:00:41 -0500] "POST /sipse/faces/presentacion/financiero/solicitudProceso/listarSolicitudProceso.xhtml HTTP/1.1" 200 58303
186.155.19.209 - - [06/Apr/2023:13:00:41 -0500] "POST /sipse/faces/presentacion/financiero/solicitudProceso/listarSolicitudProceso.xhtml HTTP/1.1" 200 58303
186.155.19.209 - - [06/Apr/2023:13:00:41 -0500] "POST /sipse/faces/presentacion/financiero/solicitudProceso/listarSolicitudProceso.xhtml HTTP/1.1" 200 1556
186.155.19.209 - - [06/Apr/2023:13:00:41 -0500] "POST /sipse/faces/presentacion/financiero/solicitudProceso/listarSolicitudProceso.xhtml HTTP/1.1" 200 1560
186.155.19.209 - - [06/Apr/2023:13:00:42 -0500] "POST /sipse/faces/presentacion/financiero/solicitudProceso/listarSolicitudProceso.xhtml HTTP/1.1" 200 1564
186.155.19.209 - - [06/Apr/2023:13:00:42 -0500] "POST /sipse/faces/presentacion/financiero/solicitudProceso/listarSolicitudProceso.xhtml HTTP/1.1" 200 1560
201.245.192.253 - - [06/Apr/2023:13:01:02 -0500] "POST /kwsrmcab/Wsrmcab  HTTP/1.1" 200 42075
66.249.70.177 - - [06/Apr/2023:13:01:33 -0500] "-" 408 -
190.157.208.231 - - [06/Apr/2023:13:02:32 -0500] "GET /semana-santa-dias-y-horarios-para-visitar-el-camino-guadalupe-aguanoso.html HTTP/1.1" 200 943
173.252.83.18 - - [06/Apr/2023:13:03:27 -0500] "GET /images/caminos-de-los-cerros-1_optimized.jpeg HTTP/1.1" 200 49537
69.171.230.119 - - [06/Apr/2023:13:03:27 -0500] "GET /images/caminos-de-los-cerros-1_optimized.jpeg HTTP/1.1" 200 49537
173.252.95.7 - - [06/Apr/2023:13:03:28 -0500] "GET /images/caminos-de-los-cerros-1_optimized.jpeg HTTP/1.1" 200 49537
172.22.2.4 - - [06/Apr/2023:13:02:24 -0500] "HEAD /BLA/boletinlegal/ HTTP/1.1" 200 -
172.22.2.4 - - [06/Apr/2023:13:04:05 -0500] "GET /BLA/boletinlegal/actos.php HTTP/1.1" 200 9672
172.22.2.4 - - [06/Apr/2023:13:04:06 -0500] "GET /BLA/boletinlegal/js/jquery1.js HTTP/1.1" 200 29846
172.22.2.4 - - [06/Apr/2023:13:04:06 -0500] "GET /BLA/boletinlegal/images/tel.png HTTP/1.1" 200 14477
172.22.2.4 - - [06/Apr/2023:13:04:08 -0500] "GET /BLA/boletinlegal/img/0.png HTTP/1.1" 200 110
172.22.2.4 - - [06/Apr/2023:13:04:08 -0500] "GET /BLA/boletinlegal/favicon.ico HTTP/1.1" 404 1326
191.95.27.66 - - [06/Apr/2023:13:04:11 -0500] "GET /BLA/resoluciones/dlf/styles.css HTTP/1.1" 200 3049
191.95.27.66 - - [06/Apr/2023:13:04:10 -0500] "GET /BLA/resoluciones/ HTTP/1.1" 200 13502
172.22.2.4 - - [06/Apr/2023:13:02:49 -0500] "GET /BLA/boletinlegal/ HTTP/1.1" 200 46392
191.95.27.66 - - [06/Apr/2023:13:04:27 -0500] "GET /BLA/resoluciones/index.php?dir=AUTOS+2015%2F HTTP/1.1" 200 581234
52.167.144.87 - - [06/Apr/2023:13:04:43 -0500] "GET /BLA/resoluciones/AUTOS%202019/4780.pdf HTTP/1.1" 200 2868904
172.22.2.4 - - [06/Apr/2023:13:03:14 -0500] "GET /BLA/boletinlegal/ HTTP/1.1" 200 47614
216.245.221.92 - - [06/Apr/2023:13:05:37 -0500] "HEAD / HTTP/1.1" 200 -
201.245.192.253 - - [06/Apr/2023:13:06:00 -0500] "POST /kwsrmcab/Wsrmcab  HTTP/1.1" 200 42075
69.171.231.118 - - [06/Apr/2023:13:09:40 -0500] "GET /images/calidad-aire-2-marzo-1_optimized.jpeg HTTP/1.1" 200 51562
40.77.167.211 - - [06/Apr/2023:13:09:43 -0500] "GET /Publicaciones/2022EE185579.pdf HTTP/1.1" 404 228
172.22.2.4 - - [06/Apr/2023:13:08:14 -0500] "HEAD /BLA/boletinlegal/ HTTP/1.1" 200 -
66.249.70.210 - - [06/Apr/2023:13:10:03 -0500] "-" 408 -
213.239.218.163 - - [06/Apr/2023:13:10:27 -0500] "-" 408 -
216.245.221.92 - - [06/Apr/2023:13:10:37 -0500] "HEAD / HTTP/1.1" 200 -
191.156.184.169 - - [06/Apr/2023:13:10:39 -0500] "GET /autoridades-frenan-disposicion-de-residuos-de-construccion-cerca-al-humedal-salitre.html?fbclid=PAAaZjyNf1d_MToMTHcCkHRS-Rc150IX7yKur9OkkIzuLQmoIdO8hu4bIGJFs HTTP/1.1" 200 935
172.22.2.4 - - [06/Apr/2023:13:09:05 -0500] "GET /BLA/boletinlegal/ HTTP/1.1" 200 58297
201.245.192.253 - - [06/Apr/2023:13:11:02 -0500] "POST /kwsrmcab/Wsrmcab  HTTP/1.1" 200 42075
172.22.2.4 - - [06/Apr/2023:13:12:01 -0500] "GET /BLA/boletinlegal/ HTTP/1.1" 200 24523
181.61.208.190 - - [06/Apr/2023:13:12:48 -0500] "GET /autoridades-frenan-disposicion-de-residuos-de-construccion-cerca-al-humedal-salitre.html?fbclid=PAAaY4ZQD85rdipBJgrXhekLlUfxJHNl3poFGW0KYgX4jcv2A08z7zEtdowxU HTTP/1.1" 200 935
173.252.83.9 - - [06/Apr/2023:13:14:31 -0500] "GET /images/8%20de%20febrero%20incendio%20forestal.jpeg HTTP/1.1" 200 56283
216.245.221.92 - - [06/Apr/2023:13:15:37 -0500] "HEAD / HTTP/1.1" 200 -
172.22.2.4 - - [06/Apr/2023:13:14:04 -0500] "HEAD /BLA/boletinlegal/ HTTP/1.1" 200 -
201.245.192.253 - - [06/Apr/2023:13:16:01 -0500] "POST /kwsrmcab/Wsrmcab  HTTP/1.1" 200 42075
172.22.2.4 - - [06/Apr/2023:13:14:54 -0500] "GET /BLA/boletinlegal/ HTTP/1.1" 200 57551
172.22.2.4 - - [06/Apr/2023:13:18:34 -0500] "GET /BLA/boletinlegal/ HTTP/1.1" 200 57291
201.245.192.253 - - [06/Apr/2023:13:20:11 -0500] "POST /kwsrmcab/Wsrmcab HTTP/1.1" 200 42542
201.245.192.253 - - [06/Apr/2023:13:20:13 -0500] "POST /kwsrmcab/Wsrmcab HTTP/1.1" 200 43316
216.245.221.92 - - [06/Apr/2023:13:20:37 -0500] "HEAD / HTTP/1.1" 200 -
201.245.192.253 - - [06/Apr/2023:13:20:57 -0500] "POST /kwsrmcab/Wsrmcab  HTTP/1.1" 200 42075
172.22.2.4 - - [06/Apr/2023:13:21:05 -0500] "GET /BLA/boletinlegal/actos.php HTTP/1.1" 200 9672
69.63.184.112 - - [06/Apr/2023:13:21:20 -0500] "GET /images/incautan-animales-semana-santa-2023.jpeg HTTP/1.1" 200 36611
172.22.2.4 - - [06/Apr/2023:13:19:54 -0500] "HEAD /BLA/boletinlegal/ HTTP/1.1" 200 -
162.55.38.160 - - [06/Apr/2023:13:21:54 -0500] "GET / HTTP/1.1" 200 319
162.55.38.160 - - [06/Apr/2023:13:21:55 -0500] "GET / HTTP/1.1" 200 4720
172.22.2.4 - - [06/Apr/2023:13:20:44 -0500] "GET /BLA/boletinlegal/ HTTP/1.1" 200 57551
162.55.166.12 - - [06/Apr/2023:13:22:35 -0500] "GET / HTTP/1.1" 200 4720
162.55.166.12 - - [06/Apr/2023:13:22:37 -0500] "GET / HTTP/1.1" 200 319
181.59.2.187 - - [06/Apr/2023:13:23:42 -0500] "GET /autoridades-frenan-disposicion-de-residuos-de-construccion-cerca-al-humedal-salitre.html HTTP/1.1" 200 935
179.1.136.73 - - [06/Apr/2023:13:24:40 -0500] "GET /semana-santa-dias-y-horarios-para-visitar-el-camino-guadalupe-aguanoso.html HTTP/1.1" 200 943
216.245.221.92 - - [06/Apr/2023:13:25:37 -0500] "HEAD / HTTP/1.1" 200 -
201.245.192.253 - - [06/Apr/2023:13:25:54 -0500] "POST /kwsrmcab/Wsrmcab  HTTP/1.1" 200 42075
207.46.13.216 - - [06/Apr/2023:13:26:06 -0500] "GET /BLA/resoluciones/AUTOS%202021/5410.pdf HTTP/1.1" 200 467069
152.202.135.205 - - [06/Apr/2023:13:27:09 -0500] "-" 408 -
172.22.2.4 - - [06/Apr/2023:13:25:44 -0500] "HEAD /BLA/boletinlegal/ HTTP/1.1" 200 -
173.252.111.13 - - [06/Apr/2023:13:27:49 -0500] "GET /images/caminatas-ecol\xc3\xb3gicas-marzo---1920x1080_optimized.jpg HTTP/1.1" 404 1034
172.22.2.4 - - [06/Apr/2023:13:28:10 -0500] "GET /BLA/boletinlegal/wp-login.php HTTP/1.1" 404 1038
172.22.2.4 - - [06/Apr/2023:13:28:10 -0500] "GET /BLA/boletinlegal/xmlrpc.php HTTP/1.1" 404 1038
172.22.2.4 - - [06/Apr/2023:13:26:34 -0500] "GET /BLA/boletinlegal/ HTTP/1.1" 200 58297
173.252.79.13 - - [06/Apr/2023:13:29:44 -0500] "GET /images/24%20de%20febrero%20Sendero%20guadalupe%202.jpeg HTTP/1.1" 200 70964
191.95.48.54 - - [06/Apr/2023:13:30:11 -0500] "GET /autoridades-frenan-disposicion-de-residuos-de-construccion-cerca-al-humedal-salitre.html?fbclid=PAAaaPfZTyI2RIsPF56W52BTz3lUknDpu6tNxPjgOyChmSfT_er-F40iO5Xa4 HTTP/1.1" 200 935
201.245.192.253 - - [06/Apr/2023:13:30:11 -0500] "POST /kwsrmcab/Wsrmcab HTTP/1.1" 200 42542
201.245.192.253 - - [06/Apr/2023:13:30:14 -0500] "POST /kwsrmcab/Wsrmcab HTTP/1.1" 200 43316
216.245.221.92 - - [06/Apr/2023:13:30:37 -0500] "HEAD / HTTP/1.1" 200 -
201.245.192.253 - - [06/Apr/2023:13:30:51 -0500] "POST /kwsrmcab/Wsrmcab  HTTP/1.1" 200 42075
172.22.2.4 - - [06/Apr/2023:13:31:34 -0500] "HEAD /BLA/boletinlegal/ HTTP/1.1" 200 -
172.22.2.4 - - [06/Apr/2023:13:32:24 -0500] "GET /BLA/boletinlegal/ HTTP/1.1" 200 57551
69.171.249.2 - - [06/Apr/2023:13:34:12 -0500] "GET /incautadas-cuatro-aves-y-mas-9-mil-gramos-de-productos-de-fauna-silvestre.html HTTP/1.1" 206 884
69.171.249.14 - - [06/Apr/2023:13:34:13 -0500] "GET /incautadas-cuatro-aves-y-mas-9-mil-gramos-de-productos-de-fauna-silvestre.html HTTP/1.1" 206 884
216.245.221.92 - - [06/Apr/2023:13:35:37 -0500] "HEAD / HTTP/1.1" 200 -
201.245.192.253 - - [06/Apr/2023:13:35:50 -0500] "POST /kwsrmcab/Wsrmcab  HTTP/1.1" 200 42075
69.63.184.120 - - [06/Apr/2023:13:36:01 -0500] "GET /images/incautan-animales-semana-santa-2023.jpeg HTTP/1.1" 200 36611
52.167.144.34 - - [06/Apr/2023:13:36:19 -0500] "GET /BLA/resoluciones/AUTOS%202021/0817.pdf HTTP/1.1" 304 -
186.28.104.78 - - [06/Apr/2023:13:36:22 -0500] "GET /incautadas-cuatro-aves-y-mas-9-mil-gramos-de-productos-de-fauna-silvestre.html HTTP/1.1" 200 884
191.74.213.139 - - [06/Apr/2023:13:36:51 -0500] "GET /autoridades-frenan-disposicion-de-residuos-de-construccion-cerca-al-humedal-salitre.html?fbclid=PAAabcPzVYsQXVNIUYK6qsSwl9kDGb8saaxo8MakL3RHCYxuiJW_Isy6_xQxk HTTP/1.1" 200 935
66.220.149.19 - - [06/Apr/2023:13:38:38 -0500] "GET /images/Fauna%20Silvestre%20SDA%2002.jpeg HTTP/1.1" 200 41590
172.22.2.4 - - [06/Apr/2023:13:37:24 -0500] "HEAD /BLA/boletinlegal/ HTTP/1.1" 200 -
172.22.2.4 - - [06/Apr/2023:13:38:14 -0500] "GET /BLA/boletinlegal/ HTTP/1.1" 200 57935
201.245.192.253 - - [06/Apr/2023:13:40:11 -0500] "POST /kwsrmcab/Wsrmcab HTTP/1.1" 200 42542
201.245.192.253 - - [06/Apr/2023:13:40:13 -0500] "POST /kwsrmcab/Wsrmcab HTTP/1.1" 200 43316
216.245.221.92 - - [06/Apr/2023:13:40:37 -0500] "HEAD / HTTP/1.1" 200 -
201.245.192.253 - - [06/Apr/2023:13:40:48 -0500] "POST /kwsrmcab/Wsrmcab  HTTP/1.1" 200 42075
34.86.177.154 - - [06/Apr/2023:13:41:10 -0500] "-" 408 -
200.118.80.11 - - [06/Apr/2023:13:41:29 -0500] "GET /autoridades-frenan-disposicion-de-residuos-de-construccion-cerca-al-humedal-salitre.html?fbclid=PAAaZPi67iW6Dr5aoB2t_7O3__mEJMGx7QYqGybDk-IERMKyZhupi0t7GKUoI HTTP/1.1" 200 935
69.63.184.118 - - [06/Apr/2023:13:41:54 -0500] "GET /images/incautan-animales-semana-santa-2023.jpeg HTTP/1.1" 200 36611
186.84.88.82 - - [06/Apr/2023:13:43:12 -0500] "GET /semana-santa-dias-y-horarios-para-visitar-el-camino-guadalupe-aguanoso.html?fbclid=IwAR3tEVyZOiErEPAs7ZXGJdo5xGR0xKMQBd2mY2GkylcYUp-uAvsf7Z4o45M HTTP/1.1" 200 943
186.84.88.82 - - [06/Apr/2023:13:43:12 -0500] "GET /favicon.ico HTTP/1.1" 404 1586
172.22.2.4 - - [06/Apr/2023:13:43:14 -0500] "HEAD /BLA/boletinlegal/ HTTP/1.1" 200 -
180.163.220.60 - - [06/Apr/2023:13:44:55 -0500] "\x16\x03\x01\x01,\x01" 400 226
52.167.144.44 - - [06/Apr/2023:13:45:12 -0500] "GET / HTTP/1.1" 200 319
216.245.221.92 - - [06/Apr/2023:13:45:37 -0500] "HEAD / HTTP/1.1" 200 -
172.22.2.4 - - [06/Apr/2023:13:44:04 -0500] "GET /BLA/boletinlegal/ HTTP/1.1" 200 57551
201.245.192.253 - - [06/Apr/2023:13:45:46 -0500] "POST /kwsrmcab/Wsrmcab  HTTP/1.1" 200 42075
182.43.148.98 - - [06/Apr/2023:13:46:04 -0500] "GET / HTTP/1.1" 200 319
52.167.144.167 - - [06/Apr/2023:13:47:32 -0500] "GET /BLA/resoluciones/AUTOS%202021/4046.pdf HTTP/1.1" 304 -
216.245.221.92 - - [06/Apr/2023:13:50:37 -0500] "HEAD / HTTP/1.1" 200 -
172.22.2.4 - - [06/Apr/2023:13:49:04 -0500] "HEAD /BLA/boletinlegal/ HTTP/1.1" 200 -
201.245.192.253 - - [06/Apr/2023:13:50:45 -0500] "POST /kwsrmcab/Wsrmcab  HTTP/1.1" 200 42075
172.22.2.4 - - [06/Apr/2023:13:49:54 -0500] "GET /BLA/boletinlegal/ HTTP/1.1" 200 57141
181.53.13.252 - - [06/Apr/2023:13:52:05 -0500] "GET /BLA/resoluciones/index.php?dir=AUTOS+2016%2F HTTP/1.1" 200 329014
40.77.167.208 - - [06/Apr/2023:13:53:11 -0500] "GET /autoridades-frenan-disposicion-de-residuos-de-construccion-cerca-al-humedal-salitre.html HTTP/1.1" 200 935
191.156.59.81 - - [06/Apr/2023:13:53:18 -0500] "GET /portaldeninos/wp-content/themes/betheme/style.css?ver=20.9.6 HTTP/1.1" 200 287
191.156.53.4 - - [06/Apr/2023:13:53:18 -0500] "GET /portaldeninos/wp-content/uploads/useanyfont/uaf.css?ver=1589905315 HTTP/1.1" 200 408
191.156.57.141 - - [06/Apr/2023:13:53:18 -0500] "GET /portaldeninos/wp-includes/js/wp-emoji-release.min.js?ver=4.9.8 HTTP/1.1" 200 12026
191.156.49.198 - - [06/Apr/2023:13:53:17 -0500] "GET /portaldeninos/ HTTP/1.1" 200 110197
191.156.59.216 - - [06/Apr/2023:13:53:18 -0500] "GET /portaldeninos/wp-content/plugins/gallery-videos/CSS/totalsoft.css?ver=4.9.8 HTTP/1.1" 200 40622
191.156.59.81 - - [06/Apr/2023:13:53:18 -0500] "GET /portaldeninos/wp-content/themes/betheme/css/base.css?ver=20.9.6 HTTP/1.1" 200 57283
191.156.63.168 - - [06/Apr/2023:13:53:18 -0500] "GET /portaldeninos/wp-content/plugins/gallery-videos/CSS/Total-Soft-Gallery-Video-Widget.css?ver=4.9.8 HTTP/1.1" 200 51554
191.156.59.216 - - [06/Apr/2023:13:53:18 -0500] "GET /portaldeninos/wp-content/themes/betheme/assets/ui/jquery.ui.all.css?ver=20.9.6 HTTP/1.1" 200 18765
191.156.59.81 - - [06/Apr/2023:13:53:18 -0500] "GET /portaldeninos/wp-content/themes/betheme/assets/jplayer/css/jplayer.blue.monday.css?ver=20.9.6 HTTP/1.1" 200 9834
191.156.49.198 - - [06/Apr/2023:13:53:18 -0500] "GET /portaldeninos/wp-content/themes/betheme/css/shortcodes.css?ver=20.9.6 HTTP/1.1" 200 138889
191.156.57.141 - - [06/Apr/2023:13:53:18 -0500] "GET /portaldeninos/wp-content/themes/betheme/assets/animations/animations.min.css?ver=20.9.6 HTTP/1.1" 200 58508
191.156.53.4 - - [06/Apr/2023:13:53:18 -0500] "GET /portaldeninos/wp-content/themes/betheme/css/layout.css?ver=20.9.6 HTTP/1.1" 200 116639
191.156.59.81 - - [06/Apr/2023:13:53:19 -0500] "GET /portaldeninos/wp-content/plugins/popup-maker/assets/css/site.min.css?ver=1.8.14 HTTP/1.1" 200 8260
191.156.63.168 - - [06/Apr/2023:13:53:19 -0500] "GET /portaldeninos/wp-includes/js/jquery/jquery-migrate.min.js?ver=1.4.1 HTTP/1.1" 200 10056
191.156.53.4 - - [06/Apr/2023:13:53:19 -0500] "GET /portaldeninos/wp-content/plugins/google-analytics-for-wordpress/assets/js/frontend-gtag.min.js?ver=8.5.0 HTTP/1.1" 200 11801
191.156.63.168 - - [06/Apr/2023:13:53:19 -0500] "GET /portaldeninos/wp-includes/js/jquery/ui/core.min.js?ver=1.11.4 HTTP/1.1" 200 4000
191.156.53.4 - - [06/Apr/2023:13:53:19 -0500] "GET /portaldeninos/wp-content/plugins/gallery-videos/JS/modernizr.custom.js?ver=4.9.8 HTTP/1.1" 200 9019
191.156.59.81 - - [06/Apr/2023:13:53:19 -0500] "GET /portaldeninos/wp-includes/js/jquery/jquery.js?ver=1.12.4 HTTP/1.1" 200 97184
191.156.63.168 - - [06/Apr/2023:13:53:19 -0500] "GET /portaldeninos/wp-content/plugins/gallery-videos/JS/Total-Soft-Gallery-Video-Widget.js?ver=4.9.8 HTTP/1.1" 200 80264
191.156.59.216 - - [06/Apr/2023:13:53:18 -0500] "GET /portaldeninos/wp-content/themes/betheme/css/responsive.css?ver=20.9.6 HTTP/1.1" 200 55740
191.156.63.168 - - [06/Apr/2023:13:53:19 -0500] "GET /portaldeninos/wp-includes/js/jquery/ui/widget.min.js?ver=1.11.4 HTTP/1.1" 200 6908
191.156.59.216 - - [06/Apr/2023:13:53:19 -0500] "GET /portaldeninos/wp-includes/js/jquery/ui/mouse.min.js?ver=1.11.4 HTTP/1.1" 200 3148
191.156.49.198 - - [06/Apr/2023:13:53:19 -0500] "GET /portaldeninos/wp-includes/js/jquery/ui/tabs.min.js?ver=1.11.4 HTTP/1.1" 200 12110
191.156.59.81 - - [06/Apr/2023:13:53:19 -0500] "GET /portaldeninos/wp-includes/js/jquery/ui/accordion.min.js?ver=1.11.4 HTTP/1.1" 200 8584
191.156.63.168 - - [06/Apr/2023:13:53:19 -0500] "GET /portaldeninos/wp-content/themes/betheme/js/menu.js?ver=20.9.6 HTTP/1.1" 200 2449
191.156.63.168 - - [06/Apr/2023:13:53:20 -0500] "GET /portaldeninos/wp-content/themes/betheme/assets/animations/animations.min.js?ver=20.9.6 HTTP/1.1" 200 1896
191.156.59.216 - - [06/Apr/2023:13:53:19 -0500] "GET /portaldeninos/wp-content/uploads/2021/06/titulo-cabezote-ni%C3%B1os.png HTTP/1.1" 200 64425
191.156.57.141 - - [06/Apr/2023:13:53:19 -0500] "GET /portaldeninos/wp-includes/js/jquery/ui/sortable.min.js?ver=1.11.4 HTTP/1.1" 200 24899
191.156.53.4 - - [06/Apr/2023:13:53:19 -0500] "GET /portaldeninos/wp-content/themes/betheme/js/plugins.js?ver=20.9.6 HTTP/1.1" 200 197151
191.156.59.81 - - [06/Apr/2023:13:53:20 -0500] "GET /portaldeninos/wp-content/themes/betheme/fonts/mfn-icons.woff?93978679 HTTP/1.1" 200 80932
191.156.49.198 - - [06/Apr/2023:13:53:20 -0500] "GET /portaldeninos/wp-content/themes/betheme/assets/jplayer/jplayer.min.js?ver=20.9.6 HTTP/1.1" 200 52702
191.156.57.141 - - [06/Apr/2023:13:53:20 -0500] "GET /portaldeninos/wp-includes/js/jquery/ui/position.min.js?ver=1.11.4 HTTP/1.1" 200 6527
191.156.63.168 - - [06/Apr/2023:13:53:20 -0500] "GET /portaldeninos/wp-content/themes/betheme/js/scripts.js?ver=20.9.6 HTTP/1.1" 200 77162
191.156.53.4 - - [06/Apr/2023:13:53:20 -0500] "GET /portaldeninos/wp-includes/js/wp-embed.min.js?ver=4.9.8 HTTP/1.1" 200 1398
191.156.57.141 - - [06/Apr/2023:13:53:20 -0500] "GET /portaldeninos/wp-content/uploads/2021/06/titulo-miambiente-ni%C3%B1os.png HTTP/1.1" 200 11944
191.156.59.216 - - [06/Apr/2023:13:53:20 -0500] "GET /portaldeninos/wp-content/plugins/popup-maker/assets/js/site.min.js?defer&ver=1.8.14 HTTP/1.1" 200 48457
191.156.59.81 - - [06/Apr/2023:13:53:20 -0500] "GET /portaldeninos/wp-content/uploads/2019/08/Logo-Ambientic.png HTTP/1.1" 200 22941
191.156.59.81 - - [06/Apr/2023:13:53:20 -0500] "GET /portaldeninos/wp-content/uploads/2021/06/titulo-videos-ni%C3%B1os.png HTTP/1.1" 200 10502
191.156.59.81 - - [06/Apr/2023:13:53:21 -0500] "GET /portaldeninos/wp-content/uploads/2021/06/titulo-humedales-ni%C3%B1os.png HTTP/1.1" 200 13361
191.156.53.4 - - [06/Apr/2023:13:53:20 -0500] "GET /portaldeninos/wp-content/uploads/2020/01/Frailejon-escenario.jpg HTTP/1.1" 200 357472
191.156.63.168 - - [06/Apr/2023:13:53:20 -0500] "GET /portaldeninos/wp-content/uploads/2020/01/Tierra-escenario.jpg HTTP/1.1" 200 181491
191.156.49.198 - - [06/Apr/2023:13:53:20 -0500] "GET /portaldeninos/wp-content/uploads/2018/10/oso.jpg HTTP/1.1" 200 305180
191.156.63.168 - - [06/Apr/2023:13:53:22 -0500] "GET /portaldeninos/wp-content/uploads/2020/05/fb.jpg HTTP/1.1" 200 9893
191.156.63.168 - - [06/Apr/2023:13:53:22 -0500] "GET /portaldeninos/wp-content/uploads/2020/05/ig.jpg HTTP/1.1" 200 11470
191.156.49.198 - - [06/Apr/2023:13:53:22 -0500] "GET /portaldeninos/wp-content/uploads/2020/06/yt.jpg HTTP/1.1" 200 10577
191.156.63.168 - - [06/Apr/2023:13:53:22 -0500] "GET /portaldeninos/wp-content/uploads/2020/06/tw.jpg HTTP/1.1" 200 11056
191.156.49.198 - - [06/Apr/2023:13:53:22 -0500] "GET /portaldeninos/wp-content/themes/betheme/images/box_shadow.png HTTP/1.1" 200 108
191.156.57.141 - - [06/Apr/2023:13:53:20 -0500] "GET /portaldeninos/wp-content/uploads/2018/11/tigrillo.jpg HTTP/1.1" 200 402961
191.156.53.4 - - [06/Apr/2023:13:53:21 -0500] "GET /portaldeninos/wp-content/uploads/2022/08/Infograf%C3%ADa-humedales-actualizada.png HTTP/1.1" 200 588022
191.156.63.168 - - [06/Apr/2023:13:53:22 -0500] "GET /portaldeninos/wp-content/themes/betheme/images/stripes/stripes_3_b.png HTTP/1.1" 200 974
191.156.59.216 - - [06/Apr/2023:13:53:20 -0500] "GET /portaldeninos/wp-content/uploads/2018/11/caneca.jpg HTTP/1.1" 200 262661
191.156.57.141 - - [06/Apr/2023:13:53:22 -0500] "GET /portaldeninos/wp-json/pum/v1/analytics/?event=open&pid=1126&_cache=1680807124890 HTTP/1.1" 204 -
52.167.144.167 - - [06/Apr/2023:13:53:31 -0500] "GET /BLA/resoluciones/RESOLUCIONES%202021/1354.pdf HTTP/1.1" 200 334876
191.156.53.4 - - [06/Apr/2023:13:53:22 -0500] "GET /portaldeninos/wp-content/uploads/2022/01/Conoce-lo-que-hace-la-Secretar%C3%ADa-de-Ambiente.mp4 HTTP/1.1" 206 6599959
191.156.49.198 - - [06/Apr/2023:13:53:22 -0500] "GET /portaldeninos/wp-content/uploads/2019/06/CabezoteAMBIENTIC.mp4 HTTP/1.1" 206 7410586
191.156.59.81 - - [06/Apr/2023:13:53:21 -0500] "GET /portaldeninos/wp-content/uploads/2022/08/HUmedalConejera03-1.jpg HTTP/1.1" 200 8869948
66.249.70.213 - - [06/Apr/2023:13:54:38 -0500] "-" 408 -
172.22.2.4 - - [06/Apr/2023:13:53:13 -0500] "GET /BLA/boletinlegal/ HTTP/1.1" 200 62202
186.82.245.36 - - [06/Apr/2023:13:55:10 -0500] "GET /autoridades-frenan-disposicion-de-residuos-de-construccion-cerca-al-humedal-salitre.html?fbclid=PAAaayn0YsqbOAJxAb5Ra9X4WSmwqs0Jktk6UfLxQZoAFLf3iRYpqKtGsvD4o HTTP/1.1" 200 935
216.245.221.92 - - [06/Apr/2023:13:55:37 -0500] "HEAD / HTTP/1.1" 200 -
201.245.192.253 - - [06/Apr/2023:13:55:44 -0500] "POST /kwsrmcab/Wsrmcab  HTTP/1.1" 200 42075
66.249.70.172 - - [06/Apr/2023:13:56:13 -0500] "GET /en-semana-santa-realice-sus-tramites-ante-la-secretaria-de-ambiente-de-forma-virtual.html HTTP/1.1" 200 835
172.22.2.4 - - [06/Apr/2023:13:54:54 -0500] "HEAD /BLA/boletinlegal/ HTTP/1.1" 200 -
181.59.2.61 - - [06/Apr/2023:13:57:04 -0500] "GET /autoridades-frenan-disposicion-de-residuos-de-construccion-cerca-al-humedal-salitre.html HTTP/1.1" 200 935
172.22.2.4 - - [06/Apr/2023:13:55:44 -0500] "GET /BLA/boletinlegal/ HTTP/1.1" 200 57141
66.249.70.172 - - [06/Apr/2023:13:57:42 -0500] "-" 408 -
69.63.184.5 - - [06/Apr/2023:13:57:56 -0500] "GET /images/incautan-animales-semana-santa-2023.jpeg HTTP/1.1" 200 36611
162.243.128.16 - - [06/Apr/2023:13:57:57 -0500] "MGLNDD_190.27.245.106_80" 501 953
52.167.144.87 - - [06/Apr/2023:13:59:18 -0500] "GET /BLA/resoluciones/AUTOS%202021/5428.pdf HTTP/1.1" 304 -
216.245.221.92 - - [06/Apr/2023:14:00:37 -0500] "HEAD / HTTP/1.1" 200 -
201.245.192.253 - - [06/Apr/2023:14:00:42 -0500] "POST /kwsrmcab/Wsrmcab  HTTP/1.1" 200 42075
85.217.145.45 - - [06/Apr/2023:14:01:44 -0500] "GET / HTTP/1.0" 200 319
172.22.2.4 - - [06/Apr/2023:14:00:44 -0500] "HEAD /BLA/boletinlegal/ HTTP/1.1" 200 -
172.22.2.4 - - [06/Apr/2023:14:01:34 -0500] "GET /BLA/boletinlegal/ HTTP/1.1" 200 56744
52.167.144.34 - - [06/Apr/2023:14:04:01 -0500] "GET /BLA/resoluciones/AUTOS%202021/2109.pdf HTTP/1.1" 304 -
193.32.162.159 - - [06/Apr/2023:14:04:52 -0500] "GET / HTTP/1.1" 200 319
193.32.162.159 - - [06/Apr/2023:14:05:02 -0500] "GET /dispatch.asp HTTP/1.1" 404 1018
116.202.20.140 - - [06/Apr/2023:14:05:09 -0500] "GET / HTTP/1.1" 200 4720
116.202.20.140 - - [06/Apr/2023:14:05:09 -0500] "GET / HTTP/1.1" 200 319
157.90.251.233 - - [06/Apr/2023:14:05:17 -0500] "GET / HTTP/1.1" 200 319
157.90.251.233 - - [06/Apr/2023:14:05:20 -0500] "GET / HTTP/1.1" 200 4720
216.245.221.92 - - [06/Apr/2023:14:05:37 -0500] "HEAD / HTTP/1.1" 200 -
201.245.192.253 - - [06/Apr/2023:14:05:40 -0500] "POST /kwsrmcab/Wsrmcab  HTTP/1.1" 200 42075
191.156.51.103 - - [06/Apr/2023:14:07:32 -0500] "GET /incautadas-cuatro-aves-y-mas-9-mil-gramos-de-productos-de-fauna-silvestre.html?fbclid=IwAR0Ufwmt5ln0hhQo9R2nugm0ZEWKHn6BmyX_yUWTNjAUgZGas55-8ujb_3E HTTP/1.1" 200 884
172.22.2.4 - - [06/Apr/2023:14:06:34 -0500] "HEAD /BLA/boletinlegal/ HTTP/1.1" 200 -
172.22.2.4 - - [06/Apr/2023:14:08:45 -0500] "GET /BLA/boletinlegal/jurisprudencia/analisis/AnalisisT-606-15.docx HTTP/1.1" 200 26698
172.22.2.4 - - [06/Apr/2023:14:08:45 -0500] "GET /BLA/boletinlegal/apple-touch-icon-120x120-precomposed.png HTTP/1.1" 404 1140
172.22.2.4 - - [06/Apr/2023:14:08:45 -0500] "GET /BLA/boletinlegal/apple-touch-icon-120x120.png HTTP/1.1" 404 1140
172.22.2.4 - - [06/Apr/2023:14:08:45 -0500] "GET /BLA/boletinlegal/apple-touch-icon-precomposed.png HTTP/1.1" 404 1140
172.22.2.4 - - [06/Apr/2023:14:08:45 -0500] "GET /BLA/boletinlegal/apple-touch-icon.png HTTP/1.1" 404 1140
172.22.2.4 - - [06/Apr/2023:14:08:45 -0500] "GET /BLA/boletinlegal/favicon.ico HTTP/1.1" 404 1140
172.22.2.4 - - [06/Apr/2023:14:08:46 -0500] "GET /BLA/boletinlegal/apple-touch-icon-120x120-precomposed.png HTTP/1.1" 404 1140
172.22.2.4 - - [06/Apr/2023:14:08:46 -0500] "GET /BLA/boletinlegal/apple-touch-icon-120x120.png HTTP/1.1" 404 1140
172.22.2.4 - - [06/Apr/2023:14:08:46 -0500] "GET /BLA/boletinlegal/apple-touch-icon-precomposed.png HTTP/1.1" 404 1140
172.22.2.4 - - [06/Apr/2023:14:08:46 -0500] "GET /BLA/boletinlegal/apple-touch-icon.png HTTP/1.1" 404 1140
172.22.2.4 - - [06/Apr/2023:14:08:46 -0500] "GET /BLA/boletinlegal/favicon.ico HTTP/1.1" 404 1140
172.22.2.4 - - [06/Apr/2023:14:07:24 -0500] "GET /BLA/boletinlegal/ HTTP/1.1" 200 58297
173.252.95.21 - - [06/Apr/2023:14:09:39 -0500] "GET /incautadas-cuatro-aves-y-mas-9-mil-gramos-de-productos-de-fauna-silvestre.html HTTP/1.1" 206 884
173.252.95.14 - - [06/Apr/2023:14:09:40 -0500] "GET /incautadas-cuatro-aves-y-mas-9-mil-gramos-de-productos-de-fauna-silvestre.html HTTP/1.1" 206 884
66.249.70.207 - - [06/Apr/2023:14:10:03 -0500] "-" 408 -
69.63.189.117 - - [06/Apr/2023:14:10:03 -0500] "GET /images/incautan-animales-semana-santa-2023.jpeg HTTP/1.1" 200 36611
31.13.127.25 - - [06/Apr/2023:14:10:03 -0500] "GET /images/incautan-animales-semana-santa-2023.jpeg HTTP/1.1" 200 36611
173.252.95.117 - - [06/Apr/2023:14:10:03 -0500] "GET /images/incautan-animales-semana-santa-2023.jpeg HTTP/1.1" 200 36611
191.156.62.94 - - [06/Apr/2023:14:10:16 -0500] "GET /incautadas-cuatro-aves-y-mas-9-mil-gramos-de-productos-de-fauna-silvestre.html?fbclid=IwAR2QmmE1ZmxKeUb2LFZoMOE_m_PtrQ7uX__gFut87ErEauf44FqROma9QFs HTTP/1.1" 200 884
216.245.221.92 - - [06/Apr/2023:14:10:37 -0500] "HEAD / HTTP/1.1" 200 -
201.245.192.253 - - [06/Apr/2023:14:10:39 -0500] "POST /kwsrmcab/Wsrmcab  HTTP/1.1" 200 42075
190.24.29.214 - - [06/Apr/2023:14:10:54 -0500] "GET /semana-santa-dias-y-horarios-para-visitar-el-camino-guadalupe-aguanoso.html HTTP/1.1" 200 943
31.13.127.117 - - [06/Apr/2023:14:13:34 -0500] "GET /images/WhatsApp%20Image%202023-04-05%20at%2013.54.41.jpeg HTTP/1.1" 200 210747
172.22.2.4 - - [06/Apr/2023:14:12:24 -0500] "HEAD /BLA/boletinlegal/ HTTP/1.1" 200 -
191.156.182.42 - - [06/Apr/2023:14:14:05 -0500] "GET /cooperacion-internacional-postulate-para-la-coordinacion-ambiental-de-proyecto-con-la-union-europea-avantia.html HTTP/1.1" 200 1020
172.22.2.4 - - [06/Apr/2023:14:14:16 -0500] "GET /BLA/boletinlegal/actos.php HTTP/1.1" 200 9672
181.61.204.215 - - [06/Apr/2023:14:14:18 -0500] "GET /BLA/resoluciones/ HTTP/1.1" 200 13502
181.61.204.215 - - [06/Apr/2023:14:14:23 -0500] "GET /BLA/resoluciones/index.php?dir=AUTOS+2020%2F HTTP/1.1" 200 328123
157.55.39.216 - - [06/Apr/2023:14:14:30 -0500] "GET /portaldeninos/fauna/ HTTP/1.1" 200 88429
157.55.39.216 - - [06/Apr/2023:14:14:49 -0500] "GET /portaldeninos/wp-content/themes/betheme/css/layout.css?ver=20.9.6 HTTP/1.1" 200 116639
52.167.144.97 - - [06/Apr/2023:14:14:53 -0500] "GET /portaldeninos/wp-includes/js/wp-emoji-release.min.js?ver=4.9.8 HTTP/1.1" 200 12026
172.22.2.4 - - [06/Apr/2023:14:13:14 -0500] "GET /BLA/boletinlegal/ HTTP/1.1" 200 54414
216.245.221.92 - - [06/Apr/2023:14:15:37 -0500] "HEAD / HTTP/1.1" 200 -
201.245.192.253 - - [06/Apr/2023:14:15:37 -0500] "POST /kwsrmcab/Wsrmcab  HTTP/1.1" 200 42075
172.22.2.4 - - [06/Apr/2023:14:14:15 -0500] "GET /BLA/boletinlegal/ HTTP/1.1" 200 57935
40.77.167.80 - - [06/Apr/2023:14:17:15 -0500] "GET /BLA/resoluciones/RESOLUCIONES%202019/3677.pdf HTTP/1.1" 200 1906202
66.249.70.207 - - [06/Apr/2023:14:18:02 -0500] "-" 408 -
52.167.144.87 - - [06/Apr/2023:14:18:10 -0500] "GET /BLA/resoluciones/RESOLUCIONES%202021/0545.pdf HTTP/1.1" 200 2212010
172.22.2.4 - - [06/Apr/2023:14:18:14 -0500] "HEAD /BLA/boletinlegal/ HTTP/1.1" 200 -
201.245.192.253 - - [06/Apr/2023:14:20:11 -0500] "POST /kwsrmcab/Wsrmcab HTTP/1.1" 200 42233
201.245.192.253 - - [06/Apr/2023:14:20:13 -0500] "POST /kwsrmcab/Wsrmcab HTTP/1.1" 200 43178
216.245.221.92 - - [06/Apr/2023:14:20:37 -0500] "HEAD / HTTP/1.1" 200 -
201.245.192.253 - - [06/Apr/2023:14:20:37 -0500] "POST /kwsrmcab/Wsrmcab  HTTP/1.1" 200 42075
172.22.2.4 - - [06/Apr/2023:14:19:04 -0500] "GET /BLA/boletinlegal/ HTTP/1.1" 200 55211
66.249.70.168 - - [06/Apr/2023:14:20:58 -0500] "-" 408 -
181.204.155.122 - - [06/Apr/2023:14:22:49 -0500] "GET /galeria/galeria/jquery.fancybox.css?v=2.1.5 HTTP/1.1" 200 4895
181.204.155.122 - - [06/Apr/2023:14:22:51 -0500] "GET /BLA/boletinlegal/js/jquery.scrollShow.js HTTP/1.1" 200 4586
181.204.155.122 - - [06/Apr/2023:14:22:51 -0500] "GET /galeria/galeria/jquery.fancybox.js?v=2.1.5 HTTP/1.1" 200 48706
216.245.221.92 - - [06/Apr/2023:14:25:37 -0500] "HEAD / HTTP/1.1" 200 -
201.245.192.253 - - [06/Apr/2023:14:25:36 -0500] "POST /kwsrmcab/Wsrmcab  HTTP/1.1" 200 42075
172.22.2.4 - - [06/Apr/2023:14:24:04 -0500] "HEAD /BLA/boletinlegal/ HTTP/1.1" 200 -
172.22.2.4 - - [06/Apr/2023:14:24:54 -0500] "GET /BLA/boletinlegal/ HTTP/1.1" 200 59296
66.249.70.168 - - [06/Apr/2023:14:27:25 -0500] "-" 408 -
201.245.192.253 - - [06/Apr/2023:14:30:10 -0500] "POST /kwsrmcab/Wsrmcab HTTP/1.1" 200 42233
201.245.192.253 - - [06/Apr/2023:14:30:13 -0500] "POST /kwsrmcab/Wsrmcab HTTP/1.1" 200 43178
216.245.221.92 - - [06/Apr/2023:14:30:37 -0500] "HEAD / HTTP/1.1" 200 -
201.245.192.253 - - [06/Apr/2023:14:30:36 -0500] "POST /kwsrmcab/Wsrmcab  HTTP/1.1" 200 42075
40.77.190.110 - - [06/Apr/2023:14:30:45 -0500] "GET /portaldeninos/wp-content/themes/betheme/fonts/mfn-icons.woff?93978679 HTTP/1.1" 200 80932
45.238.181.179 - - [06/Apr/2023:14:30:51 -0500] "GET /mesa/contrasena.pdf HTTP/1.1" 200 443199
66.220.149.18 - - [06/Apr/2023:14:31:17 -0500] "GET /images/palma-de-cera-1-abril_optimized.jpeg HTTP/1.1" 200 171987
66.220.149.116 - - [06/Apr/2023:14:31:17 -0500] "GET /images/semana-bosques-1_optimized.1.jpg HTTP/1.1" 200 102892
66.220.149.22 - - [06/Apr/2023:14:31:17 -0500] "GET /images/rendicion-de-cuentas-post-01-02-(1)_optimized.jpg HTTP/1.1" 200 121430
201.244.139.80 - - [06/Apr/2023:14:31:23 -0500] "GET /galeria/galeria/jquery.fancybox.js?v=2.1.5 HTTP/1.1" 200 48706
201.244.139.80 - - [06/Apr/2023:14:31:23 -0500] "GET /galeria/galeria/jquery.fancybox.css?v=2.1.5 HTTP/1.1" 200 4895
201.244.139.80 - - [06/Apr/2023:14:31:23 -0500] "GET /BLA/boletinlegal/js/jquery.scrollShow.js HTTP/1.1" 200 4586
45.238.181.179 - - [06/Apr/2023:14:31:24 -0500] "GET /mesa/contrasena.pdf HTTP/1.1" 206 1
45.238.181.179 - - [06/Apr/2023:14:31:24 -0500] "GET /mesa/contrasena.pdf HTTP/1.1" 206 286739
45.238.181.179 - - [06/Apr/2023:14:31:25 -0500] "GET /mesa/contrasena.pdf HTTP/1.1" 206 1
66.249.70.207 - - [06/Apr/2023:14:31:25 -0500] "-" 408 -
45.238.181.179 - - [06/Apr/2023:14:31:25 -0500] "GET /mesa/contrasena.pdf HTTP/1.1" 206 286739
172.22.2.4 - - [06/Apr/2023:14:29:54 -0500] "HEAD /BLA/boletinlegal/ HTTP/1.1" 200 -
172.22.2.4 - - [06/Apr/2023:14:30:44 -0500] "GET /BLA/boletinlegal/ HTTP/1.1" 200 52720
173.252.95.3 - - [06/Apr/2023:14:33:09 -0500] "GET /en-esta-navidad-bogota-esta-mejorando-con-mas-espacios-verdes-para-el-disfrute-de-la-ciudadania.html HTTP/1.1" 206 1114
51.161.84.125 - - [06/Apr/2023:14:34:22 -0500] "GET /autoridades-frenan-disposicion-de-residuos-de-construccion-cerca-al-humedal-salitre.html HTTP/1.1" 200 935
191.95.63.179 - - [06/Apr/2023:14:35:15 -0500] "GET /BLA/resoluciones/index.php?dir=AUTOS+2015%2F HTTP/1.1" 200 581234
216.245.221.92 - - [06/Apr/2023:14:35:37 -0500] "HEAD / HTTP/1.1" 200 -
201.245.192.253 - - [06/Apr/2023:14:35:37 -0500] "POST /kwsrmcab/Wsrmcab  HTTP/1.1" 200 42075
172.22.2.4 - - [06/Apr/2023:14:35:44 -0500] "HEAD /BLA/boletinlegal/ HTTP/1.1" 200 -
172.22.2.4 - - [06/Apr/2023:14:36:34 -0500] "GET /BLA/boletinlegal/ HTTP/1.1" 200 57551
186.102.100.38 - - [06/Apr/2023:14:38:15 -0500] "GET /BLA/resoluciones/index.php?dir=AUTOS+2019%2F HTTP/1.1" 200 360261
69.171.249.116 - - [06/Apr/2023:14:38:31 -0500] "GET /images/incautan-animales-semana-santa-2023.jpeg HTTP/1.1" 200 36611
173.252.83.15 - - [06/Apr/2023:14:38:58 -0500] "GET /images/24%20de%20febrero%20Sendero%20guadalupe%202.jpeg HTTP/1.1" 200 70964
201.245.192.253 - - [06/Apr/2023:14:40:11 -0500] "POST /kwsrmcab/Wsrmcab HTTP/1.1" 200 42233
201.245.192.253 - - [06/Apr/2023:14:40:14 -0500] "POST /kwsrmcab/Wsrmcab HTTP/1.1" 200 43178
216.245.221.92 - - [06/Apr/2023:14:40:37 -0500] "HEAD / HTTP/1.1" 200 -
201.245.192.253 - - [06/Apr/2023:14:40:37 -0500] "POST /kwsrmcab/Wsrmcab  HTTP/1.1" 200 42075
181.54.233.99 - - [06/Apr/2023:14:40:59 -0500] "GET /autoridades-frenan-disposicion-de-residuos-de-construccion-cerca-al-humedal-salitre.html?fbclid=PAAaYWj_btyxoU26hMFo_SMQhoc4OWi6oZVQEJIo8DXohLSQkH3dtoeoiLhaQ HTTP/1.1" 200 935
162.55.167.166 - - [06/Apr/2023:14:42:21 -0500] "GET / HTTP/1.1" 200 4720
162.55.167.166 - - [06/Apr/2023:14:42:22 -0500] "GET / HTTP/1.1" 200 319
52.167.144.167 - - [06/Apr/2023:14:42:28 -0500] "GET /BLA/resoluciones/RESOLUCIONES%202022/5090.pdf HTTP/1.1" 304 -
27.115.124.101 - - [06/Apr/2023:14:42:49 -0500] "GET /galeria/galeria/jquery.fancybox.css?v=2.1.5 HTTP/1.1" 200 4895
27.115.124.109 - - [06/Apr/2023:14:42:49 -0500] "GET /galeria/galeria/jquery.fancybox.js?v=2.1.5 HTTP/1.1" 200 48706
27.115.124.109 - - [06/Apr/2023:14:42:49 -0500] "GET /BLA/boletinlegal/js/jquery.scrollShow.js HTTP/1.1" 200 4586
27.115.124.109 - - [06/Apr/2023:14:42:49 -0500] "GET /galeria/carrusel/Carrusel/jquery.thumbnailScroller.css HTTP/1.1" 200 2066
172.22.2.4 - - [06/Apr/2023:14:41:34 -0500] "HEAD /BLA/boletinlegal/ HTTP/1.1" 200 -
172.22.2.4 - - [06/Apr/2023:14:42:24 -0500] "GET /BLA/boletinlegal/ HTTP/1.1" 200 57141
201.245.192.253 - - [06/Apr/2023:14:45:33 -0500] "POST /kwsrmcab/Wsrmcab  HTTP/1.1" 200 42075
216.245.221.92 - - [06/Apr/2023:14:45:37 -0500] "HEAD / HTTP/1.1" 200 -
172.22.2.4 - - [06/Apr/2023:14:46:35 -0500] "GET /BLA/boletinlegal/robots.txt HTTP/1.1" 404 1037
172.22.2.4 - - [06/Apr/2023:14:46:35 -0500] "GET /BLA/boletinlegal/robots.txt HTTP/1.1" 404 1037
181.54.79.143 - - [06/Apr/2023:14:46:36 -0500] "GET /incautadas-cuatro-aves-y-mas-9-mil-gramos-de-productos-de-fauna-silvestre.html?fbclid=IwAR3lSi6fLjP_wCJ49DmYAFAz65yBm34p555mxZhd5kTYp7ORNYmuMJy1vy8 HTTP/1.1" 200 884
172.22.2.4 - - [06/Apr/2023:14:46:38 -0500] "GET /BLA/boletinlegal/index.php HTTP/1.1" 200 57141
66.249.70.173 - - [06/Apr/2023:14:48:45 -0500] "-" 408 -
172.22.2.4 - - [06/Apr/2023:14:47:24 -0500] "HEAD /BLA/boletinlegal/ HTTP/1.1" 200 -
172.22.2.4 - - [06/Apr/2023:14:48:14 -0500] "GET /BLA/boletinlegal/ HTTP/1.1" 200 59296
200.119.48.96 - - [06/Apr/2023:14:50:06 -0500] "GET /semana-santa-dias-y-horarios-para-visitar-el-camino-guadalupe-aguanoso.html HTTP/1.1" 200 943
201.245.192.253 - - [06/Apr/2023:14:50:31 -0500] "POST /kwsrmcab/Wsrmcab  HTTP/1.1" 200 42075
216.245.221.92 - - [06/Apr/2023:14:50:37 -0500] "HEAD / HTTP/1.1" 200 -
172.22.2.4 - - [06/Apr/2023:14:51:53 -0500] "GET /BLA/boletinlegal/jurisprudencia/analisis/AnalisisT-606-15.docx HTTP/1.1" 200 26698
172.22.2.4 - - [06/Apr/2023:14:51:56 -0500] "GET /BLA/boletinlegal/apple-touch-icon-120x120-precomposed.png HTTP/1.1" 404 1140
172.22.2.4 - - [06/Apr/2023:14:51:56 -0500] "GET /BLA/boletinlegal/apple-touch-icon-120x120.png HTTP/1.1" 404 1140
172.22.2.4 - - [06/Apr/2023:14:51:56 -0500] "GET /BLA/boletinlegal/apple-touch-icon-precomposed.png HTTP/1.1" 404 1140
172.22.2.4 - - [06/Apr/2023:14:51:56 -0500] "GET /BLA/boletinlegal/apple-touch-icon.png HTTP/1.1" 404 1140
172.22.2.4 - - [06/Apr/2023:14:51:56 -0500] "GET /BLA/boletinlegal/favicon.ico HTTP/1.1" 404 1140
172.22.2.4 - - [06/Apr/2023:14:51:56 -0500] "GET /BLA/boletinlegal/apple-touch-icon-120x120-precomposed.png HTTP/1.1" 404 1140
172.22.2.4 - - [06/Apr/2023:14:51:56 -0500] "GET /BLA/boletinlegal/apple-touch-icon-120x120.png HTTP/1.1" 404 1140
172.22.2.4 - - [06/Apr/2023:14:51:56 -0500] "GET /BLA/boletinlegal/apple-touch-icon-precomposed.png HTTP/1.1" 404 1140
172.22.2.4 - - [06/Apr/2023:14:51:56 -0500] "GET /BLA/boletinlegal/apple-touch-icon.png HTTP/1.1" 404 1140
172.22.2.4 - - [06/Apr/2023:14:51:56 -0500] "GET /BLA/boletinlegal/favicon.ico HTTP/1.1" 404 1140
52.167.144.87 - - [06/Apr/2023:14:52:03 -0500] "GET /BLA/resoluciones/AUTOS%202021/2952.pdf HTTP/1.1" 304 -
186.154.129.123 - - [06/Apr/2023:14:53:10 -0500] "GET /autoridades-frenan-disposicion-de-residuos-de-construccion-cerca-al-humedal-salitre.html?fbclid=PAAaYT1XLsqHnUnG1GrEDUPNUibmUo8_BTCj934_I-W_AadoQRJoi2whEAaZE HTTP/1.1" 200 935
186.155.110.68 - - [06/Apr/2023:14:54:26 -0500] "GET /BLA/boletinlegal/js/jquery.scrollShow.js HTTP/1.1" 200 4586
186.155.110.68 - - [06/Apr/2023:14:54:26 -0500] "GET /galeria/galeria/jquery.fancybox.js?v=2.1.5 HTTP/1.1" 200 48706
186.155.110.68 - - [06/Apr/2023:14:54:26 -0500] "GET /galeria/galeria/jquery.fancybox.css?v=2.1.5 HTTP/1.1" 200 4895
172.22.2.4 - - [06/Apr/2023:14:53:14 -0500] "HEAD /BLA/boletinlegal/ HTTP/1.1" 200 -
172.22.2.4 - - [06/Apr/2023:14:54:20 -0500] "GET /BLA/boletinlegal/ HTTP/1.1" 200 24523
201.245.192.253 - - [06/Apr/2023:14:55:29 -0500] "POST /kwsrmcab/Wsrmcab  HTTP/1.1" 200 42075
216.245.221.92 - - [06/Apr/2023:14:55:37 -0500] "HEAD / HTTP/1.1" 200 -
172.22.2.4 - - [06/Apr/2023:14:54:04 -0500] "GET /BLA/boletinlegal/ HTTP/1.1" 200 51022
172.22.2.4 - - [06/Apr/2023:14:56:18 -0500] "HEAD /BLA/boletinlegal/icons/sphere1.png HTTP/1.1" 404 -
172.22.2.4 - - [06/Apr/2023:14:56:01 -0500] "GET /BLA/boletinlegal/ HTTP/1.1" 200 28619
40.77.167.211 - - [06/Apr/2023:14:58:03 -0500] "GET /BLA/resoluciones/RESOLUCIONES%202021/4811.pdf HTTP/1.1" 200 349290
201.245.192.253 - - [06/Apr/2023:15:00:28 -0500] "POST /kwsrmcab/Wsrmcab  HTTP/1.1" 200 42075
216.245.221.92 - - [06/Apr/2023:15:00:37 -0500] "HEAD / HTTP/1.1" 200 -
172.22.2.4 - - [06/Apr/2023:14:59:04 -0500] "HEAD /BLA/boletinlegal/ HTTP/1.1" 200 -
52.167.144.44 - - [06/Apr/2023:15:00:48 -0500] "GET /portaldeninos/wp-content/uploads/2020/01/Tierra-escenario.jpg HTTP/1.1" 200 181491
172.22.2.4 - - [06/Apr/2023:14:59:54 -0500] "GET /BLA/boletinlegal/ HTTP/1.1" 200 55561
172.22.2.4 - - [06/Apr/2023:15:01:21 -0500] "GET /BLA/boletinlegal/ HTTP/1.1" 200 24523
172.22.2.4 - - [06/Apr/2023:15:04:50 -0500] "GET /BLA/boletinlegal/actos.php HTTP/1.1" 200 9672
181.61.204.215 - - [06/Apr/2023:15:04:52 -0500] "GET /BLA/resoluciones/ HTTP/1.1" 200 13502
181.61.204.215 - - [06/Apr/2023:15:04:57 -0500] "GET /BLA/resoluciones/index.php?dir=AUTOS+2018%2F HTTP/1.1" 200 449478
201.245.192.253 - - [06/Apr/2023:15:05:26 -0500] "POST /kwsrmcab/Wsrmcab  HTTP/1.1" 200 42075
216.245.221.92 - - [06/Apr/2023:15:05:37 -0500] "HEAD / HTTP/1.1" 200 -
31.13.103.117 - - [06/Apr/2023:15:06:08 -0500] "GET /incautadas-cuatro-aves-y-mas-9-mil-gramos-de-productos-de-fauna-silvestre.html HTTP/1.1" 206 884
31.13.103.24 - - [06/Apr/2023:15:06:09 -0500] "GET /incautadas-cuatro-aves-y-mas-9-mil-gramos-de-productos-de-fauna-silvestre.html HTTP/1.1" 206 884
172.22.2.4 - - [06/Apr/2023:15:04:49 -0500] "GET /BLA/boletinlegal/ HTTP/1.1" 200 51610
172.22.2.4 - - [06/Apr/2023:15:04:54 -0500] "HEAD /BLA/boletinlegal/ HTTP/1.1" 200 -
186.31.57.93 - - [06/Apr/2023:15:06:56 -0500] "GET /kwssiamovil/sm/ldap/au?x=U2FsdGVkX1+jd/05GhAdLrPAnUeMRpGORu0R5tj1lXJhw5wX6c0ZGQH5nYB0Ls6c&y=U2FsdGVkX19xKCdf46QT8i1RKNo0IcOEqKsUonrRgP/R/HXFox2Zlg+SoRXPD/F2 HTTP/1.1" 200 30
186.31.57.93 - - [06/Apr/2023:15:06:57 -0500] "GET /kwssiamovil/sm/acme/s?s=U2FsdGVkX1+wSQFhYPWbBfxxXuGhzA8CqMC2NrSVOoQM7v5hEwtm9EwoxxGa/JzRfiiXs5HEbIBz+BA73LSduKbtn79tdLbVGQCeshN90+4=&u=U2FsdGVkX19aXwyWaNLP78SCcohjs2yFRgsfI1fUPMMraHgPiRcsr79gixFrMFqn&y=U2FsdGVkX19xKCdf46QT8i1RKNo0IcOEqKsUonrRgP/R/HXFox2Zlg+SoRXPD/F2 HTTP/1.1" 200 97
186.31.57.93 - - [06/Apr/2023:15:06:57 -0500] "GET /kwssiamovil/sm/acme/s?s=U2FsdGVkX1/LZ0kKwq7wTApkReoZ6dzP+kMCOFgzBcGyzIpnCPVx2bCzJTzV6S4cCvomQciq7Xso8oOxHMddZB5eeT2wVpKF6TLei50H3otLyUUAacBMS16MxaHnevBz3PbTjWf/sM9acSIAxS+8gx2ZmeKpOCSY0iYYVtzgjyxbbCRGjWLbTddPS6X7ZiUte/LmzkpZTryVyJhFw7Lez3Y55fXaho8UHcLIQD2VNPhkIenuLARVw+Aj1dSNYkODy8OyR3XpEiJL/1/uODT7Emd5hUJlSb2LJsniezKD33D3AWOT8GQJWEuLNXOb6do7pYa+NrVtO4yAyNv+DKD5/sS9pm1Bi5kD7fBjlP9tMlpu78QU37FYmWHRhAw8SNPMyHaOXRkIklR8oJ5fbwoXCsqK4eIuKQN/JtcEodC4Pazs6Ki4iJ0UQRRmAu1RpKq3l/vUO7ISP7cNkpkIW54N1u7GnZF1Po+pfzRy4G2AgUBtEkGj5dj5rrZqXj57x/Z3N9EzHj24JkgWQQzwb2PNisPpT2hwK8H/rv2/32I9WWqBzwtiQW3UOXzuzfVLZCQmVpk72jivepl2Jc3ktwOYfT9LUZZxcnT3yjedN+QV+UzM6olznYIrCG36pIA/1vzikFaXV/KJHhqan5F3HhZsrB+8pLdpJVt4y06tQtis2tWOBeXpQszwl9yEQ3+Pnhs1zlN/P8XY+wyE2KkltIvQOGa/uQ3C6oDax3ZaHfxEDQzLCPH5RwsybZEGnjZgCfsAVwGYtReqJFh6G95H/eGlFjnhKxCNcu8oYDXpGOmkwBTwWLm8UTAg+4tXr6neTn2WCNdA04faNs+DqorJzcXXjQavjWdInQF4WrcCRZ1zN0TDium6FctnNHuAOPIykpSwDOlnIQGQfuq8iF93FRccLFM0drhPynXVtXJuh29AWJ0ahaqel8ixiodhZKptnhG43sM+nmnu9fMR+ETq9vNkYOShDAdE8SNe1Yhyz+qzptGjlnOHXTuhfTOgzWkdzzHZWp4hTPSXnqZquIPQiDflkPkVsXQ99iOiVyG4o3H8FDhc8v73yRyMJjhcSX7WLR/ADwMm/9WcVvyp6XZj4kWlfFKIudjPvGGWqm7aCgCLXUPakyj0VKNh9PLeeHb4Xq+XIYysf7AZ8Xs+fM+TiKl/V3yvmPhwpp2Pjl4rT2coSOqEuf5IO9vAP+gL6nOM2rVy1+RkV/ocComp4Wnj5c5fmNTwQPdCfP0XYpCxXetowDbm9mD/KoErZ4+iJHGGKr6lpojl/ue5N5/4xkWd2h+opXPrmOHdXjNebopuiIlnk9ZUih09r3/Hat9oR19WD80fN+b4dlwW8s/FZBQ7x81TcsNtaJKw7WWuHMUNGN+s3kAG2UoqLDA2rAPm8oPReul/NKhm38cCa3q2PfzahneQCunfXqKufMMhoOQh0p6vaEE=&u=U2FsdGVkX19aXwyWaNLP78SCcohjs2yFRgsfI1fUPMMraHgPiRcsr79gixFrMFqn&y=U2FsdGVkX19xKCdf46QT8i1RKNo0IcOEqKsUonrRgP/R/HXFox2Zlg+SoRXPD/F2 HTTP/1.1" 200 4940
186.31.57.93 - - [06/Apr/2023:15:06:57 -0500] "GET /kwssiamovil/sm/acme/s?s=U2FsdGVkX190CuPwQQr2n0vZscRNq6NhPNfjlfHDDmu7Y9XVhh9AYWng/ncqQPObAlx4wkw5rlCnBkNaDX7f7zTHzbhMa22pTiGmYQL9tSNO8abJHpOfXdv+Xnuoza18aPDOYrlzFE5u+4QNA7NCJjzJOU5Yp4dAueicFc/0T7zBlFfG0Plp8Ui0XWGfee1onNXvUsI4oGY4mB0/NqFmUqBpQQPEb8vERLQr+qwxh4IRqbUjpku/Bwv/ZKtOziyQClcXNHRnEpywopfEynG1EOZrqpRTqs1BxuDEch2TG06nlWKbiE3ArNwhcANh0oZ6yLG9vdsja/arrrG5XYgGJNVKI367awiwkTLvN2KXq7I=&u=U2FsdGVkX19aXwyWaNLP78SCcohjs2yFRgsfI1fUPMMraHgPiRcsr79gixFrMFqn&y=U2FsdGVkX19xKCdf46QT8i1RKNo0IcOEqKsUonrRgP/R/HXFox2Zlg+SoRXPD/F2 HTTP/1.1" 200 196
186.31.57.93 - - [06/Apr/2023:15:06:58 -0500] "GET /kwssiamovil/sm/cjson/pre?f=1&x=U2FsdGVkX1+jd/05GhAdLrPAnUeMRpGORu0R5tj1lXJhw5wX6c0ZGQH5nYB0Ls6c HTTP/1.1" 200 31032
172.22.2.4 - - [06/Apr/2023:15:05:44 -0500] "GET /BLA/boletinlegal/ HTTP/1.1" 200 55211
