172.22.2.4 - - [08/Apr/2023:16:45:44 -0500] "HEAD /BLA/boletinlegal/ HTTP/1.1" 200 -
201.245.192.253 - - [08/Apr/2023:16:47:56 -0500] "POST /kwsrmcab/Wsrmcab  HTTP/1.1" 200 42075
172.22.2.4 - - [08/Apr/2023:16:46:35 -0500] "GET /BLA/boletinlegal/ HTTP/1.1" 200 59646
172.22.2.4 - - [08/Apr/2023:16:48:24 -0500] "GET /BLA/boletinlegal/actos.php HTTP/1.1" 200 9672
190.25.166.36 - - [08/Apr/2023:16:48:27 -0500] "GET /BLA/resoluciones/ HTTP/1.1" 200 13502
172.22.2.4 - - [08/Apr/2023:16:48:35 -0500] "GET /BLA/boletinlegal/favicon.ico HTTP/1.1" 404 1018
190.25.166.36 - - [08/Apr/2023:16:48:40 -0500] "GET /BLA/resoluciones/index.php?dir=AUTOS+2022%2F HTTP/1.1" 200 467200
172.22.2.4 - - [08/Apr/2023:16:48:19 -0500] "GET /BLA/boletinlegal/ HTTP/1.1" 200 20427
172.22.2.4 - - [08/Apr/2023:16:48:20 -0500] "GET /BLA/boletinlegal/ HTTP/1.1" 200 28619
190.25.166.36 - - [08/Apr/2023:16:49:31 -0500] "GET /BLA/resoluciones/AUTOS%202022/6285.pdf HTTP/1.1" 200 452337
190.156.70.119 - - [08/Apr/2023:16:49:58 -0500] "GET /appsia/controlador HTTP/1.1" 200 4799
190.156.70.119 - - [08/Apr/2023:16:49:58 -0500] "GET /appsia/scripts/validarIngreso.js HTTP/1.1" 200 851
190.156.70.119 - - [08/Apr/2023:16:49:58 -0500] "GET /appsia/css/estilos.css HTTP/1.1" 200 4804
190.156.70.119 - - [08/Apr/2023:16:49:58 -0500] "GET /appsia/images/logo_bogota_p.png HTTP/1.1" 200 14951
190.156.70.119 - - [08/Apr/2023:16:49:59 -0500] "GET /appsia/images/cabezoteHojaVida.png HTTP/1.1" 200 32493
190.156.70.119 - - [08/Apr/2023:16:49:59 -0500] "GET /favicon.ico HTTP/1.1" 200 7782
190.156.70.119 - - [08/Apr/2023:16:50:18 -0500] "POST /appsia/controlador HTTP/1.1" 200 5437
190.156.70.119 - - [08/Apr/2023:16:50:22 -0500] "POST /appsia/controlador HTTP/1.1" 200 7785
216.245.221.92 - - [08/Apr/2023:16:50:29 -0500] "HEAD / HTTP/1.1" 200 -
190.156.70.119 - - [08/Apr/2023:16:50:33 -0500] "POST /appsia/controlador HTTP/1.1" 200 6650
190.156.70.119 - - [08/Apr/2023:16:50:36 -0500] "POST /appsia/controlador HTTP/1.1" 200 10964
69.171.231.119 - - [08/Apr/2023:16:52:09 -0500] "GET /images/24%20de%20febrero%20Sendero%20guadalupe%202.jpeg HTTP/1.1" 200 70964
17.241.219.122 - - [08/Apr/2023:16:52:24 -0500] "-" 408 -
46.4.105.251 - - [08/Apr/2023:16:52:40 -0500] "-" 408 -
201.245.192.253 - - [08/Apr/2023:16:52:55 -0500] "POST /kwsrmcab/Wsrmcab  HTTP/1.1" 200 42075
172.22.2.4 - - [08/Apr/2023:16:51:34 -0500] "HEAD /BLA/boletinlegal/ HTTP/1.1" 200 -
172.22.2.4 - - [08/Apr/2023:16:53:35 -0500] "GET /BLA/boletinlegal/.git/config HTTP/1.1" 404 1018
66.249.70.207 - - [08/Apr/2023:16:53:36 -0500] "-" 408 -
172.22.2.4 - - [08/Apr/2023:16:53:43 -0500] "GET /BLA/boletinlegal/style.css HTTP/1.1" 200 9406
172.22.2.4 - - [08/Apr/2023:16:53:43 -0500] "GET /BLA/boletinlegal/styles2.css HTTP/1.1" 200 1838
172.22.2.4 - - [08/Apr/2023:16:53:43 -0500] "GET /BLA/boletinlegal/js/jquery.js HTTP/1.1" 200 57254
172.22.2.4 - - [08/Apr/2023:16:53:43 -0500] "GET /BLA/boletinlegal/js/jquery.scrollTo-min.js HTTP/1.1" 200 1150
172.22.2.4 - - [08/Apr/2023:16:53:43 -0500] "GET /BLA/boletinlegal/js/jquery.scrollShow.js HTTP/1.1" 200 4586
172.22.2.4 - - [08/Apr/2023:16:53:43 -0500] "GET /BLA/boletinlegal/images/cabezote%20BLEGAL.jpg HTTP/1.1" 200 118164
172.22.2.4 - - [08/Apr/2023:16:53:43 -0500] "GET /BLA/boletinlegal/images/subscribe-icon-big.png HTTP/1.1" 200 47702
172.22.2.4 - - [08/Apr/2023:16:53:43 -0500] "GET /BLA/boletinlegal/images/historia.png HTTP/1.1" 200 52775
172.22.2.4 - - [08/Apr/2023:16:53:43 -0500] "GET /BLA/boletinlegal/images/registro-usuarios.png HTTP/1.1" 200 8106
172.22.2.4 - - [08/Apr/2023:16:53:43 -0500] "GET /BLA/boletinlegal/images/arr_l.jpg HTTP/1.1" 200 1979
172.22.2.4 - - [08/Apr/2023:16:53:43 -0500] "GET /BLA/boletinlegal/images/screen_1.png HTTP/1.1" 200 202547
172.22.2.4 - - [08/Apr/2023:16:53:43 -0500] "GET /BLA/boletinlegal/images/launch.jpg HTTP/1.1" 200 14577
172.22.2.4 - - [08/Apr/2023:16:53:43 -0500] "GET /BLA/boletinlegal/images/menu_bg.jpg HTTP/1.1" 200 620
172.22.2.4 - - [08/Apr/2023:16:53:43 -0500] "GET /BLA/boletinlegal/images/menu_rght.gif HTTP/1.1" 200 1627
172.22.2.4 - - [08/Apr/2023:16:53:43 -0500] "GET /BLA/boletinlegal/images/menu_lft.gif HTTP/1.1" 200 1713
172.22.2.4 - - [08/Apr/2023:16:53:43 -0500] "GET /BLA/boletinlegal/images/bg_top.jpg HTTP/1.1" 200 522
172.22.2.4 - - [08/Apr/2023:16:53:43 -0500] "GET /BLA/boletinlegal/images/text.jpg HTTP/1.1" 200 568
172.22.2.4 - - [08/Apr/2023:16:53:43 -0500] "GET /BLA/boletinlegal/images/hover.jpg HTTP/1.1" 200 640
172.22.2.4 - - [08/Apr/2023:16:53:43 -0500] "GET /BLA/boletinlegal/images/body_bg.jpg HTTP/1.1" 200 1601
69.171.251.120 - - [08/Apr/2023:16:53:47 -0500] "GET /images/incautan-animales-semana-santa-2023.jpeg HTTP/1.1" 200 36611
172.22.2.4 - - [08/Apr/2023:16:53:47 -0500] "GET /BLA/boletinlegal/normativa.php HTTP/1.1" 200 8333
172.22.2.4 - - [08/Apr/2023:16:53:47 -0500] "GET /BLA/boletinlegal/js/ajax_normativa.js HTTP/1.1" 200 1154
172.22.2.4 - - [08/Apr/2023:16:53:47 -0500] "GET /BLA/boletinlegal/niceforms.js HTTP/1.1" 200 22876
172.22.2.4 - - [08/Apr/2023:16:53:47 -0500] "GET /BLA/boletinlegal/niceforms-default.css HTTP/1.1" 200 6694
172.22.2.4 - - [08/Apr/2023:16:53:47 -0500] "GET /BLA/boletinlegal/images/tel.png HTTP/1.1" 200 14477
172.22.2.4 - - [08/Apr/2023:16:53:47 -0500] "GET /BLA/boletinlegal/images/footer_bg.jpg HTTP/1.1" 200 586
172.22.2.4 - - [08/Apr/2023:16:53:47 -0500] "GET /BLA/boletinlegal/images/icono-email.png HTTP/1.1" 200 5544
172.22.2.4 - - [08/Apr/2023:16:53:47 -0500] "GET /BLA/boletinlegal/images/footer_bg_l.jpg HTTP/1.1" 200 776
172.22.2.4 - - [08/Apr/2023:16:53:47 -0500] "GET /BLA/boletinlegal/img/0.png HTTP/1.1" 200 110
172.22.2.4 - - [08/Apr/2023:16:53:47 -0500] "GET /BLA/boletinlegal/img/select-right.png HTTP/1.1" 200 44019
172.22.2.4 - - [08/Apr/2023:16:53:47 -0500] "GET /BLA/boletinlegal/img/button-left.png HTTP/1.1" 200 57071
172.22.2.4 - - [08/Apr/2023:16:53:47 -0500] "GET /BLA/boletinlegal/img/select-left.png HTTP/1.1" 200 263
172.22.2.4 - - [08/Apr/2023:16:53:47 -0500] "GET /BLA/boletinlegal/img/button.png HTTP/1.1" 200 43241
172.22.2.4 - - [08/Apr/2023:16:53:47 -0500] "GET /BLA/boletinlegal/img/button-right.png HTTP/1.1" 200 57878
172.22.2.4 - - [08/Apr/2023:16:53:47 -0500] "GET /BLA/boletinlegal/favicon.ico HTTP/1.1" 404 1334
172.22.2.4 - - [08/Apr/2023:16:53:57 -0500] "GET /BLA/boletinlegal/consulta_normativa.php?tipo=&sector=Aire&ano=&resuelve= HTTP/1.1" 200 949
172.22.2.4 - - [08/Apr/2023:16:53:57 -0500] "GET /BLA/boletinlegal/images/docs.png HTTP/1.1" 200 10288
172.22.2.4 - - [08/Apr/2023:16:52:25 -0500] "GET /BLA/boletinlegal/ HTTP/1.1" 200 51967
172.22.2.4 - - [08/Apr/2023:16:54:08 -0500] "GET /BLA/boletinlegal/consulta_normativa.php?tipo=&sector=emisiones&ano=&resuelve= HTTP/1.1" 200 19168
172.22.2.4 - - [08/Apr/2023:16:54:08 -0500] "GET /BLA/boletinlegal/images/background.gif HTTP/1.1" 200 -
172.22.2.4 - - [08/Apr/2023:16:53:43 -0500] "GET /BLA/boletinlegal/ HTTP/1.1" 200 24523
172.22.2.4 - - [08/Apr/2023:16:54:31 -0500] "GET /BLA/boletinlegal/consulta_normativa.php?tipo=&sector=residuos&ano=&resuelve= HTTP/1.1" 200 20100
172.22.2.4 - - [08/Apr/2023:16:54:55 -0500] "GET /BLA/boletinlegal/images/screen_2.png HTTP/1.1" 200 362502
172.22.2.4 - - [08/Apr/2023:16:54:55 -0500] "GET /BLA/boletinlegal/images/screen_3.png HTTP/1.1" 200 210620
172.22.2.4 - - [08/Apr/2023:16:54:55 -0500] "GET /BLA/boletinlegal/images/screen_5.png HTTP/1.1" 200 368876
172.22.2.4 - - [08/Apr/2023:16:54:55 -0500] "GET /BLA/boletinlegal/images/arr_r.jpg HTTP/1.1" 200 1998
172.22.2.4 - - [08/Apr/2023:16:55:03 -0500] "GET /BLA/boletinlegal/images/pdf.gif HTTP/1.1" 200 567
216.245.221.92 - - [08/Apr/2023:16:55:29 -0500] "HEAD / HTTP/1.1" 200 -
172.22.2.4 - - [08/Apr/2023:16:54:48 -0500] "GET /BLA/boletinlegal/ HTTP/1.1" 200 62202
66.249.70.172 - - [08/Apr/2023:16:56:31 -0500] "-" 408 -
190.26.54.82 - - [08/Apr/2023:16:57:27 -0500] "GET /semana-santa-dias-y-horarios-para-visitar-el-camino-guadalupe-aguanoso.html?fbclid=IwAR03pffEj7M_3ZgpBWj9w6bn56LH69CaieHRV22VTiYUwKXOLSOUKUxUV-c HTTP/1.1" 200 943
190.26.54.82 - - [08/Apr/2023:16:57:27 -0500] "GET /favicon.ico HTTP/1.1" 404 1586
201.245.192.253 - - [08/Apr/2023:16:57:55 -0500] "POST /kwsrmcab/Wsrmcab  HTTP/1.1" 200 42075
94.102.61.10 - - [08/Apr/2023:16:58:47 -0500] "GET /portaldeninos/ HTTP/1.1" 200 14393
172.22.2.4 - - [08/Apr/2023:16:57:24 -0500] "HEAD /BLA/boletinlegal/ HTTP/1.1" 200 -
172.22.2.4 - - [08/Apr/2023:16:58:15 -0500] "GET /BLA/boletinlegal/ HTTP/1.1" 200 57551
66.249.70.207 - - [08/Apr/2023:17:00:01 -0500] "-" 408 -
216.245.221.92 - - [08/Apr/2023:17:00:29 -0500] "HEAD / HTTP/1.1" 200 -
173.252.87.6 - - [08/Apr/2023:17:00:35 -0500] "GET /images/rendicion-de-cuentas-post-01-02-(1)_optimized.jpg HTTP/1.1" 200 121430
201.245.192.253 - - [08/Apr/2023:17:02:53 -0500] "POST /kwsrmcab/Wsrmcab  HTTP/1.1" 200 42075
172.22.2.4 - - [08/Apr/2023:17:03:14 -0500] "HEAD /BLA/boletinlegal/ HTTP/1.1" 200 -
34.141.239.235 - - [08/Apr/2023:17:05:19 -0500] "GET /inventario-de-emisiones-2020-transporte-publico-sitp-redujo-emisiones-de-pm-2-5-en-un-37.html HTTP/1.1" 200 925
216.245.221.92 - - [08/Apr/2023:17:05:29 -0500] "HEAD / HTTP/1.1" 200 -
40.77.167.231 - - [08/Apr/2023:17:05:37 -0500] "GET /BLA/resoluciones/RESOLUCIONES%202021/4438.pdf HTTP/1.1" 200 440216
172.22.2.4 - - [08/Apr/2023:17:04:05 -0500] "GET /BLA/boletinlegal/ HTTP/1.1" 200 52720
66.249.70.207 - - [08/Apr/2023:17:05:55 -0500] "-" 408 -
172.22.2.4 - - [08/Apr/2023:17:06:09 -0500] "GET /BLA/boletinlegal/actos.php HTTP/1.1" 200 9672
201.245.192.253 - - [08/Apr/2023:17:07:54 -0500] "POST /kwsrmcab/Wsrmcab  HTTP/1.1" 200 42075
186.31.79.125 - - [08/Apr/2023:17:09:16 -0500] "GET /portaldeninos/ HTTP/1.1" 200 110197
186.31.79.125 - - [08/Apr/2023:17:09:16 -0500] "GET /portaldeninos/wp-content/plugins/gallery-videos/CSS/Total-Soft-Gallery-Video-Widget.css?ver=4.9.8 HTTP/1.1" 200 51554
186.31.79.125 - - [08/Apr/2023:17:09:16 -0500] "GET /portaldeninos/wp-content/themes/betheme/style.css?ver=20.9.6 HTTP/1.1" 200 287
186.31.79.125 - - [08/Apr/2023:17:09:16 -0500] "GET /portaldeninos/wp-content/uploads/useanyfont/uaf.css?ver=1589905315 HTTP/1.1" 200 408
186.31.79.125 - - [08/Apr/2023:17:09:16 -0500] "GET /portaldeninos/wp-content/plugins/gallery-videos/CSS/totalsoft.css?ver=4.9.8 HTTP/1.1" 200 40622
186.31.79.125 - - [08/Apr/2023:17:09:16 -0500] "GET /portaldeninos/wp-content/themes/betheme/css/base.css?ver=20.9.6 HTTP/1.1" 200 57283
186.31.79.125 - - [08/Apr/2023:17:09:16 -0500] "GET /portaldeninos/wp-content/themes/betheme/assets/ui/jquery.ui.all.css?ver=20.9.6 HTTP/1.1" 200 18765
186.31.79.125 - - [08/Apr/2023:17:09:16 -0500] "GET /portaldeninos/wp-content/themes/betheme/assets/jplayer/css/jplayer.blue.monday.css?ver=20.9.6 HTTP/1.1" 200 9834
186.31.79.125 - - [08/Apr/2023:17:09:16 -0500] "GET /portaldeninos/wp-content/themes/betheme/css/shortcodes.css?ver=20.9.6 HTTP/1.1" 200 138889
186.31.79.125 - - [08/Apr/2023:17:09:16 -0500] "GET /portaldeninos/wp-content/themes/betheme/assets/animations/animations.min.css?ver=20.9.6 HTTP/1.1" 200 58508
186.31.79.125 - - [08/Apr/2023:17:09:16 -0500] "GET /portaldeninos/wp-content/plugins/popup-maker/assets/css/site.min.css?ver=1.8.14 HTTP/1.1" 200 8260
186.31.79.125 - - [08/Apr/2023:17:09:16 -0500] "GET /portaldeninos/wp-content/plugins/google-analytics-for-wordpress/assets/js/frontend-gtag.min.js?ver=8.5.0 HTTP/1.1" 200 11801
186.31.79.125 - - [08/Apr/2023:17:09:16 -0500] "GET /portaldeninos/wp-includes/js/jquery/jquery-migrate.min.js?ver=1.4.1 HTTP/1.1" 200 10056
186.31.79.125 - - [08/Apr/2023:17:09:16 -0500] "GET /portaldeninos/wp-content/themes/betheme/css/layout.css?ver=20.9.6 HTTP/1.1" 200 116639
186.31.79.125 - - [08/Apr/2023:17:09:17 -0500] "GET /portaldeninos/wp-includes/js/jquery/ui/core.min.js?ver=1.11.4 HTTP/1.1" 200 4000
186.31.79.125 - - [08/Apr/2023:17:09:16 -0500] "GET /portaldeninos/wp-content/themes/betheme/css/responsive.css?ver=20.9.6 HTTP/1.1" 200 55740
186.31.79.125 - - [08/Apr/2023:17:09:17 -0500] "GET /portaldeninos/wp-content/plugins/gallery-videos/JS/modernizr.custom.js?ver=4.9.8 HTTP/1.1" 200 9019
186.31.79.125 - - [08/Apr/2023:17:09:16 -0500] "GET /portaldeninos/wp-includes/js/jquery/jquery.js?ver=1.12.4 HTTP/1.1" 200 97184
186.31.79.125 - - [08/Apr/2023:17:09:17 -0500] "GET /portaldeninos/wp-content/plugins/gallery-videos/JS/Total-Soft-Gallery-Video-Widget.js?ver=4.9.8 HTTP/1.1" 200 80264
186.31.79.125 - - [08/Apr/2023:17:09:17 -0500] "GET /portaldeninos/wp-includes/js/jquery/ui/widget.min.js?ver=1.11.4 HTTP/1.1" 200 6908
186.31.79.125 - - [08/Apr/2023:17:09:17 -0500] "GET /portaldeninos/wp-content/themes/betheme/js/menu.js?ver=20.9.6 HTTP/1.1" 200 2449
186.31.79.125 - - [08/Apr/2023:17:09:17 -0500] "GET /portaldeninos/wp-includes/js/jquery/ui/mouse.min.js?ver=1.11.4 HTTP/1.1" 200 3148
186.31.79.125 - - [08/Apr/2023:17:09:17 -0500] "GET /portaldeninos/wp-includes/js/jquery/ui/accordion.min.js?ver=1.11.4 HTTP/1.1" 200 8584
186.31.79.125 - - [08/Apr/2023:17:09:17 -0500] "GET /portaldeninos/wp-includes/js/jquery/ui/tabs.min.js?ver=1.11.4 HTTP/1.1" 200 12110
186.31.79.125 - - [08/Apr/2023:17:09:17 -0500] "GET /portaldeninos/wp-content/themes/betheme/assets/animations/animations.min.js?ver=20.9.6 HTTP/1.1" 200 1896
186.31.79.125 - - [08/Apr/2023:17:09:17 -0500] "GET /portaldeninos/wp-includes/js/jquery/ui/sortable.min.js?ver=1.11.4 HTTP/1.1" 200 24899
186.31.79.125 - - [08/Apr/2023:17:09:17 -0500] "GET /portaldeninos/wp-includes/js/jquery/ui/position.min.js?ver=1.11.4 HTTP/1.1" 200 6527
186.31.79.125 - - [08/Apr/2023:17:09:17 -0500] "GET /portaldeninos/wp-content/themes/betheme/assets/jplayer/jplayer.min.js?ver=20.9.6 HTTP/1.1" 200 52702
186.31.79.125 - - [08/Apr/2023:17:09:17 -0500] "GET /portaldeninos/wp-includes/js/wp-embed.min.js?ver=4.9.8 HTTP/1.1" 200 1398
186.31.79.125 - - [08/Apr/2023:17:09:17 -0500] "GET /portaldeninos/wp-content/plugins/popup-maker/assets/js/site.min.js?defer&ver=1.8.14 HTTP/1.1" 200 48457
186.31.79.125 - - [08/Apr/2023:17:09:17 -0500] "GET /portaldeninos/wp-content/themes/betheme/js/scripts.js?ver=20.9.6 HTTP/1.1" 200 77162
186.31.79.125 - - [08/Apr/2023:17:09:17 -0500] "GET /portaldeninos/wp-content/uploads/2021/06/titulo-cabezote-ni%C3%B1os.png HTTP/1.1" 200 64425
186.31.79.125 - - [08/Apr/2023:17:09:17 -0500] "GET /portaldeninos/wp-content/uploads/2021/06/titulo-miambiente-ni%C3%B1os.png HTTP/1.1" 200 11944
186.31.79.125 - - [08/Apr/2023:17:09:17 -0500] "GET /portaldeninos/wp-content/themes/betheme/fonts/mfn-icons.woff?93978679 HTTP/1.1" 200 80932
186.31.79.125 - - [08/Apr/2023:17:09:17 -0500] "GET /portaldeninos/wp-content/uploads/2019/08/Logo-Ambientic.png HTTP/1.1" 200 22941
186.31.79.125 - - [08/Apr/2023:17:09:17 -0500] "GET /portaldeninos/wp-content/themes/betheme/js/plugins.js?ver=20.9.6 HTTP/1.1" 200 197151
186.31.79.125 - - [08/Apr/2023:17:09:17 -0500] "GET /portaldeninos/wp-content/uploads/2021/06/titulo-videos-ni%C3%B1os.png HTTP/1.1" 200 10502
186.31.79.125 - - [08/Apr/2023:17:09:17 -0500] "GET /portaldeninos/wp-content/uploads/2020/01/Frailejon-escenario.jpg HTTP/1.1" 200 357472
186.31.79.125 - - [08/Apr/2023:17:09:17 -0500] "GET /portaldeninos/wp-content/uploads/2021/06/titulo-humedales-ni%C3%B1os.png HTTP/1.1" 200 13361
186.31.79.125 - - [08/Apr/2023:17:09:17 -0500] "GET /portaldeninos/wp-content/uploads/2018/11/caneca.jpg HTTP/1.1" 200 262661
186.31.79.125 - - [08/Apr/2023:17:09:17 -0500] "GET /portaldeninos/wp-content/uploads/2018/11/tigrillo.jpg HTTP/1.1" 200 402961
186.31.79.125 - - [08/Apr/2023:17:09:17 -0500] "GET /portaldeninos/wp-content/uploads/2018/10/oso.jpg HTTP/1.1" 200 305180
186.31.79.125 - - [08/Apr/2023:17:09:18 -0500] "GET /portaldeninos/wp-content/uploads/2020/05/fb.jpg HTTP/1.1" 200 9893
186.31.79.125 - - [08/Apr/2023:17:09:18 -0500] "GET /portaldeninos/wp-content/uploads/2020/06/yt.jpg HTTP/1.1" 200 10577
186.31.79.125 - - [08/Apr/2023:17:09:18 -0500] "GET /portaldeninos/wp-content/uploads/2020/06/tw.jpg HTTP/1.1" 200 11056
186.31.79.125 - - [08/Apr/2023:17:09:18 -0500] "GET /portaldeninos/wp-content/uploads/2020/05/ig.jpg HTTP/1.1" 200 11470
186.31.79.125 - - [08/Apr/2023:17:09:18 -0500] "GET /portaldeninos/wp-content/themes/betheme/images/box_shadow.png HTTP/1.1" 200 108
186.31.79.125 - - [08/Apr/2023:17:09:18 -0500] "GET /portaldeninos/wp-includes/js/wp-emoji-release.min.js?ver=4.9.8 HTTP/1.1" 200 12026
186.31.79.125 - - [08/Apr/2023:17:09:18 -0500] "GET /portaldeninos/wp-content/themes/betheme/images/stripes/stripes_3_b.png HTTP/1.1" 200 974
186.31.79.125 - - [08/Apr/2023:17:09:17 -0500] "GET /portaldeninos/wp-content/uploads/2020/01/Tierra-escenario.jpg HTTP/1.1" 200 181491
186.31.79.125 - - [08/Apr/2023:17:09:18 -0500] "GET /portaldeninos/wp-json/pum/v1/analytics/?event=open&pid=1126&_cache=1680991717863 HTTP/1.1" 204 -
186.31.79.125 - - [08/Apr/2023:17:09:17 -0500] "GET /portaldeninos/wp-content/uploads/2022/08/Infograf%C3%ADa-humedales-actualizada.png HTTP/1.1" 200 588022
186.31.79.125 - - [08/Apr/2023:17:09:17 -0500] "GET /portaldeninos/wp-content/uploads/2022/08/HUmedalConejera03-1.jpg HTTP/1.1" 200 12388495
186.31.79.125 - - [08/Apr/2023:17:09:18 -0500] "GET /portaldeninos/wp-content/uploads/2019/06/CabezoteAMBIENTIC.mp4 HTTP/1.1" 206 21677757
186.31.79.125 - - [08/Apr/2023:17:09:18 -0500] "GET /portaldeninos/wp-content/uploads/2022/01/Conoce-lo-que-hace-la-Secretar%C3%ADa-de-Ambiente.mp4 HTTP/1.1" 206 6281186
186.31.79.125 - - [08/Apr/2023:17:09:43 -0500] "GET /portaldeninos/wp-content/uploads/2022/01/Conoce-lo-que-hace-la-Secretar%C3%ADa-de-Ambiente.mp4 HTTP/1.1" 206 1073037
40.77.167.231 - - [08/Apr/2023:17:10:18 -0500] "GET /autoliquidacion2020 HTTP/1.1" 301 250
40.77.167.231 - - [08/Apr/2023:17:10:19 -0500] "GET /autoliquidacion2020/ HTTP/1.1" 200 6146
216.245.221.92 - - [08/Apr/2023:17:10:29 -0500] "HEAD / HTTP/1.1" 200 -
172.22.2.4 - - [08/Apr/2023:17:09:04 -0500] "HEAD /BLA/boletinlegal/ HTTP/1.1" 200 -
186.31.79.125 - - [08/Apr/2023:17:10:44 -0500] "GET /portaldeninos/biodiversidad HTTP/1.1" 301 -
186.31.79.125 - - [08/Apr/2023:17:10:44 -0500] "GET /portaldeninos/biodiversidad/ HTTP/1.1" 200 86633
186.31.79.125 - - [08/Apr/2023:17:10:45 -0500] "GET /portaldeninos/wp-content/uploads/2020/01/Fauna-gif.gif HTTP/1.1" 200 3779027
186.31.79.125 - - [08/Apr/2023:17:10:55 -0500] "GET /favicon.ico HTTP/1.1" 200 7782
40.77.167.231 - - [08/Apr/2023:17:11:09 -0500] "GET /bla/resoluciones/autos%202015/0075.pdf HTTP/1.1" 200 541471
172.22.2.4 - - [08/Apr/2023:17:09:55 -0500] "GET /BLA/boletinlegal/ HTTP/1.1" 200 53914
66.249.70.207 - - [08/Apr/2023:17:12:38 -0500] "-" 408 -
201.245.192.253 - - [08/Apr/2023:17:12:53 -0500] "POST /kwsrmcab/Wsrmcab  HTTP/1.1" 200 42075
40.77.167.231 - - [08/Apr/2023:17:12:59 -0500] "GET /Publicaciones/2022EE133562.pdf HTTP/1.1" 404 228
173.252.107.2 - - [08/Apr/2023:17:13:03 -0500] "GET /fauna-silvestre-distrito-sensibiliza-a-personas-que-van-a-viajar-en-semana-santa-sobre-la-importancia-de-proteger-la-fauna-silvestre.html HTTP/1.1" 206 955
172.22.2.4 - - [08/Apr/2023:17:13:06 -0500] "GET /BLA/boletinlegal/jurisprudencia/analisis/Analisis%20Sentencia%20T-1077,%202%20corregida.doc HTTP/1.1" 304 -
186.31.79.125 - - [08/Apr/2023:17:14:42 -0500] "GET /portaldeninos/gestion-del-riesgo-incendios-forestales HTTP/1.1" 301 -
186.31.79.125 - - [08/Apr/2023:17:14:43 -0500] "GET /portaldeninos/gestion-del-riesgo-incendios-forestales/ HTTP/1.1" 200 86825
186.31.79.125 - - [08/Apr/2023:17:14:43 -0500] "GET /portaldeninos/wp-content/uploads/2019/08/Incendios-forestales-ajustada.gif HTTP/1.1" 200 764832
186.31.79.125 - - [08/Apr/2023:17:14:51 -0500] "GET /portaldeninos/agua-y-estructura-ecologica-principal HTTP/1.1" 301 -
186.31.79.125 - - [08/Apr/2023:17:14:52 -0500] "GET /portaldeninos/agua-y-estructura-ecologica-principal/ HTTP/1.1" 200 87488
186.31.79.125 - - [08/Apr/2023:17:14:52 -0500] "GET /portaldeninos/wp-content/uploads/2021/07/inforgrafia-agua.jpg HTTP/1.1" 200 420578
186.31.79.125 - - [08/Apr/2023:17:15:06 -0500] "GET /portaldeninos/que-es-cambio-climatico HTTP/1.1" 301 -
186.31.79.125 - - [08/Apr/2023:17:15:06 -0500] "GET /portaldeninos/que-es-cambio-climatico/ HTTP/1.1" 200 86727
186.31.79.125 - - [08/Apr/2023:17:15:06 -0500] "GET /portaldeninos/wp-content/uploads/2020/01/Infograf%C3%ADa.gif%22%22 HTTP/1.1" 301 -
186.31.79.125 - - [08/Apr/2023:17:15:06 -0500] "GET /portaldeninos/wp-content/uploads/2020/01/Infograf%C3%ADa.gif HTTP/1.1" 200 965626
216.245.221.92 - - [08/Apr/2023:17:15:29 -0500] "HEAD / HTTP/1.1" 200 -
186.31.79.125 - - [08/Apr/2023:17:15:50 -0500] "GET /portaldeninos/residuos HTTP/1.1" 301 -
186.31.79.125 - - [08/Apr/2023:17:15:50 -0500] "GET /portaldeninos/residuos/ HTTP/1.1" 200 87443
186.31.79.125 - - [08/Apr/2023:17:15:50 -0500] "GET /portaldeninos/wp-content/uploads/2021/07/residuos-pagina-ni%C3%B1os.jpg HTTP/1.1" 200 316433
172.22.2.4 - - [08/Apr/2023:17:14:54 -0500] "HEAD /BLA/boletinlegal/ HTTP/1.1" 200 -
172.22.2.4 - - [08/Apr/2023:17:17:14 -0500] "GET /BLA/boletinlegal/favicon.ico HTTP/1.1" 404 1018
172.22.2.4 - - [08/Apr/2023:17:15:45 -0500] "GET /BLA/boletinlegal/ HTTP/1.1" 200 54414
186.31.79.125 - - [08/Apr/2023:17:17:25 -0500] "GET /portaldeninos/tipos-de-arboles-en-bogota/ HTTP/1.1" 200 109802
186.31.79.125 - - [08/Apr/2023:17:17:26 -0500] "GET /portaldeninos/wp-content/plugins/smart-slider-3/nextend/media/dist/n2.min.js?1528383544 HTTP/1.1" 200 3495
186.31.79.125 - - [08/Apr/2023:17:17:26 -0500] "GET /portaldeninos/wp-content/plugins/smart-slider-3/library/media/smartslider.min.css?1558968666 HTTP/1.1" 200 19594
186.31.79.125 - - [08/Apr/2023:17:17:26 -0500] "GET /portaldeninos/wp-content/plugins/smart-slider-3/library/media/plugins/type/simple/simple/dist/smartslider-simple-type-frontend.min.js?1563274780 HTTP/1.1" 200 18726
186.31.79.125 - - [08/Apr/2023:17:17:26 -0500] "GET /portaldeninos/wp-content/plugins/smart-slider-3/library/media/dist/smartslider-frontend.min.js?1563274780 HTTP/1.1" 200 128256
186.31.79.125 - - [08/Apr/2023:17:17:26 -0500] "GET /portaldeninos/wp-content/plugins/smart-slider-3/nextend/media/dist/nextend-frontend.min.js?1563274780 HTTP/1.1" 200 76980
186.31.79.125 - - [08/Apr/2023:17:17:26 -0500] "GET /portaldeninos/wp-content/uploads/2021/07/Banners-pa%CC%81gina-de-nin%CC%83os9.jpg HTTP/1.1" 200 31924
186.31.79.125 - - [08/Apr/2023:17:17:26 -0500] "GET /portaldeninos/wp-content/uploads/2019/09/Palma-F%C3%A9nix-%C3%A1rboles.jpg HTTP/1.1" 200 312005
186.31.79.125 - - [08/Apr/2023:17:17:26 -0500] "GET /portaldeninos/wp-content/uploads/2019/09/Introducci%C3%B3n-%C3%A1rboles.jpg HTTP/1.1" 200 264318
186.31.79.125 - - [08/Apr/2023:17:17:26 -0500] "GET /portaldeninos/wp-content/uploads/2019/09/Caucho-sabanero-%C3%A1rboles.jpg HTTP/1.1" 200 344651
186.31.79.125 - - [08/Apr/2023:17:17:26 -0500] "GET /portaldeninos/wp-content/uploads/2019/09/Categorias-%C3%A1rboles.jpg HTTP/1.1" 200 275407
186.31.79.125 - - [08/Apr/2023:17:17:26 -0500] "GET /portaldeninos/wp-content/uploads/2019/09/Roble-%C3%A1rboles.jpg HTTP/1.1" 200 416546
186.31.79.125 - - [08/Apr/2023:17:17:26 -0500] "GET /portaldeninos/wp-content/uploads/2019/09/PalmaDeCera-%C3%A1rboles.jpg HTTP/1.1" 200 265651
186.31.79.125 - - [08/Apr/2023:17:17:26 -0500] "GET /portaldeninos/wp-content/uploads/2019/09/Magnolio-%C3%A1rboles.jpg HTTP/1.1" 200 252375
186.31.79.125 - - [08/Apr/2023:17:17:26 -0500] "GET /portaldeninos/wp-content/uploads/2019/09/Cedro-%C3%A1rboles.jpg HTTP/1.1" 200 264883
186.31.79.125 - - [08/Apr/2023:17:17:26 -0500] "GET /portaldeninos/wp-content/uploads/2019/09/Pino-Romer%C3%B3n-%C3%A1rboles.jpg HTTP/1.1" 200 414717
186.31.79.125 - - [08/Apr/2023:17:17:26 -0500] "GET /portaldeninos/wp-content/uploads/2019/09/Sangregado-%C3%A1rboles.jpg HTTP/1.1" 200 302240
186.31.79.125 - - [08/Apr/2023:17:17:26 -0500] "GET /portaldeninos/wp-content/uploads/2019/09/Cipr%C3%A9s-%C3%A1rboles.jpg HTTP/1.1" 200 485766
186.31.79.125 - - [08/Apr/2023:17:17:26 -0500] "GET /portaldeninos/wp-content/uploads/2019/09/Nogal-%C3%A1rboles.jpg HTTP/1.1" 200 378405
52.167.144.89 - - [08/Apr/2023:17:17:31 -0500] "GET /silvicultura/9.pdf HTTP/1.1" 200 189358
172.22.2.4 - - [08/Apr/2023:17:16:58 -0500] "GET /BLA/boletinlegal/ HTTP/1.1" 200 20427
172.22.2.4 - - [08/Apr/2023:17:16:58 -0500] "GET /BLA/boletinlegal/ HTTP/1.1" 200 28619
173.252.83.20 - - [08/Apr/2023:17:17:53 -0500] "GET /images/Rmasar%2018%20de%20febrero%20Grupo.jpg HTTP/1.1" 200 68398
201.245.192.253 - - [08/Apr/2023:17:17:52 -0500] "POST /kwsrmcab/Wsrmcab  HTTP/1.1" 200 42075
157.55.39.215 - - [08/Apr/2023:17:18:17 -0500] "GET /BLA/resoluciones/AUTOS%202013/3301.pdf HTTP/1.1" 200 300966
66.249.70.207 - - [08/Apr/2023:17:18:29 -0500] "-" 408 -
186.31.79.125 - - [08/Apr/2023:17:18:59 -0500] "GET /portaldeninos/ HTTP/1.1" 200 110197
172.22.2.4 - - [08/Apr/2023:17:19:05 -0500] "GET /BLA/boletinlegal/favicon.ico HTTP/1.1" 404 1018
190.156.70.119 - - [08/Apr/2023:17:19:15 -0500] "GET /appsia/controlador?comando=ingresarMenuPrincipal&id=20391573&funcionario=CLAUDIA+YANIRA+GODOY+ORJUELA&desde=20391573&hasta=20391573&version=20391573&accion=Regresar HTTP/1.1" 200 5437
190.156.70.119 - - [08/Apr/2023:17:19:16 -0500] "POST /appsia/controlador HTTP/1.1" 200 4799
190.156.70.119 - - [08/Apr/2023:17:19:25 -0500] "POST /appsia/controlador HTTP/1.1" 200 4799
186.31.79.125 - - [08/Apr/2023:17:19:29 -0500] "GET /portaldeninos/humedal-jaboque-2/ HTTP/1.1" 200 87846
186.31.79.125 - - [08/Apr/2023:17:19:30 -0500] "GET /portaldeninos/wp-content/uploads/2020/11/Jaboque-B-1024x576.jpg HTTP/1.1" 200 113926
172.22.2.4 - - [08/Apr/2023:17:18:50 -0500] "GET /BLA/boletinlegal/ HTTP/1.1" 200 28619
201.245.192.253 - - [08/Apr/2023:17:20:00 -0500] "POST /kwsrmcab/Wsrmcab HTTP/1.1" 200 43468
186.31.79.125 - - [08/Apr/2023:17:20:03 -0500] "GET /portaldeninos/humedal-cordoba-2/ HTTP/1.1" 200 88041
186.31.79.125 - - [08/Apr/2023:17:20:04 -0500] "GET /portaldeninos/wp-content/uploads/2020/11/C%C3%B3rdoba-B-1024x576.jpg HTTP/1.1" 200 121531
201.245.192.253 - - [08/Apr/2023:17:20:03 -0500] "POST /kwsrmcab/Wsrmcab HTTP/1.1" 200 42992
216.245.221.92 - - [08/Apr/2023:17:20:29 -0500] "HEAD / HTTP/1.1" 200 -
52.167.144.60 - - [08/Apr/2023:17:21:55 -0500] "GET / HTTP/1.1" 200 4720
173.252.83.9 - - [08/Apr/2023:17:21:56 -0500] "GET /images/caminos-de-los-cerros-1_optimized.jpeg HTTP/1.1" 200 49537
35.208.187.63 - - [08/Apr/2023:17:21:59 -0500] "HEAD /BLA/resoluciones/RESOLUCIONES%202017/0520.pdf HTTP/1.1" 200 -
172.22.2.4 - - [08/Apr/2023:17:20:44 -0500] "HEAD /BLA/boletinlegal/ HTTP/1.1" 200 -
201.245.192.253 - - [08/Apr/2023:17:22:51 -0500] "POST /kwsrmcab/Wsrmcab  HTTP/1.1" 200 42075
172.22.2.4 - - [08/Apr/2023:17:21:35 -0500] "GET /BLA/boletinlegal/ HTTP/1.1" 200 59296
66.249.70.172 - - [08/Apr/2023:17:24:07 -0500] "-" 408 -
40.77.167.189 - - [08/Apr/2023:17:24:44 -0500] "GET /mujeres-que-reverdecen-secretaria-de-ambiente-anuncia-el-inicio-de-la-tercera-fase.html HTTP/1.1" 200 954
66.249.70.207 - - [08/Apr/2023:17:24:44 -0500] "-" 408 -
162.55.175.143 - - [08/Apr/2023:17:24:46 -0500] "GET / HTTP/1.1" 200 319
172.22.2.4 - - [08/Apr/2023:17:24:46 -0500] "GET /BLA/boletinlegal/consulta_actos.php?tipo=autos&no=&usuario=1870&sector=PEV&fecha=2011&resuelve= HTTP/1.1" 200 626
162.55.175.143 - - [08/Apr/2023:17:24:48 -0500] "GET / HTTP/1.1" 200 4720
216.245.221.92 - - [08/Apr/2023:17:25:29 -0500] "HEAD / HTTP/1.1" 200 -
121.30.179.29 - - [08/Apr/2023:17:25:37 -0500] "GET /BLA/boletinlegal/Directivas/2017/Directiva%20No.%2006%20del%2016%20de%20Agosto%20de%202017.pdf HTTP/1.1" 200 310598
121.30.179.59 - - [08/Apr/2023:17:25:37 -0500] "GET /BLA/boletinlegal/Circulares/2017/Circular%20No.%202%20del%201%20de%20Septiembre%20de%202017.pdf HTTP/1.1" 200 152575
40.77.190.54 - - [08/Apr/2023:17:26:12 -0500] "GET /dlf/styles.css HTTP/1.1" 404 1188
172.22.2.4 - - [08/Apr/2023:17:26:50 -0500] "GET /BLA/boletinlegal/consulta_actos.php?tipo=resoluciones&no=&usuario=2216&sector=PEV&fecha=2011&resuelve= HTTP/1.1" 200 626
186.84.21.6 - - [08/Apr/2023:17:26:53 -0500] "GET /BLA/resoluciones/ HTTP/1.1" 200 13502
186.84.21.6 - - [08/Apr/2023:17:26:54 -0500] "GET /BLA/resoluciones/dlf/styles.css HTTP/1.1" 200 3049
186.84.21.6 - - [08/Apr/2023:17:26:54 -0500] "GET /BLA/resoluciones/dlf/folder.png HTTP/1.1" 200 410
186.84.21.6 - - [08/Apr/2023:17:26:54 -0500] "GET /BLA/resoluciones/dlf/bg.gif HTTP/1.1" 200 54
186.84.21.6 - - [08/Apr/2023:17:26:57 -0500] "GET /BLA/resoluciones/dlf/dirup.png HTTP/1.1" 200 644
186.84.21.6 - - [08/Apr/2023:17:26:57 -0500] "GET /BLA/resoluciones/dlf/pdf.gif HTTP/1.1" 200 272
186.84.21.6 - - [08/Apr/2023:17:26:57 -0500] "GET /BLA/resoluciones/index.php?dir=AUTOS+2011%2F HTTP/1.1" 200 636425
186.84.21.6 - - [08/Apr/2023:17:27:28 -0500] "GET /BLA/resoluciones/ HTTP/1.1" 200 13502
186.84.21.6 - - [08/Apr/2023:17:27:35 -0500] "GET /BLA/resoluciones/index.php?dir=RESOLUCIONES+2011%2F HTTP/1.1" 200 746823
201.245.192.253 - - [08/Apr/2023:17:27:50 -0500] "POST /kwsrmcab/Wsrmcab  HTTP/1.1" 200 42075
172.22.2.4 - - [08/Apr/2023:17:26:34 -0500] "HEAD /BLA/boletinlegal/ HTTP/1.1" 200 -
172.22.2.4 - - [08/Apr/2023:17:28:38 -0500] "GET /BLA/boletinlegal/consulta_actos.php?tipo=resoluciones&no=&usuario=6016&sector=PEV&fecha=2011&resuelve= HTTP/1.1" 200 626
186.84.21.6 - - [08/Apr/2023:17:28:44 -0500] "GET /BLA/resoluciones/ HTTP/1.1" 200 13502
186.84.21.6 - - [08/Apr/2023:17:28:48 -0500] "GET /BLA/resoluciones/index.php?dir=RESOLUCIONES+2011%2F HTTP/1.1" 200 746823
186.84.21.6 - - [08/Apr/2023:17:28:56 -0500] "GET /BLA/resoluciones/RESOLUCIONES%202011/6016.pdf HTTP/1.1" 200 1037081
172.22.2.4 - - [08/Apr/2023:17:27:25 -0500] "GET /BLA/boletinlegal/ HTTP/1.1" 200 53104
201.245.192.253 - - [08/Apr/2023:17:30:01 -0500] "POST /kwsrmcab/Wsrmcab HTTP/1.1" 200 43468
201.245.192.253 - - [08/Apr/2023:17:30:03 -0500] "POST /kwsrmcab/Wsrmcab HTTP/1.1" 200 42992
216.245.221.92 - - [08/Apr/2023:17:30:29 -0500] "HEAD / HTTP/1.1" 200 -
52.167.144.60 - - [08/Apr/2023:17:30:50 -0500] "GET / HTTP/1.1" 200 319
201.245.192.253 - - [08/Apr/2023:17:32:49 -0500] "POST /kwsrmcab/Wsrmcab  HTTP/1.1" 200 42075
20.15.133.170 - - [08/Apr/2023:17:33:10 -0500] "GET /reporte-calidad-del-aire-martes.html HTTP/1.1" 200 885
172.22.2.4 - - [08/Apr/2023:17:33:41 -0500] "GET /BLA/boletinlegal/consulta_actos.php?tipo=resoluciones&no=&usuario=238&sector=PEV&fecha=2011&resuelve= HTTP/1.1" 200 626
186.84.21.6 - - [08/Apr/2023:17:33:51 -0500] "GET /BLA/resoluciones/ HTTP/1.1" 200 13502
66.249.70.207 - - [08/Apr/2023:17:33:53 -0500] "-" 408 -
186.84.21.6 - - [08/Apr/2023:17:33:54 -0500] "GET /BLA/resoluciones/index.php?dir=RESOLUCIONES+2011%2F HTTP/1.1" 200 746823
172.22.2.4 - - [08/Apr/2023:17:32:24 -0500] "HEAD /BLA/boletinlegal/ HTTP/1.1" 200 -
191.156.49.198 - - [08/Apr/2023:17:34:18 -0500] "GET /fauna-silvestre-distrito-sensibiliza-a-personas-que-van-a-viajar-en-semana-santa-sobre-la-importancia-de-proteger-la-fauna-silvestre.html HTTP/1.1" 200 955
168.119.61.24 - - [08/Apr/2023:17:34:30 -0500] "GET / HTTP/1.1" 200 4720
168.119.61.24 - - [08/Apr/2023:17:34:32 -0500] "GET / HTTP/1.1" 200 319
190.102.126.108 - - [08/Apr/2023:17:34:45 -0500] "GET /BLA/resoluciones/index.php?dir= HTTP/1.1" 200 13502
190.102.126.108 - - [08/Apr/2023:17:34:48 -0500] "GET /BLA/resoluciones/index.php?dir=AUTOS+2014%2F HTTP/1.1" 200 889384
172.22.2.4 - - [08/Apr/2023:17:33:15 -0500] "GET /BLA/boletinlegal/ HTTP/1.1" 200 57551
190.102.126.108 - - [08/Apr/2023:17:35:05 -0500] "GET /BLA/resoluciones/AUTOS%202014/0073.pdf HTTP/1.1" 200 780506
216.245.221.92 - - [08/Apr/2023:17:35:29 -0500] "HEAD / HTTP/1.1" 200 -
52.167.144.76 - - [08/Apr/2023:17:37:38 -0500] "GET /BLA/resoluciones/RESOLUCIONES%202021/5065.pdf HTTP/1.1" 200 352138
201.245.192.253 - - [08/Apr/2023:17:37:50 -0500] "POST /kwsrmcab/Wsrmcab  HTTP/1.1" 200 42075
162.248.46.113 - - [08/Apr/2023:17:37:57 -0500] "GET / HTTP/1.1" 200 319
66.249.70.207 - - [08/Apr/2023:17:39:50 -0500] "-" 408 -
172.22.2.4 - - [08/Apr/2023:17:38:14 -0500] "HEAD /BLA/boletinlegal/ HTTP/1.1" 200 -
201.245.192.253 - - [08/Apr/2023:17:40:00 -0500] "POST /kwsrmcab/Wsrmcab HTTP/1.1" 200 43468
201.245.192.253 - - [08/Apr/2023:17:40:03 -0500] "POST /kwsrmcab/Wsrmcab HTTP/1.1" 200 42992
216.245.221.92 - - [08/Apr/2023:17:40:29 -0500] "HEAD / HTTP/1.1" 200 -
40.77.167.231 - - [08/Apr/2023:17:40:41 -0500] "GET /BLA/resoluciones/AUTOS%202021/2694.pdf HTTP/1.1" 304 -
172.22.2.4 - - [08/Apr/2023:17:39:05 -0500] "GET /BLA/boletinlegal/ HTTP/1.1" 200 54798
172.22.2.4 - - [08/Apr/2023:17:40:55 -0500] "GET /BLA/boletinlegal/actos.php HTTP/1.1" 200 9672
172.22.2.4 - - [08/Apr/2023:17:40:56 -0500] "GET /BLA/boletinlegal/favicon.ico HTTP/1.1" 404 1326
186.29.253.39 - - [08/Apr/2023:17:41:00 -0500] "GET /BLA/resoluciones/ HTTP/1.1" 200 13502
186.29.253.39 - - [08/Apr/2023:17:41:06 -0500] "GET /BLA/resoluciones/index.php?dir=RESOLUCIONES+2004%2F HTTP/1.1" 200 31994
181.48.255.196 - - [08/Apr/2023:17:41:07 -0500] "GET /BLA/resoluciones/index.php?dir=RESOLUCIONES+2004%2F HTTP/1.1" 200 31994
181.48.255.196 - - [08/Apr/2023:17:41:07 -0500] "GET /BLA/resoluciones/dlf/styles.css HTTP/1.1" 200 3049
181.48.255.196 - - [08/Apr/2023:17:41:07 -0500] "GET /BLA/resoluciones/dlf/dirup.png HTTP/1.1" 200 644
181.48.255.196 - - [08/Apr/2023:17:41:07 -0500] "GET /BLA/resoluciones/dlf/folder.png HTTP/1.1" 200 410
181.48.255.196 - - [08/Apr/2023:17:41:07 -0500] "GET /BLA/resoluciones/dlf/pdf.gif HTTP/1.1" 200 272
181.48.255.198 - - [08/Apr/2023:17:41:07 -0500] "GET /BLA/resoluciones/index.php?dir=oylhLMFJMjZh+7942%2F HTTP/1.1" 200 13709
181.48.255.196 - - [08/Apr/2023:17:41:07 -0500] "GET /BLA/resoluciones/dlf/bg.gif HTTP/1.1" 200 54
181.48.255.198 - - [08/Apr/2023:17:41:08 -0500] "GET /BLA/resoluciones/dlf/styles.css HTTP/1.1" 200 3049
181.48.255.198 - - [08/Apr/2023:17:41:08 -0500] "GET /BLA/resoluciones/dlf/dirup.png HTTP/1.1" 200 644
181.48.255.198 - - [08/Apr/2023:17:41:08 -0500] "GET /BLA/resoluciones/dlf/folder.png HTTP/1.1" 200 410
181.48.255.198 - - [08/Apr/2023:17:41:08 -0500] "GET /BLA/resoluciones/dlf/bg.gif HTTP/1.1" 200 54
186.29.253.39 - - [08/Apr/2023:17:41:21 -0500] "GET /BLA/resoluciones/index.php?dir=RESOLUCIONES+2004%2FRES+2004+1001-1050%2F HTTP/1.1" 200 12169
186.29.253.39 - - [08/Apr/2023:17:41:21 -0500] "GET /BLA/resoluciones/dlf/unknown.png HTTP/1.1" 200 266
172.22.2.4 - - [08/Apr/2023:17:40:53 -0500] "GET /BLA/boletinlegal/ HTTP/1.1" 200 24523
186.29.253.39 - - [08/Apr/2023:17:41:33 -0500] "GET /BLA/resoluciones/index.php?dir=RESOLUCIONES+2004%2FRES+2004+1101-1150%2F HTTP/1.1" 200 12172
186.29.253.39 - - [08/Apr/2023:17:41:38 -0500] "GET /BLA/resoluciones/RESOLUCIONES%202004/RES%202004%201101-1150/00001127.tif HTTP/1.1" 200 357654
185.180.143.80 - - [08/Apr/2023:17:41:42 -0500] "GET /portaldeninos/ HTTP/1.1" 200 110197
185.180.143.80 - - [08/Apr/2023:17:42:13 -0500] "GET /portaldeninos/ HTTP/1.1" 200 110197
185.180.143.80 - - [08/Apr/2023:17:42:16 -0500] "GET /portaldeninos/ HTTP/1.1" 200 110197
201.245.192.253 - - [08/Apr/2023:17:42:49 -0500] "POST /kwsrmcab/Wsrmcab  HTTP/1.1" 200 42075
52.167.144.89 - - [08/Apr/2023:17:43:41 -0500] "GET /BLA/resoluciones/AUTOS%202021/2107.pdf HTTP/1.1" 304 -
34.141.209.37 - - [08/Apr/2023:17:44:00 -0500] "GET /inventario-de-emisiones-2020-transporte-publico-sitp-redujo-emisiones-de-pm-2-5-en-un-37.html HTTP/1.1" 200 925
152.203.250.106 - - [08/Apr/2023:17:44:51 -0500] "GET /BLA/resoluciones/ HTTP/1.1" 200 13502
152.203.250.106 - - [08/Apr/2023:17:44:53 -0500] "GET /BLA/resoluciones/index.php?dir=AUTOS+2013%2F HTTP/1.1" 200 407265
152.203.250.106 - - [08/Apr/2023:17:44:58 -0500] "GET /BLA/resoluciones/AUTOS%202013/0918.pdf HTTP/1.1" 200 412006
216.245.221.92 - - [08/Apr/2023:17:45:29 -0500] "HEAD / HTTP/1.1" 200 -
172.22.2.4 - - [08/Apr/2023:17:44:04 -0500] "HEAD /BLA/boletinlegal/ HTTP/1.1" 200 -
186.29.253.39 - - [08/Apr/2023:17:45:51 -0500] "GET /BLA/resoluciones/index.php?dir=RESOLUCIONES+2005%2F HTTP/1.1" 200 49518
34.125.143.41 - - [08/Apr/2023:17:45:51 -0500] "GET /BLA/boletinlegal/js/jquery.scrollShow.js HTTP/1.1" 200 4586
34.125.143.41 - - [08/Apr/2023:17:45:51 -0500] "GET /galeria/galeria/jquery.fancybox.js?v=2.1.5 HTTP/1.1" 200 48706
34.125.143.41 - - [08/Apr/2023:17:45:51 -0500] "GET /galeria/galeria/jquery.fancybox.css?v=2.1.5 HTTP/1.1" 200 4895
66.249.70.207 - - [08/Apr/2023:17:45:53 -0500] "-" 408 -
34.125.143.41 - - [08/Apr/2023:17:45:54 -0500] "GET /galeria/carrusel/Carrusel/jquery.thumbnailScroller.css HTTP/1.1" 200 2066
34.125.143.41 - - [08/Apr/2023:17:45:54 -0500] "GET /galeria/carrusel/Carrusel/jquery-ui-1.8.13.custom.min.js HTTP/1.1" 200 10800
34.125.143.41 - - [08/Apr/2023:17:45:54 -0500] "GET /galeria/carrusel/Carrusel/jquery.thumbnailScroller.js HTTP/1.1" 200 8157
34.125.143.41 - - [08/Apr/2023:17:45:55 -0500] "GET /galeria/nivo-slider/demo/banner.html HTTP/1.1" 200 5446
34.125.143.41 - - [08/Apr/2023:17:45:56 -0500] "GET /galeria/nivo-slider/themes/default/default.css HTTP/1.1" 200 1569
34.125.143.41 - - [08/Apr/2023:17:45:56 -0500] "GET /galeria/nivo-slider/themes/pascal/pascal.css HTTP/1.1" 200 2258
34.125.143.41 - - [08/Apr/2023:17:45:56 -0500] "GET /galeria/nivo-slider/themes/orman/orman.css HTTP/1.1" 200 2152
186.29.253.39 - - [08/Apr/2023:17:45:56 -0500] "GET /BLA/resoluciones/index.php?dir=RESOLUCIONES+2005%2FRES+2005+1-50%2F HTTP/1.1" 200 12563
34.125.184.146 - - [08/Apr/2023:17:45:56 -0500] "GET /galeria/nivo-slider/nivo-slider.css HTTP/1.1" 200 1507
34.125.184.146 - - [08/Apr/2023:17:45:56 -0500] "GET /galeria/nivo-slider/demo/style.css HTTP/1.1" 200 2222
34.125.143.41 - - [08/Apr/2023:17:45:56 -0500] "GET /galeria/nivo-slider/demo/scripts/jquery-1.7.1.min.js HTTP/1.1" 200 93868
34.125.143.41 - - [08/Apr/2023:17:45:56 -0500] "GET /galeria/nivo-slider/jquery.nivo.slider.pack.js HTTP/1.1" 200 11561
34.125.184.146 - - [08/Apr/2023:17:45:56 -0500] "GET /galeria/nivo-slider/demo/images/bannertortuga_optimized.jpg HTTP/1.1" 200 39066
34.125.143.41 - - [08/Apr/2023:17:45:56 -0500] "GET /galeria/nivo-slider/demo/images/Bannermujeresquereverdecen.jpg HTTP/1.1" 200 46558
34.125.184.146 - - [08/Apr/2023:17:45:56 -0500] "GET /galeria/nivo-slider/demo/images/bannertrafico_optimized.jpg HTTP/1.1" 200 42578
34.125.143.41 - - [08/Apr/2023:17:45:56 -0500] "GET /galeria/nivo-slider/demo/images/4Simple_Slider.png HTTP/1.1" 200 11722
34.125.184.146 - - [08/Apr/2023:17:45:57 -0500] "GET /galeria/nivo-slider/themes/default/loading.gif HTTP/1.1" 200 1737
34.125.143.41 - - [08/Apr/2023:17:45:57 -0500] "GET /galeria/nivo-slider/demo/images/Bannersedeelectronica.jpg HTTP/1.1" 200 40383
34.125.143.41 - - [08/Apr/2023:17:45:57 -0500] "GET /galeria/nivo-slider/demo/images/bannerrutaesperanza.jpg HTTP/1.1" 200 55560
34.125.184.146 - - [08/Apr/2023:17:45:57 -0500] "GET /galeria/nivo-slider/demo/images/banneraire2021.jpg HTTP/1.1" 200 265101
34.125.143.41 - - [08/Apr/2023:17:45:57 -0500] "GET /galeria/nivo-slider/demo/images/Bannerplasticosseptiembre.jpg HTTP/1.1" 200 45633
34.125.143.41 - - [08/Apr/2023:17:45:57 -0500] "GET /galeria/nivo-slider/demo/images/bannerresiduoshospitalariosagosto.jpg HTTP/1.1" 200 36499
34.125.143.41 - - [08/Apr/2023:17:45:57 -0500] "GET /galeria/nivo-slider/demo/images/banneraccionpopularcrr68.jpg HTTP/1.1" 200 51887
34.125.143.41 - - [08/Apr/2023:17:45:57 -0500] "GET /galeria/nivo-slider/demo/images/banneraccionpopular.jpeg HTTP/1.1" 200 41707
34.125.143.41 - - [08/Apr/2023:17:45:57 -0500] "GET /galeria/nivo-slider/demo/images/bannerclases2021.jpg HTTP/1.1" 200 68230
34.125.184.146 - - [08/Apr/2023:17:45:57 -0500] "GET /galeria/nivo-slider/demo/images/bannercapacitacionesbogota.jpg HTTP/1.1" 200 42416
34.125.143.41 - - [08/Apr/2023:17:45:58 -0500] "GET /galeria/nivo-slider/demo/images/Bannerenvases.jpg HTTP/1.1" 200 37316
34.125.184.146 - - [08/Apr/2023:17:45:58 -0500] "GET /galeria/nivo-slider/demo/images/Bannervirtualescanales.jpg HTTP/1.1" 200 174544
186.29.253.39 - - [08/Apr/2023:17:46:01 -0500] "GET /BLA/resoluciones/RESOLUCIONES%202005/RES%202005%201-50/00000026.tif HTTP/1.1" 200 66830
34.125.184.146 - - [08/Apr/2023:17:46:03 -0500] "GET /galeria/nivo-slider/themes/default/arrows.png HTTP/1.1" 200 824
34.125.184.146 - - [08/Apr/2023:17:46:03 -0500] "GET /galeria/nivo-slider/themes/default/bullets.png HTTP/1.1" 200 1281
40.77.167.231 - - [08/Apr/2023:17:46:16 -0500] "GET /sipse/faces/autenticacion.xhtml HTTP/1.1" 200 12500
172.22.2.4 - - [08/Apr/2023:17:44:55 -0500] "GET /BLA/boletinlegal/ HTTP/1.1" 200 58653
201.245.192.253 - - [08/Apr/2023:17:47:47 -0500] "POST /kwsrmcab/Wsrmcab  HTTP/1.1" 200 42075
173.252.95.15 - - [08/Apr/2023:17:48:21 -0500] "GET /autoridades-ambientales-de-bogota-y-cundinamarca-y-proteccion-animal-unidas-por-el-cuidado-de-los-animales-en-esta-navidad.html HTTP/1.1" 206 1029
34.125.143.41 - - [08/Apr/2023:17:49:57 -0500] "GET /BLA/boletinlegal/js/jquery.scrollShow.js HTTP/1.1" 200 4586
34.125.143.41 - - [08/Apr/2023:17:49:57 -0500] "GET /galeria/galeria/jquery.fancybox.js?v=2.1.5 HTTP/1.1" 200 48706
34.125.143.41 - - [08/Apr/2023:17:49:57 -0500] "GET /galeria/galeria/jquery.fancybox.css?v=2.1.5 HTTP/1.1" 200 4895
34.125.143.41 - - [08/Apr/2023:17:50:00 -0500] "GET /galeria/carrusel/Carrusel/jquery.thumbnailScroller.css HTTP/1.1" 200 2066
34.125.143.41 - - [08/Apr/2023:17:50:00 -0500] "GET /galeria/carrusel/Carrusel/jquery-ui-1.8.13.custom.min.js HTTP/1.1" 200 10800
34.125.143.41 - - [08/Apr/2023:17:50:00 -0500] "GET /galeria/carrusel/Carrusel/jquery.thumbnailScroller.js HTTP/1.1" 200 8157
34.125.143.41 - - [08/Apr/2023:17:50:02 -0500] "GET /galeria/nivo-slider/demo/banner.html HTTP/1.1" 200 5446
34.125.143.41 - - [08/Apr/2023:17:50:02 -0500] "GET /galeria/nivo-slider/themes/default/default.css HTTP/1.1" 200 1569
34.125.143.41 - - [08/Apr/2023:17:50:02 -0500] "GET /galeria/nivo-slider/themes/pascal/pascal.css HTTP/1.1" 200 2258
34.125.143.41 - - [08/Apr/2023:17:50:02 -0500] "GET /galeria/nivo-slider/themes/orman/orman.css HTTP/1.1" 200 2152
34.125.143.41 - - [08/Apr/2023:17:50:02 -0500] "GET /galeria/nivo-slider/nivo-slider.css HTTP/1.1" 200 1507
34.125.143.41 - - [08/Apr/2023:17:50:03 -0500] "GET /galeria/nivo-slider/demo/style.css HTTP/1.1" 200 2222
34.125.143.41 - - [08/Apr/2023:17:50:03 -0500] "GET /galeria/nivo-slider/demo/scripts/jquery-1.7.1.min.js HTTP/1.1" 200 93868
34.125.143.41 - - [08/Apr/2023:17:50:03 -0500] "GET /galeria/nivo-slider/jquery.nivo.slider.pack.js HTTP/1.1" 200 11561
34.125.143.41 - - [08/Apr/2023:17:50:03 -0500] "GET /galeria/nivo-slider/demo/images/bannertortuga_optimized.jpg HTTP/1.1" 200 39066
34.125.143.41 - - [08/Apr/2023:17:50:03 -0500] "GET /galeria/nivo-slider/demo/images/Bannermujeresquereverdecen.jpg HTTP/1.1" 200 46558
34.125.143.41 - - [08/Apr/2023:17:50:03 -0500] "GET /galeria/nivo-slider/demo/images/bannertrafico_optimized.jpg HTTP/1.1" 200 42578
34.125.143.41 - - [08/Apr/2023:17:50:04 -0500] "GET /galeria/nivo-slider/demo/images/Bannersedeelectronica.jpg HTTP/1.1" 200 40383
34.125.143.41 - - [08/Apr/2023:17:50:04 -0500] "GET /galeria/nivo-slider/demo/images/4Simple_Slider.png HTTP/1.1" 200 11722
34.125.143.41 - - [08/Apr/2023:17:50:05 -0500] "GET /galeria/nivo-slider/themes/default/loading.gif HTTP/1.1" 200 1737
34.125.143.41 - - [08/Apr/2023:17:50:06 -0500] "GET /galeria/nivo-slider/demo/images/bannerrutaesperanza.jpg HTTP/1.1" 200 55560
34.125.143.41 - - [08/Apr/2023:17:50:06 -0500] "GET /galeria/nivo-slider/demo/images/banneraire2021.jpg HTTP/1.1" 200 265101
34.125.143.41 - - [08/Apr/2023:17:50:06 -0500] "GET /galeria/nivo-slider/demo/images/Bannerplasticosseptiembre.jpg HTTP/1.1" 200 45633
34.125.143.41 - - [08/Apr/2023:17:50:07 -0500] "GET /galeria/nivo-slider/demo/images/bannerresiduoshospitalariosagosto.jpg HTTP/1.1" 200 36499
34.125.143.41 - - [08/Apr/2023:17:50:08 -0500] "GET /galeria/nivo-slider/demo/images/banneraccionpopularcrr68.jpg HTTP/1.1" 200 51887
34.125.143.41 - - [08/Apr/2023:17:50:08 -0500] "GET /galeria/nivo-slider/demo/images/banneraccionpopular.jpeg HTTP/1.1" 200 41707
34.125.143.41 - - [08/Apr/2023:17:50:09 -0500] "GET /galeria/nivo-slider/demo/images/bannerclases2021.jpg HTTP/1.1" 200 68230
34.125.143.41 - - [08/Apr/2023:17:50:09 -0500] "GET /galeria/nivo-slider/demo/images/bannercapacitacionesbogota.jpg HTTP/1.1" 200 42416
34.125.143.41 - - [08/Apr/2023:17:50:09 -0500] "GET /galeria/nivo-slider/demo/images/Bannerenvases.jpg HTTP/1.1" 200 37316
34.125.143.41 - - [08/Apr/2023:17:50:10 -0500] "GET /galeria/nivo-slider/demo/images/Bannervirtualescanales.jpg HTTP/1.1" 200 174544
34.125.143.41 - - [08/Apr/2023:17:50:20 -0500] "GET /galeria/nivo-slider/themes/default/arrows.png HTTP/1.1" 200 824
34.125.143.41 - - [08/Apr/2023:17:50:20 -0500] "GET /galeria/nivo-slider/themes/default/bullets.png HTTP/1.1" 200 1281
216.245.221.92 - - [08/Apr/2023:17:50:29 -0500] "HEAD / HTTP/1.1" 200 -
173.252.79.117 - - [08/Apr/2023:17:50:39 -0500] "GET /images/cr\xc3\xb3nica-29-nov-1_optimized.jpeg HTTP/1.1" 404 1034
34.147.125.51 - - [08/Apr/2023:17:51:14 -0500] "GET /inventario-de-emisiones-2020-transporte-publico-sitp-redujo-emisiones-de-pm-2-5-en-un-37.html HTTP/1.1" 200 925
199.16.157.181 - - [08/Apr/2023:17:51:17 -0500] "GET /images/palma-silvestre_optimized.jpeg HTTP/1.1" 200 46816
172.22.2.4 - - [08/Apr/2023:17:49:54 -0500] "HEAD /BLA/boletinlegal/ HTTP/1.1" 200 -
66.249.70.207 - - [08/Apr/2023:17:51:35 -0500] "-" 408 -
185.119.81.103 - - [08/Apr/2023:17:51:44 -0500] "GET /portaldeninos/wp-login.php HTTP/1.1" 200 2592
185.119.81.103 - - [08/Apr/2023:17:51:45 -0500] "POST /portaldeninos/wp-login.php HTTP/1.1" 200 3650
172.22.2.4 - - [08/Apr/2023:17:50:45 -0500] "GET /BLA/boletinlegal/ HTTP/1.1" 200 56744
201.245.192.253 - - [08/Apr/2023:17:52:46 -0500] "POST /kwsrmcab/Wsrmcab  HTTP/1.1" 200 42075
216.245.221.92 - - [08/Apr/2023:17:55:29 -0500] "HEAD / HTTP/1.1" 200 -
172.22.2.4 - - [08/Apr/2023:17:55:34 -0500] "GET /BLA/boletinlegal/Circulares/2013/Circular%20No.%203%20del%2005%20de%20abril%20de%202013.pdf HTTP/1.1" 200 93580
173.252.83.12 - - [08/Apr/2023:17:56:57 -0500] "GET /galeria/galeria/fotos/Capellania4P.jpg HTTP/1.1" 200 37377
172.22.2.4 - - [08/Apr/2023:17:55:44 -0500] "HEAD /BLA/boletinlegal/ HTTP/1.1" 200 -
52.167.144.89 - - [08/Apr/2023:17:57:34 -0500] "GET /BLA/resoluciones/RESOLUCIONES%202021/4682.pdf HTTP/1.1" 200 341904
201.245.192.253 - - [08/Apr/2023:17:57:43 -0500] "POST /kwsrmcab/Wsrmcab  HTTP/1.1" 200 42075
66.249.70.207 - - [08/Apr/2023:17:57:57 -0500] "-" 408 -
172.22.2.4 - - [08/Apr/2023:17:56:35 -0500] "GET /BLA/boletinlegal/ HTTP/1.1" 200 59296
52.167.144.76 - - [08/Apr/2023:17:58:20 -0500] "GET /BLA/resoluciones/RESOLUCIONES%202022/1300.pdf HTTP/1.1" 200 360622
173.252.79.23 - - [08/Apr/2023:17:58:56 -0500] "GET /images/17%20de%20febrero%20mujeres%20que%20reverdecen.jpeg HTTP/1.1" 200 85735
40.77.167.141 - - [08/Apr/2023:17:59:42 -0500] "GET /BLA/resoluciones/AUTOS%202021/1491.pdf HTTP/1.1" 304 -
191.95.52.31 - - [08/Apr/2023:17:59:42 -0500] "GET /como-obtener-el-certificado-de-estado-de-conservacion-ambiental-ceca.html HTTP/1.1" 200 873
173.252.95.14 - - [08/Apr/2023:18:00:00 -0500] "GET /bogota-ya-cuenta-con-el-protocolo-para-el-manejo-y-control-de-la-langostilla-de-rio.html HTTP/1.1" 206 1088
173.252.95.23 - - [08/Apr/2023:18:00:00 -0500] "GET /images/animal-langostilla-protocolo-11-noviembre.jpg HTTP/1.1" 200 117767
173.252.127.118 - - [08/Apr/2023:18:00:00 -0500] "GET /images/animal-langostilla-protocolo-11-noviembre.jpg HTTP/1.1" 200 117767
216.245.221.92 - - [08/Apr/2023:18:00:29 -0500] "HEAD / HTTP/1.1" 200 -
201.245.192.253 - - [08/Apr/2023:18:02:40 -0500] "POST /kwsrmcab/Wsrmcab  HTTP/1.1" 200 42075
172.22.2.4 - - [08/Apr/2023:18:01:34 -0500] "HEAD /BLA/boletinlegal/ HTTP/1.1" 200 -
134.195.198.126 - - [08/Apr/2023:18:03:20 -0500] "GET / HTTP/1.1" 200 319
134.195.198.126 - - [08/Apr/2023:18:03:20 -0500] "POST /HNAP1/ HTTP/1.1" 404 1018
172.22.2.4 - - [08/Apr/2023:18:02:25 -0500] "GET /BLA/boletinlegal/ HTTP/1.1" 200 57141
66.249.70.207 - - [08/Apr/2023:18:04:13 -0500] "-" 408 -
52.167.144.89 - - [08/Apr/2023:18:05:23 -0500] "GET /Publicaciones/2022EE83638.pdf HTTP/1.1" 404 227
216.245.221.92 - - [08/Apr/2023:18:05:29 -0500] "HEAD / HTTP/1.1" 200 -
173.252.95.12 - - [08/Apr/2023:18:05:38 -0500] "GET /dia-internacional-de-la-tierra-cambio-de-habitos-para-su-proteccion-y-conservacion.html HTTP/1.1" 206 1014
193.32.162.159 - - [08/Apr/2023:18:05:42 -0500] "GET / HTTP/1.1" 200 319
193.32.162.159 - - [08/Apr/2023:18:05:52 -0500] "GET /dispatch.asp HTTP/1.1" 404 1018
172.22.2.4 - - [08/Apr/2023:18:07:12 -0500] "GET /BLA/boletinlegal/normativa.php HTTP/1.1" 200 8333
172.22.2.4 - - [08/Apr/2023:18:07:20 -0500] "GET /BLA/boletinlegal/consulta_normativa.php?tipo=&sector=flora&ano=&resuelve= HTTP/1.1" 200 2158
201.245.192.253 - - [08/Apr/2023:18:07:37 -0500] "POST /kwsrmcab/Wsrmcab  HTTP/1.1" 200 42075
172.22.2.4 - - [08/Apr/2023:18:07:07 -0500] "GET /BLA/boletinlegal/ HTTP/1.1" 200 24523
173.252.83.19 - - [08/Apr/2023:18:07:47 -0500] "GET /images/24%20de%20febrero%20Sendero%20guadalupe%202.jpeg HTTP/1.1" 200 70964
199.16.157.182 - - [08/Apr/2023:18:08:23 -0500] "GET /images/feria-17-de-septiembre_optimized.jpg HTTP/1.1" 200 40532
199.16.157.183 - - [08/Apr/2023:18:08:24 -0500] "GET /ciudad-bolivar-recibe-la-feria-de-servicios.html HTTP/1.1" 200 726
172.22.2.4 - - [08/Apr/2023:18:07:24 -0500] "HEAD /BLA/boletinlegal/ HTTP/1.1" 200 -
66.249.70.172 - - [08/Apr/2023:18:09:07 -0500] "-" 408 -
66.249.70.207 - - [08/Apr/2023:18:09:51 -0500] "-" 408 -
186.31.57.93 - - [08/Apr/2023:18:09:52 -0500] "GET /kwssiamovil/sm/acme/a?s=U2FsdGVkX18emYwCmvhvSchlHM/5PpKuiLGMFLpNZd7BpnkCy94Hv9Nc184XK8Ox8j8wXEPRyKyZHc5ELcwW7cXOrO+Y3aUjG1RYftWZ56tjf8ZjQmzFfzxLjnasocU4R78IjBk6FKhdpCf8HBZcCL1zYivS/oSRn7629xTJQpdPPewlO8w7HCnHs2ZFe5UfuL+G/Mfr7PXMB6/975YnVaaqKyDZUk9DbRJFS+1oDzYRfyCpQ401KZIGQ+9qF8tLJHsHbbd1bEZWXrx6dtgjww==&u=U2FsdGVkX19aXwyWaNLP78SCcohjs2yFRgsfI1fUPMMraHgPiRcsr79gixFrMFqn&y=U2FsdGVkX19xKCdf46QT8i1RKNo0IcOEqKsUonrRgP/R/HXFox2Zlg+SoRXPD/F2 HTTP/1.1" 200 26
