172.22.2.4 - - [13/Apr/2023:03:32:20 -0500] "GET /BLA/boletinlegal/images/body_bg.jpg HTTP/1.1" 200 1601
172.22.2.4 - - [13/Apr/2023:03:32:20 -0500] "GET /BLA/boletinlegal/images/tel.png HTTP/1.1" 200 14477
172.22.2.4 - - [13/Apr/2023:03:32:20 -0500] "GET /BLA/boletinlegal/images/menu_bg.jpg HTTP/1.1" 200 620
172.22.2.4 - - [13/Apr/2023:03:32:20 -0500] "GET /BLA/boletinlegal/images/hover.jpg HTTP/1.1" 200 640
172.22.2.4 - - [13/Apr/2023:03:32:20 -0500] "GET /BLA/boletinlegal/images/icono-email.png HTTP/1.1" 200 5544
172.22.2.4 - - [13/Apr/2023:03:32:20 -0500] "GET /BLA/boletinlegal/images/green-yellow-blue-pink-th.png HTTP/1.1" 200 7394
172.22.2.4 - - [13/Apr/2023:03:32:20 -0500] "GET /BLA/boletinlegal/images/bg_top.jpg HTTP/1.1" 200 522
172.22.2.4 - - [13/Apr/2023:03:32:20 -0500] "GET /BLA/boletinlegal/images/footer_bg.jpg HTTP/1.1" 200 586
172.22.2.4 - - [13/Apr/2023:03:32:20 -0500] "GET /BLA/boletinlegal/images/menu_lft.gif HTTP/1.1" 200 1713
172.22.2.4 - - [13/Apr/2023:03:32:20 -0500] "GET /BLA/boletinlegal/images/text.jpg HTTP/1.1" 200 568
172.22.2.4 - - [13/Apr/2023:03:32:20 -0500] "GET /BLA/boletinlegal/images/registro-usuarios.png HTTP/1.1" 200 8106
172.22.2.4 - - [13/Apr/2023:03:32:20 -0500] "GET /BLA/boletinlegal/images/historia.png HTTP/1.1" 200 52775
172.22.2.4 - - [13/Apr/2023:03:32:20 -0500] "GET /BLA/boletinlegal/images/footer_bg_l.jpg HTTP/1.1" 200 776
172.22.2.4 - - [13/Apr/2023:03:32:21 -0500] "GET /BLA/boletinlegal/img/0.png HTTP/1.1" 200 110
172.22.2.4 - - [13/Apr/2023:03:32:21 -0500] "GET /BLA/boletinlegal/img/select-left.png HTTP/1.1" 200 263
172.22.2.4 - - [13/Apr/2023:03:32:21 -0500] "GET /BLA/boletinlegal/img/button-left.png HTTP/1.1" 200 57071
172.22.2.4 - - [13/Apr/2023:03:32:21 -0500] "GET /BLA/boletinlegal/img/button.png HTTP/1.1" 200 43241
172.22.2.4 - - [13/Apr/2023:03:32:21 -0500] "GET /BLA/boletinlegal/img/select-right.png HTTP/1.1" 200 44019
172.22.2.4 - - [13/Apr/2023:03:32:21 -0500] "GET /BLA/boletinlegal/img/button-right.png HTTP/1.1" 200 57878
172.22.2.4 - - [13/Apr/2023:03:32:21 -0500] "GET /BLA/boletinlegal/favicon.ico HTTP/1.1" 404 1326
172.22.2.4 - - [13/Apr/2023:03:30:50 -0500] "HEAD /BLA/boletinlegal/ HTTP/1.1" 200 -
172.22.2.4 - - [13/Apr/2023:03:31:40 -0500] "GET /BLA/boletinlegal/ HTTP/1.1" 200 55211
157.55.39.207 - - [13/Apr/2023:03:33:36 -0500] "GET /BLA/resoluciones/AUTOS%202018/6798.pdf HTTP/1.1" 200 346719
172.22.2.4 - - [13/Apr/2023:03:33:56 -0500] "GET /BLA/boletinlegal/Directivas/2017/Directiva%20No.%2005%20del%2013%20de%20Junio%20de%202017.pdf HTTP/1.1" 200 853105
172.22.2.4 - - [13/Apr/2023:03:33:56 -0500] "GET /BLA/boletinlegal/robots.txt HTTP/1.1" 404 1037
216.245.221.92 - - [13/Apr/2023:03:35:13 -0500] "HEAD / HTTP/1.1" 200 -
201.245.192.253 - - [13/Apr/2023:03:36:52 -0500] "POST /kwsrmcab/Wsrmcab  HTTP/1.1" 200 213
104.152.52.96 - - [13/Apr/2023:03:37:51 -0500] "GET / HTTP/1.0" 200 319
172.22.2.4 - - [13/Apr/2023:03:36:40 -0500] "HEAD /BLA/boletinlegal/ HTTP/1.1" 200 -
172.22.2.4 - - [13/Apr/2023:03:37:30 -0500] "GET /BLA/boletinlegal/ HTTP/1.1" 200 57141
201.245.192.253 - - [13/Apr/2023:03:39:38 -0500] "POST /kwsrmcab/Wsrmcab HTTP/1.1" 200 42230
201.245.192.253 - - [13/Apr/2023:03:39:41 -0500] "POST /kwsrmcab/Wsrmcab HTTP/1.1" 200 43182
172.22.2.4 - - [13/Apr/2023:03:39:57 -0500] "GET /BLA/boletinlegal/actos.php HTTP/1.1" 200 9672
216.245.221.92 - - [13/Apr/2023:03:40:13 -0500] "HEAD / HTTP/1.1" 200 -
201.245.192.253 - - [13/Apr/2023:03:41:52 -0500] "POST /kwsrmcab/Wsrmcab  HTTP/1.1" 200 213
172.22.2.4 - - [13/Apr/2023:03:42:39 -0500] "GET /BLA/boletinlegal/actos.php HTTP/1.1" 200 9672
172.22.2.4 - - [13/Apr/2023:03:42:30 -0500] "HEAD /BLA/boletinlegal/ HTTP/1.1" 200 -
35.204.166.86 - - [13/Apr/2023:03:44:28 -0500] "GET /inventario-de-emisiones-2020-transporte-publico-sitp-redujo-emisiones-de-pm-2-5-en-un-37.html HTTP/1.1" 200 925
52.167.144.58 - - [13/Apr/2023:03:44:40 -0500] "GET /bla/resoluciones/resoluciones%202012/1865.pdf HTTP/1.1" 304 -
172.22.2.4 - - [13/Apr/2023:03:43:20 -0500] "GET /BLA/boletinlegal/ HTTP/1.1" 200 57141
216.245.221.92 - - [13/Apr/2023:03:45:13 -0500] "HEAD / HTTP/1.1" 200 -
201.245.192.253 - - [13/Apr/2023:03:46:51 -0500] "POST /kwsrmcab/Wsrmcab  HTTP/1.1" 200 213
66.249.70.172 - - [13/Apr/2023:03:49:48 -0500] "-" 408 -
172.22.2.4 - - [13/Apr/2023:03:48:20 -0500] "HEAD /BLA/boletinlegal/ HTTP/1.1" 200 -
216.245.221.92 - - [13/Apr/2023:03:50:13 -0500] "HEAD / HTTP/1.1" 200 -
172.22.2.4 - - [13/Apr/2023:03:49:10 -0500] "GET /BLA/boletinlegal/ HTTP/1.1" 200 53104
201.245.192.253 - - [13/Apr/2023:03:51:46 -0500] "POST /kwsrmcab/Wsrmcab  HTTP/1.1" 200 213
52.167.144.63 - - [13/Apr/2023:03:53:01 -0500] "GET /BLA/resoluciones/RESOLUCIONES%202018/3662.pdf HTTP/1.1" 200 221539
20.115.97.21 - - [13/Apr/2023:03:53:07 -0500] "GET /.env HTTP/1.1" 404 1018
20.115.97.21 - - [13/Apr/2023:03:53:08 -0500] "POST / HTTP/1.1" 200 319
114.119.151.74 - - [13/Apr/2023:03:53:52 -0500] "-" 408 -
216.245.221.92 - - [13/Apr/2023:03:55:13 -0500] "HEAD / HTTP/1.1" 200 -
52.167.144.30 - - [13/Apr/2023:03:55:46 -0500] "GET /BLA/boletinlegal/norma_menu.php HTTP/1.1" 200 6318
172.22.2.4 - - [13/Apr/2023:03:54:09 -0500] "HEAD /BLA/boletinlegal/ HTTP/1.1" 200 -
185.119.81.104 - - [13/Apr/2023:03:55:58 -0500] "GET /portaldeninos/wp-login.php HTTP/1.1" 503 1037
172.22.2.4 - - [13/Apr/2023:03:56:32 -0500] "OPTIONS /BLA/boletinlegal/style.css HTTP/1.1" 200 -
172.22.2.4 - - [13/Apr/2023:03:56:32 -0500] "OPTIONS /BLA/boletinlegal/js/jquery.scrollTo-min.js HTTP/1.1" 200 -
172.22.2.4 - - [13/Apr/2023:03:56:32 -0500] "OPTIONS /BLA/boletinlegal/js/jquery.js HTTP/1.1" 200 -
172.22.2.4 - - [13/Apr/2023:03:56:32 -0500] "OPTIONS /BLA/boletinlegal/js/jquery.scrollShow.js HTTP/1.1" 200 -
172.22.2.4 - - [13/Apr/2023:03:56:32 -0500] "OPTIONS /BLA/boletinlegal/styles2.css HTTP/1.1" 200 -
172.22.2.4 - - [13/Apr/2023:03:56:32 -0500] "OPTIONS /BLA/boletinlegal/images/cabezote%20BLEGAL.jpg HTTP/1.1" 200 -
172.22.2.4 - - [13/Apr/2023:03:56:32 -0500] "OPTIONS /BLA/boletinlegal/images/subscribe-icon-big.png HTTP/1.1" 200 -
172.22.2.4 - - [13/Apr/2023:03:56:32 -0500] "OPTIONS /BLA/boletinlegal/images/registro-usuarios.png HTTP/1.1" 200 -
172.22.2.4 - - [13/Apr/2023:03:56:32 -0500] "OPTIONS /BLA/boletinlegal/images/historia.png HTTP/1.1" 200 -
172.22.2.4 - - [13/Apr/2023:03:56:32 -0500] "OPTIONS /BLA/boletinlegal/images/screen_1.png HTTP/1.1" 200 -
172.22.2.4 - - [13/Apr/2023:03:56:32 -0500] "OPTIONS /BLA/boletinlegal/images/arr_l.jpg HTTP/1.1" 200 -
172.22.2.4 - - [13/Apr/2023:03:56:32 -0500] "OPTIONS /BLA/boletinlegal/images/menu_lft.gif HTTP/1.1" 200 -
172.22.2.4 - - [13/Apr/2023:03:56:32 -0500] "OPTIONS /BLA/boletinlegal/images/body_bg.jpg HTTP/1.1" 200 -
172.22.2.4 - - [13/Apr/2023:03:56:32 -0500] "OPTIONS /BLA/boletinlegal/images/launch.jpg HTTP/1.1" 200 -
172.22.2.4 - - [13/Apr/2023:03:56:32 -0500] "OPTIONS /BLA/boletinlegal/images/menu_rght.gif HTTP/1.1" 200 -
172.22.2.4 - - [13/Apr/2023:03:56:32 -0500] "OPTIONS /BLA/boletinlegal/images/menu_bg.jpg HTTP/1.1" 200 -
172.22.2.4 - - [13/Apr/2023:03:56:32 -0500] "OPTIONS /BLA/boletinlegal/images/bg_top.jpg HTTP/1.1" 200 -
172.22.2.4 - - [13/Apr/2023:03:56:32 -0500] "OPTIONS /BLA/boletinlegal/images/text.jpg HTTP/1.1" 200 -
172.22.2.4 - - [13/Apr/2023:03:56:32 -0500] "OPTIONS /BLA/boletinlegal/images/hover.jpg HTTP/1.1" 200 -
172.22.2.4 - - [13/Apr/2023:03:56:35 -0500] "GET /BLA/boletinlegal/actos.php HTTP/1.1" 200 9672
172.22.2.4 - - [13/Apr/2023:03:56:35 -0500] "OPTIONS /BLA/boletinlegal/js/ajax_actos.js HTTP/1.1" 200 -
172.22.2.4 - - [13/Apr/2023:03:56:35 -0500] "OPTIONS /BLA/boletinlegal/niceforms.js HTTP/1.1" 200 -
172.22.2.4 - - [13/Apr/2023:03:56:35 -0500] "OPTIONS /BLA/boletinlegal/niceforms-default.css HTTP/1.1" 200 -
172.22.2.4 - - [13/Apr/2023:03:56:35 -0500] "OPTIONS /BLA/boletinlegal/js/popup.js HTTP/1.1" 200 -
172.22.2.4 - - [13/Apr/2023:03:56:35 -0500] "OPTIONS /BLA/boletinlegal/js/jquery1.js HTTP/1.1" 200 -
172.22.2.4 - - [13/Apr/2023:03:56:35 -0500] "OPTIONS /BLA/boletinlegal/js/lib.js HTTP/1.1" 200 -
172.22.2.4 - - [13/Apr/2023:03:56:35 -0500] "OPTIONS /BLA/boletinlegal/images/green-yellow-blue-pink-th.png HTTP/1.1" 200 -
172.22.2.4 - - [13/Apr/2023:03:56:35 -0500] "OPTIONS /BLA/boletinlegal/images/tel.png HTTP/1.1" 200 -
172.22.2.4 - - [13/Apr/2023:03:56:35 -0500] "OPTIONS /BLA/boletinlegal/images/icono-email.png HTTP/1.1" 200 -
172.22.2.4 - - [13/Apr/2023:03:56:35 -0500] "OPTIONS /BLA/boletinlegal/images/footer_bg.jpg HTTP/1.1" 200 -
172.22.2.4 - - [13/Apr/2023:03:56:35 -0500] "OPTIONS /BLA/boletinlegal/images/footer_bg_l.jpg HTTP/1.1" 200 -
172.22.2.4 - - [13/Apr/2023:03:56:35 -0500] "OPTIONS /BLA/boletinlegal/img/select-right.png HTTP/1.1" 200 -
172.22.2.4 - - [13/Apr/2023:03:56:35 -0500] "OPTIONS /BLA/boletinlegal/img/0.png HTTP/1.1" 200 -
172.22.2.4 - - [13/Apr/2023:03:56:35 -0500] "OPTIONS /BLA/boletinlegal/img/select-left.png HTTP/1.1" 200 -
172.22.2.4 - - [13/Apr/2023:03:56:35 -0500] "OPTIONS /BLA/boletinlegal/img/button-right.png HTTP/1.1" 200 -
172.22.2.4 - - [13/Apr/2023:03:56:35 -0500] "OPTIONS /BLA/boletinlegal/img/button.png HTTP/1.1" 200 -
172.22.2.4 - - [13/Apr/2023:03:56:35 -0500] "OPTIONS /BLA/boletinlegal/img/button-left.png HTTP/1.1" 200 -
172.22.2.4 - - [13/Apr/2023:03:56:35 -0500] "GET /BLA/boletinlegal/favicon.ico HTTP/1.1" 404 1326
172.22.2.4 - - [13/Apr/2023:03:55:00 -0500] "GET /BLA/boletinlegal/ HTTP/1.1" 200 57141
172.22.2.4 - - [13/Apr/2023:03:56:49 -0500] "GET /BLA/boletinlegal/consulta_actos.php?tipo=autos&no=3260&usuario=&sector=&fecha=2020&resuelve= HTTP/1.1" 200 1089
201.245.192.253 - - [13/Apr/2023:03:56:48 -0500] "POST /kwsrmcab/Wsrmcab  HTTP/1.1" 200 213
181.58.60.135 - - [13/Apr/2023:03:56:55 -0500] "GET /BLA/resoluciones/AUTOS%202020/3260.pdf HTTP/1.1" 200 323932
172.22.2.4 - - [13/Apr/2023:03:56:32 -0500] "GET /BLA/boletinlegal/ HTTP/1.1" 200 24523
216.245.221.92 - - [13/Apr/2023:04:00:13 -0500] "HEAD / HTTP/1.1" 200 -
172.22.2.4 - - [13/Apr/2023:03:59:59 -0500] "HEAD /BLA/boletinlegal/ HTTP/1.1" 200 -
201.245.192.253 - - [13/Apr/2023:04:01:46 -0500] "POST /kwsrmcab/Wsrmcab  HTTP/1.1" 200 213
172.22.2.4 - - [13/Apr/2023:04:00:50 -0500] "GET /BLA/boletinlegal/ HTTP/1.1" 200 55211
52.167.144.58 - - [13/Apr/2023:04:03:02 -0500] "GET /BLA/resoluciones/AUTOS%202021/5786.pdf HTTP/1.1" 200 349752
66.249.66.85 - - [13/Apr/2023:04:03:44 -0500] "-" 408 -
216.245.221.92 - - [13/Apr/2023:04:05:13 -0500] "HEAD / HTTP/1.1" 200 -
52.167.144.58 - - [13/Apr/2023:04:05:40 -0500] "GET /BLA/resoluciones/AUTOS%202021/1612.pdf HTTP/1.1" 304 -
101.198.0.181 - - [13/Apr/2023:04:06:30 -0500] "-" 408 -
201.245.192.253 - - [13/Apr/2023:04:06:44 -0500] "POST /kwsrmcab/Wsrmcab  HTTP/1.1" 200 213
172.22.2.4 - - [13/Apr/2023:04:05:49 -0500] "HEAD /BLA/boletinlegal/ HTTP/1.1" 200 -
172.22.2.4 - - [13/Apr/2023:04:06:41 -0500] "GET /BLA/boletinlegal/ HTTP/1.1" 200 59646
181.58.60.135 - - [13/Apr/2023:04:08:30 -0500] "GET /BLA/resoluciones/ HTTP/1.1" 200 13502
181.58.60.135 - - [13/Apr/2023:04:08:47 -0500] "GET /BLA/resoluciones/index.php?dir=AUTOS+2020%2F HTTP/1.1" 200 12235
181.58.60.135 - - [13/Apr/2023:04:08:48 -0500] "GET /BLA/resoluciones/index.php?dir=AUTOS+2020%2F HTTP/1.1" 200 328123
172.22.2.4 - - [13/Apr/2023:04:08:53 -0500] "GET /BLA/boletinlegal/jurisprudencia/analisis/AnalisisT-146-16.docx HTTP/1.1" 304 -
216.245.221.92 - - [13/Apr/2023:04:10:13 -0500] "HEAD / HTTP/1.1" 200 -
186.102.101.86 - - [13/Apr/2023:04:11:26 -0500] "GET /kwssiamovil/sm/ldap/au?x=U2FsdGVkX1+ZqGpZkbP2JMOt6w/6viaXwu8uLXJBgHIkV8HeGND8ns+L5r9MMKq6&y=U2FsdGVkX19V5pJl5i0sythXH0IA/Suadw+b++/n6+I= HTTP/1.1" 200 30
186.102.101.86 - - [13/Apr/2023:04:11:26 -0500] "GET /kwssiamovil/sm/acme/s?s=U2FsdGVkX1/V5mtoVofUtIcI9pgSa1SjliLjkvYPwde1GHfJrHiJD3LCf1ekHh3O2LCo7sOIBjEhmc6q5x/eGpJ2LjaqmoPqc5gSSfr8qDU=&u=U2FsdGVkX18WqfDF157UtIF9J3+VnNMLeHSdx9ea3kY=&y=U2FsdGVkX19V5pJl5i0sythXH0IA/Suadw+b++/n6+I= HTTP/1.1" 200 97
186.102.101.86 - - [13/Apr/2023:04:11:26 -0500] "GET /kwssiamovil/sm/acme/s?s=U2FsdGVkX19p8yDM2341U/LslrqNWSJF4svWxIGOfBcR9GYyhAGQU1WSZ0Td7bxFgownKSofz6oqIYneE/ibGazU211Jqh8DB8Zu8KvbLiAn0OtYa6w4Dl6egu3rA2/hu2V8ZMF2O2B2fJ3CtJ+u+N5c19EH245FCIko6QMsVpjp9Q5cVrMg3wbFp+GYksKzRwnjr35Z7kSJcLGHliR7/2Ky+hHaDnb2qz1omAu4r1VZFFyIYalbIALO12ZFV9fPabukvPAdGpQEmDe1UtZl5tYyMw0ZDfu+3VwcocGa8buGuFAoY1yHwv3X7zk2Nk0CA8gQynOv6Cw8w7EZsB7e/jdIskv313Faq0iudW2Zq1XNCqO9MdJ5drvuz+c+uyIBp8ZB0ekwSRd0hs7JTtMOc0IYWs22NvefYaAYElVMih8GlVVfEcJ0OHH87JlwihoRmCOD4Hhy0bmgev7GS/+xD27OLW+dw5WsI1ivjS/bbt9MBcEAgbiL3u1LkS4sA7wpW02sENj1e9UbMO38woA4X5rUs6mLgp/coKNmpY8CU2/QJVD8WRf31vGfCnW7mBgIIZGB5tSNG9wyozCclRFcZawV1aTZsb85LYeihNKs9ystp1HPVujVXtouZcmhUNdKZIDM8p0dT/PzFbuM7DR97dnrqZ3HP2wcM07uFNuZruI+ZtaGiPSFdNYzSnzYMehulS4MorAItT1vL5XN99BSRwkaEe2bZqsRCVRodE0MPwveLkIg8OlxaxEhzWkFSrjb/eKJhLRoTlErCD/ztd5IcYd9bzyZmEzr0QPIxrXW248pe4TlOFaO6UzqrkODEtfsCi+kaPpO7tkQZQ85oGeDlhKNKgqknyn3w+CpYOW9PbakG+NZ/Celjq56lyPWqAtYBkY+8jXwQK3X/45ZJxa3rJFl+WpIhmx3G9A8vOWk6Zowu1V6qgsxeC3bQQ5xsvb1CM6rTSht4Tgx4gzis+e8pAQrP2wvE41QFzhmM1VwPVEmeehoX8gKLJJF3HJSFfnKJZq6ATraalrmHg68/8y24PuNH4LDFun87OGg933vMzz2pZF0qv2U7TTT6e66P0NKws60rvN3OGSssj5SeEZFrH8QwsVq503nmZprCQHXBqzzw5rU/JNuwLGw0c45Fvt/tTVwDL/OV+bXm3fNnd6/GMm539LSsL91mQBIceDUiiybT8HqTrqsQffya15SqPAJ7Gb9ZjlLAbDjtbpdBYhvxGBlKOoR4+AnRO8rp8ugxHIlujYGst9Jm7P3+Bv5FMOtFUUj7nasKkyn1XD2oW3AcUkEjTltawIsxtMXy9jAy7nRbXS8ufODnOzoIx1/znD0iDc/aQolfbxN89PObqrdv/0D+jfnCxHF0NApBUyZbpZKtWl9g1fJ60y30RclkGg8oqB0AM4rBAYqGr0XciDrkUnMH2tGYwm8ldaQzZsZNEM=&u=U2FsdGVkX18WqfDF157UtIF9J3+VnNMLeHSdx9ea3kY=&y=U2FsdGVkX19V5pJl5i0sythXH0IA/Suadw+b++/n6+I= HTTP/1.1" 200 2690
186.102.101.86 - - [13/Apr/2023:04:11:26 -0500] "GET /kwssiamovil/sm/acme/s?s=U2FsdGVkX1954JPrSZwwnw6IcgE/voWpc+HQZALmHOvrcAZNJgHGAhKb4Z6Z3AEyuvLEbTEIBjGp4Be9ynb1nXjSFBWwrmQgHAwa13s/UHtiQVXvSY/EzaIpp1i5h+szGF6pED4Kh3Fez5NEq0Bh8dnnZIVr6RumpffM7wXR9OPA7tPM6gecbbw5BmeTRLh6xq1XKljdHWL1VQ1zum3mAICxOU1Awt4qV395r/MPGHeXTUGJi1C9DiYSl17Zn+IZwkTz8VtP2w+QhQ3GM00YBZf2CFPqDpEafZ2crFYARGmCc2pWMpj0zRTTS5U4WMBdgkiZwsQxhosbv9uCPelTNw==&u=U2FsdGVkX18WqfDF157UtIF9J3+VnNMLeHSdx9ea3kY=&y=U2FsdGVkX19V5pJl5i0sythXH0IA/Suadw+b++/n6+I= HTTP/1.1" 200 196
186.102.101.86 - - [13/Apr/2023:04:11:27 -0500] "GET /kwssiamovil/sm/cjson/pre?f=1&x=U2FsdGVkX1+ZqGpZkbP2JMOt6w/6viaXwu8uLXJBgHIkV8HeGND8ns+L5r9MMKq6 HTTP/1.1" 200 31032
201.245.192.253 - - [13/Apr/2023:04:11:43 -0500] "POST /kwsrmcab/Wsrmcab  HTTP/1.1" 200 213
176.197.82.70 - - [13/Apr/2023:04:13:15 -0500] "GET / HTTP/1.1" 200 319
172.22.2.4 - - [13/Apr/2023:04:11:39 -0500] "HEAD /BLA/boletinlegal/ HTTP/1.1" 200 -
176.197.82.70 - - [13/Apr/2023:04:13:32 -0500] "GET / HTTP/1.1" 200 319
172.22.2.4 - - [13/Apr/2023:04:12:30 -0500] "GET /BLA/boletinlegal/ HTTP/1.1" 200 53551
52.167.144.58 - - [13/Apr/2023:04:15:02 -0500] "GET /BLA/resoluciones/AUTOS%202021/0525.pdf HTTP/1.1" 304 -
216.245.221.92 - - [13/Apr/2023:04:15:13 -0500] "HEAD / HTTP/1.1" 200 -
201.245.192.253 - - [13/Apr/2023:04:16:42 -0500] "POST /kwsrmcab/Wsrmcab  HTTP/1.1" 200 213
52.167.144.30 - - [13/Apr/2023:04:17:17 -0500] "GET /POT-2013/Cartografia/Anexo01_Sistema_Hidrico.pdf HTTP/1.1" 304 -
35.204.111.96 - - [13/Apr/2023:04:17:48 -0500] "GET /inventario-de-emisiones-2020-transporte-publico-sitp-redujo-emisiones-de-pm-2-5-en-un-37.html HTTP/1.1" 200 925
172.22.2.4 - - [13/Apr/2023:04:17:29 -0500] "HEAD /BLA/boletinlegal/ HTTP/1.1" 200 -
172.22.2.4 - - [13/Apr/2023:04:19:22 -0500] "GET /BLA/boletinlegal/Circulares/2012/Circular%20No.%2010%20del%2026%20de%20Enero%20de%202012.pdf HTTP/1.1" 404 1037
201.245.192.253 - - [13/Apr/2023:04:19:38 -0500] "POST /kwsrmcab/Wsrmcab HTTP/1.1" 200 42379
201.245.192.253 - - [13/Apr/2023:04:19:41 -0500] "POST /kwsrmcab/Wsrmcab HTTP/1.1" 200 43168
172.22.2.4 - - [13/Apr/2023:04:18:20 -0500] "GET /BLA/boletinlegal/ HTTP/1.1" 200 51610
172.22.2.4 - - [13/Apr/2023:04:20:06 -0500] "GET /BLA/boletinlegal/favicon.ico HTTP/1.1" 404 1018
172.22.2.4 - - [13/Apr/2023:04:20:06 -0500] "GET /BLA/boletinlegal/robots.txt HTTP/1.1" 404 1018
172.22.2.4 - - [13/Apr/2023:04:20:07 -0500] "GET /BLA/boletinlegal/.well-known/security.txt HTTP/1.1" 404 1018
216.245.221.92 - - [13/Apr/2023:04:20:13 -0500] "HEAD / HTTP/1.1" 200 -
172.22.2.4 - - [13/Apr/2023:04:20:25 -0500] "GET /BLA/boletinlegal/actos.php HTTP/1.1" 200 9672
172.22.2.4 - - [13/Apr/2023:04:20:26 -0500] "GET /BLA/boletinlegal/favicon.ico HTTP/1.1" 404 1326
186.80.52.163 - - [13/Apr/2023:04:20:29 -0500] "GET /BLA/resoluciones/ HTTP/1.1" 200 13502
172.22.2.4 - - [13/Apr/2023:04:19:37 -0500] "GET /BLA/boletinlegal/ HTTP/1.1" 200 36811
186.80.52.163 - - [13/Apr/2023:04:20:33 -0500] "GET /BLA/resoluciones/index.php?dir=RESOLUCIONES+2021%2F HTTP/1.1" 200 439136
172.22.2.4 - - [13/Apr/2023:04:21:27 -0500] "GET /BLA/boletinlegal/actos.php HTTP/1.1" 200 9672
186.80.52.163 - - [13/Apr/2023:04:21:41 -0500] "GET /BLA/resoluciones/RESOLUCIONES%202021/0756.pdf HTTP/1.1" 200 524360
201.245.192.253 - - [13/Apr/2023:04:21:41 -0500] "POST /kwsrmcab/Wsrmcab  HTTP/1.1" 200 213
172.22.2.4 - - [13/Apr/2023:04:21:44 -0500] "GET /BLA/boletinlegal/consulta_actos.php?tipo=autos&no=1745&usuario=&sector=&fecha=2022&resuelve= HTTP/1.1" 200 1154
172.22.2.4 - - [13/Apr/2023:04:20:20 -0500] "GET /BLA/boletinlegal/ HTTP/1.1" 200 60876
172.22.2.4 - - [13/Apr/2023:04:22:23 -0500] "GET /BLA/boletinlegal/consulta_actos.php?tipo=autos&no=1475&usuario=&sector=&fecha=2022&resuelve= HTTP/1.1" 200 626
172.22.2.4 - - [13/Apr/2023:04:23:19 -0500] "HEAD /BLA/boletinlegal/ HTTP/1.1" 200 -
216.245.221.92 - - [13/Apr/2023:04:25:13 -0500] "HEAD / HTTP/1.1" 200 -
172.22.2.4 - - [13/Apr/2023:04:24:10 -0500] "GET /BLA/boletinlegal/ HTTP/1.1" 200 57551
201.245.192.253 - - [13/Apr/2023:04:26:41 -0500] "POST /kwsrmcab/Wsrmcab  HTTP/1.1" 200 213
201.245.192.253 - - [13/Apr/2023:04:29:39 -0500] "POST /kwsrmcab/Wsrmcab HTTP/1.1" 200 42379
201.245.192.253 - - [13/Apr/2023:04:29:42 -0500] "POST /kwsrmcab/Wsrmcab HTTP/1.1" 200 43168
216.245.221.92 - - [13/Apr/2023:04:30:13 -0500] "HEAD / HTTP/1.1" 200 -
172.22.2.4 - - [13/Apr/2023:04:29:09 -0500] "HEAD /BLA/boletinlegal/ HTTP/1.1" 200 -
52.167.144.58 - - [13/Apr/2023:04:31:17 -0500] "GET /BLA/resoluciones/RESOLUCIONES%202019/2128.pdf HTTP/1.1" 200 290115
20.241.233.77 - - [13/Apr/2023:04:31:38 -0500] "-" 408 -
172.22.2.4 - - [13/Apr/2023:04:30:00 -0500] "GET /BLA/boletinlegal/ HTTP/1.1" 200 52720
201.245.192.253 - - [13/Apr/2023:04:31:40 -0500] "POST /kwsrmcab/Wsrmcab  HTTP/1.1" 200 213
172.22.2.4 - - [13/Apr/2023:04:31:45 -0500] "GET /BLA/boletinlegal/ HTTP/1.1" 200 36811
216.245.221.92 - - [13/Apr/2023:04:35:13 -0500] "HEAD / HTTP/1.1" 200 -
172.22.2.4 - - [13/Apr/2023:04:34:59 -0500] "HEAD /BLA/boletinlegal/ HTTP/1.1" 200 -
201.245.192.253 - - [13/Apr/2023:04:36:39 -0500] "POST /kwsrmcab/Wsrmcab  HTTP/1.1" 200 213
172.22.2.4 - - [13/Apr/2023:04:37:23 -0500] "GET /BLA/boletinlegal/robots.txt HTTP/1.1" 404 1038
172.22.2.4 - - [13/Apr/2023:04:35:50 -0500] "GET /BLA/boletinlegal/ HTTP/1.1" 200 57935
172.22.2.4 - - [13/Apr/2023:04:38:40 -0500] "GET /BLA/boletinlegal/actos.php HTTP/1.1" 200 9672
172.22.2.4 - - [13/Apr/2023:04:37:25 -0500] "GET /BLA/boletinlegal/index.php HTTP/1.1" 200 61749
172.22.2.4 - - [13/Apr/2023:04:39:05 -0500] "GET /BLA/boletinlegal/consulta_actos.php?tipo=resoluciones&no=0667&usuario=&sector=&fecha=2022&resuelve= HTTP/1.1" 200 626
201.245.192.253 - - [13/Apr/2023:04:39:38 -0500] "POST /kwsrmcab/Wsrmcab HTTP/1.1" 200 42379
201.245.192.253 - - [13/Apr/2023:04:39:41 -0500] "POST /kwsrmcab/Wsrmcab HTTP/1.1" 200 43168
172.22.2.4 - - [13/Apr/2023:04:39:53 -0500] "GET /BLA/boletinlegal/consulta_actos.php?tipo=resoluciones&no=2929&usuario=&sector=&fecha=2018&resuelve= HTTP/1.1" 200 626
172.22.2.4 - - [13/Apr/2023:04:39:54 -0500] "GET /BLA/boletinlegal/consulta_actos.php?tipo=resoluciones&no=2929&usuario=&sector=&fecha=2018&resuelve= HTTP/1.1" 200 626
172.22.2.4 - - [13/Apr/2023:04:39:56 -0500] "GET /BLA/boletinlegal/consulta_actos.php?tipo=resoluciones&no=2929&usuario=&sector=&fecha=2018&resuelve= HTTP/1.1" 200 626
172.22.2.4 - - [13/Apr/2023:04:40:07 -0500] "GET /BLA/boletinlegal/consulta_actos.php?tipo=resoluciones&no=2909&usuario=&sector=&fecha=2018&resuelve= HTTP/1.1" 200 626
172.22.2.4 - - [13/Apr/2023:04:40:09 -0500] "GET /BLA/boletinlegal/consulta_actos.php?tipo=resoluciones&no=2909&usuario=&sector=&fecha=2018&resuelve= HTTP/1.1" 200 626
216.245.221.92 - - [13/Apr/2023:04:40:13 -0500] "HEAD / HTTP/1.1" 200 -
172.22.2.4 - - [13/Apr/2023:04:40:15 -0500] "GET /BLA/boletinlegal/consulta_actos.php?tipo=resoluciones&no=2909&usuario=&sector=&fecha=2018&resuelve= HTTP/1.1" 200 626
184.105.247.252 - - [13/Apr/2023:04:40:37 -0500] "GET / HTTP/1.1" 200 319
201.245.192.253 - - [13/Apr/2023:04:41:38 -0500] "POST /kwsrmcab/Wsrmcab  HTTP/1.1" 200 213
172.22.2.4 - - [13/Apr/2023:04:40:49 -0500] "HEAD /BLA/boletinlegal/ HTTP/1.1" 200 -
66.249.66.86 - - [13/Apr/2023:04:42:30 -0500] "-" 408 -
184.105.247.252 - - [13/Apr/2023:04:42:34 -0500] "GET /favicon.ico HTTP/1.1" 200 7782
172.22.2.4 - - [13/Apr/2023:04:41:40 -0500] "GET /BLA/boletinlegal/ HTTP/1.1" 200 58653
184.105.247.252 - - [13/Apr/2023:04:43:26 -0500] "GET /geoserver/web/ HTTP/1.1" 200 2424
173.252.107.120 - - [13/Apr/2023:04:44:12 -0500] "GET /distrito-levanta-alerta-ambiental-fase-1-por-calidad-del-aire.html HTTP/1.1" 206 921
216.245.221.92 - - [13/Apr/2023:04:45:13 -0500] "HEAD / HTTP/1.1" 200 -
40.77.167.246 - - [13/Apr/2023:04:45:45 -0500] "GET /images/pieza-ruta-verde-2-marzo.jpg HTTP/1.1" 200 46716
201.245.192.253 - - [13/Apr/2023:04:46:37 -0500] "POST /kwsrmcab/Wsrmcab  HTTP/1.1" 200 213
172.22.2.4 - - [13/Apr/2023:04:46:40 -0500] "GET /BLA/boletinlegal/ HTTP/1.1" 200 28619
104.238.153.175 - - [13/Apr/2023:04:48:19 -0500] "GET / HTTP/1.1" 200 319
172.22.2.4 - - [13/Apr/2023:04:46:39 -0500] "HEAD /BLA/boletinlegal/ HTTP/1.1" 200 -
172.22.2.4 - - [13/Apr/2023:04:47:30 -0500] "GET /BLA/boletinlegal/ HTTP/1.1" 200 57551
66.249.66.84 - - [13/Apr/2023:04:50:05 -0500] "-" 408 -
216.245.221.92 - - [13/Apr/2023:04:50:13 -0500] "HEAD / HTTP/1.1" 200 -
172.22.2.4 - - [13/Apr/2023:04:49:32 -0500] "GET /BLA/boletinlegal/ HTTP/1.1" 200 62202
172.22.2.4 - - [13/Apr/2023:04:51:26 -0500] "GET /BLA/boletinlegal/actos.php HTTP/1.1" 200 9672
172.22.2.4 - - [13/Apr/2023:04:51:33 -0500] "GET /BLA/boletinlegal/images/screen_1.png HTTP/1.1" 200 202547
172.22.2.4 - - [13/Apr/2023:04:51:35 -0500] "GET /BLA/boletinlegal/actos.php HTTP/1.1" 200 9672
201.245.192.253 - - [13/Apr/2023:04:51:34 -0500] "POST /kwsrmcab/Wsrmcab  HTTP/1.1" 200 213
172.22.2.4 - - [13/Apr/2023:04:51:48 -0500] "GET /BLA/boletinlegal/consulta_actos.php?tipo=resoluciones&no=1202&usuario=&sector=&fecha=2019&resuelve= HTTP/1.1" 200 626
172.22.2.4 - - [13/Apr/2023:04:51:51 -0500] "GET /BLA/boletinlegal/consulta_actos.php?tipo=resoluciones&no=1202&usuario=&sector=&fecha=2019&resuelve= HTTP/1.1" 200 626
172.22.2.4 - - [13/Apr/2023:04:51:33 -0500] "GET /BLA/boletinlegal/ HTTP/1.1" 200 24523
157.55.39.207 - - [13/Apr/2023:04:52:42 -0500] "GET /BLA/resoluciones/AUTOS%202021/6585.pdf HTTP/1.1" 304 -
185.119.81.104 - - [13/Apr/2023:04:53:04 -0500] "GET /portaldeninos/wp-login.php HTTP/1.1" 503 1037
172.22.2.4 - - [13/Apr/2023:04:52:29 -0500] "HEAD /BLA/boletinlegal/ HTTP/1.1" 200 -
172.22.2.4 - - [13/Apr/2023:04:53:20 -0500] "GET /BLA/boletinlegal/ HTTP/1.1" 200 54798
216.245.221.92 - - [13/Apr/2023:04:55:13 -0500] "HEAD / HTTP/1.1" 200 -
66.249.66.84 - - [13/Apr/2023:04:55:54 -0500] "-" 408 -
201.245.192.253 - - [13/Apr/2023:04:56:27 -0500] "POST /kwsrmcab/Wsrmcab  HTTP/1.1" 200 213
172.22.2.4 - - [13/Apr/2023:04:57:39 -0500] "GET /BLA/boletinlegal/jurisprudencia/analisis/G__Jurisp.%20Junio%202014_JURISPRUDENIA%2005-10-213%20CERROS%20BOGOTA.docx HTTP/1.1" 404 1037
172.22.2.4 - - [13/Apr/2023:04:58:19 -0500] "HEAD /BLA/boletinlegal/ HTTP/1.1" 200 -
216.245.221.92 - - [13/Apr/2023:05:00:13 -0500] "HEAD / HTTP/1.1" 200 -
52.167.144.58 - - [13/Apr/2023:05:00:16 -0500] "GET /BLA/resoluciones/ HTTP/1.1" 200 13502
52.167.144.63 - - [13/Apr/2023:05:00:37 -0500] "GET /BLA/resoluciones/dlf/styles.css HTTP/1.1" 200 3049
172.22.2.4 - - [13/Apr/2023:04:59:10 -0500] "GET /BLA/boletinlegal/ HTTP/1.1" 200 57141
173.252.111.2 - - [13/Apr/2023:05:01:00 -0500] "GET /como-obtener-el-certificado-de-estado-de-conservacion-ambiental-ceca.html HTTP/1.1" 206 873
173.252.111.1 - - [13/Apr/2023:05:01:03 -0500] "GET /como-obtener-el-certificado-de-estado-de-conservacion-ambiental-ceca.html HTTP/1.1" 206 873
172.22.2.4 - - [13/Apr/2023:05:01:12 -0500] "GET /BLA/boletinlegal/consulta_actos.php?tipo=resoluciones&no=1382&usuario=&sector=&fecha=2019&resuelve= HTTP/1.1" 200 626
172.22.2.4 - - [13/Apr/2023:05:01:12 -0500] "GET /BLA/boletinlegal/consulta_actos.php?tipo=resoluciones&no=1382&usuario=&sector=&fecha=2019&resuelve= HTTP/1.1" 200 626
201.245.192.253 - - [13/Apr/2023:05:01:26 -0500] "POST /kwsrmcab/Wsrmcab  HTTP/1.1" 200 213
173.252.79.3 - - [13/Apr/2023:05:01:54 -0500] "GET /como-obtener-el-certificado-de-estado-de-conservacion-ambiental-ceca.html HTTP/1.1" 206 873
3.26.213.182 - - [13/Apr/2023:05:05:08 -0500] "HEAD /del-22-al-26-de-noviembre-se-realizara-la-semana-ecoempresarial-en-bogota.html HTTP/1.1" 200 -
3.26.213.182 - - [13/Apr/2023:05:05:08 -0500] "HEAD /del-22-al-26-de-noviembre-se-realizara-la-semana-ecoempresarial-en-bogota.html HTTP/1.1" 200 -
3.26.213.182 - - [13/Apr/2023:05:05:08 -0500] "GET /del-22-al-26-de-noviembre-se-realizara-la-semana-ecoempresarial-en-bogota.html HTTP/1.1" 200 860
3.26.213.182 - - [13/Apr/2023:05:05:08 -0500] "GET / HTTP/1.1" 200 4720
3.26.213.182 - - [13/Apr/2023:05:05:09 -0500] "GET / HTTP/1.1" 200 4720
3.26.213.182 - - [13/Apr/2023:05:05:10 -0500] "GET /del-22-al-26-de-noviembre-se-realizara-la-semana-ecoempresarial-en-bogota.html HTTP/1.1" 200 860
3.26.213.182 - - [13/Apr/2023:05:05:10 -0500] "GET /del-22-al-26-de-noviembre-se-realizara-la-semana-ecoempresarial-en-bogota.html HTTP/1.1" 200 860
216.245.221.92 - - [13/Apr/2023:05:05:13 -0500] "HEAD / HTTP/1.1" 200 -
172.22.2.4 - - [13/Apr/2023:05:04:09 -0500] "HEAD /BLA/boletinlegal/ HTTP/1.1" 200 -
66.249.66.84 - - [13/Apr/2023:05:06:05 -0500] "-" 408 -
201.245.192.253 - - [13/Apr/2023:05:06:24 -0500] "POST /kwsrmcab/Wsrmcab  HTTP/1.1" 200 213
172.22.2.4 - - [13/Apr/2023:05:05:00 -0500] "GET /BLA/boletinlegal/ HTTP/1.1" 200 53551
172.22.2.4 - - [13/Apr/2023:05:05:51 -0500] "GET /BLA/boletinlegal/ HTTP/1.1" 200 36811
162.55.175.142 - - [13/Apr/2023:05:08:57 -0500] "GET / HTTP/1.1" 200 319
162.55.175.142 - - [13/Apr/2023:05:08:57 -0500] "GET / HTTP/1.1" 200 4720
179.43.177.242 - - [13/Apr/2023:05:09:07 -0500] "GET / HTTP/1.1" 200 319
216.245.221.92 - - [13/Apr/2023:05:10:13 -0500] "HEAD / HTTP/1.1" 200 -
201.245.192.253 - - [13/Apr/2023:05:11:07 -0500] "POST /sipse/faces/presentacion/financiero/solicitudProceso/consultarSolicitudProceso.xhtml HTTP/1.1" 302 -
201.245.192.253 - - [13/Apr/2023:05:11:07 -0500] "GET /sipse/faces/autenticacion.xhtml HTTP/1.1" 200 1099
201.245.192.253 - - [13/Apr/2023:05:11:07 -0500] "POST /sipse/faces/presentacion/financiero/solicitudProceso/consultarSolicitudProceso.xhtml HTTP/1.1" 302 -
201.245.192.253 - - [13/Apr/2023:05:11:07 -0500] "GET /sipse/faces/autenticacion.xhtml HTTP/1.1" 200 1099
201.245.192.253 - - [13/Apr/2023:05:11:07 -0500] "POST /sipse/faces/presentacion/financiero/solicitudProceso/consultarSolicitudProceso.xhtml HTTP/1.1" 302 -
201.245.192.253 - - [13/Apr/2023:05:11:07 -0500] "GET /sipse/faces/autenticacion.xhtml HTTP/1.1" 200 1099
201.245.192.253 - - [13/Apr/2023:05:11:07 -0500] "POST /sipse/faces/presentacion/financiero/solicitudProceso/consultarSolicitudProceso.xhtml HTTP/1.1" 302 -
201.245.192.253 - - [13/Apr/2023:05:11:07 -0500] "GET /sipse/faces/autenticacion.xhtml HTTP/1.1" 200 1099
201.245.192.253 - - [13/Apr/2023:05:11:07 -0500] "POST /sipse/faces/presentacion/financiero/solicitudProceso/consultarSolicitudProceso.xhtml HTTP/1.1" 302 -
201.245.192.253 - - [13/Apr/2023:05:11:07 -0500] "GET /sipse/faces/autenticacion.xhtml HTTP/1.1" 200 1099
201.245.192.253 - - [13/Apr/2023:05:11:07 -0500] "POST /sipse/faces/presentacion/financiero/solicitudProceso/consultarSolicitudProceso.xhtml HTTP/1.1" 302 -
201.245.192.253 - - [13/Apr/2023:05:11:07 -0500] "GET /sipse/faces/autenticacion.xhtml HTTP/1.1" 200 1099
201.245.192.253 - - [13/Apr/2023:05:11:07 -0500] "POST /sipse/faces/presentacion/financiero/solicitudProceso/consultarSolicitudProceso.xhtml HTTP/1.1" 302 -
201.245.192.253 - - [13/Apr/2023:05:11:07 -0500] "GET /sipse/faces/autenticacion.xhtml HTTP/1.1" 200 1099
201.245.192.253 - - [13/Apr/2023:05:11:07 -0500] "POST /sipse/faces/presentacion/financiero/solicitudProceso/consultarSolicitudProceso.xhtml HTTP/1.1" 302 -
201.245.192.253 - - [13/Apr/2023:05:11:07 -0500] "GET /sipse/faces/autenticacion.xhtml HTTP/1.1" 200 1099
201.245.192.253 - - [13/Apr/2023:05:11:07 -0500] "POST /sipse/faces/presentacion/financiero/solicitudProceso/consultarSolicitudProceso.xhtml HTTP/1.1" 302 -
201.245.192.253 - - [13/Apr/2023:05:11:07 -0500] "GET /sipse/faces/autenticacion.xhtml HTTP/1.1" 200 1099
201.245.192.253 - - [13/Apr/2023:05:11:16 -0500] "GET /sipse/faces/index.xhtml HTTP/1.1" 200 677
201.245.192.253 - - [13/Apr/2023:05:11:16 -0500] "GET /sipse/faces/javax.faces.resource/theme.css?ln=primefaces-sipse HTTP/1.1" 304 -
201.245.192.253 - - [13/Apr/2023:05:11:16 -0500] "GET /sipse/faces/faces/autenticacion.xhtml HTTP/1.1" 200 12178
201.245.192.253 - - [13/Apr/2023:05:11:16 -0500] "GET /sipse/faces/javax.faces.resource/theme.css?ln=primefaces-sipse HTTP/1.1" 304 -
201.245.192.253 - - [13/Apr/2023:05:11:16 -0500] "GET /sipse/faces/javax.faces.resource/primefaces.css?ln=primefaces&v=4.0 HTTP/1.1" 304 -
201.245.192.253 - - [13/Apr/2023:05:11:16 -0500] "GET /sipse/css/custom_css_sg.css HTTP/1.1" 200 9694
201.245.192.253 - - [13/Apr/2023:05:11:16 -0500] "GET /sipse/faces/javax.faces.resource/primefaces.js?ln=primefaces&v=4.0 HTTP/1.1" 304 -
201.245.192.253 - - [13/Apr/2023:05:11:16 -0500] "GET /sipse/faces/javax.faces.resource/jquery/jquery.js?ln=primefaces&v=4.0 HTTP/1.1" 304 -
201.245.192.253 - - [13/Apr/2023:05:11:16 -0500] "GET /sipse/faces/javax.faces.resource/layout/layout.js?ln=primefaces&v=4.0 HTTP/1.1" 304 -
201.245.192.253 - - [13/Apr/2023:05:11:16 -0500] "GET /sipse/faces/javax.faces.resource/jquery/jquery-plugins.js?ln=primefaces&v=4.0 HTTP/1.1" 304 -
201.245.192.253 - - [13/Apr/2023:05:11:16 -0500] "GET /sipse/faces/javax.faces.resource/layout/layout.css?ln=primefaces&v=4.0 HTTP/1.1" 304 -
201.245.192.253 - - [13/Apr/2023:05:11:16 -0500] "GET /sipse/faces/javax.faces.resource/images/ui-icons_898989_256x240.png?ln=primefaces-aristo HTTP/1.1" 304 -
201.245.192.253 - - [13/Apr/2023:05:11:18 -0500] "POST /sipse/faces/autenticacion.xhtml HTTP/1.1" 200 11820
201.245.192.253 - - [13/Apr/2023:05:11:19 -0500] "GET /sipse/css/custom_css_sg_prime.css HTTP/1.1" 200 5201
201.245.192.253 - - [13/Apr/2023:05:11:19 -0500] "GET /sipse/faces/javax.faces.resource/jquery/jquery.js?ln=primefaces&v=4.0 HTTP/1.1" 304 -
201.245.192.253 - - [13/Apr/2023:05:11:19 -0500] "GET /sipse/faces/javax.faces.resource/jquery/jquery-plugins.js?ln=primefaces&v=4.0 HTTP/1.1" 304 -
201.245.192.253 - - [13/Apr/2023:05:11:19 -0500] "GET /sipse/faces/javax.faces.resource/primefaces.js?ln=primefaces&v=4.0 HTTP/1.1" 304 -
201.245.192.253 - - [13/Apr/2023:05:11:19 -0500] "GET /sipse/faces/javax.faces.resource/layout/layout.js?ln=primefaces&v=4.0 HTTP/1.1" 304 -
201.245.192.253 - - [13/Apr/2023:05:11:19 -0500] "GET /sipse/faces/javax.faces.resource/messages/messages.png?ln=primefaces&v=4.0 HTTP/1.1" 200 27209
201.245.192.253 - - [13/Apr/2023:05:11:21 -0500] "POST /sipse/faces/presentacion/sistema/seguridad/seleccionRol.xhtml HTTP/1.1" 200 6258
201.245.192.253 - - [13/Apr/2023:05:11:22 -0500] "POST /sipse/faces/presentacion/sistema/seguridad/seleccionRol.xhtml HTTP/1.1" 200 18680
201.245.192.253 - - [13/Apr/2023:05:11:22 -0500] "GET /sipse/faces/javax.faces.resource/jquery/jquery.js?ln=primefaces&v=4.0 HTTP/1.1" 304 -
201.245.192.253 - - [13/Apr/2023:05:11:22 -0500] "GET /sipse/faces/javax.faces.resource/jquery/jquery-plugins.js?ln=primefaces&v=4.0 HTTP/1.1" 304 -
201.245.192.253 - - [13/Apr/2023:05:11:22 -0500] "GET /sipse/faces/javax.faces.resource/primefaces.js?ln=primefaces&v=4.0 HTTP/1.1" 304 -
201.245.192.253 - - [13/Apr/2023:05:11:22 -0500] "GET /sipse/faces/javax.faces.resource/layout/layout.js?ln=primefaces&v=4.0 HTTP/1.1" 304 -
201.245.192.253 - - [13/Apr/2023:05:11:23 -0500] "GET /sipse/imagenes/cargando.gif HTTP/1.1" 200 36959
201.245.192.253 - - [13/Apr/2023:05:11:23 -0500] "GET /sipse/css/imagen/contrasena.png HTTP/1.1" 404 383
201.245.192.253 - - [13/Apr/2023:05:11:23 -0500] "GET /sipse/imagenes/logoAplicacion.jpg HTTP/1.1" 200 155084
201.245.192.253 - - [13/Apr/2023:05:11:22 -0500] "POST /kwsrmcab/Wsrmcab  HTTP/1.1" 200 213
201.245.192.253 - - [13/Apr/2023:05:11:25 -0500] "GET /sipse/faces/javax.faces.resource/images/ui-bg_flat_0_2d5972_40x100.png?ln=primefaces-aristo HTTP/1.1" 200 183
201.245.192.253 - - [13/Apr/2023:05:11:25 -0500] "POST /sipse/faces/bienvenido.xhtml HTTP/1.1" 200 3887
201.245.192.253 - - [13/Apr/2023:05:11:26 -0500] "POST /sipse/faces/bienvenido.xhtml HTTP/1.1" 200 43231
201.245.192.253 - - [13/Apr/2023:05:11:26 -0500] "GET /sipse/faces/javax.faces.resource/jquery/jquery.js?ln=primefaces&v=4.0 HTTP/1.1" 304 -
201.245.192.253 - - [13/Apr/2023:05:11:26 -0500] "GET /sipse/faces/javax.faces.resource/jquery/jquery-plugins.js?ln=primefaces&v=4.0 HTTP/1.1" 304 -
201.245.192.253 - - [13/Apr/2023:05:11:26 -0500] "GET /sipse/faces/javax.faces.resource/primefaces.js?ln=primefaces&v=4.0 HTTP/1.1" 304 -
201.245.192.253 - - [13/Apr/2023:05:11:26 -0500] "GET /sipse/faces/javax.faces.resource/layout/layout.js?ln=primefaces&v=4.0 HTTP/1.1" 304 -
201.245.192.253 - - [13/Apr/2023:05:11:34 -0500] "POST /sipse/faces/presentacion/financiero/solicitudProceso/consultar.xhtml HTTP/1.1" 200 12807
201.245.192.253 - - [13/Apr/2023:05:11:36 -0500] "POST /sipse/faces/presentacion/financiero/solicitudProceso/consultar.xhtml HTTP/1.1" 200 169223
201.245.192.253 - - [13/Apr/2023:05:11:37 -0500] "GET /sipse/faces/javax.faces.resource/jquery/jquery.js?ln=primefaces&v=4.0 HTTP/1.1" 304 -
201.245.192.253 - - [13/Apr/2023:05:11:37 -0500] "GET /sipse/faces/javax.faces.resource/jquery/jquery-plugins.js?ln=primefaces&v=4.0 HTTP/1.1" 304 -
201.245.192.253 - - [13/Apr/2023:05:11:37 -0500] "GET /sipse/faces/javax.faces.resource/primefaces.js?ln=primefaces&v=4.0 HTTP/1.1" 304 -
201.245.192.253 - - [13/Apr/2023:05:11:37 -0500] "GET /sipse/faces/javax.faces.resource/layout/layout.js?ln=primefaces&v=4.0 HTTP/1.1" 304 -
172.22.2.4 - - [13/Apr/2023:05:09:59 -0500] "HEAD /BLA/boletinlegal/ HTTP/1.1" 200 -
201.245.192.253 - - [13/Apr/2023:05:11:58 -0500] "POST /sipse/faces/presentacion/financiero/solicitudProceso/consultarSolicitudProceso.xhtml HTTP/1.1" 200 11177
201.245.192.253 - - [13/Apr/2023:05:12:03 -0500] "POST /sipse/faces/presentacion/financiero/solicitudProceso/consultarSolicitudProceso.xhtml HTTP/1.1" 200 41015
201.245.192.253 - - [13/Apr/2023:05:12:04 -0500] "GET /sipse/faces/javax.faces.resource/jquery/jquery.js?ln=primefaces&v=4.0 HTTP/1.1" 304 -
201.245.192.253 - - [13/Apr/2023:05:12:04 -0500] "GET /sipse/faces/javax.faces.resource/jquery/jquery-plugins.js?ln=primefaces&v=4.0 HTTP/1.1" 304 -
201.245.192.253 - - [13/Apr/2023:05:12:04 -0500] "GET /sipse/faces/javax.faces.resource/primefaces.js?ln=primefaces&v=4.0 HTTP/1.1" 304 -
201.245.192.253 - - [13/Apr/2023:05:12:04 -0500] "GET /sipse/faces/javax.faces.resource/layout/layout.js?ln=primefaces&v=4.0 HTTP/1.1" 304 -
201.245.192.253 - - [13/Apr/2023:05:12:04 -0500] "POST /sipse/faces/presentacion/sistema/reporte/listarReportes.xhtml HTTP/1.1" 200 34447
201.245.192.253 - - [13/Apr/2023:05:12:04 -0500] "POST /sipse/faces/presentacion/sistema/reporte/listarReportes.xhtml HTTP/1.1" 200 34447
201.245.192.253 - - [13/Apr/2023:05:12:08 -0500] "GET /sipse/faces/javax.faces.resource/primefaces.css?ln=primefaces&v=4.0 HTTP/1.1" 304 -
201.245.192.253 - - [13/Apr/2023:05:12:08 -0500] "GET /sipse/faces/javax.faces.resource/theme.css?ln=primefaces-sipse HTTP/1.1" 304 -
201.245.192.253 - - [13/Apr/2023:05:12:08 -0500] "GET /sipse/faces/javax.faces.resource/layout/layout.css?ln=primefaces&v=4.0 HTTP/1.1" 304 -
201.245.192.253 - - [13/Apr/2023:05:12:08 -0500] "GET /sipse/faces/javax.faces.resource/jquery/jquery.js?ln=primefaces&v=4.0 HTTP/1.1" 304 -
201.245.192.253 - - [13/Apr/2023:05:12:08 -0500] "GET /sipse/faces/javax.faces.resource/jquery/jquery-plugins.js?ln=primefaces&v=4.0 HTTP/1.1" 304 -
201.245.192.253 - - [13/Apr/2023:05:12:08 -0500] "GET /sipse/faces/javax.faces.resource/layout/layout.js?ln=primefaces&v=4.0 HTTP/1.1" 304 -
201.245.192.253 - - [13/Apr/2023:05:12:08 -0500] "GET /sipse/faces/javax.faces.resource/primefaces.js?ln=primefaces&v=4.0 HTTP/1.1" 304 -
201.245.192.253 - - [13/Apr/2023:05:12:08 -0500] "POST /sipse/faces/presentacion/sistema/reporte/listarReportes.xhtml HTTP/1.1" 200 29503
201.245.192.253 - - [13/Apr/2023:05:12:08 -0500] "GET /sipse/faces/javax.faces.resource/images/ui-icons_898989_256x240.png?ln=primefaces-aristo HTTP/1.1" 304 -
172.22.2.4 - - [13/Apr/2023:05:10:50 -0500] "GET /BLA/boletinlegal/ HTTP/1.1" 200 57141
66.249.66.84 - - [13/Apr/2023:05:14:14 -0500] "-" 408 -
201.245.192.253 - - [13/Apr/2023:05:14:40 -0500] "GET /sipse/faces/javax.faces.resource/images/ui-bg_flat_0_2d5972_40x100.png?ln=primefaces-aristo HTTP/1.1" 304 -
201.245.192.253 - - [13/Apr/2023:05:14:40 -0500] "POST /sipse/faces/presentacion/sistema/reporte/ventanaVerReporteParametros.xhtml HTTP/1.1" 200 41015
201.245.192.253 - - [13/Apr/2023:05:14:40 -0500] "GET /sipse/faces/javax.faces.resource/jquery/jquery.js?ln=primefaces&v=4.0 HTTP/1.1" 304 -
201.245.192.253 - - [13/Apr/2023:05:14:40 -0500] "GET /sipse/faces/javax.faces.resource/jquery/jquery-plugins.js?ln=primefaces&v=4.0 HTTP/1.1" 304 -
201.245.192.253 - - [13/Apr/2023:05:14:40 -0500] "GET /sipse/faces/javax.faces.resource/primefaces.js?ln=primefaces&v=4.0 HTTP/1.1" 304 -
201.245.192.253 - - [13/Apr/2023:05:14:40 -0500] "GET /sipse/faces/javax.faces.resource/layout/layout.js?ln=primefaces&v=4.0 HTTP/1.1" 304 -
20.15.133.173 - - [13/Apr/2023:05:14:40 -0500] "GET /BLA/resoluciones/AUTOS%202019/1389.pdf HTTP/1.1" 200 253158
201.245.192.253 - - [13/Apr/2023:05:14:42 -0500] "POST /sipse/faces/presentacion/sistema/reporte/listarReportes.xhtml HTTP/1.1" 200 29503
201.245.192.253 - - [13/Apr/2023:05:14:42 -0500] "GET /sipse/faces/javax.faces.resource/theme.css?ln=primefaces-sipse HTTP/1.1" 304 -
201.245.192.253 - - [13/Apr/2023:05:14:42 -0500] "GET /sipse/faces/javax.faces.resource/primefaces.css?ln=primefaces&v=4.0 HTTP/1.1" 304 -
201.245.192.253 - - [13/Apr/2023:05:14:42 -0500] "GET /sipse/faces/javax.faces.resource/layout/layout.css?ln=primefaces&v=4.0 HTTP/1.1" 304 -
201.245.192.253 - - [13/Apr/2023:05:14:42 -0500] "GET /sipse/faces/javax.faces.resource/jquery/jquery-plugins.js?ln=primefaces&v=4.0 HTTP/1.1" 304 -
201.245.192.253 - - [13/Apr/2023:05:14:42 -0500] "GET /sipse/faces/javax.faces.resource/layout/layout.js?ln=primefaces&v=4.0 HTTP/1.1" 304 -
201.245.192.253 - - [13/Apr/2023:05:14:42 -0500] "GET /sipse/faces/javax.faces.resource/jquery/jquery.js?ln=primefaces&v=4.0 HTTP/1.1" 304 -
201.245.192.253 - - [13/Apr/2023:05:14:42 -0500] "GET /sipse/faces/javax.faces.resource/primefaces.js?ln=primefaces&v=4.0 HTTP/1.1" 304 -
201.245.192.253 - - [13/Apr/2023:05:14:42 -0500] "GET /sipse/faces/javax.faces.resource/images/ui-icons_898989_256x240.png?ln=primefaces-aristo HTTP/1.1" 304 -
216.245.221.92 - - [13/Apr/2023:05:15:13 -0500] "HEAD / HTTP/1.1" 200 -
201.245.192.253 - - [13/Apr/2023:05:16:21 -0500] "POST /kwsrmcab/Wsrmcab  HTTP/1.1" 200 213
172.22.2.4 - - [13/Apr/2023:05:15:49 -0500] "HEAD /BLA/boletinlegal/ HTTP/1.1" 200 -
172.22.2.4 - - [13/Apr/2023:05:16:40 -0500] "GET /BLA/boletinlegal/ HTTP/1.1" 200 57551
201.245.192.253 - - [13/Apr/2023:05:19:39 -0500] "POST /kwsrmcab/Wsrmcab HTTP/1.1" 200 42165
201.245.192.253 - - [13/Apr/2023:05:19:42 -0500] "POST /kwsrmcab/Wsrmcab HTTP/1.1" 200 43147
216.245.221.92 - - [13/Apr/2023:05:20:13 -0500] "HEAD / HTTP/1.1" 200 -
201.245.192.253 - - [13/Apr/2023:05:21:20 -0500] "POST /kwsrmcab/Wsrmcab  HTTP/1.1" 200 213
172.22.2.4 - - [13/Apr/2023:05:21:36 -0500] "GET /BLA/boletinlegal/actos.php HTTP/1.1" 200 9672
69.171.249.7 - - [13/Apr/2023:05:23:17 -0500] "GET /images/Fauna-silvestre-jornada-sensibilizacion-semana-santa.jpeg HTTP/1.1" 200 50019
69.171.249.20 - - [13/Apr/2023:05:23:17 -0500] "GET /images/palma-de-cera-1-abril_optimized.jpeg HTTP/1.1" 200 171987
172.22.2.4 - - [13/Apr/2023:05:21:39 -0500] "HEAD /BLA/boletinlegal/ HTTP/1.1" 200 -
201.245.192.253 - - [13/Apr/2023:05:23:29 -0500] "GET /sipse/faces/javax.faces.resource/images/ui-bg_flat_0_2d5972_40x100.png?ln=primefaces-aristo HTTP/1.1" 200 183
201.245.192.253 - - [13/Apr/2023:05:23:29 -0500] "POST /sipse/faces/presentacion/sistema/reporte/ventanaVerReporteParametros.xhtml HTTP/1.1" 200 53332
201.245.192.253 - - [13/Apr/2023:05:23:30 -0500] "GET /sipse/faces/javax.faces.resource/jquery/jquery.js?ln=primefaces&v=4.0 HTTP/1.1" 304 -
201.245.192.253 - - [13/Apr/2023:05:23:30 -0500] "GET /sipse/faces/javax.faces.resource/jquery/jquery-plugins.js?ln=primefaces&v=4.0 HTTP/1.1" 304 -
201.245.192.253 - - [13/Apr/2023:05:23:30 -0500] "GET /sipse/faces/javax.faces.resource/primefaces.js?ln=primefaces&v=4.0 HTTP/1.1" 304 -
201.245.192.253 - - [13/Apr/2023:05:23:30 -0500] "GET /sipse/faces/javax.faces.resource/layout/layout.js?ln=primefaces&v=4.0 HTTP/1.1" 304 -
172.22.2.4 - - [13/Apr/2023:05:22:30 -0500] "GET /BLA/boletinlegal/ HTTP/1.1" 200 59646
66.249.70.210 - - [13/Apr/2023:05:24:37 -0500] "GET /galeria/galeria/jquery.fancybox.css?v=2.1.5 HTTP/1.1" 200 4895
66.249.70.213 - - [13/Apr/2023:05:24:38 -0500] "GET /galeria/galeria/jquery.fancybox.js?v=2.1.5 HTTP/1.1" 200 48706
216.245.221.92 - - [13/Apr/2023:05:25:13 -0500] "HEAD / HTTP/1.1" 200 -
201.245.192.253 - - [13/Apr/2023:05:26:18 -0500] "POST /kwsrmcab/Wsrmcab  HTTP/1.1" 200 213
172.22.2.4 - - [13/Apr/2023:05:24:58 -0500] "GET /BLA/boletinlegal/ HTTP/1.1" 200 62202
34.90.35.236 - - [13/Apr/2023:05:27:12 -0500] "GET /inventario-de-emisiones-2020-transporte-publico-sitp-redujo-emisiones-de-pm-2-5-en-un-37.html HTTP/1.1" 200 925
66.249.66.84 - - [13/Apr/2023:05:28:49 -0500] "-" 408 -
172.22.2.4 - - [13/Apr/2023:05:27:29 -0500] "HEAD /BLA/boletinlegal/ HTTP/1.1" 200 -
201.245.192.253 - - [13/Apr/2023:05:29:38 -0500] "POST /kwsrmcab/Wsrmcab HTTP/1.1" 200 42165
201.245.192.253 - - [13/Apr/2023:05:29:41 -0500] "POST /kwsrmcab/Wsrmcab HTTP/1.1" 200 43147
172.22.2.4 - - [13/Apr/2023:05:28:23 -0500] "GET /BLA/boletinlegal/ HTTP/1.1" 200 56744
216.245.221.92 - - [13/Apr/2023:05:30:13 -0500] "HEAD / HTTP/1.1" 200 -
201.245.192.253 - - [13/Apr/2023:05:31:17 -0500] "POST /kwsrmcab/Wsrmcab  HTTP/1.1" 200 213
52.167.144.58 - - [13/Apr/2023:05:33:10 -0500] "GET /BLA/resoluciones/AUTOS%202018/0590.pdf HTTP/1.1" 200 267970
52.167.144.30 - - [13/Apr/2023:05:33:14 -0500] "GET /BLA/boletinlegal/notificaciones.php HTTP/1.1" 200 13197
172.22.2.4 - - [13/Apr/2023:05:34:15 -0500] "GET /BLA/boletinlegal/ HTTP/1.1" 200 20427
172.22.2.4 - - [13/Apr/2023:05:33:22 -0500] "HEAD /BLA/boletinlegal/ HTTP/1.1" 200 -
216.245.221.92 - - [13/Apr/2023:05:35:13 -0500] "HEAD / HTTP/1.1" 200 -
66.249.66.84 - - [13/Apr/2023:05:35:23 -0500] "-" 408 -
172.22.2.4 - - [13/Apr/2023:05:34:13 -0500] "GET /BLA/boletinlegal/ HTTP/1.1" 200 54798
185.119.81.104 - - [13/Apr/2023:05:35:56 -0500] "GET /portaldeninos/wp-login.php HTTP/1.1" 503 1037
201.245.192.253 - - [13/Apr/2023:05:36:15 -0500] "POST /kwsrmcab/Wsrmcab  HTTP/1.1" 200 213
172.22.2.4 - - [13/Apr/2023:05:36:01 -0500] "GET /BLA/boletinlegal/ HTTP/1.1" 200 28619
172.22.2.4 - - [13/Apr/2023:05:36:15 -0500] "GET /BLA/boletinlegal/ HTTP/1.1" 200 28619
69.171.231.119 - - [13/Apr/2023:05:38:35 -0500] "GET /images/caminos-de-los-cerros-1_optimized.jpeg HTTP/1.1" 200 49537
172.22.2.4 - - [13/Apr/2023:05:38:51 -0500] "GET /BLA/boletinlegal/Directivas/2011/Directiva%20No.%206%20del%208%20de%20Septiembre%20de%202011.pdf HTTP/1.1" 304 -
199.21.113.77 - - [13/Apr/2023:05:38:53 -0500] "HEAD / HTTP/1.1" 200 -
199.21.113.77 - - [13/Apr/2023:05:38:53 -0500] "GET / HTTP/1.1" 200 319
199.21.113.77 - - [13/Apr/2023:05:38:53 -0500] "HEAD /admin HTTP/1.1" 404 -
199.21.113.77 - - [13/Apr/2023:05:38:53 -0500] "HEAD /manager HTTP/1.1" 404 -
199.21.113.77 - - [13/Apr/2023:05:38:54 -0500] "HEAD /admin_bin/ HTTP/1.1" 404 -
199.21.113.77 - - [13/Apr/2023:05:38:54 -0500] "HEAD /inc/admin HTTP/1.1" 404 -
199.21.113.77 - - [13/Apr/2023:05:38:54 -0500] "HEAD /admins/superadmin/ HTTP/1.1" 404 -
199.21.113.77 - - [13/Apr/2023:05:38:54 -0500] "HEAD /system/default.html HTTP/1.1" 404 -
199.21.113.77 - - [13/Apr/2023:05:38:55 -0500] "HEAD /abcadmin HTTP/1.1" 404 -
199.21.113.77 - - [13/Apr/2023:05:38:55 -0500] "HEAD /manage/adminlogin.html HTTP/1.1" 404 -
199.21.113.77 - - [13/Apr/2023:05:38:55 -0500] "HEAD /manage/login.html HTTP/1.1" 404 -
199.21.113.77 - - [13/Apr/2023:05:38:55 -0500] "HEAD /admin/manage/login HTTP/1.1" 404 -
199.21.113.77 - - [13/Apr/2023:05:38:56 -0500] "HEAD /manage/login HTTP/1.1" 404 -
199.21.113.77 - - [13/Apr/2023:05:38:56 -0500] "HEAD /manage/login/login HTTP/1.1" 404 -
199.21.113.77 - - [13/Apr/2023:05:38:56 -0500] "HEAD /product/manage/login HTTP/1.1" 404 -
199.21.113.77 - - [13/Apr/2023:05:38:56 -0500] "HEAD /manage/AdminLogin.htm HTTP/1.1" 404 -
199.21.113.77 - - [13/Apr/2023:05:38:56 -0500] "HEAD /manage/admin/admin HTTP/1.1" 404 -
199.21.113.77 - - [13/Apr/2023:05:38:57 -0500] "HEAD /manage/admin HTTP/1.1" 404 -
199.21.113.77 - - [13/Apr/2023:05:38:57 -0500] "HEAD /admin/manage/admin HTTP/1.1" 404 -
199.21.113.77 - - [13/Apr/2023:05:38:57 -0500] "HEAD /admin_manage/include HTTP/1.1" 404 -
199.21.113.77 - - [13/Apr/2023:05:38:57 -0500] "HEAD /admin_manage/ HTTP/1.1" 404 -
199.21.113.77 - - [13/Apr/2023:05:38:57 -0500] "HEAD /SysManage/ HTTP/1.1" 404 -
199.21.113.77 - - [13/Apr/2023:05:38:58 -0500] "HEAD /manage/ HTTP/1.1" 404 -
199.21.113.77 - - [13/Apr/2023:05:38:58 -0500] "HEAD /admanage/ HTTP/1.1" 404 -
199.21.113.77 - - [13/Apr/2023:05:38:58 -0500] "HEAD /usermanage/ HTTP/1.1" 404 -
199.21.113.77 - - [13/Apr/2023:05:38:58 -0500] "HEAD /admin/Login HTTP/1.1" 404 -
199.21.113.77 - - [13/Apr/2023:05:38:59 -0500] "HEAD /admin_aspcms HTTP/1.1" 404 -
199.21.113.77 - - [13/Apr/2023:05:38:59 -0500] "HEAD /system HTTP/1.1" 404 -
199.21.113.77 - - [13/Apr/2023:05:38:59 -0500] "HEAD /guanli HTTP/1.1" 404 -
199.21.113.77 - - [13/Apr/2023:05:38:59 -0500] "HEAD /manage HTTP/1.1" 404 -
199.21.113.77 - - [13/Apr/2023:05:38:59 -0500] "HEAD /wap/admin HTTP/1.1" 404 -
199.21.113.77 - - [13/Apr/2023:05:39:00 -0500] "HEAD /admin/main/index HTTP/1.1" 404 -
199.21.113.77 - - [13/Apr/2023:05:39:00 -0500] "HEAD /login HTTP/1.1" 404 -
199.21.113.77 - - [13/Apr/2023:05:39:00 -0500] "HEAD /user/login HTTP/1.1" 404 -
199.21.113.77 - - [13/Apr/2023:05:39:00 -0500] "HEAD /member/user HTTP/1.1" 404 -
199.21.113.77 - - [13/Apr/2023:05:39:01 -0500] "HEAD /member/login HTTP/1.1" 404 -
199.21.113.77 - - [13/Apr/2023:05:39:01 -0500] "HEAD /system/admin HTTP/1.1" 404 -
199.21.113.77 - - [13/Apr/2023:05:39:01 -0500] "HEAD /admin/sysadmin HTTP/1.1" 404 -
199.21.113.77 - - [13/Apr/2023:05:39:01 -0500] "HEAD /user/admin HTTP/1.1" 404 -
199.21.113.77 - - [13/Apr/2023:05:39:02 -0500] "HEAD /sem_user/adminlogin HTTP/1.1" 404 -
199.21.113.77 - - [13/Apr/2023:05:39:02 -0500] "HEAD /admin_manage/login HTTP/1.1" 404 -
199.21.113.77 - - [13/Apr/2023:05:39:02 -0500] "HEAD /manage/admin_login HTTP/1.1" 404 -
199.21.113.77 - - [13/Apr/2023:05:39:02 -0500] "HEAD /manage/adminlogin HTTP/1.1" 404 -
199.21.113.77 - - [13/Apr/2023:05:39:02 -0500] "HEAD /manage/edit/admin_login HTTP/1.1" 404 -
199.21.113.77 - - [13/Apr/2023:05:39:03 -0500] "HEAD /manage/eweb/admin_login HTTP/1.1" 404 -
199.21.113.77 - - [13/Apr/2023:05:39:03 -0500] "HEAD /manage/htmedit/admin_login HTTP/1.1" 404 -
199.21.113.77 - - [13/Apr/2023:05:39:03 -0500] "HEAD /manage/webedit/admin_login HTTP/1.1" 404 -
199.21.113.77 - - [13/Apr/2023:05:39:03 -0500] "HEAD /news/manage/login HTTP/1.1" 404 -
199.21.113.77 - - [13/Apr/2023:05:39:04 -0500] "HEAD /subsitemanage/login HTTP/1.1" 404 -
199.21.113.77 - - [13/Apr/2023:05:39:04 -0500] "HEAD /manage/adminlogin1 HTTP/1.1" 404 -
199.21.113.77 - - [13/Apr/2023:05:39:04 -0500] "HEAD /manage/loginadministrator HTTP/1.1" 404 -
199.21.113.77 - - [13/Apr/2023:05:39:04 -0500] "HEAD /manage/admlogin HTTP/1.1" 404 -
199.21.113.77 - - [13/Apr/2023:05:39:04 -0500] "HEAD /manage/loginadm HTTP/1.1" 404 -
199.21.113.77 - - [13/Apr/2023:05:39:05 -0500] "HEAD /manage/z9v8login HTTP/1.1" 404 -
199.21.113.77 - - [13/Apr/2023:05:39:05 -0500] "HEAD /sitemanage/manage_login HTTP/1.1" 404 -
199.21.113.77 - - [13/Apr/2023:05:39:05 -0500] "HEAD /mymanage/member_toadmin HTTP/1.1" 404 -
199.21.113.77 - - [13/Apr/2023:05:39:05 -0500] "HEAD /mymanage/sys_admin_user HTTP/1.1" 404 -
199.21.113.77 - - [13/Apr/2023:05:39:05 -0500] "HEAD /mymanage/sys_admin_user_add HTTP/1.1" 404 -
199.21.113.77 - - [13/Apr/2023:05:39:06 -0500] "HEAD /mymanage/sys_admin_user_edit HTTP/1.1" 404 -
199.21.113.77 - - [13/Apr/2023:05:39:06 -0500] "HEAD /mymanage/sys_admin_user_tj HTTP/1.1" 404 -
199.21.113.77 - - [13/Apr/2023:05:39:06 -0500] "HEAD /mymanage/yuyue_admin HTTP/1.1" 404 -
199.21.113.77 - - [13/Apr/2023:05:39:06 -0500] "HEAD /adminlogin HTTP/1.1" 404 -
199.21.113.77 - - [13/Apr/2023:05:39:07 -0500] "HEAD /my-login HTTP/1.1" 404 -
199.21.113.77 - - [13/Apr/2023:05:39:07 -0500] "HEAD /managelogin HTTP/1.1" 404 -
199.21.113.77 - - [13/Apr/2023:05:39:07 -0500] "HEAD /hx_login HTTP/1.1" 404 -
199.21.113.77 - - [13/Apr/2023:05:39:07 -0500] "HEAD /gas_login HTTP/1.1" 404 -
199.21.113.77 - - [13/Apr/2023:05:39:07 -0500] "HEAD /ad_login HTTP/1.1" 404 -
199.21.113.77 - - [13/Apr/2023:05:39:08 -0500] "HEAD /adm_login HTTP/1.1" 404 -
