!C99Shell v. 1.0 pre-release build #13!

Software: Apache. PHP/5.5.15 

uname -a: Windows NT SVR-DMZ 6.1 build 7600 (Windows Server 2008 R2 Enterprise Edition) i586 

SYSTEM 

Safe-mode: OFF (not secure)

E:\nuevo\apache\logs\   drwxrwxrwx
Free 9.41 GB of 239.26 GB (3.93%)
Detected drives: [ a ] [ c ] [ d ] [ e ] [ f ]
Home    Back    Forward    UPDIR    Refresh    Search    Buffer    Encoder    Tools    Proc.    FTP brute    Sec.    SQL    PHP-code    Update    Feedback    Self remove    Logout    


Viewing file:     access.2023.04.13.log (4.11 MB)      -rw-rw-rw-
Select action/file-type:
(+) | (+) | (+) | Code (+) | Session (+) | (+) | SDB (+) | (+) | (+) | (+) | (+) | (+) |
216.245.221.92 - - [13/Apr/2023:00:00:14 -0500] "HEAD / HTTP/1.1" 200 -
34.90.35.236 - - [13/Apr/2023:00:01:53 -0500] "GET /inventario-de-emisiones-2020-transporte-publico-sitp-redujo-emisiones-de-pm-2-5-en-un-37.html HTTP/1.1" 200 925
172.22.2.4 - - [13/Apr/2023:00:00:46 -0500] "HEAD /BLA/boletinlegal/ HTTP/1.1" 200 -
201.245.192.253 - - [13/Apr/2023:00:02:47 -0500] "POST /kwsrmcab/Wsrmcab  HTTP/1.1" 200 213
172.22.2.4 - - [13/Apr/2023:00:01:37 -0500] "GET /BLA/boletinlegal/ HTTP/1.1" 200 55211
52.167.144.60 - - [13/Apr/2023:00:04:02 -0500] "GET / HTTP/1.1" 200 4720
34.91.238.118 - - [13/Apr/2023:00:04:09 -0500] "GET /inventario-de-emisiones-2020-transporte-publico-sitp-redujo-emisiones-de-pm-2-5-en-un-37.html HTTP/1.1" 200 925
216.245.221.92 - - [13/Apr/2023:00:05:14 -0500] "HEAD / HTTP/1.1" 200 -
66.249.66.84 - - [13/Apr/2023:00:06:11 -0500] "-" 408 -
201.245.192.253 - - [13/Apr/2023:00:07:46 -0500] "POST /kwsrmcab/Wsrmcab  HTTP/1.1" 200 213
172.22.2.4 - - [13/Apr/2023:00:06:36 -0500] "HEAD /BLA/boletinlegal/ HTTP/1.1" 200 -
186.31.57.93 - - [13/Apr/2023:00:08:26 -0500] "GET /kwssiamovil/sm/acme/a?s=U2FsdGVkX183lYvKG6QVjxHvlTMizvnX2l5JuJRYPIZmNCSLb/sXFyF5zHQwFd9W0Tj0Fcs+IuDNkY1Pc6kr5K9yLg7NDNe9CNqAlngCe/QwL2TR/e86jv2ESs2XHaaqLDKASsLln5QDDx4ilGHq9O+vliZa253hiLwOFxzvB6YB5iONLLREtUMKXZRar7nv+l5E8k2czwXdj6dlV0C/Fz23vkIDVxzNwxyNzJMJ3WNc9SinATsOxLNHf9/m1qz2F+IaubG06Y2K87Ybo2i0zg==&u=U2FsdGVkX19ks0uaA5q7TbcoHi9TelNWld/ALBJ1whvcwe9Stn37/iUFbZ4I420C&y=U2FsdGVkX1/bZno8xLlOnpGKOuxa2EOl2aAMv8CMbQUnAU6BWOgjjWhtO2Xh5s+S HTTP/1.1" 200 26
186.31.57.93 - - [13/Apr/2023:00:08:26 -0500] "GET /kwssiamovil/sm/acme/a?s=U2FsdGVkX1+9BPFtcvhqIkZ/uxUdMZtlm/uRdWVpfifVy+ZuW5FrcqgFTGTKpoBeeP5jldYlhIKLrw6RaVB0Q9Y9u7a4o/HYuawq0mES0Se+BqbpwCa3SvRVbcDc5erHIiT1MJ+YYSeezg6KFE09f74PBQizqP0r+t455mPpobrbhCER9o/s2o2ogtzCb2zZdMBJEqJSuxSsz26tj8eyQlLOJntRop0auTb/PqFH/1CGCWYJsAxhY59/k+ebERXTgaB9GIYxlnxNx0JCRbqM0s2HMyoFsJQVRpy+8KE1Q/JMVZfdXXh3FDGwPOf6N/rI7M/E38s6fj3PDnPSQtBSzq4VMK5j8zgR+Jz3Azvvvs8QYMzF368KHu/+e/IwAjwojJjjO9dCrmID+iIFi92GEICKunuLYiqIZtP193qudo+Oy78FxxY8akt4VWriUfr7MwAQgfgC7slNjM68issVZmk9oYaNQ2Yk4tUayLiy3EMZ3UqK8MR9RisPRZfAjH5TpxLzJMZlbtcbvg0t1WSpn5AFgbEk9zeNq++vA6s8KNEWDhq/OeobS47EuweEcrYQ1xgUnVtdQSI69BFpnAltFUcltFB0lOF8dMgax6ottwk+Ak0fwZpbFYQj+F+9Rd8W9Ot2erBvPTJB38+9RLE9EEjrhzp4U9Lxzu8Ukq4ze/XIn16no/VDpJW1epv0wFR98vhPlzJrYuZRlmZMQuPGauaqJr8tSDlFOAoDPXS4pq1HeP3LrP0X/h3OJn/BqCx/duO/pw/3YmzxQG5kAcGJkn7/ph2oGNp4xHWPZ5/R/kWHLvXhARaS8kd/GqtuFS9R0VqaeOsa871D/H1BMRzLAxX8laVKRUhzoOzPiC7eufET72enKZ03bFWq2kqSjw+E2xM/eRVARyQnCkGRzOPIHQ3p4j81Vti3FGkiqu4549euOjb1ESn8vtHr9jg5VfmvQjg0SBQ+tD0Pv9Xz0oT0et/ADasMpg9kSj/5LZVwYzhC3PSFCgQugp1vMgG4lfMyn/F5sw3CI9AWOWKoeKZ9vwSUJzng/Tq1uTFs4mdybHXhHDbngc++jvJTkCspLW1CMKlkfDTKq0W1ilMs0yzmcJI+6BimqSDx4zyfSnDn+2vzlZqKGpr25LA8a205AJHnxcAjSO5e4KT3+FqFIGahPrxKm26QIgChuV67t5djhgSIO3Tf72Bw0h5DMI1gmR2ktRR2CTtuKo+cwa/3albj2DMTck3381w5BGtXY4DzMw9B9pWUD3xNnmPxkBas4sWm+ll9RIeIpnzZFcE5joXzFls/+vxyZ/whMYQ+ZRfyiBbQdN7zSGBsQ7pX0L4ajEMD5H9e+pP1MZ2FTXr77/15GR7lvT+xFm1j1hygxGRCvC9+7j5UJeCP0X86yzd0yrydcvIK89MsEMXCtT+uFeej3zd2th3YqwKFkfhthiJQ2kHrcpOA8kNTdaEivJJ+TB8EYbX35tF2G6F0ErCp3/RixF/XBc5jrGZk5A98JtoRBMnJkjeKKMggjgP79bvgjZJ+t4N9sKXMzMYZ+jHAzD8+EV6o6vkXH5FZefsIq5sEhaYkwcTXSqFblnb5HcmAPIKlV6VInBoihvhB5cDNA+uBQKK9518da66N0mKNMOBqznCfxeMN6qDXAUix5ycggzEe3tXgaRhgxVICjvIl1CUIPxe58lvlGotkGdvegpAVhRV4bnGLx3uhVULRkg94Gk/UFBV1775/I7nIJZp9EtzSHuDNszI6uS+p1UxThiu4VTNKM1IH483dquhEBgGfT54LBEhWXOtbCf8Fbj/MI9EZPJsOYUNHUt/WxVo6QsB6P4AjQDkG1zHw+N8y4mdhFiFtdQYO6kMVvdbjC9QrWB05QYD3AvSDpPOCzu28GhywcP0d83AMY7NaUmiSn0gTywkMzB+JGR3LH3eUSkjCocSxXZ4DT9DbqA9tyM17lu7q119EnxTA1oeOYDVmf/4mZIIV8cN0zWNMDR5GQ1elD3hq5h6ZAvu+LuPlKjO8d6QGS93Jxsetl6F4Ndmgli3G7OkhbPaEPFcCpAx3Pt5ujvgNag==&u=U2FsdGVkX19ks0uaA5q7TbcoHi9TelNWld/ALBJ1whvcwe9Stn37/iUFbZ4I420C&y=U2FsdGVkX1/bZno8xLlOnpGKOuxa2EOl2aAMv8CMbQUnAU6BWOgjjWhtO2Xh5s+S HTTP/1.1" 200 26
186.31.57.93 - - [13/Apr/2023:00:08:26 -0500] "GET /kwssiamovil/sm/acme/a?s=U2FsdGVkX1+aUahA651hRxtsHPA6ECGG4TSVpdHWQDY12q++c/ijT5sgjYX6nRaLTAGqT44SoAnOf75jQFlhiHIHoWaXrt3xeiTvAOQ+nLv/FGjGojUTVbckMrQnuUy/taVMSqFP5EzHgtOo6MdvHuwtM8F17F9GGSO4fVxb5Tg=&u=U2FsdGVkX19ks0uaA5q7TbcoHi9TelNWld/ALBJ1whvcwe9Stn37/iUFbZ4I420C&y=U2FsdGVkX1/bZno8xLlOnpGKOuxa2EOl2aAMv8CMbQUnAU6BWOgjjWhtO2Xh5s+S HTTP/1.1" 200 26
186.31.57.93 - - [13/Apr/2023:00:08:27 -0500] "GET /kwssiamovil/sm/acme/a?s=U2FsdGVkX1/QFvMfOfWAERzrGdLMQsPAzJmBrOz4/zT7T4g3BNpy1e4j01HH4OwxZ6OqIJ1uDwVMpvbXhExvtW6Nq7yy0zfCcudrkNBvAWa7f8/g2Dju2cAeG4giJ1SO9/g0HWrfmnpoKOa61uKFb435+TdZmz5MivWfSF+Iqiw=&u=U2FsdGVkX19ks0uaA5q7TbcoHi9TelNWld/ALBJ1whvcwe9Stn37/iUFbZ4I420C&y=U2FsdGVkX1/bZno8xLlOnpGKOuxa2EOl2aAMv8CMbQUnAU6BWOgjjWhtO2Xh5s+S HTTP/1.1" 200 26
186.31.57.93 - - [13/Apr/2023:00:08:27 -0500] "GET /kwssiamovil/sm/acme/a?s=U2FsdGVkX1/ollqpXVeD2NHnW9Bpzi33cbr+hPJWr6lK/n1fxmbZtlHK8XSAZqWgjGi3Y0cCqAopmj9y9m4NtrEJx44c9Xskjgaj/If9CMUb8ibBUfRE+QbR807dP0muvwNeleXWoQkKthsdvqr+Y9ZCx3vdP6QXquB3pC4Vn84=&u=U2FsdGVkX19ks0uaA5q7TbcoHi9TelNWld/ALBJ1whvcwe9Stn37/iUFbZ4I420C&y=U2FsdGVkX1/bZno8xLlOnpGKOuxa2EOl2aAMv8CMbQUnAU6BWOgjjWhtO2Xh5s+S HTTP/1.1" 200 26
186.31.57.93 - - [13/Apr/2023:00:08:27 -0500] "GET /kwssiamovil/sm/acme/a?s=U2FsdGVkX19vyIViTPNH0dTMHzvBuvwkF5tS6moU7ooFISjH1nhKacWxbVeZj9Pjfc3rNiRPIUUVcWoOCxu4qTXrVy93pvKKpK9RSX/cJbjHAv8xnPnL9jfRhNGmf1e6qr1MG3EEiCsW3jFuOAzGwPuYJcrlp7FSStuX01yYavbQlYNB4RsbVmsyCiMWVvpj9MXZ3goBSsQxfUyTqycf+Q==&u=U2FsdGVkX19ks0uaA5q7TbcoHi9TelNWld/ALBJ1whvcwe9Stn37/iUFbZ4I420C&y=U2FsdGVkX1/bZno8xLlOnpGKOuxa2EOl2aAMv8CMbQUnAU6BWOgjjWhtO2Xh5s+S HTTP/1.1" 200 26
152.61.192.232 - - [13/Apr/2023:00:08:33 -0500] "GET / HTTP/1.1" 200 319
172.22.2.4 - - [13/Apr/2023:00:07:27 -0500] "GET /BLA/boletinlegal/ HTTP/1.1" 200 59296
216.245.221.92 - - [13/Apr/2023:00:10:14 -0500] "HEAD / HTTP/1.1" 200 -
201.245.192.253 - - [13/Apr/2023:00:12:46 -0500] "POST /kwsrmcab/Wsrmcab  HTTP/1.1" 200 213
172.22.2.4 - - [13/Apr/2023:00:12:26 -0500] "HEAD /BLA/boletinlegal/ HTTP/1.1" 200 -
172.22.2.4 - - [13/Apr/2023:00:13:17 -0500] "GET /BLA/boletinlegal/ HTTP/1.1" 200 57141
216.245.221.92 - - [13/Apr/2023:00:15:14 -0500] "HEAD / HTTP/1.1" 200 -
36.94.100.202 - - [13/Apr/2023:00:17:16 -0500] "GET / HTTP/1.1" 200 319
201.245.192.253 - - [13/Apr/2023:00:17:44 -0500] "POST /kwsrmcab/Wsrmcab  HTTP/1.1" 200 213
69.171.249.119 - - [13/Apr/2023:00:18:26 -0500] "GET /images/atencion-al-ciudadano-abril.jpg HTTP/1.1" 200 116523
69.171.249.8 - - [13/Apr/2023:00:18:26 -0500] "GET /images/mejora-la-calidad-del-aire-en-bogota-5-abril.jpeg HTTP/1.1" 200 44341
69.171.249.15 - - [13/Apr/2023:00:18:26 -0500] "GET /images/rendicion-de-cuentas-post-01-02-(1)_optimized.jpg HTTP/1.1" 200 121430
69.171.249.10 - - [13/Apr/2023:00:18:26 -0500] "GET /images/caminos-de-los-cerros-1_optimized.jpeg HTTP/1.1" 200 49537
69.171.249.14 - - [13/Apr/2023:00:18:31 -0500] "GET /images/semana-bosques-1_optimized.1.jpg HTTP/1.1" 200 102892
201.245.192.253 - - [13/Apr/2023:00:19:39 -0500] "POST /kwsrmcab/Wsrmcab HTTP/1.1" 200 42352
201.245.192.253 - - [13/Apr/2023:00:19:43 -0500] "POST /kwsrmcab/Wsrmcab HTTP/1.1" 200 43173
172.22.2.4 - - [13/Apr/2023:00:18:16 -0500] "HEAD /BLA/boletinlegal/ HTTP/1.1" 200 -
216.245.221.92 - - [13/Apr/2023:00:20:14 -0500] "HEAD / HTTP/1.1" 200 -
172.22.2.4 - - [13/Apr/2023:00:19:07 -0500] "GET /BLA/boletinlegal/ HTTP/1.1" 200 56277
172.22.2.4 - - [13/Apr/2023:00:20:22 -0500] "GET /BLA/boletinlegal/ HTTP/1.1" 200 24523
201.245.192.253 - - [13/Apr/2023:00:22:36 -0500] "POST /kwsrmcab/Wsrmcab  HTTP/1.1" 200 213
52.167.144.125 - - [13/Apr/2023:00:24:36 -0500] "GET /BLA/boletinlegal/doctrina.php HTTP/1.1" 200 5604
52.167.144.63 - - [13/Apr/2023:00:24:51 -0500] "GET /BLA/boletinlegal/js/lib.js HTTP/1.1" 200 6474
40.77.167.94 - - [13/Apr/2023:00:24:56 -0500] "GET /BLA/boletinlegal/js/jquery1.js HTTP/1.1" 200 29846
40.77.167.94 - - [13/Apr/2023:00:24:56 -0500] "GET /BLA/boletinlegal/style.css HTTP/1.1" 200 9406
40.77.167.94 - - [13/Apr/2023:00:24:56 -0500] "GET /BLA/boletinlegal/js/popup.js HTTP/1.1" 200 1270
216.245.221.92 - - [13/Apr/2023:00:25:14 -0500] "HEAD / HTTP/1.1" 200 -
172.22.2.4 - - [13/Apr/2023:00:24:06 -0500] "HEAD /BLA/boletinlegal/ HTTP/1.1" 200 -
172.22.2.4 - - [13/Apr/2023:00:24:56 -0500] "GET /BLA/boletinlegal/ HTTP/1.1" 200 52316
201.245.192.253 - - [13/Apr/2023:00:27:43 -0500] "POST /kwsrmcab/Wsrmcab  HTTP/1.1" 200 213
172.22.2.4 - - [13/Apr/2023:00:27:53 -0500] "GET /BLA/boletinlegal/login HTTP/1.1" 404 1018
172.22.2.4 - - [13/Apr/2023:00:28:10 -0500] "GET /BLA/boletinlegal/ReportServer HTTP/1.1" 404 1018
52.167.144.58 - - [13/Apr/2023:00:29:01 -0500] "GET /BLA/resoluciones/AUTOS%202022/1625.pdf HTTP/1.1" 304 -
201.245.192.253 - - [13/Apr/2023:00:29:39 -0500] "POST /kwsrmcab/Wsrmcab HTTP/1.1" 200 42352
201.245.192.253 - - [13/Apr/2023:00:29:43 -0500] "POST /kwsrmcab/Wsrmcab HTTP/1.1" 200 43173
216.245.221.92 - - [13/Apr/2023:00:30:14 -0500] "HEAD / HTTP/1.1" 200 -
172.22.2.4 - - [13/Apr/2023:00:31:22 -0500] "GET /BLA/boletinlegal/actos.php HTTP/1.1" 200 9672
172.22.2.4 - - [13/Apr/2023:00:29:56 -0500] "HEAD /BLA/boletinlegal/ HTTP/1.1" 200 -
172.22.2.4 - - [13/Apr/2023:00:30:47 -0500] "GET /BLA/boletinlegal/ HTTP/1.1" 200 59646
201.245.192.253 - - [13/Apr/2023:00:32:40 -0500] "POST /kwsrmcab/Wsrmcab  HTTP/1.1" 200 213
172.22.2.4 - - [13/Apr/2023:00:32:45 -0500] "GET /BLA/boletinlegal/actos.php HTTP/1.1" 200 9672
172.22.2.4 - - [13/Apr/2023:00:33:11 -0500] "GET /BLA/boletinlegal/actos.php HTTP/1.1" 200 9672
152.61.128.50 - - [13/Apr/2023:00:34:26 -0500] "GET / HTTP/1.1" 200 319
172.22.2.4 - - [13/Apr/2023:00:34:30 -0500] "GET /BLA/boletinlegal/actos.php HTTP/1.1" 200 9672
216.245.221.92 - - [13/Apr/2023:00:35:14 -0500] "HEAD / HTTP/1.1" 200 -
172.22.2.4 - - [13/Apr/2023:00:36:21 -0500] "GET /BLA/boletinlegal/actos.php HTTP/1.1" 200 9672
172.22.2.4 - - [13/Apr/2023:00:37:17 -0500] "GET /BLA/boletinlegal/actos.php HTTP/1.1" 200 9672
172.22.2.4 - - [13/Apr/2023:00:35:46 -0500] "HEAD /BLA/boletinlegal/ HTTP/1.1" 200 -
201.245.192.253 - - [13/Apr/2023:00:37:39 -0500] "POST /kwsrmcab/Wsrmcab  HTTP/1.1" 200 213
172.22.2.4 - - [13/Apr/2023:00:36:36 -0500] "GET /BLA/boletinlegal/ HTTP/1.1" 200 56744
52.167.144.60 - - [13/Apr/2023:00:38:46 -0500] "GET /bogota-region-unidos-por-la-proteccion-y-el-cuidado-del-agua.html HTTP/1.1" 200 824
186.30.73.106 - - [13/Apr/2023:00:39:19 -0500] "GET /BLA/resoluciones/index.php?dir=AUTOS+2017%2F HTTP/1.1" 200 465052
201.245.192.253 - - [13/Apr/2023:00:39:40 -0500] "POST /kwsrmcab/Wsrmcab HTTP/1.1" 200 42352
201.245.192.253 - - [13/Apr/2023:00:39:43 -0500] "POST /kwsrmcab/Wsrmcab HTTP/1.1" 200 43173
216.245.221.92 - - [13/Apr/2023:00:40:14 -0500] "HEAD / HTTP/1.1" 200 -
40.77.189.172 - - [13/Apr/2023:00:40:49 -0500] "GET /BLA/boletinlegal/js/ajax_doctrina.js HTTP/1.1" 200 772
172.22.2.4 - - [13/Apr/2023:00:41:45 -0500] "GET /BLA/boletinlegal/actos.php HTTP/1.1" 200 9672
201.245.192.253 - - [13/Apr/2023:00:42:38 -0500] "POST /kwsrmcab/Wsrmcab  HTTP/1.1" 200 213
34.91.165.99 - - [13/Apr/2023:00:42:41 -0500] "GET /inventario-de-emisiones-2020-transporte-publico-sitp-redujo-emisiones-de-pm-2-5-en-un-37.html HTTP/1.1" 200 925
172.22.2.4 - - [13/Apr/2023:00:41:36 -0500] "HEAD /BLA/boletinlegal/ HTTP/1.1" 200 -
172.22.2.4 - - [13/Apr/2023:00:43:45 -0500] "GET /BLA/boletinlegal/robots.txt HTTP/1.1" 404 1038
172.22.2.4 - - [13/Apr/2023:00:42:26 -0500] "GET /BLA/boletinlegal/ HTTP/1.1" 200 53551
66.249.66.42 - - [13/Apr/2023:00:44:54 -0500] "-" 408 -
185.119.81.104 - - [13/Apr/2023:00:45:06 -0500] "GET /portaldeninos/wp-login.php HTTP/1.1" 503 1037
216.245.221.92 - - [13/Apr/2023:00:45:14 -0500] "HEAD / HTTP/1.1" 200 -
185.224.128.106 - - [13/Apr/2023:00:46:40 -0500] "GET / HTTP/1.1" 200 319
172.22.2.4 - - [13/Apr/2023:00:47:27 -0500] "GET /BLA/boletinlegal/jurisprudencia/analisis/AnalisisC-746-12.docx HTTP/1.1" 200 22637
201.245.192.253 - - [13/Apr/2023:00:47:37 -0500] "POST /kwsrmcab/Wsrmcab  HTTP/1.1" 200 213
172.22.2.4 - - [13/Apr/2023:00:47:26 -0500] "HEAD /BLA/boletinlegal/ HTTP/1.1" 200 -
172.22.2.4 - - [13/Apr/2023:00:49:18 -0500] "GET /BLA/boletinlegal/ HTTP/1.1" 200 20427
172.22.2.4 - - [13/Apr/2023:00:48:16 -0500] "GET /BLA/boletinlegal/ HTTP/1.1" 200 52720
216.245.221.92 - - [13/Apr/2023:00:50:14 -0500] "HEAD / HTTP/1.1" 200 -
34.147.96.217 - - [13/Apr/2023:00:50:34 -0500] "GET /inventario-de-emisiones-2020-transporte-publico-sitp-redujo-emisiones-de-pm-2-5-en-un-37.html HTTP/1.1" 200 925
66.249.66.15 - - [13/Apr/2023:00:51:11 -0500] "-" 408 -
152.61.192.232 - - [13/Apr/2023:00:51:12 -0500] "GET /arcgis/services/Calidad_del_Agua_WQI/MapServer/WMSServer?request=GetCapabilities&service=WMS HTTP/1.1" 503 1020
152.61.192.232 - - [13/Apr/2023:00:51:14 -0500] "GET /arcgis/services/Calidad_del_Agua_WQI/MapServer/WMSServer?SERVICE=WMS&REQUEST=GetCapabilities HTTP/1.1" 503 1020
152.61.192.232 - - [13/Apr/2023:00:51:14 -0500] "GET /arcgis/services/Calidad_del_Agua_WQI/MapServer/WMSServer?WMTVER=1.0.0&REQUEST=capabilities HTTP/1.1" 503 1020
201.245.192.253 - - [13/Apr/2023:00:52:36 -0500] "POST /kwsrmcab/Wsrmcab  HTTP/1.1" 200 213
185.232.6.56 - - [13/Apr/2023:00:54:42 -0500] "GET /secretaria-de-ambiente-entrego-balance-de-su-gestion-en-2022-y-presento-los-retos-para-el-2023.html HTTP/1.1" 200 968
185.239.215.94 - - [13/Apr/2023:00:54:43 -0500] "GET /como-obtener-el-certificado-de-estado-de-conservacion-ambiental-ceca.html HTTP/1.1" 200 873
194.156.138.45 - - [13/Apr/2023:00:54:44 -0500] "GET /bogota-region-unidos-por-la-proteccion-y-el-cuidado-del-agua.html HTTP/1.1" 200 824
45.8.164.222 - - [13/Apr/2023:00:54:49 -0500] "GET /secretaria-de-ambiente-entrego-balance-de-su-gestion-en-2022-y-presento-los-retos-para-el-2023.html HTTP/1.1" 200 968
172.22.2.4 - - [13/Apr/2023:00:53:16 -0500] "HEAD /BLA/boletinlegal/ HTTP/1.1" 200 -
216.245.221.92 - - [13/Apr/2023:00:55:14 -0500] "HEAD / HTTP/1.1" 200 -
172.22.2.4 - - [13/Apr/2023:00:54:06 -0500] "GET /BLA/boletinlegal/ HTTP/1.1" 200 57551
201.245.192.253 - - [13/Apr/2023:00:57:36 -0500] "POST /kwsrmcab/Wsrmcab  HTTP/1.1" 200 213
172.22.2.4 - - [13/Apr/2023:00:59:47 -0500] "GET /BLA/boletinlegal/actos.php HTTP/1.1" 200 9672
216.245.221.92 - - [13/Apr/2023:01:00:14 -0500] "HEAD / HTTP/1.1" 200 -
172.22.2.4 - - [13/Apr/2023:00:59:06 -0500] "HEAD /BLA/boletinlegal/ HTTP/1.1" 200 -
172.22.2.4 - - [13/Apr/2023:00:59:56 -0500] "GET /BLA/boletinlegal/ HTTP/1.1" 200 57551
201.245.192.253 - - [13/Apr/2023:01:02:36 -0500] "POST /kwsrmcab/Wsrmcab  HTTP/1.1" 200 213
216.245.221.92 - - [13/Apr/2023:01:05:14 -0500] "HEAD / HTTP/1.1" 200 -
66.249.70.170 - - [13/Apr/2023:01:05:24 -0500] "-" 408 -
172.22.2.4 - - [13/Apr/2023:01:04:56 -0500] "HEAD /BLA/boletinlegal/ HTTP/1.1" 200 -
172.22.2.4 - - [13/Apr/2023:01:06:01 -0500] "GET /BLA/boletinlegal/ HTTP/1.1" 200 24523
172.22.2.4 - - [13/Apr/2023:01:05:46 -0500] "GET /BLA/boletinlegal/ HTTP/1.1" 200 55561
201.245.192.253 - - [13/Apr/2023:01:07:35 -0500] "POST /kwsrmcab/Wsrmcab  HTTP/1.1" 200 213
66.249.66.15 - - [13/Apr/2023:01:07:55 -0500] "-" 408 -
216.245.221.92 - - [13/Apr/2023:01:10:14 -0500] "HEAD / HTTP/1.1" 200 -
168.119.253.85 - - [13/Apr/2023:01:11:02 -0500] "GET / HTTP/1.1" 200 4720
172.22.2.4 - - [13/Apr/2023:01:11:03 -0500] "GET /BLA/boletinlegal/robots.txt HTTP/1.1" 404 1037
172.22.2.4 - - [13/Apr/2023:01:11:03 -0500] "GET /BLA/boletinlegal/robots.txt HTTP/1.1" 404 1037
168.119.253.85 - - [13/Apr/2023:01:11:05 -0500] "GET / HTTP/1.1" 200 319
181.56.235.113 - - [13/Apr/2023:01:11:18 -0500] "GET /BLA/resoluciones/ HTTP/1.1" 200 13502
181.56.235.113 - - [13/Apr/2023:01:11:25 -0500] "GET /BLA/resoluciones/index.php?dir=AUTOS+2018%2F HTTP/1.1" 200 452903
172.22.2.4 - - [13/Apr/2023:01:10:46 -0500] "HEAD /BLA/boletinlegal/ HTTP/1.1" 200 -
201.245.192.253 - - [13/Apr/2023:01:12:35 -0500] "POST /kwsrmcab/Wsrmcab  HTTP/1.1" 200 213
172.22.2.4 - - [13/Apr/2023:01:11:36 -0500] "GET /BLA/boletinlegal/ HTTP/1.1" 200 53914
168.119.51.200 - - [13/Apr/2023:01:14:13 -0500] "GET / HTTP/1.1" 200 319
168.119.51.200 - - [13/Apr/2023:01:14:13 -0500] "GET / HTTP/1.1" 200 4720
216.245.221.92 - - [13/Apr/2023:01:15:14 -0500] "HEAD / HTTP/1.1" 200 -
201.245.192.253 - - [13/Apr/2023:01:17:29 -0500] "POST /kwsrmcab/Wsrmcab  HTTP/1.1" 200 213
172.22.2.4 - - [13/Apr/2023:01:16:36 -0500] "HEAD /BLA/boletinlegal/ HTTP/1.1" 200 -
54.39.107.63 - - [13/Apr/2023:01:18:29 -0500] "GET /auambari-deleito-con-sus-sonidos-ambientales-a-los-asistentes-de-fima-2021.html HTTP/1.1" 200 888
52.167.144.30 - - [13/Apr/2023:01:18:59 -0500] "GET /forest/ HTTP/1.1" 200 12041
172.22.2.4 - - [13/Apr/2023:01:17:26 -0500] "GET /BLA/boletinlegal/ HTTP/1.1" 200 57141
201.245.192.253 - - [13/Apr/2023:01:19:39 -0500] "POST /kwsrmcab/Wsrmcab HTTP/1.1" 200 41908
201.245.192.253 - - [13/Apr/2023:01:19:42 -0500] "POST /kwsrmcab/Wsrmcab HTTP/1.1" 200 43007
172.22.2.4 - - [13/Apr/2023:01:19:59 -0500] "GET /BLA/boletinlegal/actos.php HTTP/1.1" 200 9672
172.22.2.4 - - [13/Apr/2023:01:19:59 -0500] "GET /BLA/boletinlegal/js/ajax_actos.js HTTP/1.1" 200 1322
172.22.2.4 - - [13/Apr/2023:01:19:59 -0500] "GET /BLA/boletinlegal/niceforms.js HTTP/1.1" 200 22876
172.22.2.4 - - [13/Apr/2023:01:19:59 -0500] "GET /BLA/boletinlegal/niceforms-default.css HTTP/1.1" 200 6694
172.22.2.4 - - [13/Apr/2023:01:19:59 -0500] "GET /BLA/boletinlegal/js/lib.js HTTP/1.1" 200 6474
172.22.2.4 - - [13/Apr/2023:01:19:59 -0500] "GET /BLA/boletinlegal/js/jquery1.js HTTP/1.1" 200 29846
172.22.2.4 - - [13/Apr/2023:01:19:59 -0500] "GET /BLA/boletinlegal/js/popup.js HTTP/1.1" 200 1270
172.22.2.4 - - [13/Apr/2023:01:19:59 -0500] "GET /BLA/boletinlegal/images/green-yellow-blue-pink-th.png HTTP/1.1" 200 7394
172.22.2.4 - - [13/Apr/2023:01:19:59 -0500] "GET /BLA/boletinlegal/images/tel.png HTTP/1.1" 200 14477
172.22.2.4 - - [13/Apr/2023:01:19:59 -0500] "GET /BLA/boletinlegal/images/icono-email.png HTTP/1.1" 200 5544
172.22.2.4 - - [13/Apr/2023:01:19:59 -0500] "GET /BLA/boletinlegal/images/menu_lft.gif HTTP/1.1" 200 1713
172.22.2.4 - - [13/Apr/2023:01:19:59 -0500] "GET /BLA/boletinlegal/images/body_bg.jpg HTTP/1.1" 200 1601
172.22.2.4 - - [13/Apr/2023:01:19:59 -0500] "GET /BLA/boletinlegal/images/menu_rght.gif HTTP/1.1" 200 1627
172.22.2.4 - - [13/Apr/2023:01:19:59 -0500] "GET /BLA/boletinlegal/images/bg_top.jpg HTTP/1.1" 200 522
172.22.2.4 - - [13/Apr/2023:01:19:59 -0500] "GET /BLA/boletinlegal/images/menu_bg.jpg HTTP/1.1" 200 620
172.22.2.4 - - [13/Apr/2023:01:19:59 -0500] "GET /BLA/boletinlegal/images/hover.jpg HTTP/1.1" 200 640
172.22.2.4 - - [13/Apr/2023:01:19:59 -0500] "GET /BLA/boletinlegal/images/text.jpg HTTP/1.1" 200 568
172.22.2.4 - - [13/Apr/2023:01:19:59 -0500] "GET /BLA/boletinlegal/images/footer_bg_l.jpg HTTP/1.1" 200 776
172.22.2.4 - - [13/Apr/2023:01:19:59 -0500] "GET /BLA/boletinlegal/images/footer_bg.jpg HTTP/1.1" 200 586
172.22.2.4 - - [13/Apr/2023:01:20:00 -0500] "GET /BLA/boletinlegal/img/select-left.png HTTP/1.1" 200 263
172.22.2.4 - - [13/Apr/2023:01:20:00 -0500] "GET /BLA/boletinlegal/img/0.png HTTP/1.1" 200 110
172.22.2.4 - - [13/Apr/2023:01:20:00 -0500] "GET /BLA/boletinlegal/img/select-right.png HTTP/1.1" 200 44019
172.22.2.4 - - [13/Apr/2023:01:20:00 -0500] "GET /BLA/boletinlegal/img/button.png HTTP/1.1" 200 43241
172.22.2.4 - - [13/Apr/2023:01:20:00 -0500] "GET /BLA/boletinlegal/img/button-left.png HTTP/1.1" 200 57071
172.22.2.4 - - [13/Apr/2023:01:20:00 -0500] "GET /BLA/boletinlegal/img/button-right.png HTTP/1.1" 200 57878
172.22.2.4 - - [13/Apr/2023:01:20:00 -0500] "GET /BLA/boletinlegal/favicon.ico HTTP/1.1" 404 1326
52.167.144.125 - - [13/Apr/2023:01:20:11 -0500] "GET /galeria/galeria/fotos/Huemdal-el-Tunjo4G.jpg HTTP/1.1" 200 327819
216.245.221.92 - - [13/Apr/2023:01:20:14 -0500] "HEAD / HTTP/1.1" 200 -
172.22.2.4 - - [13/Apr/2023:01:20:22 -0500] "GET /BLA/boletinlegal/consulta_actos.php?tipo=resoluciones&no=0929&usuario=&sector=&fecha=2021&resuelve= HTTP/1.1" 200 626
172.22.2.4 - - [13/Apr/2023:01:20:34 -0500] "GET /BLA/boletinlegal/consulta_actos.php?tipo=resoluciones&no=0929&usuario=&sector=&fecha=2021&resuelve= HTTP/1.1" 200 626
172.22.2.4 - - [13/Apr/2023:01:20:46 -0500] "GET /BLA/boletinlegal/consulta_actos.php?tipo=resoluciones&no=0929&usuario=&sector=&fecha=2018&resuelve= HTTP/1.1" 200 1061
191.156.180.158 - - [13/Apr/2023:01:20:50 -0500] "GET /BLA/resoluciones/RESOLUCIONES%202018/0929.pdf HTTP/1.1" 200 366291
201.245.192.253 - - [13/Apr/2023:01:22:27 -0500] "POST /kwsrmcab/Wsrmcab  HTTP/1.1" 200 213
172.22.2.4 - - [13/Apr/2023:01:22:26 -0500] "HEAD /BLA/boletinlegal/ HTTP/1.1" 200 -
172.22.2.4 - - [13/Apr/2023:01:23:16 -0500] "GET /BLA/boletinlegal/ HTTP/1.1" 200 59646
66.249.66.85 - - [13/Apr/2023:01:25:00 -0500] "-" 408 -
216.245.221.92 - - [13/Apr/2023:01:25:14 -0500] "HEAD / HTTP/1.1" 200 -
201.245.192.253 - - [13/Apr/2023:01:27:24 -0500] "POST /kwsrmcab/Wsrmcab  HTTP/1.1" 200 213
152.61.128.50 - - [13/Apr/2023:01:28:10 -0500] "GET /arcgis/services/Calidad_del_Agua_WQI/MapServer/WMSServer?request=GetCapabilities&service=WMS HTTP/1.1" 503 1020
152.61.128.50 - - [13/Apr/2023:01:28:11 -0500] "GET /arcgis/services/Calidad_del_Agua_WQI/MapServer/WMSServer?SERVICE=WMS&REQUEST=GetCapabilities HTTP/1.1" 503 1020
152.61.128.50 - - [13/Apr/2023:01:28:12 -0500] "GET /arcgis/services/Calidad_del_Agua_WQI/MapServer/WMSServer?WMTVER=1.0.0&REQUEST=capabilities HTTP/1.1" 503 1020
201.245.192.253 - - [13/Apr/2023:01:29:39 -0500] "POST /kwsrmcab/Wsrmcab HTTP/1.1" 200 41908
201.245.192.253 - - [13/Apr/2023:01:29:42 -0500] "POST /kwsrmcab/Wsrmcab HTTP/1.1" 200 43007
172.22.2.4 - - [13/Apr/2023:01:28:16 -0500] "HEAD /BLA/boletinlegal/ HTTP/1.1" 200 -
216.245.221.92 - - [13/Apr/2023:01:30:14 -0500] "HEAD / HTTP/1.1" 200 -
172.22.2.4 - - [13/Apr/2023:01:29:06 -0500] "GET /BLA/boletinlegal/ HTTP/1.1" 200 57551
104.143.88.243 - - [13/Apr/2023:01:32:19 -0500] "HEAD / HTTP/1.1" 200 -
172.121.220.82 - - [13/Apr/2023:01:32:19 -0500] "HEAD / HTTP/1.1" 200 -
104.143.88.243 - - [13/Apr/2023:01:32:19 -0500] "GET / HTTP/1.1" 200 319
172.121.220.82 - - [13/Apr/2023:01:32:19 -0500] "GET / HTTP/1.1" 200 319
201.245.192.253 - - [13/Apr/2023:01:32:22 -0500] "POST /kwsrmcab/Wsrmcab  HTTP/1.1" 200 213
104.200.76.194 - - [13/Apr/2023:01:32:28 -0500] "GET / HTTP/1.1" 200 319
104.168.40.25 - - [13/Apr/2023:01:32:28 -0500] "GET / HTTP/1.1" 200 319
172.22.2.4 - - [13/Apr/2023:01:32:08 -0500] "HEAD /BLA/boletinlegal/ HTTP/1.1" 200 -
172.22.2.4 - - [13/Apr/2023:01:32:13 -0500] "HEAD /BLA/boletinlegal/ HTTP/1.1" 200 -
216.245.221.92 - - [13/Apr/2023:01:35:14 -0500] "HEAD / HTTP/1.1" 200 -
172.22.2.4 - - [13/Apr/2023:01:34:06 -0500] "HEAD /BLA/boletinlegal/ HTTP/1.1" 200 -
172.22.2.4 - - [13/Apr/2023:01:35:52 -0500] "GET /BLA/boletinlegal/actos.php HTTP/1.1" 200 9672
172.22.2.4 - - [13/Apr/2023:01:34:56 -0500] "GET /BLA/boletinlegal/ HTTP/1.1" 200 59646
201.245.192.253 - - [13/Apr/2023:01:37:22 -0500] "POST /kwsrmcab/Wsrmcab  HTTP/1.1" 200 213
52.167.144.63 - - [13/Apr/2023:01:38:38 -0500] "GET /BLA/resoluciones/RESOLUCIONES%202022/3245.pdf HTTP/1.1" 304 -
172.22.2.4 - - [13/Apr/2023:01:39:25 -0500] "GET /BLA/boletinlegal/normativa.php HTTP/1.1" 200 8333
66.249.70.170 - - [13/Apr/2023:01:39:28 -0500] "-" 408 -
201.245.192.253 - - [13/Apr/2023:01:39:39 -0500] "POST /kwsrmcab/Wsrmcab HTTP/1.1" 200 41908
201.245.192.253 - - [13/Apr/2023:01:39:42 -0500] "POST /kwsrmcab/Wsrmcab HTTP/1.1" 200 43007
216.245.221.92 - - [13/Apr/2023:01:40:14 -0500] "HEAD / HTTP/1.1" 200 -
172.22.2.4 - - [13/Apr/2023:01:39:56 -0500] "HEAD /BLA/boletinlegal/ HTTP/1.1" 200 -
134.73.20.162 - - [13/Apr/2023:01:41:48 -0500] "GET /caminatas-ecologicas-en-bogota-inscribete-y-participa-en-los-recorridos-de-abril.html HTTP/1.1" 200 868
201.245.192.253 - - [13/Apr/2023:01:42:21 -0500] "POST /kwsrmcab/Wsrmcab  HTTP/1.1" 200 213
172.22.2.4 - - [13/Apr/2023:01:40:46 -0500] "GET /BLA/boletinlegal/ HTTP/1.1" 200 57551
173.252.83.7 - - [13/Apr/2023:01:43:01 -0500] "GET /galeria/nivo-slider/demo/images/bannercecamarzo.jpg HTTP/1.1" 200 30136
172.22.2.4 - - [13/Apr/2023:01:43:51 -0500] "GET /BLA/boletinlegal/jurisprudencia.php HTTP/1.1" 200 17573
172.22.2.4 - - [13/Apr/2023:01:44:19 -0500] "GET /BLA/boletinlegal/jurisprudencia/analisis/analisis%20sentencia%20C-596-10.doc HTTP/1.1" 200 36352
172.22.2.4 - - [13/Apr/2023:01:44:20 -0500] "GET /BLA/boletinlegal/js/lib.js HTTP/1.1" 200 6474
172.22.2.4 - - [13/Apr/2023:01:44:32 -0500] "GET /BLA/boletinlegal/js/jquery1.js HTTP/1.1" 200 29846
172.22.2.4 - - [13/Apr/2023:01:44:32 -0500] "GET /BLA/boletinlegal/js/popup.js HTTP/1.1" 200 1270
216.245.221.92 - - [13/Apr/2023:01:45:14 -0500] "HEAD / HTTP/1.1" 200 -
66.249.66.84 - - [13/Apr/2023:01:45:14 -0500] "-" 408 -
66.249.70.168 - - [13/Apr/2023:01:46:11 -0500] "-" 408 -
201.245.192.253 - - [13/Apr/2023:01:47:19 -0500] "POST /kwsrmcab/Wsrmcab  HTTP/1.1" 200 213
172.22.2.4 - - [13/Apr/2023:01:45:46 -0500] "HEAD /BLA/boletinlegal/ HTTP/1.1" 200 -
172.22.2.4 - - [13/Apr/2023:01:46:39 -0500] "GET /BLA/boletinlegal/ HTTP/1.1" 200 57551
52.167.144.30 - - [13/Apr/2023:01:48:33 -0500] "GET /Residuos/metalmecanica/metalmecanica.html HTTP/1.1" 200 1969
52.167.144.63 - - [13/Apr/2023:01:48:38 -0500] "GET /bla/resoluciones/resoluciones%202007/res%202007%204101%20al%204200/RESOLUCION%204151%20DE%202007.pdf HTTP/1.1" 304 -
216.245.221.92 - - [13/Apr/2023:01:50:14 -0500] "HEAD / HTTP/1.1" 200 -
31.13.115.3 - - [13/Apr/2023:01:51:04 -0500] "GET /images/1%20de%20febrero%20D%C3%ADa%20sin%20carro.jpeg HTTP/1.1" 404 1034
31.13.115.14 - - [13/Apr/2023:01:51:05 -0500] "GET /images/vertimiento-Comprimida%20(1).png HTTP/1.1" 200 22870
201.245.192.253 - - [13/Apr/2023:01:52:18 -0500] "POST /kwsrmcab/Wsrmcab  HTTP/1.1" 200 213
172.22.2.4 - - [13/Apr/2023:01:51:39 -0500] "HEAD /BLA/boletinlegal/ HTTP/1.1" 200 -
66.220.149.24 - - [13/Apr/2023:01:53:24 -0500] "GET /images/Acuerdos%2001%20(1)%20(1).jpeg HTTP/1.1" 200 32884
172.22.2.4 - - [13/Apr/2023:01:52:29 -0500] "GET /BLA/boletinlegal/ HTTP/1.1" 200 57551
216.245.221.92 - - [13/Apr/2023:01:55:14 -0500] "HEAD / HTTP/1.1" 200 -
185.119.81.104 - - [13/Apr/2023:01:55:46 -0500] "GET /portaldeninos/wp-login.php HTTP/1.1" 503 1037
201.245.192.253 - - [13/Apr/2023:01:57:16 -0500] "POST /kwsrmcab/Wsrmcab  HTTP/1.1" 200 213
172.22.2.4 - - [13/Apr/2023:01:57:29 -0500] "HEAD /BLA/boletinlegal/ HTTP/1.1" 200 -
172.22.2.4 - - [13/Apr/2023:01:58:19 -0500] "GET /BLA/boletinlegal/ HTTP/1.1" 200 59296
216.245.221.92 - - [13/Apr/2023:02:00:14 -0500] "HEAD / HTTP/1.1" 200 -
114.119.142.173 - - [13/Apr/2023:02:00:36 -0500] "-" 408 -
201.245.192.253 - - [13/Apr/2023:02:02:16 -0500] "POST /kwsrmcab/Wsrmcab  HTTP/1.1" 200 213
66.249.66.85 - - [13/Apr/2023:02:03:29 -0500] "-" 408 -
172.22.2.4 - - [13/Apr/2023:02:03:19 -0500] "HEAD /BLA/boletinlegal/ HTTP/1.1" 200 -
52.167.144.30 - - [13/Apr/2023:02:05:03 -0500] "GET /BLA/resoluciones/AUTOS%202021/1626.pdf HTTP/1.1" 304 -
216.245.221.92 - - [13/Apr/2023:02:05:14 -0500] "HEAD / HTTP/1.1" 200 -
172.22.2.4 - - [13/Apr/2023:02:04:09 -0500] "GET /BLA/boletinlegal/ HTTP/1.1" 200 53551
201.245.192.253 - - [13/Apr/2023:02:07:15 -0500] "POST /kwsrmcab/Wsrmcab  HTTP/1.1" 200 213
185.119.81.104 - - [13/Apr/2023:02:07:41 -0500] "GET /portaldeninos/wp-login.php HTTP/1.1" 503 1037
157.55.39.225 - - [13/Apr/2023:02:09:01 -0500] "-" 408 -
47.246.164.139 - - [13/Apr/2023:02:09:54 -0500] "GET /galeria/galeria/fotos/Humedal-la-conejera4P.jpg HTTP/1.1" 200 33365
216.245.221.92 - - [13/Apr/2023:02:10:14 -0500] "HEAD / HTTP/1.1" 200 -
168.119.253.13 - - [13/Apr/2023:02:10:28 -0500] "GET / HTTP/1.1" 200 4720
168.119.253.13 - - [13/Apr/2023:02:10:31 -0500] "GET / HTTP/1.1" 200 319
172.22.2.4 - - [13/Apr/2023:02:09:09 -0500] "HEAD /BLA/boletinlegal/ HTTP/1.1" 200 -
66.249.66.85 - - [13/Apr/2023:02:11:09 -0500] "-" 408 -
172.22.2.4 - - [13/Apr/2023:02:10:00 -0500] "GET /BLA/boletinlegal/ HTTP/1.1" 200 57551
201.245.192.253 - - [13/Apr/2023:02:12:14 -0500] "POST /kwsrmcab/Wsrmcab  HTTP/1.1" 200 213
185.119.81.104 - - [13/Apr/2023:02:13:10 -0500] "GET /portaldeninos/wp-login.php HTTP/1.1" 503 1037
35.204.111.96 - - [13/Apr/2023:02:14:19 -0500] "GET /inventario-de-emisiones-2020-transporte-publico-sitp-redujo-emisiones-de-pm-2-5-en-un-37.html HTTP/1.1" 200 925
193.35.18.251 - - [13/Apr/2023:02:14:27 -0500] "POST /boaform/admin/formLogin HTTP/1.1" 404 1186
216.245.221.92 - - [13/Apr/2023:02:15:14 -0500] "HEAD / HTTP/1.1" 200 -
172.22.2.4 - - [13/Apr/2023:02:15:14 -0500] "GET /BLA/boletinlegal/robots.txt HTTP/1.1" 404 1038
185.119.81.104 - - [13/Apr/2023:02:15:17 -0500] "GET /portaldeninos/wp-login.php HTTP/1.1" 503 1037
34.91.165.99 - - [13/Apr/2023:02:15:21 -0500] "GET /inventario-de-emisiones-2020-transporte-publico-sitp-redujo-emisiones-de-pm-2-5-en-un-37.html HTTP/1.1" 200 925
172.22.2.4 - - [13/Apr/2023:02:15:00 -0500] "HEAD /BLA/boletinlegal/ HTTP/1.1" 200 -
172.22.2.4 - - [13/Apr/2023:02:15:16 -0500] "GET /BLA/boletinlegal/ HTTP/1.1" 200 44625
201.245.192.253 - - [13/Apr/2023:02:17:13 -0500] "POST /kwsrmcab/Wsrmcab  HTTP/1.1" 200 213
172.22.2.4 - - [13/Apr/2023:02:15:50 -0500] "GET /BLA/boletinlegal/ HTTP/1.1" 200 51967
172.22.2.4 - - [13/Apr/2023:02:19:19 -0500] "GET /BLA/boletinlegal/jurisprudencia.php HTTP/1.1" 200 17573
172.22.2.4 - - [13/Apr/2023:02:19:21 -0500] "GET /BLA/boletinlegal/documentos-importantes.php HTTP/1.1" 200 4829
172.22.2.4 - - [13/Apr/2023:02:19:23 -0500] "GET /BLA/boletinlegal/normativa.php HTTP/1.1" 200 8333
172.22.2.4 - - [13/Apr/2023:02:19:26 -0500] "GET /BLA/boletinlegal/doctrina.php HTTP/1.1" 200 5604
172.22.2.4 - - [13/Apr/2023:02:19:28 -0500] "GET /BLA/boletinlegal/conceptos.php HTTP/1.1" 200 7486
172.22.2.4 - - [13/Apr/2023:02:19:31 -0500] "GET /BLA/boletinlegal/sugerencias.php HTTP/1.1" 200 8615
172.22.2.4 - - [13/Apr/2023:02:19:33 -0500] "GET /BLA/boletinlegal/actos.php HTTP/1.1" 200 9672
201.245.192.253 - - [13/Apr/2023:02:19:39 -0500] "POST /kwsrmcab/Wsrmcab HTTP/1.1" 200 42210
201.245.192.253 - - [13/Apr/2023:02:19:42 -0500] "POST /kwsrmcab/Wsrmcab HTTP/1.1" 200 43174
172.22.2.4 - - [13/Apr/2023:02:19:52 -0500] "GET /BLA/boletinlegal/actos.php HTTP/1.1" 200 9672
216.245.221.92 - - [13/Apr/2023:02:20:14 -0500] "HEAD / HTTP/1.1" 200 -
172.22.2.4 - - [13/Apr/2023:02:19:36 -0500] "GET /BLA/boletinlegal/index.php HTTP/1.1" 200 59646
34.141.190.195 - - [13/Apr/2023:02:21:20 -0500] "GET /inventario-de-emisiones-2020-transporte-publico-sitp-redujo-emisiones-de-pm-2-5-en-un-37.html HTTP/1.1" 200 925
201.245.192.253 - - [13/Apr/2023:02:22:11 -0500] "POST /kwsrmcab/Wsrmcab  HTTP/1.1" 200 213
172.22.2.4 - - [13/Apr/2023:02:21:32 -0500] "GET /BLA/boletinlegal/ HTTP/1.1" 200 24523
172.22.2.4 - - [13/Apr/2023:02:20:50 -0500] "HEAD /BLA/boletinlegal/ HTTP/1.1" 200 -
118.184.177.71 - - [13/Apr/2023:02:22:46 -0500] "GET / HTTP/1.1" 200 319
172.22.2.4 - - [13/Apr/2023:02:21:40 -0500] "GET /BLA/boletinlegal/ HTTP/1.1" 200 54414
66.249.66.84 - - [13/Apr/2023:02:23:32 -0500] "-" 408 -
216.245.221.92 - - [13/Apr/2023:02:25:14 -0500] "HEAD / HTTP/1.1" 200 -
40.77.167.120 - - [13/Apr/2023:02:25:26 -0500] "GET /BLA/boletinlegal/Directivas/2016/Directiva%20No.%2004%20del%2023%20de%20Diciembre%20de%202016.pdf HTTP/1.1" 200 327098
101.198.0.152 - - [13/Apr/2023:02:25:54 -0500] "\x16\x03\x01\x01?\x01" 400 226
101.198.0.181 - - [13/Apr/2023:02:26:07 -0500] "GET / HTTP/1.1" 200 319
101.198.0.187 - - [13/Apr/2023:02:26:29 -0500] "GET /favicon.ico HTTP/1.1" 200 7782
101.198.0.187 - - [13/Apr/2023:02:26:58 -0500] "GET /sitemap.xml HTTP/1.1" 404 1049
52.167.144.125 - - [13/Apr/2023:02:27:08 -0500] "GET / HTTP/1.1" 200 319
201.245.192.253 - - [13/Apr/2023:02:27:10 -0500] "POST /kwsrmcab/Wsrmcab  HTTP/1.1" 200 213
52.167.144.37 - - [13/Apr/2023:02:28:17 -0500] "GET /dia-mundial-del-agua-2023-programate-para-participar-en-estas-actividades-de-educacion-ambiental.html HTTP/1.1" 200 903
172.22.2.4 - - [13/Apr/2023:02:26:40 -0500] "HEAD /BLA/boletinlegal/ HTTP/1.1" 200 -
172.22.2.4 - - [13/Apr/2023:02:27:30 -0500] "GET /BLA/boletinlegal/ HTTP/1.1" 200 56744
201.245.192.253 - - [13/Apr/2023:02:29:39 -0500] "POST /kwsrmcab/Wsrmcab HTTP/1.1" 200 42210
201.245.192.253 - - [13/Apr/2023:02:29:42 -0500] "POST /kwsrmcab/Wsrmcab HTTP/1.1" 200 43174
216.245.221.92 - - [13/Apr/2023:02:30:14 -0500] "HEAD / HTTP/1.1" 200 -
69.171.231.4 - - [13/Apr/2023:02:30:51 -0500] "GET /como-obtener-el-certificado-de-estado-de-conservacion-ambiental-ceca.html HTTP/1.1" 206 873
52.167.144.125 - - [13/Apr/2023:02:31:17 -0500] "GET /BLA/resoluciones/RESOLUCIONES%202010/2085.pdf HTTP/1.1" 200 211053
52.167.144.125 - - [13/Apr/2023:02:32:08 -0500] "GET /BLA/resoluciones/AUTOS%202013/3396.pdf HTTP/1.1" 200 663228
201.245.192.253 - - [13/Apr/2023:02:32:08 -0500] "POST /kwsrmcab/Wsrmcab  HTTP/1.1" 200 213
172.22.2.4 - - [13/Apr/2023:02:32:30 -0500] "HEAD /BLA/boletinlegal/ HTTP/1.1" 200 -
172.22.2.4 - - [13/Apr/2023:02:33:20 -0500] "GET /BLA/boletinlegal/ HTTP/1.1" 200 52720
216.245.221.92 - - [13/Apr/2023:02:35:14 -0500] "HEAD / HTTP/1.1" 200 -
201.245.192.253 - - [13/Apr/2023:02:37:07 -0500] "POST /kwsrmcab/Wsrmcab  HTTP/1.1" 200 213
191.95.144.132 - - [13/Apr/2023:02:37:20 -0500] "GET /galeria/galeria/jquery.fancybox.css?v=2.1.5 HTTP/1.1" 200 4895
191.95.144.132 - - [13/Apr/2023:02:37:20 -0500] "GET /BLA/boletinlegal/js/jquery.scrollShow.js HTTP/1.1" 200 4586
191.95.144.132 - - [13/Apr/2023:02:37:20 -0500] "GET /galeria/galeria/jquery.fancybox.js?v=2.1.5 HTTP/1.1" 200 48706
191.95.144.132 - - [13/Apr/2023:02:37:21 -0500] "GET /galeria/galeria/jquery.fancybox.js?v=2.1.5 HTTP/1.1" 200 48706
191.95.144.132 - - [13/Apr/2023:02:37:21 -0500] "GET /BLA/boletinlegal/js/jquery.scrollShow.js HTTP/1.1" 200 4586
114.119.156.31 - - [13/Apr/2023:02:38:46 -0500] "-" 408 -
201.245.192.253 - - [13/Apr/2023:02:39:39 -0500] "POST /kwsrmcab/Wsrmcab HTTP/1.1" 200 42210
201.245.192.253 - - [13/Apr/2023:02:39:42 -0500] "POST /kwsrmcab/Wsrmcab HTTP/1.1" 200 43174
172.22.2.4 - - [13/Apr/2023:02:38:20 -0500] "HEAD /BLA/boletinlegal/ HTTP/1.1" 200 -
216.245.221.92 - - [13/Apr/2023:02:40:14 -0500] "HEAD / HTTP/1.1" 200 -
172.22.2.4 - - [13/Apr/2023:02:39:50 -0500] "GET /BLA/boletinlegal/ HTTP/1.1" 200 24523
172.22.2.4 - - [13/Apr/2023:02:39:10 -0500] "GET /BLA/boletinlegal/ HTTP/1.1" 200 51022
172.22.2.4 - - [13/Apr/2023:02:40:58 -0500] "GET /BLA/boletinlegal/ab2g HTTP/1.1" 404 1018
172.22.2.4 - - [13/Apr/2023:02:41:01 -0500] "GET /BLA/boletinlegal/ab2h HTTP/1.1" 404 1018
172.22.2.4 - - [13/Apr/2023:02:41:23 -0500] "GET /BLA/boletinlegal/t4 HTTP/1.1" 404 1018
172.22.2.4 - - [13/Apr/2023:02:41:26 -0500] "GET /BLA/boletinlegal/favicon.ico HTTP/1.1" 404 1018
172.22.2.4 - - [13/Apr/2023:02:41:13 -0500] "GET /BLA/boletinlegal/ HTTP/1.1" 200 24523
201.245.192.253 - - [13/Apr/2023:02:42:04 -0500] "POST /kwsrmcab/Wsrmcab  HTTP/1.1" 200 213
172.22.2.4 - - [13/Apr/2023:02:44:14 -0500] "GET /BLA/boletinlegal/actos.php HTTP/1.1" 200 9672
216.245.221.92 - - [13/Apr/2023:02:45:14 -0500] "HEAD / HTTP/1.1" 200 -
172.22.2.4 - - [13/Apr/2023:02:44:10 -0500] "HEAD /BLA/boletinlegal/ HTTP/1.1" 200 -
52.70.240.171 - - [13/Apr/2023:02:46:03 -0500] "-" 408 -
172.22.2.4 - - [13/Apr/2023:02:46:09 -0500] "GET /BLA/boletinlegal/consulta_actos.php?tipo=resoluciones&no=2114&usuario=&sector=&fecha=2017&resuelve= HTTP/1.1" 200 1107
191.156.180.160 - - [13/Apr/2023:02:46:12 -0500] "GET /BLA/resoluciones/RESOLUCIONES%202017/2114.pdf HTTP/1.1" 200 696394
172.22.2.4 - - [13/Apr/2023:02:45:00 -0500] "GET /BLA/boletinlegal/ HTTP/1.1" 200 57551
172.22.2.4 - - [13/Apr/2023:02:46:41 -0500] "GET /BLA/boletinlegal/consulta_actos.php?tipo=resoluciones&no=0713&usuario=&sector=&fecha=2020&resuelve= HTTP/1.1" 200 626
172.22.2.4 - - [13/Apr/2023:02:46:43 -0500] "GET /BLA/boletinlegal/consulta_actos.php?tipo=resoluciones&no=0713&usuario=&sector=&fecha=2020&resuelve= HTTP/1.1" 200 626
172.22.2.4 - - [13/Apr/2023:02:46:44 -0500] "GET /BLA/boletinlegal/consulta_actos.php?tipo=resoluciones&no=0713&usuario=&sector=&fecha=2020&resuelve= HTTP/1.1" 200 626
172.22.2.4 - - [13/Apr/2023:02:46:45 -0500] "GET /BLA/boletinlegal/consulta_actos.php?tipo=resoluciones&no=0713&usuario=&sector=&fecha=2020&resuelve= HTTP/1.1" 200 626
172.22.2.4 - - [13/Apr/2023:02:46:46 -0500] "GET /BLA/boletinlegal/consulta_actos.php?tipo=resoluciones&no=0713&usuario=&sector=&fecha=2020&resuelve= HTTP/1.1" 200 626
201.245.192.253 - - [13/Apr/2023:02:47:05 -0500] "POST /kwsrmcab/Wsrmcab  HTTP/1.1" 200 213
216.245.221.92 - - [13/Apr/2023:02:50:14 -0500] "HEAD / HTTP/1.1" 200 -
40.77.167.94 - - [13/Apr/2023:02:51:10 -0500] "GET /BLA/resoluciones/AUTOS%202021/2273.pdf HTTP/1.1" 200 340315
172.22.2.4 - - [13/Apr/2023:02:50:00 -0500] "HEAD /BLA/boletinlegal/ HTTP/1.1" 200 -
201.245.192.253 - - [13/Apr/2023:02:52:03 -0500] "POST /kwsrmcab/Wsrmcab  HTTP/1.1" 200 213
20.241.233.77 - - [13/Apr/2023:02:52:06 -0500] "GET /pagos-por-servicios-ambientales-hidricos-una-iniciativa-para-la-conservacion-de-este-recurso.html HTTP/1.1" 200 1006
172.22.2.4 - - [13/Apr/2023:02:50:50 -0500] "GET /BLA/boletinlegal/ HTTP/1.1" 200 57141
216.245.221.92 - - [13/Apr/2023:02:55:14 -0500] "HEAD / HTTP/1.1" 200 -
52.167.144.30 - - [13/Apr/2023:02:56:21 -0500] "GET /BLA/boletinlegal/norma_menu.php HTTP/1.1" 200 6318
52.167.144.58 - - [13/Apr/2023:02:56:45 -0500] "GET /BLA/boletinlegal/styles2.css HTTP/1.1" 200 1838
52.167.144.58 - - [13/Apr/2023:02:56:45 -0500] "GET /BLA/boletinlegal/swfobject.js HTTP/1.1" 200 9763
52.167.144.30 - - [13/Apr/2023:02:56:50 -0500] "GET /BLA/boletinlegal/js/ajax.js HTTP/1.1" 200 772
201.245.192.253 - - [13/Apr/2023:02:57:03 -0500] "POST /kwsrmcab/Wsrmcab  HTTP/1.1" 200 213
172.22.2.4 - - [13/Apr/2023:02:57:18 -0500] "GET /BLA/boletinlegal/actos.php HTTP/1.1" 200 9672
186.86.32.121 - - [13/Apr/2023:02:57:18 -0500] "GET /sipse/faces/presentacion/financiero/solicitudProceso/consultarSolicitudProceso.xhtml HTTP/1.1" 302 -
186.86.32.121 - - [13/Apr/2023:02:57:19 -0500] "GET /sipse/css/custom_css_sg_prime.css HTTP/1.1" 200 5201
186.86.32.121 - - [13/Apr/2023:02:57:19 -0500] "GET /sipse/faces/javax.faces.resource/layout/layout.css?ln=primefaces&v=4.0 HTTP/1.1" 200 542
186.86.32.121 - - [13/Apr/2023:02:57:19 -0500] "GET /sipse/faces/javax.faces.resource/primefaces.css?ln=primefaces&v=4.0 HTTP/1.1" 200 53295
186.86.32.121 - - [13/Apr/2023:02:57:19 -0500] "GET /sipse/imagenes/cargando.gif HTTP/1.1" 302 -
186.86.32.121 - - [13/Apr/2023:02:57:19 -0500] "GET /favicon.ico HTTP/1.1" 200 7782
186.86.32.121 - - [13/Apr/2023:02:57:19 -0500] "GET /sipse/faces/faces/autenticacion.xhtml HTTP/1.1" 200 12178
186.86.32.121 - - [13/Apr/2023:02:57:20 -0500] "GET /sipse/faces/javax.faces.resource/theme.css?ln=primefaces-sipse HTTP/1.1" 304 -
186.86.32.121 - - [13/Apr/2023:02:57:20 -0500] "GET /sipse/faces/javax.faces.resource/primefaces.css?ln=primefaces&v=4.0 HTTP/1.1" 304 -
186.86.32.121 - - [13/Apr/2023:02:57:20 -0500] "GET /sipse/faces/javax.faces.resource/layout/layout.css?ln=primefaces&v=4.0 HTTP/1.1" 304 -
186.86.32.121 - - [13/Apr/2023:02:57:20 -0500] "GET /sipse/faces/javax.faces.resource/jquery/jquery.js?ln=primefaces&v=4.0 HTTP/1.1" 304 -
186.86.32.121 - - [13/Apr/2023:02:57:20 -0500] "GET /sipse/faces/javax.faces.resource/jquery/jquery-plugins.js?ln=primefaces&v=4.0 HTTP/1.1" 304 -
186.86.32.121 - - [13/Apr/2023:02:57:20 -0500] "GET /sipse/faces/javax.faces.resource/primefaces.js?ln=primefaces&v=4.0 HTTP/1.1" 304 -
186.86.32.121 - - [13/Apr/2023:02:57:21 -0500] "GET /sipse/faces/javax.faces.resource/layout/layout.js?ln=primefaces&v=4.0 HTTP/1.1" 304 -
186.86.32.121 - - [13/Apr/2023:02:57:21 -0500] "GET /sipse/faces/javax.faces.resource/dynamiccontent.properties?ln=primefaces&pfdrid=XjOR5%2F%2FfPAZAuY9TpWQeCiM0BhlXxYRBGKi%2FQcXXfeA%3D&pfdrid_c=false HTTP/1.1" 500 383
186.86.32.121 - - [13/Apr/2023:02:57:21 -0500] "GET /sipse/faces/javax.faces.resource/images/ui-icons_898989_256x240.png?ln=primefaces-aristo HTTP/1.1" 304 -
172.22.2.4 - - [13/Apr/2023:02:55:50 -0500] "HEAD /BLA/boletinlegal/ HTTP/1.1" 200 -
172.22.2.4 - - [13/Apr/2023:02:57:31 -0500] "GET /BLA/boletinlegal/consulta_actos.php?tipo=resoluciones&no=0186&usuario=&sector=&fecha=2018&resuelve= HTTP/1.1" 200 1099
172.22.2.4 - - [13/Apr/2023:02:57:33 -0500] "GET /BLA/boletinlegal/consulta_actos.php?tipo=resoluciones&no=0186&usuario=&sector=&fecha=2018&resuelve= HTTP/1.1" 200 1099
172.22.2.4 - - [13/Apr/2023:02:57:35 -0500] "GET /BLA/boletinlegal/consulta_actos.php?tipo=resoluciones&no=0186&usuario=&sector=&fecha=2018&resuelve= HTTP/1.1" 200 1099
172.22.2.4 - - [13/Apr/2023:02:57:54 -0500] "GET /BLA/boletinlegal/consulta_actos.php?tipo=resoluciones&no=0186&usuario=&sector=SILVICULTURA&fecha=2018&resuelve= HTTP/1.1" 200 1099
172.22.2.4 - - [13/Apr/2023:02:56:40 -0500] "GET /BLA/boletinlegal/ HTTP/1.1" 200 54798
216.245.221.92 - - [13/Apr/2023:03:00:14 -0500] "HEAD / HTTP/1.1" 200 -
52.167.144.58 - - [13/Apr/2023:03:00:45 -0500] "GET /BLA/resoluciones/AUTOS%202021/6407.pdf HTTP/1.1" 304 -
201.245.192.253 - - [13/Apr/2023:03:02:00 -0500] "POST /kwsrmcab/Wsrmcab  HTTP/1.1" 200 213
172.22.2.4 - - [13/Apr/2023:03:02:09 -0500] "GET /BLA/boletinlegal/actos.php HTTP/1.1" 200 9672
66.249.66.86 - - [13/Apr/2023:03:03:02 -0500] "-" 408 -
172.22.2.4 - - [13/Apr/2023:03:01:40 -0500] "HEAD /BLA/boletinlegal/ HTTP/1.1" 200 -
172.22.2.4 - - [13/Apr/2023:03:02:30 -0500] "GET /BLA/boletinlegal/ HTTP/1.1" 200 59296
216.245.221.92 - - [13/Apr/2023:03:05:14 -0500] "HEAD / HTTP/1.1" 200 -
201.245.192.253 - - [13/Apr/2023:03:06:59 -0500] "POST /kwsrmcab/Wsrmcab  HTTP/1.1" 200 213
172.22.2.4 - - [13/Apr/2023:03:07:30 -0500] "HEAD /BLA/boletinlegal/ HTTP/1.1" 200 -
172.22.2.4 - - [13/Apr/2023:03:08:20 -0500] "GET /BLA/boletinlegal/ HTTP/1.1" 200 59646
216.245.221.92 - - [13/Apr/2023:03:10:13 -0500] "HEAD / HTTP/1.1" 200 -
66.249.66.84 - - [13/Apr/2023:03:11:09 -0500] "-" 408 -
201.245.192.253 - - [13/Apr/2023:03:11:59 -0500] "POST /kwsrmcab/Wsrmcab  HTTP/1.1" 200 213
61.68.212.138 - - [13/Apr/2023:03:13:02 -0500] "GET /BLA/boletinlegal/js/jquery.scrollShow.js HTTP/1.1" 200 4586
61.68.212.138 - - [13/Apr/2023:03:13:02 -0500] "GET /galeria/galeria/jquery.fancybox.css?v=2.1.5 HTTP/1.1" 200 4895
61.68.212.138 - - [13/Apr/2023:03:13:02 -0500] "GET /galeria/galeria/jquery.fancybox.js?v=2.1.5 HTTP/1.1" 200 48706
61.68.212.138 - - [13/Apr/2023:03:14:15 -0500] "GET /galeria/carrusel/Carrusel/jquery.thumbnailScroller.css HTTP/1.1" 200 2066
61.68.212.138 - - [13/Apr/2023:03:14:19 -0500] "GET /galeria/carrusel/Carrusel/jquery-ui-1.8.13.custom.min.js HTTP/1.1" 200 10800
61.68.212.138 - - [13/Apr/2023:03:14:24 -0500] "GET /galeria/carrusel/Carrusel/jquery.thumbnailScroller.js HTTP/1.1" 200 8157
61.68.212.138 - - [13/Apr/2023:03:14:41 -0500] "GET /galeria/nivo-slider/demo/banner.html HTTP/1.1" 200 5446
61.68.212.138 - - [13/Apr/2023:03:14:58 -0500] "GET /galeria/nivo-slider/themes/default/default.css HTTP/1.1" 200 1569
61.68.212.138 - - [13/Apr/2023:03:14:58 -0500] "GET /galeria/nivo-slider/themes/pascal/pascal.css HTTP/1.1" 200 2258
61.68.212.138 - - [13/Apr/2023:03:14:58 -0500] "GET /galeria/nivo-slider/themes/orman/orman.css HTTP/1.1" 200 2152
61.68.212.138 - - [13/Apr/2023:03:14:58 -0500] "GET /galeria/nivo-slider/nivo-slider.css HTTP/1.1" 200 1507
61.68.212.138 - - [13/Apr/2023:03:14:58 -0500] "GET /galeria/nivo-slider/demo/style.css HTTP/1.1" 200 2222
172.22.2.4 - - [13/Apr/2023:03:13:20 -0500] "HEAD /BLA/boletinlegal/ HTTP/1.1" 200 -
216.245.221.92 - - [13/Apr/2023:03:15:14 -0500] "HEAD / HTTP/1.1" 200 -
61.68.212.138 - - [13/Apr/2023:03:15:36 -0500] "GET /galeria/nivo-slider/demo/images/banneraire2021.jpg HTTP/1.1" 200 265101
61.68.212.138 - - [13/Apr/2023:03:15:36 -0500] "GET /galeria/nivo-slider/demo/images/Bannersedeelectronica.jpg HTTP/1.1" 200 40383
61.68.212.138 - - [13/Apr/2023:03:15:36 -0500] "GET /galeria/nivo-slider/demo/images/bannerrutaesperanza.jpg HTTP/1.1" 200 55560
61.68.212.138 - - [13/Apr/2023:03:15:36 -0500] "GET /galeria/nivo-slider/demo/images/bannertrafico_optimized.jpg HTTP/1.1" 200 42578
61.68.212.138 - - [13/Apr/2023:03:15:36 -0500] "GET /galeria/nivo-slider/demo/images/Bannermujeresquereverdecen.jpg HTTP/1.1" 200 46558
61.68.212.138 - - [13/Apr/2023:03:15:36 -0500] "GET /galeria/nivo-slider/demo/images/bannertortuga_optimized.jpg HTTP/1.1" 200 39066
172.22.2.4 - - [13/Apr/2023:03:14:10 -0500] "GET /BLA/boletinlegal/ HTTP/1.1" 200 57551
185.119.81.104 - - [13/Apr/2023:03:15:54 -0500] "GET /portaldeninos/wp-login.php HTTP/1.1" 503 1037
61.68.212.138 - - [13/Apr/2023:03:16:03 -0500] "GET /galeria/nivo-slider/demo/images/Bannerplasticosseptiembre.jpg HTTP/1.1" 200 45633
61.68.212.138 - - [13/Apr/2023:03:16:11 -0500] "GET /galeria/nivo-slider/demo/images/bannerresiduoshospitalariosagosto.jpg HTTP/1.1" 200 36499
61.68.212.138 - - [13/Apr/2023:03:16:13 -0500] "GET /galeria/nivo-slider/demo/images/banneraccionpopularcrr68.jpg HTTP/1.1" 200 51887
61.68.212.138 - - [13/Apr/2023:03:16:15 -0500] "GET /galeria/nivo-slider/demo/images/banneraccionpopular.jpeg HTTP/1.1" 200 41707
61.68.212.138 - - [13/Apr/2023:03:16:18 -0500] "GET /galeria/nivo-slider/demo/images/bannerclases2021.jpg HTTP/1.1" 200 68230
61.68.212.138 - - [13/Apr/2023:03:16:24 -0500] "GET /galeria/nivo-slider/demo/images/bannercapacitacionesbogota.jpg HTTP/1.1" 200 42416
52.167.144.63 - - [13/Apr/2023:03:16:37 -0500] "GET /BLA/resoluciones/AUTOS%202022/2062.pdf HTTP/1.1" 304 -
52.167.144.63 - - [13/Apr/2023:03:16:38 -0500] "GET /BLA/resoluciones/RESOLUCIONES%202018/1712.pdf HTTP/1.1" 304 -
201.245.192.253 - - [13/Apr/2023:03:16:57 -0500] "POST /kwsrmcab/Wsrmcab  HTTP/1.1" 200 213
157.55.39.209 - - [13/Apr/2023:03:18:20 -0500] "GET /portaldeninos/2021/05/30/manejo-de-residuos/ HTTP/1.1" 503 1037
157.55.39.207 - - [13/Apr/2023:03:18:44 -0500] "GET /BLA/resoluciones/AUTOS%202021/5753.pdf HTTP/1.1" 304 -
201.245.192.253 - - [13/Apr/2023:03:19:39 -0500] "POST /kwsrmcab/Wsrmcab HTTP/1.1" 200 42230
201.245.192.253 - - [13/Apr/2023:03:19:42 -0500] "POST /kwsrmcab/Wsrmcab HTTP/1.1" 200 43182
40.77.167.94 - - [13/Apr/2023:03:19:52 -0500] "GET /BLA/resoluciones/AUTOS%202022/2171.pdf HTTP/1.1" 200 378544
216.245.221.92 - - [13/Apr/2023:03:20:13 -0500] "HEAD / HTTP/1.1" 200 -
172.22.2.4 - - [13/Apr/2023:03:19:10 -0500] "HEAD /BLA/boletinlegal/ HTTP/1.1" 200 -
172.22.2.4 - - [13/Apr/2023:03:20:52 -0500] "GET /BLA/boletinlegal/robots.txt HTTP/1.1" 404 1038
173.252.83.15 - - [13/Apr/2023:03:20:59 -0500] "GET /galeria/galeria/fotos/MeandrodelSay4P.jpg HTTP/1.1" 200 32545
172.22.2.4 - - [13/Apr/2023:03:20:04 -0500] "GET /BLA/boletinlegal/?XDEBUG_SESSION_START=phpstorm HTTP/1.1" 200 28619
46.248.185.95 - - [13/Apr/2023:03:21:33 -0500] "-" 408 -
172.22.2.4 - - [13/Apr/2023:03:20:00 -0500] "GET /BLA/boletinlegal/ HTTP/1.1" 200 42858
201.245.192.253 - - [13/Apr/2023:03:21:56 -0500] "POST /kwsrmcab/Wsrmcab  HTTP/1.1" 200 213
172.22.2.4 - - [13/Apr/2023:03:20:54 -0500] "GET /BLA/boletinlegal/index.php HTTP/1.1" 200 53551
66.249.70.170 - - [13/Apr/2023:03:23:53 -0500] "-" 408 -
40.77.167.94 - - [13/Apr/2023:03:24:46 -0500] "GET /sipse/faces/index.xhtml HTTP/1.1" 200 677
157.55.39.207 - - [13/Apr/2023:03:25:03 -0500] "GET /BLA/resoluciones/AUTOS%202021/1720.pdf HTTP/1.1" 304 -
216.245.221.92 - - [13/Apr/2023:03:25:13 -0500] "HEAD / HTTP/1.1" 200 -
162.243.146.11 - - [13/Apr/2023:03:25:30 -0500] "GET / HTTP/1.1" 200 319
52.167.144.30 - - [13/Apr/2023:03:25:44 -0500] "GET /BLA/resoluciones/AUTOS%202019/1475.pdf HTTP/1.1" 200 264056
172.22.2.4 - - [13/Apr/2023:03:25:00 -0500] "HEAD /BLA/boletinlegal/ HTTP/1.1" 200 -
185.119.81.104 - - [13/Apr/2023:03:26:48 -0500] "GET /portaldeninos/wp-login.php HTTP/1.1" 503 1037
201.245.192.253 - - [13/Apr/2023:03:26:55 -0500] "POST /kwsrmcab/Wsrmcab  HTTP/1.1" 200 213
172.22.2.4 - - [13/Apr/2023:03:25:50 -0500] "GET /BLA/boletinlegal/ HTTP/1.1" 200 57551
201.245.192.253 - - [13/Apr/2023:03:29:39 -0500] "POST /kwsrmcab/Wsrmcab HTTP/1.1" 200 42230
201.245.192.253 - - [13/Apr/2023:03:29:41 -0500] "POST /kwsrmcab/Wsrmcab HTTP/1.1" 200 43182
172.22.2.4 - - [13/Apr/2023:03:29:12 -0500] "GET /BLA/boletinlegal/ HTTP/1.1" 200 24523
216.245.221.92 - - [13/Apr/2023:03:30:14 -0500] "HEAD / HTTP/1.1" 200 -
201.245.192.253 - - [13/Apr/2023:03:31:54 -0500] "POST /kwsrmcab/Wsrmcab  HTTP/1.1" 200 213
172.22.2.4 - - [13/Apr/2023:03:32:20 -0500] "GET /BLA/boletinlegal/actos.php HTTP/1.1" 200 9672
172.22.2.4 - - [13/Apr/2023:03:32:20 -0500] "GET /BLA/boletinlegal/js/ajax_actos.js HTTP/1.1" 200 1322
172.22.2.4 - - [13/Apr/2023:03:32:20 -0500] "GET /BLA/boletinlegal/styles2.css HTTP/1.1" 200 1838
172.22.2.4 - - [13/Apr/2023:03:32:20 -0500] "GET /BLA/boletinlegal/js/popup.js HTTP/1.1" 200 1270
172.22.2.4 - - [13/Apr/2023:03:32:20 -0500] "GET /BLA/boletinlegal/js/jquery1.js HTTP/1.1" 200 29846
172.22.2.4 - - [13/Apr/2023:03:32:20 -0500] "GET /BLA/boletinlegal/niceforms.js HTTP/1.1" 200 22876
172.22.2.4 - - [13/Apr/2023:03:32:20 -0500] "GET /BLA/boletinlegal/style.css HTTP/1.1" 200 9406
172.22.2.4 - - [13/Apr/2023:03:32:20 -0500] "GET /BLA/boletinlegal/niceforms-default.css HTTP/1.1" 200 6694
172.22.2.4 - - [13/Apr/2023:03:32:20 -0500] "GET /BLA/boletinlegal/js/lib.js HTTP/1.1" 200 6474
172.22.2.4 - - [13/Apr/2023:03:32:20 -0500] "GET /BLA/boletinlegal/images/cabezote%20BLEGAL.jpg HTTP/1.1" 200 118164
172.22.2.4 - - [13/Apr/2023:03:32:20 -0500] "GET /BLA/boletinlegal/images/subscribe-icon-big.png HTTP/1.1" 200 47702
172.22.2.4 - - [13/Apr/2023:03:32:20 -0500] "GET /BLA/boletinlegal/images/menu_rght.gif HTTP/1.1" 200 1627
