201.245.250.177 - - [15/Apr/2023:17:50:37 -0500] "GET /sipse/faces/javax.faces.resource/jquery/jquery-plugins.js?ln=primefaces&v=4.0 HTTP/1.1" 304 -
201.245.250.177 - - [15/Apr/2023:17:50:37 -0500] "GET /sipse/faces/javax.faces.resource/primefaces.js?ln=primefaces&v=4.0 HTTP/1.1" 304 -
201.245.250.177 - - [15/Apr/2023:17:50:38 -0500] "GET /sipse/faces/javax.faces.resource/layout/layout.js?ln=primefaces&v=4.0 HTTP/1.1" 304 -
201.245.250.177 - - [15/Apr/2023:17:50:38 -0500] "GET /sipse/faces/javax.faces.resource/dynamiccontent.properties?ln=primefaces&pfdrid=XjOR5%2F%2FfPAZAuY9TpWQeCiM0BhlXxYRBGKi%2FQcXXfeA%3D&pfdrid_c=false HTTP/1.1" 500 383
172.22.2.4 - - [15/Apr/2023:17:50:46 -0500] "GET /BLA/boletinlegal/consulta_normativa.php?tipo=&sector=residuos&ano=&resuelve= HTTP/1.1" 200 20100
172.22.2.4 - - [15/Apr/2023:17:50:46 -0500] "GET /BLA/boletinlegal/images/background.gif HTTP/1.1" 200 -
172.22.2.4 - - [15/Apr/2023:17:50:46 -0500] "GET /BLA/boletinlegal/images/docs.png HTTP/1.1" 200 10288
201.245.250.177 - - [15/Apr/2023:17:50:52 -0500] "POST /sipse/faces/presentacion/financiero/solicitudProceso/consultarSolicitudProceso.xhtml HTTP/1.1" 200 582325
201.245.250.177 - - [15/Apr/2023:17:51:15 -0500] "POST /sipse/faces/presentacion/financiero/solicitudProceso/consultarSolicitudProceso.xhtml HTTP/1.1" 200 81569
201.245.250.177 - - [15/Apr/2023:17:51:27 -0500] "POST /sipse/faces/presentacion/financiero/solicitudProceso/consultarSolicitudProceso.xhtml HTTP/1.1" 200 53256
201.245.250.177 - - [15/Apr/2023:17:51:33 -0500] "POST /sipse/faces/presentacion/financiero/solicitudProceso/consultarSolicitudProceso.xhtml HTTP/1.1" 200 1768352
172.22.2.4 - - [15/Apr/2023:17:50:01 -0500] "HEAD /BLA/boletinlegal/ HTTP/1.1" 200 -
157.55.39.207 - - [15/Apr/2023:17:51:47 -0500] "GET /Publicaciones/2022EE86131.pdf HTTP/1.1" 404 227
185.119.81.96 - - [15/Apr/2023:17:52:24 -0500] "GET /portaldeninos/wp-login.php HTTP/1.1" 200 2592
185.119.81.96 - - [15/Apr/2023:17:52:25 -0500] "POST /portaldeninos/wp-login.php HTTP/1.1" 200 3605
66.249.73.51 - - [15/Apr/2023:17:52:27 -0500] "-" 408 -
172.22.2.4 - - [15/Apr/2023:17:50:52 -0500] "GET /BLA/boletinlegal/ HTTP/1.1" 200 52730
201.245.192.253 - - [15/Apr/2023:17:52:51 -0500] "POST /kwsrmcab/Wsrmcab  HTTP/1.1" 200 43322
172.22.2.4 - - [15/Apr/2023:17:53:04 -0500] "GET /BLA/boletinlegal/actos.php HTTP/1.1" 200 9682
34.141.182.114 - - [15/Apr/2023:17:53:14 -0500] "GET /inventario-de-emisiones-2020-transporte-publico-sitp-redujo-emisiones-de-pm-2-5-en-un-37.html HTTP/1.1" 200 925
190.24.79.14 - - [15/Apr/2023:17:53:21 -0500] "GET /BLA/boletinlegal/admin/index.php HTTP/1.1" 200 2324
190.24.79.14 - - [15/Apr/2023:17:53:21 -0500] "GET /BLA/boletinlegal/admin/images/bg.png HTTP/1.1" 200 332965
172.22.2.4 - - [15/Apr/2023:17:53:36 -0500] "GET /BLA/boletinlegal/actos.php HTTP/1.1" 200 9682
172.22.2.4 - - [15/Apr/2023:17:53:37 -0500] "GET /BLA/boletinlegal/favicon.ico HTTP/1.1" 404 1326
190.24.79.14 - - [15/Apr/2023:17:53:38 -0500] "GET /BLA/resoluciones/ HTTP/1.1" 200 13502
190.24.79.14 - - [15/Apr/2023:17:53:46 -0500] "GET /BLA/resoluciones/index.php?dir=AUTOS+2015%2F HTTP/1.1" 200 581234
190.24.79.14 - - [15/Apr/2023:17:53:46 -0500] "GET /BLA/resoluciones/dlf/unknown.png HTTP/1.1" 200 266
190.24.79.14 - - [15/Apr/2023:17:54:05 -0500] "GET /BLA/resoluciones/AUTOS%202015/2001.pdf HTTP/1.1" 200 808754
172.22.2.4 - - [15/Apr/2023:17:53:31 -0500] "GET /BLA/boletinlegal/ HTTP/1.1" 200 36811
216.245.221.92 - - [15/Apr/2023:17:55:04 -0500] "HEAD / HTTP/1.1" 200 -
66.249.75.156 - - [15/Apr/2023:17:55:24 -0500] "-" 408 -
201.245.250.177 - - [15/Apr/2023:17:55:31 -0500] "POST /sipse/faces/presentacion/financiero/solicitudProceso/consultarSolicitudProceso.xhtml HTTP/1.1" 200 45096
201.245.250.177 - - [15/Apr/2023:17:55:32 -0500] "GET /sipse/faces/javax.faces.resource/theme.css?ln=primefaces-sipse HTTP/1.1" 304 -
201.245.250.177 - - [15/Apr/2023:17:55:32 -0500] "GET /sipse/faces/javax.faces.resource/primefaces.css?ln=primefaces&v=4.0 HTTP/1.1" 304 -
201.245.250.177 - - [15/Apr/2023:17:55:32 -0500] "GET /sipse/faces/javax.faces.resource/layout/layout.css?ln=primefaces&v=4.0 HTTP/1.1" 304 -
201.245.250.177 - - [15/Apr/2023:17:55:32 -0500] "GET /sipse/faces/javax.faces.resource/jquery/jquery.js?ln=primefaces&v=4.0 HTTP/1.1" 304 -
201.245.250.177 - - [15/Apr/2023:17:55:32 -0500] "GET /sipse/faces/javax.faces.resource/jquery/jquery-plugins.js?ln=primefaces&v=4.0 HTTP/1.1" 304 -
201.245.250.177 - - [15/Apr/2023:17:55:32 -0500] "GET /sipse/faces/javax.faces.resource/layout/layout.js?ln=primefaces&v=4.0 HTTP/1.1" 304 -
201.245.250.177 - - [15/Apr/2023:17:55:32 -0500] "GET /sipse/faces/javax.faces.resource/primefaces.js?ln=primefaces&v=4.0 HTTP/1.1" 304 -
201.245.250.177 - - [15/Apr/2023:17:55:32 -0500] "GET /sipse/css/imagen/contrasena.png HTTP/1.1" 404 383
201.245.250.177 - - [15/Apr/2023:17:55:32 -0500] "GET /sipse/faces/javax.faces.resource/images/ui-icons_898989_256x240.png?ln=primefaces-aristo HTTP/1.1" 304 -
201.245.250.177 - - [15/Apr/2023:17:55:35 -0500] "GET /sipse/faces/javax.faces.resource/images/ui-bg_flat_0_2d5972_40x100.png?ln=primefaces-aristo HTTP/1.1" 304 -
201.245.250.177 - - [15/Apr/2023:17:55:35 -0500] "POST /sipse/faces/presentacion/financiero/solicitudProceso/consultar.xhtml HTTP/1.1" 200 13127
201.245.250.177 - - [15/Apr/2023:17:55:38 -0500] "POST /sipse/faces/presentacion/financiero/solicitudProceso/consultar.xhtml HTTP/1.1" 200 157600
201.245.250.177 - - [15/Apr/2023:17:55:39 -0500] "GET /sipse/faces/javax.faces.resource/theme.css?ln=primefaces-sipse HTTP/1.1" 304 -
201.245.250.177 - - [15/Apr/2023:17:55:39 -0500] "GET /sipse/faces/javax.faces.resource/primefaces.css?ln=primefaces&v=4.0 HTTP/1.1" 304 -
201.245.250.177 - - [15/Apr/2023:17:55:39 -0500] "GET /sipse/faces/javax.faces.resource/layout/layout.css?ln=primefaces&v=4.0 HTTP/1.1" 304 -
201.245.250.177 - - [15/Apr/2023:17:55:39 -0500] "GET /sipse/faces/javax.faces.resource/jquery/jquery.js?ln=primefaces&v=4.0 HTTP/1.1" 304 -
201.245.250.177 - - [15/Apr/2023:17:55:39 -0500] "GET /sipse/faces/javax.faces.resource/jquery/jquery-plugins.js?ln=primefaces&v=4.0 HTTP/1.1" 304 -
201.245.250.177 - - [15/Apr/2023:17:55:40 -0500] "GET /sipse/faces/javax.faces.resource/primefaces.js?ln=primefaces&v=4.0 HTTP/1.1" 304 -
201.245.250.177 - - [15/Apr/2023:17:55:40 -0500] "GET /sipse/faces/javax.faces.resource/layout/layout.js?ln=primefaces&v=4.0 HTTP/1.1" 304 -
201.245.250.177 - - [15/Apr/2023:17:55:40 -0500] "GET /sipse/faces/javax.faces.resource/dynamiccontent.properties?ln=primefaces&pfdrid=XjOR5%2F%2FfPAZAuY9TpWQeCiM0BhlXxYRBGKi%2FQcXXfeA%3D&pfdrid_c=false HTTP/1.1" 500 383
201.245.250.177 - - [15/Apr/2023:17:55:47 -0500] "POST /sipse/faces/presentacion/financiero/solicitudProceso/consultarSolicitudProceso.xhtml HTTP/1.1" 200 201263
201.245.250.177 - - [15/Apr/2023:17:55:49 -0500] "POST /sipse/faces/presentacion/financiero/solicitudProceso/consultarSolicitudProceso.xhtml HTTP/1.1" 200 533749
172.22.2.4 - - [15/Apr/2023:17:55:51 -0500] "HEAD /BLA/boletinlegal/ HTTP/1.1" 200 -
181.54.149.132 - - [15/Apr/2023:17:57:35 -0500] "GET /15-negocios-verdes-verificados-por-la-secretaria-de-ambiente-participan-en-la-feria-hecho-en-bogota.html HTTP/1.1" 200 1007
201.245.192.253 - - [15/Apr/2023:17:57:48 -0500] "POST /kwsrmcab/Wsrmcab  HTTP/1.1" 200 43322
172.22.2.4 - - [15/Apr/2023:17:58:21 -0500] "GET /BLA/boletinlegal/actos.php HTTP/1.1" 200 9682
172.22.2.4 - - [15/Apr/2023:17:56:42 -0500] "GET /BLA/boletinlegal/ HTTP/1.1" 200 57561
40.77.167.94 - - [15/Apr/2023:17:58:23 -0500] "GET /BLA/resoluciones/AUTOS%202022/6476.pdf HTTP/1.1" 200 1496536
172.22.2.4 - - [15/Apr/2023:17:59:38 -0500] "GET /BLA/boletinlegal/actos.php HTTP/1.1" 200 9682
216.245.221.92 - - [15/Apr/2023:18:00:04 -0500] "HEAD / HTTP/1.1" 200 -
66.249.73.51 - - [15/Apr/2023:18:00:21 -0500] "-" 408 -
190.25.85.77 - - [15/Apr/2023:18:00:40 -0500] "GET /feria-de-emprendimiento-mujeres-que-reverdecen-expusieron-sus-proyectos.html HTTP/1.1" 200 889
201.245.250.177 - - [15/Apr/2023:18:01:16 -0500] "POST /sipse/faces/presentacion/financiero/solicitudProceso/consultarSolicitudProceso.xhtml HTTP/1.1" 200 45251
201.245.250.177 - - [15/Apr/2023:18:01:17 -0500] "GET /sipse/faces/javax.faces.resource/theme.css?ln=primefaces-sipse HTTP/1.1" 304 -
201.245.250.177 - - [15/Apr/2023:18:01:17 -0500] "GET /sipse/faces/javax.faces.resource/layout/layout.css?ln=primefaces&v=4.0 HTTP/1.1" 304 -
201.245.250.177 - - [15/Apr/2023:18:01:17 -0500] "GET /sipse/faces/javax.faces.resource/primefaces.css?ln=primefaces&v=4.0 HTTP/1.1" 304 -
201.245.250.177 - - [15/Apr/2023:18:01:17 -0500] "GET /sipse/faces/javax.faces.resource/jquery/jquery.js?ln=primefaces&v=4.0 HTTP/1.1" 304 -
201.245.250.177 - - [15/Apr/2023:18:01:17 -0500] "GET /sipse/faces/javax.faces.resource/jquery/jquery-plugins.js?ln=primefaces&v=4.0 HTTP/1.1" 304 -
201.245.250.177 - - [15/Apr/2023:18:01:17 -0500] "GET /sipse/faces/javax.faces.resource/primefaces.js?ln=primefaces&v=4.0 HTTP/1.1" 304 -
201.245.250.177 - - [15/Apr/2023:18:01:17 -0500] "GET /sipse/faces/javax.faces.resource/layout/layout.js?ln=primefaces&v=4.0 HTTP/1.1" 304 -
201.245.250.177 - - [15/Apr/2023:18:01:17 -0500] "GET /sipse/css/imagen/contrasena.png HTTP/1.1" 404 383
201.245.250.177 - - [15/Apr/2023:18:01:17 -0500] "GET /sipse/faces/javax.faces.resource/images/ui-icons_898989_256x240.png?ln=primefaces-aristo HTTP/1.1" 304 -
201.245.250.177 - - [15/Apr/2023:18:01:21 -0500] "GET /sipse/faces/javax.faces.resource/images/ui-bg_flat_0_2d5972_40x100.png?ln=primefaces-aristo HTTP/1.1" 304 -
201.245.250.177 - - [15/Apr/2023:18:01:21 -0500] "POST /sipse/faces/presentacion/financiero/solicitudProceso/consultar.xhtml HTTP/1.1" 200 12946
201.245.250.177 - - [15/Apr/2023:18:01:24 -0500] "POST /sipse/faces/presentacion/financiero/solicitudProceso/consultar.xhtml HTTP/1.1" 200 159883
201.245.250.177 - - [15/Apr/2023:18:01:25 -0500] "GET /sipse/faces/javax.faces.resource/theme.css?ln=primefaces-sipse HTTP/1.1" 304 -
201.245.250.177 - - [15/Apr/2023:18:01:25 -0500] "GET /sipse/faces/javax.faces.resource/primefaces.css?ln=primefaces&v=4.0 HTTP/1.1" 304 -
201.245.250.177 - - [15/Apr/2023:18:01:25 -0500] "GET /sipse/faces/javax.faces.resource/layout/layout.css?ln=primefaces&v=4.0 HTTP/1.1" 304 -
201.245.250.177 - - [15/Apr/2023:18:01:25 -0500] "GET /sipse/faces/javax.faces.resource/jquery/jquery.js?ln=primefaces&v=4.0 HTTP/1.1" 304 -
201.245.250.177 - - [15/Apr/2023:18:01:25 -0500] "GET /sipse/faces/javax.faces.resource/jquery/jquery-plugins.js?ln=primefaces&v=4.0 HTTP/1.1" 304 -
201.245.250.177 - - [15/Apr/2023:18:01:25 -0500] "GET /sipse/faces/javax.faces.resource/primefaces.js?ln=primefaces&v=4.0 HTTP/1.1" 304 -
201.245.250.177 - - [15/Apr/2023:18:01:25 -0500] "GET /sipse/faces/javax.faces.resource/layout/layout.js?ln=primefaces&v=4.0 HTTP/1.1" 304 -
201.245.250.177 - - [15/Apr/2023:18:01:25 -0500] "GET /sipse/faces/javax.faces.resource/dynamiccontent.properties?ln=primefaces&pfdrid=XjOR5%2F%2FfPAZAuY9TpWQeCiM0BhlXxYRBGKi%2FQcXXfeA%3D&pfdrid_c=false HTTP/1.1" 500 383
201.245.250.177 - - [15/Apr/2023:18:01:42 -0500] "POST /sipse/faces/presentacion/financiero/solicitudProceso/consultarSolicitudProceso.xhtml HTTP/1.1" 200 93364
201.245.250.177 - - [15/Apr/2023:18:01:44 -0500] "POST /sipse/faces/presentacion/financiero/solicitudProceso/consultarSolicitudProceso.xhtml HTTP/1.1" 200 620262
157.55.39.207 - - [15/Apr/2023:18:02:38 -0500] "GET /sipse/faces/presentacion/sistema/anexos/cargarAnexoSolicitudProceso.xhtml HTTP/1.1" 302 -
157.55.39.207 - - [15/Apr/2023:18:02:39 -0500] "GET /sipse/faces/autenticacion.xhtml HTTP/1.1" 200 12171
201.245.192.253 - - [15/Apr/2023:18:02:44 -0500] "POST /kwsrmcab/Wsrmcab  HTTP/1.1" 200 43322
172.22.2.4 - - [15/Apr/2023:18:01:41 -0500] "HEAD /BLA/boletinlegal/ HTTP/1.1" 200 -
172.22.2.4 - - [15/Apr/2023:18:02:32 -0500] "GET /BLA/boletinlegal/ HTTP/1.1" 200 57151
181.54.149.132 - - [15/Apr/2023:18:04:47 -0500] "GET /15-negocios-verdes-verificados-por-la-secretaria-de-ambiente-participan-en-la-feria-hecho-en-bogota.html HTTP/1.1" 206 1007
216.245.221.92 - - [15/Apr/2023:18:05:04 -0500] "HEAD / HTTP/1.1" 200 -
199.16.157.181 - - [15/Apr/2023:18:05:15 -0500] "GET /15-negocios-verdes-verificados-por-la-secretaria-de-ambiente-participan-en-la-feria-hecho-en-bogota.html HTTP/1.1" 200 1007
199.16.157.182 - - [15/Apr/2023:18:05:16 -0500] "GET /images/Feria01%20(1)%20(1).jpeg HTTP/1.1" 200 99563
69.63.189.4 - - [15/Apr/2023:18:05:33 -0500] "GET /15-negocios-verdes-verificados-por-la-secretaria-de-ambiente-participan-en-la-feria-hecho-en-bogota.html HTTP/1.1" 206 1007
69.63.189.5 - - [15/Apr/2023:18:05:33 -0500] "GET /15-negocios-verdes-verificados-por-la-secretaria-de-ambiente-participan-en-la-feria-hecho-en-bogota.html HTTP/1.1" 206 1007
69.63.189.120 - - [15/Apr/2023:18:05:33 -0500] "GET /15-negocios-verdes-verificados-por-la-secretaria-de-ambiente-participan-en-la-feria-hecho-en-bogota.html HTTP/1.1" 206 1007
69.63.189.4 - - [15/Apr/2023:18:05:33 -0500] "GET /15-negocios-verdes-verificados-por-la-secretaria-de-ambiente-participan-en-la-feria-hecho-en-bogota.html HTTP/1.1" 206 1007
69.63.189.4 - - [15/Apr/2023:18:05:33 -0500] "GET /images/Feria01%20(1)%20(1).jpeg HTTP/1.1" 200 99563
69.63.189.118 - - [15/Apr/2023:18:05:35 -0500] "GET /images/Feria01%20(1)%20(1).jpeg HTTP/1.1" 200 99563
69.63.189.2 - - [15/Apr/2023:18:05:35 -0500] "GET /15-negocios-verdes-verificados-por-la-secretaria-de-ambiente-participan-en-la-feria-hecho-en-bogota.html HTTP/1.1" 206 1007
201.245.250.177 - - [15/Apr/2023:18:05:44 -0500] "GET /sipse/faces/javax.faces.resource/theme.css?ln=primefaces-sipse HTTP/1.1" 304 -
201.245.250.177 - - [15/Apr/2023:18:05:44 -0500] "GET /sipse/faces/javax.faces.resource/primefaces.css?ln=primefaces&v=4.0 HTTP/1.1" 304 -
201.245.250.177 - - [15/Apr/2023:18:05:44 -0500] "GET /sipse/faces/javax.faces.resource/layout/layout.css?ln=primefaces&v=4.0 HTTP/1.1" 304 -
201.245.250.177 - - [15/Apr/2023:18:05:44 -0500] "GET /sipse/faces/javax.faces.resource/jquery/jquery.js?ln=primefaces&v=4.0 HTTP/1.1" 304 -
201.245.250.177 - - [15/Apr/2023:18:05:44 -0500] "GET /sipse/faces/javax.faces.resource/primefaces.js?ln=primefaces&v=4.0 HTTP/1.1" 304 -
201.245.250.177 - - [15/Apr/2023:18:05:44 -0500] "GET /sipse/faces/javax.faces.resource/jquery/jquery-plugins.js?ln=primefaces&v=4.0 HTTP/1.1" 304 -
201.245.250.177 - - [15/Apr/2023:18:05:44 -0500] "GET /sipse/faces/javax.faces.resource/layout/layout.js?ln=primefaces&v=4.0 HTTP/1.1" 304 -
201.245.250.177 - - [15/Apr/2023:18:05:42 -0500] "POST /sipse/faces/presentacion/financiero/solicitudProceso/consultarSolicitudProceso.xhtml HTTP/1.1" 200 45070
201.245.250.177 - - [15/Apr/2023:18:05:45 -0500] "GET /sipse/css/imagen/contrasena.png HTTP/1.1" 404 383
201.245.250.177 - - [15/Apr/2023:18:05:45 -0500] "GET /sipse/faces/javax.faces.resource/images/ui-icons_898989_256x240.png?ln=primefaces-aristo HTTP/1.1" 304 -
201.245.250.177 - - [15/Apr/2023:18:05:49 -0500] "POST /sipse/faces/presentacion/financiero/solicitudProceso/consultar.xhtml HTTP/1.1" 200 12976
201.245.250.177 - - [15/Apr/2023:18:05:49 -0500] "GET /sipse/faces/javax.faces.resource/images/ui-bg_flat_0_2d5972_40x100.png?ln=primefaces-aristo HTTP/1.1" 304 -
201.245.250.177 - - [15/Apr/2023:18:05:54 -0500] "POST /sipse/faces/presentacion/financiero/solicitudProceso/consultar.xhtml HTTP/1.1" 200 164521
201.245.250.177 - - [15/Apr/2023:18:05:55 -0500] "GET /sipse/faces/javax.faces.resource/theme.css?ln=primefaces-sipse HTTP/1.1" 304 -
201.245.250.177 - - [15/Apr/2023:18:05:55 -0500] "GET /sipse/faces/javax.faces.resource/primefaces.css?ln=primefaces&v=4.0 HTTP/1.1" 304 -
201.245.250.177 - - [15/Apr/2023:18:05:55 -0500] "GET /sipse/faces/javax.faces.resource/layout/layout.css?ln=primefaces&v=4.0 HTTP/1.1" 304 -
201.245.250.177 - - [15/Apr/2023:18:05:55 -0500] "GET /sipse/faces/javax.faces.resource/jquery/jquery.js?ln=primefaces&v=4.0 HTTP/1.1" 304 -
201.245.250.177 - - [15/Apr/2023:18:05:55 -0500] "GET /sipse/faces/javax.faces.resource/jquery/jquery-plugins.js?ln=primefaces&v=4.0 HTTP/1.1" 304 -
201.245.250.177 - - [15/Apr/2023:18:05:55 -0500] "GET /sipse/faces/javax.faces.resource/primefaces.js?ln=primefaces&v=4.0 HTTP/1.1" 304 -
201.245.250.177 - - [15/Apr/2023:18:05:55 -0500] "GET /sipse/faces/javax.faces.resource/layout/layout.js?ln=primefaces&v=4.0 HTTP/1.1" 304 -
201.245.250.177 - - [15/Apr/2023:18:05:56 -0500] "GET /sipse/faces/javax.faces.resource/dynamiccontent.properties?ln=primefaces&pfdrid=XjOR5%2F%2FfPAZAuY9TpWQeCiM0BhlXxYRBGKi%2FQcXXfeA%3D&pfdrid_c=false HTTP/1.1" 500 383
201.245.250.177 - - [15/Apr/2023:18:06:04 -0500] "POST /sipse/faces/presentacion/financiero/solicitudProceso/consultarSolicitudProceso.xhtml HTTP/1.1" 200 193179
201.245.250.177 - - [15/Apr/2023:18:06:07 -0500] "POST /sipse/faces/presentacion/financiero/solicitudProceso/consultarSolicitudProceso.xhtml HTTP/1.1" 200 593506
66.249.73.51 - - [15/Apr/2023:18:06:23 -0500] "-" 408 -
69.63.189.116 - - [15/Apr/2023:18:06:24 -0500] "GET /images/WhatsApp%20Image%202023-04-05%20at%2013.54.41.jpeg HTTP/1.1" 200 210747
69.63.189.116 - - [15/Apr/2023:18:06:24 -0500] "GET /images/Adopcion-gatos-y-perros-en-bogota-abril-23.jpeg HTTP/1.1" 200 68661
173.252.111.22 - - [15/Apr/2023:18:06:25 -0500] "GET /images/WhatsApp%20Image%202023-04-05%20at%2013.54.41.jpeg HTTP/1.1" 200 210747
52.167.144.125 - - [15/Apr/2023:18:06:27 -0500] "GET /BLA/resoluciones/AUTOS%202019/1495.pdf HTTP/1.1" 200 267397
35.204.83.76 - - [15/Apr/2023:18:07:11 -0500] "GET /inventario-de-emisiones-2020-transporte-publico-sitp-redujo-emisiones-de-pm-2-5-en-un-37.html HTTP/1.1" 200 925
201.245.192.253 - - [15/Apr/2023:18:07:43 -0500] "POST /kwsrmcab/Wsrmcab  HTTP/1.1" 200 43322
186.155.15.56 - - [15/Apr/2023:18:08:29 -0500] "GET /BLA/resoluciones/index.php?dir=AUTOS+2014%2F HTTP/1.1" 200 889710
172.22.2.4 - - [15/Apr/2023:18:08:49 -0500] "GET /BLA/boletinlegal/actos.php HTTP/1.1" 200 9682
172.22.2.4 - - [15/Apr/2023:18:07:31 -0500] "HEAD /BLA/boletinlegal/ HTTP/1.1" 200 -
172.22.2.4 - - [15/Apr/2023:18:08:22 -0500] "GET /BLA/boletinlegal/ HTTP/1.1" 200 57151
216.245.221.92 - - [15/Apr/2023:18:10:04 -0500] "HEAD / HTTP/1.1" 200 -
52.167.144.58 - - [15/Apr/2023:18:10:20 -0500] "GET /BLA/resoluciones/RESOLUCIONES%202023/0486.pdf HTTP/1.1" 200 347673
66.249.75.152 - - [15/Apr/2023:18:10:34 -0500] "-" 408 -
191.156.189.133 - - [15/Apr/2023:18:10:48 -0500] "GET /mujeres-que-reverdecen-secretaria-de-ambiente-anuncia-el-inicio-de-la-tercera-fase.html HTTP/1.1" 200 954
186.31.80.41 - - [15/Apr/2023:18:11:36 -0500] "GET / HTTP/1.1" 200 319
66.249.73.51 - - [15/Apr/2023:18:12:17 -0500] "-" 408 -
201.245.192.253 - - [15/Apr/2023:18:12:44 -0500] "POST /kwsrmcab/Wsrmcab  HTTP/1.1" 200 43322
185.119.81.96 - - [15/Apr/2023:18:14:13 -0500] "GET /portaldeninos/wp-login.php HTTP/1.1" 200 2592
8.243.104.40 - - [15/Apr/2023:18:14:13 -0500] "GET /portaldeninos/wp-content/plugins/gallery-videos/CSS/totalsoft.css?ver=4.9.8 HTTP/1.1" 200 40622
8.243.104.40 - - [15/Apr/2023:18:14:13 -0500] "GET /portaldeninos/wp-content/plugins/gallery-videos/CSS/Total-Soft-Gallery-Video-Widget.css?ver=4.9.8 HTTP/1.1" 200 51554
8.243.104.40 - - [15/Apr/2023:18:14:14 -0500] "GET /portaldeninos/wp-content/themes/betheme/style.css?ver=20.9.6 HTTP/1.1" 200 287
8.243.104.40 - - [15/Apr/2023:18:14:14 -0500] "GET /portaldeninos/wp-content/uploads/useanyfont/uaf.css?ver=1589905315 HTTP/1.1" 200 408
8.243.104.40 - - [15/Apr/2023:18:14:14 -0500] "GET /portaldeninos/wp-content/themes/betheme/css/base.css?ver=20.9.6 HTTP/1.1" 200 57283
185.119.81.96 - - [15/Apr/2023:18:14:14 -0500] "POST /portaldeninos/wp-login.php HTTP/1.1" 200 3605
8.243.104.40 - - [15/Apr/2023:18:14:14 -0500] "GET /portaldeninos/wp-content/themes/betheme/css/shortcodes.css?ver=20.9.6 HTTP/1.1" 200 138889
8.243.104.40 - - [15/Apr/2023:18:14:14 -0500] "GET /portaldeninos/wp-content/themes/betheme/assets/animations/animations.min.css?ver=20.9.6 HTTP/1.1" 200 58508
8.243.104.40 - - [15/Apr/2023:18:14:14 -0500] "GET /portaldeninos/wp-content/themes/betheme/css/layout.css?ver=20.9.6 HTTP/1.1" 200 116639
8.243.104.40 - - [15/Apr/2023:18:14:15 -0500] "GET /portaldeninos/wp-content/themes/betheme/assets/jplayer/css/jplayer.blue.monday.css?ver=20.9.6 HTTP/1.1" 200 9834
8.243.104.40 - - [15/Apr/2023:18:14:15 -0500] "GET /portaldeninos/wp-content/themes/betheme/assets/ui/jquery.ui.all.css?ver=20.9.6 HTTP/1.1" 200 18765
8.243.104.40 - - [15/Apr/2023:18:14:15 -0500] "GET /portaldeninos/wp-content/plugins/google-analytics-for-wordpress/assets/js/frontend-gtag.min.js?ver=8.5.0 HTTP/1.1" 200 11801
8.243.104.40 - - [15/Apr/2023:18:14:15 -0500] "GET /portaldeninos/wp-content/themes/betheme/css/responsive.css?ver=20.9.6 HTTP/1.1" 200 55740
8.243.104.40 - - [15/Apr/2023:18:14:15 -0500] "GET /portaldeninos/wp-includes/js/jquery/jquery-migrate.min.js?ver=1.4.1 HTTP/1.1" 200 10056
8.243.104.40 - - [15/Apr/2023:18:14:15 -0500] "GET /portaldeninos/wp-includes/js/jquery/ui/core.min.js?ver=1.11.4 HTTP/1.1" 200 4000
8.243.104.40 - - [15/Apr/2023:18:14:15 -0500] "GET /portaldeninos/wp-content/plugins/gallery-videos/JS/modernizr.custom.js?ver=4.9.8 HTTP/1.1" 200 9019
8.243.104.40 - - [15/Apr/2023:18:14:15 -0500] "GET /portaldeninos/wp-includes/js/jquery/ui/widget.min.js?ver=1.11.4 HTTP/1.1" 200 6908
8.243.104.40 - - [15/Apr/2023:18:14:15 -0500] "GET /portaldeninos/wp-includes/js/jquery/ui/mouse.min.js?ver=1.11.4 HTTP/1.1" 200 3148
8.243.104.40 - - [15/Apr/2023:18:14:15 -0500] "GET /portaldeninos/wp-content/plugins/gallery-videos/JS/Total-Soft-Gallery-Video-Widget.js?ver=4.9.8 HTTP/1.1" 200 80264
8.243.104.40 - - [15/Apr/2023:18:14:16 -0500] "GET /portaldeninos/wp-includes/js/jquery/ui/sortable.min.js?ver=1.11.4 HTTP/1.1" 200 24899
8.243.104.40 - - [15/Apr/2023:18:14:15 -0500] "GET /portaldeninos/wp-includes/js/jquery/jquery.js?ver=1.12.4 HTTP/1.1" 200 97184
8.243.104.40 - - [15/Apr/2023:18:14:16 -0500] "GET /portaldeninos/wp-includes/js/jquery/ui/accordion.min.js?ver=1.11.4 HTTP/1.1" 200 8584
8.243.104.40 - - [15/Apr/2023:18:14:16 -0500] "GET /portaldeninos/wp-includes/js/jquery/ui/tabs.min.js?ver=1.11.4 HTTP/1.1" 200 12110
8.243.104.40 - - [15/Apr/2023:18:14:16 -0500] "GET /portaldeninos/wp-content/themes/betheme/js/menu.js?ver=20.9.6 HTTP/1.1" 200 2449
8.243.104.40 - - [15/Apr/2023:18:14:16 -0500] "GET /portaldeninos/wp-content/themes/betheme/assets/animations/animations.min.js?ver=20.9.6 HTTP/1.1" 200 1896
8.243.104.40 - - [15/Apr/2023:18:14:17 -0500] "GET /portaldeninos/wp-content/themes/betheme/assets/jplayer/jplayer.min.js?ver=20.9.6 HTTP/1.1" 200 52702
8.243.104.40 - - [15/Apr/2023:18:14:17 -0500] "GET /portaldeninos/wp-content/themes/betheme/js/scripts.js?ver=20.9.6 HTTP/1.1" 200 77162
8.243.104.40 - - [15/Apr/2023:18:14:17 -0500] "GET /portaldeninos/wp-includes/js/wp-embed.min.js?ver=4.9.8 HTTP/1.1" 200 1398
8.243.104.40 - - [15/Apr/2023:18:14:17 -0500] "GET /portaldeninos/wp-content/themes/betheme/images/box_shadow.png HTTP/1.1" 200 108
8.243.104.40 - - [15/Apr/2023:18:14:17 -0500] "GET /portaldeninos/wp-includes/js/wp-emoji-release.min.js?ver=4.9.8 HTTP/1.1" 200 12026
8.243.104.40 - - [15/Apr/2023:18:14:16 -0500] "GET /portaldeninos/wp-content/themes/betheme/js/plugins.js?ver=20.9.6 HTTP/1.1" 200 197151
8.243.104.40 - - [15/Apr/2023:18:14:18 -0500] "GET /portaldeninos/wp-content/themes/betheme/fonts/mfn-icons.woff?93978679 HTTP/1.1" 200 80932
8.243.104.40 - - [15/Apr/2023:18:14:18 -0500] "GET /portaldeninos/wp-content/themes/betheme/fonts/mfn-icons.ttf?93978679 HTTP/1.1" 200 124684
172.22.2.4 - - [15/Apr/2023:18:13:21 -0500] "HEAD /BLA/boletinlegal/ HTTP/1.1" 200 -
216.245.221.92 - - [15/Apr/2023:18:15:04 -0500] "HEAD / HTTP/1.1" 200 -
172.22.2.4 - - [15/Apr/2023:18:15:11 -0500] "GET /BLA/boletinlegal/jurisprudencia/analisis/ANALISIST-672-14.docx HTTP/1.1" 304 -
172.22.2.4 - - [15/Apr/2023:18:14:12 -0500] "GET /BLA/boletinlegal/ HTTP/1.1" 200 57151
52.167.144.63 - - [15/Apr/2023:18:16:32 -0500] "GET /BLA/resoluciones/AUTOS%202020/2311.pdf HTTP/1.1" 200 339815
157.55.39.207 - - [15/Apr/2023:18:17:31 -0500] "GET /BLA/resoluciones/AUTOS%202013/3447.pdf HTTP/1.1" 200 354271
201.245.192.253 - - [15/Apr/2023:18:17:43 -0500] "POST /kwsrmcab/Wsrmcab  HTTP/1.1" 200 43322
201.245.192.253 - - [15/Apr/2023:18:19:26 -0500] "POST /kwsrmcab/Wsrmcab HTTP/1.1" 200 43316
201.245.192.253 - - [15/Apr/2023:18:19:29 -0500] "POST /kwsrmcab/Wsrmcab HTTP/1.1" 200 43345
173.252.83.118 - - [15/Apr/2023:18:19:49 -0500] "-" 408 -
216.245.221.92 - - [15/Apr/2023:18:20:04 -0500] "HEAD / HTTP/1.1" 200 -
172.22.2.4 - - [15/Apr/2023:18:19:11 -0500] "HEAD /BLA/boletinlegal/ HTTP/1.1" 200 -
186.102.21.113 - - [15/Apr/2023:18:20:56 -0500] "GET /15-negocios-verdes-verificados-por-la-secretaria-de-ambiente-participan-en-la-feria-hecho-en-bogota.html HTTP/1.1" 200 1007
186.155.15.56 - - [15/Apr/2023:18:21:32 -0500] "GET /BLA/resoluciones/index.php?dir=AUTOS+2013%2F HTTP/1.1" 200 407265
172.22.2.4 - - [15/Apr/2023:18:20:02 -0500] "GET /BLA/boletinlegal/ HTTP/1.1" 200 52326
173.252.107.1 - - [15/Apr/2023:18:22:09 -0500] "GET /juntos-cuidamos-bogota-mas-de-65-kilogramos-de-residuos-especiales-y-peligrosos-fueron-recolectados-en-engativa.html HTTP/1.1" 206 994
40.77.167.213 - - [15/Apr/2023:18:22:32 -0500] "GET /BLA/resoluciones/AUTOS%202022/0478.pdf HTTP/1.1" 304 -
201.245.192.253 - - [15/Apr/2023:18:22:42 -0500] "POST /kwsrmcab/Wsrmcab  HTTP/1.1" 200 43322
31.148.130.219 - - [15/Apr/2023:18:23:09 -0500] "GET /BLA/resoluciones/RESOLUCIONES%202021/2903.pdf HTTP/1.1" 200 474460
216.245.221.92 - - [15/Apr/2023:18:25:04 -0500] "HEAD / HTTP/1.1" 200 -
172.22.2.4 - - [15/Apr/2023:18:25:11 -0500] "GET /BLA/boletinlegal/style.css HTTP/1.1" 200 9406
172.22.2.4 - - [15/Apr/2023:18:25:11 -0500] "GET /BLA/boletinlegal/styles2.css HTTP/1.1" 200 1838
172.22.2.4 - - [15/Apr/2023:18:25:11 -0500] "GET /BLA/boletinlegal/js/jquery.js HTTP/1.1" 200 57254
172.22.2.4 - - [15/Apr/2023:18:25:11 -0500] "GET /BLA/boletinlegal/js/jquery.scrollTo-min.js HTTP/1.1" 200 1150
172.22.2.4 - - [15/Apr/2023:18:25:11 -0500] "GET /BLA/boletinlegal/js/jquery.scrollShow.js HTTP/1.1" 200 4586
172.22.2.4 - - [15/Apr/2023:18:25:11 -0500] "GET /BLA/boletinlegal/images/cabezote%20BLEGAL.jpg HTTP/1.1" 200 118164
172.22.2.4 - - [15/Apr/2023:18:25:12 -0500] "GET /BLA/boletinlegal/images/subscribe-icon-big.png HTTP/1.1" 200 47702
172.22.2.4 - - [15/Apr/2023:18:25:12 -0500] "GET /BLA/boletinlegal/images/historia.png HTTP/1.1" 200 52775
172.22.2.4 - - [15/Apr/2023:18:25:12 -0500] "GET /BLA/boletinlegal/images/registro-usuarios.png HTTP/1.1" 200 8106
172.22.2.4 - - [15/Apr/2023:18:25:12 -0500] "GET /BLA/boletinlegal/images/screen_1.png HTTP/1.1" 200 202547
172.22.2.4 - - [15/Apr/2023:18:25:12 -0500] "GET /BLA/boletinlegal/images/arr_l.jpg HTTP/1.1" 200 1979
172.22.2.4 - - [15/Apr/2023:18:25:12 -0500] "GET /BLA/boletinlegal/images/hover.jpg HTTP/1.1" 200 640
172.22.2.4 - - [15/Apr/2023:18:25:12 -0500] "GET /BLA/boletinlegal/images/menu_bg.jpg HTTP/1.1" 200 620
172.22.2.4 - - [15/Apr/2023:18:25:12 -0500] "GET /BLA/boletinlegal/images/menu_rght.gif HTTP/1.1" 200 1627
172.22.2.4 - - [15/Apr/2023:18:25:12 -0500] "GET /BLA/boletinlegal/images/body_bg.jpg HTTP/1.1" 200 1601
172.22.2.4 - - [15/Apr/2023:18:25:12 -0500] "GET /BLA/boletinlegal/images/text.jpg HTTP/1.1" 200 568
172.22.2.4 - - [15/Apr/2023:18:25:12 -0500] "GET /BLA/boletinlegal/images/menu_lft.gif HTTP/1.1" 200 1713
172.22.2.4 - - [15/Apr/2023:18:25:12 -0500] "GET /BLA/boletinlegal/images/bg_top.jpg HTTP/1.1" 200 522
172.22.2.4 - - [15/Apr/2023:18:25:12 -0500] "GET /BLA/boletinlegal/images/launch.jpg HTTP/1.1" 200 14577
172.22.2.4 - - [15/Apr/2023:18:25:14 -0500] "GET /BLA/boletinlegal/actos.php HTTP/1.1" 200 9682
172.22.2.4 - - [15/Apr/2023:18:25:14 -0500] "GET /BLA/boletinlegal/js/ajax_actos.js HTTP/1.1" 200 1322
172.22.2.4 - - [15/Apr/2023:18:25:14 -0500] "GET /BLA/boletinlegal/niceforms.js HTTP/1.1" 200 22876
172.22.2.4 - - [15/Apr/2023:18:25:14 -0500] "GET /BLA/boletinlegal/niceforms-default.css HTTP/1.1" 200 6694
172.22.2.4 - - [15/Apr/2023:18:25:14 -0500] "GET /BLA/boletinlegal/js/lib.js HTTP/1.1" 200 6474
172.22.2.4 - - [15/Apr/2023:18:25:14 -0500] "GET /BLA/boletinlegal/js/popup.js HTTP/1.1" 200 1270
172.22.2.4 - - [15/Apr/2023:18:25:14 -0500] "GET /BLA/boletinlegal/js/jquery1.js HTTP/1.1" 200 29846
172.22.2.4 - - [15/Apr/2023:18:25:14 -0500] "GET /BLA/boletinlegal/images/green-yellow-blue-pink-th.png HTTP/1.1" 200 7394
172.22.2.4 - - [15/Apr/2023:18:25:14 -0500] "GET /BLA/boletinlegal/images/tel.png HTTP/1.1" 200 14477
172.22.2.4 - - [15/Apr/2023:18:25:14 -0500] "GET /BLA/boletinlegal/images/icono-email.png HTTP/1.1" 200 5544
172.22.2.4 - - [15/Apr/2023:18:25:14 -0500] "GET /BLA/boletinlegal/images/footer_bg.jpg HTTP/1.1" 200 586
172.22.2.4 - - [15/Apr/2023:18:25:14 -0500] "GET /BLA/boletinlegal/images/footer_bg_l.jpg HTTP/1.1" 200 776
172.22.2.4 - - [15/Apr/2023:18:25:14 -0500] "GET /BLA/boletinlegal/img/0.png HTTP/1.1" 200 110
172.22.2.4 - - [15/Apr/2023:18:25:14 -0500] "GET /BLA/boletinlegal/img/select-left.png HTTP/1.1" 200 263
172.22.2.4 - - [15/Apr/2023:18:25:14 -0500] "GET /BLA/boletinlegal/img/button.png HTTP/1.1" 200 43241
172.22.2.4 - - [15/Apr/2023:18:25:14 -0500] "GET /BLA/boletinlegal/img/select-right.png HTTP/1.1" 200 44019
172.22.2.4 - - [15/Apr/2023:18:25:14 -0500] "GET /BLA/boletinlegal/img/button-left.png HTTP/1.1" 200 57071
172.22.2.4 - - [15/Apr/2023:18:25:14 -0500] "GET /BLA/boletinlegal/img/button-right.png HTTP/1.1" 200 57878
172.22.2.4 - - [15/Apr/2023:18:25:50 -0500] "GET /BLA/boletinlegal/consulta_actos.php?tipo=autos&no=6352&usuario=&sector=&fecha=2022&resuelve= HTTP/1.1" 200 1072
172.22.2.4 - - [15/Apr/2023:18:25:51 -0500] "GET /BLA/boletinlegal/images/pdf.gif HTTP/1.1" 200 567
172.22.2.4 - - [15/Apr/2023:18:25:11 -0500] "GET /BLA/boletinlegal/ HTTP/1.1" 200 24523
172.22.2.4 - - [15/Apr/2023:18:26:17 -0500] "GET /BLA/boletinlegal/consulta_actos.php?tipo=autos&no=6532&usuario=&sector=&fecha=2022&resuelve= HTTP/1.1" 200 626
172.22.2.4 - - [15/Apr/2023:18:26:26 -0500] "GET /BLA/boletinlegal/consulta_actos.php?tipo=autos&no=6523&usuario=&sector=&fecha=2022&resuelve= HTTP/1.1" 200 1072
181.54.230.31 - - [15/Apr/2023:18:26:29 -0500] "GET /BLA/resoluciones/ HTTP/1.1" 200 13502
181.54.230.31 - - [15/Apr/2023:18:26:30 -0500] "GET /BLA/resoluciones/dlf/folder.png HTTP/1.1" 200 410
181.54.230.31 - - [15/Apr/2023:18:26:30 -0500] "GET /favicon.ico HTTP/1.1" 200 7782
172.22.2.4 - - [15/Apr/2023:18:25:01 -0500] "HEAD /BLA/boletinlegal/ HTTP/1.1" 200 -
181.54.230.31 - - [15/Apr/2023:18:26:45 -0500] "GET /BLA/resoluciones/index.php?dir=AUTOS+2022%2F HTTP/1.1" 200 473234
172.22.2.4 - - [15/Apr/2023:18:25:52 -0500] "GET /BLA/boletinlegal/ HTTP/1.1" 200 57945
201.245.192.253 - - [15/Apr/2023:18:27:41 -0500] "POST /kwsrmcab/Wsrmcab  HTTP/1.1" 200 43322
173.252.95.4 - - [15/Apr/2023:18:28:00 -0500] "GET /mas-de-70-animales-silvestres-regresaron-a-la-libertad-en-el-humedal-juan-amarillo.html HTTP/1.1" 206 958
201.245.192.253 - - [15/Apr/2023:18:29:26 -0500] "POST /kwsrmcab/Wsrmcab HTTP/1.1" 200 43316
201.245.192.253 - - [15/Apr/2023:18:29:29 -0500] "POST /kwsrmcab/Wsrmcab HTTP/1.1" 200 43345
216.245.221.92 - - [15/Apr/2023:18:30:04 -0500] "HEAD / HTTP/1.1" 200 -
52.167.144.63 - - [15/Apr/2023:18:30:43 -0500] "GET /autoliquidacion2020 HTTP/1.1" 301 250
52.167.144.63 - - [15/Apr/2023:18:30:44 -0500] "GET /autoliquidacion2020/ HTTP/1.1" 200 6146
172.22.2.4 - - [15/Apr/2023:18:30:51 -0500] "HEAD /BLA/boletinlegal/ HTTP/1.1" 200 -
201.245.192.253 - - [15/Apr/2023:18:32:40 -0500] "POST /kwsrmcab/Wsrmcab  HTTP/1.1" 200 43322
172.22.2.4 - - [15/Apr/2023:18:31:42 -0500] "GET /BLA/boletinlegal/ HTTP/1.1" 200 57945
66.249.73.55 - - [15/Apr/2023:18:33:53 -0500] "-" 408 -
199.16.157.183 - - [15/Apr/2023:18:34:50 -0500] "GET /images/Sello%201%20JA-2.jpeg HTTP/1.1" 200 42236
216.245.221.92 - - [15/Apr/2023:18:35:04 -0500] "HEAD / HTTP/1.1" 200 -
193.32.162.159 - - [15/Apr/2023:18:35:34 -0500] "GET / HTTP/1.1" 200 319
193.32.162.159 - - [15/Apr/2023:18:35:44 -0500] "GET /dispatch.asp HTTP/1.1" 404 1018
172.22.2.4 - - [15/Apr/2023:18:37:09 -0500] "GET /BLA/boletinlegal/version HTTP/1.1" 404 1018
201.245.192.253 - - [15/Apr/2023:18:37:38 -0500] "POST /kwsrmcab/Wsrmcab  HTTP/1.1" 200 43322
172.22.2.4 - - [15/Apr/2023:18:36:41 -0500] "HEAD /BLA/boletinlegal/ HTTP/1.1" 200 -
172.22.2.4 - - [15/Apr/2023:18:39:10 -0500] "GET /BLA/boletinlegal/actos.php HTTP/1.1" 200 9682
172.22.2.4 - - [15/Apr/2023:18:39:11 -0500] "GET /BLA/boletinlegal/favicon.ico HTTP/1.1" 404 1326
172.22.2.4 - - [15/Apr/2023:18:37:32 -0500] "GET /BLA/boletinlegal/ HTTP/1.1" 200 56287
190.25.26.165 - - [15/Apr/2023:18:39:13 -0500] "GET /BLA/resoluciones/ HTTP/1.1" 200 13502
190.25.26.165 - - [15/Apr/2023:18:39:13 -0500] "GET /favicon.ico HTTP/1.1" 200 7782
190.25.26.165 - - [15/Apr/2023:18:39:16 -0500] "GET /BLA/resoluciones/index.php?dir=AUTOS+2022%2F HTTP/1.1" 200 473234
201.245.192.253 - - [15/Apr/2023:18:39:26 -0500] "POST /kwsrmcab/Wsrmcab HTTP/1.1" 200 43316
201.245.192.253 - - [15/Apr/2023:18:39:29 -0500] "POST /kwsrmcab/Wsrmcab HTTP/1.1" 200 43345
66.249.75.128 - - [15/Apr/2023:18:39:34 -0500] "-" 408 -
172.22.2.4 - - [15/Apr/2023:18:39:06 -0500] "GET /BLA/boletinlegal/ HTTP/1.1" 200 24523
190.25.26.165 - - [15/Apr/2023:18:39:52 -0500] "GET /BLA/resoluciones/AUTOS%202022/7835.pdf HTTP/1.1" 200 396488
216.245.221.92 - - [15/Apr/2023:18:40:04 -0500] "HEAD / HTTP/1.1" 200 -
185.119.81.96 - - [15/Apr/2023:18:40:18 -0500] "GET /portaldeninos/wp-login.php HTTP/1.1" 200 2592
185.119.81.96 - - [15/Apr/2023:18:40:19 -0500] "POST /portaldeninos/wp-login.php HTTP/1.1" 200 3605
173.252.111.120 - - [15/Apr/2023:18:40:34 -0500] "GET /images/incautan-animales-semana-santa-2023.jpeg HTTP/1.1" 200 36611
113.108.9.38 - - [15/Apr/2023:18:42:38 -0500] "GET / HTTP/1.1" 200 319
201.245.192.253 - - [15/Apr/2023:18:42:38 -0500] "POST /kwsrmcab/Wsrmcab  HTTP/1.1" 200 43322
172.22.2.4 - - [15/Apr/2023:18:42:31 -0500] "HEAD /BLA/boletinlegal/ HTTP/1.1" 200 -
172.22.2.4 - - [15/Apr/2023:18:44:16 -0500] "GET /BLA/boletinlegal/style.css HTTP/1.1" 200 9406
172.22.2.4 - - [15/Apr/2023:18:44:16 -0500] "GET /BLA/boletinlegal/js/jquery.js HTTP/1.1" 200 57254
172.22.2.4 - - [15/Apr/2023:18:44:16 -0500] "GET /BLA/boletinlegal/js/jquery.scrollTo-min.js HTTP/1.1" 200 1150
172.22.2.4 - - [15/Apr/2023:18:44:16 -0500] "GET /BLA/boletinlegal/styles2.css HTTP/1.1" 200 1838
172.22.2.4 - - [15/Apr/2023:18:44:16 -0500] "GET /BLA/boletinlegal/js/jquery.scrollShow.js HTTP/1.1" 200 4586
172.22.2.4 - - [15/Apr/2023:18:44:16 -0500] "GET /BLA/boletinlegal/images/cabezote%20BLEGAL.jpg HTTP/1.1" 200 118164
172.22.2.4 - - [15/Apr/2023:18:44:16 -0500] "GET /BLA/boletinlegal/images/subscribe-icon-big.png HTTP/1.1" 200 47702
172.22.2.4 - - [15/Apr/2023:18:44:16 -0500] "GET /BLA/boletinlegal/images/registro-usuarios.png HTTP/1.1" 200 8106
172.22.2.4 - - [15/Apr/2023:18:44:16 -0500] "GET /BLA/boletinlegal/images/historia.png HTTP/1.1" 200 52775
172.22.2.4 - - [15/Apr/2023:18:44:16 -0500] "GET /BLA/boletinlegal/images/arr_l.jpg HTTP/1.1" 200 1979
172.22.2.4 - - [15/Apr/2023:18:44:16 -0500] "GET /BLA/boletinlegal/images/screen_1.png HTTP/1.1" 200 202547
172.22.2.4 - - [15/Apr/2023:18:44:16 -0500] "GET /BLA/boletinlegal/images/launch.jpg HTTP/1.1" 200 14577
172.22.2.4 - - [15/Apr/2023:18:44:16 -0500] "GET /BLA/boletinlegal/images/body_bg.jpg HTTP/1.1" 200 1601
172.22.2.4 - - [15/Apr/2023:18:44:16 -0500] "GET /BLA/boletinlegal/images/menu_lft.gif HTTP/1.1" 200 1713
172.22.2.4 - - [15/Apr/2023:18:44:16 -0500] "GET /BLA/boletinlegal/images/menu_rght.gif HTTP/1.1" 200 1627
172.22.2.4 - - [15/Apr/2023:18:44:16 -0500] "GET /BLA/boletinlegal/images/bg_top.jpg HTTP/1.1" 200 522
172.22.2.4 - - [15/Apr/2023:18:44:16 -0500] "GET /BLA/boletinlegal/images/menu_bg.jpg HTTP/1.1" 200 620
172.22.2.4 - - [15/Apr/2023:18:44:16 -0500] "GET /BLA/boletinlegal/images/hover.jpg HTTP/1.1" 200 640
172.22.2.4 - - [15/Apr/2023:18:44:16 -0500] "GET /BLA/boletinlegal/images/text.jpg HTTP/1.1" 200 568
172.22.2.4 - - [15/Apr/2023:18:44:18 -0500] "GET /BLA/boletinlegal/actos.php HTTP/1.1" 200 9682
172.22.2.4 - - [15/Apr/2023:18:44:19 -0500] "GET /BLA/boletinlegal/niceforms.js HTTP/1.1" 200 22876
172.22.2.4 - - [15/Apr/2023:18:44:19 -0500] "GET /BLA/boletinlegal/js/lib.js HTTP/1.1" 200 6474
172.22.2.4 - - [15/Apr/2023:18:44:19 -0500] "GET /BLA/boletinlegal/js/ajax_actos.js HTTP/1.1" 200 1322
172.22.2.4 - - [15/Apr/2023:18:44:19 -0500] "GET /BLA/boletinlegal/js/popup.js HTTP/1.1" 200 1270
172.22.2.4 - - [15/Apr/2023:18:44:19 -0500] "GET /BLA/boletinlegal/js/jquery1.js HTTP/1.1" 200 29846
172.22.2.4 - - [15/Apr/2023:18:44:19 -0500] "GET /BLA/boletinlegal/niceforms-default.css HTTP/1.1" 200 6694
172.22.2.4 - - [15/Apr/2023:18:44:19 -0500] "GET /BLA/boletinlegal/images/green-yellow-blue-pink-th.png HTTP/1.1" 200 7394
172.22.2.4 - - [15/Apr/2023:18:44:19 -0500] "GET /BLA/boletinlegal/images/tel.png HTTP/1.1" 200 14477
172.22.2.4 - - [15/Apr/2023:18:44:19 -0500] "GET /BLA/boletinlegal/images/icono-email.png HTTP/1.1" 200 5544
172.22.2.4 - - [15/Apr/2023:18:44:19 -0500] "GET /BLA/boletinlegal/images/footer_bg.jpg HTTP/1.1" 200 586
172.22.2.4 - - [15/Apr/2023:18:44:19 -0500] "GET /BLA/boletinlegal/images/footer_bg_l.jpg HTTP/1.1" 200 776
172.22.2.4 - - [15/Apr/2023:18:44:19 -0500] "GET /BLA/boletinlegal/img/select-left.png HTTP/1.1" 200 263
172.22.2.4 - - [15/Apr/2023:18:44:19 -0500] "GET /BLA/boletinlegal/img/0.png HTTP/1.1" 200 110
172.22.2.4 - - [15/Apr/2023:18:44:19 -0500] "GET /BLA/boletinlegal/img/select-right.png HTTP/1.1" 200 44019
172.22.2.4 - - [15/Apr/2023:18:44:19 -0500] "GET /BLA/boletinlegal/img/button.png HTTP/1.1" 200 43241
172.22.2.4 - - [15/Apr/2023:18:44:19 -0500] "GET /BLA/boletinlegal/img/button-left.png HTTP/1.1" 200 57071
172.22.2.4 - - [15/Apr/2023:18:44:19 -0500] "GET /BLA/boletinlegal/img/button-right.png HTTP/1.1" 200 57878
172.22.2.4 - - [15/Apr/2023:18:44:19 -0500] "GET /BLA/boletinlegal/favicon.ico HTTP/1.1" 404 1326
152.32.170.123 - - [15/Apr/2023:18:44:20 -0500] "GET / HTTP/1.1" 200 319
152.32.170.123 - - [15/Apr/2023:18:44:20 -0500] "GET /favicon.ico HTTP/1.1" 200 7782
186.30.41.88 - - [15/Apr/2023:18:44:22 -0500] "GET /BLA/resoluciones/ HTTP/1.1" 200 13502
186.30.41.88 - - [15/Apr/2023:18:44:22 -0500] "GET /BLA/resoluciones/dlf/styles.css HTTP/1.1" 200 3049
186.30.41.88 - - [15/Apr/2023:18:44:22 -0500] "GET /BLA/resoluciones/dlf/folder.png HTTP/1.1" 200 410
186.30.41.88 - - [15/Apr/2023:18:44:23 -0500] "GET /BLA/resoluciones/dlf/bg.gif HTTP/1.1" 200 54
186.30.41.88 - - [15/Apr/2023:18:44:23 -0500] "GET /favicon.ico HTTP/1.1" 200 7782
172.22.2.4 - - [15/Apr/2023:18:44:16 -0500] "GET /BLA/boletinlegal/ HTTP/1.1" 200 24523
172.22.2.4 - - [15/Apr/2023:18:43:22 -0500] "GET /BLA/boletinlegal/ HTTP/1.1" 200 54808
216.245.221.92 - - [15/Apr/2023:18:45:04 -0500] "HEAD / HTTP/1.1" 200 -
186.30.41.88 - - [15/Apr/2023:18:45:17 -0500] "GET /BLA/resoluciones/dlf/dirup.png HTTP/1.1" 200 644
186.30.41.88 - - [15/Apr/2023:18:45:17 -0500] "GET /BLA/resoluciones/dlf/pdf.gif HTTP/1.1" 200 272
186.30.41.88 - - [15/Apr/2023:18:45:16 -0500] "GET /BLA/resoluciones/index.php?dir=AUTOS+2017%2F HTTP/1.1" 200 465216
66.249.75.152 - - [15/Apr/2023:18:45:30 -0500] "-" 408 -
172.22.2.4 - - [15/Apr/2023:18:46:39 -0500] "GET /BLA/boletinlegal/jurisprudencia/analisis/analisis%20C-595-2010.doc HTTP/1.1" 200 39424
40.77.189.48 - - [15/Apr/2023:18:46:44 -0500] "GET /dlf/styles.css HTTP/1.1" 404 1188
69.171.231.116 - - [15/Apr/2023:18:47:06 -0500] "GET /images/reunion-planta-termovalorizacion-11-mayo.jpg HTTP/1.1" 200 34782
201.245.192.253 - - [15/Apr/2023:18:47:37 -0500] "POST /kwsrmcab/Wsrmcab  HTTP/1.1" 200 43322
178.33.230.232 - - [15/Apr/2023:18:48:46 -0500] "GET /bogota-se-prepara-para-tres-fines-de-semana-de-adopciones.html HTTP/1.1" 200 821
31.13.115.18 - - [15/Apr/2023:18:49:20 -0500] "GET /florecio-la-herrania-en-el-tropicario-distrital-una-planta-nativa-de-la-amazonia-colombiana.html?fbclid=IwAR21pyYqjwPeXAJxnksGJAoi8sOu6Jclhz4v8mGRkt9LeST1lPT34j6hzig HTTP/1.1" 200 935
172.22.2.4 - - [15/Apr/2023:18:49:56 -0500] "GET /BLA/boletinlegal/jurisprudencia/analisis/analisis%20C-595-2010.doc HTTP/1.1" 200 39424
172.22.2.4 - - [15/Apr/2023:18:48:21 -0500] "HEAD /BLA/boletinlegal/ HTTP/1.1" 200 -
216.245.221.92 - - [15/Apr/2023:18:50:04 -0500] "HEAD / HTTP/1.1" 200 -
172.22.2.4 - - [15/Apr/2023:18:49:12 -0500] "GET /BLA/boletinlegal/ HTTP/1.1" 200 54808
190.159.184.39 - - [15/Apr/2023:18:51:07 -0500] "GET /BLA/resoluciones/ HTTP/1.1" 200 13502
190.159.184.39 - - [15/Apr/2023:18:51:07 -0500] "GET /BLA/resoluciones/dlf/styles.css HTTP/1.1" 200 3049
190.159.184.39 - - [15/Apr/2023:18:51:09 -0500] "GET /BLA/resoluciones/index.php?dir=AUTOS+2023%2F HTTP/1.1" 200 20412
173.252.79.14 - - [15/Apr/2023:18:51:21 -0500] "GET /images/Floreci\xc3\xb3-la-herrania-en-el-Tropicario-del-Jard\xc3\xadn-Bot\xc3\xa1nico.jpeg HTTP/1.1" 404 1034
201.245.192.253 - - [15/Apr/2023:18:52:36 -0500] "POST /kwsrmcab/Wsrmcab  HTTP/1.1" 200 43322
181.136.131.72 - - [15/Apr/2023:18:53:15 -0500] "GET /galeria/galeria/jquery.fancybox.js?v=2.1.5 HTTP/1.1" 200 48706
181.136.131.72 - - [15/Apr/2023:18:53:15 -0500] "GET /galeria/galeria/jquery.fancybox.css?v=2.1.5 HTTP/1.1" 200 4895
181.136.131.72 - - [15/Apr/2023:18:53:15 -0500] "GET /BLA/boletinlegal/js/jquery.scrollShow.js HTTP/1.1" 200 4586
173.252.107.120 - - [15/Apr/2023:18:54:26 -0500] "GET /images/WhatsApp%20Image%202023-04-05%20at%2013.54.41.jpeg HTTP/1.1" 200 210747
186.155.15.56 - - [15/Apr/2023:18:54:50 -0500] "GET /BLA/resoluciones/index.php?dir=AUTOS+2013%2F HTTP/1.1" 200 407265
216.245.221.92 - - [15/Apr/2023:18:55:04 -0500] "HEAD / HTTP/1.1" 200 -
52.167.144.58 - - [15/Apr/2023:18:55:05 -0500] "GET /autoliquidacion/solicitud%20de%20licencia%20ambiental/Solicitud%20de%20licencia%20ambiental.....pdf HTTP/1.1" 304 -
172.22.2.4 - - [15/Apr/2023:18:54:11 -0500] "HEAD /BLA/boletinlegal/ HTTP/1.1" 200 -
173.252.83.118 - - [15/Apr/2023:18:56:26 -0500] "GET /images/Bogot\xc3\xa1-Regi\xc3\xb3n-unidos-por-el-cuidado-del-agua.jpeg HTTP/1.1" 404 1034
172.22.2.4 - - [15/Apr/2023:18:55:02 -0500] "GET /BLA/boletinlegal/ HTTP/1.1" 200 50283
172.22.2.4 - - [15/Apr/2023:18:56:03 -0500] "GET /BLA/boletinlegal/ HTTP/1.1" 200 28619
201.245.192.253 - - [15/Apr/2023:18:57:35 -0500] "POST /kwsrmcab/Wsrmcab  HTTP/1.1" 200 43322
201.245.250.177 - - [15/Apr/2023:18:58:05 -0500] "POST /sipse/faces/presentacion/financiero/solicitudProceso/consultarSolicitudProceso.xhtml HTTP/1.1" 200 45100
201.245.250.177 - - [15/Apr/2023:18:58:05 -0500] "GET /sipse/faces/javax.faces.resource/theme.css?ln=primefaces-sipse HTTP/1.1" 304 -
201.245.250.177 - - [15/Apr/2023:18:58:05 -0500] "GET /sipse/faces/javax.faces.resource/primefaces.css?ln=primefaces&v=4.0 HTTP/1.1" 304 -
201.245.250.177 - - [15/Apr/2023:18:58:05 -0500] "GET /sipse/faces/javax.faces.resource/jquery/jquery.js?ln=primefaces&v=4.0 HTTP/1.1" 304 -
201.245.250.177 - - [15/Apr/2023:18:58:05 -0500] "GET /sipse/faces/javax.faces.resource/layout/layout.css?ln=primefaces&v=4.0 HTTP/1.1" 304 -
201.245.250.177 - - [15/Apr/2023:18:58:05 -0500] "GET /sipse/faces/javax.faces.resource/jquery/jquery-plugins.js?ln=primefaces&v=4.0 HTTP/1.1" 304 -
201.245.250.177 - - [15/Apr/2023:18:58:05 -0500] "GET /sipse/faces/javax.faces.resource/primefaces.js?ln=primefaces&v=4.0 HTTP/1.1" 304 -
201.245.250.177 - - [15/Apr/2023:18:58:05 -0500] "GET /sipse/faces/javax.faces.resource/layout/layout.js?ln=primefaces&v=4.0 HTTP/1.1" 304 -
201.245.250.177 - - [15/Apr/2023:18:58:06 -0500] "GET /sipse/css/imagen/contrasena.png HTTP/1.1" 404 383
201.245.250.177 - - [15/Apr/2023:18:58:06 -0500] "GET /sipse/faces/javax.faces.resource/images/ui-icons_898989_256x240.png?ln=primefaces-aristo HTTP/1.1" 304 -
201.245.250.177 - - [15/Apr/2023:18:58:09 -0500] "GET /sipse/faces/javax.faces.resource/images/ui-bg_flat_0_2d5972_40x100.png?ln=primefaces-aristo HTTP/1.1" 304 -
201.245.250.177 - - [15/Apr/2023:18:58:09 -0500] "POST /sipse/faces/presentacion/financiero/solicitudProceso/consultar.xhtml HTTP/1.1" 200 12862
173.252.95.15 - - [15/Apr/2023:18:58:12 -0500] "GET /en-dia-internacional-de-la-tierra-secretaria-de-ambiente-presenta-libro-digital-de-relatos-escritos-por-ciudadanos.html HTTP/1.1" 206 1033
201.245.250.177 - - [15/Apr/2023:18:58:14 -0500] "POST /sipse/faces/presentacion/financiero/solicitudProceso/consultar.xhtml HTTP/1.1" 200 148425
201.245.250.177 - - [15/Apr/2023:18:58:15 -0500] "GET /sipse/faces/javax.faces.resource/theme.css?ln=primefaces-sipse HTTP/1.1" 304 -
201.245.250.177 - - [15/Apr/2023:18:58:15 -0500] "GET /sipse/faces/javax.faces.resource/primefaces.css?ln=primefaces&v=4.0 HTTP/1.1" 304 -
201.245.250.177 - - [15/Apr/2023:18:58:15 -0500] "GET /sipse/faces/javax.faces.resource/layout/layout.css?ln=primefaces&v=4.0 HTTP/1.1" 304 -
201.245.250.177 - - [15/Apr/2023:18:58:15 -0500] "GET /sipse/faces/javax.faces.resource/jquery/jquery.js?ln=primefaces&v=4.0 HTTP/1.1" 304 -
201.245.250.177 - - [15/Apr/2023:18:58:15 -0500] "GET /sipse/faces/javax.faces.resource/jquery/jquery-plugins.js?ln=primefaces&v=4.0 HTTP/1.1" 304 -
201.245.250.177 - - [15/Apr/2023:18:58:15 -0500] "GET /sipse/faces/javax.faces.resource/primefaces.js?ln=primefaces&v=4.0 HTTP/1.1" 304 -
201.245.250.177 - - [15/Apr/2023:18:58:15 -0500] "GET /sipse/faces/javax.faces.resource/layout/layout.js?ln=primefaces&v=4.0 HTTP/1.1" 304 -
201.245.250.177 - - [15/Apr/2023:18:58:15 -0500] "GET /sipse/faces/javax.faces.resource/dynamiccontent.properties?ln=primefaces&pfdrid=XjOR5%2F%2FfPAZAuY9TpWQeCiM0BhlXxYRBGKi%2FQcXXfeA%3D&pfdrid_c=false HTTP/1.1" 500 383
201.245.250.177 - - [15/Apr/2023:18:58:23 -0500] "POST /sipse/faces/presentacion/financiero/solicitudProceso/consultarSolicitudProceso.xhtml HTTP/1.1" 200 804560
201.245.250.177 - - [15/Apr/2023:18:58:25 -0500] "POST /sipse/faces/presentacion/financiero/solicitudProceso/consultarSolicitudProceso.xhtml HTTP/1.1" 200 313899
52.167.144.125 - - [15/Apr/2023:18:58:31 -0500] "GET /BLA/resoluciones/RESOLUCIONES%202013/1197.pdf HTTP/1.1" 304 -
216.245.221.92 - - [15/Apr/2023:19:00:04 -0500] "HEAD / HTTP/1.1" 200 -
173.252.87.12 - - [15/Apr/2023:19:00:23 -0500] "GET /15-negocios-verdes-verificados-por-la-secretaria-de-ambiente-participan-en-la-feria-hecho-en-bogota.html HTTP/1.1" 206 1007
66.220.149.4 - - [15/Apr/2023:19:01:06 -0500] "GET /15-negocios-verdes-verificados-por-la-secretaria-de-ambiente-participan-en-la-feria-hecho-en-bogota.html?fbclid=IwAR2TmquVpf0wIBJdA__wARtWRCSmCZZ0j823PF6-8CtCgZBacOSmibOqcKE HTTP/1.1" 200 1007
186.31.153.46 - - [15/Apr/2023:19:01:10 -0500] "GET /15-negocios-verdes-verificados-por-la-secretaria-de-ambiente-participan-en-la-feria-hecho-en-bogota.html HTTP/1.1" 200 1007
172.22.2.4 - - [15/Apr/2023:19:00:01 -0500] "HEAD /BLA/boletinlegal/ HTTP/1.1" 200 -
35.204.132.25 - - [15/Apr/2023:19:02:00 -0500] "GET /inventario-de-emisiones-2020-transporte-publico-sitp-redujo-emisiones-de-pm-2-5-en-un-37.html HTTP/1.1" 200 925
172.22.2.4 - - [15/Apr/2023:19:00:52 -0500] "GET /BLA/boletinlegal/ HTTP/1.1" 200 57151
201.245.192.253 - - [15/Apr/2023:19:02:34 -0500] "POST /kwsrmcab/Wsrmcab  HTTP/1.1" 200 43322
216.245.221.92 - - [15/Apr/2023:19:05:04 -0500] "HEAD / HTTP/1.1" 200 -
201.245.250.177 - - [15/Apr/2023:19:06:49 -0500] "POST /sipse/faces/presentacion/financiero/solicitudProceso/consultarSolicitudProceso.xhtml HTTP/1.1" 200 44986
201.245.250.177 - - [15/Apr/2023:19:06:50 -0500] "GET /sipse/faces/javax.faces.resource/theme.css?ln=primefaces-sipse HTTP/1.1" 304 -
201.245.250.177 - - [15/Apr/2023:19:06:50 -0500] "GET /sipse/faces/javax.faces.resource/primefaces.css?ln=primefaces&v=4.0 HTTP/1.1" 304 -
201.245.250.177 - - [15/Apr/2023:19:06:50 -0500] "GET /sipse/faces/javax.faces.resource/layout/layout.css?ln=primefaces&v=4.0 HTTP/1.1" 304 -
201.245.250.177 - - [15/Apr/2023:19:06:50 -0500] "GET /sipse/faces/javax.faces.resource/jquery/jquery-plugins.js?ln=primefaces&v=4.0 HTTP/1.1" 304 -
201.245.250.177 - - [15/Apr/2023:19:06:50 -0500] "GET /sipse/faces/javax.faces.resource/jquery/jquery.js?ln=primefaces&v=4.0 HTTP/1.1" 304 -
201.245.250.177 - - [15/Apr/2023:19:06:50 -0500] "GET /sipse/faces/javax.faces.resource/primefaces.js?ln=primefaces&v=4.0 HTTP/1.1" 304 -
201.245.250.177 - - [15/Apr/2023:19:06:50 -0500] "GET /sipse/faces/javax.faces.resource/layout/layout.js?ln=primefaces&v=4.0 HTTP/1.1" 304 -
201.245.250.177 - - [15/Apr/2023:19:06:50 -0500] "GET /sipse/css/imagen/contrasena.png HTTP/1.1" 404 383
201.245.250.177 - - [15/Apr/2023:19:06:50 -0500] "GET /sipse/faces/javax.faces.resource/images/ui-icons_898989_256x240.png?ln=primefaces-aristo HTTP/1.1" 304 -
201.245.250.177 - - [15/Apr/2023:19:06:54 -0500] "GET /sipse/faces/javax.faces.resource/images/ui-bg_flat_0_2d5972_40x100.png?ln=primefaces-aristo HTTP/1.1" 304 -
201.245.250.177 - - [15/Apr/2023:19:06:54 -0500] "POST /sipse/faces/presentacion/financiero/solicitudProceso/consultar.xhtml HTTP/1.1" 200 12807
201.245.250.177 - - [15/Apr/2023:19:06:57 -0500] "POST /sipse/faces/presentacion/financiero/solicitudProceso/consultar.xhtml HTTP/1.1" 200 153695
201.245.250.177 - - [15/Apr/2023:19:06:57 -0500] "GET /sipse/faces/javax.faces.resource/theme.css?ln=primefaces-sipse HTTP/1.1" 304 -
201.245.250.177 - - [15/Apr/2023:19:06:57 -0500] "GET /sipse/faces/javax.faces.resource/layout/layout.css?ln=primefaces&v=4.0 HTTP/1.1" 304 -
201.245.250.177 - - [15/Apr/2023:19:06:57 -0500] "GET /sipse/faces/javax.faces.resource/primefaces.css?ln=primefaces&v=4.0 HTTP/1.1" 304 -
201.245.250.177 - - [15/Apr/2023:19:06:57 -0500] "GET /sipse/faces/javax.faces.resource/jquery/jquery.js?ln=primefaces&v=4.0 HTTP/1.1" 304 -
201.245.250.177 - - [15/Apr/2023:19:06:57 -0500] "GET /sipse/faces/javax.faces.resource/jquery/jquery-plugins.js?ln=primefaces&v=4.0 HTTP/1.1" 304 -
201.245.250.177 - - [15/Apr/2023:19:06:57 -0500] "GET /sipse/faces/javax.faces.resource/primefaces.js?ln=primefaces&v=4.0 HTTP/1.1" 304 -
