201.245.250.177 - - [15/Apr/2023:19:06:57 -0500] "GET /sipse/faces/javax.faces.resource/layout/layout.js?ln=primefaces&v=4.0 HTTP/1.1" 304 -
201.245.250.177 - - [15/Apr/2023:19:06:58 -0500] "GET /sipse/faces/javax.faces.resource/dynamiccontent.properties?ln=primefaces&pfdrid=XjOR5%2F%2FfPAZAuY9TpWQeCiM0BhlXxYRBGKi%2FQcXXfeA%3D&pfdrid_c=false HTTP/1.1" 500 383
201.245.250.177 - - [15/Apr/2023:19:07:06 -0500] "POST /sipse/faces/presentacion/financiero/solicitudProceso/consultarSolicitudProceso.xhtml HTTP/1.1" 200 837353
201.245.250.177 - - [15/Apr/2023:19:07:09 -0500] "POST /sipse/faces/presentacion/financiero/solicitudProceso/consultarSolicitudProceso.xhtml HTTP/1.1" 200 1496931
172.22.2.4 - - [15/Apr/2023:19:05:51 -0500] "HEAD /BLA/boletinlegal/ HTTP/1.1" 200 -
201.245.192.253 - - [15/Apr/2023:19:07:33 -0500] "POST /kwsrmcab/Wsrmcab  HTTP/1.1" 200 43322
69.63.184.119 - - [15/Apr/2023:19:07:54 -0500] "GET /images/WhatsApp%20Image%202023-04-05%20at%2013.54.41.jpeg HTTP/1.1" 200 210747
69.171.251.6 - - [15/Apr/2023:19:08:06 -0500] "GET /images/caminatas-ecol\xc3\xb3gicas-marzo---1920x1080_optimized.jpg HTTP/1.1" 404 1034
172.22.2.4 - - [15/Apr/2023:19:06:42 -0500] "GET /BLA/boletinlegal/ HTTP/1.1" 200 52730
201.245.250.177 - - [15/Apr/2023:19:09:03 -0500] "POST /sipse/faces/presentacion/financiero/solicitudProceso/consultarSolicitudProceso.xhtml HTTP/1.1" 200 44931
201.245.250.177 - - [15/Apr/2023:19:09:03 -0500] "GET /sipse/faces/javax.faces.resource/theme.css?ln=primefaces-sipse HTTP/1.1" 304 -
201.245.250.177 - - [15/Apr/2023:19:09:03 -0500] "GET /sipse/faces/javax.faces.resource/primefaces.css?ln=primefaces&v=4.0 HTTP/1.1" 304 -
201.245.250.177 - - [15/Apr/2023:19:09:03 -0500] "GET /sipse/faces/javax.faces.resource/jquery/jquery.js?ln=primefaces&v=4.0 HTTP/1.1" 304 -
201.245.250.177 - - [15/Apr/2023:19:09:03 -0500] "GET /sipse/faces/javax.faces.resource/layout/layout.css?ln=primefaces&v=4.0 HTTP/1.1" 304 -
201.245.250.177 - - [15/Apr/2023:19:09:03 -0500] "GET /sipse/faces/javax.faces.resource/primefaces.js?ln=primefaces&v=4.0 HTTP/1.1" 304 -
201.245.250.177 - - [15/Apr/2023:19:09:03 -0500] "GET /sipse/faces/javax.faces.resource/jquery/jquery-plugins.js?ln=primefaces&v=4.0 HTTP/1.1" 304 -
201.245.250.177 - - [15/Apr/2023:19:09:03 -0500] "GET /sipse/faces/javax.faces.resource/layout/layout.js?ln=primefaces&v=4.0 HTTP/1.1" 304 -
201.245.250.177 - - [15/Apr/2023:19:09:03 -0500] "GET /sipse/css/imagen/contrasena.png HTTP/1.1" 404 383
201.245.250.177 - - [15/Apr/2023:19:09:03 -0500] "GET /sipse/faces/javax.faces.resource/images/ui-icons_898989_256x240.png?ln=primefaces-aristo HTTP/1.1" 304 -
201.245.250.177 - - [15/Apr/2023:19:09:19 -0500] "GET /sipse/faces/javax.faces.resource/images/ui-bg_flat_0_2d5972_40x100.png?ln=primefaces-aristo HTTP/1.1" 304 -
201.245.250.177 - - [15/Apr/2023:19:09:19 -0500] "POST /sipse/faces/presentacion/financiero/solicitudProceso/consultar.xhtml HTTP/1.1" 200 12807
173.252.127.17 - - [15/Apr/2023:19:09:21 -0500] "GET /empresas-con-impacto-ambiental-positivo-unanse-a-la-edicion-2023-de-negocios-verdes-mas-cerca-de-ti.html?fbclid=IwAR1GLp9s4sJKKMIrwmrKPATR53PBuSmbEjNg_uGQl6JbJmiWO14eqx_-YCI HTTP/1.1" 200 878
173.252.127.18 - - [15/Apr/2023:19:09:23 -0500] "GET /la-secretaria-de-ambiente-ha-gestionado-14-5-toneladas-de-ropa-y-calzado-en-desuso.html?fbclid=IwAR3KBjDO4gsBjECFOKgmGvCrx7ZEhE8Mfrc1nbqxJaynWv1gQqH0Wx0i9vU HTTP/1.1" 200 869
173.252.127.14 - - [15/Apr/2023:19:09:23 -0500] "GET /cuatro-animales-y-cerca-de-cinco-kilos-de-carne-de-especimenes-silvestres-fueron-incautados-en-los-ultimos-dias-en-bogota.html?fbclid=IwAR1f-66a9-Bvebl91NAqfna5YYSWSH9PuXvRgq5LCdiuNDpzY6Wzvcfr88A HTTP/1.1" 200 869
201.245.250.177 - - [15/Apr/2023:19:09:24 -0500] "POST /sipse/faces/presentacion/financiero/solicitudProceso/consultar.xhtml HTTP/1.1" 200 153695
201.245.250.177 - - [15/Apr/2023:19:09:25 -0500] "GET /sipse/faces/javax.faces.resource/theme.css?ln=primefaces-sipse HTTP/1.1" 304 -
201.245.250.177 - - [15/Apr/2023:19:09:25 -0500] "GET /sipse/faces/javax.faces.resource/primefaces.css?ln=primefaces&v=4.0 HTTP/1.1" 304 -
201.245.250.177 - - [15/Apr/2023:19:09:25 -0500] "GET /sipse/faces/javax.faces.resource/layout/layout.css?ln=primefaces&v=4.0 HTTP/1.1" 304 -
201.245.250.177 - - [15/Apr/2023:19:09:25 -0500] "GET /sipse/faces/javax.faces.resource/jquery/jquery.js?ln=primefaces&v=4.0 HTTP/1.1" 304 -
201.245.250.177 - - [15/Apr/2023:19:09:25 -0500] "GET /sipse/faces/javax.faces.resource/jquery/jquery-plugins.js?ln=primefaces&v=4.0 HTTP/1.1" 304 -
201.245.250.177 - - [15/Apr/2023:19:09:25 -0500] "GET /sipse/faces/javax.faces.resource/primefaces.js?ln=primefaces&v=4.0 HTTP/1.1" 304 -
201.245.250.177 - - [15/Apr/2023:19:09:25 -0500] "GET /sipse/faces/javax.faces.resource/layout/layout.js?ln=primefaces&v=4.0 HTTP/1.1" 304 -
201.245.250.177 - - [15/Apr/2023:19:09:25 -0500] "GET /sipse/faces/javax.faces.resource/dynamiccontent.properties?ln=primefaces&pfdrid=XjOR5%2F%2FfPAZAuY9TpWQeCiM0BhlXxYRBGKi%2FQcXXfeA%3D&pfdrid_c=false HTTP/1.1" 500 383
201.245.250.177 - - [15/Apr/2023:19:09:31 -0500] "POST /sipse/faces/presentacion/financiero/solicitudProceso/consultarSolicitudProceso.xhtml HTTP/1.1" 200 1496931
201.245.250.177 - - [15/Apr/2023:19:09:45 -0500] "POST /sipse/faces/presentacion/financiero/solicitudProceso/consultarSolicitudProceso.xhtml HTTP/1.1" 200 837353
201.245.250.177 - - [15/Apr/2023:19:10:01 -0500] "POST /sipse/faces/presentacion/financiero/solicitudProceso/consultarSolicitudProceso.xhtml HTTP/1.1" 200 2433858
216.245.221.92 - - [15/Apr/2023:19:10:04 -0500] "HEAD / HTTP/1.1" 200 -
201.245.250.177 - - [15/Apr/2023:19:11:23 -0500] "POST /sipse/faces/presentacion/financiero/solicitudProceso/consultarSolicitudProceso.xhtml HTTP/1.1" 200 837353
66.249.73.55 - - [15/Apr/2023:19:11:33 -0500] "-" 408 -
199.16.157.182 - - [15/Apr/2023:19:11:56 -0500] "GET /15-negocios-verdes HTTP/1.1" 404 1034
185.253.218.211 - - [15/Apr/2023:19:12:04 -0500] "GET /shop/wp-login.php HTTP/1.1" 404 1018
172.22.2.4 - - [15/Apr/2023:19:12:10 -0500] "GET /BLA/boletinlegal/cgi-bin/config.exp HTTP/1.1" 404 1018
201.245.192.253 - - [15/Apr/2023:19:12:28 -0500] "POST /kwsrmcab/Wsrmcab  HTTP/1.1" 200 43322
69.63.184.117 - - [15/Apr/2023:19:12:34 -0500] "GET /images/WhatsApp%20Image%202023-04-05%20at%2013.54.41.jpeg HTTP/1.1" 200 210747
179.43.177.243 - - [15/Apr/2023:19:12:45 -0500] "GET / HTTP/1.1" 200 319
52.167.144.132 - - [15/Apr/2023:19:13:00 -0500] "-" 408 -
199.16.157.182 - - [15/Apr/2023:19:13:12 -0500] "GET /15-negocios-verdes HTTP/1.1" 404 1034
201.245.250.177 - - [15/Apr/2023:19:13:17 -0500] "POST /sipse/faces/presentacion/financiero/solicitudProceso/consultarSolicitudProceso.xhtml HTTP/1.1" 200 44931
201.245.250.177 - - [15/Apr/2023:19:13:18 -0500] "GET /sipse/faces/javax.faces.resource/theme.css?ln=primefaces-sipse HTTP/1.1" 304 -
201.245.250.177 - - [15/Apr/2023:19:13:18 -0500] "GET /sipse/faces/javax.faces.resource/primefaces.css?ln=primefaces&v=4.0 HTTP/1.1" 304 -
201.245.250.177 - - [15/Apr/2023:19:13:18 -0500] "GET /sipse/faces/javax.faces.resource/layout/layout.css?ln=primefaces&v=4.0 HTTP/1.1" 304 -
201.245.250.177 - - [15/Apr/2023:19:13:18 -0500] "GET /sipse/faces/javax.faces.resource/jquery/jquery-plugins.js?ln=primefaces&v=4.0 HTTP/1.1" 304 -
201.245.250.177 - - [15/Apr/2023:19:13:18 -0500] "GET /sipse/faces/javax.faces.resource/layout/layout.js?ln=primefaces&v=4.0 HTTP/1.1" 304 -
201.245.250.177 - - [15/Apr/2023:19:13:18 -0500] "GET /sipse/faces/javax.faces.resource/primefaces.js?ln=primefaces&v=4.0 HTTP/1.1" 304 -
201.245.250.177 - - [15/Apr/2023:19:13:18 -0500] "GET /sipse/faces/javax.faces.resource/jquery/jquery.js?ln=primefaces&v=4.0 HTTP/1.1" 304 -
201.245.250.177 - - [15/Apr/2023:19:13:18 -0500] "GET /sipse/faces/javax.faces.resource/images/ui-icons_898989_256x240.png?ln=primefaces-aristo HTTP/1.1" 304 -
201.245.250.177 - - [15/Apr/2023:19:13:18 -0500] "GET /sipse/css/imagen/contrasena.png HTTP/1.1" 404 383
172.22.2.4 - - [15/Apr/2023:19:11:41 -0500] "HEAD /BLA/boletinlegal/ HTTP/1.1" 200 -
201.245.250.177 - - [15/Apr/2023:19:13:22 -0500] "GET /sipse/faces/javax.faces.resource/images/ui-bg_flat_0_2d5972_40x100.png?ln=primefaces-aristo HTTP/1.1" 304 -
201.245.250.177 - - [15/Apr/2023:19:13:22 -0500] "POST /sipse/faces/presentacion/financiero/solicitudProceso/consultar.xhtml HTTP/1.1" 200 12776
199.16.157.182 - - [15/Apr/2023:19:13:22 -0500] "GET /15-negocios-verdes HTTP/1.1" 404 1034
54.39.177.48 - - [15/Apr/2023:19:13:26 -0500] "GET /15-negocios-verdes HTTP/1.1" 404 1034
201.245.250.177 - - [15/Apr/2023:19:13:26 -0500] "POST /sipse/faces/presentacion/financiero/solicitudProceso/consultar.xhtml HTTP/1.1" 200 153752
201.245.250.177 - - [15/Apr/2023:19:13:27 -0500] "GET /sipse/faces/javax.faces.resource/theme.css?ln=primefaces-sipse HTTP/1.1" 304 -
201.245.250.177 - - [15/Apr/2023:19:13:27 -0500] "GET /sipse/faces/javax.faces.resource/layout/layout.css?ln=primefaces&v=4.0 HTTP/1.1" 304 -
201.245.250.177 - - [15/Apr/2023:19:13:27 -0500] "GET /sipse/faces/javax.faces.resource/primefaces.css?ln=primefaces&v=4.0 HTTP/1.1" 304 -
201.245.250.177 - - [15/Apr/2023:19:13:27 -0500] "GET /sipse/faces/javax.faces.resource/jquery/jquery.js?ln=primefaces&v=4.0 HTTP/1.1" 304 -
201.245.250.177 - - [15/Apr/2023:19:13:27 -0500] "GET /sipse/faces/javax.faces.resource/jquery/jquery-plugins.js?ln=primefaces&v=4.0 HTTP/1.1" 304 -
201.245.250.177 - - [15/Apr/2023:19:13:27 -0500] "GET /sipse/faces/javax.faces.resource/primefaces.js?ln=primefaces&v=4.0 HTTP/1.1" 304 -
201.245.250.177 - - [15/Apr/2023:19:13:28 -0500] "GET /sipse/faces/javax.faces.resource/layout/layout.js?ln=primefaces&v=4.0 HTTP/1.1" 304 -
201.245.250.177 - - [15/Apr/2023:19:13:28 -0500] "GET /sipse/faces/javax.faces.resource/dynamiccontent.properties?ln=primefaces&pfdrid=XjOR5%2F%2FfPAZAuY9TpWQeCiM0BhlXxYRBGKi%2FQcXXfeA%3D&pfdrid_c=false HTTP/1.1" 500 383
192.133.77.17 - - [15/Apr/2023:19:13:33 -0500] "GET /15-negocios-verdes HTTP/1.1" 404 1034
201.245.250.177 - - [15/Apr/2023:19:13:34 -0500] "POST /sipse/faces/presentacion/financiero/solicitudProceso/consultarSolicitudProceso.xhtml HTTP/1.1" 200 264072
201.245.250.177 - - [15/Apr/2023:19:13:36 -0500] "POST /sipse/faces/presentacion/financiero/solicitudProceso/consultarSolicitudProceso.xhtml HTTP/1.1" 200 786305
40.77.167.246 - - [15/Apr/2023:19:13:50 -0500] "GET /empresas-con-impacto-ambiental-positivo-unanse-a-la-edicion-2023-de-negocios-verdes-mas-cerca-de-ti.html HTTP/1.1" 200 878
172.22.2.4 - - [15/Apr/2023:19:12:32 -0500] "GET /BLA/boletinlegal/ HTTP/1.1" 200 57561
168.119.76.227 - - [15/Apr/2023:19:14:40 -0500] "GET /15-negocios-verdes HTTP/1.1" 404 1034
216.245.221.92 - - [15/Apr/2023:19:15:04 -0500] "HEAD / HTTP/1.1" 200 -
201.245.250.177 - - [15/Apr/2023:19:15:38 -0500] "POST /sipse/faces/presentacion/financiero/solicitudProceso/consultarSolicitudProceso.xhtml HTTP/1.1" 200 44900
201.245.250.177 - - [15/Apr/2023:19:15:39 -0500] "GET /sipse/faces/javax.faces.resource/theme.css?ln=primefaces-sipse HTTP/1.1" 304 -
201.245.250.177 - - [15/Apr/2023:19:15:39 -0500] "GET /sipse/faces/javax.faces.resource/primefaces.css?ln=primefaces&v=4.0 HTTP/1.1" 304 -
201.245.250.177 - - [15/Apr/2023:19:15:39 -0500] "GET /sipse/faces/javax.faces.resource/layout/layout.css?ln=primefaces&v=4.0 HTTP/1.1" 304 -
201.245.250.177 - - [15/Apr/2023:19:15:39 -0500] "GET /sipse/faces/javax.faces.resource/jquery/jquery.js?ln=primefaces&v=4.0 HTTP/1.1" 304 -
201.245.250.177 - - [15/Apr/2023:19:15:39 -0500] "GET /sipse/faces/javax.faces.resource/jquery/jquery-plugins.js?ln=primefaces&v=4.0 HTTP/1.1" 304 -
201.245.250.177 - - [15/Apr/2023:19:15:39 -0500] "GET /sipse/faces/javax.faces.resource/primefaces.js?ln=primefaces&v=4.0 HTTP/1.1" 304 -
201.245.250.177 - - [15/Apr/2023:19:15:39 -0500] "GET /sipse/faces/javax.faces.resource/layout/layout.js?ln=primefaces&v=4.0 HTTP/1.1" 304 -
201.245.250.177 - - [15/Apr/2023:19:15:39 -0500] "GET /sipse/css/imagen/contrasena.png HTTP/1.1" 404 383
201.245.250.177 - - [15/Apr/2023:19:15:39 -0500] "GET /sipse/faces/javax.faces.resource/images/ui-icons_898989_256x240.png?ln=primefaces-aristo HTTP/1.1" 304 -
201.245.250.177 - - [15/Apr/2023:19:15:43 -0500] "GET /sipse/faces/javax.faces.resource/images/ui-bg_flat_0_2d5972_40x100.png?ln=primefaces-aristo HTTP/1.1" 304 -
201.245.250.177 - - [15/Apr/2023:19:15:43 -0500] "POST /sipse/faces/presentacion/financiero/solicitudProceso/consultar.xhtml HTTP/1.1" 200 12796
201.245.250.177 - - [15/Apr/2023:19:15:47 -0500] "POST /sipse/faces/presentacion/financiero/solicitudProceso/consultar.xhtml HTTP/1.1" 200 157430
201.245.250.177 - - [15/Apr/2023:19:15:48 -0500] "GET /sipse/faces/javax.faces.resource/primefaces.css?ln=primefaces&v=4.0 HTTP/1.1" 304 -
201.245.250.177 - - [15/Apr/2023:19:15:48 -0500] "GET /sipse/faces/javax.faces.resource/theme.css?ln=primefaces-sipse HTTP/1.1" 304 -
201.245.250.177 - - [15/Apr/2023:19:15:48 -0500] "GET /sipse/faces/javax.faces.resource/layout/layout.css?ln=primefaces&v=4.0 HTTP/1.1" 304 -
201.245.250.177 - - [15/Apr/2023:19:15:48 -0500] "GET /sipse/faces/javax.faces.resource/jquery/jquery.js?ln=primefaces&v=4.0 HTTP/1.1" 304 -
201.245.250.177 - - [15/Apr/2023:19:15:48 -0500] "GET /sipse/faces/javax.faces.resource/jquery/jquery-plugins.js?ln=primefaces&v=4.0 HTTP/1.1" 304 -
201.245.250.177 - - [15/Apr/2023:19:15:48 -0500] "GET /sipse/faces/javax.faces.resource/primefaces.js?ln=primefaces&v=4.0 HTTP/1.1" 304 -
201.245.250.177 - - [15/Apr/2023:19:15:48 -0500] "GET /sipse/faces/javax.faces.resource/layout/layout.js?ln=primefaces&v=4.0 HTTP/1.1" 304 -
201.245.250.177 - - [15/Apr/2023:19:15:48 -0500] "GET /sipse/faces/javax.faces.resource/dynamiccontent.properties?ln=primefaces&pfdrid=XjOR5%2F%2FfPAZAuY9TpWQeCiM0BhlXxYRBGKi%2FQcXXfeA%3D&pfdrid_c=false HTTP/1.1" 500 383
201.245.250.177 - - [15/Apr/2023:19:15:52 -0500] "POST /sipse/faces/presentacion/financiero/solicitudProceso/consultarSolicitudProceso.xhtml HTTP/1.1" 200 185711
201.245.250.177 - - [15/Apr/2023:19:15:54 -0500] "POST /sipse/faces/presentacion/financiero/solicitudProceso/consultarSolicitudProceso.xhtml HTTP/1.1" 200 745194
191.156.180.158 - - [15/Apr/2023:19:16:22 -0500] "GET /empresas-con-impacto-ambiental-positivo-unanse-a-la-edicion-2023-de-negocios-verdes-mas-cerca-de-ti.html?fbclid=IwAR1k7kHVotcPQyblGqRi6JXWt7owoFX-fDsi_xZu776f608ILuB6GWinFKU HTTP/1.1" 200 878
136.243.11.34 - - [15/Apr/2023:19:16:23 -0500] "GET /15-negocios-verdes HTTP/1.1" 404 1198
135.181.214.38 - - [15/Apr/2023:19:16:52 -0500] "GET /15-negocios-verdes HTTP/1.1" 404 1034
138.201.140.79 - - [15/Apr/2023:19:17:32 -0500] "HEAD /15-negocios-verdes HTTP/1.1" 404 -
201.245.192.253 - - [15/Apr/2023:19:17:30 -0500] "POST /kwsrmcab/Wsrmcab  HTTP/1.1" 200 43322
66.249.75.152 - - [15/Apr/2023:19:17:49 -0500] "-" 408 -
186.29.181.88 - - [15/Apr/2023:19:18:08 -0500] "GET /15-negocios-verdes-verificados-por-la-secretaria-de-ambiente-participan-en-la-feria-hecho-en-bogota.html HTTP/1.1" 200 1007
172.22.2.4 - - [15/Apr/2023:19:17:31 -0500] "HEAD /BLA/boletinlegal/ HTTP/1.1" 200 -
201.245.192.253 - - [15/Apr/2023:19:19:26 -0500] "POST /kwsrmcab/Wsrmcab HTTP/1.1" 200 43304
201.245.192.253 - - [15/Apr/2023:19:19:29 -0500] "POST /kwsrmcab/Wsrmcab HTTP/1.1" 200 43331
172.22.2.4 - - [15/Apr/2023:19:18:22 -0500] "GET /BLA/boletinlegal/ HTTP/1.1" 200 57151
216.245.221.92 - - [15/Apr/2023:19:20:04 -0500] "HEAD / HTTP/1.1" 200 -
201.245.250.177 - - [15/Apr/2023:19:20:05 -0500] "POST /sipse/faces/presentacion/financiero/solicitudProceso/consultarSolicitudProceso.xhtml HTTP/1.1" 200 44920
201.245.250.177 - - [15/Apr/2023:19:20:06 -0500] "GET /sipse/faces/javax.faces.resource/theme.css?ln=primefaces-sipse HTTP/1.1" 304 -
201.245.250.177 - - [15/Apr/2023:19:20:06 -0500] "GET /sipse/faces/javax.faces.resource/layout/layout.css?ln=primefaces&v=4.0 HTTP/1.1" 304 -
201.245.250.177 - - [15/Apr/2023:19:20:06 -0500] "GET /sipse/faces/javax.faces.resource/primefaces.css?ln=primefaces&v=4.0 HTTP/1.1" 304 -
201.245.250.177 - - [15/Apr/2023:19:20:06 -0500] "GET /sipse/faces/javax.faces.resource/jquery/jquery.js?ln=primefaces&v=4.0 HTTP/1.1" 304 -
201.245.250.177 - - [15/Apr/2023:19:20:06 -0500] "GET /sipse/faces/javax.faces.resource/primefaces.js?ln=primefaces&v=4.0 HTTP/1.1" 304 -
201.245.250.177 - - [15/Apr/2023:19:20:06 -0500] "GET /sipse/faces/javax.faces.resource/layout/layout.js?ln=primefaces&v=4.0 HTTP/1.1" 304 -
201.245.250.177 - - [15/Apr/2023:19:20:07 -0500] "GET /sipse/faces/javax.faces.resource/jquery/jquery-plugins.js?ln=primefaces&v=4.0 HTTP/1.1" 304 -
201.245.250.177 - - [15/Apr/2023:19:20:07 -0500] "GET /sipse/css/imagen/contrasena.png HTTP/1.1" 404 383
201.245.250.177 - - [15/Apr/2023:19:20:07 -0500] "GET /sipse/faces/javax.faces.resource/images/ui-icons_898989_256x240.png?ln=primefaces-aristo HTTP/1.1" 304 -
201.245.250.177 - - [15/Apr/2023:19:20:17 -0500] "GET /sipse/faces/javax.faces.resource/images/ui-bg_flat_0_2d5972_40x100.png?ln=primefaces-aristo HTTP/1.1" 304 -
201.245.250.177 - - [15/Apr/2023:19:20:17 -0500] "POST /sipse/faces/presentacion/financiero/solicitudProceso/consultar.xhtml HTTP/1.1" 200 12773
201.245.250.177 - - [15/Apr/2023:19:20:22 -0500] "POST /sipse/faces/presentacion/financiero/solicitudProceso/consultar.xhtml HTTP/1.1" 200 150365
201.245.250.177 - - [15/Apr/2023:19:20:22 -0500] "GET /sipse/faces/javax.faces.resource/primefaces.css?ln=primefaces&v=4.0 HTTP/1.1" 304 -
201.245.250.177 - - [15/Apr/2023:19:20:22 -0500] "GET /sipse/faces/javax.faces.resource/theme.css?ln=primefaces-sipse HTTP/1.1" 304 -
201.245.250.177 - - [15/Apr/2023:19:20:22 -0500] "GET /sipse/faces/javax.faces.resource/layout/layout.css?ln=primefaces&v=4.0 HTTP/1.1" 304 -
201.245.250.177 - - [15/Apr/2023:19:20:22 -0500] "GET /sipse/faces/javax.faces.resource/jquery/jquery.js?ln=primefaces&v=4.0 HTTP/1.1" 304 -
201.245.250.177 - - [15/Apr/2023:19:20:22 -0500] "GET /sipse/faces/javax.faces.resource/jquery/jquery-plugins.js?ln=primefaces&v=4.0 HTTP/1.1" 304 -
201.245.250.177 - - [15/Apr/2023:19:20:23 -0500] "GET /sipse/faces/javax.faces.resource/primefaces.js?ln=primefaces&v=4.0 HTTP/1.1" 304 -
201.245.250.177 - - [15/Apr/2023:19:20:23 -0500] "GET /sipse/faces/javax.faces.resource/layout/layout.js?ln=primefaces&v=4.0 HTTP/1.1" 304 -
201.245.250.177 - - [15/Apr/2023:19:20:23 -0500] "GET /sipse/faces/javax.faces.resource/dynamiccontent.properties?ln=primefaces&pfdrid=XjOR5%2F%2FfPAZAuY9TpWQeCiM0BhlXxYRBGKi%2FQcXXfeA%3D&pfdrid_c=false HTTP/1.1" 500 383
66.249.73.51 - - [15/Apr/2023:19:20:35 -0500] "-" 408 -
201.245.250.177 - - [15/Apr/2023:19:20:36 -0500] "POST /sipse/faces/presentacion/financiero/solicitudProceso/consultarSolicitudProceso.xhtml HTTP/1.1" 200 160650
201.245.250.177 - - [15/Apr/2023:19:20:40 -0500] "POST /sipse/faces/presentacion/financiero/solicitudProceso/consultarSolicitudProceso.xhtml HTTP/1.1" 200 1798646
51.161.115.226 - - [15/Apr/2023:19:20:47 -0500] "GET /15-negocios-verdes-verificados-por-la-secretaria-de-ambiente-participan-en-la-feria-hecho-en-bogota.html HTTP/1.1" 200 1007
172.22.2.4 - - [15/Apr/2023:19:20:56 -0500] "POST /BLA/boletinlegal/vendor/phpunit/phpunit/src/Util/PHP/eval-stdin.php HTTP/1.1" 404 1018
79.99.200.30 - - [15/Apr/2023:19:21:32 -0500] "GET /shop/wp-login.php HTTP/1.1" 404 1018
168.119.61.24 - - [15/Apr/2023:19:22:05 -0500] "GET / HTTP/1.1" 200 4720
168.119.61.24 - - [15/Apr/2023:19:22:07 -0500] "GET / HTTP/1.1" 200 319
201.245.192.253 - - [15/Apr/2023:19:22:29 -0500] "POST /kwsrmcab/Wsrmcab  HTTP/1.1" 200 43322
165.227.44.84 - - [15/Apr/2023:19:24:08 -0500] "\x16\x03\x01" 400 226
165.227.44.84 - - [15/Apr/2023:19:24:09 -0500] "\x16\x03\x01" 400 226
165.227.44.84 - - [15/Apr/2023:19:24:09 -0500] "GET / HTTP/1.1" 200 319
165.227.44.84 - - [15/Apr/2023:19:24:09 -0500] "GET /client/get_targets HTTP/1.1" 404 1018
165.227.44.84 - - [15/Apr/2023:19:24:09 -0500] "GET /upl.php HTTP/1.1" 404 1018
165.227.44.84 - - [15/Apr/2023:19:24:10 -0500] "\x16\x03\x01" 400 226
165.227.44.84 - - [15/Apr/2023:19:24:10 -0500] "GET /geoip/ HTTP/1.1" 404 1018
165.227.44.84 - - [15/Apr/2023:19:24:10 -0500] "GET / HTTP/1.1" 200 319
165.227.44.84 - - [15/Apr/2023:19:24:10 -0500] "GET /favicon.ico HTTP/1.1" 200 7782
213.186.1.247 - - [15/Apr/2023:19:24:18 -0500] "GET /15-negocios-verdes HTTP/1.1" 404 1034
172.22.2.4 - - [15/Apr/2023:19:23:21 -0500] "HEAD /BLA/boletinlegal/ HTTP/1.1" 200 -
216.245.221.92 - - [15/Apr/2023:19:25:04 -0500] "HEAD / HTTP/1.1" 200 -
172.22.2.4 - - [15/Apr/2023:19:24:12 -0500] "GET /BLA/boletinlegal/ HTTP/1.1" 200 59306
66.249.72.141 - - [15/Apr/2023:19:26:42 -0500] "-" 408 -
211.249.46.78 - - [15/Apr/2023:19:27:12 -0500] "GET /15-negocios-verdes HTTP/1.1" 404 1114
201.245.192.253 - - [15/Apr/2023:19:27:27 -0500] "POST /kwsrmcab/Wsrmcab  HTTP/1.1" 200 43322
191.156.189.252 - - [15/Apr/2023:19:28:26 -0500] "GET /galeria/galeria/jquery.fancybox.css?v=2.1.5 HTTP/1.1" 200 4895
66.249.75.152 - - [15/Apr/2023:19:29:20 -0500] "-" 408 -
201.245.192.253 - - [15/Apr/2023:19:29:26 -0500] "POST /kwsrmcab/Wsrmcab HTTP/1.1" 200 43304
201.245.192.253 - - [15/Apr/2023:19:29:28 -0500] "POST /kwsrmcab/Wsrmcab HTTP/1.1" 200 43331
216.245.221.92 - - [15/Apr/2023:19:30:04 -0500] "HEAD / HTTP/1.1" 200 -
190.24.78.81 - - [15/Apr/2023:19:30:40 -0500] "GET /portaldeninos/ HTTP/1.1" 200 110197
190.24.78.81 - - [15/Apr/2023:19:30:42 -0500] "GET /portaldeninos/wp-includes/js/wp-emoji-release.min.js?ver=4.9.8 HTTP/1.1" 200 12026
190.24.78.81 - - [15/Apr/2023:19:30:42 -0500] "GET /portaldeninos/wp-content/uploads/useanyfont/uaf.css?ver=1589905315 HTTP/1.1" 200 408
190.24.78.81 - - [15/Apr/2023:19:30:42 -0500] "GET /portaldeninos/wp-content/themes/betheme/style.css?ver=20.9.6 HTTP/1.1" 200 287
190.24.78.81 - - [15/Apr/2023:19:30:42 -0500] "GET /portaldeninos/wp-content/themes/betheme/css/layout.css?ver=20.9.6 HTTP/1.1" 200 116639
190.24.78.81 - - [15/Apr/2023:19:30:42 -0500] "GET /portaldeninos/wp-content/themes/betheme/css/base.css?ver=20.9.6 HTTP/1.1" 200 57283
190.24.78.81 - - [15/Apr/2023:19:30:42 -0500] "GET /portaldeninos/wp-content/plugins/gallery-videos/CSS/Total-Soft-Gallery-Video-Widget.css?ver=4.9.8 HTTP/1.1" 200 51554
190.24.78.81 - - [15/Apr/2023:19:30:42 -0500] "GET /portaldeninos/wp-content/plugins/gallery-videos/CSS/totalsoft.css?ver=4.9.8 HTTP/1.1" 200 40622
190.24.78.81 - - [15/Apr/2023:19:30:42 -0500] "GET /portaldeninos/wp-content/themes/betheme/assets/ui/jquery.ui.all.css?ver=20.9.6 HTTP/1.1" 200 18765
190.24.78.81 - - [15/Apr/2023:19:30:42 -0500] "GET /portaldeninos/wp-content/themes/betheme/assets/animations/animations.min.css?ver=20.9.6 HTTP/1.1" 200 58508
190.24.78.81 - - [15/Apr/2023:19:30:42 -0500] "GET /portaldeninos/wp-content/themes/betheme/assets/jplayer/css/jplayer.blue.monday.css?ver=20.9.6 HTTP/1.1" 200 9834
190.24.78.81 - - [15/Apr/2023:19:30:42 -0500] "GET /portaldeninos/wp-content/plugins/popup-maker/assets/css/site.min.css?ver=1.8.14 HTTP/1.1" 200 8260
190.24.78.81 - - [15/Apr/2023:19:30:42 -0500] "GET /portaldeninos/wp-content/themes/betheme/css/shortcodes.css?ver=20.9.6 HTTP/1.1" 200 138889
190.24.78.81 - - [15/Apr/2023:19:30:42 -0500] "GET /portaldeninos/wp-content/plugins/google-analytics-for-wordpress/assets/js/frontend-gtag.min.js?ver=8.5.0 HTTP/1.1" 200 11801
190.24.78.81 - - [15/Apr/2023:19:30:42 -0500] "GET /portaldeninos/wp-includes/js/jquery/ui/core.min.js?ver=1.11.4 HTTP/1.1" 200 4000
190.24.78.81 - - [15/Apr/2023:19:30:42 -0500] "GET /portaldeninos/wp-includes/js/jquery/jquery-migrate.min.js?ver=1.4.1 HTTP/1.1" 200 10056
190.24.78.81 - - [15/Apr/2023:19:30:42 -0500] "GET /portaldeninos/wp-content/themes/betheme/css/responsive.css?ver=20.9.6 HTTP/1.1" 200 55740
190.24.78.81 - - [15/Apr/2023:19:30:42 -0500] "GET /portaldeninos/wp-content/plugins/gallery-videos/JS/modernizr.custom.js?ver=4.9.8 HTTP/1.1" 200 9019
190.24.78.81 - - [15/Apr/2023:19:30:42 -0500] "GET /portaldeninos/wp-includes/js/jquery/jquery.js?ver=1.12.4 HTTP/1.1" 200 97184
190.24.78.81 - - [15/Apr/2023:19:30:42 -0500] "GET /portaldeninos/wp-content/plugins/gallery-videos/JS/Total-Soft-Gallery-Video-Widget.js?ver=4.9.8 HTTP/1.1" 200 80264
190.24.78.81 - - [15/Apr/2023:19:30:42 -0500] "GET /portaldeninos/wp-includes/js/jquery/ui/mouse.min.js?ver=1.11.4 HTTP/1.1" 200 3148
190.24.78.81 - - [15/Apr/2023:19:30:42 -0500] "GET /portaldeninos/wp-includes/js/jquery/ui/widget.min.js?ver=1.11.4 HTTP/1.1" 200 6908
190.24.78.81 - - [15/Apr/2023:19:30:42 -0500] "GET /portaldeninos/wp-includes/js/jquery/ui/accordion.min.js?ver=1.11.4 HTTP/1.1" 200 8584
190.24.78.81 - - [15/Apr/2023:19:30:42 -0500] "GET /portaldeninos/wp-content/themes/betheme/js/menu.js?ver=20.9.6 HTTP/1.1" 200 2449
190.24.78.81 - - [15/Apr/2023:19:30:42 -0500] "GET /portaldeninos/wp-content/themes/betheme/assets/animations/animations.min.js?ver=20.9.6 HTTP/1.1" 200 1896
190.24.78.81 - - [15/Apr/2023:19:30:42 -0500] "GET /portaldeninos/wp-includes/js/jquery/ui/tabs.min.js?ver=1.11.4 HTTP/1.1" 200 12110
190.24.78.81 - - [15/Apr/2023:19:30:42 -0500] "GET /portaldeninos/wp-includes/js/jquery/ui/sortable.min.js?ver=1.11.4 HTTP/1.1" 200 24899
190.24.78.81 - - [15/Apr/2023:19:30:43 -0500] "GET /portaldeninos/wp-includes/js/jquery/ui/position.min.js?ver=1.11.4 HTTP/1.1" 200 6527
190.24.78.81 - - [15/Apr/2023:19:30:43 -0500] "GET /portaldeninos/wp-includes/js/wp-embed.min.js?ver=4.9.8 HTTP/1.1" 200 1398
190.24.78.81 - - [15/Apr/2023:19:30:43 -0500] "GET /portaldeninos/wp-content/themes/betheme/assets/jplayer/jplayer.min.js?ver=20.9.6 HTTP/1.1" 200 52702
190.24.78.81 - - [15/Apr/2023:19:30:43 -0500] "GET /portaldeninos/wp-content/themes/betheme/js/scripts.js?ver=20.9.6 HTTP/1.1" 200 77162
190.24.78.81 - - [15/Apr/2023:19:30:42 -0500] "GET /portaldeninos/wp-content/themes/betheme/js/plugins.js?ver=20.9.6 HTTP/1.1" 200 197151
190.24.78.81 - - [15/Apr/2023:19:30:43 -0500] "GET /portaldeninos/wp-content/uploads/2021/06/titulo-miambiente-ni%C3%B1os.png HTTP/1.1" 200 11944
190.24.78.81 - - [15/Apr/2023:19:30:43 -0500] "GET /portaldeninos/wp-content/plugins/popup-maker/assets/js/site.min.js?defer&ver=1.8.14 HTTP/1.1" 200 48457
190.24.78.81 - - [15/Apr/2023:19:30:43 -0500] "GET /portaldeninos/wp-content/uploads/2019/08/Logo-Ambientic.png HTTP/1.1" 200 22941
190.24.78.81 - - [15/Apr/2023:19:30:43 -0500] "GET /portaldeninos/wp-content/uploads/2021/06/titulo-cabezote-ni%C3%B1os.png HTTP/1.1" 200 64425
190.24.78.81 - - [15/Apr/2023:19:30:43 -0500] "GET /portaldeninos/wp-content/uploads/2021/06/titulo-videos-ni%C3%B1os.png HTTP/1.1" 200 10502
190.24.78.81 - - [15/Apr/2023:19:30:43 -0500] "GET /portaldeninos/wp-content/uploads/2018/10/oso.jpg HTTP/1.1" 200 305180
190.24.78.81 - - [15/Apr/2023:19:30:43 -0500] "GET /portaldeninos/wp-content/uploads/2020/01/Tierra-escenario.jpg HTTP/1.1" 200 181491
190.24.78.81 - - [15/Apr/2023:19:30:43 -0500] "GET /portaldeninos/wp-content/uploads/2021/06/titulo-humedales-ni%C3%B1os.png HTTP/1.1" 200 13361
190.24.78.81 - - [15/Apr/2023:19:30:43 -0500] "GET /portaldeninos/wp-content/uploads/2020/05/fb.jpg HTTP/1.1" 200 9893
190.24.78.81 - - [15/Apr/2023:19:30:43 -0500] "GET /portaldeninos/wp-content/uploads/2018/11/tigrillo.jpg HTTP/1.1" 200 402961
190.24.78.81 - - [15/Apr/2023:19:30:43 -0500] "GET /portaldeninos/wp-content/uploads/2018/11/caneca.jpg HTTP/1.1" 200 262661
190.24.78.81 - - [15/Apr/2023:19:30:43 -0500] "GET /portaldeninos/wp-content/uploads/2020/01/Frailejon-escenario.jpg HTTP/1.1" 200 357472
190.24.78.81 - - [15/Apr/2023:19:30:43 -0500] "GET /portaldeninos/wp-content/uploads/2020/06/yt.jpg HTTP/1.1" 200 10577
190.24.78.81 - - [15/Apr/2023:19:30:43 -0500] "GET /portaldeninos/wp-content/uploads/2020/05/ig.jpg HTTP/1.1" 200 11470
190.24.78.81 - - [15/Apr/2023:19:30:43 -0500] "GET /portaldeninos/wp-content/uploads/2020/06/tw.jpg HTTP/1.1" 200 11056
190.24.78.81 - - [15/Apr/2023:19:30:43 -0500] "GET /portaldeninos/wp-content/themes/betheme/images/box_shadow.png HTTP/1.1" 200 108
190.24.78.81 - - [15/Apr/2023:19:30:43 -0500] "GET /portaldeninos/wp-content/themes/betheme/images/stripes/stripes_3_b.png HTTP/1.1" 200 974
190.24.78.81 - - [15/Apr/2023:19:30:43 -0500] "GET /portaldeninos/wp-content/uploads/2022/08/Infograf%C3%ADa-humedales-actualizada.png HTTP/1.1" 200 588022
190.24.78.81 - - [15/Apr/2023:19:30:43 -0500] "GET /portaldeninos/wp-content/themes/betheme/fonts/mfn-icons.woff?93978679 HTTP/1.1" 200 80932
190.24.78.81 - - [15/Apr/2023:19:30:45 -0500] "GET /portaldeninos/comments/feed/ HTTP/1.1" 200 1823
190.24.78.81 - - [15/Apr/2023:19:30:45 -0500] "GET /portaldeninos/feed/ HTTP/1.1" 200 77259
190.24.78.81 - - [15/Apr/2023:19:30:45 -0500] "GET /portaldeninos/home-2-3/feed/ HTTP/1.1" 200 793
190.24.78.81 - - [15/Apr/2023:19:30:43 -0500] "GET /portaldeninos/wp-content/uploads/2022/01/Conoce-lo-que-hace-la-Secretar%C3%ADa-de-Ambiente.mp4 HTTP/1.1" 206 6599959
190.24.78.81 - - [15/Apr/2023:19:30:45 -0500] "GET /portaldeninos/wp-content/uploads/2022/01/Conoce-lo-que-hace-la-Secretar%C3%ADa-de-Ambiente.mp4 HTTP/1.1" 206 3597161
190.24.78.81 - - [15/Apr/2023:19:30:48 -0500] "GET /portaldeninos/wp-json/pum/v1/analytics/?event=open&pid=1126&_cache=1681605030163 HTTP/1.1" 204 -
190.24.78.81 - - [15/Apr/2023:19:30:45 -0500] "GET /portaldeninos/wp-content/uploads/2019/06/CabezoteAMBIENTIC.mp4 HTTP/1.1" 206 4970726
172.22.2.4 - - [15/Apr/2023:19:29:11 -0500] "HEAD /BLA/boletinlegal/ HTTP/1.1" 200 -
190.24.78.81 - - [15/Apr/2023:19:30:43 -0500] "GET /portaldeninos/wp-content/uploads/2022/08/HUmedalConejera03-1.jpg HTTP/1.1" 200 12388495
190.24.78.81 - - [15/Apr/2023:19:30:43 -0500] "GET /portaldeninos/wp-content/uploads/2019/06/CabezoteAMBIENTIC.mp4 HTTP/1.1" 206 21677757
201.245.250.177 - - [15/Apr/2023:19:31:00 -0500] "POST /sipse/faces/presentacion/financiero/solicitudProceso/consultarSolicitudProceso.xhtml HTTP/1.1" 200 44897
201.245.250.177 - - [15/Apr/2023:19:31:00 -0500] "GET /sipse/faces/javax.faces.resource/theme.css?ln=primefaces-sipse HTTP/1.1" 304 -
201.245.250.177 - - [15/Apr/2023:19:31:00 -0500] "GET /sipse/faces/javax.faces.resource/primefaces.css?ln=primefaces&v=4.0 HTTP/1.1" 304 -
201.245.250.177 - - [15/Apr/2023:19:31:00 -0500] "GET /sipse/faces/javax.faces.resource/layout/layout.css?ln=primefaces&v=4.0 HTTP/1.1" 304 -
201.245.250.177 - - [15/Apr/2023:19:31:00 -0500] "GET /sipse/faces/javax.faces.resource/jquery/jquery.js?ln=primefaces&v=4.0 HTTP/1.1" 304 -
201.245.250.177 - - [15/Apr/2023:19:31:00 -0500] "GET /sipse/faces/javax.faces.resource/jquery/jquery-plugins.js?ln=primefaces&v=4.0 HTTP/1.1" 304 -
201.245.250.177 - - [15/Apr/2023:19:31:00 -0500] "GET /sipse/faces/javax.faces.resource/primefaces.js?ln=primefaces&v=4.0 HTTP/1.1" 304 -
201.245.250.177 - - [15/Apr/2023:19:31:01 -0500] "GET /sipse/faces/javax.faces.resource/layout/layout.js?ln=primefaces&v=4.0 HTTP/1.1" 304 -
201.245.250.177 - - [15/Apr/2023:19:31:01 -0500] "GET /sipse/css/imagen/contrasena.png HTTP/1.1" 404 383
201.245.250.177 - - [15/Apr/2023:19:31:01 -0500] "GET /sipse/faces/javax.faces.resource/images/ui-icons_898989_256x240.png?ln=primefaces-aristo HTTP/1.1" 304 -
201.245.250.177 - - [15/Apr/2023:19:31:03 -0500] "GET /sipse/faces/javax.faces.resource/images/ui-bg_flat_0_2d5972_40x100.png?ln=primefaces-aristo HTTP/1.1" 304 -
201.245.250.177 - - [15/Apr/2023:19:31:03 -0500] "POST /sipse/faces/presentacion/financiero/solicitudProceso/consultar.xhtml HTTP/1.1" 200 12915
201.245.250.177 - - [15/Apr/2023:19:31:06 -0500] "POST /sipse/faces/presentacion/financiero/solicitudProceso/consultar.xhtml HTTP/1.1" 200 166403
201.245.250.177 - - [15/Apr/2023:19:31:07 -0500] "GET /sipse/faces/javax.faces.resource/theme.css?ln=primefaces-sipse HTTP/1.1" 304 -
201.245.250.177 - - [15/Apr/2023:19:31:07 -0500] "GET /sipse/faces/javax.faces.resource/primefaces.css?ln=primefaces&v=4.0 HTTP/1.1" 304 -
201.245.250.177 - - [15/Apr/2023:19:31:07 -0500] "GET /sipse/faces/javax.faces.resource/layout/layout.css?ln=primefaces&v=4.0 HTTP/1.1" 304 -
201.245.250.177 - - [15/Apr/2023:19:31:07 -0500] "GET /sipse/faces/javax.faces.resource/jquery/jquery.js?ln=primefaces&v=4.0 HTTP/1.1" 304 -
201.245.250.177 - - [15/Apr/2023:19:31:07 -0500] "GET /sipse/faces/javax.faces.resource/jquery/jquery-plugins.js?ln=primefaces&v=4.0 HTTP/1.1" 304 -
201.245.250.177 - - [15/Apr/2023:19:31:07 -0500] "GET /sipse/faces/javax.faces.resource/primefaces.js?ln=primefaces&v=4.0 HTTP/1.1" 304 -
201.245.250.177 - - [15/Apr/2023:19:31:07 -0500] "GET /sipse/faces/javax.faces.resource/layout/layout.js?ln=primefaces&v=4.0 HTTP/1.1" 304 -
201.245.250.177 - - [15/Apr/2023:19:31:07 -0500] "GET /sipse/faces/javax.faces.resource/dynamiccontent.properties?ln=primefaces&pfdrid=XjOR5%2F%2FfPAZAuY9TpWQeCiM0BhlXxYRBGKi%2FQcXXfeA%3D&pfdrid_c=false HTTP/1.1" 500 383
201.245.250.177 - - [15/Apr/2023:19:31:11 -0500] "POST /sipse/faces/presentacion/financiero/solicitudProceso/consultarSolicitudProceso.xhtml HTTP/1.1" 200 151228
201.245.250.177 - - [15/Apr/2023:19:31:13 -0500] "POST /sipse/faces/presentacion/financiero/solicitudProceso/consultarSolicitudProceso.xhtml HTTP/1.1" 200 731208
172.22.2.4 - - [15/Apr/2023:19:30:02 -0500] "GET /BLA/boletinlegal/ HTTP/1.1" 200 57561
190.24.78.81 - - [15/Apr/2023:19:31:56 -0500] "GET /portaldeninos/wp-content/uploads/2019/06/CabezoteAMBIENTIC.mp4 HTTP/1.1" 206 5490365
201.245.192.253 - - [15/Apr/2023:19:32:25 -0500] "POST /kwsrmcab/Wsrmcab  HTTP/1.1" 200 43322
52.167.144.63 - - [15/Apr/2023:19:33:02 -0500] "GET /sipse/faces/autenticacion.xhtml HTTP/1.1" 200 12493
69.171.251.117 - - [15/Apr/2023:19:33:27 -0500] "GET /images/calidad-aire-2-marzo-1_optimized.jpeg HTTP/1.1" 200 51562
190.24.78.81 - - [15/Apr/2023:19:33:40 -0500] "GET /portaldeninos/wp-content/uploads/2019/06/CabezoteAMBIENTIC.mp4 HTTP/1.1" 206 14014181
201.245.250.177 - - [15/Apr/2023:19:34:38 -0500] "POST /sipse/faces/presentacion/financiero/solicitudProceso/consultarSolicitudProceso.xhtml HTTP/1.1" 200 45039
201.245.250.177 - - [15/Apr/2023:19:34:38 -0500] "GET /sipse/faces/javax.faces.resource/theme.css?ln=primefaces-sipse HTTP/1.1" 304 -
201.245.250.177 - - [15/Apr/2023:19:34:38 -0500] "GET /sipse/faces/javax.faces.resource/primefaces.css?ln=primefaces&v=4.0 HTTP/1.1" 304 -
201.245.250.177 - - [15/Apr/2023:19:34:38 -0500] "GET /sipse/faces/javax.faces.resource/layout/layout.css?ln=primefaces&v=4.0 HTTP/1.1" 304 -
201.245.250.177 - - [15/Apr/2023:19:34:38 -0500] "GET /sipse/faces/javax.faces.resource/jquery/jquery.js?ln=primefaces&v=4.0 HTTP/1.1" 304 -
201.245.250.177 - - [15/Apr/2023:19:34:38 -0500] "GET /sipse/faces/javax.faces.resource/primefaces.js?ln=primefaces&v=4.0 HTTP/1.1" 304 -
201.245.250.177 - - [15/Apr/2023:19:34:38 -0500] "GET /sipse/faces/javax.faces.resource/jquery/jquery-plugins.js?ln=primefaces&v=4.0 HTTP/1.1" 304 -
201.245.250.177 - - [15/Apr/2023:19:34:38 -0500] "GET /sipse/faces/javax.faces.resource/layout/layout.js?ln=primefaces&v=4.0 HTTP/1.1" 304 -
201.245.250.177 - - [15/Apr/2023:19:34:38 -0500] "GET /sipse/css/imagen/contrasena.png HTTP/1.1" 404 383
201.245.250.177 - - [15/Apr/2023:19:34:38 -0500] "GET /sipse/faces/javax.faces.resource/images/ui-icons_898989_256x240.png?ln=primefaces-aristo HTTP/1.1" 304 -
201.245.250.177 - - [15/Apr/2023:19:34:41 -0500] "GET /sipse/faces/javax.faces.resource/images/ui-bg_flat_0_2d5972_40x100.png?ln=primefaces-aristo HTTP/1.1" 304 -
201.245.250.177 - - [15/Apr/2023:19:34:41 -0500] "POST /sipse/faces/presentacion/financiero/solicitudProceso/consultar.xhtml HTTP/1.1" 200 12900
201.245.250.177 - - [15/Apr/2023:19:34:43 -0500] "POST /sipse/faces/presentacion/financiero/solicitudProceso/consultar.xhtml HTTP/1.1" 200 163470
201.245.250.177 - - [15/Apr/2023:19:34:43 -0500] "GET /sipse/faces/javax.faces.resource/theme.css?ln=primefaces-sipse HTTP/1.1" 304 -
201.245.250.177 - - [15/Apr/2023:19:34:43 -0500] "GET /sipse/faces/javax.faces.resource/layout/layout.css?ln=primefaces&v=4.0 HTTP/1.1" 304 -
201.245.250.177 - - [15/Apr/2023:19:34:43 -0500] "GET /sipse/faces/javax.faces.resource/primefaces.css?ln=primefaces&v=4.0 HTTP/1.1" 304 -
201.245.250.177 - - [15/Apr/2023:19:34:43 -0500] "GET /sipse/faces/javax.faces.resource/jquery/jquery.js?ln=primefaces&v=4.0 HTTP/1.1" 304 -
201.245.250.177 - - [15/Apr/2023:19:34:43 -0500] "GET /sipse/faces/javax.faces.resource/jquery/jquery-plugins.js?ln=primefaces&v=4.0 HTTP/1.1" 304 -
201.245.250.177 - - [15/Apr/2023:19:34:44 -0500] "GET /sipse/faces/javax.faces.resource/primefaces.js?ln=primefaces&v=4.0 HTTP/1.1" 304 -
201.245.250.177 - - [15/Apr/2023:19:34:44 -0500] "GET /sipse/faces/javax.faces.resource/layout/layout.js?ln=primefaces&v=4.0 HTTP/1.1" 304 -
201.245.250.177 - - [15/Apr/2023:19:34:44 -0500] "GET /sipse/faces/javax.faces.resource/dynamiccontent.properties?ln=primefaces&pfdrid=XjOR5%2F%2FfPAZAuY9TpWQeCiM0BhlXxYRBGKi%2FQcXXfeA%3D&pfdrid_c=false HTTP/1.1" 500 383
201.245.250.177 - - [15/Apr/2023:19:34:51 -0500] "POST /sipse/faces/presentacion/financiero/solicitudProceso/consultarSolicitudProceso.xhtml HTTP/1.1" 200 40125
201.245.250.177 - - [15/Apr/2023:19:34:54 -0500] "POST /sipse/faces/presentacion/financiero/solicitudProceso/consultarSolicitudProceso.xhtml HTTP/1.1" 200 1857616
216.245.221.92 - - [15/Apr/2023:19:35:04 -0500] "HEAD / HTTP/1.1" 200 -
172.22.2.4 - - [15/Apr/2023:19:35:01 -0500] "HEAD /BLA/boletinlegal/ HTTP/1.1" 200 -
201.245.192.253 - - [15/Apr/2023:19:37:24 -0500] "POST /kwsrmcab/Wsrmcab  HTTP/1.1" 200 43322
172.22.2.4 - - [15/Apr/2023:19:35:52 -0500] "GET /BLA/boletinlegal/ HTTP/1.1" 200 57151
201.245.250.177 - - [15/Apr/2023:19:38:18 -0500] "POST /sipse/faces/presentacion/financiero/solicitudProceso/consultarSolicitudProceso.xhtml HTTP/1.1" 200 45024
201.245.250.177 - - [15/Apr/2023:19:38:18 -0500] "GET /sipse/faces/javax.faces.resource/theme.css?ln=primefaces-sipse HTTP/1.1" 304 -
201.245.250.177 - - [15/Apr/2023:19:38:18 -0500] "GET /sipse/faces/javax.faces.resource/primefaces.css?ln=primefaces&v=4.0 HTTP/1.1" 304 -
201.245.250.177 - - [15/Apr/2023:19:38:18 -0500] "GET /sipse/faces/javax.faces.resource/layout/layout.css?ln=primefaces&v=4.0 HTTP/1.1" 304 -
201.245.250.177 - - [15/Apr/2023:19:38:19 -0500] "GET /sipse/faces/javax.faces.resource/jquery/jquery.js?ln=primefaces&v=4.0 HTTP/1.1" 304 -
201.245.250.177 - - [15/Apr/2023:19:38:19 -0500] "GET /sipse/faces/javax.faces.resource/jquery/jquery-plugins.js?ln=primefaces&v=4.0 HTTP/1.1" 304 -
201.245.250.177 - - [15/Apr/2023:19:38:19 -0500] "GET /sipse/faces/javax.faces.resource/primefaces.js?ln=primefaces&v=4.0 HTTP/1.1" 304 -
201.245.250.177 - - [15/Apr/2023:19:38:19 -0500] "GET /sipse/faces/javax.faces.resource/layout/layout.js?ln=primefaces&v=4.0 HTTP/1.1" 304 -
201.245.250.177 - - [15/Apr/2023:19:38:19 -0500] "GET /sipse/css/imagen/contrasena.png HTTP/1.1" 404 383
201.245.250.177 - - [15/Apr/2023:19:38:19 -0500] "GET /sipse/faces/javax.faces.resource/images/ui-icons_898989_256x240.png?ln=primefaces-aristo HTTP/1.1" 304 -
201.245.250.177 - - [15/Apr/2023:19:38:22 -0500] "GET /sipse/faces/javax.faces.resource/images/ui-bg_flat_0_2d5972_40x100.png?ln=primefaces-aristo HTTP/1.1" 304 -
201.245.250.177 - - [15/Apr/2023:19:38:22 -0500] "POST /sipse/faces/presentacion/financiero/solicitudProceso/consultar.xhtml HTTP/1.1" 200 12882
201.245.250.177 - - [15/Apr/2023:19:38:26 -0500] "POST /sipse/faces/presentacion/financiero/solicitudProceso/consultar.xhtml HTTP/1.1" 200 151911
201.245.250.177 - - [15/Apr/2023:19:38:26 -0500] "GET /sipse/faces/javax.faces.resource/theme.css?ln=primefaces-sipse HTTP/1.1" 304 -
201.245.250.177 - - [15/Apr/2023:19:38:26 -0500] "GET /sipse/faces/javax.faces.resource/layout/layout.css?ln=primefaces&v=4.0 HTTP/1.1" 304 -
201.245.250.177 - - [15/Apr/2023:19:38:26 -0500] "GET /sipse/faces/javax.faces.resource/primefaces.css?ln=primefaces&v=4.0 HTTP/1.1" 304 -
201.245.250.177 - - [15/Apr/2023:19:38:26 -0500] "GET /sipse/faces/javax.faces.resource/jquery/jquery.js?ln=primefaces&v=4.0 HTTP/1.1" 304 -
201.245.250.177 - - [15/Apr/2023:19:38:26 -0500] "GET /sipse/faces/javax.faces.resource/jquery/jquery-plugins.js?ln=primefaces&v=4.0 HTTP/1.1" 304 -
201.245.250.177 - - [15/Apr/2023:19:38:26 -0500] "GET /sipse/faces/javax.faces.resource/primefaces.js?ln=primefaces&v=4.0 HTTP/1.1" 304 -
201.245.250.177 - - [15/Apr/2023:19:38:26 -0500] "GET /sipse/faces/javax.faces.resource/layout/layout.js?ln=primefaces&v=4.0 HTTP/1.1" 304 -
201.245.250.177 - - [15/Apr/2023:19:38:27 -0500] "GET /sipse/faces/javax.faces.resource/dynamiccontent.properties?ln=primefaces&pfdrid=XjOR5%2F%2FfPAZAuY9TpWQeCiM0BhlXxYRBGKi%2FQcXXfeA%3D&pfdrid_c=false HTTP/1.1" 500 383
201.245.250.177 - - [15/Apr/2023:19:38:37 -0500] "POST /sipse/faces/presentacion/financiero/solicitudProceso/consultarSolicitudProceso.xhtml HTTP/1.1" 200 841450
201.245.250.177 - - [15/Apr/2023:19:38:41 -0500] "POST /sipse/faces/presentacion/financiero/solicitudProceso/consultarSolicitudProceso.xhtml HTTP/1.1" 200 640235
201.245.192.253 - - [15/Apr/2023:19:39:26 -0500] "POST /kwsrmcab/Wsrmcab HTTP/1.1" 200 43304
201.245.192.253 - - [15/Apr/2023:19:39:29 -0500] "POST /kwsrmcab/Wsrmcab HTTP/1.1" 200 43331
34.206.217.125 - - [15/Apr/2023:19:39:38 -0500] "HEAD /15-negocios-verdes HTTP/1.1" 404 -
31.13.115.20 - - [15/Apr/2023:19:39:51 -0500] "GET /bogota-se-prepara-para-tres-fines-de-semana-de-adopciones.html HTTP/1.1" 206 821
216.245.221.92 - - [15/Apr/2023:19:40:04 -0500] "HEAD / HTTP/1.1" 200 -
186.30.41.88 - - [15/Apr/2023:19:40:45 -0500] "GET /BLA/resoluciones/AUTOS%202017/2472.pdf HTTP/1.1" 200 512067
66.249.73.55 - - [15/Apr/2023:19:41:33 -0500] "-" 408 -
186.30.41.88 - - [15/Apr/2023:19:41:45 -0500] "GET /BLA/resoluciones/ HTTP/1.1" 200 13502
186.30.41.88 - - [15/Apr/2023:19:41:47 -0500] "GET /BLA/resoluciones/index.php?dir=AUTOS+2019%2F HTTP/1.1" 200 368087
201.245.192.253 - - [15/Apr/2023:19:42:23 -0500] "POST /kwsrmcab/Wsrmcab  HTTP/1.1" 200 43322
172.22.2.4 - - [15/Apr/2023:19:40:51 -0500] "HEAD /BLA/boletinlegal/ HTTP/1.1" 200 -
172.22.2.4 - - [15/Apr/2023:19:41:42 -0500] "GET /BLA/boletinlegal/ HTTP/1.1" 200 57151
172.22.2.4 - - [15/Apr/2023:19:44:28 -0500] "POST /BLA/boletinlegal/scripts/WPnBr.dll HTTP/1.1" 404 1043
172.22.2.4 - - [15/Apr/2023:19:44:28 -0500] "GET /BLA/boletinlegal/Portal0000.htm HTTP/1.1" 404 1043
172.22.2.4 - - [15/Apr/2023:19:44:28 -0500] "GET /BLA/boletinlegal/LwJO HTTP/1.1" 404 1043
172.22.2.4 - - [15/Apr/2023:19:44:28 -0500] "GET /BLA/boletinlegal/start.cfm HTTP/1.1" 404 1043
172.22.2.4 - - [15/Apr/2023:19:44:28 -0500] "GET /BLA/boletinlegal/Portal/Portal.mwsl HTTP/1.1" 404 1043
172.22.2.4 - - [15/Apr/2023:19:44:28 -0500] "POST /BLA/boletinlegal/sdk HTTP/1.1" 404 1043
172.22.2.4 - - [15/Apr/2023:19:44:28 -0500] "GET /BLA/boletinlegal/CSS/Miniweb.css HTTP/1.1" 404 1043
172.22.2.4 - - [15/Apr/2023:19:44:29 -0500] "GET /BLA/boletinlegal/nmaplowercheck1681605851 HTTP/1.1" 404 1043
172.22.2.4 - - [15/Apr/2023:19:44:29 -0500] "GET /BLA/boletinlegal/.git/HEAD HTTP/1.1" 404 1043
172.22.2.4 - - [15/Apr/2023:19:44:29 -0500] "GET /BLA/boletinlegal/robots.txt HTTP/1.1" 404 1043
172.22.2.4 - - [15/Apr/2023:19:44:29 -0500] "GET /BLA/boletinlegal/docs/cplugError.html/ HTTP/1.1" 404 1043
172.22.2.4 - - [15/Apr/2023:19:44:29 -0500] "GET /BLA/boletinlegal/__Additional HTTP/1.1" 404 1043
172.22.2.4 - - [15/Apr/2023:19:44:30 -0500] "GET /BLA/boletinlegal/HNAP1 HTTP/1.1" 404 1043
172.22.2.4 - - [15/Apr/2023:19:44:30 -0500] "GET /BLA/boletinlegal/pools/default/buckets HTTP/1.1" 404 1043
172.22.2.4 - - [15/Apr/2023:19:44:30 -0500] "GET /BLA/boletinlegal/default.asp HTTP/1.1" 404 1043
172.22.2.4 - - [15/Apr/2023:19:44:31 -0500] "GET /BLA/boletinlegal/pools HTTP/1.1" 404 1043
172.22.2.4 - - [15/Apr/2023:19:44:32 -0500] "GET /BLA/boletinlegal/inicio.jsp HTTP/1.1" 404 1043
172.22.2.4 - - [15/Apr/2023:19:44:33 -0500] "GET /BLA/boletinlegal/start.html HTTP/1.1" 404 1043
172.22.2.4 - - [15/Apr/2023:19:44:34 -0500] "GET /BLA/boletinlegal/start.cgi HTTP/1.1" 404 1043
172.22.2.4 - - [15/Apr/2023:19:44:35 -0500] "GET /BLA/boletinlegal/main.shtml HTTP/1.1" 404 1043
172.22.2.4 - - [15/Apr/2023:19:44:36 -0500] "GET /BLA/boletinlegal/start.aspx HTTP/1.1" 404 1043
172.22.2.4 - - [15/Apr/2023:19:44:37 -0500] "GET /BLA/boletinlegal/index.pl HTTP/1.1" 404 1043
172.22.2.4 - - [15/Apr/2023:19:44:38 -0500] "GET /BLA/boletinlegal/menu.aspx HTTP/1.1" 404 1043
216.245.221.92 - - [15/Apr/2023:19:45:04 -0500] "HEAD / HTTP/1.1" 200 -
172.22.2.4 - - [15/Apr/2023:19:44:27 -0500] "GET /BLA/boletinlegal/ HTTP/1.1" 200 20427
201.245.250.177 - - [15/Apr/2023:19:45:32 -0500] "POST /sipse/faces/presentacion/financiero/solicitudProceso/consultarSolicitudProceso.xhtml HTTP/1.1" 200 45006
201.245.250.177 - - [15/Apr/2023:19:45:32 -0500] "GET /sipse/faces/javax.faces.resource/theme.css?ln=primefaces-sipse HTTP/1.1" 304 -
201.245.250.177 - - [15/Apr/2023:19:45:32 -0500] "GET /sipse/faces/javax.faces.resource/layout/layout.css?ln=primefaces&v=4.0 HTTP/1.1" 304 -
201.245.250.177 - - [15/Apr/2023:19:45:32 -0500] "GET /sipse/faces/javax.faces.resource/primefaces.css?ln=primefaces&v=4.0 HTTP/1.1" 304 -
201.245.250.177 - - [15/Apr/2023:19:45:32 -0500] "GET /sipse/faces/javax.faces.resource/jquery/jquery.js?ln=primefaces&v=4.0 HTTP/1.1" 304 -
201.245.250.177 - - [15/Apr/2023:19:45:32 -0500] "GET /sipse/faces/javax.faces.resource/layout/layout.js?ln=primefaces&v=4.0 HTTP/1.1" 304 -
201.245.250.177 - - [15/Apr/2023:19:45:32 -0500] "GET /sipse/faces/javax.faces.resource/primefaces.js?ln=primefaces&v=4.0 HTTP/1.1" 304 -
201.245.250.177 - - [15/Apr/2023:19:45:32 -0500] "GET /sipse/faces/javax.faces.resource/jquery/jquery-plugins.js?ln=primefaces&v=4.0 HTTP/1.1" 304 -
201.245.250.177 - - [15/Apr/2023:19:45:32 -0500] "GET /sipse/css/imagen/contrasena.png HTTP/1.1" 404 383
201.245.250.177 - - [15/Apr/2023:19:45:32 -0500] "GET /sipse/faces/javax.faces.resource/images/ui-icons_898989_256x240.png?ln=primefaces-aristo HTTP/1.1" 304 -
201.245.250.177 - - [15/Apr/2023:19:45:35 -0500] "GET /sipse/faces/javax.faces.resource/images/ui-bg_flat_0_2d5972_40x100.png?ln=primefaces-aristo HTTP/1.1" 304 -
201.245.250.177 - - [15/Apr/2023:19:45:36 -0500] "POST /sipse/faces/presentacion/financiero/solicitudProceso/consultar.xhtml HTTP/1.1" 200 12891
201.245.250.177 - - [15/Apr/2023:19:45:39 -0500] "POST /sipse/faces/presentacion/financiero/solicitudProceso/consultar.xhtml HTTP/1.1" 200 155709
201.245.250.177 - - [15/Apr/2023:19:45:39 -0500] "GET /sipse/faces/javax.faces.resource/theme.css?ln=primefaces-sipse HTTP/1.1" 304 -
201.245.250.177 - - [15/Apr/2023:19:45:39 -0500] "GET /sipse/faces/javax.faces.resource/layout/layout.css?ln=primefaces&v=4.0 HTTP/1.1" 304 -
201.245.250.177 - - [15/Apr/2023:19:45:39 -0500] "GET /sipse/faces/javax.faces.resource/primefaces.css?ln=primefaces&v=4.0 HTTP/1.1" 304 -
201.245.250.177 - - [15/Apr/2023:19:45:39 -0500] "GET /sipse/faces/javax.faces.resource/jquery/jquery.js?ln=primefaces&v=4.0 HTTP/1.1" 304 -
201.245.250.177 - - [15/Apr/2023:19:45:39 -0500] "GET /sipse/faces/javax.faces.resource/jquery/jquery-plugins.js?ln=primefaces&v=4.0 HTTP/1.1" 304 -
201.245.250.177 - - [15/Apr/2023:19:45:39 -0500] "GET /sipse/faces/javax.faces.resource/primefaces.js?ln=primefaces&v=4.0 HTTP/1.1" 304 -
201.245.250.177 - - [15/Apr/2023:19:45:39 -0500] "GET /sipse/faces/javax.faces.resource/layout/layout.js?ln=primefaces&v=4.0 HTTP/1.1" 304 -
201.245.250.177 - - [15/Apr/2023:19:45:40 -0500] "GET /sipse/faces/javax.faces.resource/dynamiccontent.properties?ln=primefaces&pfdrid=XjOR5%2F%2FfPAZAuY9TpWQeCiM0BhlXxYRBGKi%2FQcXXfeA%3D&pfdrid_c=false HTTP/1.1" 500 383
201.245.250.177 - - [15/Apr/2023:19:45:45 -0500] "POST /sipse/faces/presentacion/financiero/solicitudProceso/consultarSolicitudProceso.xhtml HTTP/1.1" 200 858720
172.22.2.4 - - [15/Apr/2023:19:44:40 -0500] "GET /BLA/boletinlegal/ HTTP/1.1" 200 20427
201.245.250.177 - - [15/Apr/2023:19:45:49 -0500] "POST /sipse/faces/presentacion/financiero/solicitudProceso/consultarSolicitudProceso.xhtml HTTP/1.1" 200 621015
172.22.2.4 - - [15/Apr/2023:19:44:39 -0500] "GET /BLA/boletinlegal/ HTTP/1.1" 200 20427
172.22.2.4 - - [15/Apr/2023:19:44:38 -0500] "GET /BLA/boletinlegal/ HTTP/1.1" 200 20427
172.22.2.4 - - [15/Apr/2023:19:44:30 -0500] "GET /BLA/boletinlegal/ HTTP/1.1" 200 24523
172.22.2.4 - - [15/Apr/2023:19:44:30 -0500] "GET /BLA/boletinlegal/?=PHPE9568F36-D428-11d2-A769-00AA001ACF42 HTTP/1.1" 200 24523
172.22.2.4 - - [15/Apr/2023:19:44:28 -0500] "GET /BLA/boletinlegal/ HTTP/1.1" 200 24523
172.22.2.4 - - [15/Apr/2023:19:44:28 -0500] "GET /BLA/boletinlegal/ HTTP/1.1" 200 24523
52.167.144.37 - - [15/Apr/2023:19:47:01 -0500] "GET /experiencias-exitosas-en-la-implementacion-de-buenas-practicas-ambientales-en-entidades-del-distrito.html HTTP/1.1" 200 821
201.245.192.253 - - [15/Apr/2023:19:47:22 -0500] "POST /kwsrmcab/Wsrmcab  HTTP/1.1" 200 43322
69.171.249.10 - - [15/Apr/2023:19:47:44 -0500] "GET /15-negocios-verdes-verificados-por-la-secretaria-de-ambiente-participan-en-la-feria-hecho-en-bogota.html HTTP/1.1" 206 1007
69.171.249.10 - - [15/Apr/2023:19:47:44 -0500] "GET /15-negocios-verdes-verificados-por-la-secretaria-de-ambiente-participan-en-la-feria-hecho-en-bogota.html HTTP/1.1" 206 1007
69.171.249.5 - - [15/Apr/2023:19:47:45 -0500] "GET /15-negocios-verdes-verificados-por-la-secretaria-de-ambiente-participan-en-la-feria-hecho-en-bogota.html HTTP/1.1" 206 1007
52.167.144.58 - - [15/Apr/2023:19:48:00 -0500] "GET /BLA/resoluciones/RESOLUCIONES%202022/3751.pdf HTTP/1.1" 304 -
172.22.2.4 - - [15/Apr/2023:19:46:41 -0500] "HEAD /BLA/boletinlegal/ HTTP/1.1" 200 -
172.22.2.4 - - [15/Apr/2023:19:47:32 -0500] "GET /BLA/boletinlegal/ HTTP/1.1" 200 50283
216.245.221.92 - - [15/Apr/2023:19:50:04 -0500] "HEAD / HTTP/1.1" 200 -
201.245.250.177 - - [15/Apr/2023:19:51:09 -0500] "POST /sipse/faces/presentacion/financiero/solicitudProceso/consultarSolicitudProceso.xhtml HTTP/1.1" 200 45015
201.245.250.177 - - [15/Apr/2023:19:51:09 -0500] "GET /sipse/faces/javax.faces.resource/theme.css?ln=primefaces-sipse HTTP/1.1" 304 -
201.245.250.177 - - [15/Apr/2023:19:51:09 -0500] "GET /sipse/faces/javax.faces.resource/primefaces.css?ln=primefaces&v=4.0 HTTP/1.1" 304 -
