66.220.149.14 - - [16/Apr/2023:19:52:29 -0500] "GET /images/caminos-de-los-cerros-1_optimized.jpeg HTTP/1.1" 200 49537
172.22.2.4 - - [16/Apr/2023:19:52:33 -0500] "GET /BLA/boletinlegal/sugerencias.php HTTP/1.1" 200 8615
172.22.2.4 - - [16/Apr/2023:19:51:25 -0500] "GET /BLA/boletinlegal/ HTTP/1.1" 200 54424
172.22.2.4 - - [16/Apr/2023:19:53:30 -0500] "GET /BLA/boletinlegal/robots.txt HTTP/1.1" 404 1037
172.22.2.4 - - [16/Apr/2023:19:53:30 -0500] "GET /BLA/boletinlegal/robots.txt HTTP/1.1" 404 1037
172.22.2.4 - - [16/Apr/2023:19:53:38 -0500] "GET /BLA/boletinlegal/actos.php HTTP/1.1" 200 9682
191.156.182.225 - - [16/Apr/2023:19:53:42 -0500] "GET /galeria/galeria/jquery.fancybox.css?v=2.1.5 HTTP/1.1" 200 4895
191.156.182.225 - - [16/Apr/2023:19:53:42 -0500] "GET /galeria/galeria/jquery.fancybox.js?v=2.1.5 HTTP/1.1" 200 48706
191.156.184.169 - - [16/Apr/2023:19:53:42 -0500] "GET /BLA/boletinlegal/js/jquery.scrollShow.js HTTP/1.1" 200 4586
172.22.2.4 - - [16/Apr/2023:19:52:34 -0500] "GET /BLA/boletinlegal/ HTTP/1.1" 200 57561
201.245.192.253 - - [16/Apr/2023:19:55:16 -0500] "POST /kwsrmcab/Wsrmcab  HTTP/1.1" 200 43322
216.245.221.92 - - [16/Apr/2023:19:55:38 -0500] "HEAD / HTTP/1.1" 200 -
172.22.2.4 - - [16/Apr/2023:19:57:12 -0500] "GET /BLA/boletinlegal/robots.txt HTTP/1.1" 404 1038
172.22.2.4 - - [16/Apr/2023:19:57:12 -0500] "GET /BLA/boletinlegal/jurisprudencia/analisis/AnalisisC-035-16.docx HTTP/1.1" 304 -
172.22.2.4 - - [16/Apr/2023:19:56:25 -0500] "HEAD /BLA/boletinlegal/ HTTP/1.1" 200 -
172.22.2.4 - - [16/Apr/2023:19:57:15 -0500] "GET /BLA/boletinlegal/ HTTP/1.1" 200 57151
201.245.192.253 - - [16/Apr/2023:20:00:14 -0500] "POST /kwsrmcab/Wsrmcab  HTTP/1.1" 200 43322
216.245.221.92 - - [16/Apr/2023:20:00:38 -0500] "HEAD / HTTP/1.1" 200 -
134.122.36.177 - - [16/Apr/2023:20:03:34 -0500] "\x16\x03\x01" 400 226
134.122.36.177 - - [16/Apr/2023:20:03:34 -0500] "\x16\x03\x01" 400 226
134.122.36.177 - - [16/Apr/2023:20:03:34 -0500] "GET / HTTP/1.1" 200 319
134.122.36.177 - - [16/Apr/2023:20:03:34 -0500] "GET /client/get_targets HTTP/1.1" 404 1018
134.122.36.177 - - [16/Apr/2023:20:03:35 -0500] "GET /upl.php HTTP/1.1" 404 1018
134.122.36.177 - - [16/Apr/2023:20:03:35 -0500] "\x16\x03\x01" 400 226
134.122.36.177 - - [16/Apr/2023:20:03:35 -0500] "GET /geoip/ HTTP/1.1" 404 1018
134.122.36.177 - - [16/Apr/2023:20:03:36 -0500] "GET / HTTP/1.1" 200 319
134.122.36.177 - - [16/Apr/2023:20:03:37 -0500] "GET /favicon.ico HTTP/1.1" 200 7782
52.167.144.80 - - [16/Apr/2023:20:03:50 -0500] "GET /BLA/resoluciones/AUTOS%202021/2619.pdf HTTP/1.1" 200 377172
172.22.2.4 - - [16/Apr/2023:20:02:14 -0500] "HEAD /BLA/boletinlegal/ HTTP/1.1" 200 -
172.22.2.4 - - [16/Apr/2023:20:03:04 -0500] "GET /BLA/boletinlegal/ HTTP/1.1" 200 53924
172.22.2.4 - - [16/Apr/2023:20:03:05 -0500] "GET /BLA/boletinlegal/ HTTP/1.1" 200 53924
201.245.192.253 - - [16/Apr/2023:20:05:12 -0500] "POST /kwsrmcab/Wsrmcab  HTTP/1.1" 200 43322
216.245.221.92 - - [16/Apr/2023:20:05:38 -0500] "HEAD / HTTP/1.1" 200 -
40.77.188.134 - - [16/Apr/2023:20:07:23 -0500] "GET /portaldeninos/wp-content/themes/betheme/fonts/mfn-icons.woff?93978679 HTTP/1.1" 200 80932
152.202.73.26 - - [16/Apr/2023:20:07:36 -0500] "OPTIONS / HTTP/1.1" 200 -
152.202.73.26 - - [16/Apr/2023:20:07:36 -0500] "OPTIONS / HTTP/1.1" 200 -
152.202.73.26 - - [16/Apr/2023:20:07:36 -0500] "GET /_api/v2.0/shares/u!aHR0cDovLzE5MC4yNy4yNDUuMTA2L2F1dG9saXF1aWRhY2lvbi9Tb2xpY2l0dWRlcyUyMHJlbGFjaW9uYWRhcyUyMGNvbiUyMGNhbGlkYWQlMjBkZWwlMjBhaXJlJTIwYXVkaXRpdmElMjB5JTIwdmlzdWFsL1JlZ2lzdHJvJTIwZGUlMjBFbGVtZW50b3MlMjBkZSUyMHB1YmxpY2lkYWQlMjBFeHRlcmlvciUyMFZpc3VhbC8xMjZwbTA0LXByMTYtZi0xJTIwbGlzdGElMjBkZSUyMGNoZXF1ZW8lMjBwZXYlMjAoMSkueGxz/driveitem/thumbnails/?select=c676x676 HTTP/1.1" 406 -
152.202.73.26 - - [16/Apr/2023:20:07:36 -0500] "GET /_api/v2.0/shares/u!aHR0cDovLzE5MC4yNy4yNDUuMTA2L2F1dG9saXF1aWRhY2lvbi9Tb2xpY2l0dWRlcyUyMHJlbGFjaW9uYWRhcyUyMGNvbiUyMGNhbGlkYWQlMjBkZWwlMjBhaXJlJTIwYXVkaXRpdmElMjB5JTIwdmlzdWFsL1JlZ2lzdHJvJTIwZGUlMjBFbGVtZW50b3MlMjBkZSUyMHB1YmxpY2lkYWQlMjBFeHRlcmlvciUyMFZpc3VhbC8xMjZwbTA0LXByMTYtZi0yJTIwc29saWNpdHVkJTIwZGUlMjByZWdpc3RybyUyMHBldiUyMCgyKS54bHM/driveitem/thumbnails/?select=c676x676 HTTP/1.1" 406 -
152.202.73.26 - - [16/Apr/2023:20:07:36 -0500] "OPTIONS / HTTP/1.1" 200 -
152.202.73.26 - - [16/Apr/2023:20:07:36 -0500] "OPTIONS / HTTP/1.1" 200 -
152.202.73.26 - - [16/Apr/2023:20:07:36 -0500] "GET /_api/v2.0/shares/u!aHR0cDovLzE5MC4yNy4yNDUuMTA2L2F1dG9saXF1aWRhY2lvbi9Tb2xpY2l0dWRlcyUyMHJlbGFjaW9uYWRhcyUyMGNvbiUyMGNhbGlkYWQlMjBkZWwlMjBhaXJlJTIwYXVkaXRpdmElMjB5JTIwdmlzdWFsL1JlZ2lzdHJvJTIwZGUlMjBFbGVtZW50b3MlMjBkZSUyMHB1YmxpY2lkYWQlMjBFeHRlcmlvciUyMFZpc3VhbC8xMjZwbTA0LXByMTYtZi0xJTIwbGlzdGElMjBkZSUyMGNoZXF1ZW8lMjBwZXYlMjAoMSkueGxz/driveitem/thumbnails/?select=c676x676 HTTP/1.1" 406 -
152.202.73.26 - - [16/Apr/2023:20:07:36 -0500] "GET /_api/v2.0/shares/u!aHR0cDovLzE5MC4yNy4yNDUuMTA2L2F1dG9saXF1aWRhY2lvbi9Tb2xpY2l0dWRlcyUyMHJlbGFjaW9uYWRhcyUyMGNvbiUyMGNhbGlkYWQlMjBkZWwlMjBhaXJlJTIwYXVkaXRpdmElMjB5JTIwdmlzdWFsL1JlZ2lzdHJvJTIwZGUlMjBFbGVtZW50b3MlMjBkZSUyMHB1YmxpY2lkYWQlMjBFeHRlcmlvciUyMFZpc3VhbC8xMjZwbTA0LXByMTYtZi0yJTIwc29saWNpdHVkJTIwZGUlMjByZWdpc3RybyUyMHBldiUyMCgyKS54bHM/driveitem/thumbnails/?select=c676x676 HTTP/1.1" 406 -
152.202.73.26 - - [16/Apr/2023:20:07:37 -0500] "OPTIONS / HTTP/1.1" 200 -
152.202.73.26 - - [16/Apr/2023:20:07:37 -0500] "OPTIONS / HTTP/1.1" 200 -
152.202.73.26 - - [16/Apr/2023:20:07:37 -0500] "GET /_api/v2.0/shares/u!aHR0cDovLzE5MC4yNy4yNDUuMTA2L2F1dG9saXF1aWRhY2lvbi9Tb2xpY2l0dWRlcyUyMHJlbGFjaW9uYWRhcyUyMGNvbiUyMGNhbGlkYWQlMjBkZWwlMjBhaXJlJTIwYXVkaXRpdmElMjB5JTIwdmlzdWFsL1JlZ2lzdHJvJTIwZGUlMjBFbGVtZW50b3MlMjBkZSUyMHB1YmxpY2lkYWQlMjBFeHRlcmlvciUyMFZpc3VhbC8xMjZwbTA0LXByMTYtZi0xJTIwbGlzdGElMjBkZSUyMGNoZXF1ZW8lMjBwZXYlMjAoMSkueGxz/driveitem/thumbnails/?select=c676x676 HTTP/1.1" 406 -
152.202.73.26 - - [16/Apr/2023:20:07:37 -0500] "GET /_api/v2.0/shares/u!aHR0cDovLzE5MC4yNy4yNDUuMTA2L2F1dG9saXF1aWRhY2lvbi9Tb2xpY2l0dWRlcyUyMHJlbGFjaW9uYWRhcyUyMGNvbiUyMGNhbGlkYWQlMjBkZWwlMjBhaXJlJTIwYXVkaXRpdmElMjB5JTIwdmlzdWFsL1JlZ2lzdHJvJTIwZGUlMjBFbGVtZW50b3MlMjBkZSUyMHB1YmxpY2lkYWQlMjBFeHRlcmlvciUyMFZpc3VhbC8xMjZwbTA0LXByMTYtZi0yJTIwc29saWNpdHVkJTIwZGUlMjByZWdpc3RybyUyMHBldiUyMCgyKS54bHM/driveitem/thumbnails/?select=c676x676 HTTP/1.1" 406 -
152.202.73.26 - - [16/Apr/2023:20:07:45 -0500] "OPTIONS / HTTP/1.1" 200 -
152.202.73.26 - - [16/Apr/2023:20:07:45 -0500] "OPTIONS / HTTP/1.1" 200 -
152.202.73.26 - - [16/Apr/2023:20:07:45 -0500] "GET /_api/v2.0/shares/u!aHR0cDovLzE5MC4yNy4yNDUuMTA2L2F1dG9saXF1aWRhY2lvbi9Tb2xpY2l0dWRlcyUyMHJlbGFjaW9uYWRhcyUyMGNvbiUyMGNhbGlkYWQlMjBkZWwlMjBhaXJlJTIwYXVkaXRpdmElMjB5JTIwdmlzdWFsL1JlZ2lzdHJvJTIwZGUlMjBFbGVtZW50b3MlMjBkZSUyMHB1YmxpY2lkYWQlMjBFeHRlcmlvciUyMFZpc3VhbC8xMjZwbTA0LXByMTYtZi0xJTIwbGlzdGElMjBkZSUyMGNoZXF1ZW8lMjBwZXYlMjAoMSkueGxz/driveitem/thumbnails/?select=c676x676 HTTP/1.1" 406 -
152.202.73.26 - - [16/Apr/2023:20:07:45 -0500] "GET /_api/v2.0/shares/u!aHR0cDovLzE5MC4yNy4yNDUuMTA2L2F1dG9saXF1aWRhY2lvbi9Tb2xpY2l0dWRlcyUyMHJlbGFjaW9uYWRhcyUyMGNvbiUyMGNhbGlkYWQlMjBkZWwlMjBhaXJlJTIwYXVkaXRpdmElMjB5JTIwdmlzdWFsL1JlZ2lzdHJvJTIwZGUlMjBFbGVtZW50b3MlMjBkZSUyMHB1YmxpY2lkYWQlMjBFeHRlcmlvciUyMFZpc3VhbC8xMjZwbTA0LXByMTYtZi0yJTIwc29saWNpdHVkJTIwZGUlMjByZWdpc3RybyUyMHBldiUyMCgyKS54bHM/driveitem/thumbnails/?select=c676x676 HTTP/1.1" 406 -
186.85.157.37 - - [16/Apr/2023:20:08:44 -0500] "GET /como-obtener-el-certificado-de-estado-de-conservacion-ambiental-ceca.html HTTP/1.1" 200 873
172.22.2.4 - - [16/Apr/2023:20:08:55 -0500] "GET /BLA/boletinlegal/actos.php HTTP/1.1" 200 9682
172.22.2.4 - - [16/Apr/2023:20:08:55 -0500] "GET /BLA/boletinlegal/styles2.css HTTP/1.1" 200 1838
172.22.2.4 - - [16/Apr/2023:20:08:55 -0500] "GET /BLA/boletinlegal/js/ajax_actos.js HTTP/1.1" 200 1322
172.22.2.4 - - [16/Apr/2023:20:08:55 -0500] "GET /BLA/boletinlegal/niceforms.js HTTP/1.1" 200 22876
172.22.2.4 - - [16/Apr/2023:20:08:55 -0500] "GET /BLA/boletinlegal/niceforms-default.css HTTP/1.1" 200 6694
172.22.2.4 - - [16/Apr/2023:20:08:55 -0500] "GET /BLA/boletinlegal/style.css HTTP/1.1" 200 9406
172.22.2.4 - - [16/Apr/2023:20:08:55 -0500] "GET /BLA/boletinlegal/js/lib.js HTTP/1.1" 200 6474
172.22.2.4 - - [16/Apr/2023:20:08:55 -0500] "GET /BLA/boletinlegal/js/popup.js HTTP/1.1" 200 1270
172.22.2.4 - - [16/Apr/2023:20:08:55 -0500] "GET /BLA/boletinlegal/js/jquery1.js HTTP/1.1" 200 29846
172.22.2.4 - - [16/Apr/2023:20:08:55 -0500] "GET /BLA/boletinlegal/images/cabezote%20BLEGAL.jpg HTTP/1.1" 200 118164
172.22.2.4 - - [16/Apr/2023:20:08:55 -0500] "GET /BLA/boletinlegal/images/subscribe-icon-big.png HTTP/1.1" 200 47702
172.22.2.4 - - [16/Apr/2023:20:08:55 -0500] "GET /BLA/boletinlegal/images/historia.png HTTP/1.1" 200 52775
172.22.2.4 - - [16/Apr/2023:20:08:55 -0500] "GET /BLA/boletinlegal/images/registro-usuarios.png HTTP/1.1" 200 8106
172.22.2.4 - - [16/Apr/2023:20:08:55 -0500] "GET /BLA/boletinlegal/images/green-yellow-blue-pink-th.png HTTP/1.1" 200 7394
172.22.2.4 - - [16/Apr/2023:20:08:55 -0500] "GET /BLA/boletinlegal/images/tel.png HTTP/1.1" 200 14477
172.22.2.4 - - [16/Apr/2023:20:08:55 -0500] "GET /BLA/boletinlegal/images/body_bg.jpg HTTP/1.1" 200 1601
172.22.2.4 - - [16/Apr/2023:20:08:55 -0500] "GET /BLA/boletinlegal/images/icono-email.png HTTP/1.1" 200 5544
172.22.2.4 - - [16/Apr/2023:20:08:55 -0500] "GET /BLA/boletinlegal/images/menu_lft.gif HTTP/1.1" 200 1713
172.22.2.4 - - [16/Apr/2023:20:08:55 -0500] "GET /BLA/boletinlegal/images/menu_rght.gif HTTP/1.1" 200 1627
172.22.2.4 - - [16/Apr/2023:20:08:55 -0500] "GET /BLA/boletinlegal/images/bg_top.jpg HTTP/1.1" 200 522
172.22.2.4 - - [16/Apr/2023:20:08:55 -0500] "GET /BLA/boletinlegal/images/menu_bg.jpg HTTP/1.1" 200 620
172.22.2.4 - - [16/Apr/2023:20:08:55 -0500] "GET /BLA/boletinlegal/images/hover.jpg HTTP/1.1" 200 640
172.22.2.4 - - [16/Apr/2023:20:08:55 -0500] "GET /BLA/boletinlegal/images/text.jpg HTTP/1.1" 200 568
172.22.2.4 - - [16/Apr/2023:20:08:55 -0500] "GET /BLA/boletinlegal/images/footer_bg.jpg HTTP/1.1" 200 586
172.22.2.4 - - [16/Apr/2023:20:08:55 -0500] "GET /BLA/boletinlegal/images/footer_bg_l.jpg HTTP/1.1" 200 776
172.22.2.4 - - [16/Apr/2023:20:08:55 -0500] "GET /BLA/boletinlegal/img/0.png HTTP/1.1" 200 110
172.22.2.4 - - [16/Apr/2023:20:08:55 -0500] "GET /BLA/boletinlegal/img/select-left.png HTTP/1.1" 200 263
172.22.2.4 - - [16/Apr/2023:20:08:55 -0500] "GET /BLA/boletinlegal/img/select-right.png HTTP/1.1" 200 44019
172.22.2.4 - - [16/Apr/2023:20:08:55 -0500] "GET /BLA/boletinlegal/img/button-left.png HTTP/1.1" 200 57071
172.22.2.4 - - [16/Apr/2023:20:08:55 -0500] "GET /BLA/boletinlegal/img/button.png HTTP/1.1" 200 43241
172.22.2.4 - - [16/Apr/2023:20:08:55 -0500] "GET /BLA/boletinlegal/img/button-right.png HTTP/1.1" 200 57878
172.22.2.4 - - [16/Apr/2023:20:08:55 -0500] "GET /BLA/boletinlegal/favicon.ico HTTP/1.1" 404 1326
172.22.2.4 - - [16/Apr/2023:20:08:59 -0500] "GET /BLA/boletinlegal/consulta_actos.php?tipo=resoluciones&no=&usuario=&sector=&fecha=2023&resuelve= HTTP/1.1" 200 42491
172.22.2.4 - - [16/Apr/2023:20:08:59 -0500] "GET /BLA/boletinlegal/images/background.gif HTTP/1.1" 200 -
172.22.2.4 - - [16/Apr/2023:20:08:59 -0500] "GET /BLA/boletinlegal/images/pdf.gif HTTP/1.1" 200 567
173.252.107.1 - - [16/Apr/2023:20:09:39 -0500] "GET /conoce-que-es-el-plan-institucional-de-gestion-ambiental-y-como-implementarlo.html HTTP/1.1" 206 929
172.22.2.4 - - [16/Apr/2023:20:08:04 -0500] "HEAD /BLA/boletinlegal/ HTTP/1.1" 200 -
172.22.2.4 - - [16/Apr/2023:20:10:01 -0500] "GET /BLA/boletinlegal/actos.php HTTP/1.1" 200 9682
172.22.2.4 - - [16/Apr/2023:20:10:02 -0500] "GET /BLA/boletinlegal/favicon.ico HTTP/1.1" 404 1326
201.245.192.253 - - [16/Apr/2023:20:10:10 -0500] "POST /kwsrmcab/Wsrmcab  HTTP/1.1" 200 43322
173.252.111.15 - - [16/Apr/2023:20:10:22 -0500] "GET /images/WhatsApp%20Image%202023-04-05%20at%2013.54.41.jpeg HTTP/1.1" 200 210747
69.63.184.116 - - [16/Apr/2023:20:10:35 -0500] "GET /bogota-se-alista-para-la-feria-de-emprendimiento-verde.html HTTP/1.1" 206 862
172.22.2.4 - - [16/Apr/2023:20:08:55 -0500] "GET /BLA/boletinlegal/ HTTP/1.1" 200 40886
152.202.73.26 - - [16/Apr/2023:20:10:36 -0500] "OPTIONS / HTTP/1.1" 200 -
152.202.73.26 - - [16/Apr/2023:20:10:36 -0500] "OPTIONS / HTTP/1.1" 200 -
152.202.73.26 - - [16/Apr/2023:20:10:36 -0500] "GET /_api/v2.0/shares/u!aHR0cDovLzE5MC4yNy4yNDUuMTA2L2F1dG9saXF1aWRhY2lvbi9Tb2xpY2l0dWRlcyUyMHJlbGFjaW9uYWRhcyUyMGNvbiUyMGNhbGlkYWQlMjBkZWwlMjBhaXJlJTIwYXVkaXRpdmElMjB5JTIwdmlzdWFsL1JlZ2lzdHJvJTIwZGUlMjBFbGVtZW50b3MlMjBkZSUyMHB1YmxpY2lkYWQlMjBFeHRlcmlvciUyMFZpc3VhbC8xMjZwbTA0LXByMTYtZi0xJTIwbGlzdGElMjBkZSUyMGNoZXF1ZW8lMjBwZXYlMjAoMSkueGxz/driveitem/thumbnails/?select=c676x676 HTTP/1.1" 406 -
152.202.73.26 - - [16/Apr/2023:20:10:36 -0500] "GET /_api/v2.0/shares/u!aHR0cDovLzE5MC4yNy4yNDUuMTA2L2F1dG9saXF1aWRhY2lvbi9Tb2xpY2l0dWRlcyUyMHJlbGFjaW9uYWRhcyUyMGNvbiUyMGNhbGlkYWQlMjBkZWwlMjBhaXJlJTIwYXVkaXRpdmElMjB5JTIwdmlzdWFsL1JlZ2lzdHJvJTIwZGUlMjBFbGVtZW50b3MlMjBkZSUyMHB1YmxpY2lkYWQlMjBFeHRlcmlvciUyMFZpc3VhbC8xMjZwbTA0LXByMTYtZi0yJTIwc29saWNpdHVkJTIwZGUlMjByZWdpc3RybyUyMHBldiUyMCgyKS54bHM/driveitem/thumbnails/?select=c676x676 HTTP/1.1" 406 -
152.202.73.26 - - [16/Apr/2023:20:10:37 -0500] "OPTIONS / HTTP/1.1" 200 -
152.202.73.26 - - [16/Apr/2023:20:10:37 -0500] "OPTIONS / HTTP/1.1" 200 -
152.202.73.26 - - [16/Apr/2023:20:10:37 -0500] "GET /_api/v2.0/shares/u!aHR0cDovLzE5MC4yNy4yNDUuMTA2L2F1dG9saXF1aWRhY2lvbi9Tb2xpY2l0dWRlcyUyMHJlbGFjaW9uYWRhcyUyMGNvbiUyMGNhbGlkYWQlMjBkZWwlMjBhaXJlJTIwYXVkaXRpdmElMjB5JTIwdmlzdWFsL1JlZ2lzdHJvJTIwZGUlMjBFbGVtZW50b3MlMjBkZSUyMHB1YmxpY2lkYWQlMjBFeHRlcmlvciUyMFZpc3VhbC8xMjZwbTA0LXByMTYtZi0xJTIwbGlzdGElMjBkZSUyMGNoZXF1ZW8lMjBwZXYlMjAoMSkueGxz/driveitem/thumbnails/?select=c676x676 HTTP/1.1" 406 -
152.202.73.26 - - [16/Apr/2023:20:10:37 -0500] "GET /_api/v2.0/shares/u!aHR0cDovLzE5MC4yNy4yNDUuMTA2L2F1dG9saXF1aWRhY2lvbi9Tb2xpY2l0dWRlcyUyMHJlbGFjaW9uYWRhcyUyMGNvbiUyMGNhbGlkYWQlMjBkZWwlMjBhaXJlJTIwYXVkaXRpdmElMjB5JTIwdmlzdWFsL1JlZ2lzdHJvJTIwZGUlMjBFbGVtZW50b3MlMjBkZSUyMHB1YmxpY2lkYWQlMjBFeHRlcmlvciUyMFZpc3VhbC8xMjZwbTA0LXByMTYtZi0yJTIwc29saWNpdHVkJTIwZGUlMjByZWdpc3RybyUyMHBldiUyMCgyKS54bHM/driveitem/thumbnails/?select=c676x676 HTTP/1.1" 406 -
216.245.221.92 - - [16/Apr/2023:20:10:38 -0500] "HEAD / HTTP/1.1" 200 -
172.22.2.4 - - [16/Apr/2023:20:09:42 -0500] "GET /BLA/boletinlegal/ HTTP/1.1" 200 28619
40.77.167.240 - - [16/Apr/2023:20:10:47 -0500] "GET /florecio-la-herrania-en-el-tropicario-distrital-una-planta-nativa-de-la-amazonia-colombiana.html HTTP/1.1" 200 935
152.202.73.26 - - [16/Apr/2023:20:10:52 -0500] "OPTIONS / HTTP/1.1" 200 -
152.202.73.26 - - [16/Apr/2023:20:10:52 -0500] "OPTIONS / HTTP/1.1" 200 -
152.202.73.26 - - [16/Apr/2023:20:10:52 -0500] "GET /_api/v2.0/shares/u!aHR0cDovLzE5MC4yNy4yNDUuMTA2L2F1dG9saXF1aWRhY2lvbi9Tb2xpY2l0dWRlcyUyMHJlbGFjaW9uYWRhcyUyMGNvbiUyMGNhbGlkYWQlMjBkZWwlMjBhaXJlJTIwYXVkaXRpdmElMjB5JTIwdmlzdWFsL1JlZ2lzdHJvJTIwZGUlMjBFbGVtZW50b3MlMjBkZSUyMHB1YmxpY2lkYWQlMjBFeHRlcmlvciUyMFZpc3VhbC8xMjZwbTA0LXByMTYtZi0xJTIwbGlzdGElMjBkZSUyMGNoZXF1ZW8lMjBwZXYlMjAoMSkueGxz/driveitem/thumbnails/?select=c676x676 HTTP/1.1" 406 -
152.202.73.26 - - [16/Apr/2023:20:10:52 -0500] "GET /_api/v2.0/shares/u!aHR0cDovLzE5MC4yNy4yNDUuMTA2L2F1dG9saXF1aWRhY2lvbi9Tb2xpY2l0dWRlcyUyMHJlbGFjaW9uYWRhcyUyMGNvbiUyMGNhbGlkYWQlMjBkZWwlMjBhaXJlJTIwYXVkaXRpdmElMjB5JTIwdmlzdWFsL1JlZ2lzdHJvJTIwZGUlMjBFbGVtZW50b3MlMjBkZSUyMHB1YmxpY2lkYWQlMjBFeHRlcmlvciUyMFZpc3VhbC8xMjZwbTA0LXByMTYtZi0yJTIwc29saWNpdHVkJTIwZGUlMjByZWdpc3RybyUyMHBldiUyMCgyKS54bHM/driveitem/thumbnails/?select=c676x676 HTTP/1.1" 406 -
66.249.73.59 - - [16/Apr/2023:20:10:58 -0500] "-" 408 -
172.22.2.4 - - [16/Apr/2023:20:12:36 -0500] "GET /BLA/boletinlegal/Directivas/2017/Directiva%20No.%2002%20del%2017%20de%20Enero%20de%202017.pdf HTTP/1.1" 304 -
172.22.2.4 - - [16/Apr/2023:20:14:31 -0500] "GET /BLA/boletinlegal/style.css HTTP/1.1" 200 9406
172.22.2.4 - - [16/Apr/2023:20:14:31 -0500] "GET /BLA/boletinlegal/styles2.css HTTP/1.1" 200 1838
172.22.2.4 - - [16/Apr/2023:20:14:31 -0500] "GET /BLA/boletinlegal/js/jquery.js HTTP/1.1" 200 57254
172.22.2.4 - - [16/Apr/2023:20:14:33 -0500] "GET /BLA/boletinlegal/js/jquery.scrollTo-min.js HTTP/1.1" 200 1150
172.22.2.4 - - [16/Apr/2023:20:14:33 -0500] "GET /BLA/boletinlegal/js/jquery.scrollShow.js HTTP/1.1" 200 4586
172.22.2.4 - - [16/Apr/2023:20:14:34 -0500] "GET /BLA/boletinlegal/images/historia.png HTTP/1.1" 200 52775
172.22.2.4 - - [16/Apr/2023:20:14:34 -0500] "GET /BLA/boletinlegal/images/cabezote%20BLEGAL.jpg HTTP/1.1" 200 118164
172.22.2.4 - - [16/Apr/2023:20:14:34 -0500] "GET /BLA/boletinlegal/images/subscribe-icon-big.png HTTP/1.1" 200 47702
172.22.2.4 - - [16/Apr/2023:20:14:34 -0500] "GET /BLA/boletinlegal/images/registro-usuarios.png HTTP/1.1" 200 8106
172.22.2.4 - - [16/Apr/2023:20:14:34 -0500] "GET /BLA/boletinlegal/images/arr_l.jpg HTTP/1.1" 200 1979
172.22.2.4 - - [16/Apr/2023:20:14:34 -0500] "GET /BLA/boletinlegal/images/screen_1.png HTTP/1.1" 200 202547
172.22.2.4 - - [16/Apr/2023:20:14:34 -0500] "GET /BLA/boletinlegal/images/launch.jpg HTTP/1.1" 200 14577
172.22.2.4 - - [16/Apr/2023:20:14:35 -0500] "GET /BLA/boletinlegal/images/menu_lft.gif HTTP/1.1" 200 1713
172.22.2.4 - - [16/Apr/2023:20:14:35 -0500] "GET /BLA/boletinlegal/images/menu_rght.gif HTTP/1.1" 200 1627
172.22.2.4 - - [16/Apr/2023:20:14:35 -0500] "GET /BLA/boletinlegal/images/body_bg.jpg HTTP/1.1" 200 1601
172.22.2.4 - - [16/Apr/2023:20:14:39 -0500] "GET /BLA/boletinlegal/images/bg_top.jpg HTTP/1.1" 200 522
172.22.2.4 - - [16/Apr/2023:20:14:39 -0500] "GET /BLA/boletinlegal/images/menu_bg.jpg HTTP/1.1" 200 620
172.22.2.4 - - [16/Apr/2023:20:14:39 -0500] "GET /BLA/boletinlegal/images/text.jpg HTTP/1.1" 200 568
172.22.2.4 - - [16/Apr/2023:20:14:39 -0500] "GET /BLA/boletinlegal/images/hover.jpg HTTP/1.1" 200 640
172.22.2.4 - - [16/Apr/2023:20:14:39 -0500] "GET /BLA/boletinlegal/images/screen_2.png HTTP/1.1" 200 362502
172.22.2.4 - - [16/Apr/2023:20:14:39 -0500] "GET /BLA/boletinlegal/images/screen_3.png HTTP/1.1" 200 210620
172.22.2.4 - - [16/Apr/2023:20:14:39 -0500] "GET /BLA/boletinlegal/images/screen_5.png HTTP/1.1" 200 368876
172.22.2.4 - - [16/Apr/2023:20:14:39 -0500] "GET /BLA/boletinlegal/images/arr_r.jpg HTTP/1.1" 200 1998
201.245.192.253 - - [16/Apr/2023:20:15:11 -0500] "POST /kwsrmcab/Wsrmcab  HTTP/1.1" 200 43322
172.22.2.4 - - [16/Apr/2023:20:14:30 -0500] "GET /BLA/boletinlegal/ HTTP/1.1" 200 28619
108.174.5.113 - - [16/Apr/2023:20:15:24 -0500] "GET /se-viene-la-reciclaton-empresarial-%C3%82%C2%A1inscribete-y-participa.html HTTP/1.1" 206 993
172.22.2.4 - - [16/Apr/2023:20:13:54 -0500] "HEAD /BLA/boletinlegal/ HTTP/1.1" 200 -
216.245.221.92 - - [16/Apr/2023:20:15:38 -0500] "HEAD / HTTP/1.1" 200 -
66.249.70.170 - - [16/Apr/2023:20:15:46 -0500] "-" 408 -
190.25.77.205 - - [16/Apr/2023:20:16:08 -0500] "GET /galeria/galeria/jquery.fancybox.css?v=2.1.5 HTTP/1.1" 200 4895
190.25.77.205 - - [16/Apr/2023:20:16:09 -0500] "GET /galeria/galeria/jquery.fancybox.js?v=2.1.5 HTTP/1.1" 200 48706
190.25.77.205 - - [16/Apr/2023:20:16:09 -0500] "GET /BLA/boletinlegal/js/jquery.scrollShow.js HTTP/1.1" 200 4586
173.252.83.118 - - [16/Apr/2023:20:16:16 -0500] "GET /images/mercados-campesinos-5-mayo.jpg HTTP/1.1" 200 95848
172.22.2.4 - - [16/Apr/2023:20:14:45 -0500] "GET /BLA/boletinlegal/ HTTP/1.1" 200 55934
66.249.73.51 - - [16/Apr/2023:20:17:34 -0500] "-" 408 -
173.252.83.13 - - [16/Apr/2023:20:18:10 -0500] "GET /images/caminos-de-los-cerros-1_optimized.jpeg HTTP/1.1" 200 49537
66.220.149.18 - - [16/Apr/2023:20:19:10 -0500] "GET /images/negocios-verdes-mayo-2022.jpg HTTP/1.1" 200 48000
201.245.192.253 - - [16/Apr/2023:20:19:21 -0500] "POST /kwsrmcab/Wsrmcab HTTP/1.1" 200 43434
201.245.192.253 - - [16/Apr/2023:20:19:24 -0500] "POST /kwsrmcab/Wsrmcab HTTP/1.1" 200 43316
201.245.192.253 - - [16/Apr/2023:20:20:11 -0500] "POST /kwsrmcab/Wsrmcab  HTTP/1.1" 200 43322
216.245.221.92 - - [16/Apr/2023:20:20:38 -0500] "HEAD / HTTP/1.1" 200 -
74.125.151.168 - - [16/Apr/2023:20:21:10 -0500] "GET / HTTP/1.1" 200 4720
172.22.2.4 - - [16/Apr/2023:20:19:44 -0500] "HEAD /BLA/boletinlegal/ HTTP/1.1" 200 -
172.22.2.4 - - [16/Apr/2023:20:20:35 -0500] "GET /BLA/boletinlegal/ HTTP/1.1" 200 57561
66.249.70.168 - - [16/Apr/2023:20:22:57 -0500] "-" 408 -
40.77.167.245 - - [16/Apr/2023:20:23:04 -0500] "GET /portaldeninos/wp-content/uploads/2021/11/dibujos-concurso-vuelo-pajaro-relatos-27-mayo-1200x480.jpg HTTP/1.1" 200 88566
201.97.144.218 - - [16/Apr/2023:20:23:37 -0500] "GET /galeria/galeria/jquery.fancybox.css?v=2.1.5 HTTP/1.1" 200 4895
201.97.144.218 - - [16/Apr/2023:20:23:37 -0500] "GET /BLA/boletinlegal/js/jquery.scrollShow.js HTTP/1.1" 200 4586
201.97.144.218 - - [16/Apr/2023:20:23:37 -0500] "GET /galeria/galeria/jquery.fancybox.js?v=2.1.5 HTTP/1.1" 200 48706
201.245.192.253 - - [16/Apr/2023:20:25:10 -0500] "POST /kwsrmcab/Wsrmcab  HTTP/1.1" 200 43322
216.245.221.92 - - [16/Apr/2023:20:25:38 -0500] "HEAD / HTTP/1.1" 200 -
199.16.157.182 - - [16/Apr/2023:20:27:05 -0500] "GET /images/Red%20de%20Monitoreo%20febrero%2025.png HTTP/1.1" 200 93489
199.16.157.180 - - [16/Apr/2023:20:27:05 -0500] "GET /conoce-las-medidas-de-prevencion-y-mitigacion-contempladas-en-la-alerta-fase-1-por-calidad-del-aire.html HTTP/1.1" 200 917
172.22.2.4 - - [16/Apr/2023:20:25:34 -0500] "HEAD /BLA/boletinlegal/ HTTP/1.1" 200 -
45.238.183.87 - - [16/Apr/2023:20:27:46 -0500] "GET /la-secretaria-de-ambiente-ha-gestionado-14-5-toneladas-de-ropa-y-calzado-en-desuso.html HTTP/1.1" 200 869
173.252.107.16 - - [16/Apr/2023:20:28:01 -0500] "GET /la-segunda-llantaton-del-ano-sera-en-suba-y-barrios-unidos.html HTTP/1.1" 206 823
173.252.107.118 - - [16/Apr/2023:20:28:01 -0500] "GET /la-segunda-llantaton-del-ano-sera-en-suba-y-barrios-unidos.html HTTP/1.1" 200 823
172.22.2.4 - - [16/Apr/2023:20:26:25 -0500] "GET /BLA/boletinlegal/ HTTP/1.1" 200 57151
186.155.19.219 - - [16/Apr/2023:20:28:17 -0500] "POST /sipse/faces/presentacion/financiero/solicitudProceso/listarSolicitudProceso.xhtml HTTP/1.1" 302 -
186.155.19.219 - - [16/Apr/2023:20:28:17 -0500] "GET /sipse/faces/autenticacion.xhtml HTTP/1.1" 200 1099
186.155.19.219 - - [16/Apr/2023:20:28:20 -0500] "POST /sipse/faces/presentacion/financiero/solicitudProceso/listarSolicitudProceso.xhtml HTTP/1.1" 302 -
186.155.19.219 - - [16/Apr/2023:20:28:20 -0500] "GET /sipse/faces/autenticacion.xhtml HTTP/1.1" 200 1099
186.155.19.219 - - [16/Apr/2023:20:28:20 -0500] "POST /sipse/faces/presentacion/financiero/solicitudProceso/listarSolicitudProceso.xhtml HTTP/1.1" 302 -
186.155.19.219 - - [16/Apr/2023:20:28:20 -0500] "GET /sipse/faces/autenticacion.xhtml HTTP/1.1" 200 1099
172.22.2.4 - - [16/Apr/2023:20:29:06 -0500] "GET /BLA/boletinlegal/images/body_bg.jpg HTTP/1.1" 200 1601
172.22.2.4 - - [16/Apr/2023:20:29:06 -0500] "GET /BLA/boletinlegal/images/menu_lft.gif HTTP/1.1" 200 1713
172.22.2.4 - - [16/Apr/2023:20:29:06 -0500] "GET /BLA/boletinlegal/images/menu_rght.gif HTTP/1.1" 200 1627
172.22.2.4 - - [16/Apr/2023:20:29:06 -0500] "GET /BLA/boletinlegal/images/bg_top.jpg HTTP/1.1" 200 522
172.22.2.4 - - [16/Apr/2023:20:29:06 -0500] "GET /BLA/boletinlegal/images/menu_bg.jpg HTTP/1.1" 200 620
172.22.2.4 - - [16/Apr/2023:20:29:06 -0500] "GET /BLA/boletinlegal/images/hover.jpg HTTP/1.1" 200 640
172.22.2.4 - - [16/Apr/2023:20:29:06 -0500] "GET /BLA/boletinlegal/images/text.jpg HTTP/1.1" 200 568
172.22.2.4 - - [16/Apr/2023:20:29:10 -0500] "GET /BLA/boletinlegal/actos.php HTTP/1.1" 200 9682
172.22.2.4 - - [16/Apr/2023:20:29:11 -0500] "GET /BLA/boletinlegal/js/ajax_actos.js HTTP/1.1" 200 1322
172.22.2.4 - - [16/Apr/2023:20:29:11 -0500] "GET /BLA/boletinlegal/niceforms.js HTTP/1.1" 200 22876
172.22.2.4 - - [16/Apr/2023:20:29:11 -0500] "GET /BLA/boletinlegal/niceforms-default.css HTTP/1.1" 200 6694
172.22.2.4 - - [16/Apr/2023:20:29:11 -0500] "GET /BLA/boletinlegal/js/popup.js HTTP/1.1" 200 1270
172.22.2.4 - - [16/Apr/2023:20:29:11 -0500] "GET /BLA/boletinlegal/js/lib.js HTTP/1.1" 200 6474
172.22.2.4 - - [16/Apr/2023:20:29:11 -0500] "GET /BLA/boletinlegal/js/jquery1.js HTTP/1.1" 200 29846
172.22.2.4 - - [16/Apr/2023:20:29:11 -0500] "GET /BLA/boletinlegal/images/green-yellow-blue-pink-th.png HTTP/1.1" 200 7394
172.22.2.4 - - [16/Apr/2023:20:29:11 -0500] "GET /BLA/boletinlegal/images/tel.png HTTP/1.1" 200 14477
172.22.2.4 - - [16/Apr/2023:20:29:11 -0500] "GET /BLA/boletinlegal/images/icono-email.png HTTP/1.1" 200 5544
172.22.2.4 - - [16/Apr/2023:20:29:11 -0500] "GET /BLA/boletinlegal/images/footer_bg.jpg HTTP/1.1" 200 586
172.22.2.4 - - [16/Apr/2023:20:29:11 -0500] "GET /BLA/boletinlegal/images/footer_bg_l.jpg HTTP/1.1" 200 776
172.22.2.4 - - [16/Apr/2023:20:29:11 -0500] "GET /BLA/boletinlegal/img/select-left.png HTTP/1.1" 200 263
172.22.2.4 - - [16/Apr/2023:20:29:11 -0500] "GET /BLA/boletinlegal/img/0.png HTTP/1.1" 200 110
172.22.2.4 - - [16/Apr/2023:20:29:11 -0500] "GET /BLA/boletinlegal/img/select-right.png HTTP/1.1" 200 44019
172.22.2.4 - - [16/Apr/2023:20:29:11 -0500] "GET /BLA/boletinlegal/img/button-left.png HTTP/1.1" 200 57071
172.22.2.4 - - [16/Apr/2023:20:29:11 -0500] "GET /BLA/boletinlegal/img/button-right.png HTTP/1.1" 200 57878
172.22.2.4 - - [16/Apr/2023:20:29:11 -0500] "GET /BLA/boletinlegal/img/button.png HTTP/1.1" 200 43241
172.22.2.4 - - [16/Apr/2023:20:29:11 -0500] "GET /BLA/boletinlegal/favicon.ico HTTP/1.1" 404 1326
186.80.52.163 - - [16/Apr/2023:20:29:14 -0500] "GET /BLA/resoluciones/ HTTP/1.1" 200 13502
186.80.52.163 - - [16/Apr/2023:20:29:21 -0500] "GET /BLA/resoluciones/index.php?dir=AUTOS+2021%2F HTTP/1.1" 200 397565
201.245.192.253 - - [16/Apr/2023:20:29:21 -0500] "POST /kwsrmcab/Wsrmcab HTTP/1.1" 200 43434
201.245.192.253 - - [16/Apr/2023:20:29:24 -0500] "POST /kwsrmcab/Wsrmcab HTTP/1.1" 200 43316
172.22.2.4 - - [16/Apr/2023:20:29:05 -0500] "GET /BLA/boletinlegal/ HTTP/1.1" 200 24523
201.245.192.253 - - [16/Apr/2023:20:30:09 -0500] "POST /kwsrmcab/Wsrmcab  HTTP/1.1" 200 43322
216.245.221.92 - - [16/Apr/2023:20:30:38 -0500] "HEAD / HTTP/1.1" 200 -
34.147.12.168 - - [16/Apr/2023:20:31:31 -0500] "GET /inventario-de-emisiones-2020-transporte-publico-sitp-redujo-emisiones-de-pm-2-5-en-un-37.html HTTP/1.1" 200 925
66.249.70.168 - - [16/Apr/2023:20:32:01 -0500] "-" 408 -
186.85.212.15 - - [16/Apr/2023:20:32:28 -0500] "GET /galeria/galeria/jquery.fancybox.css?v=2.1.5 HTTP/1.1" 200 4895
186.85.212.15 - - [16/Apr/2023:20:32:28 -0500] "GET /BLA/boletinlegal/js/jquery.scrollShow.js HTTP/1.1" 200 4586
186.85.212.15 - - [16/Apr/2023:20:32:28 -0500] "GET /galeria/galeria/jquery.fancybox.js?v=2.1.5 HTTP/1.1" 200 48706
172.22.2.4 - - [16/Apr/2023:20:31:24 -0500] "HEAD /BLA/boletinlegal/ HTTP/1.1" 200 -
172.22.2.4 - - [16/Apr/2023:20:32:15 -0500] "GET /BLA/boletinlegal/ HTTP/1.1" 200 59306
31.13.115.3 - - [16/Apr/2023:20:34:12 -0500] "GET /bogota-se-prepara-para-tres-fines-de-semana-de-adopciones.html HTTP/1.1" 206 821
172.22.2.4 - - [16/Apr/2023:20:34:36 -0500] "GET /BLA/boletinlegal/actos.php HTTP/1.1" 200 9682
186.155.113.181 - - [16/Apr/2023:20:34:48 -0500] "GET /secretaria-de-ambiente-invita-a-proteger-la-culebra-sabanera.html HTTP/1.1" 200 924
201.245.192.253 - - [16/Apr/2023:20:35:09 -0500] "POST /kwsrmcab/Wsrmcab  HTTP/1.1" 200 43322
216.245.221.92 - - [16/Apr/2023:20:35:38 -0500] "HEAD / HTTP/1.1" 200 -
40.77.167.94 - - [16/Apr/2023:20:36:20 -0500] "GET /Publicaciones/2022EE85831.pdf HTTP/1.1" 404 227
185.119.81.106 - - [16/Apr/2023:20:37:07 -0500] "GET /portaldeninos/wp-login.php HTTP/1.1" 200 2592
185.119.81.106 - - [16/Apr/2023:20:37:08 -0500] "POST /portaldeninos/wp-login.php HTTP/1.1" 200 3605
172.22.2.4 - - [16/Apr/2023:20:37:16 -0500] "HEAD /BLA/boletinlegal/ HTTP/1.1" 200 -
173.252.83.23 - - [16/Apr/2023:20:39:10 -0500] "GET /images/negocios-verdes-en-bogota.jpeg HTTP/1.1" 200 132932
201.245.192.253 - - [16/Apr/2023:20:39:21 -0500] "POST /kwsrmcab/Wsrmcab HTTP/1.1" 200 43434
201.245.192.253 - - [16/Apr/2023:20:39:23 -0500] "POST /kwsrmcab/Wsrmcab HTTP/1.1" 200 43316
172.22.2.4 - - [16/Apr/2023:20:38:06 -0500] "GET /BLA/boletinlegal/ HTTP/1.1" 200 59656
40.77.167.213 - - [16/Apr/2023:20:39:55 -0500] "GET /BLA/boletinlegal/notificaciones.php HTTP/1.1" 200 7162
201.245.192.253 - - [16/Apr/2023:20:40:08 -0500] "POST /kwsrmcab/Wsrmcab  HTTP/1.1" 200 43322
216.245.221.92 - - [16/Apr/2023:20:40:38 -0500] "HEAD / HTTP/1.1" 200 -
35.204.203.11 - - [16/Apr/2023:20:40:52 -0500] "GET /inventario-de-emisiones-2020-transporte-publico-sitp-redujo-emisiones-de-pm-2-5-en-un-37.html HTTP/1.1" 200 925
52.167.144.63 - - [16/Apr/2023:20:41:26 -0500] "GET /BLA/resoluciones/RESOLUCIONES%202022/3455.pdf HTTP/1.1" 304 -
66.249.73.55 - - [16/Apr/2023:20:41:38 -0500] "-" 408 -
66.249.70.168 - - [16/Apr/2023:20:42:17 -0500] "-" 408 -
172.22.2.4 - - [16/Apr/2023:20:43:05 -0500] "HEAD /BLA/boletinlegal/ HTTP/1.1" 200 -
69.171.249.10 - - [16/Apr/2023:20:44:48 -0500] "GET /alcaldesa-claudia-lopez-encabezo-encuentro-con-las-mujeres-que-reverdecen-a-bogota.html HTTP/1.1" 206 1069
201.245.192.253 - - [16/Apr/2023:20:45:08 -0500] "POST /kwsrmcab/Wsrmcab  HTTP/1.1" 200 43322
40.77.167.84 - - [16/Apr/2023:20:45:25 -0500] "GET /portaldeninos/2019/08/05/ruido-2/ HTTP/1.1" 200 93580
172.22.2.4 - - [16/Apr/2023:20:43:56 -0500] "GET /BLA/boletinlegal/ HTTP/1.1" 200 59306
216.245.221.92 - - [16/Apr/2023:20:45:38 -0500] "HEAD / HTTP/1.1" 200 -
162.55.165.184 - - [16/Apr/2023:20:47:01 -0500] "GET / HTTP/1.1" 200 319
162.55.165.184 - - [16/Apr/2023:20:47:03 -0500] "GET / HTTP/1.1" 200 4720
185.119.81.106 - - [16/Apr/2023:20:49:57 -0500] "GET /portaldeninos/wp-login.php HTTP/1.1" 200 2592
185.119.81.106 - - [16/Apr/2023:20:49:58 -0500] "POST /portaldeninos/wp-login.php HTTP/1.1" 200 3650
201.245.192.253 - - [16/Apr/2023:20:50:07 -0500] "POST /kwsrmcab/Wsrmcab  HTTP/1.1" 200 43322
185.119.81.97 - - [16/Apr/2023:20:50:22 -0500] "GET /portaldeninos/wp-login.php HTTP/1.1" 200 2592
185.119.81.97 - - [16/Apr/2023:20:50:23 -0500] "POST /portaldeninos/wp-login.php HTTP/1.1" 200 3605
172.22.2.4 - - [16/Apr/2023:20:48:55 -0500] "HEAD /BLA/boletinlegal/ HTTP/1.1" 200 -
216.245.221.92 - - [16/Apr/2023:20:50:38 -0500] "HEAD / HTTP/1.1" 200 -
172.22.2.4 - - [16/Apr/2023:20:49:46 -0500] "GET /BLA/boletinlegal/ HTTP/1.1" 200 57561
185.119.81.101 - - [16/Apr/2023:20:55:00 -0500] "GET /portaldeninos/wp-login.php HTTP/1.1" 200 2592
185.119.81.101 - - [16/Apr/2023:20:55:01 -0500] "POST /portaldeninos/wp-login.php HTTP/1.1" 200 3670
201.245.192.253 - - [16/Apr/2023:20:55:07 -0500] "POST /kwsrmcab/Wsrmcab  HTTP/1.1" 200 43322
17.246.23.197 - - [16/Apr/2023:20:55:18 -0500] "-" 408 -
216.245.221.92 - - [16/Apr/2023:20:55:38 -0500] "HEAD / HTTP/1.1" 200 -
172.22.2.4 - - [16/Apr/2023:20:54:45 -0500] "HEAD /BLA/boletinlegal/ HTTP/1.1" 200 -
204.15.146.3 - - [16/Apr/2023:20:56:46 -0500] "GET /empresas-con-impacto-ambiental-positivo-unanse-a-la-edicion-2023-de-negocios-verdes-mas-cerca-de-ti.html?fbclid=IwAR3vdD_eZhNHelgn_TNl17CUc2LWTAB6Z1Br1zSVh6-gogSCOB0uMKbZg3A HTTP/1.1" 200 878
172.22.2.4 - - [16/Apr/2023:20:55:36 -0500] "GET /BLA/boletinlegal/ HTTP/1.1" 200 57151
173.252.87.2 - - [16/Apr/2023:20:57:25 -0500] "GET /images/Fauna-silvestre-jornada-sensibilizacion-semana-santa.jpeg HTTP/1.1" 200 50019
173.252.79.17 - - [16/Apr/2023:20:57:25 -0500] "GET /images/incautan-animales-semana-santa-2023.jpeg HTTP/1.1" 200 36611
173.252.87.22 - - [16/Apr/2023:20:57:26 -0500] "GET /images/mejora-la-calidad-del-aire-en-bogota-5-abril.jpeg HTTP/1.1" 200 44341
173.252.87.1 - - [16/Apr/2023:20:57:32 -0500] "GET /images/atencion-al-ciudadano-abril.jpg HTTP/1.1" 200 116523
173.252.95.116 - - [16/Apr/2023:20:57:32 -0500] "GET /images/caminos-de-los-cerros-1_optimized.jpeg HTTP/1.1" 200 49537
181.61.205.23 - - [16/Apr/2023:20:58:22 -0500] "GET /galeria/galeria/jquery.fancybox.css?v=2.1.5 HTTP/1.1" 200 4895
181.61.205.23 - - [16/Apr/2023:20:58:22 -0500] "GET /galeria/galeria/jquery.fancybox.js?v=2.1.5 HTTP/1.1" 200 48706
181.61.205.23 - - [16/Apr/2023:20:58:22 -0500] "GET /BLA/boletinlegal/js/jquery.scrollShow.js HTTP/1.1" 200 4586
201.245.192.253 - - [16/Apr/2023:21:00:07 -0500] "POST /kwsrmcab/Wsrmcab  HTTP/1.1" 200 43322
66.249.70.168 - - [16/Apr/2023:21:00:21 -0500] "-" 408 -
186.155.66.62 - - [16/Apr/2023:21:00:37 -0500] "GET /galeria/galeria/jquery.fancybox.js?v=2.1.5 HTTP/1.1" 200 48706
216.245.221.92 - - [16/Apr/2023:21:00:38 -0500] "HEAD / HTTP/1.1" 200 -
172.22.2.4 - - [16/Apr/2023:21:00:36 -0500] "HEAD /BLA/boletinlegal/ HTTP/1.1" 200 -
172.22.2.4 - - [16/Apr/2023:21:01:26 -0500] "GET /BLA/boletinlegal/ HTTP/1.1" 200 53114
40.77.167.213 - - [16/Apr/2023:21:03:16 -0500] "GET /galeria/galeria/fotos/Jaboque2P.jpg HTTP/1.1" 200 31057
173.252.111.7 - - [16/Apr/2023:21:04:02 -0500] "GET /juntos-cuidamos-bogota-mas-de-65-kilogramos-de-residuos-especiales-y-peligrosos-fueron-recolectados-en-engativa.html HTTP/1.1" 206 994
173.252.111.7 - - [16/Apr/2023:21:04:04 -0500] "GET /images/reciclaton-residuos-secretaria-27-enero.jpg HTTP/1.1" 200 49406
172.22.2.4 - - [16/Apr/2023:21:04:54 -0500] "GET /BLA/boletinlegal/actos.php HTTP/1.1" 200 9682
172.22.2.4 - - [16/Apr/2023:21:04:55 -0500] "GET /BLA/boletinlegal/favicon.ico HTTP/1.1" 404 1326
201.245.192.253 - - [16/Apr/2023:21:05:06 -0500] "POST /kwsrmcab/Wsrmcab  HTTP/1.1" 200 43322
173.252.87.116 - - [16/Apr/2023:21:05:10 -0500] "GET /images/24%20de%20febrero%20Sendero%20guadalupe%202.jpeg HTTP/1.1" 200 70964
157.55.39.207 - - [16/Apr/2023:21:05:10 -0500] "GET /php/ProyectosInversion/Ficha%20ebi.pdf HTTP/1.1" 404 1018
173.252.95.22 - - [16/Apr/2023:21:05:37 -0500] "GET /camino-guadalupe-aguanoso-abierto-de-nuevo-al-publico.html HTTP/1.1" 206 879
216.245.221.92 - - [16/Apr/2023:21:05:38 -0500] "HEAD / HTTP/1.1" 200 -
173.252.95.9 - - [16/Apr/2023:21:05:40 -0500] "GET /camino-guadalupe-aguanoso-abierto-de-nuevo-al-publico.html HTTP/1.1" 200 879
185.119.81.99 - - [16/Apr/2023:21:07:04 -0500] "GET /portaldeninos/wp-login.php HTTP/1.1" 200 2592
185.119.81.99 - - [16/Apr/2023:21:07:05 -0500] "POST /portaldeninos/wp-login.php HTTP/1.1" 200 3605
69.63.184.1 - - [16/Apr/2023:21:07:09 -0500] "GET /images/Adopcion-gatos-y-perros-en-bogota-abril-23.jpeg HTTP/1.1" 200 68661
69.63.184.5 - - [16/Apr/2023:21:07:19 -0500] "GET /images/WhatsApp%20Image%202023-04-05%20at%2013.54.41.jpeg HTTP/1.1" 200 210747
172.22.2.4 - - [16/Apr/2023:21:06:25 -0500] "HEAD /BLA/boletinlegal/ HTTP/1.1" 200 -
128.14.134.170 - - [16/Apr/2023:21:08:17 -0500] "GET / HTTP/1.1" 200 319
66.249.70.168 - - [16/Apr/2023:21:08:28 -0500] "-" 408 -
34.147.70.184 - - [16/Apr/2023:21:08:33 -0500] "GET /inventario-de-emisiones-2020-transporte-publico-sitp-redujo-emisiones-de-pm-2-5-en-un-37.html HTTP/1.1" 200 925
172.22.2.4 - - [16/Apr/2023:21:07:16 -0500] "GET /BLA/boletinlegal/ HTTP/1.1" 200 57561
66.249.73.55 - - [16/Apr/2023:21:09:18 -0500] "-" 408 -
181.61.205.23 - - [16/Apr/2023:21:09:58 -0500] "GET /appsia/controlador HTTP/1.1" 200 4799
181.61.205.23 - - [16/Apr/2023:21:09:58 -0500] "GET /appsia/scripts/validarIngreso.js HTTP/1.1" 200 851
181.61.205.23 - - [16/Apr/2023:21:09:58 -0500] "GET /appsia/css/estilos.css HTTP/1.1" 200 4804
181.61.205.23 - - [16/Apr/2023:21:09:58 -0500] "GET /appsia/images/logo_bogota_p.png HTTP/1.1" 200 14951
181.61.205.23 - - [16/Apr/2023:21:09:58 -0500] "GET /appsia/images/cabezoteHojaVida.png HTTP/1.1" 200 32493
181.61.205.23 - - [16/Apr/2023:21:09:58 -0500] "GET /favicon.ico HTTP/1.1" 200 7782
186.28.114.193 - - [16/Apr/2023:21:10:03 -0500] "GET /BLA/resoluciones/index.php?dir=AUTOS+2021%2F HTTP/1.1" 200 397565
181.61.205.23 - - [16/Apr/2023:21:10:06 -0500] "POST /appsia/controlador HTTP/1.1" 200 5437
201.245.192.253 - - [16/Apr/2023:21:10:05 -0500] "POST /kwsrmcab/Wsrmcab  HTTP/1.1" 200 43322
181.61.205.23 - - [16/Apr/2023:21:10:08 -0500] "POST /appsia/controlador HTTP/1.1" 200 5437
181.48.255.196 - - [16/Apr/2023:21:10:10 -0500] "GET /appsia/controlador HTTP/1.1" 200 4799
181.48.255.196 - - [16/Apr/2023:21:10:10 -0500] "GET /appsia/scripts/validarIngreso.js HTTP/1.1" 200 851
181.48.255.196 - - [16/Apr/2023:21:10:10 -0500] "GET /appsia/css/estilos.css HTTP/1.1" 200 4804
181.48.255.196 - - [16/Apr/2023:21:10:10 -0500] "GET /appsia/images/cabezoteHojaVida.png HTTP/1.1" 200 32493
181.48.255.196 - - [16/Apr/2023:21:10:10 -0500] "GET /appsia/images/logo_bogota_p.png HTTP/1.1" 200 14951
181.61.205.23 - - [16/Apr/2023:21:10:10 -0500] "POST /appsia/controlador HTTP/1.1" 200 7775
181.61.205.23 - - [16/Apr/2023:21:10:15 -0500] "POST /appsia/controlador HTTP/1.1" 200 6640
181.61.205.23 - - [16/Apr/2023:21:10:17 -0500] "POST /appsia/controlador HTTP/1.1" 200 10586
109.237.97.227 - - [16/Apr/2023:21:10:21 -0500] "GET / HTTP/1.1" 200 319
109.237.97.227 - - [16/Apr/2023:21:10:21 -0500] "GET /templates/system/css/system.css HTTP/1.1" 404 1018
216.245.221.92 - - [16/Apr/2023:21:10:38 -0500] "HEAD / HTTP/1.1" 200 -
34.147.86.107 - - [16/Apr/2023:21:11:29 -0500] "GET /inventario-de-emisiones-2020-transporte-publico-sitp-redujo-emisiones-de-pm-2-5-en-un-37.html HTTP/1.1" 200 925
181.61.205.23 - - [16/Apr/2023:21:11:58 -0500] "POST /appsia/controlador HTTP/1.1" 200 7775
181.61.205.23 - - [16/Apr/2023:21:12:02 -0500] "POST /appsia/controlador HTTP/1.1" 200 6640
181.61.205.23 - - [16/Apr/2023:21:12:03 -0500] "POST /appsia/controlador HTTP/1.1" 200 11731
181.61.205.23 - - [16/Apr/2023:21:12:19 -0500] "POST /appsia/controlador HTTP/1.1" 200 7775
172.22.2.4 - - [16/Apr/2023:21:12:23 -0500] "GET /BLA/boletinlegal/actos.php HTTP/1.1" 200 9682
181.61.205.23 - - [16/Apr/2023:21:12:26 -0500] "POST /appsia/controlador HTTP/1.1" 200 6640
181.61.205.23 - - [16/Apr/2023:21:12:27 -0500] "POST /appsia/controlador HTTP/1.1" 200 12125
181.61.205.23 - - [16/Apr/2023:21:13:13 -0500] "POST /appsia/controlador HTTP/1.1" 200 7775
181.61.205.23 - - [16/Apr/2023:21:13:21 -0500] "POST /appsia/controlador HTTP/1.1" 200 6640
181.61.205.23 - - [16/Apr/2023:21:13:23 -0500] "POST /appsia/controlador HTTP/1.1" 200 10983
181.61.205.23 - - [16/Apr/2023:21:13:30 -0500] "POST /appsia/controlador HTTP/1.1" 200 7775
181.61.205.23 - - [16/Apr/2023:21:13:33 -0500] "POST /appsia/controlador HTTP/1.1" 200 6640
181.61.205.23 - - [16/Apr/2023:21:13:35 -0500] "POST /appsia/controlador HTTP/1.1" 200 11731
181.61.205.23 - - [16/Apr/2023:21:13:46 -0500] "POST /appsia/controlador HTTP/1.1" 200 7775
181.61.205.23 - - [16/Apr/2023:21:13:51 -0500] "POST /appsia/controlador HTTP/1.1" 200 6640
181.61.205.23 - - [16/Apr/2023:21:13:52 -0500] "POST /appsia/controlador HTTP/1.1" 200 10586
172.22.2.4 - - [16/Apr/2023:21:12:15 -0500] "HEAD /BLA/boletinlegal/ HTTP/1.1" 200 -
181.61.205.23 - - [16/Apr/2023:21:14:10 -0500] "POST /appsia/controlador HTTP/1.1" 200 10586
181.61.205.23 - - [16/Apr/2023:21:14:19 -0500] "POST /appsia/controlador HTTP/1.1" 200 7775
181.61.205.23 - - [16/Apr/2023:21:14:25 -0500] "POST /appsia/controlador HTTP/1.1" 200 6640
181.61.205.23 - - [16/Apr/2023:21:14:26 -0500] "POST /appsia/controlador HTTP/1.1" 200 10975
181.61.205.23 - - [16/Apr/2023:21:14:41 -0500] "POST /appsia/controlador HTTP/1.1" 200 7775
66.249.70.168 - - [16/Apr/2023:21:14:43 -0500] "-" 408 -
172.22.2.4 - - [16/Apr/2023:21:13:06 -0500] "GET /BLA/boletinlegal/ HTTP/1.1" 200 57151
181.61.205.23 - - [16/Apr/2023:21:14:50 -0500] "POST /appsia/controlador HTTP/1.1" 200 6640
181.61.205.23 - - [16/Apr/2023:21:14:51 -0500] "POST /appsia/controlador HTTP/1.1" 200 10586
201.245.192.253 - - [16/Apr/2023:21:15:04 -0500] "POST /kwsrmcab/Wsrmcab  HTTP/1.1" 200 43322
216.245.221.92 - - [16/Apr/2023:21:15:38 -0500] "HEAD / HTTP/1.1" 200 -
172.22.2.4 - - [16/Apr/2023:21:15:39 -0500] "GET /BLA/boletinlegal/actos.php HTTP/1.1" 200 9682
185.119.81.97 - - [16/Apr/2023:21:17:09 -0500] "GET /portaldeninos/wp-login.php HTTP/1.1" 200 2592
185.119.81.97 - - [16/Apr/2023:21:17:10 -0500] "POST /portaldeninos/wp-login.php HTTP/1.1" 200 3670
172.22.2.4 - - [16/Apr/2023:21:17:53 -0500] "GET /BLA/boletinlegal/actos.php HTTP/1.1" 200 9682
172.22.2.4 - - [16/Apr/2023:21:17:54 -0500] "GET /BLA/boletinlegal/styles2.css HTTP/1.1" 200 1838
172.22.2.4 - - [16/Apr/2023:21:17:54 -0500] "GET /BLA/boletinlegal/niceforms-default.css HTTP/1.1" 200 6694
172.22.2.4 - - [16/Apr/2023:21:17:54 -0500] "GET /BLA/boletinlegal/js/ajax_actos.js HTTP/1.1" 200 1322
172.22.2.4 - - [16/Apr/2023:21:17:54 -0500] "GET /BLA/boletinlegal/style.css HTTP/1.1" 200 9406
172.22.2.4 - - [16/Apr/2023:21:17:54 -0500] "GET /BLA/boletinlegal/niceforms.js HTTP/1.1" 200 22876
172.22.2.4 - - [16/Apr/2023:21:17:54 -0500] "GET /BLA/boletinlegal/js/lib.js HTTP/1.1" 200 6474
172.22.2.4 - - [16/Apr/2023:21:17:54 -0500] "GET /BLA/boletinlegal/js/popup.js HTTP/1.1" 200 1270
172.22.2.4 - - [16/Apr/2023:21:17:54 -0500] "GET /BLA/boletinlegal/js/jquery1.js HTTP/1.1" 200 29846
172.22.2.4 - - [16/Apr/2023:21:17:54 -0500] "GET /BLA/boletinlegal/images/cabezote%20BLEGAL.jpg HTTP/1.1" 200 118164
172.22.2.4 - - [16/Apr/2023:21:17:54 -0500] "GET /BLA/boletinlegal/images/subscribe-icon-big.png HTTP/1.1" 200 47702
172.22.2.4 - - [16/Apr/2023:21:17:54 -0500] "GET /BLA/boletinlegal/images/registro-usuarios.png HTTP/1.1" 200 8106
172.22.2.4 - - [16/Apr/2023:21:17:54 -0500] "GET /BLA/boletinlegal/images/historia.png HTTP/1.1" 200 52775
172.22.2.4 - - [16/Apr/2023:21:17:54 -0500] "GET /BLA/boletinlegal/images/tel.png HTTP/1.1" 200 14477
172.22.2.4 - - [16/Apr/2023:21:17:54 -0500] "GET /BLA/boletinlegal/images/green-yellow-blue-pink-th.png HTTP/1.1" 200 7394
172.22.2.4 - - [16/Apr/2023:21:17:54 -0500] "GET /BLA/boletinlegal/images/body_bg.jpg HTTP/1.1" 200 1601
172.22.2.4 - - [16/Apr/2023:21:17:54 -0500] "GET /BLA/boletinlegal/images/icono-email.png HTTP/1.1" 200 5544
172.22.2.4 - - [16/Apr/2023:21:17:54 -0500] "GET /BLA/boletinlegal/images/menu_lft.gif HTTP/1.1" 200 1713
172.22.2.4 - - [16/Apr/2023:21:17:54 -0500] "GET /BLA/boletinlegal/images/menu_rght.gif HTTP/1.1" 200 1627
172.22.2.4 - - [16/Apr/2023:21:17:54 -0500] "GET /BLA/boletinlegal/images/footer_bg.jpg HTTP/1.1" 200 586
172.22.2.4 - - [16/Apr/2023:21:17:54 -0500] "GET /BLA/boletinlegal/images/footer_bg_l.jpg HTTP/1.1" 200 776
172.22.2.4 - - [16/Apr/2023:21:17:54 -0500] "GET /BLA/boletinlegal/images/menu_bg.jpg HTTP/1.1" 200 620
172.22.2.4 - - [16/Apr/2023:21:17:54 -0500] "GET /BLA/boletinlegal/images/bg_top.jpg HTTP/1.1" 200 522
172.22.2.4 - - [16/Apr/2023:21:17:54 -0500] "GET /BLA/boletinlegal/images/text.jpg HTTP/1.1" 200 568
172.22.2.4 - - [16/Apr/2023:21:17:54 -0500] "GET /BLA/boletinlegal/images/hover.jpg HTTP/1.1" 200 640
172.22.2.4 - - [16/Apr/2023:21:17:54 -0500] "GET /BLA/boletinlegal/img/0.png HTTP/1.1" 200 110
172.22.2.4 - - [16/Apr/2023:21:17:54 -0500] "GET /BLA/boletinlegal/img/select-left.png HTTP/1.1" 200 263
172.22.2.4 - - [16/Apr/2023:21:17:54 -0500] "GET /BLA/boletinlegal/img/select-right.png HTTP/1.1" 200 44019
172.22.2.4 - - [16/Apr/2023:21:17:54 -0500] "GET /BLA/boletinlegal/img/button-left.png HTTP/1.1" 200 57071
172.22.2.4 - - [16/Apr/2023:21:17:54 -0500] "GET /BLA/boletinlegal/img/button-right.png HTTP/1.1" 200 57878
172.22.2.4 - - [16/Apr/2023:21:17:54 -0500] "GET /BLA/boletinlegal/img/button.png HTTP/1.1" 200 43241
172.22.2.4 - - [16/Apr/2023:21:17:54 -0500] "GET /BLA/boletinlegal/favicon.ico HTTP/1.1" 404 1326
186.84.90.235 - - [16/Apr/2023:21:17:56 -0500] "GET /BLA/resoluciones/ HTTP/1.1" 200 13502
186.84.90.235 - - [16/Apr/2023:21:17:56 -0500] "GET /BLA/resoluciones/dlf/folder.png HTTP/1.1" 200 410
186.84.90.235 - - [16/Apr/2023:21:17:56 -0500] "GET /BLA/resoluciones/dlf/styles.css HTTP/1.1" 200 3049
186.84.90.235 - - [16/Apr/2023:21:17:56 -0500] "GET /BLA/resoluciones/dlf/bg.gif HTTP/1.1" 200 54
186.84.90.235 - - [16/Apr/2023:21:17:56 -0500] "GET /favicon.ico HTTP/1.1" 200 7782
186.84.90.235 - - [16/Apr/2023:21:17:59 -0500] "GET /BLA/resoluciones/index.php?dir=RESOLUCIONES+2003%2F HTTP/1.1" 200 31404
186.84.90.235 - - [16/Apr/2023:21:17:59 -0500] "GET /BLA/resoluciones/dlf/dirup.png HTTP/1.1" 200 644
186.84.90.235 - - [16/Apr/2023:21:17:59 -0500] "GET /BLA/resoluciones/dlf/unknown.png HTTP/1.1" 200 266
186.84.90.235 - - [16/Apr/2023:21:17:59 -0500] "GET /BLA/resoluciones/dlf/pdf.gif HTTP/1.1" 200 272
186.84.90.235 - - [16/Apr/2023:21:18:32 -0500] "GET /BLA/resoluciones/index.php?dir=RESOLUCIONES+2003%2FRES+2003+1151-1200%2F HTTP/1.1" 200 11570
186.84.90.235 - - [16/Apr/2023:21:18:35 -0500] "GET /BLA/resoluciones/RESOLUCIONES%202003/RES%202003%201151-1200/1181.tif HTTP/1.1" 200 249968
173.252.95.9 - - [16/Apr/2023:21:18:42 -0500] "GET /images/incautan-animales-semana-santa-2023.jpeg HTTP/1.1" 200 36611
201.245.192.253 - - [16/Apr/2023:21:19:20 -0500] "POST /kwsrmcab/Wsrmcab HTTP/1.1" 200 42963
201.245.192.253 - - [16/Apr/2023:21:19:23 -0500] "POST /kwsrmcab/Wsrmcab HTTP/1.1" 200 43327
34.91.231.42 - - [16/Apr/2023:21:19:43 -0500] "GET /inventario-de-emisiones-2020-transporte-publico-sitp-redujo-emisiones-de-pm-2-5-en-un-37.html HTTP/1.1" 200 925
172.22.2.4 - - [16/Apr/2023:21:18:05 -0500] "HEAD /BLA/boletinlegal/ HTTP/1.1" 200 -
201.245.192.253 - - [16/Apr/2023:21:20:03 -0500] "POST /kwsrmcab/Wsrmcab  HTTP/1.1" 200 43322
172.22.2.4 - - [16/Apr/2023:21:18:56 -0500] "GET /BLA/boletinlegal/ HTTP/1.1" 200 52326
216.245.221.92 - - [16/Apr/2023:21:20:38 -0500] "HEAD / HTTP/1.1" 200 -
66.249.70.168 - - [16/Apr/2023:21:21:16 -0500] "-" 408 -
114.119.165.5 - - [16/Apr/2023:21:21:50 -0500] "-" 408 -
185.119.81.106 - - [16/Apr/2023:21:22:27 -0500] "GET /portaldeninos/wp-login.php HTTP/1.1" 200 2592
185.119.81.106 - - [16/Apr/2023:21:22:28 -0500] "POST /portaldeninos/wp-login.php HTTP/1.1" 200 3605
185.224.128.106 - - [16/Apr/2023:21:22:50 -0500] "GET / HTTP/1.1" 200 319
34.77.199.190 - - [16/Apr/2023:21:23:27 -0500] "GET / HTTP/1.1" 200 319
172.22.2.4 - - [16/Apr/2023:21:23:29 -0500] "GET /BLA/boletinlegal/Directivas/2017/Directiva%20No.%2001%20del%2017%20de%20Enero%20de%202017.pdf HTTP/1.1" 304 -
173.252.111.14 - - [16/Apr/2023:21:23:35 -0500] "GET /images/incautan-animales-semana-santa-2023.jpeg HTTP/1.1" 200 36611
201.245.192.253 - - [16/Apr/2023:21:25:00 -0500] "POST /kwsrmcab/Wsrmcab  HTTP/1.1" 200 43322
185.119.81.106 - - [16/Apr/2023:21:25:10 -0500] "GET /portaldeninos/wp-login.php HTTP/1.1" 200 2592
185.119.81.106 - - [16/Apr/2023:21:25:11 -0500] "POST /portaldeninos/wp-login.php HTTP/1.1" 200 3605
172.22.2.4 - - [16/Apr/2023:21:23:55 -0500] "HEAD /BLA/boletinlegal/ HTTP/1.1" 200 -
216.245.221.92 - - [16/Apr/2023:21:25:38 -0500] "HEAD / HTTP/1.1" 200 -
173.252.95.12 - - [16/Apr/2023:21:25:49 -0500] "GET /fauna-silvestre-distrito-sensibiliza-a-personas-que-van-a-viajar-en-semana-santa-sobre-la-importancia-de-proteger-la-fauna-silvestre.html HTTP/1.1" 206 955
173.252.95.16 - - [16/Apr/2023:21:25:56 -0500] "GET /fauna-silvestre-distrito-sensibiliza-a-personas-que-van-a-viajar-en-semana-santa-sobre-la-importancia-de-proteger-la-fauna-silvestre.html HTTP/1.1" 206 955
173.252.95.16 - - [16/Apr/2023:21:25:56 -0500] "GET /fauna-silvestre-distrito-sensibiliza-a-personas-que-van-a-viajar-en-semana-santa-sobre-la-importancia-de-proteger-la-fauna-silvestre.html HTTP/1.1" 206 955
173.252.95.24 - - [16/Apr/2023:21:25:59 -0500] "GET /fauna-silvestre-distrito-sensibiliza-a-personas-que-van-a-viajar-en-semana-santa-sobre-la-importancia-de-proteger-la-fauna-silvestre.html HTTP/1.1" 206 955
172.22.2.4 - - [16/Apr/2023:21:24:46 -0500] "GET /BLA/boletinlegal/ HTTP/1.1" 200 52730
186.84.22.45 - - [16/Apr/2023:21:26:41 -0500] "GET /kwssiamovil/sm/ldap/au?x=U2FsdGVkX1/RzdFV5kuSJ4GQekMr8HhTqpRLNe1hobBbhivELNAbHU7jbaIFQ9mn&y=U2FsdGVkX1+qwGAqH2qSj7lExhAdiu+0HHibJ8t2pBjcf2mzKu35BQnNwKXZrlmx HTTP/1.1" 200 30
186.84.22.45 - - [16/Apr/2023:21:26:41 -0500] "GET /kwssiamovil/sm/acme/s?s=U2FsdGVkX19VxQkj9Imtc/l1fkrqGEldMLFo7RVia4zui9r3m+SnqvpAXURuXzSXdikE7/fbzOVcopUw95p1+wpLRtDz8xl9X5Qqw3mO0kA=&u=U2FsdGVkX19c0Ivxf0yu1H+qfTkZcQ1rN3vGtotGpmMCmAI46HnErvuNXxcrljQ9&y=U2FsdGVkX1+qwGAqH2qSj7lExhAdiu+0HHibJ8t2pBjcf2mzKu35BQnNwKXZrlmx HTTP/1.1" 200 97
186.84.22.45 - - [16/Apr/2023:21:26:41 -0500] "GET /kwssiamovil/sm/acme/s?s=U2FsdGVkX1/lUvjEV/7rZGY+BJYiHMZrQP0OYOJG6Lhd07uYlo5E8QgEr16UoAs3GbXMbJ5Xigigp83OnQnexi6Td5VAnGZR7Ll1zXorxt/RN+818958dfSo6FLFxdScD97YF/QZ41AYTBvFb82OdqYbTJsOsfzRXHpqdIhnfo0PtP6HPfoeF7LcX/XTGtItJKoDxIjx0pk/70sGJXjlvdwi0Pr4LztbQMFjguKwdnEnCH544KwgAWlUOdzS6AsKagdwfjpKIesmjUlQ8p7tw54yLy4e3nKSvt3A3W4AdP08hli2YU+D3vp68wwORRYtVaz5KeFxbsK8fi/w6MFEiVIsdE6e6D+FHYNh2vxyKEDGz7VhTI24arkL6TDCiJcmgIIbfJ9gwHjzJE2+/+g8f0Q6e8ZbJXGgq8TLrQluxU74MmzYOJ64zktaK7xcwGaH1mRJQiucwRFKG5WJ1eKJJbHc9mv1I10vAo6FSFQ8DV0Dgmt+2PViyPw3uoz/LM+Ird7+XWLuqJvYAch4Pmbx45wiWV7cJTLOZEQ5+5dAMaWVXQ3Py6CWNMUn+OXNOJQkmO89GSCzb7+0wSFIDxbuyi1uN1w8xD4TDInEsQrmKYa2vy3L5uMcPeUQ2rgZpLJlLIKRp++BxWCmdIiTNQ06QFdv1L8KSMKl94xZoM8RHWXCgx4q2urJ22d5IhaQ3pT10gxQm8goMMI8APLf7aYsiklpyuAOvflcnTJ2E7ZItHe3lru/tZJY67VMEXyypuavu1DEi7em8u/3e3ylrqhpma7DagzjfS968dyxVS09M9OzM3pQdYmJAhsETSawwxBNkrbIwDzlNzR1jP8ccedgbVvid1ToYHaqN/saY2tYLncJb4il9TMmiFJ1g2Evb8yDvBE5zZJi7dFX/nSJ4rVcFIU2N871EDui9XQLboCm9S+Cg/77hyrSGcERIY41IYP0Xnb+rJsVl56jDoQCES4m2Ji7tVqggHiR9p9YMNPZgfTThPpHQmH1e9MN6bqjfD0tW+mOgVXqQU4gmxVwx4b9TdujZg5X7RPCjzv+YtQzAvRV9cTKhOvLH5DqXU/xYT3N/+U9u1/3kDYPHhIm265y5mFfCgITJAlPYtbDAIr0YCxG2d62+jOlg6KHKOGF7msVG+I6ddtRrBw7Gte0fzluRDHfTYydssuf1rkqllMaqLC+bnuXIupKPxk2MmJhEBg6s4MJ5FRdz+e106ppugf3aR44IUrHfCC6dH+FljtBclBPC7/JUx4Lu687WTeTI8SKu4sUpbdbtOaZQsvP+553TCp7NX6YrHq2bISnd0oSKDNzNHu3W3i7jqQ7qOKEWTnDmxl+7NcDHSO5NubF9xACvoP0giSSijUTGndTS7vADTEc8R16qnIc+vbdJgBJZqufyeFylEj5IcHTq+7gOLtbNwYm+gENi64i+HBxEXatlz70UFM7I/LoiJ0O/sTl3iY+iCiEbIowmAkGZf4ySYOFfbUIUHL0BlXAvI0GBLkP2ZBgWwXueBwx4qURZ7lHxFkPqElZD92zuZzZGvaKqCWsH0iD/5BtmkuaxwZzPh7rGe0wiePNeAoJlDmnjSOyAplZbKjirCgb3vDkJsYcXL4bpYzwYW9SJGk1I8yWFL/TzXIN53y7HYwlHb3jbBtC7cW46qhGCaBuBCE0yldng4OpkyklZFzlZCXp2vEBtjFT3P/rVaDUX3sZxMibk++eg/yMjwB0qBl5uJ0ULCTa6pN1rZ4JLOsHmHOQv452qDLWCpqvUdmamOxb1agNJNd0nflW&u=U2FsdGVkX19c0Ivxf0yu1H+qfTkZcQ1rN3vGtotGpmMCmAI46HnErvuNXxcrljQ9&y=U2FsdGVkX1+qwGAqH2qSj7lExhAdiu+0HHibJ8t2pBjcf2mzKu35BQnNwKXZrlmx HTTP/1.1" 200 3225
