172.22.2.4 - - [16/Apr/2023:17:14:44 -0500] "GET /BLA/boletinlegal/ HTTP/1.1" 200 52326
66.249.73.51 - - [16/Apr/2023:17:18:26 -0500] "-" 408 -
191.156.187.183 - - [16/Apr/2023:17:18:51 -0500] "GET /secretaria-de-ambiente-invita-a-proteger-la-culebra-sabanera.html HTTP/1.1" 200 924
201.245.192.253 - - [16/Apr/2023:17:19:21 -0500] "POST /kwsrmcab/Wsrmcab HTTP/1.1" 200 43465
201.245.192.253 - - [16/Apr/2023:17:19:24 -0500] "POST /kwsrmcab/Wsrmcab HTTP/1.1" 200 43361
216.245.221.92 - - [16/Apr/2023:17:20:39 -0500] "HEAD / HTTP/1.1" 200 -
201.245.192.253 - - [16/Apr/2023:17:20:52 -0500] "POST /kwsrmcab/Wsrmcab  HTTP/1.1" 200 43322
172.22.2.4 - - [16/Apr/2023:17:19:44 -0500] "HEAD /BLA/boletinlegal/ HTTP/1.1" 200 -
172.22.2.4 - - [16/Apr/2023:17:20:35 -0500] "GET /BLA/boletinlegal/ HTTP/1.1" 200 58307
52.167.144.63 - - [16/Apr/2023:17:22:20 -0500] "GET /BLA/resoluciones/AUTOS%202020/0459.pdf HTTP/1.1" 200 337084
66.249.73.51 - - [16/Apr/2023:17:25:07 -0500] "-" 408 -
216.245.221.92 - - [16/Apr/2023:17:25:39 -0500] "HEAD / HTTP/1.1" 200 -
201.245.192.253 - - [16/Apr/2023:17:25:52 -0500] "POST /kwsrmcab/Wsrmcab  HTTP/1.1" 200 43322
172.22.2.4 - - [16/Apr/2023:17:26:24 -0500] "GET /BLA/boletinlegal/ HTTP/1.1" 200 20427
172.22.2.4 - - [16/Apr/2023:17:25:34 -0500] "HEAD /BLA/boletinlegal/ HTTP/1.1" 200 -
191.95.57.20 - - [16/Apr/2023:17:28:09 -0500] "GET /images/jardines-verticales_optimized.jpeg HTTP/1.1" 200 138197
191.95.57.20 - - [16/Apr/2023:17:28:09 -0500] "GET /images/jardines-verticales_optimized.jpeg HTTP/1.1" 200 138197
64.62.243.165 - - [16/Apr/2023:17:28:36 -0500] "GET / HTTP/1.1" 200 319
201.245.192.253 - - [16/Apr/2023:17:29:22 -0500] "POST /kwsrmcab/Wsrmcab HTTP/1.1" 200 43465
201.245.192.253 - - [16/Apr/2023:17:29:24 -0500] "POST /kwsrmcab/Wsrmcab HTTP/1.1" 200 43361
216.245.221.92 - - [16/Apr/2023:17:30:39 -0500] "HEAD / HTTP/1.1" 200 -
201.245.192.253 - - [16/Apr/2023:17:30:52 -0500] "POST /kwsrmcab/Wsrmcab  HTTP/1.1" 200 43322
66.249.73.51 - - [16/Apr/2023:17:31:02 -0500] "-" 408 -
172.22.2.4 - - [16/Apr/2023:17:30:14 -0500] "GET /BLA/boletinlegal/ HTTP/1.1" 200 55934
40.77.167.94 - - [16/Apr/2023:17:32:52 -0500] "GET /BLA/resoluciones/AUTOS%202021/1473.pdf HTTP/1.1" 304 -
172.22.2.4 - - [16/Apr/2023:17:31:24 -0500] "GET /BLA/boletinlegal/ HTTP/1.1" 200 56287
168.119.48.175 - - [16/Apr/2023:17:34:55 -0500] "GET / HTTP/1.1" 200 4720
168.119.48.175 - - [16/Apr/2023:17:34:57 -0500] "GET / HTTP/1.1" 200 319
66.249.70.168 - - [16/Apr/2023:17:35:09 -0500] "-" 408 -
216.245.221.92 - - [16/Apr/2023:17:35:39 -0500] "HEAD / HTTP/1.1" 200 -
201.245.192.253 - - [16/Apr/2023:17:35:50 -0500] "POST /kwsrmcab/Wsrmcab  HTTP/1.1" 200 43322
66.249.73.51 - - [16/Apr/2023:17:37:34 -0500] "-" 408 -
172.22.2.4 - - [16/Apr/2023:17:36:24 -0500] "HEAD /BLA/boletinlegal/ HTTP/1.1" 200 -
172.22.2.4 - - [16/Apr/2023:17:37:14 -0500] "GET /BLA/boletinlegal/ HTTP/1.1" 200 57561
201.245.192.253 - - [16/Apr/2023:17:39:21 -0500] "POST /kwsrmcab/Wsrmcab HTTP/1.1" 200 43465
201.245.192.253 - - [16/Apr/2023:17:39:24 -0500] "POST /kwsrmcab/Wsrmcab HTTP/1.1" 200 43361
173.252.107.117 - - [16/Apr/2023:17:40:10 -0500] "GET /images/Fauna-silvestre-jornada-sensibilizacion-semana-santa.jpeg HTTP/1.1" 200 50019
216.245.221.92 - - [16/Apr/2023:17:40:39 -0500] "HEAD / HTTP/1.1" 200 -
201.245.192.253 - - [16/Apr/2023:17:40:50 -0500] "POST /kwsrmcab/Wsrmcab  HTTP/1.1" 200 43322
172.22.2.4 - - [16/Apr/2023:17:41:42 -0500] "GET /BLA/boletinlegal/style.css HTTP/1.1" 200 9406
172.22.2.4 - - [16/Apr/2023:17:41:42 -0500] "GET /BLA/boletinlegal/styles2.css HTTP/1.1" 200 1838
172.22.2.4 - - [16/Apr/2023:17:41:42 -0500] "GET /BLA/boletinlegal/js/jquery.js HTTP/1.1" 200 57254
172.22.2.4 - - [16/Apr/2023:17:41:42 -0500] "GET /BLA/boletinlegal/js/jquery.scrollTo-min.js HTTP/1.1" 200 1150
172.22.2.4 - - [16/Apr/2023:17:41:42 -0500] "GET /BLA/boletinlegal/js/jquery.scrollShow.js HTTP/1.1" 200 4586
172.22.2.4 - - [16/Apr/2023:17:41:42 -0500] "GET /BLA/boletinlegal/images/cabezote%20BLEGAL.jpg HTTP/1.1" 200 118164
172.22.2.4 - - [16/Apr/2023:17:41:42 -0500] "GET /BLA/boletinlegal/images/subscribe-icon-big.png HTTP/1.1" 200 47702
172.22.2.4 - - [16/Apr/2023:17:41:42 -0500] "GET /BLA/boletinlegal/images/historia.png HTTP/1.1" 200 52775
172.22.2.4 - - [16/Apr/2023:17:41:42 -0500] "GET /BLA/boletinlegal/images/arr_l.jpg HTTP/1.1" 200 1979
172.22.2.4 - - [16/Apr/2023:17:41:42 -0500] "GET /BLA/boletinlegal/images/registro-usuarios.png HTTP/1.1" 200 8106
172.22.2.4 - - [16/Apr/2023:17:41:42 -0500] "GET /BLA/boletinlegal/images/launch.jpg HTTP/1.1" 200 14577
172.22.2.4 - - [16/Apr/2023:17:41:42 -0500] "GET /BLA/boletinlegal/images/screen_1.png HTTP/1.1" 200 202547
172.22.2.4 - - [16/Apr/2023:17:41:42 -0500] "GET /BLA/boletinlegal/images/body_bg.jpg HTTP/1.1" 200 1601
172.22.2.4 - - [16/Apr/2023:17:41:42 -0500] "GET /BLA/boletinlegal/images/menu_lft.gif HTTP/1.1" 200 1713
172.22.2.4 - - [16/Apr/2023:17:41:42 -0500] "GET /BLA/boletinlegal/images/text.jpg HTTP/1.1" 200 568
172.22.2.4 - - [16/Apr/2023:17:41:42 -0500] "GET /BLA/boletinlegal/images/hover.jpg HTTP/1.1" 200 640
172.22.2.4 - - [16/Apr/2023:17:41:42 -0500] "GET /BLA/boletinlegal/images/menu_bg.jpg HTTP/1.1" 200 620
172.22.2.4 - - [16/Apr/2023:17:41:42 -0500] "GET /BLA/boletinlegal/images/bg_top.jpg HTTP/1.1" 200 522
172.22.2.4 - - [16/Apr/2023:17:41:42 -0500] "GET /BLA/boletinlegal/images/menu_rght.gif HTTP/1.1" 200 1627
172.22.2.4 - - [16/Apr/2023:17:41:49 -0500] "GET /BLA/boletinlegal/images/screen_2.png HTTP/1.1" 200 362502
172.22.2.4 - - [16/Apr/2023:17:41:49 -0500] "GET /BLA/boletinlegal/images/arr_r.jpg HTTP/1.1" 200 1998
172.22.2.4 - - [16/Apr/2023:17:41:49 -0500] "GET /BLA/boletinlegal/images/screen_5.png HTTP/1.1" 200 368876
172.22.2.4 - - [16/Apr/2023:17:41:49 -0500] "GET /BLA/boletinlegal/images/footer_bg.jpg HTTP/1.1" 200 586
172.22.2.4 - - [16/Apr/2023:17:41:49 -0500] "GET /BLA/boletinlegal/images/screen_3.png HTTP/1.1" 200 210620
172.22.2.4 - - [16/Apr/2023:17:41:49 -0500] "GET /BLA/boletinlegal/normativa.php HTTP/1.1" 200 8343
172.22.2.4 - - [16/Apr/2023:17:41:49 -0500] "GET /BLA/boletinlegal/js/ajax_normativa.js HTTP/1.1" 200 1154
172.22.2.4 - - [16/Apr/2023:17:41:49 -0500] "GET /BLA/boletinlegal/niceforms.js HTTP/1.1" 200 22876
172.22.2.4 - - [16/Apr/2023:17:41:49 -0500] "GET /BLA/boletinlegal/niceforms-default.css HTTP/1.1" 200 6694
172.22.2.4 - - [16/Apr/2023:17:41:49 -0500] "GET /BLA/boletinlegal/images/tel.png HTTP/1.1" 200 14477
172.22.2.4 - - [16/Apr/2023:17:41:49 -0500] "GET /BLA/boletinlegal/images/icono-email.png HTTP/1.1" 200 5544
172.22.2.4 - - [16/Apr/2023:17:41:49 -0500] "GET /BLA/boletinlegal/images/footer_bg_l.jpg HTTP/1.1" 200 776
172.22.2.4 - - [16/Apr/2023:17:41:49 -0500] "GET /BLA/boletinlegal/img/0.png HTTP/1.1" 200 110
172.22.2.4 - - [16/Apr/2023:17:41:49 -0500] "GET /BLA/boletinlegal/img/select-right.png HTTP/1.1" 200 44019
172.22.2.4 - - [16/Apr/2023:17:41:49 -0500] "GET /BLA/boletinlegal/img/button.png HTTP/1.1" 200 43241
172.22.2.4 - - [16/Apr/2023:17:41:49 -0500] "GET /BLA/boletinlegal/img/select-left.png HTTP/1.1" 200 263
172.22.2.4 - - [16/Apr/2023:17:41:49 -0500] "GET /BLA/boletinlegal/img/button-left.png HTTP/1.1" 200 57071
172.22.2.4 - - [16/Apr/2023:17:41:49 -0500] "GET /BLA/boletinlegal/img/button-right.png HTTP/1.1" 200 57878
172.22.2.4 - - [16/Apr/2023:17:41:49 -0500] "GET /BLA/boletinlegal/favicon.ico HTTP/1.1" 404 1334
172.22.2.4 - - [16/Apr/2023:17:41:51 -0500] "GET /BLA/boletinlegal/actos.php HTTP/1.1" 200 9682
172.22.2.4 - - [16/Apr/2023:17:41:51 -0500] "GET /BLA/boletinlegal/js/popup.js HTTP/1.1" 200 1270
172.22.2.4 - - [16/Apr/2023:17:41:51 -0500] "GET /BLA/boletinlegal/js/lib.js HTTP/1.1" 200 6474
172.22.2.4 - - [16/Apr/2023:17:41:51 -0500] "GET /BLA/boletinlegal/js/jquery1.js HTTP/1.1" 200 29846
172.22.2.4 - - [16/Apr/2023:17:41:51 -0500] "GET /BLA/boletinlegal/js/ajax_actos.js HTTP/1.1" 200 1322
172.22.2.4 - - [16/Apr/2023:17:41:51 -0500] "GET /BLA/boletinlegal/images/green-yellow-blue-pink-th.png HTTP/1.1" 200 7394
172.22.2.4 - - [16/Apr/2023:17:42:21 -0500] "GET /BLA/boletinlegal/consulta_actos.php?tipo=resoluciones&no=1048&usuario=&sector=&fecha=2019&resuelve= HTTP/1.1" 200 1414
172.22.2.4 - - [16/Apr/2023:17:42:21 -0500] "GET /BLA/boletinlegal/images/pdf.gif HTTP/1.1" 200 567
172.22.2.4 - - [16/Apr/2023:17:41:41 -0500] "GET /BLA/boletinlegal/ HTTP/1.1" 200 28619
181.61.209.153 - - [16/Apr/2023:17:42:33 -0500] "GET /BLA/resoluciones/RESOLUCIONES%202019/1048.pdf HTTP/1.1" 200 9036570
172.22.2.4 - - [16/Apr/2023:17:42:42 -0500] "GET /BLA/boletinlegal/jurisprudencia/analisis/AnalisisC-746-12.docx HTTP/1.1" 200 22637
66.249.73.51 - - [16/Apr/2023:17:43:25 -0500] "-" 408 -
172.22.2.4 - - [16/Apr/2023:17:42:14 -0500] "HEAD /BLA/boletinlegal/ HTTP/1.1" 200 -
172.22.2.4 - - [16/Apr/2023:17:43:59 -0500] "GET /BLA/boletinlegal/consulta_actos.php?tipo=resoluciones&no=0970&usuario=&sector=&fecha=2018&resuelve= HTTP/1.1" 200 1214
181.61.209.153 - - [16/Apr/2023:17:44:06 -0500] "GET /BLA/resoluciones/RESOLUCIONES%202018/0970.pdf HTTP/1.1" 200 6731126
172.22.2.4 - - [16/Apr/2023:17:43:04 -0500] "GET /BLA/boletinlegal/ HTTP/1.1" 200 55221
216.245.221.92 - - [16/Apr/2023:17:45:39 -0500] "HEAD / HTTP/1.1" 200 -
69.171.231.117 - - [16/Apr/2023:17:45:46 -0500] "GET /images/WhatsApp%20Image%202023-04-05%20at%2013.54.41.jpeg HTTP/1.1" 200 210747
201.245.192.253 - - [16/Apr/2023:17:45:49 -0500] "POST /kwsrmcab/Wsrmcab  HTTP/1.1" 200 43322
172.22.2.4 - - [16/Apr/2023:17:47:15 -0500] "GET /BLA/boletinlegal/robots.txt HTTP/1.1" 404 1038
172.22.2.4 - - [16/Apr/2023:17:47:17 -0500] "GET /BLA/boletinlegal/jurisprudencia.php HTTP/1.1" 200 17583
40.77.167.213 - - [16/Apr/2023:17:47:19 -0500] "GET /galeria/galeria/fotos/Capellania3G.jpg HTTP/1.1" 200 515718
52.167.144.125 - - [16/Apr/2023:17:48:07 -0500] "GET /transparencia/financiera/Desagregado%20con%20modificaciones/? HTTP/1.1" 404 1018
40.77.167.240 - - [16/Apr/2023:17:48:34 -0500] "GET /images/contenedores-1_optimized.jpeg HTTP/1.1" 200 34036
172.22.2.4 - - [16/Apr/2023:17:49:01 -0500] "GET /BLA/boletinlegal/ab2g HTTP/1.1" 404 1018
172.22.2.4 - - [16/Apr/2023:17:49:01 -0500] "GET /BLA/boletinlegal/ab2h HTTP/1.1" 404 1018
172.22.2.4 - - [16/Apr/2023:17:49:15 -0500] "GET /BLA/boletinlegal/t4 HTTP/1.1" 404 1018
172.22.2.4 - - [16/Apr/2023:17:49:16 -0500] "GET /BLA/boletinlegal/favicon.ico HTTP/1.1" 404 1018
172.22.2.4 - - [16/Apr/2023:17:48:04 -0500] "HEAD /BLA/boletinlegal/ HTTP/1.1" 200 -
172.22.2.4 - - [16/Apr/2023:17:49:04 -0500] "GET /BLA/boletinlegal/ HTTP/1.1" 200 24523
52.167.144.125 - - [16/Apr/2023:17:50:17 -0500] "GET /BLA/resoluciones/AUTOS%202013/2897.pdf HTTP/1.1" 200 561583
201.244.199.152 - - [16/Apr/2023:17:50:25 -0500] "GET /BLA/resoluciones/AUTOS%202020/2330.pdf HTTP/1.1" 200 342215
172.22.2.4 - - [16/Apr/2023:17:48:54 -0500] "GET /BLA/boletinlegal/ HTTP/1.1" 200 51977
216.245.221.92 - - [16/Apr/2023:17:50:39 -0500] "HEAD / HTTP/1.1" 200 -
201.245.192.253 - - [16/Apr/2023:17:50:47 -0500] "POST /kwsrmcab/Wsrmcab  HTTP/1.1" 200 43322
172.22.2.4 - - [16/Apr/2023:17:53:54 -0500] "HEAD /BLA/boletinlegal/ HTTP/1.1" 200 -
216.245.221.92 - - [16/Apr/2023:17:55:39 -0500] "HEAD / HTTP/1.1" 200 -
201.245.192.253 - - [16/Apr/2023:17:55:47 -0500] "POST /kwsrmcab/Wsrmcab  HTTP/1.1" 200 43322
172.22.2.4 - - [16/Apr/2023:17:54:44 -0500] "GET /BLA/boletinlegal/ HTTP/1.1" 200 52326
172.22.2.4 - - [16/Apr/2023:17:56:54 -0500] "GET /BLA/boletinlegal/consulta_normativa.php?tipo=&sector=competencia-estructura&ano=&resuelve= HTTP/1.1" 200 116017
172.22.2.4 - - [16/Apr/2023:17:58:06 -0500] "GET /BLA/boletinlegal/jurisprudencia/analisis/Analisis%20jurisprudencial%20Sentencia%20C-366-11.doc HTTP/1.1" 304 -
216.245.221.92 - - [16/Apr/2023:18:00:39 -0500] "HEAD / HTTP/1.1" 200 -
201.245.192.253 - - [16/Apr/2023:18:00:46 -0500] "POST /kwsrmcab/Wsrmcab  HTTP/1.1" 200 43322
172.22.2.4 - - [16/Apr/2023:17:59:44 -0500] "HEAD /BLA/boletinlegal/ HTTP/1.1" 200 -
172.22.2.4 - - [16/Apr/2023:18:00:34 -0500] "GET /BLA/boletinlegal/ HTTP/1.1" 200 57561
172.22.2.4 - - [16/Apr/2023:18:03:05 -0500] "GET /BLA/boletinlegal/consulta_normativa.php?tipo=&sector=Aire&ano=&resuelve= HTTP/1.1" 200 949
172.22.2.4 - - [16/Apr/2023:18:03:05 -0500] "GET /BLA/boletinlegal/consulta_normativa.php?tipo=&sector=Aire&ano=&resuelve= HTTP/1.1" 200 949
172.22.2.4 - - [16/Apr/2023:18:03:11 -0500] "GET /BLA/boletinlegal/consulta_normativa.php?tipo=&sector=Aire&ano=&resuelve= HTTP/1.1" 200 949
172.22.2.4 - - [16/Apr/2023:18:03:17 -0500] "GET /BLA/boletinlegal/consulta_normativa.php?tipo=&sector=emisiones&ano=&resuelve= HTTP/1.1" 200 19168
172.22.2.4 - - [16/Apr/2023:18:03:17 -0500] "GET /BLA/boletinlegal/actos.php HTTP/1.1" 200 9682
190.25.26.165 - - [16/Apr/2023:18:03:20 -0500] "GET /BLA/resoluciones/ HTTP/1.1" 200 13502
190.25.26.165 - - [16/Apr/2023:18:03:33 -0500] "GET /BLA/resoluciones/index.php?dir=AUTOS+2022%2F HTTP/1.1" 200 473234
190.25.26.165 - - [16/Apr/2023:18:03:40 -0500] "GET /BLA/resoluciones/AUTOS%202022/7942.pdf HTTP/1.1" 200 429411
200.29.113.36 - - [16/Apr/2023:18:03:42 -0500] "GET /BLA/resoluciones/AUTOS%202022/7942.pdf HTTP/1.1" 200 429411
172.22.2.4 - - [16/Apr/2023:18:03:14 -0500] "GET /BLA/boletinlegal/ HTTP/1.1" 200 24523
69.171.249.10 - - [16/Apr/2023:18:04:43 -0500] "GET /images/negocios-verdes-en-bogota.jpeg HTTP/1.1" 200 132932
216.245.221.92 - - [16/Apr/2023:18:05:39 -0500] "HEAD / HTTP/1.1" 200 -
201.245.192.253 - - [16/Apr/2023:18:05:45 -0500] "POST /kwsrmcab/Wsrmcab  HTTP/1.1" 200 43322
52.167.144.125 - - [16/Apr/2023:18:06:20 -0500] "GET /BLA/resoluciones/index.php?dir=AUTOS+2022%2F HTTP/1.1" 200 473234
172.22.2.4 - - [16/Apr/2023:18:05:34 -0500] "HEAD /BLA/boletinlegal/ HTTP/1.1" 200 -
190.0.242.66 - - [16/Apr/2023:18:07:36 -0500] "GET /como-obtener-el-certificado-de-estado-de-conservacion-ambiental-ceca.html HTTP/1.1" 200 873
34.147.86.107 - - [16/Apr/2023:18:07:44 -0500] "GET /inventario-de-emisiones-2020-transporte-publico-sitp-redujo-emisiones-de-pm-2-5-en-un-37.html HTTP/1.1" 200 925
172.22.2.4 - - [16/Apr/2023:18:06:24 -0500] "GET /BLA/boletinlegal/ HTTP/1.1" 200 57561
172.22.2.4 - - [16/Apr/2023:18:09:28 -0500] "GET /BLA/boletinlegal/actos.php HTTP/1.1" 200 9682
172.22.2.4 - - [16/Apr/2023:18:10:02 -0500] "HEAD /BLA/boletinlegal/robots.txt HTTP/1.1" 404 -
172.22.2.4 - - [16/Apr/2023:18:10:03 -0500] "GET /BLA/boletinlegal/robots.txt HTTP/1.1" 404 1038
216.245.221.92 - - [16/Apr/2023:18:10:39 -0500] "HEAD / HTTP/1.1" 200 -
201.245.192.253 - - [16/Apr/2023:18:10:44 -0500] "POST /kwsrmcab/Wsrmcab  HTTP/1.1" 200 43322
186.190.225.82 - - [16/Apr/2023:18:11:31 -0500] "GET /galeria/galeria/jquery.fancybox.css?v=2.1.5 HTTP/1.1" 200 4895
186.190.225.82 - - [16/Apr/2023:18:11:31 -0500] "GET /BLA/boletinlegal/js/jquery.scrollShow.js HTTP/1.1" 200 4586
186.190.225.82 - - [16/Apr/2023:18:11:32 -0500] "GET /galeria/galeria/jquery.fancybox.js?v=2.1.5 HTTP/1.1" 200 48706
66.249.73.55 - - [16/Apr/2023:18:11:35 -0500] "-" 408 -
172.22.2.4 - - [16/Apr/2023:18:10:04 -0500] "GET /BLA/boletinlegal/ HTTP/1.1" 200 58663
34.147.4.96 - - [16/Apr/2023:18:11:47 -0500] "GET /inventario-de-emisiones-2020-transporte-publico-sitp-redujo-emisiones-de-pm-2-5-en-un-37.html HTTP/1.1" 200 925
66.249.70.170 - - [16/Apr/2023:18:12:16 -0500] "-" 408 -
172.22.2.4 - - [16/Apr/2023:18:13:02 -0500] "GET /BLA/boletinlegal/Circulares/2019/Circular%20No.%200015%20del%2003%20de%20Octubre%20de%202019.pdf HTTP/1.1" 200 165608
172.22.2.4 - - [16/Apr/2023:18:11:24 -0500] "HEAD /BLA/boletinlegal/ HTTP/1.1" 200 -
186.119.215.48 - - [16/Apr/2023:18:13:05 -0500] "GET /florecio-la-herrania-en-el-tropicario-distrital-una-planta-nativa-de-la-amazonia-colombiana.html HTTP/1.1" 200 935
172.22.2.4 - - [16/Apr/2023:18:12:14 -0500] "GET /BLA/boletinlegal/ HTTP/1.1" 200 53114
172.22.2.4 - - [16/Apr/2023:18:14:51 -0500] "GET /BLA/boletinlegal/actos.php HTTP/1.1" 200 9682
200.68.140.68 - - [16/Apr/2023:18:15:01 -0500] "GET /cuatro-animales-y-cerca-de-cinco-kilos-de-carne-de-especimenes-silvestres-fueron-incautados-en-los-ultimos-dias-en-bogota.html HTTP/1.1" 200 869
216.245.221.92 - - [16/Apr/2023:18:15:39 -0500] "HEAD / HTTP/1.1" 200 -
201.245.192.253 - - [16/Apr/2023:18:15:43 -0500] "POST /kwsrmcab/Wsrmcab  HTTP/1.1" 200 43322
40.77.167.213 - - [16/Apr/2023:18:16:02 -0500] "GET /BLA/boletinlegal/notificaciones.php HTTP/1.1" 200 7162
173.252.87.5 - - [16/Apr/2023:18:16:20 -0500] "GET /images/semana-bosques-1_optimized.1.jpg HTTP/1.1" 200 102892
34.147.4.96 - - [16/Apr/2023:18:16:27 -0500] "GET /inventario-de-emisiones-2020-transporte-publico-sitp-redujo-emisiones-de-pm-2-5-en-un-37.html HTTP/1.1" 200 925
101.68.211.2 - - [16/Apr/2023:18:16:28 -0500] "-" 408 -
185.119.81.106 - - [16/Apr/2023:18:17:46 -0500] "GET /portaldeninos/wp-login.php HTTP/1.1" 200 2592
185.119.81.106 - - [16/Apr/2023:18:17:47 -0500] "POST /portaldeninos/wp-login.php HTTP/1.1" 200 3605
172.22.2.4 - - [16/Apr/2023:18:17:14 -0500] "HEAD /BLA/boletinlegal/ HTTP/1.1" 200 -
201.245.192.253 - - [16/Apr/2023:18:19:21 -0500] "POST /kwsrmcab/Wsrmcab HTTP/1.1" 200 43470
201.245.192.253 - - [16/Apr/2023:18:19:23 -0500] "POST /kwsrmcab/Wsrmcab HTTP/1.1" 200 43336
172.22.2.4 - - [16/Apr/2023:18:18:04 -0500] "GET /BLA/boletinlegal/ HTTP/1.1" 200 57151
181.131.199.77 - - [16/Apr/2023:18:20:02 -0500] "GET /catalogoisis/ HTTP/1.1" 200 8575
181.131.199.77 - - [16/Apr/2023:18:20:02 -0500] "GET /catalogoisis/Css/Busqueda.css HTTP/1.1" 200 1995
181.131.199.77 - - [16/Apr/2023:18:20:02 -0500] "GET /catalogoisis/Js/AceptarLimpiar.js HTTP/1.1" 200 331
181.131.199.77 - - [16/Apr/2023:18:20:02 -0500] "GET /catalogoisis/Js/CriterioCombinada.js HTTP/1.1" 200 1843
181.131.199.77 - - [16/Apr/2023:18:20:02 -0500] "GET /catalogoisis/Js/Remote.js HTTP/1.1" 200 436
181.131.199.77 - - [16/Apr/2023:18:20:02 -0500] "GET /catalogoisis/Js/LimpiarCombinada.js HTTP/1.1" 200 207
181.131.199.77 - - [16/Apr/2023:18:20:02 -0500] "GET /catalogoisis/Js/Cookies.js HTTP/1.1" 200 1369
181.131.199.77 - - [16/Apr/2023:18:20:02 -0500] "GET /catalogoisis/Js/Go.js HTTP/1.1" 200 364
181.131.199.77 - - [16/Apr/2023:18:20:02 -0500] "GET /catalogoisis/Js/Numero.js HTTP/1.1" 200 398
181.131.199.77 - - [16/Apr/2023:18:20:02 -0500] "GET /catalogoisis/Js/Enter.js HTTP/1.1" 200 1208
181.131.199.77 - - [16/Apr/2023:18:20:02 -0500] "GET /catalogoisis/imagenes/br1c1.gif HTTP/1.1" 200 172
181.131.199.77 - - [16/Apr/2023:18:20:02 -0500] "GET /catalogoisis/imagenes/br1c3.gif HTTP/1.1" 200 302
181.131.199.77 - - [16/Apr/2023:18:20:02 -0500] "GET /catalogoisis/imagenes/br1c2.gif HTTP/1.1" 200 297
181.131.199.77 - - [16/Apr/2023:18:20:02 -0500] "GET /catalogoisis/imagenes/br2c2.gif HTTP/1.1" 200 302
181.131.199.77 - - [16/Apr/2023:18:20:02 -0500] "GET /catalogoisis/imagenes/Header.gif HTTP/1.1" 200 30313
181.131.199.77 - - [16/Apr/2023:18:20:03 -0500] "GET /catalogoisis/imagenes/br2c3.gif HTTP/1.1" 200 416
181.131.199.77 - - [16/Apr/2023:18:20:03 -0500] "GET /catalogoisis/imagenes/br2c1.gif HTTP/1.1" 200 297
181.131.199.77 - - [16/Apr/2023:18:20:03 -0500] "GET /catalogoisis/imagenes/Turnbo1.gif HTTP/1.1" 200 227
181.131.199.77 - - [16/Apr/2023:18:20:03 -0500] "GET /catalogoisis/imagenes/limpiar1.gif HTTP/1.1" 200 606
181.131.199.77 - - [16/Apr/2023:18:20:03 -0500] "GET /catalogoisis/imagenes/aceptar1.gif HTTP/1.1" 200 604
181.131.199.77 - - [16/Apr/2023:18:20:03 -0500] "GET /catalogoisis/imagenes/br3c1.gif HTTP/1.1" 200 177
181.131.199.77 - - [16/Apr/2023:18:20:03 -0500] "GET /catalogoisis/imagenes/br3c3.gif HTTP/1.1" 200 186
181.131.199.77 - - [16/Apr/2023:18:20:03 -0500] "GET /catalogoisis/imagenes/br3c2.gif HTTP/1.1" 200 285
181.131.199.77 - - [16/Apr/2023:18:20:03 -0500] "GET /favicon.ico HTTP/1.1" 200 7782
216.245.221.92 - - [16/Apr/2023:18:20:39 -0500] "HEAD / HTTP/1.1" 200 -
172.22.2.4 - - [16/Apr/2023:18:20:39 -0500] "GET /BLA/boletinlegal/actos.php HTTP/1.1" 200 9682
201.245.192.253 - - [16/Apr/2023:18:20:42 -0500] "POST /kwsrmcab/Wsrmcab  HTTP/1.1" 200 43322
185.119.81.97 - - [16/Apr/2023:18:21:04 -0500] "GET /portaldeninos/wp-login.php HTTP/1.1" 200 2592
185.119.81.97 - - [16/Apr/2023:18:21:05 -0500] "POST /portaldeninos/wp-login.php HTTP/1.1" 200 3605
172.22.2.4 - - [16/Apr/2023:18:23:04 -0500] "HEAD /BLA/boletinlegal/ HTTP/1.1" 200 -
152.203.240.197 - - [16/Apr/2023:18:25:26 -0500] "GET /secretaria-de-ambiente-invita-a-proteger-la-culebra-sabanera.html HTTP/1.1" 200 924
172.22.2.4 - - [16/Apr/2023:18:23:54 -0500] "GET /BLA/boletinlegal/ HTTP/1.1" 200 57561
216.245.221.92 - - [16/Apr/2023:18:25:39 -0500] "HEAD / HTTP/1.1" 200 -
201.245.192.253 - - [16/Apr/2023:18:25:41 -0500] "POST /kwsrmcab/Wsrmcab  HTTP/1.1" 200 43322
31.13.127.28 - - [16/Apr/2023:18:25:49 -0500] "GET /la-secretaria-de-ambiente-ha-gestionado-14-5-toneladas-de-ropa-y-calzado-en-desuso.html HTTP/1.1" 206 869
157.55.39.207 - - [16/Apr/2023:18:25:55 -0500] "GET /BLA/resoluciones/AUTOS%202013/3394.pdf HTTP/1.1" 200 515971
172.22.2.4 - - [16/Apr/2023:18:27:58 -0500] "GET /BLA/boletinlegal/Circulares/2010/Circular%2004%20de%2021%20de%20abril%20de%202010.pdf HTTP/1.1" 304 -
168.119.253.69 - - [16/Apr/2023:18:28:47 -0500] "GET / HTTP/1.1" 200 319
168.119.253.69 - - [16/Apr/2023:18:28:47 -0500] "GET / HTTP/1.1" 200 4720
201.245.192.253 - - [16/Apr/2023:18:29:21 -0500] "POST /kwsrmcab/Wsrmcab HTTP/1.1" 200 43470
201.245.192.253 - - [16/Apr/2023:18:29:24 -0500] "POST /kwsrmcab/Wsrmcab HTTP/1.1" 200 43336
172.22.2.4 - - [16/Apr/2023:18:28:54 -0500] "HEAD /BLA/boletinlegal/ HTTP/1.1" 200 -
216.245.221.92 - - [16/Apr/2023:18:30:39 -0500] "HEAD / HTTP/1.1" 200 -
201.245.192.253 - - [16/Apr/2023:18:30:41 -0500] "POST /kwsrmcab/Wsrmcab  HTTP/1.1" 200 43322
172.22.2.4 - - [16/Apr/2023:18:29:44 -0500] "GET /BLA/boletinlegal/ HTTP/1.1" 200 53561
216.245.221.92 - - [16/Apr/2023:18:35:39 -0500] "HEAD / HTTP/1.1" 200 -
201.245.192.253 - - [16/Apr/2023:18:35:39 -0500] "POST /kwsrmcab/Wsrmcab  HTTP/1.1" 200 43322
186.80.52.59 - - [16/Apr/2023:18:35:46 -0500] "GET /mesa/contrasena.pdf HTTP/1.1" 200 443199
186.80.52.59 - - [16/Apr/2023:18:35:46 -0500] "GET /mesa/contrasena.pdf HTTP/1.1" 206 1
186.80.52.59 - - [16/Apr/2023:18:35:46 -0500] "GET /mesa/contrasena.pdf HTTP/1.1" 206 430331
40.77.167.94 - - [16/Apr/2023:18:35:49 -0500] "GET /BLA/resoluciones/AUTOS%202021/5353.pdf HTTP/1.1" 200 459603
172.22.2.4 - - [16/Apr/2023:18:34:45 -0500] "HEAD /BLA/boletinlegal/ HTTP/1.1" 200 -
172.22.2.4 - - [16/Apr/2023:18:35:35 -0500] "GET /BLA/boletinlegal/ HTTP/1.1" 200 53924
117.33.227.207 - - [16/Apr/2023:18:38:10 -0500] "GET / HTTP/1.1" 200 319
201.245.192.253 - - [16/Apr/2023:18:39:21 -0500] "POST /kwsrmcab/Wsrmcab HTTP/1.1" 200 43470
201.245.192.253 - - [16/Apr/2023:18:39:24 -0500] "POST /kwsrmcab/Wsrmcab HTTP/1.1" 200 43336
66.249.73.51 - - [16/Apr/2023:18:40:28 -0500] "-" 408 -
216.245.221.92 - - [16/Apr/2023:18:40:39 -0500] "HEAD / HTTP/1.1" 200 -
201.245.192.253 - - [16/Apr/2023:18:40:38 -0500] "POST /kwsrmcab/Wsrmcab  HTTP/1.1" 200 43322
172.22.2.4 - - [16/Apr/2023:18:40:35 -0500] "HEAD /BLA/boletinlegal/ HTTP/1.1" 200 -
172.22.2.4 - - [16/Apr/2023:18:41:25 -0500] "GET /BLA/boletinlegal/ HTTP/1.1" 200 57151
66.249.70.170 - - [16/Apr/2023:18:45:38 -0500] "-" 408 -
216.245.221.92 - - [16/Apr/2023:18:45:39 -0500] "HEAD / HTTP/1.1" 200 -
201.245.192.253 - - [16/Apr/2023:18:45:37 -0500] "POST /kwsrmcab/Wsrmcab  HTTP/1.1" 200 43322
40.77.167.213 - - [16/Apr/2023:18:47:35 -0500] "GET /BLA/resoluciones/RESOLUCIONES%202022/4056.pdf HTTP/1.1" 200 367498
157.55.39.207 - - [16/Apr/2023:18:47:40 -0500] "GET /BLA/resoluciones/AUTOS%202021/6182.pdf HTTP/1.1" 304 -
34.91.99.42 - - [16/Apr/2023:18:47:46 -0500] "GET /inventario-de-emisiones-2020-transporte-publico-sitp-redujo-emisiones-de-pm-2-5-en-un-37.html HTTP/1.1" 200 925
172.22.2.4 - - [16/Apr/2023:18:46:25 -0500] "HEAD /BLA/boletinlegal/ HTTP/1.1" 200 -
172.22.2.4 - - [16/Apr/2023:18:47:15 -0500] "GET /BLA/boletinlegal/ HTTP/1.1" 200 57945
201.245.192.253 - - [16/Apr/2023:18:50:36 -0500] "POST /kwsrmcab/Wsrmcab  HTTP/1.1" 200 43322
216.245.221.92 - - [16/Apr/2023:18:50:39 -0500] "HEAD / HTTP/1.1" 200 -
34.91.239.231 - - [16/Apr/2023:18:53:21 -0500] "GET /inventario-de-emisiones-2020-transporte-publico-sitp-redujo-emisiones-de-pm-2-5-en-un-37.html HTTP/1.1" 200 925
172.22.2.4 - - [16/Apr/2023:18:52:15 -0500] "HEAD /BLA/boletinlegal/ HTTP/1.1" 200 -
190.159.184.39 - - [16/Apr/2023:18:54:24 -0500] "GET /BLA/resoluciones/ HTTP/1.1" 200 13502
190.159.184.39 - - [16/Apr/2023:18:54:26 -0500] "GET /BLA/resoluciones/index.php?dir=Decretos%2F HTTP/1.1" 200 6804
190.159.184.39 - - [16/Apr/2023:18:54:29 -0500] "GET /BLA/resoluciones/index.php?dir=AUTOS+2023%2F HTTP/1.1" 200 20412
190.159.184.39 - - [16/Apr/2023:18:54:36 -0500] "GET /BLA/resoluciones/AUTOS%202023/0185.pdf HTTP/1.1" 200 392388
172.22.2.4 - - [16/Apr/2023:18:53:05 -0500] "GET /BLA/boletinlegal/ HTTP/1.1" 200 54808
66.249.73.51 - - [16/Apr/2023:18:55:07 -0500] "-" 408 -
201.245.192.253 - - [16/Apr/2023:18:55:34 -0500] "POST /kwsrmcab/Wsrmcab  HTTP/1.1" 200 43322
216.245.221.92 - - [16/Apr/2023:18:55:38 -0500] "HEAD / HTTP/1.1" 200 -
173.252.83.10 - - [16/Apr/2023:18:55:45 -0500] "GET /images/cr\xc3\xb3nica-29-nov-1_optimized.jpeg HTTP/1.1" 404 1034
40.77.139.108 - - [16/Apr/2023:18:56:00 -0500] "GET /BLA/boletinlegal/js/jquery.scrollShow.js HTTP/1.1" 200 4586
191.102.82.238 - - [16/Apr/2023:18:56:41 -0500] "GET /secretaria-de-ambiente-invita-a-proteger-la-culebra-sabanera.html HTTP/1.1" 200 924
172.58.238.200 - - [16/Apr/2023:18:58:06 -0500] "GET /secretaria-de-ambiente-invita-a-proteger-la-culebra-sabanera.html HTTP/1.1" 206 924
172.58.238.200 - - [16/Apr/2023:18:58:06 -0500] "GET /images/culebra-sabanera-2020.jpg HTTP/1.1" 206 102873
172.22.2.4 - - [16/Apr/2023:18:58:17 -0500] "GET /BLA/boletinlegal/jurisprudencia/analisis/AnalisisT-606-15.docx HTTP/1.1" 200 26698
172.22.2.4 - - [16/Apr/2023:18:58:17 -0500] "GET /BLA/boletinlegal/apple-touch-icon-120x120-precomposed.png HTTP/1.1" 404 1140
172.22.2.4 - - [16/Apr/2023:18:58:17 -0500] "GET /BLA/boletinlegal/apple-touch-icon-120x120.png HTTP/1.1" 404 1140
172.22.2.4 - - [16/Apr/2023:18:58:17 -0500] "GET /BLA/boletinlegal/apple-touch-icon-precomposed.png HTTP/1.1" 404 1140
172.22.2.4 - - [16/Apr/2023:18:58:17 -0500] "GET /BLA/boletinlegal/apple-touch-icon.png HTTP/1.1" 404 1140
172.22.2.4 - - [16/Apr/2023:18:58:17 -0500] "GET /BLA/boletinlegal/favicon.ico HTTP/1.1" 404 1140
172.22.2.4 - - [16/Apr/2023:18:58:17 -0500] "GET /BLA/boletinlegal/apple-touch-icon-120x120-precomposed.png HTTP/1.1" 404 1140
172.22.2.4 - - [16/Apr/2023:18:58:17 -0500] "GET /BLA/boletinlegal/apple-touch-icon-120x120.png HTTP/1.1" 404 1140
172.22.2.4 - - [16/Apr/2023:18:58:17 -0500] "GET /BLA/boletinlegal/apple-touch-icon-precomposed.png HTTP/1.1" 404 1140
172.22.2.4 - - [16/Apr/2023:18:58:17 -0500] "GET /BLA/boletinlegal/apple-touch-icon.png HTTP/1.1" 404 1140
172.22.2.4 - - [16/Apr/2023:18:58:17 -0500] "GET /BLA/boletinlegal/favicon.ico HTTP/1.1" 404 1140
191.156.180.15 - - [16/Apr/2023:18:58:52 -0500] "-" 408 -
172.22.2.4 - - [16/Apr/2023:18:58:57 -0500] "GET /BLA/boletinlegal/actos.php HTTP/1.1" 200 9682
172.22.2.4 - - [16/Apr/2023:18:58:05 -0500] "HEAD /BLA/boletinlegal/ HTTP/1.1" 200 -
201.245.192.253 - - [16/Apr/2023:19:00:32 -0500] "POST /kwsrmcab/Wsrmcab  HTTP/1.1" 200 43322
172.22.2.4 - - [16/Apr/2023:18:58:55 -0500] "GET /BLA/boletinlegal/ HTTP/1.1" 200 57561
216.245.221.92 - - [16/Apr/2023:19:00:39 -0500] "HEAD / HTTP/1.1" 200 -
201.245.192.253 - - [16/Apr/2023:19:05:30 -0500] "POST /kwsrmcab/Wsrmcab  HTTP/1.1" 200 43322
172.22.2.4 - - [16/Apr/2023:19:03:55 -0500] "HEAD /BLA/boletinlegal/ HTTP/1.1" 200 -
216.245.221.92 - - [16/Apr/2023:19:05:39 -0500] "HEAD / HTTP/1.1" 200 -
172.22.2.4 - - [16/Apr/2023:19:04:45 -0500] "GET /BLA/boletinlegal/ HTTP/1.1" 200 59306
172.58.232.54 - - [16/Apr/2023:19:06:56 -0500] "GET /secretaria-de-ambiente-invita-a-proteger-la-culebra-sabanera.html HTTP/1.1" 200 924
172.22.2.4 - - [16/Apr/2023:19:07:51 -0500] "GET /BLA/boletinlegal/robots.txt HTTP/1.1" 404 1038
34.90.208.247 - - [16/Apr/2023:19:08:43 -0500] "GET /inventario-de-emisiones-2020-transporte-publico-sitp-redujo-emisiones-de-pm-2-5-en-un-37.html HTTP/1.1" 200 925
200.118.24.64 - - [16/Apr/2023:19:09:19 -0500] "GET /galeria/galeria/jquery.fancybox.css?v=2.1.5 HTTP/1.1" 200 4895
200.118.24.64 - - [16/Apr/2023:19:09:19 -0500] "GET /BLA/boletinlegal/js/jquery.scrollShow.js HTTP/1.1" 200 4586
200.118.24.64 - - [16/Apr/2023:19:09:19 -0500] "GET /galeria/galeria/jquery.fancybox.js?v=2.1.5 HTTP/1.1" 200 48706
172.22.2.4 - - [16/Apr/2023:19:07:52 -0500] "GET /BLA/boletinlegal/index.php HTTP/1.1" 200 62212
201.245.192.253 - - [16/Apr/2023:19:10:28 -0500] "POST /kwsrmcab/Wsrmcab  HTTP/1.1" 200 43322
216.245.221.92 - - [16/Apr/2023:19:10:39 -0500] "HEAD / HTTP/1.1" 200 -
172.22.2.4 - - [16/Apr/2023:19:09:45 -0500] "HEAD /BLA/boletinlegal/ HTTP/1.1" 200 -
66.249.73.51 - - [16/Apr/2023:19:11:36 -0500] "-" 408 -
172.22.2.4 - - [16/Apr/2023:19:10:35 -0500] "GET /BLA/boletinlegal/ HTTP/1.1" 200 55571
34.90.208.247 - - [16/Apr/2023:19:12:24 -0500] "GET /inventario-de-emisiones-2020-transporte-publico-sitp-redujo-emisiones-de-pm-2-5-en-un-37.html HTTP/1.1" 200 925
172.22.2.4 - - [16/Apr/2023:19:11:55 -0500] "GET /BLA/boletinlegal/ HTTP/1.1" 200 60094
201.245.192.253 - - [16/Apr/2023:19:15:26 -0500] "POST /kwsrmcab/Wsrmcab  HTTP/1.1" 200 43322
216.245.221.92 - - [16/Apr/2023:19:15:38 -0500] "HEAD / HTTP/1.1" 200 -
172.22.2.4 - - [16/Apr/2023:19:15:35 -0500] "HEAD /BLA/boletinlegal/ HTTP/1.1" 200 -
172.22.2.4 - - [16/Apr/2023:19:16:25 -0500] "GET /BLA/boletinlegal/ HTTP/1.1" 200 57151
31.13.103.15 - - [16/Apr/2023:19:18:48 -0500] "GET /mejora-la-calidad-del-aire-condiciones-meteorologicas-favorables-permiten-levantar-la-alerta-preventiva.html HTTP/1.1" 206 873
31.13.103.24 - - [16/Apr/2023:19:18:51 -0500] "GET /mejora-la-calidad-del-aire-condiciones-meteorologicas-favorables-permiten-levantar-la-alerta-preventiva.html HTTP/1.1" 206 873
31.13.103.5 - - [16/Apr/2023:19:18:51 -0500] "GET /mejora-la-calidad-del-aire-condiciones-meteorologicas-favorables-permiten-levantar-la-alerta-preventiva.html HTTP/1.1" 206 873
185.119.81.97 - - [16/Apr/2023:19:19:06 -0500] "GET /portaldeninos/wp-login.php HTTP/1.1" 200 2592
185.119.81.97 - - [16/Apr/2023:19:19:07 -0500] "POST /portaldeninos/wp-login.php HTTP/1.1" 200 3605
201.245.192.253 - - [16/Apr/2023:19:19:21 -0500] "POST /kwsrmcab/Wsrmcab HTTP/1.1" 200 43459
201.245.192.253 - - [16/Apr/2023:19:19:24 -0500] "POST /kwsrmcab/Wsrmcab HTTP/1.1" 200 43330
66.249.70.172 - - [16/Apr/2023:19:19:42 -0500] "-" 408 -
201.245.192.253 - - [16/Apr/2023:19:20:25 -0500] "POST /kwsrmcab/Wsrmcab  HTTP/1.1" 200 43322
216.245.221.92 - - [16/Apr/2023:19:20:39 -0500] "HEAD / HTTP/1.1" 200 -
186.84.88.175 - - [16/Apr/2023:19:20:47 -0500] "GET /galeria/galeria/jquery.fancybox.css?v=2.1.5 HTTP/1.1" 200 4895
186.84.88.175 - - [16/Apr/2023:19:20:47 -0500] "GET /BLA/boletinlegal/js/jquery.scrollShow.js HTTP/1.1" 200 4586
186.84.88.175 - - [16/Apr/2023:19:20:47 -0500] "GET /galeria/galeria/jquery.fancybox.js?v=2.1.5 HTTP/1.1" 200 48706
66.220.149.1 - - [16/Apr/2023:19:21:36 -0500] "GET /images/Acuerdos%2001%20(1)%20(1).jpeg HTTP/1.1" 200 32884
172.22.2.4 - - [16/Apr/2023:19:21:25 -0500] "HEAD /BLA/boletinlegal/ HTTP/1.1" 200 -
45.238.183.213 - - [16/Apr/2023:19:23:07 -0500] "GET /%C3%82%C2%BFquieres-aprender-sobre-jardines-verticales-esta-es-tu-oportunidad.html HTTP/1.1" 200 925
186.102.56.136 - - [16/Apr/2023:19:23:32 -0500] "GET /kwssiamovil/sm/acme/a?s=U2FsdGVkX18ExA0X/kfCqQAPE0ZtJ+GPWdLF3xy3qF+LSqM9FZB0g5gVBkqJgqxJXO8/5c/4YigpYXY8Rm3LmNjlgjPNNdFPoYImrBtY3VFw7MpSwDkm7P4V8pHsQNtTHQNFQzSipcgtZ8+worthCH9Qu9081ZzdHw9JyfxOdGS9i3UPcNU8yijpAdu8ztDnAC3aUCCec9xDItaqgmC0zFPdIAUO7Mw+y8PB3zo6ugoUf+Ar5Mq5eNDUq7q7A0bTEt1Cu0zBbSS9144rQvkwmIGLz8SbhvbQrYXzfiQpYck=&u=U2FsdGVkX1/rRdT1x20kO7qHEknP02ZA7n/pO+D8SSOLFKFrOOIO3F0iQoWcsCdZ&y=U2FsdGVkX19pqKHV4OOTPoRJCh7xTRKZrCgSLyX1YDV3qilJcTTMAUMeZAysKez2 HTTP/1.1" 200 26
186.102.56.136 - - [16/Apr/2023:19:23:33 -0500] "GET /kwssiamovil/sm/acme/a?s=U2FsdGVkX1/pi8PRj+wIhXtRzl7uBFaMXJ65AbWCD70bYQuf88LcNdlsVOYqiQQFg2kfFDNaZnLIwpbMp1drWKJGBCY49o50o1UcIaQYijBarQJRmFhTCKGvsE88stR7rW2pWxOobgrLk/t0mep6NTCsXvBblmg8/QKPd3apsgPi7JDM5G/joRhy1DB4RMSRoXQjd1HtOV9VvmAV7ILXYrTl7zprcIjtNbCgU7/EFIMKv05V5JZKElGHWLYvZ2vNEwdVKAMFTiOtww6AdDOWlvo+HfCGLGFOvjMg9uC+ep+nSLQ55TMCgMj7V1o/AVl4Z0IRsaggDHP0d3YhzgLLrk9iBHR6gc0j/g3FHbgunIWo7H0/1JyPb7RvbcNxe8LFqTM6eN8YGmYgp3IqIdnIVR/Liw7I2aAOLfzbv8yN7cfYQX9tPLen57w3jGpm8N0nzdOByX9NjGf/bSGOFpD7NCri4mhlvwBqPUDG/674lAdXEHPJsfzQ+0jqjlblRuz9Bv+zbN66VWqZF8jsSQSFdX1yA6oL93n7eNbBti0e+ZZAz0QZu4LV2s09fvem+qJ3EA7ho3fo0EbC3zBBDi7O4CeABfGMdgEm+NrAZx5C9aVbVrAaUV38mgg6CNrl0az4ZQGXDkjNl7aq3UPiIHctW4MENiNURL2pVJQGtNABymde6iZP+cPgp9YK+xdGXnsqodnxj05/KABGz0PptTxvLb6ywgIus1AsX914kvb1RaXIhb2m29dG2TqWIE/VjCjNoj+3Xck+jJH+vjMErDybPruLLvnuXvaFHOVYmAstiNK21hivJWn3M01WNQO5cwzKyoIiskV9g3LFtUW6vtc2HqyYN/I/9MdIdHfDJ16YWHN5KjaOHJRGwVc/znSRsl7SMfINNU55RrBZVxt3arzOxi4OVXbbZVsDdf8yfMIqnEyKKeNWlWpQlxGCyD7gbi9itoeispTa4lgwx2x8Sqe4dZe/r8LjChOVk9+uDQki8itJd4ipSDEmOE29RipwsyrcHC7afo0Y1HyJsKle55Z83hRzuRtzZtQCHaV2ejAJ3Jvlpbx1J3qdg46DZBlrrOzEVRWdnVTN8QJA2/cyBRsDw2kRvhvRl0ramWyw7GSLxSNYrMFOCLSVF2ohydmOUmXX8LnIc70OY3li7T7scmw7RUslA9LAGJhAxntEJX8q6T3ePo3VFJMi1C+jpq3xwLrnlOz9QDNiNWciEQzmoCIFoHe6mKmvXxcMNyBlibKcUXkDdMdrHPRQ4IUtANy9XdP+vIPc36YXC9SzeXXmegjBfYepIX1y5zPL3fJmoN+tg9XQJFg85p0oX5I1QD1gCl596Mfh4rSf2eI2iuZm5FbT88EbaFM32D1pBzsvfEF0SJk=&u=U2FsdGVkX1/rRdT1x20kO7qHEknP02ZA7n/pO+D8SSOLFKFrOOIO3F0iQoWcsCdZ&y=U2FsdGVkX19pqKHV4OOTPoRJCh7xTRKZrCgSLyX1YDV3qilJcTTMAUMeZAysKez2 HTTP/1.1" 200 26
186.102.56.136 - - [16/Apr/2023:19:23:33 -0500] "GET /kwssiamovil/sm/acme/a?s=U2FsdGVkX18GoUUzdi5mHT/6cc6eb+jTKa2zcqTtS9QCHAZn8HChPYBLahNfT7Ijxc3Vct1fBQ7Ep/G9Ljisub4yvPoWFO3/YgPLQSLD9rA6yMJAPRieoXtb3owY9XNURA3E/AC0W00Wuyy1z3eoHuQ3hRdbVwGlhy5rNoURsIw=&u=U2FsdGVkX1/rRdT1x20kO7qHEknP02ZA7n/pO+D8SSOLFKFrOOIO3F0iQoWcsCdZ&y=U2FsdGVkX19pqKHV4OOTPoRJCh7xTRKZrCgSLyX1YDV3qilJcTTMAUMeZAysKez2 HTTP/1.1" 200 26
186.102.56.136 - - [16/Apr/2023:19:23:33 -0500] "GET /kwssiamovil/sm/acme/a?s=U2FsdGVkX19KE2pIywcitL5VcCiQy25h9esMhYS3a/5jhRfuMZsrFRSVjG0zPA06OR0L4Ixpz8s/WBRK84FBt6UFzWVdR/mtVvLUUh1giTYhXJlcU3A9wu371T+PRS48xQ0R4s+tyZ7zQRsdanbjUTF0U9yIdRyPbsBa5BtOlcc=&u=U2FsdGVkX1/rRdT1x20kO7qHEknP02ZA7n/pO+D8SSOLFKFrOOIO3F0iQoWcsCdZ&y=U2FsdGVkX19pqKHV4OOTPoRJCh7xTRKZrCgSLyX1YDV3qilJcTTMAUMeZAysKez2 HTTP/1.1" 200 26
186.102.56.136 - - [16/Apr/2023:19:23:34 -0500] "GET /kwssiamovil/sm/acme/a?s=U2FsdGVkX19RDgiikvjLM12XOdJe9N2F5akb6wvZIIjP0ow86mjHDIric+RrHcJC+ctUSUuGc0IGdJbkIioZeQNdnmHWMJ/6YIH5mdUBljPEl9dQ5l8iNhid/b2cwsiRyLIMjCesaIojYSQMQYPwNMWjXjGFd5Rw4Mk2xEjxvaY=&u=U2FsdGVkX1/rRdT1x20kO7qHEknP02ZA7n/pO+D8SSOLFKFrOOIO3F0iQoWcsCdZ&y=U2FsdGVkX19pqKHV4OOTPoRJCh7xTRKZrCgSLyX1YDV3qilJcTTMAUMeZAysKez2 HTTP/1.1" 200 26
186.102.56.136 - - [16/Apr/2023:19:23:34 -0500] "GET /kwssiamovil/sm/acme/a?s=U2FsdGVkX19WuC705ZRDMwy054fsUN1mDCsuSymXctUMMu35CGgcHqtv72T/XL8C3HbUsQjC+F7v0QUZsYJHnHJWlNvrY/Zkic6rPfd/YIiWb23XorUSRdU+hG7Skjl9p4YYxcObPezEMdp280CZbNNPM0ntpSBNNoSsIDsvhAZd2NXm8YUctA6M0lgvUAa8k8BpABL+Syo2B1CYbPMZKQ==&u=U2FsdGVkX1/rRdT1x20kO7qHEknP02ZA7n/pO+D8SSOLFKFrOOIO3F0iQoWcsCdZ&y=U2FsdGVkX19pqKHV4OOTPoRJCh7xTRKZrCgSLyX1YDV3qilJcTTMAUMeZAysKez2 HTTP/1.1" 200 26
172.22.2.4 - - [16/Apr/2023:19:23:40 -0500] "GET /BLA/boletinlegal/robots.txt HTTP/1.1" 404 1038
172.22.2.4 - - [16/Apr/2023:19:23:41 -0500] "GET /BLA/boletinlegal/Directivas/2016/Directiva%20No.%2001%20del%2012%20de%20Abril%20de%202016.pdf HTTP/1.1" 200 868354
172.22.2.4 - - [16/Apr/2023:19:22:15 -0500] "GET /BLA/boletinlegal/ HTTP/1.1" 200 55571
201.245.192.253 - - [16/Apr/2023:19:25:24 -0500] "POST /kwsrmcab/Wsrmcab  HTTP/1.1" 200 43322
216.245.221.92 - - [16/Apr/2023:19:25:38 -0500] "HEAD / HTTP/1.1" 200 -
172.22.2.4 - - [16/Apr/2023:19:27:15 -0500] "HEAD /BLA/boletinlegal/ HTTP/1.1" 200 -
185.119.81.99 - - [16/Apr/2023:19:29:21 -0500] "GET /portaldeninos/wp-login.php HTTP/1.1" 200 2592
185.119.81.99 - - [16/Apr/2023:19:29:22 -0500] "POST /portaldeninos/wp-login.php HTTP/1.1" 200 3605
201.245.192.253 - - [16/Apr/2023:19:29:21 -0500] "POST /kwsrmcab/Wsrmcab HTTP/1.1" 200 43459
201.245.192.253 - - [16/Apr/2023:19:29:24 -0500] "POST /kwsrmcab/Wsrmcab HTTP/1.1" 200 43330
172.22.2.4 - - [16/Apr/2023:19:28:05 -0500] "GET /BLA/boletinlegal/ HTTP/1.1" 200 57151
201.245.192.253 - - [16/Apr/2023:19:30:23 -0500] "POST /kwsrmcab/Wsrmcab  HTTP/1.1" 200 43322
216.245.221.92 - - [16/Apr/2023:19:30:38 -0500] "HEAD / HTTP/1.1" 200 -
172.22.2.4 - - [16/Apr/2023:19:33:05 -0500] "HEAD /BLA/boletinlegal/ HTTP/1.1" 200 -
172.22.2.4 - - [16/Apr/2023:19:34:53 -0500] "GET /BLA/boletinlegal/Directivas/2017/Directiva%20No.%2002%20del%2017%20de%20Enero%20de%202017.pdf HTTP/1.1" 200 3521427
40.77.167.94 - - [16/Apr/2023:19:35:03 -0500] "GET /BLA/ HTTP/1.1" 200 538
201.245.192.253 - - [16/Apr/2023:19:35:22 -0500] "POST /kwsrmcab/Wsrmcab  HTTP/1.1" 200 43322
172.22.2.4 - - [16/Apr/2023:19:33:55 -0500] "GET /BLA/boletinlegal/ HTTP/1.1" 200 56754
216.245.221.92 - - [16/Apr/2023:19:35:38 -0500] "HEAD / HTTP/1.1" 200 -
52.167.144.80 - - [16/Apr/2023:19:35:27 -0500] "GET /BLA/boletinlegal/index.php HTTP/1.1" 200 61250
186.29.225.176 - - [16/Apr/2023:19:38:17 -0500] "GET /BLA/resoluciones/index.php?dir=AUTOS+2014%2F HTTP/1.1" 200 889710
190.25.26.165 - - [16/Apr/2023:19:38:44 -0500] "GET /BLA/resoluciones/AUTOS%202022/6815.pdf HTTP/1.1" 200 442387
191.156.57.141 - - [16/Apr/2023:19:38:53 -0500] "GET /calidad-del-aire-consulta-el-borrador-de-decreto-para-el-ascenso-tecnologico-del-transporte-de-carga-en-bogota.html HTTP/1.1" 200 913
66.249.70.170 - - [16/Apr/2023:19:38:59 -0500] "-" 408 -
201.245.192.253 - - [16/Apr/2023:19:39:20 -0500] "POST /kwsrmcab/Wsrmcab HTTP/1.1" 200 43459
201.245.192.253 - - [16/Apr/2023:19:39:23 -0500] "POST /kwsrmcab/Wsrmcab HTTP/1.1" 200 43330
201.245.192.253 - - [16/Apr/2023:19:40:22 -0500] "POST /kwsrmcab/Wsrmcab  HTTP/1.1" 200 43322
172.22.2.4 - - [16/Apr/2023:19:38:55 -0500] "HEAD /BLA/boletinlegal/ HTTP/1.1" 200 -
216.245.221.92 - - [16/Apr/2023:19:40:38 -0500] "HEAD / HTTP/1.1" 200 -
190.13.49.234 - - [16/Apr/2023:19:41:16 -0500] "GET /distrito-declara-alerta-preventiva-en-el-suroccidente-de-la-ciudad-por-mala-calidad-del-aire.html HTTP/1.1" 200 1065
172.22.2.4 - - [16/Apr/2023:19:39:45 -0500] "GET /BLA/boletinlegal/ HTTP/1.1" 200 59306
66.249.73.51 - - [16/Apr/2023:19:41:39 -0500] "-" 408 -
191.106.237.170 - - [16/Apr/2023:19:42:28 -0500] "GET /kwssiamovil/sm/ldap/au?x=U2FsdGVkX19lIrNo/G/k7FK8LHsAzHZecKlSp12AOiOhi6tHccv90mDyQXaxXykK&y=U2FsdGVkX1/KmddLcICjV9GBZDiYGmh0bSurlfv6hvq8O1E7hK4FJcsOSmUgXibZ HTTP/1.1" 200 30
191.106.237.170 - - [16/Apr/2023:19:42:28 -0500] "GET /kwssiamovil/sm/acme/s?s=U2FsdGVkX18tVcskNYoZ4JTtpnvfTLkmWbI5Q8yuGmfJva8yP3Tm14Vx+ZMf7KnZSkeaDh0C5bAKPxlDB3MZmMbuy+/zqJK9xYrZfe2jn0Y=&u=U2FsdGVkX1/6ieKDN9alkj1zMEUt+tZPqTuZ3EOnAHDpdusiWM32WDKC/gA0CR1L&y=U2FsdGVkX1/KmddLcICjV9GBZDiYGmh0bSurlfv6hvq8O1E7hK4FJcsOSmUgXibZ HTTP/1.1" 200 97
191.106.237.170 - - [16/Apr/2023:19:42:28 -0500] "GET /kwssiamovil/sm/acme/s?s=U2FsdGVkX18eu7k77OOGJkqNJJTNGLY6fUEcWc6OwUKY6wei78XwVjXWqZnCrgI2zYo2Z1Td5GQTjgdsWCNq1GYJjN32HrzRUhw603uA04Rqi0ptkgb4rnPNVNjkSWpyTjwKFmF3f5xQXpnzGeeECWCT28ybRvuGE3TVCwkihJcxgcwuINNd5KuGW9xV4+jB/Lc1JuXRE+K+BhoHoKyNGSoq+cx92+JPDLKx8HPCom3FJLLgIZ2WtGIyQfrCZ6cbSp90AcDYC5ia/CYzlxhnyA/p/QVX15fAX3Gk3s7NZZClEI0U7dJkytblm50kL+21QIq7FqSCkVuFRgPDN3Zju8khc+ZA3UEWyCEnE5hiFN5iyl8JKlNNmc9DsI0mvLtLvsRI6iLFeWqRGWclaySWcogvMssG8S+ffvD4wL9a0Dct1ZlNyLlrH/11t09gVO5Bo1UIWyh76f7poKskjY9n4Be3yaPIP3JAPLtMrRvxuioXDDKeltD1Abwr/ABBxTvAsX9Yf8D4W2BKsfPcif80tdcLs+Si0FgnuAtKBXxnhIwmXdtbgWEUBhyOLhDl52BiQHO0ifQWb/8/RQvWGKEW0HYSOyVRQvIiPDk+qdL5uSeXe9fcS/fCw/byilyNz+ZLt1Z876CcHYEHRUkgx1u6+vS6ot2szMo+oEMDDj7zsemeu66NQ7AD8RwjO9cUCKdji3bfbrDIHgRC6jri/+Tcxps+2i1YL/SteaLWDTfZafFYSQDjFeS429j/ZpUOCSKuxzfXXWJzAG4sOcIkRJxy3G6s97kke+8Z3pWcz5BGYtkCwB5rPlSg+RRDdgprhFQY47sM4zx7tjaVZZAIw5vDkgK4KnHlighG+e8xEocFBsAjNKnqUI6r9Uu/87LvMGcfepwEMr4If7sQsKuJybB7JD8+It7Gg2jZs3rvVf3JrS6st4vH0NPsGVtunG6DTMf7nDQJK7CwRlv2icx/1q1ROlFy1RZbLB/Hk3ER+tAl3OdbnBCTzq5FNspqooXMpMEmWGKz3P/MpMxLyqd6h81sj02peYbxpmLO79VJcN/HJesVN/p6QjfE4W7wbidGUmb4fx2ND6ne6GJYqvEzhtKMfvtlbEwxPLeU/QpyJKLdSW1i/cc9hfmg6CbCYNo00VtzD7FP5MoU98KyNKeQ9z0Bw+fPLMnXCUpqdRLPmPoT95AwuoEF/NIT89jDBz1NEytelGbFZ8HBEKppv8nBdtY/nYx8yuIG2tOktME5KT12htjUAge2c4lYdvlVj1oLFSFaVkD+PEHH70idIZ2arlk+ChbzGFWCzIzWk0zQcu6YzX30Jwx4Y4Uct55X4jMxCR7ZXo6axqGkxUeWAC/mjNbJQnBivnHkfirI7WL0fJG+9Gc6d3q53/5MQYz62VeDSXc74utPyLeOmbn2vQS4GJuq77LD0aqnPuKNGnzfKXZ62TA=&u=U2FsdGVkX1/6ieKDN9alkj1zMEUt+tZPqTuZ3EOnAHDpdusiWM32WDKC/gA0CR1L&y=U2FsdGVkX1/KmddLcICjV9GBZDiYGmh0bSurlfv6hvq8O1E7hK4FJcsOSmUgXibZ HTTP/1.1" 200 560
191.106.237.170 - - [16/Apr/2023:19:42:29 -0500] "GET /kwssiamovil/sm/acme/s?s=U2FsdGVkX18a8bmLGKh5LtKTKxG5ONkCBD2fR2cJu/yoWvubF9t47p3E6ofWUuJQZ2zQQ1DjWThLHMzlcq/YHTgxgRpfsrfj0xvkJuCnjFoUsZzjSQGQd3saK1jWQXv85KDtZg1BuweiNocdzTAHEaLYN34ndj81jV0yYEDqirz8J1RWwSy+QiEctjB+adVvO1TxOjbZWz515RVGgt9gSNzZb7a7Slu1JocfHrxcGlq+UN+xo7ruUqPc4gEhmX5C5eQYeImn/spa20vS16C0gwHFW0KYQgut6GL1jazMoVfapID9oPD5kASn6RCLyxiDQCVxUDiOFmLCc0ToDsGb89mNqBJ9KlgtgjfcrsNu5AQ=&u=U2FsdGVkX1/6ieKDN9alkj1zMEUt+tZPqTuZ3EOnAHDpdusiWM32WDKC/gA0CR1L&y=U2FsdGVkX1/KmddLcICjV9GBZDiYGmh0bSurlfv6hvq8O1E7hK4FJcsOSmUgXibZ HTTP/1.1" 200 196
191.106.237.170 - - [16/Apr/2023:19:42:29 -0500] "GET /kwssiamovil/sm/cjson/pre?f=1&x=U2FsdGVkX19lIrNo/G/k7FK8LHsAzHZecKlSp12AOiOhi6tHccv90mDyQXaxXykK HTTP/1.1" 200 31032
173.252.95.10 - - [16/Apr/2023:19:43:46 -0500] "GET /ciudadanos-y-empresas-participaron-en-la-semana-ecoempresarial-2021.html HTTP/1.1" 206 870
173.252.95.13 - - [16/Apr/2023:19:43:47 -0500] "GET /images/semana-ecoempresarial-atencion-bogota-ciudad-27-nov.jpg HTTP/1.1" 200 37494
69.171.251.17 - - [16/Apr/2023:19:44:36 -0500] "GET /images/semana-ecoempresarial-atencion-bogota-ciudad-27-nov.jpg HTTP/1.1" 200 37494
201.245.192.253 - - [16/Apr/2023:19:45:21 -0500] "POST /kwsrmcab/Wsrmcab  HTTP/1.1" 200 43322
216.245.221.92 - - [16/Apr/2023:19:45:38 -0500] "HEAD / HTTP/1.1" 200 -
172.22.2.4 - - [16/Apr/2023:19:44:44 -0500] "HEAD /BLA/boletinlegal/ HTTP/1.1" 200 -
173.252.95.14 - - [16/Apr/2023:19:46:34 -0500] "GET /empresas-con-impacto-ambiental-positivo-unanse-a-la-edicion-2023-de-negocios-verdes-mas-cerca-de-ti.html HTTP/1.1" 206 878
69.171.251.19 - - [16/Apr/2023:19:46:35 -0500] "GET /images/negocios-verdes-en-bogota.jpeg HTTP/1.1" 200 132932
173.252.95.5 - - [16/Apr/2023:19:46:37 -0500] "GET /empresas-con-impacto-ambiental-positivo-unanse-a-la-edicion-2023-de-negocios-verdes-mas-cerca-de-ti.html HTTP/1.1" 206 878
173.252.95.14 - - [16/Apr/2023:19:46:37 -0500] "GET /images/negocios-verdes-en-bogota.jpeg HTTP/1.1" 200 132932
179.51.119.59 - - [16/Apr/2023:19:46:37 -0500] "GET /empresas-con-impacto-ambiental-positivo-unanse-a-la-edicion-2023-de-negocios-verdes-mas-cerca-de-ti.html HTTP/1.1" 200 878
173.252.95.117 - - [16/Apr/2023:19:46:39 -0500] "GET /empresas-con-impacto-ambiental-positivo-unanse-a-la-edicion-2023-de-negocios-verdes-mas-cerca-de-ti.html HTTP/1.1" 206 878
157.55.39.209 - - [16/Apr/2023:19:46:48 -0500] "GET / HTTP/1.1" 200 4720
172.22.2.4 - - [16/Apr/2023:19:45:35 -0500] "GET /BLA/boletinlegal/ HTTP/1.1" 200 53114
201.245.192.253 - - [16/Apr/2023:19:50:21 -0500] "POST /kwsrmcab/Wsrmcab  HTTP/1.1" 200 43322
216.245.221.92 - - [16/Apr/2023:19:50:38 -0500] "HEAD / HTTP/1.1" 200 -
191.106.237.170 - - [16/Apr/2023:19:50:58 -0500] "GET /kwssiamovil/sm/acme/a?s=U2FsdGVkX1+VDGZcZi/8fIKsLdVoGMkwqJZZMHNjjbB/fFJ0lrDDq1UMXw8HzwqYqGjmzrmDrMbYPeSVQX5Mgi66q/dUfZx4AztTKAeSYE9UtF1jLy0vU1T3ygevEiunLXbzEcWyEyZ6eGUS22XsdPwdPQ4NXqjoQC/tXT2aP8Gt9jqgzua0IR/wEePD4RYGN31lVbpTeNoMBALD9BLyj4tSPIM1v8OeyUtlHaQjfdSe5sf9Yqk9zuI/fmPrA57bkGt5kLomcBnckBDL9jhWwg==&u=U2FsdGVkX1/6ieKDN9alkj1zMEUt+tZPqTuZ3EOnAHDpdusiWM32WDKC/gA0CR1L&y=U2FsdGVkX1/KmddLcICjV9GBZDiYGmh0bSurlfv6hvq8O1E7hK4FJcsOSmUgXibZ HTTP/1.1" 200 26
191.106.237.170 - - [16/Apr/2023:19:50:58 -0500] "GET /kwssiamovil/sm/acme/a?s=U2FsdGVkX1/os/eaFpnri1ncLnB0t3Y3Nlmfu077+PT41QCd4UUpHabRhtwQz/KYPcjT/CxGMtCmaC6Sf4xylvZL23X5RlZQp3zoO+ScX0PKCHFydCJ7SDO8jvqVOrj1KBbg31yemresLpKTulr3QtUeGAZV6Yg3yB1ywJX0Bh/TeXI5Lnpl0jNqu8PWAZ1XnJtlPLZf0hJWJILt1VCSI5b3O+RY6BwXlFVAh711kMuZGeOAU5qM5Inu4fEp1wdrjEb9SiEUfQytFA1jN8bLRvnpbFeYKMHa182BV4dBy1sAoRHjZtFh0QLr98OGWfqKib1G1Qopi5WDWg0TnoMshex5ZVch95Ut0zIoX8fGw8CsHgfwoXqjQICQ/JfLeyLqiqxlgeN77Ftu3faHF2wkMZFiLnXhFekdHsbpaFWwp/6OgMmXJg95lIJJVo+Q8dmkm0BlEdtgaS+mMNQuJOcuwS0TcQO0qX6fno3Dgx8KjDuh02Ytilw5CB6YicA7eKnRVEKcFIb/vG4EIMsmquCAZa1bzhehcQnK3npie4hZSihJdWMa1juEbR73KjOpvSK8fppuLzbMF/+Ua5bKvxY7e3Nc125a+Cpabz8xga93fpHguUIrXj4itb4F/Xj1MahUkXsycnvfYFS/LdiHV52tz+uETZInwwA9cXJSlfx0B0QM+5+DUHkfke8Aw1KXkvdCdL+gnVnT1c9guEpjC/TJHjwAHL5BHoW5MxPbrPmo0Bi2uY1t8qtiBFKeAq2QQvtXMrNxtU2Kq3U+R+Gtq27xbcWHwTscGFeVL4RIRTqwSWOMj3GGF6M/KByGfbODdOtD0ReBnek16mPs3X2/iaOxpiMzBNOAG4Rpi0gOPngPwW4E3BV7cep7tC2x7rhWwGNY5zjiq8Ptpd2nD+ONZWVtmeOiLfXuHiPWlzJJmmtd3DwFEnqF86TBVzbmHnK8kx4oZqjeNxgWBo7sCYJFRYUqEw==&u=U2FsdGVkX1/6ieKDN9alkj1zMEUt+tZPqTuZ3EOnAHDpdusiWM32WDKC/gA0CR1L&y=U2FsdGVkX1/KmddLcICjV9GBZDiYGmh0bSurlfv6hvq8O1E7hK4FJcsOSmUgXibZ HTTP/1.1" 200 26
191.106.237.170 - - [16/Apr/2023:19:50:59 -0500] "GET /kwssiamovil/sm/acme/a?s=U2FsdGVkX1+xxDgv/e+YDbj1i61WeFZv5q4EkQXhRW87BN3ctoFElsPDtE4gLxQKQuDOqhUpbtXfs1BLdSKZ3RSMRTEq7cpIAB9wGBwxkFpobpSMI4+pY0AJnsoIlb8vr8e9FzidTZwW0FRv0LdflW5eUACJh0iex9xuZ+ZkkOw=&u=U2FsdGVkX1/6ieKDN9alkj1zMEUt+tZPqTuZ3EOnAHDpdusiWM32WDKC/gA0CR1L&y=U2FsdGVkX1/KmddLcICjV9GBZDiYGmh0bSurlfv6hvq8O1E7hK4FJcsOSmUgXibZ HTTP/1.1" 200 26
191.106.237.170 - - [16/Apr/2023:19:50:59 -0500] "GET /kwssiamovil/sm/acme/a?s=U2FsdGVkX18Xub2RIZhJPIcgYLr7IF3xt/j/n8HH0dIcfMxEUQ9YlkDu4MlDPK3kV1Zc1aoeLhc9AnsI33l/jggfEc+WHuarVPgmiQtAXuR9lWCMPlpWSpkaVqvus/5nMazxAP1bkFiJMfowCyh0RwKjmaElaNCGkG93lSawCrU=&u=U2FsdGVkX1/6ieKDN9alkj1zMEUt+tZPqTuZ3EOnAHDpdusiWM32WDKC/gA0CR1L&y=U2FsdGVkX1/KmddLcICjV9GBZDiYGmh0bSurlfv6hvq8O1E7hK4FJcsOSmUgXibZ HTTP/1.1" 200 26
191.106.237.170 - - [16/Apr/2023:19:50:59 -0500] "GET /kwssiamovil/sm/acme/a?s=U2FsdGVkX1/IXXCgnbFguRK8bBO+lOChXcMTEsK8/YfdcbYc+Q1oY2u4jM/Yx5OQceKZKwSW7FZiLCX3tZfa87S4Px9BxKbgmd/gyXrLCb1Sh5yETczte7BkIVUTAYmF91nlN7yaz/LbRlowjbwnfo7gCwdnrNelzG7E4WYCYO0=&u=U2FsdGVkX1/6ieKDN9alkj1zMEUt+tZPqTuZ3EOnAHDpdusiWM32WDKC/gA0CR1L&y=U2FsdGVkX1/KmddLcICjV9GBZDiYGmh0bSurlfv6hvq8O1E7hK4FJcsOSmUgXibZ HTTP/1.1" 200 26
191.106.237.170 - - [16/Apr/2023:19:51:00 -0500] "GET /kwssiamovil/sm/acme/a?s=U2FsdGVkX1/kRW6/vUvjJfsft0+6vKUT07patYu0c7RTe9Sakl/5W0Hb5te/ngLnVdhl/884fN8xeZ8XBnjCk/tQG92JQPHTvNl+YdSek9inkrrQ+qNamf6muhOvT6Qv9LmmUQ3SPlsWjXUI9ZtdmK5htmbceEAEhxKydKoI5/hIg45QjUlNonMP+YGyGluGEbPYz4qUExD+8PJ7JKgkSA==&u=U2FsdGVkX1/6ieKDN9alkj1zMEUt+tZPqTuZ3EOnAHDpdusiWM32WDKC/gA0CR1L&y=U2FsdGVkX1/KmddLcICjV9GBZDiYGmh0bSurlfv6hvq8O1E7hK4FJcsOSmUgXibZ HTTP/1.1" 200 26
40.77.167.240 - - [16/Apr/2023:19:51:06 -0500] "GET /portaldeninos/2021/04/10/observatorio-ambiental-una-herramienta-al-servicio-de-la-educacion/ HTTP/1.1" 200 103203
40.77.188.11 - - [16/Apr/2023:19:51:14 -0500] "GET /BLA/boletinlegal/styles2.css HTTP/1.1" 200 1838
40.77.188.13 - - [16/Apr/2023:19:51:14 -0500] "GET /BLA/boletinlegal/style.css HTTP/1.1" 200 9406
40.77.190.161 - - [16/Apr/2023:19:51:14 -0500] "GET /BLA/boletinlegal/js/jquery.js HTTP/1.1" 200 57254
40.77.188.253 - - [16/Apr/2023:19:51:15 -0500] "GET /BLA/boletinlegal/js/jquery.scrollTo-min.js HTTP/1.1" 200 1150
40.77.167.245 - - [16/Apr/2023:19:51:21 -0500] "GET /portaldeninos/wp-content/plugins/gallery-videos/CSS/totalsoft.css?ver=4.9.8 HTTP/1.1" 200 40622
40.77.167.245 - - [16/Apr/2023:19:51:22 -0500] "GET /portaldeninos/wp-content/themes/betheme/js/scripts.js?ver=20.9.6 HTTP/1.1" 200 77162
40.77.167.245 - - [16/Apr/2023:19:51:22 -0500] "GET /portaldeninos/wp-content/uploads/useanyfont/uaf.css?ver=1589905315 HTTP/1.1" 200 408
52.167.144.144 - - [16/Apr/2023:19:51:25 -0500] "GET /portaldeninos/wp-content/themes/betheme/assets/animations/animations.min.css?ver=20.9.6 HTTP/1.1" 200 58508
40.77.167.240 - - [16/Apr/2023:19:51:25 -0500] "GET /portaldeninos/wp-content/themes/betheme/assets/jplayer/jplayer.min.js?ver=20.9.6 HTTP/1.1" 200 52702
40.77.167.114 - - [16/Apr/2023:19:51:26 -0500] "GET /portaldeninos/wp-content/themes/betheme/style.css?ver=20.9.6 HTTP/1.1" 200 287
40.77.167.114 - - [16/Apr/2023:19:51:26 -0500] "GET /portaldeninos/wp-includes/js/jquery/ui/core.min.js?ver=1.11.4 HTTP/1.1" 200 4000
157.55.39.209 - - [16/Apr/2023:19:51:29 -0500] "GET /portaldeninos/wp-includes/js/jquery/ui/mouse.min.js?ver=1.11.4 HTTP/1.1" 200 3148
40.77.167.84 - - [16/Apr/2023:19:51:31 -0500] "GET /portaldeninos/wp-content/plugins/gallery-videos/CSS/Total-Soft-Gallery-Video-Widget.css?ver=4.9.8 HTTP/1.1" 200 51554
40.77.167.84 - - [16/Apr/2023:19:51:31 -0500] "GET /portaldeninos/wp-content/plugins/gallery-videos/JS/modernizr.custom.js?ver=4.9.8 HTTP/1.1" 200 9019
40.77.167.84 - - [16/Apr/2023:19:51:31 -0500] "GET /portaldeninos/wp-content/themes/betheme/assets/jplayer/css/jplayer.blue.monday.css?ver=20.9.6 HTTP/1.1" 200 9834
40.77.167.84 - - [16/Apr/2023:19:51:31 -0500] "GET /portaldeninos/wp-content/themes/betheme/css/base.css?ver=20.9.6 HTTP/1.1" 200 57283
40.77.167.84 - - [16/Apr/2023:19:51:31 -0500] "GET /portaldeninos/wp-includes/js/comment-reply.min.js?ver=4.9.8 HTTP/1.1" 200 1078
52.167.144.144 - - [16/Apr/2023:19:51:36 -0500] "GET /portaldeninos/wp-includes/js/jquery/ui/accordion.min.js?ver=1.11.4 HTTP/1.1" 200 8584
52.167.144.144 - - [16/Apr/2023:19:51:36 -0500] "GET /portaldeninos/wp-includes/js/wp-embed.min.js?ver=4.9.8 HTTP/1.1" 200 1398
157.55.39.209 - - [16/Apr/2023:19:51:41 -0500] "GET /portaldeninos/wp-includes/js/jquery/ui/widget.min.js?ver=1.11.4 HTTP/1.1" 200 6908
40.77.167.240 - - [16/Apr/2023:19:51:46 -0500] "GET /portaldeninos/wp-content/themes/betheme/js/plugins.js?ver=20.9.6 HTTP/1.1" 200 197151
40.77.167.240 - - [16/Apr/2023:19:51:46 -0500] "GET /portaldeninos/wp-includes/js/wp-emoji-release.min.js?ver=4.9.8 HTTP/1.1" 200 12026
172.22.2.4 - - [16/Apr/2023:19:50:35 -0500] "HEAD /BLA/boletinlegal/ HTTP/1.1" 200 -
