54.39.177.48 - - [16/Apr/2023:09:46:13 -0500] "GET /florecio-la-herrania-en-el-tropicario-distrital-una-planta-nativa-de-la-amazonia-colombiana.html HTTP/1.1" 200 935
54.39.177.48 - - [16/Apr/2023:09:46:13 -0500] "GET /15-negocios-verdes-verificados-por-la-secretaria-de-ambiente-participan-en-la-feria-hecho-en-bogota.html HTTP/1.1" 200 1007
172.22.2.4 - - [16/Apr/2023:09:44:45 -0500] "HEAD /BLA/boletinlegal/ HTTP/1.1" 200 -
172.22.2.4 - - [16/Apr/2023:09:47:08 -0500] "GET /BLA/boletinlegal/jurisprudencia.php HTTP/1.1" 200 17583
172.22.2.4 - - [16/Apr/2023:09:45:36 -0500] "GET /BLA/boletinlegal/ HTTP/1.1" 200 53114
201.245.192.253 - - [16/Apr/2023:09:47:28 -0500] "POST /kwsrmcab/Wsrmcab  HTTP/1.1" 200 43322
186.155.151.17 - - [16/Apr/2023:09:48:44 -0500] "GET /mujeres-que-reverdecen-secretaria-de-ambiente-anuncia-el-inicio-de-la-tercera-fase.html HTTP/1.1" 200 954
186.155.15.56 - - [16/Apr/2023:09:48:46 -0500] "GET /BLA/resoluciones/index.php?dir=AUTOS+2014%2F HTTP/1.1" 200 889710
216.245.221.92 - - [16/Apr/2023:09:50:40 -0500] "HEAD / HTTP/1.1" 200 -
185.119.81.106 - - [16/Apr/2023:09:51:25 -0500] "GET /portaldeninos/wp-login.php HTTP/1.1" 200 2592
185.119.81.106 - - [16/Apr/2023:09:51:26 -0500] "POST /portaldeninos/wp-login.php HTTP/1.1" 200 3605
66.220.149.9 - - [16/Apr/2023:09:51:43 -0500] "GET /images/semana-bosques-1_optimized.1.jpg HTTP/1.1" 200 102892
172.22.2.4 - - [16/Apr/2023:09:50:35 -0500] "HEAD /BLA/boletinlegal/ HTTP/1.1" 200 -
201.245.192.253 - - [16/Apr/2023:09:52:27 -0500] "POST /kwsrmcab/Wsrmcab  HTTP/1.1" 200 43322
66.220.149.23 - - [16/Apr/2023:09:52:39 -0500] "GET /semana-santa-dias-y-horarios-para-visitar-el-camino-guadalupe-aguanoso.html HTTP/1.1" 206 943
172.22.2.4 - - [16/Apr/2023:09:51:25 -0500] "GET /BLA/boletinlegal/ HTTP/1.1" 200 58307
52.167.144.37 - - [16/Apr/2023:09:54:28 -0500] "GET /portaldeninos/humedal-la-conejera-2/ HTTP/1.1" 200 88020
52.167.144.37 - - [16/Apr/2023:09:54:47 -0500] "GET /portaldeninos/wp-content/themes/betheme/js/scripts.js?ver=20.9.6 HTTP/1.1" 200 77162
52.167.144.144 - - [16/Apr/2023:09:54:51 -0500] "GET /portaldeninos/wp-content/themes/betheme/assets/animations/animations.min.css?ver=20.9.6 HTTP/1.1" 200 58508
40.77.167.114 - - [16/Apr/2023:09:54:52 -0500] "GET /portaldeninos/wp-content/themes/betheme/style.css?ver=20.9.6 HTTP/1.1" 200 287
40.77.167.84 - - [16/Apr/2023:09:54:56 -0500] "GET /portaldeninos/wp-content/plugins/gallery-videos/CSS/Total-Soft-Gallery-Video-Widget.css?ver=4.9.8 HTTP/1.1" 200 51554
40.77.167.84 - - [16/Apr/2023:09:54:56 -0500] "GET /portaldeninos/wp-content/plugins/gallery-videos/JS/modernizr.custom.js?ver=4.9.8 HTTP/1.1" 200 9019
52.167.144.144 - - [16/Apr/2023:09:55:01 -0500] "GET /portaldeninos/wp-includes/js/wp-embed.min.js?ver=4.9.8 HTTP/1.1" 200 1398
52.167.144.63 - - [16/Apr/2023:09:55:19 -0500] "GET /sipse/faces/autenticacion.xhtml HTTP/1.1" 200 12493
168.119.253.69 - - [16/Apr/2023:09:55:32 -0500] "GET / HTTP/1.1" 200 319
168.119.253.69 - - [16/Apr/2023:09:55:32 -0500] "GET / HTTP/1.1" 200 4720
216.245.221.92 - - [16/Apr/2023:09:55:40 -0500] "HEAD / HTTP/1.1" 200 -
159.69.179.16 - - [16/Apr/2023:09:55:41 -0500] "GET / HTTP/1.1" 200 319
159.69.179.16 - - [16/Apr/2023:09:55:42 -0500] "GET / HTTP/1.1" 200 4720
201.245.192.253 - - [16/Apr/2023:09:57:26 -0500] "POST /kwsrmcab/Wsrmcab  HTTP/1.1" 200 43322
172.22.2.4 - - [16/Apr/2023:09:56:25 -0500] "HEAD /BLA/boletinlegal/ HTTP/1.1" 200 -
172.22.2.4 - - [16/Apr/2023:09:57:15 -0500] "GET /BLA/boletinlegal/ HTTP/1.1" 200 57945
66.249.70.170 - - [16/Apr/2023:09:58:59 -0500] "-" 408 -
40.77.167.240 - - [16/Apr/2023:09:59:41 -0500] "GET /images/pieza-dia-humedales-31-enero.jpg HTTP/1.1" 200 29095
69.171.231.1 - - [16/Apr/2023:10:00:12 -0500] "GET /images/negocios-verdes-en-bogota.jpeg HTTP/1.1" 200 132932
216.245.221.92 - - [16/Apr/2023:10:00:40 -0500] "HEAD / HTTP/1.1" 200 -
69.63.189.118 - - [16/Apr/2023:10:02:01 -0500] "GET /secretaria-de-ambiente-libero-a-33-animales-silvestres-en-el-humedal-la-conejera.html HTTP/1.1" 206 1095
69.63.189.3 - - [16/Apr/2023:10:02:03 -0500] "GET /secretaria-de-ambiente-libero-a-33-animales-silvestres-en-el-humedal-la-conejera.html HTTP/1.1" 200 1095
201.245.192.253 - - [16/Apr/2023:10:02:24 -0500] "POST /kwsrmcab/Wsrmcab  HTTP/1.1" 200 43322
172.22.2.4 - - [16/Apr/2023:10:02:15 -0500] "HEAD /BLA/boletinlegal/ HTTP/1.1" 200 -
185.191.171.10 - - [16/Apr/2023:10:04:17 -0500] "-" 408 -
185.191.171.10 - - [16/Apr/2023:10:04:32 -0500] "-" 408 -
172.22.2.4 - - [16/Apr/2023:10:03:06 -0500] "GET /BLA/boletinlegal/ HTTP/1.1" 200 56287
216.245.221.92 - - [16/Apr/2023:10:05:40 -0500] "HEAD / HTTP/1.1" 200 -
172.22.2.4 - - [16/Apr/2023:10:06:32 -0500] "GET /BLA/boletinlegal/jurisprudencia/analisis/ANALISIST-672-14.docx HTTP/1.1" 304 -
173.252.95.1 - - [16/Apr/2023:10:07:06 -0500] "GET /images/caminos-de-los-cerros-1_optimized.jpeg HTTP/1.1" 200 49537
173.252.95.8 - - [16/Apr/2023:10:07:06 -0500] "GET /images/incautan-animales-semana-santa-2023.jpeg HTTP/1.1" 200 36611
173.252.95.6 - - [16/Apr/2023:10:07:06 -0500] "GET /images/atencion-al-ciudadano-abril.jpg HTTP/1.1" 200 116523
173.252.95.116 - - [16/Apr/2023:10:07:06 -0500] "GET /images/mejora-la-calidad-del-aire-en-bogota-5-abril.jpeg HTTP/1.1" 200 44341
173.252.95.7 - - [16/Apr/2023:10:07:06 -0500] "GET /images/palma-de-cera-1-abril_optimized.jpeg HTTP/1.1" 200 171987
173.252.95.6 - - [16/Apr/2023:10:07:06 -0500] "GET /images/semana-bosques-1_optimized.1.jpg HTTP/1.1" 200 102892
173.252.95.14 - - [16/Apr/2023:10:07:10 -0500] "GET /images/Puntos%20calientes%2024%20de%20febrero.jpeg HTTP/1.1" 200 42626
173.252.95.13 - - [16/Apr/2023:10:07:10 -0500] "GET /images/calidad-aire-2-marzo-1_optimized.jpeg HTTP/1.1" 200 51562
173.252.95.116 - - [16/Apr/2023:10:07:10 -0500] "GET /images/28%20de%20febrero%20operativo.jpeg HTTP/1.1" 200 62220
173.252.95.118 - - [16/Apr/2023:10:07:10 -0500] "GET /images/calidad-del-aire-suroccidental_optimized.jpeg HTTP/1.1" 200 175446
173.252.95.12 - - [16/Apr/2023:10:07:10 -0500] "GET /images/camino-a-los-cerros-1_optimized.jpeg HTTP/1.1" 200 222279
173.252.95.10 - - [16/Apr/2023:10:07:10 -0500] "GET /images/Sello%201%20JA-2.jpeg HTTP/1.1" 200 42236
173.252.95.21 - - [16/Apr/2023:10:07:10 -0500] "GET /images/17%20de%20febrero%20mujeres%20que%20reverdecen.jpeg HTTP/1.1" 200 85735
173.252.95.18 - - [16/Apr/2023:10:07:10 -0500] "GET /images/WhatsApp%20Image%202023-02-15%20at%205.07.25%20PM.jpeg HTTP/1.1" 200 50573
173.252.95.6 - - [16/Apr/2023:10:07:11 -0500] "GET /images/empresas-alertas_optimized.jpeg HTTP/1.1" 200 142365
173.252.95.14 - - [16/Apr/2023:10:07:11 -0500] "GET /images/Rmasar%2018%20de%20febrero%20Grupo.jpg HTTP/1.1" 200 68398
173.252.95.13 - - [16/Apr/2023:10:07:11 -0500] "GET /images/24%20de%20febrero%20Sendero%20guadalupe%202.jpeg HTTP/1.1" 200 70964
173.252.95.10 - - [16/Apr/2023:10:07:11 -0500] "GET /images/idpyba-4-marzo-1_optimized.jpeg HTTP/1.1" 200 115318
173.252.95.18 - - [16/Apr/2023:10:07:11 -0500] "GET /images/Conversatorio%20aire%201%20(1).jpeg HTTP/1.1" 200 72040
173.252.95.4 - - [16/Apr/2023:10:07:11 -0500] "GET /images/20%20de%20febrero%20panor\xc3\xa1mica%20de%20Bogot\xc3\xa1%20(1)%20(1).jpeg HTTP/1.1" 404 1034
66.220.149.14 - - [16/Apr/2023:10:07:25 -0500] "GET /cuatro-animales-y-cerca-de-cinco-kilos-de-carne-de-especimenes-silvestres-fueron-incautados-en-los-ultimos-dias-en-bogota.html?fbclid=IwAR0cwLMfjohyqlOZ4CEaVqiOzfm1ALAKTK8NdO0Vwwk5YuOcNOhviW94wrg HTTP/1.1" 200 869
201.245.192.253 - - [16/Apr/2023:10:07:23 -0500] "POST /kwsrmcab/Wsrmcab  HTTP/1.1" 200 43322
173.252.127.19 - - [16/Apr/2023:10:07:35 -0500] "GET /empresas-con-impacto-ambiental-positivo-unanse-a-la-edicion-2023-de-negocios-verdes-mas-cerca-de-ti.html?fbclid=IwAR023gwJ6Y2WTWg5cKHMQDAqsMjGD6raE6a7e0Z8nbgy2aflJR7zgj5VwQk HTTP/1.1" 200 878
66.220.149.9 - - [16/Apr/2023:10:07:39 -0500] "GET /florecio-la-herrania-en-el-tropicario-distrital-una-planta-nativa-de-la-amazonia-colombiana.html?fbclid=IwAR0P-RnO2ID5F179l0mz3KWoPOL04-WkEAdSTng0uctNLgaFCvmVtIcxzKc HTTP/1.1" 200 935
31.13.127.33 - - [16/Apr/2023:10:07:43 -0500] "GET /15-negocios-verdes-verificados-por-la-secretaria-de-ambiente-participan-en-la-feria-hecho-en-bogota.html?fbclid=IwAR0nzdpB91VbUCys81fM5_nGtcugzipzuov49IVEmkA4b44HsRpjv41pJx4 HTTP/1.1" 200 1007
168.119.252.242 - - [16/Apr/2023:10:07:54 -0500] "GET / HTTP/1.1" 200 319
168.119.252.242 - - [16/Apr/2023:10:07:54 -0500] "GET / HTTP/1.1" 200 4720
31.13.115.16 - - [16/Apr/2023:10:08:03 -0500] "GET /la-secretaria-de-ambiente-ha-gestionado-14-5-toneladas-de-ropa-y-calzado-en-desuso.html?fbclid=IwAR20agjDW9o4NAS3eL9rEBZibp3-cXaAXPg0hdy-SmJPOCVF00bxNNbAsT4 HTTP/1.1" 200 869
172.22.2.4 - - [16/Apr/2023:10:08:05 -0500] "HEAD /BLA/boletinlegal/ HTTP/1.1" 200 -
172.22.2.4 - - [16/Apr/2023:10:08:55 -0500] "GET /BLA/boletinlegal/ HTTP/1.1" 200 57561
216.245.221.92 - - [16/Apr/2023:10:10:40 -0500] "HEAD / HTTP/1.1" 200 -
40.77.189.217 - - [16/Apr/2023:10:10:42 -0500] "GET /portaldeninos/wp-content/uploads/useanyfont/uaf.css?ver=1589905315 HTTP/1.1" 200 408
40.77.189.80 - - [16/Apr/2023:10:10:42 -0500] "GET /portaldeninos/wp-content/plugins/gallery-videos/CSS/totalsoft.css?ver=4.9.8 HTTP/1.1" 200 40622
40.77.188.114 - - [16/Apr/2023:10:10:44 -0500] "GET /portaldeninos/wp-includes/js/jquery/ui/accordion.min.js?ver=1.11.4 HTTP/1.1" 200 8584
40.77.188.149 - - [16/Apr/2023:10:10:44 -0500] "GET /portaldeninos/wp-content/themes/betheme/assets/jplayer/jplayer.min.js?ver=20.9.6 HTTP/1.1" 200 52702
40.77.189.245 - - [16/Apr/2023:10:10:44 -0500] "GET /portaldeninos/wp-content/themes/betheme/js/plugins.js?ver=20.9.6 HTTP/1.1" 200 197151
40.77.188.18 - - [16/Apr/2023:10:10:44 -0500] "GET /portaldeninos/wp-includes/js/wp-emoji-release.min.js?ver=4.9.8 HTTP/1.1" 200 12026
40.77.188.168 - - [16/Apr/2023:10:10:45 -0500] "GET /portaldeninos/wp-content/themes/betheme/fonts/mfn-icons.woff?93978679 HTTP/1.1" 200 80932
52.167.144.80 - - [16/Apr/2023:10:10:58 -0500] "GET /galeria/galeria/fotos/Jaboque3P.jpg HTTP/1.1" 200 35360
173.252.79.21 - - [16/Apr/2023:10:11:16 -0500] "GET /images/WhatsApp%20Image%202023-04-05%20at%2013.54.41.jpeg HTTP/1.1" 200 210747
66.249.73.59 - - [16/Apr/2023:10:11:34 -0500] "-" 408 -
201.245.192.253 - - [16/Apr/2023:10:12:22 -0500] "POST /kwsrmcab/Wsrmcab  HTTP/1.1" 200 43322
40.77.167.94 - - [16/Apr/2023:10:12:53 -0500] "GET /BLA/resoluciones/RESOLUCIONES%202022/0285.pdf HTTP/1.1" 304 -
199.16.157.182 - - [16/Apr/2023:10:12:54 -0500] "GET /images/imagen-comunicado-podcast.jpg HTTP/1.1" 200 39765
199.16.157.183 - - [16/Apr/2023:10:12:54 -0500] "GET /images/alcaldesa-secretaria-29-octubre.jpg HTTP/1.1" 200 72783
52.167.144.80 - - [16/Apr/2023:10:14:18 -0500] "GET /BLA/resoluciones/RESOLUCIONES%202021/4048.pdf HTTP/1.1" 304 -
172.22.2.4 - - [16/Apr/2023:10:13:55 -0500] "HEAD /BLA/boletinlegal/ HTTP/1.1" 200 -
216.245.221.92 - - [16/Apr/2023:10:15:40 -0500] "HEAD / HTTP/1.1" 200 -
172.22.2.4 - - [16/Apr/2023:10:14:45 -0500] "GET /BLA/boletinlegal/ HTTP/1.1" 200 52730
201.245.192.253 - - [16/Apr/2023:10:17:21 -0500] "POST /kwsrmcab/Wsrmcab  HTTP/1.1" 200 43322
185.119.81.106 - - [16/Apr/2023:10:17:32 -0500] "GET /portaldeninos/wp-login.php HTTP/1.1" 200 2592
185.119.81.106 - - [16/Apr/2023:10:17:33 -0500] "POST /portaldeninos/wp-login.php HTTP/1.1" 200 3605
201.245.192.253 - - [16/Apr/2023:10:19:23 -0500] "POST /kwsrmcab/Wsrmcab HTTP/1.1" 200 40374
201.245.192.253 - - [16/Apr/2023:10:19:26 -0500] "POST /kwsrmcab/Wsrmcab HTTP/1.1" 200 39965
199.16.157.182 - - [16/Apr/2023:10:19:34 -0500] "GET /si-tienes-ropa-y-calzado-que-ya-no-usas-aca-te-presentamos-seis-puntos-a-donde-los-puedes-llevar.html HTTP/1.1" 200 872
199.16.157.181 - - [16/Apr/2023:10:19:35 -0500] "GET /images/prendas-1_optimized.jpeg HTTP/1.1" 200 65869
172.22.2.4 - - [16/Apr/2023:10:19:43 -0500] "GET /BLA/boletinlegal/style.css HTTP/1.1" 200 9406
172.22.2.4 - - [16/Apr/2023:10:19:43 -0500] "GET /BLA/boletinlegal/styles2.css HTTP/1.1" 200 1838
172.22.2.4 - - [16/Apr/2023:10:19:43 -0500] "GET /BLA/boletinlegal/js/jquery.scrollTo-min.js HTTP/1.1" 200 1150
172.22.2.4 - - [16/Apr/2023:10:19:43 -0500] "GET /BLA/boletinlegal/js/jquery.js HTTP/1.1" 200 57254
172.22.2.4 - - [16/Apr/2023:10:19:43 -0500] "GET /BLA/boletinlegal/js/jquery.scrollShow.js HTTP/1.1" 200 4586
172.22.2.4 - - [16/Apr/2023:10:19:43 -0500] "GET /BLA/boletinlegal/images/cabezote%20BLEGAL.jpg HTTP/1.1" 200 118164
172.22.2.4 - - [16/Apr/2023:10:19:43 -0500] "GET /BLA/boletinlegal/images/subscribe-icon-big.png HTTP/1.1" 200 47702
172.22.2.4 - - [16/Apr/2023:10:19:43 -0500] "GET /BLA/boletinlegal/images/historia.png HTTP/1.1" 200 52775
172.22.2.4 - - [16/Apr/2023:10:19:43 -0500] "GET /BLA/boletinlegal/images/registro-usuarios.png HTTP/1.1" 200 8106
172.22.2.4 - - [16/Apr/2023:10:19:43 -0500] "GET /BLA/boletinlegal/images/arr_l.jpg HTTP/1.1" 200 1979
172.22.2.4 - - [16/Apr/2023:10:19:43 -0500] "GET /BLA/boletinlegal/images/screen_1.png HTTP/1.1" 200 202547
172.22.2.4 - - [16/Apr/2023:10:19:43 -0500] "GET /BLA/boletinlegal/images/launch.jpg HTTP/1.1" 200 14577
172.22.2.4 - - [16/Apr/2023:10:19:43 -0500] "GET /BLA/boletinlegal/images/hover.jpg HTTP/1.1" 200 640
172.22.2.4 - - [16/Apr/2023:10:19:43 -0500] "GET /BLA/boletinlegal/images/menu_lft.gif HTTP/1.1" 200 1713
172.22.2.4 - - [16/Apr/2023:10:19:43 -0500] "GET /BLA/boletinlegal/images/menu_rght.gif HTTP/1.1" 200 1627
172.22.2.4 - - [16/Apr/2023:10:19:43 -0500] "GET /BLA/boletinlegal/images/bg_top.jpg HTTP/1.1" 200 522
172.22.2.4 - - [16/Apr/2023:10:19:43 -0500] "GET /BLA/boletinlegal/images/menu_bg.jpg HTTP/1.1" 200 620
172.22.2.4 - - [16/Apr/2023:10:19:43 -0500] "GET /BLA/boletinlegal/images/text.jpg HTTP/1.1" 200 568
172.22.2.4 - - [16/Apr/2023:10:19:43 -0500] "GET /BLA/boletinlegal/images/body_bg.jpg HTTP/1.1" 200 1601
172.22.2.4 - - [16/Apr/2023:10:19:46 -0500] "GET /BLA/boletinlegal/actos.php HTTP/1.1" 200 9682
172.22.2.4 - - [16/Apr/2023:10:19:46 -0500] "GET /BLA/boletinlegal/niceforms.js HTTP/1.1" 200 22876
172.22.2.4 - - [16/Apr/2023:10:19:46 -0500] "GET /BLA/boletinlegal/js/lib.js HTTP/1.1" 200 6474
172.22.2.4 - - [16/Apr/2023:10:19:46 -0500] "GET /BLA/boletinlegal/niceforms-default.css HTTP/1.1" 200 6694
172.22.2.4 - - [16/Apr/2023:10:19:46 -0500] "GET /BLA/boletinlegal/js/popup.js HTTP/1.1" 200 1270
172.22.2.4 - - [16/Apr/2023:10:19:46 -0500] "GET /BLA/boletinlegal/js/ajax_actos.js HTTP/1.1" 200 1322
172.22.2.4 - - [16/Apr/2023:10:19:46 -0500] "GET /BLA/boletinlegal/images/green-yellow-blue-pink-th.png HTTP/1.1" 200 7394
172.22.2.4 - - [16/Apr/2023:10:19:46 -0500] "GET /BLA/boletinlegal/js/jquery1.js HTTP/1.1" 200 29846
172.22.2.4 - - [16/Apr/2023:10:19:46 -0500] "GET /BLA/boletinlegal/images/tel.png HTTP/1.1" 200 14477
172.22.2.4 - - [16/Apr/2023:10:19:46 -0500] "GET /BLA/boletinlegal/images/icono-email.png HTTP/1.1" 200 5544
172.22.2.4 - - [16/Apr/2023:10:19:46 -0500] "GET /BLA/boletinlegal/images/footer_bg.jpg HTTP/1.1" 200 586
172.22.2.4 - - [16/Apr/2023:10:19:46 -0500] "GET /BLA/boletinlegal/images/footer_bg_l.jpg HTTP/1.1" 200 776
172.22.2.4 - - [16/Apr/2023:10:19:46 -0500] "GET /BLA/boletinlegal/img/0.png HTTP/1.1" 200 110
172.22.2.4 - - [16/Apr/2023:10:19:46 -0500] "GET /BLA/boletinlegal/img/select-left.png HTTP/1.1" 200 263
172.22.2.4 - - [16/Apr/2023:10:19:46 -0500] "GET /BLA/boletinlegal/img/select-right.png HTTP/1.1" 200 44019
172.22.2.4 - - [16/Apr/2023:10:19:46 -0500] "GET /BLA/boletinlegal/img/button-left.png HTTP/1.1" 200 57071
172.22.2.4 - - [16/Apr/2023:10:19:46 -0500] "GET /BLA/boletinlegal/img/button.png HTTP/1.1" 200 43241
172.22.2.4 - - [16/Apr/2023:10:19:46 -0500] "GET /BLA/boletinlegal/img/button-right.png HTTP/1.1" 200 57878
172.22.2.4 - - [16/Apr/2023:10:19:46 -0500] "GET /BLA/boletinlegal/favicon.ico HTTP/1.1" 404 1326
172.22.2.4 - - [16/Apr/2023:10:19:59 -0500] "GET /BLA/boletinlegal/consulta_actos.php?tipo=resoluciones&no=4200&usuario=&sector=&fecha=2007&resuelve= HTTP/1.1" 200 626
172.22.2.4 - - [16/Apr/2023:10:20:06 -0500] "GET /BLA/boletinlegal/consulta_actos.php?tipo=resoluciones&no=&usuario=&sector=&fecha=2007&resuelve=azul%20k HTTP/1.1" 200 626
172.22.2.4 - - [16/Apr/2023:10:20:07 -0500] "GET /BLA/boletinlegal/consulta_actos.php?tipo=resoluciones&no=&usuario=&sector=&fecha=2007&resuelve=azul%20k HTTP/1.1" 200 626
172.22.2.4 - - [16/Apr/2023:10:20:11 -0500] "GET /BLA/boletinlegal/consulta_actos.php?tipo=resoluciones&no=&usuario=&sector=&fecha=2007&resuelve=azul HTTP/1.1" 200 626
172.22.2.4 - - [16/Apr/2023:10:20:13 -0500] "GET /BLA/boletinlegal/consulta_actos.php?tipo=resoluciones&no=&usuario=&sector=&fecha=2007&resuelve=azul HTTP/1.1" 200 626
52.167.144.80 - - [16/Apr/2023:10:20:20 -0500] "GET /BLA/resoluciones/RESOLUCIONES%202002/RES%202002%201901-1950/20021931.tif HTTP/1.1" 200 80796
172.22.2.4 - - [16/Apr/2023:10:19:43 -0500] "GET /BLA/boletinlegal/ HTTP/1.1" 200 24523
186.84.90.126 - - [16/Apr/2023:10:20:32 -0500] "GET /BLA/resoluciones/dlf/styles.css HTTP/1.1" 200 3049
186.84.90.126 - - [16/Apr/2023:10:20:32 -0500] "GET /BLA/resoluciones/ HTTP/1.1" 200 13502
186.84.90.126 - - [16/Apr/2023:10:20:33 -0500] "GET /BLA/resoluciones/dlf/folder.png HTTP/1.1" 200 410
186.84.90.126 - - [16/Apr/2023:10:20:33 -0500] "GET /BLA/resoluciones/dlf/bg.gif HTTP/1.1" 200 54
186.84.90.126 - - [16/Apr/2023:10:20:33 -0500] "GET /favicon.ico HTTP/1.1" 200 7782
186.84.90.126 - - [16/Apr/2023:10:20:36 -0500] "GET /BLA/resoluciones/index.php?dir=RESOLUCIONES+2007%2F HTTP/1.1" 200 35450
186.84.90.126 - - [16/Apr/2023:10:20:36 -0500] "GET /BLA/resoluciones/dlf/dirup.png HTTP/1.1" 200 644
186.84.90.126 - - [16/Apr/2023:10:20:36 -0500] "GET /BLA/resoluciones/dlf/pdf.gif HTTP/1.1" 200 272
216.245.221.92 - - [16/Apr/2023:10:20:40 -0500] "HEAD / HTTP/1.1" 200 -
186.84.90.126 - - [16/Apr/2023:10:20:41 -0500] "GET /BLA/resoluciones/index.php?dir=RESOLUCIONES+2007%2FRES+2007+4101+AL+4200%2F HTTP/1.1" 200 26886
186.84.90.126 - - [16/Apr/2023:10:20:44 -0500] "GET /BLA/resoluciones/RESOLUCIONES%202007/RES%202007%204101%20AL%204200/RESOLUCION%204200%20DE%202007.pdf HTTP/1.1" 200 177395
172.22.2.4 - - [16/Apr/2023:10:19:45 -0500] "HEAD /BLA/boletinlegal/ HTTP/1.1" 200 -
172.22.2.4 - - [16/Apr/2023:10:20:35 -0500] "GET /BLA/boletinlegal/ HTTP/1.1" 200 57561
201.245.192.253 - - [16/Apr/2023:10:22:21 -0500] "POST /kwsrmcab/Wsrmcab  HTTP/1.1" 200 43322
172.22.2.4 - - [16/Apr/2023:10:22:58 -0500] "GET /BLA/boletinlegal/actos.php HTTP/1.1" 200 9682
181.61.204.215 - - [16/Apr/2023:10:23:00 -0500] "GET /BLA/resoluciones/ HTTP/1.1" 200 13502
181.61.204.215 - - [16/Apr/2023:10:23:07 -0500] "GET /BLA/resoluciones/index.php?dir=AUTOS+2019%2F HTTP/1.1" 200 368087
216.245.221.92 - - [16/Apr/2023:10:25:40 -0500] "HEAD / HTTP/1.1" 200 -
173.252.127.2 - - [16/Apr/2023:10:26:32 -0500] "GET /images/Acuerdos%2001%20(1)%20(1).jpeg HTTP/1.1" 200 32884
172.22.2.4 - - [16/Apr/2023:10:25:35 -0500] "HEAD /BLA/boletinlegal/ HTTP/1.1" 200 -
201.245.192.253 - - [16/Apr/2023:10:27:20 -0500] "POST /kwsrmcab/Wsrmcab  HTTP/1.1" 200 43322
66.249.70.168 - - [16/Apr/2023:10:27:57 -0500] "-" 408 -
172.22.2.4 - - [16/Apr/2023:10:26:25 -0500] "GET /BLA/boletinlegal/ HTTP/1.1" 200 59306
69.63.184.116 - - [16/Apr/2023:10:29:15 -0500] "GET /images/Adopcion-gatos-y-perros-en-bogota-abril-23.jpeg HTTP/1.1" 200 68661
69.63.184.3 - - [16/Apr/2023:10:29:23 -0500] "GET /images/WhatsApp%20Image%202023-04-05%20at%2013.54.41.jpeg HTTP/1.1" 200 210747
201.245.192.253 - - [16/Apr/2023:10:29:23 -0500] "POST /kwsrmcab/Wsrmcab HTTP/1.1" 200 40374
201.245.192.253 - - [16/Apr/2023:10:29:25 -0500] "POST /kwsrmcab/Wsrmcab HTTP/1.1" 200 39965
69.63.184.2 - - [16/Apr/2023:10:29:30 -0500] "GET /images/Fauna-silvestre-jornada-sensibilizacion-semana-santa.jpeg HTTP/1.1" 200 50019
216.245.221.92 - - [16/Apr/2023:10:30:40 -0500] "HEAD / HTTP/1.1" 200 -
173.252.111.13 - - [16/Apr/2023:10:31:30 -0500] "GET /images/WhatsApp%20Image%202023-04-05%20at%2013.54.41.jpeg HTTP/1.1" 200 210747
173.252.111.12 - - [16/Apr/2023:10:31:44 -0500] "GET /images/caminos-de-los-cerros-1_optimized.jpeg HTTP/1.1" 200 49537
173.252.111.8 - - [16/Apr/2023:10:31:44 -0500] "GET /images/mejora-la-calidad-del-aire-en-bogota-5-abril.jpeg HTTP/1.1" 200 44341
173.252.111.13 - - [16/Apr/2023:10:31:44 -0500] "GET /images/Fauna-silvestre-jornada-sensibilizacion-semana-santa.jpeg HTTP/1.1" 200 50019
173.252.111.116 - - [16/Apr/2023:10:31:44 -0500] "GET /images/atencion-al-ciudadano-abril.jpg HTTP/1.1" 200 116523
173.252.111.120 - - [16/Apr/2023:10:31:44 -0500] "GET /images/incautan-animales-semana-santa-2023.jpeg HTTP/1.1" 200 36611
201.245.192.253 - - [16/Apr/2023:10:32:19 -0500] "POST /kwsrmcab/Wsrmcab  HTTP/1.1" 200 43322
172.22.2.4 - - [16/Apr/2023:10:31:25 -0500] "HEAD /BLA/boletinlegal/ HTTP/1.1" 200 -
172.22.2.4 - - [16/Apr/2023:10:32:15 -0500] "GET /BLA/boletinlegal/ HTTP/1.1" 200 53561
52.167.144.37 - - [16/Apr/2023:10:34:30 -0500] "GET /images/Acercar.jpeg HTTP/1.1" 200 109672
216.245.221.92 - - [16/Apr/2023:10:35:40 -0500] "HEAD / HTTP/1.1" 200 -
201.245.192.253 - - [16/Apr/2023:10:37:19 -0500] "POST /kwsrmcab/Wsrmcab  HTTP/1.1" 200 43322
181.136.138.151 - - [16/Apr/2023:10:37:39 -0500] "GET /BLA/resoluciones/ HTTP/1.1" 200 13502
181.136.138.151 - - [16/Apr/2023:10:37:46 -0500] "GET /BLA/resoluciones/index.php?dir=RESOLUCIONES+2010%2F HTTP/1.1" 200 1307967
181.136.138.151 - - [16/Apr/2023:10:38:03 -0500] "GET /BLA/resoluciones/RESOLUCIONES%202010/1886.pdf HTTP/1.1" 200 1095305
172.22.2.4 - - [16/Apr/2023:10:37:15 -0500] "HEAD /BLA/boletinlegal/ HTTP/1.1" 200 -
201.245.192.253 - - [16/Apr/2023:10:39:23 -0500] "POST /kwsrmcab/Wsrmcab HTTP/1.1" 200 40374
201.245.192.253 - - [16/Apr/2023:10:39:26 -0500] "POST /kwsrmcab/Wsrmcab HTTP/1.1" 200 39965
186.155.15.56 - - [16/Apr/2023:10:39:44 -0500] "GET /BLA/resoluciones/index.php?dir=AUTOS+2014%2F HTTP/1.1" 200 889710
172.22.2.4 - - [16/Apr/2023:10:38:05 -0500] "GET /BLA/boletinlegal/ HTTP/1.1" 200 59306
185.119.81.96 - - [16/Apr/2023:10:39:46 -0500] "GET /portaldeninos/wp-login.php HTTP/1.1" 200 2592
185.119.81.96 - - [16/Apr/2023:10:39:47 -0500] "POST /portaldeninos/wp-login.php HTTP/1.1" 200 3650
186.155.15.56 - - [16/Apr/2023:10:39:56 -0500] "GET /BLA/resoluciones/AUTOS%202014/6358.pdf HTTP/1.1" 200 566941
216.245.221.92 - - [16/Apr/2023:10:40:40 -0500] "HEAD / HTTP/1.1" 200 -
66.249.73.51 - - [16/Apr/2023:10:41:34 -0500] "-" 408 -
201.245.192.253 - - [16/Apr/2023:10:42:18 -0500] "POST /kwsrmcab/Wsrmcab  HTTP/1.1" 200 43322
172.22.2.4 - - [16/Apr/2023:10:43:05 -0500] "HEAD /BLA/boletinlegal/ HTTP/1.1" 200 -
172.22.2.4 - - [16/Apr/2023:10:43:55 -0500] "GET /BLA/boletinlegal/ HTTP/1.1" 200 58663
216.245.221.92 - - [16/Apr/2023:10:45:40 -0500] "HEAD / HTTP/1.1" 200 -
45.238.182.133 - - [16/Apr/2023:10:47:15 -0500] "GET /BLA/boletinlegal/js/jquery.scrollShow.js HTTP/1.1" 200 4586
45.238.182.133 - - [16/Apr/2023:10:47:15 -0500] "GET /galeria/galeria/jquery.fancybox.css?v=2.1.5 HTTP/1.1" 200 4895
45.238.182.133 - - [16/Apr/2023:10:47:15 -0500] "GET /galeria/galeria/jquery.fancybox.js?v=2.1.5 HTTP/1.1" 200 48706
201.245.192.253 - - [16/Apr/2023:10:47:18 -0500] "POST /kwsrmcab/Wsrmcab  HTTP/1.1" 200 43322
181.53.13.137 - - [16/Apr/2023:10:47:54 -0500] "GET /bogota-se-prepara-para-tres-fines-de-semana-de-adopciones.html HTTP/1.1" 200 821
191.156.154.8 - - [16/Apr/2023:10:48:43 -0500] "GET /BLA/resoluciones/index.php?dir=RESOLUCIONES+2019%2F HTTP/1.1" 200 251026
191.156.154.8 - - [16/Apr/2023:10:48:48 -0500] "GET /BLA/resoluciones/dlf/styles.css HTTP/1.1" 200 3049
191.156.154.8 - - [16/Apr/2023:10:48:48 -0500] "GET /BLA/resoluciones/dlf/pdf.gif HTTP/1.1" 200 272
191.156.154.8 - - [16/Apr/2023:10:48:49 -0500] "GET /BLA/resoluciones/dlf/dirup.png HTTP/1.1" 200 644
191.156.154.8 - - [16/Apr/2023:10:48:50 -0500] "GET /BLA/resoluciones/dlf/bg.gif HTTP/1.1" 200 54
23.248.175.154 - - [16/Apr/2023:10:49:14 -0500] "\x16\x03\x01\x01\t\x01" 400 226
172.22.2.4 - - [16/Apr/2023:10:49:18 -0500] "GET /BLA/boletinlegal/actos.php HTTP/1.1" 200 9682
23.248.175.154 - - [16/Apr/2023:10:49:25 -0500] "GET / HTTP/1.1" 200 319
23.248.175.154 - - [16/Apr/2023:10:49:42 -0500] "GET /favicon.ico HTTP/1.1" 200 7782
23.248.175.154 - - [16/Apr/2023:10:50:03 -0500] "GET /sitemap.xml HTTP/1.1" 404 1018
172.22.2.4 - - [16/Apr/2023:10:48:55 -0500] "HEAD /BLA/boletinlegal/ HTTP/1.1" 200 -
216.245.221.92 - - [16/Apr/2023:10:50:40 -0500] "HEAD / HTTP/1.1" 200 -
34.212.134.254 - - [16/Apr/2023:10:50:41 -0500] "GET /BLA/resoluciones/RESOLUCIONES%202010/1886.pdf HTTP/1.1" 200 1095305
52.167.144.63 - - [16/Apr/2023:10:50:55 -0500] "GET /BLA/resoluciones/AUTOS%202018/3534.pdf HTTP/1.1" 200 215820
172.22.2.4 - - [16/Apr/2023:10:49:45 -0500] "GET /BLA/boletinlegal/ HTTP/1.1" 200 56287
18.237.229.164 - - [16/Apr/2023:10:51:33 -0500] "GET /BLA/resoluciones/ HTTP/1.1" 200 13502
201.245.192.253 - - [16/Apr/2023:10:52:17 -0500] "POST /kwsrmcab/Wsrmcab  HTTP/1.1" 200 43322
40.77.167.94 - - [16/Apr/2023:10:52:25 -0500] "GET /BLA/resoluciones/RESOLUCIONES%202021/1456.pdf HTTP/1.1" 200 675344
172.22.2.4 - - [16/Apr/2023:10:51:39 -0500] "GET /BLA/boletinlegal/ HTTP/1.1" 200 62212
66.249.70.168 - - [16/Apr/2023:10:53:52 -0500] "-" 408 -
172.22.2.4 - - [16/Apr/2023:10:54:02 -0500] "GET /BLA/boletinlegal/jurisprudencia/analisis/AnalisisT-095-16.docx HTTP/1.1" 200 20284
191.156.57.127 - - [16/Apr/2023:10:55:24 -0500] "GET /BLA/boletinlegal/js/jquery.scrollShow.js HTTP/1.1" 200 4586
191.156.52.228 - - [16/Apr/2023:10:55:24 -0500] "GET /galeria/galeria/jquery.fancybox.js?v=2.1.5 HTTP/1.1" 200 48706
191.156.57.127 - - [16/Apr/2023:10:55:24 -0500] "GET /galeria/galeria/jquery.fancybox.css?v=2.1.5 HTTP/1.1" 200 4895
118.184.177.34 - - [16/Apr/2023:10:55:35 -0500] "GET / HTTP/1.1" 200 319
216.245.221.92 - - [16/Apr/2023:10:55:40 -0500] "HEAD / HTTP/1.1" 200 -
181.61.204.215 - - [16/Apr/2023:10:56:25 -0500] "GET /BLA/resoluciones/AUTOS%202019/3212.pdf HTTP/1.1" 200 584454
172.22.2.4 - - [16/Apr/2023:10:54:45 -0500] "HEAD /BLA/boletinlegal/ HTTP/1.1" 200 -
40.77.167.84 - - [16/Apr/2023:10:56:32 -0500] "GET / HTTP/1.1" 200 319
40.77.167.94 - - [16/Apr/2023:10:56:40 -0500] "GET /sipse/faces/index.xhtml HTTP/1.1" 200 677
40.77.167.84 - - [16/Apr/2023:10:56:41 -0500] "GET /bosa-se-prepara-para-jornada-de-recoleccion-de-llantas-este-miercoles.html HTTP/1.1" 200 942
172.22.2.4 - - [16/Apr/2023:10:55:35 -0500] "GET /BLA/boletinlegal/ HTTP/1.1" 200 52326
201.245.192.253 - - [16/Apr/2023:10:57:15 -0500] "POST /kwsrmcab/Wsrmcab  HTTP/1.1" 200 43322
216.245.221.92 - - [16/Apr/2023:11:00:40 -0500] "HEAD / HTTP/1.1" 200 -
172.22.2.4 - - [16/Apr/2023:11:00:35 -0500] "HEAD /BLA/boletinlegal/ HTTP/1.1" 200 -
201.245.192.253 - - [16/Apr/2023:11:02:13 -0500] "POST /kwsrmcab/Wsrmcab  HTTP/1.1" 200 43322
40.77.167.213 - - [16/Apr/2023:11:03:03 -0500] "GET /BLA/boletinlegal/notificaciones.php HTTP/1.1" 200 7162
172.22.2.4 - - [16/Apr/2023:11:01:25 -0500] "GET /BLA/boletinlegal/ HTTP/1.1" 200 55571
186.155.19.219 - - [16/Apr/2023:11:03:25 -0500] "GET /galeria/galeria/jquery.fancybox.css?v=2.1.5 HTTP/1.1" 200 4895
186.155.19.219 - - [16/Apr/2023:11:03:25 -0500] "GET /galeria/nivo-slider/demo/banner.html HTTP/1.1" 200 5446
52.167.144.63 - - [16/Apr/2023:11:03:55 -0500] "GET /BLA/resoluciones/RESOLUCIONES%202022/0347.pdf HTTP/1.1" 200 618724
186.155.19.219 - - [16/Apr/2023:11:04:47 -0500] "GET /sipse/faces/presentacion/sistema/anexos/cargarAnexoSolicitudProceso.xhtml HTTP/1.1" 302 -
186.155.19.219 - - [16/Apr/2023:11:04:47 -0500] "GET /sipse/faces/autenticacion.xhtml HTTP/1.1" 200 12171
186.155.19.219 - - [16/Apr/2023:11:04:48 -0500] "GET /sipse/faces/javax.faces.resource/theme.css?ln=primefaces-sipse HTTP/1.1" 304 -
186.155.19.219 - - [16/Apr/2023:11:04:48 -0500] "GET /sipse/faces/javax.faces.resource/primefaces.css?ln=primefaces&v=4.0 HTTP/1.1" 304 -
186.155.19.219 - - [16/Apr/2023:11:04:48 -0500] "GET /sipse/css/custom_css_sg_prime_login.css HTTP/1.1" 304 -
186.155.19.219 - - [16/Apr/2023:11:04:48 -0500] "GET /sipse/css/custom_css_sg.css HTTP/1.1" 304 -
186.155.19.219 - - [16/Apr/2023:11:04:48 -0500] "GET /sipse/faces/javax.faces.resource/layout/layout.css?ln=primefaces&v=4.0 HTTP/1.1" 304 -
186.155.19.219 - - [16/Apr/2023:11:04:48 -0500] "GET /sipse/js/disable_browser_buttons.js HTTP/1.1" 304 -
186.155.19.219 - - [16/Apr/2023:11:04:48 -0500] "GET /sipse/js/funciones.js HTTP/1.1" 304 -
186.155.19.219 - - [16/Apr/2023:11:04:48 -0500] "GET /sipse/faces/javax.faces.resource/jquery/jquery.js?ln=primefaces&v=4.0 HTTP/1.1" 200 105384
186.155.19.219 - - [16/Apr/2023:11:04:48 -0500] "GET /sipse/faces/javax.faces.resource/layout/layout.js?ln=primefaces&v=4.0 HTTP/1.1" 200 87560
186.155.19.219 - - [16/Apr/2023:11:04:48 -0500] "GET /sipse/faces/javax.faces.resource/jquery/jquery-plugins.js?ln=primefaces&v=4.0 HTTP/1.1" 200 220526
186.155.19.219 - - [16/Apr/2023:11:04:48 -0500] "GET /sipse/faces/javax.faces.resource/primefaces.js?ln=primefaces&v=4.0 HTTP/1.1" 200 276924
186.155.19.219 - - [16/Apr/2023:11:04:48 -0500] "GET /sipse/css/imagen/logoSDG.png HTTP/1.1" 304 -
186.155.19.219 - - [16/Apr/2023:11:04:48 -0500] "GET /sipse/css/imagen/loginimg.png HTTP/1.1" 304 -
186.155.19.219 - - [16/Apr/2023:11:04:48 -0500] "GET /sipse/faces/javax.faces.resource/images/ui-icons_898989_256x240.png?ln=primefaces-aristo HTTP/1.1" 304 -
186.155.19.219 - - [16/Apr/2023:11:04:48 -0500] "GET /sipse/faces/index.xhtml HTTP/1.1" 200 677
186.155.19.219 - - [16/Apr/2023:11:04:48 -0500] "GET /sipse/faces/javax.faces.resource/theme.css?ln=primefaces-sipse HTTP/1.1" 304 -
186.155.19.219 - - [16/Apr/2023:11:04:48 -0500] "GET /sipse/faces/faces/autenticacion.xhtml HTTP/1.1" 200 12171
186.155.19.219 - - [16/Apr/2023:11:04:49 -0500] "GET /sipse/faces/javax.faces.resource/theme.css?ln=primefaces-sipse HTTP/1.1" 304 -
186.155.19.219 - - [16/Apr/2023:11:04:49 -0500] "GET /sipse/faces/javax.faces.resource/layout/layout.css?ln=primefaces&v=4.0 HTTP/1.1" 304 -
186.155.19.219 - - [16/Apr/2023:11:04:49 -0500] "GET /sipse/faces/javax.faces.resource/primefaces.css?ln=primefaces&v=4.0 HTTP/1.1" 304 -
40.77.189.220 - - [16/Apr/2023:11:04:59 -0500] "GET /BLA/boletinlegal/disciplinarios.php? HTTP/1.1" 200 2069
186.155.19.219 - - [16/Apr/2023:11:05:12 -0500] "GET /sipse/faces/faces/autenticacion.xhtml HTTP/1.1" 200 12171
186.155.19.219 - - [16/Apr/2023:11:05:12 -0500] "GET /sipse/faces/javax.faces.resource/theme.css?ln=primefaces-sipse HTTP/1.1" 304 -
186.155.19.219 - - [16/Apr/2023:11:05:12 -0500] "GET /sipse/faces/javax.faces.resource/primefaces.css?ln=primefaces&v=4.0 HTTP/1.1" 304 -
186.155.19.219 - - [16/Apr/2023:11:05:12 -0500] "GET /sipse/faces/javax.faces.resource/layout/layout.css?ln=primefaces&v=4.0 HTTP/1.1" 304 -
186.155.19.219 - - [16/Apr/2023:11:05:12 -0500] "GET /sipse/faces/javax.faces.resource/jquery/jquery-plugins.js?ln=primefaces&v=4.0 HTTP/1.1" 304 -
186.155.19.219 - - [16/Apr/2023:11:05:12 -0500] "GET /sipse/faces/javax.faces.resource/layout/layout.js?ln=primefaces&v=4.0 HTTP/1.1" 304 -
186.155.19.219 - - [16/Apr/2023:11:05:12 -0500] "GET /sipse/faces/javax.faces.resource/jquery/jquery.js?ln=primefaces&v=4.0 HTTP/1.1" 304 -
186.155.19.219 - - [16/Apr/2023:11:05:12 -0500] "GET /sipse/faces/javax.faces.resource/primefaces.js?ln=primefaces&v=4.0 HTTP/1.1" 304 -
186.155.19.219 - - [16/Apr/2023:11:05:12 -0500] "GET /sipse/faces/faces/index.xhtml HTTP/1.1" 200 677
186.155.19.219 - - [16/Apr/2023:11:05:12 -0500] "GET /sipse/faces/javax.faces.resource/theme.css?ln=primefaces-sipse HTTP/1.1" 304 -
186.155.19.219 - - [16/Apr/2023:11:05:12 -0500] "GET /sipse/faces/faces/faces/autenticacion.xhtml HTTP/1.1" 200 12171
186.155.19.219 - - [16/Apr/2023:11:05:12 -0500] "GET /sipse/faces/javax.faces.resource/jquery/jquery-plugins.js?ln=primefaces&v=4.0 HTTP/1.1" 304 -
186.155.19.219 - - [16/Apr/2023:11:05:12 -0500] "GET /sipse/faces/javax.faces.resource/jquery/jquery.js?ln=primefaces&v=4.0 HTTP/1.1" 304 -
186.155.19.219 - - [16/Apr/2023:11:05:12 -0500] "GET /sipse/faces/javax.faces.resource/layout/layout.css?ln=primefaces&v=4.0 HTTP/1.1" 304 -
186.155.19.219 - - [16/Apr/2023:11:05:12 -0500] "GET /sipse/faces/javax.faces.resource/primefaces.css?ln=primefaces&v=4.0 HTTP/1.1" 304 -
186.155.19.219 - - [16/Apr/2023:11:05:12 -0500] "GET /sipse/faces/javax.faces.resource/theme.css?ln=primefaces-sipse HTTP/1.1" 304 -
186.155.19.219 - - [16/Apr/2023:11:05:12 -0500] "GET /sipse/faces/javax.faces.resource/primefaces.js?ln=primefaces&v=4.0 HTTP/1.1" 304 -
186.155.19.219 - - [16/Apr/2023:11:05:12 -0500] "GET /sipse/faces/javax.faces.resource/layout/layout.js?ln=primefaces&v=4.0 HTTP/1.1" 304 -
186.155.19.219 - - [16/Apr/2023:11:05:19 -0500] "GET /sipse/faces/faces/autenticacion.xhtml HTTP/1.1" 200 12171
186.155.19.219 - - [16/Apr/2023:11:05:19 -0500] "GET /sipse/faces/javax.faces.resource/theme.css?ln=primefaces-sipse HTTP/1.1" 304 -
186.155.19.219 - - [16/Apr/2023:11:05:19 -0500] "GET /sipse/faces/javax.faces.resource/layout/layout.js?ln=primefaces&v=4.0 HTTP/1.1" 304 -
186.155.19.219 - - [16/Apr/2023:11:05:19 -0500] "GET /sipse/faces/javax.faces.resource/jquery/jquery.js?ln=primefaces&v=4.0 HTTP/1.1" 304 -
186.155.19.219 - - [16/Apr/2023:11:05:19 -0500] "GET /sipse/faces/javax.faces.resource/jquery/jquery-plugins.js?ln=primefaces&v=4.0 HTTP/1.1" 304 -
186.155.19.219 - - [16/Apr/2023:11:05:19 -0500] "GET /sipse/faces/javax.faces.resource/primefaces.css?ln=primefaces&v=4.0 HTTP/1.1" 304 -
186.155.19.219 - - [16/Apr/2023:11:05:19 -0500] "GET /sipse/faces/javax.faces.resource/primefaces.js?ln=primefaces&v=4.0 HTTP/1.1" 304 -
186.155.19.219 - - [16/Apr/2023:11:05:19 -0500] "GET /sipse/faces/javax.faces.resource/layout/layout.css?ln=primefaces&v=4.0 HTTP/1.1" 304 -
186.155.19.219 - - [16/Apr/2023:11:05:19 -0500] "GET /sipse/faces/faces/index.xhtml HTTP/1.1" 200 677
186.155.19.219 - - [16/Apr/2023:11:05:19 -0500] "GET /sipse/faces/javax.faces.resource/theme.css?ln=primefaces-sipse HTTP/1.1" 304 -
186.155.19.219 - - [16/Apr/2023:11:05:19 -0500] "GET /sipse/faces/javax.faces.resource/theme.css?ln=primefaces-sipse HTTP/1.1" 304 -
186.155.19.219 - - [16/Apr/2023:11:05:19 -0500] "GET /sipse/faces/javax.faces.resource/primefaces.css?ln=primefaces&v=4.0 HTTP/1.1" 304 -
186.155.19.219 - - [16/Apr/2023:11:05:19 -0500] "GET /sipse/faces/faces/faces/autenticacion.xhtml HTTP/1.1" 200 12171
186.155.19.219 - - [16/Apr/2023:11:05:19 -0500] "GET /sipse/faces/javax.faces.resource/jquery/jquery-plugins.js?ln=primefaces&v=4.0 HTTP/1.1" 304 -
186.155.19.219 - - [16/Apr/2023:11:05:19 -0500] "GET /sipse/faces/javax.faces.resource/layout/layout.css?ln=primefaces&v=4.0 HTTP/1.1" 304 -
186.155.19.219 - - [16/Apr/2023:11:05:19 -0500] "GET /sipse/faces/javax.faces.resource/jquery/jquery.js?ln=primefaces&v=4.0 HTTP/1.1" 304 -
186.155.19.219 - - [16/Apr/2023:11:05:19 -0500] "GET /sipse/faces/javax.faces.resource/layout/layout.js?ln=primefaces&v=4.0 HTTP/1.1" 304 -
186.155.19.219 - - [16/Apr/2023:11:05:19 -0500] "GET /sipse/faces/javax.faces.resource/primefaces.js?ln=primefaces&v=4.0 HTTP/1.1" 304 -
186.155.19.219 - - [16/Apr/2023:11:05:30 -0500] "POST /sipse/faces/autenticacion.xhtml HTTP/1.1" 200 2217
186.155.19.219 - - [16/Apr/2023:11:05:31 -0500] "GET /sipse/faces/javax.faces.resource/messages/messages.png?ln=primefaces&v=4.0 HTTP/1.1" 304 -
186.155.19.219 - - [16/Apr/2023:11:05:35 -0500] "GET /sipse/faces/javax.faces.resource/images/ui-icons_898989_256x240.png?ln=primefaces-aristo HTTP/1.1" 304 -
186.155.19.219 - - [16/Apr/2023:11:05:36 -0500] "POST /sipse/faces/autenticacion.xhtml HTTP/1.1" 200 16294
186.155.19.219 - - [16/Apr/2023:11:05:36 -0500] "GET /sipse/faces/javax.faces.resource/theme.css?ln=primefaces-sipse HTTP/1.1" 304 -
186.155.19.219 - - [16/Apr/2023:11:05:36 -0500] "GET /sipse/css/custom_css_sg_prime.css HTTP/1.1" 304 -
186.155.19.219 - - [16/Apr/2023:11:05:36 -0500] "GET /sipse/faces/javax.faces.resource/layout/layout.css?ln=primefaces&v=4.0 HTTP/1.1" 304 -
186.155.19.219 - - [16/Apr/2023:11:05:36 -0500] "GET /sipse/faces/javax.faces.resource/primefaces.css?ln=primefaces&v=4.0 HTTP/1.1" 304 -
186.155.19.219 - - [16/Apr/2023:11:05:36 -0500] "GET /sipse/js/jquery.min.js HTTP/1.1" 200 85582
186.155.19.219 - - [16/Apr/2023:11:05:36 -0500] "GET /sipse/faces/javax.faces.resource/jquery/jquery.js?ln=primefaces&v=4.0 HTTP/1.1" 304 -
186.155.19.219 - - [16/Apr/2023:11:05:36 -0500] "GET /sipse/faces/javax.faces.resource/jquery/jquery-plugins.js?ln=primefaces&v=4.0 HTTP/1.1" 304 -
186.155.19.219 - - [16/Apr/2023:11:05:36 -0500] "GET /sipse/faces/javax.faces.resource/primefaces.js?ln=primefaces&v=4.0 HTTP/1.1" 304 -
186.155.19.219 - - [16/Apr/2023:11:05:36 -0500] "GET /sipse/faces/javax.faces.resource/layout/layout.js?ln=primefaces&v=4.0 HTTP/1.1" 304 -
186.155.19.219 - - [16/Apr/2023:11:05:36 -0500] "GET /sipse/imagenes/logoAplicacion.jpg HTTP/1.1" 304 -
186.155.19.219 - - [16/Apr/2023:11:05:36 -0500] "GET /sipse/css/imagen/contrasena.png HTTP/1.1" 404 383
186.155.19.219 - - [16/Apr/2023:11:05:36 -0500] "GET /sipse/imagenes/cargando.gif HTTP/1.1" 200 36959
186.155.19.219 - - [16/Apr/2023:11:05:39 -0500] "GET /sipse/faces/javax.faces.resource/images/ui-bg_flat_0_2d5972_40x100.png?ln=primefaces-aristo HTTP/1.1" 304 -
186.155.19.219 - - [16/Apr/2023:11:05:39 -0500] "POST /sipse/faces/bienvenido.xhtml HTTP/1.1" 200 2658
216.245.221.92 - - [16/Apr/2023:11:05:40 -0500] "HEAD / HTTP/1.1" 200 -
186.155.19.219 - - [16/Apr/2023:11:05:40 -0500] "POST /sipse/faces/bienvenido.xhtml HTTP/1.1" 200 63400
186.155.19.219 - - [16/Apr/2023:11:05:40 -0500] "GET /sipse/faces/javax.faces.resource/layout/layout.css?ln=primefaces&v=4.0 HTTP/1.1" 304 -
186.155.19.219 - - [16/Apr/2023:11:05:40 -0500] "GET /sipse/faces/javax.faces.resource/theme.css?ln=primefaces-sipse HTTP/1.1" 304 -
186.155.19.219 - - [16/Apr/2023:11:05:40 -0500] "GET /sipse/faces/javax.faces.resource/primefaces.css?ln=primefaces&v=4.0 HTTP/1.1" 304 -
186.155.19.219 - - [16/Apr/2023:11:05:40 -0500] "GET /sipse/faces/javax.faces.resource/jquery/jquery.js?ln=primefaces&v=4.0 HTTP/1.1" 304 -
186.155.19.219 - - [16/Apr/2023:11:05:40 -0500] "GET /sipse/faces/javax.faces.resource/jquery/jquery-plugins.js?ln=primefaces&v=4.0 HTTP/1.1" 304 -
186.155.19.219 - - [16/Apr/2023:11:05:40 -0500] "GET /sipse/faces/javax.faces.resource/primefaces.js?ln=primefaces&v=4.0 HTTP/1.1" 304 -
186.155.19.219 - - [16/Apr/2023:11:05:40 -0500] "GET /sipse/faces/javax.faces.resource/layout/layout.js?ln=primefaces&v=4.0 HTTP/1.1" 304 -
186.155.19.219 - - [16/Apr/2023:11:05:41 -0500] "POST /sipse/faces/presentacion/financiero/solicitudProceso/listarSolicitudProceso.xhtml HTTP/1.1" 200 1560
172.22.2.4 - - [16/Apr/2023:11:05:52 -0500] "GET /BLA/boletinlegal/js/jquery.scrollTo-min.js HTTP/1.1" 200 1150
172.22.2.4 - - [16/Apr/2023:11:05:52 -0500] "GET /BLA/boletinlegal/style.css HTTP/1.1" 200 9406
172.22.2.4 - - [16/Apr/2023:11:05:52 -0500] "GET /BLA/boletinlegal/styles2.css HTTP/1.1" 200 1838
172.22.2.4 - - [16/Apr/2023:11:05:52 -0500] "GET /BLA/boletinlegal/js/jquery.js HTTP/1.1" 200 57254
172.22.2.4 - - [16/Apr/2023:11:05:52 -0500] "GET /BLA/boletinlegal/js/jquery.scrollShow.js HTTP/1.1" 200 4586
172.22.2.4 - - [16/Apr/2023:11:05:52 -0500] "GET /BLA/boletinlegal/images/cabezote%20BLEGAL.jpg HTTP/1.1" 200 118164
172.22.2.4 - - [16/Apr/2023:11:05:52 -0500] "GET /BLA/boletinlegal/images/subscribe-icon-big.png HTTP/1.1" 200 47702
172.22.2.4 - - [16/Apr/2023:11:05:52 -0500] "GET /BLA/boletinlegal/images/historia.png HTTP/1.1" 200 52775
172.22.2.4 - - [16/Apr/2023:11:05:52 -0500] "GET /BLA/boletinlegal/images/registro-usuarios.png HTTP/1.1" 200 8106
172.22.2.4 - - [16/Apr/2023:11:05:52 -0500] "GET /BLA/boletinlegal/images/launch.jpg HTTP/1.1" 200 14577
172.22.2.4 - - [16/Apr/2023:11:05:52 -0500] "GET /BLA/boletinlegal/images/screen_1.png HTTP/1.1" 200 202547
172.22.2.4 - - [16/Apr/2023:11:05:52 -0500] "GET /BLA/boletinlegal/images/body_bg.jpg HTTP/1.1" 200 1601
172.22.2.4 - - [16/Apr/2023:11:05:52 -0500] "GET /BLA/boletinlegal/images/menu_rght.gif HTTP/1.1" 200 1627
172.22.2.4 - - [16/Apr/2023:11:05:52 -0500] "GET /BLA/boletinlegal/images/menu_lft.gif HTTP/1.1" 200 1713
172.22.2.4 - - [16/Apr/2023:11:05:52 -0500] "GET /BLA/boletinlegal/images/hover.jpg HTTP/1.1" 200 640
172.22.2.4 - - [16/Apr/2023:11:05:52 -0500] "GET /BLA/boletinlegal/images/menu_bg.jpg HTTP/1.1" 200 620
172.22.2.4 - - [16/Apr/2023:11:05:52 -0500] "GET /BLA/boletinlegal/images/text.jpg HTTP/1.1" 200 568
172.22.2.4 - - [16/Apr/2023:11:06:02 -0500] "GET /BLA/boletinlegal/actos.php HTTP/1.1" 200 9682
172.22.2.4 - - [16/Apr/2023:11:06:02 -0500] "GET /BLA/boletinlegal/js/ajax_actos.js HTTP/1.1" 200 1322
172.22.2.4 - - [16/Apr/2023:11:04:22 -0500] "GET /BLA/boletinlegal/ HTTP/1.1" 200 60886
172.22.2.4 - - [16/Apr/2023:11:06:02 -0500] "GET /BLA/boletinlegal/js/popup.js HTTP/1.1" 200 1270
172.22.2.4 - - [16/Apr/2023:11:06:02 -0500] "GET /BLA/boletinlegal/niceforms-default.css HTTP/1.1" 200 6694
172.22.2.4 - - [16/Apr/2023:11:06:02 -0500] "GET /BLA/boletinlegal/niceforms.js HTTP/1.1" 200 22876
172.22.2.4 - - [16/Apr/2023:11:06:02 -0500] "GET /BLA/boletinlegal/js/lib.js HTTP/1.1" 200 6474
172.22.2.4 - - [16/Apr/2023:11:06:02 -0500] "GET /BLA/boletinlegal/images/green-yellow-blue-pink-th.png HTTP/1.1" 200 7394
172.22.2.4 - - [16/Apr/2023:11:06:02 -0500] "GET /BLA/boletinlegal/images/tel.png HTTP/1.1" 200 14477
172.22.2.4 - - [16/Apr/2023:11:06:02 -0500] "GET /BLA/boletinlegal/images/icono-email.png HTTP/1.1" 200 5544
172.22.2.4 - - [16/Apr/2023:11:06:02 -0500] "GET /BLA/boletinlegal/images/footer_bg.jpg HTTP/1.1" 200 586
172.22.2.4 - - [16/Apr/2023:11:06:02 -0500] "GET /BLA/boletinlegal/images/footer_bg_l.jpg HTTP/1.1" 200 776
172.22.2.4 - - [16/Apr/2023:11:06:02 -0500] "GET /BLA/boletinlegal/img/0.png HTTP/1.1" 200 110
172.22.2.4 - - [16/Apr/2023:11:06:02 -0500] "GET /BLA/boletinlegal/img/select-left.png HTTP/1.1" 200 263
172.22.2.4 - - [16/Apr/2023:11:06:02 -0500] "GET /BLA/boletinlegal/img/select-right.png HTTP/1.1" 200 44019
172.22.2.4 - - [16/Apr/2023:11:06:02 -0500] "GET /BLA/boletinlegal/img/button.png HTTP/1.1" 200 43241
172.22.2.4 - - [16/Apr/2023:11:06:02 -0500] "GET /BLA/boletinlegal/img/button-left.png HTTP/1.1" 200 57071
172.22.2.4 - - [16/Apr/2023:11:06:02 -0500] "GET /BLA/boletinlegal/favicon.ico HTTP/1.1" 404 1326
172.22.2.4 - - [16/Apr/2023:11:06:07 -0500] "GET /BLA/boletinlegal/consulta_actos.php?tipo=resoluciones&no=&usuario=&sector=&fecha=2023&resuelve= HTTP/1.1" 200 42491
172.22.2.4 - - [16/Apr/2023:11:06:07 -0500] "GET /BLA/boletinlegal/images/background.gif HTTP/1.1" 200 -
172.22.2.4 - - [16/Apr/2023:11:06:07 -0500] "GET /BLA/boletinlegal/images/pdf.gif HTTP/1.1" 200 567
45.79.181.251 - - [16/Apr/2023:11:06:27 -0500] "\x16\x03\x01" 400 226
172.22.2.4 - - [16/Apr/2023:11:05:52 -0500] "GET /BLA/boletinlegal/ HTTP/1.1" 200 24523
181.32.161.191 - - [16/Apr/2023:11:06:40 -0500] "GET /agendate-para-participar-en-las-caminatas-ecologicas-de-febrero.html HTTP/1.1" 200 830
172.22.2.4 - - [16/Apr/2023:11:05:58 -0500] "GET /BLA/boletinlegal/ HTTP/1.1" 200 24523
186.80.121.37 - - [16/Apr/2023:11:06:41 -0500] "GET /BLA/resoluciones/RESOLUCIONES%202023/0463.pdf HTTP/1.1" 200 319246
186.80.121.37 - - [16/Apr/2023:11:06:41 -0500] "GET /BLA/resoluciones/RESOLUCIONES%202023/0463.pdf HTTP/1.1" 206 16384
186.80.121.37 - - [16/Apr/2023:11:06:47 -0500] "GET /favicon.ico HTTP/1.1" 200 7782
201.245.192.253 - - [16/Apr/2023:11:07:12 -0500] "POST /kwsrmcab/Wsrmcab  HTTP/1.1" 200 43322
172.22.2.4 - - [16/Apr/2023:11:06:25 -0500] "HEAD /BLA/boletinlegal/ HTTP/1.1" 200 -
186.155.15.56 - - [16/Apr/2023:11:08:17 -0500] "GET /BLA/resoluciones/index.php?dir=AUTOS+2014%2F HTTP/1.1" 200 889710
186.155.15.56 - - [16/Apr/2023:11:08:31 -0500] "GET /BLA/resoluciones/index.php?dir=AUTOS+2014%2F HTTP/1.1" 200 889710
172.22.2.4 - - [16/Apr/2023:11:07:15 -0500] "GET /BLA/boletinlegal/ HTTP/1.1" 200 55571
186.155.15.56 - - [16/Apr/2023:11:09:13 -0500] "GET /BLA/resoluciones/index.php?dir=AUTOS+2014%2F HTTP/1.1" 200 889710
201.245.250.177 - - [16/Apr/2023:11:09:36 -0500] "POST /sipse/faces/presentacion/financiero/solicitudProceso/consultarSolicitudProceso.xhtml HTTP/1.1" 302 -
201.245.250.177 - - [16/Apr/2023:11:09:36 -0500] "GET /sipse/faces/autenticacion.xhtml HTTP/1.1" 200 1099
201.245.250.177 - - [16/Apr/2023:11:09:36 -0500] "POST /sipse/faces/presentacion/financiero/solicitudProceso/consultarSolicitudProceso.xhtml HTTP/1.1" 302 -
201.245.250.177 - - [16/Apr/2023:11:09:36 -0500] "GET /sipse/faces/autenticacion.xhtml HTTP/1.1" 200 1099
173.252.95.1 - - [16/Apr/2023:11:09:44 -0500] "GET /images/Bogot\xc3\xa1-Regi\xc3\xb3n-unidos-por-el-cuidado-del-agua.jpeg HTTP/1.1" 404 1034
216.245.221.92 - - [16/Apr/2023:11:10:40 -0500] "HEAD / HTTP/1.1" 200 -
66.249.73.51 - - [16/Apr/2023:11:11:35 -0500] "-" 408 -
201.245.250.177 - - [16/Apr/2023:11:11:47 -0500] "POST /sipse/faces/presentacion/financiero/solicitudProceso/consultarSolicitudProceso.xhtml HTTP/1.1" 302 -
201.245.250.177 - - [16/Apr/2023:11:11:47 -0500] "GET /sipse/faces/autenticacion.xhtml HTTP/1.1" 200 12171
201.245.250.177 - - [16/Apr/2023:11:11:48 -0500] "GET /sipse/js/funciones.js HTTP/1.1" 304 -
201.245.250.177 - - [16/Apr/2023:11:11:48 -0500] "GET /sipse/js/disable_browser_buttons.js HTTP/1.1" 304 -
201.245.250.177 - - [16/Apr/2023:11:11:48 -0500] "GET /sipse/css/custom_css_sg.css HTTP/1.1" 304 -
201.245.250.177 - - [16/Apr/2023:11:11:48 -0500] "GET /sipse/css/custom_css_sg_prime_login.css HTTP/1.1" 304 -
201.245.250.177 - - [16/Apr/2023:11:11:48 -0500] "GET /sipse/faces/javax.faces.resource/theme.css?ln=primefaces-sipse HTTP/1.1" 304 -
201.245.250.177 - - [16/Apr/2023:11:11:48 -0500] "GET /sipse/faces/javax.faces.resource/primefaces.css?ln=primefaces&v=4.0 HTTP/1.1" 304 -
201.245.250.177 - - [16/Apr/2023:11:11:48 -0500] "GET /sipse/faces/javax.faces.resource/jquery/jquery-plugins.js?ln=primefaces&v=4.0 HTTP/1.1" 304 -
201.245.250.177 - - [16/Apr/2023:11:11:48 -0500] "GET /sipse/faces/javax.faces.resource/layout/layout.css?ln=primefaces&v=4.0 HTTP/1.1" 304 -
201.245.250.177 - - [16/Apr/2023:11:11:48 -0500] "GET /sipse/faces/javax.faces.resource/jquery/jquery.js?ln=primefaces&v=4.0 HTTP/1.1" 304 -
201.245.250.177 - - [16/Apr/2023:11:11:48 -0500] "GET /sipse/faces/javax.faces.resource/layout/layout.js?ln=primefaces&v=4.0 HTTP/1.1" 304 -
201.245.250.177 - - [16/Apr/2023:11:11:48 -0500] "GET /sipse/faces/javax.faces.resource/primefaces.js?ln=primefaces&v=4.0 HTTP/1.1" 304 -
201.245.250.177 - - [16/Apr/2023:11:11:48 -0500] "GET /sipse/css/imagen/logoSDG.png HTTP/1.1" 304 -
201.245.250.177 - - [16/Apr/2023:11:11:48 -0500] "GET /sipse/css/imagen/loginimg.png HTTP/1.1" 304 -
201.245.250.177 - - [16/Apr/2023:11:11:48 -0500] "GET /sipse/faces/javax.faces.resource/images/ui-icons_898989_256x240.png?ln=primefaces-aristo HTTP/1.1" 304 -
201.245.250.177 - - [16/Apr/2023:11:11:52 -0500] "POST /sipse/faces/autenticacion.xhtml HTTP/1.1" 200 11365
201.245.250.177 - - [16/Apr/2023:11:11:53 -0500] "GET /sipse/css/custom_css_sg_prime.css HTTP/1.1" 304 -
201.245.250.177 - - [16/Apr/2023:11:11:53 -0500] "GET /sipse/faces/javax.faces.resource/theme.css?ln=primefaces-sipse HTTP/1.1" 304 -
201.245.250.177 - - [16/Apr/2023:11:11:53 -0500] "GET /sipse/faces/javax.faces.resource/primefaces.css?ln=primefaces&v=4.0 HTTP/1.1" 304 -
201.245.250.177 - - [16/Apr/2023:11:11:53 -0500] "GET /sipse/faces/javax.faces.resource/jquery/jquery.js?ln=primefaces&v=4.0 HTTP/1.1" 304 -
201.245.250.177 - - [16/Apr/2023:11:11:53 -0500] "GET /sipse/faces/javax.faces.resource/layout/layout.css?ln=primefaces&v=4.0 HTTP/1.1" 304 -
201.245.250.177 - - [16/Apr/2023:11:11:53 -0500] "GET /sipse/faces/javax.faces.resource/jquery/jquery-plugins.js?ln=primefaces&v=4.0 HTTP/1.1" 304 -
201.245.250.177 - - [16/Apr/2023:11:11:54 -0500] "GET /sipse/faces/javax.faces.resource/primefaces.js?ln=primefaces&v=4.0 HTTP/1.1" 304 -
201.245.250.177 - - [16/Apr/2023:11:11:54 -0500] "GET /sipse/faces/javax.faces.resource/layout/layout.js?ln=primefaces&v=4.0 HTTP/1.1" 304 -
201.245.250.177 - - [16/Apr/2023:11:11:55 -0500] "GET /sipse/faces/javax.faces.resource/messages/messages.png?ln=primefaces&v=4.0 HTTP/1.1" 304 -
201.245.250.177 - - [16/Apr/2023:11:11:57 -0500] "POST /sipse/faces/presentacion/sistema/seguridad/seleccionRol.xhtml HTTP/1.1" 200 5801
201.245.250.177 - - [16/Apr/2023:11:11:58 -0500] "POST /sipse/faces/presentacion/sistema/seguridad/seleccionRol.xhtml HTTP/1.1" 200 16294
201.245.250.177 - - [16/Apr/2023:11:11:58 -0500] "GET /sipse/faces/javax.faces.resource/theme.css?ln=primefaces-sipse HTTP/1.1" 304 -
201.245.250.177 - - [16/Apr/2023:11:11:58 -0500] "GET /sipse/faces/javax.faces.resource/layout/layout.css?ln=primefaces&v=4.0 HTTP/1.1" 304 -
201.245.250.177 - - [16/Apr/2023:11:11:58 -0500] "GET /sipse/faces/javax.faces.resource/primefaces.css?ln=primefaces&v=4.0 HTTP/1.1" 304 -
201.245.250.177 - - [16/Apr/2023:11:11:58 -0500] "GET /sipse/js/jquery.min.js HTTP/1.1" 304 -
201.245.250.177 - - [16/Apr/2023:11:11:58 -0500] "GET /sipse/faces/javax.faces.resource/jquery/jquery.js?ln=primefaces&v=4.0 HTTP/1.1" 304 -
201.245.250.177 - - [16/Apr/2023:11:11:58 -0500] "GET /sipse/faces/javax.faces.resource/jquery/jquery-plugins.js?ln=primefaces&v=4.0 HTTP/1.1" 304 -
201.245.250.177 - - [16/Apr/2023:11:11:58 -0500] "GET /sipse/faces/javax.faces.resource/primefaces.js?ln=primefaces&v=4.0 HTTP/1.1" 304 -
201.245.250.177 - - [16/Apr/2023:11:11:58 -0500] "GET /sipse/faces/javax.faces.resource/layout/layout.js?ln=primefaces&v=4.0 HTTP/1.1" 304 -
201.245.250.177 - - [16/Apr/2023:11:11:58 -0500] "GET /sipse/imagenes/cargando.gif HTTP/1.1" 304 -
201.245.250.177 - - [16/Apr/2023:11:11:58 -0500] "GET /sipse/imagenes/logoAplicacion.jpg HTTP/1.1" 304 -
201.245.250.177 - - [16/Apr/2023:11:11:58 -0500] "GET /sipse/css/imagen/contrasena.png HTTP/1.1" 404 383
40.77.167.94 - - [16/Apr/2023:11:11:58 -0500] "GET /BLA/resoluciones/AUTOS%202021/6239.pdf HTTP/1.1" 200 355642
201.245.250.177 - - [16/Apr/2023:11:12:00 -0500] "GET /sipse/faces/javax.faces.resource/images/ui-bg_flat_0_2d5972_40x100.png?ln=primefaces-aristo HTTP/1.1" 304 -
