!C99Shell v. 1.0 pre-release build #13!

Software: Apache. PHP/5.5.15 

uname -a: Windows NT SVR-DMZ 6.1 build 7600 (Windows Server 2008 R2 Enterprise Edition) i586 

SYSTEM 

Safe-mode: OFF (not secure)

E:\nuevo\apache\logs\   drwxrwxrwx
Free 9.41 GB of 239.26 GB (3.93%)
Detected drives: [ a ] [ c ] [ d ] [ e ] [ f ]
Home    Back    Forward    UPDIR    Refresh    Search    Buffer    Encoder    Tools    Proc.    FTP brute    Sec.    SQL    PHP-code    Update    Feedback    Self remove    Logout    


Viewing file:     access.2023.04.16.log (498.08 KB)      -rw-rw-rw-
Select action/file-type:
(+) | (+) | (+) | Code (+) | Session (+) | (+) | SDB (+) | (+) | (+) | (+) | (+) | (+) |
172.22.2.4 - - [15/Apr/2023:23:58:21 -0500] "GET /BLA/boletinlegal/ HTTP/1.1" 200 57945
216.245.221.92 - - [16/Apr/2023:00:00:03 -0500] "HEAD / HTTP/1.1" 200 -
66.249.73.51 - - [16/Apr/2023:00:00:20 -0500] "-" 408 -
52.167.144.63 - - [16/Apr/2023:00:00:35 -0500] "GET /BLA/boletinlegal/Directivas/2018/Directiva%20No.%2026%20del%2028%20de%20diciembre%20de%202018.pdf HTTP/1.1" 200 332220
201.245.192.253 - - [16/Apr/2023:00:01:29 -0500] "POST /kwsrmcab/Wsrmcab  HTTP/1.1" 200 43322
172.22.2.4 - - [16/Apr/2023:00:03:17 -0500] "GET /BLA/boletinlegal/Circulares/2020/CIRCULAR%20No.%2000019%20DEL%2018%20DE%20DICIEMBRE%20DEL%202020.pdf HTTP/1.1" 304 -
52.167.144.125 - - [16/Apr/2023:00:05:00 -0500] "GET /BLA/resoluciones/AUTOS%202021/2620.pdf HTTP/1.1" 304 -
172.22.2.4 - - [16/Apr/2023:00:03:20 -0500] "HEAD /BLA/boletinlegal/ HTTP/1.1" 200 -
216.245.221.92 - - [16/Apr/2023:00:05:03 -0500] "HEAD / HTTP/1.1" 200 -
172.22.2.4 - - [16/Apr/2023:00:04:11 -0500] "GET /BLA/boletinlegal/ HTTP/1.1" 200 57151
66.249.75.152 - - [16/Apr/2023:00:06:04 -0500] "-" 408 -
201.245.192.253 - - [16/Apr/2023:00:06:28 -0500] "POST /kwsrmcab/Wsrmcab  HTTP/1.1" 200 43322
172.22.2.4 - - [16/Apr/2023:00:06:34 -0500] "GET /BLA/boletinlegal/jurisprudencia/analisis/AnalisisT-606-15.docx HTTP/1.1" 200 26698
172.22.2.4 - - [16/Apr/2023:00:06:35 -0500] "GET /BLA/boletinlegal/apple-touch-icon-120x120-precomposed.png HTTP/1.1" 404 1140
172.22.2.4 - - [16/Apr/2023:00:06:35 -0500] "GET /BLA/boletinlegal/apple-touch-icon-120x120.png HTTP/1.1" 404 1140
172.22.2.4 - - [16/Apr/2023:00:06:35 -0500] "GET /BLA/boletinlegal/apple-touch-icon-precomposed.png HTTP/1.1" 404 1140
172.22.2.4 - - [16/Apr/2023:00:06:35 -0500] "GET /BLA/boletinlegal/apple-touch-icon.png HTTP/1.1" 404 1140
172.22.2.4 - - [16/Apr/2023:00:06:35 -0500] "GET /BLA/boletinlegal/favicon.ico HTTP/1.1" 404 1140
172.22.2.4 - - [16/Apr/2023:00:06:35 -0500] "GET /BLA/boletinlegal/apple-touch-icon-120x120-precomposed.png HTTP/1.1" 404 1140
172.22.2.4 - - [16/Apr/2023:00:06:35 -0500] "GET /BLA/boletinlegal/apple-touch-icon-120x120.png HTTP/1.1" 404 1140
172.22.2.4 - - [16/Apr/2023:00:06:35 -0500] "GET /BLA/boletinlegal/apple-touch-icon-precomposed.png HTTP/1.1" 404 1140
172.22.2.4 - - [16/Apr/2023:00:06:35 -0500] "GET /BLA/boletinlegal/apple-touch-icon.png HTTP/1.1" 404 1140
172.22.2.4 - - [16/Apr/2023:00:06:35 -0500] "GET /BLA/boletinlegal/favicon.ico HTTP/1.1" 404 1140
66.249.73.51 - - [16/Apr/2023:00:07:24 -0500] "-" 408 -
64.62.197.167 - - [16/Apr/2023:00:08:03 -0500] "GET / HTTP/1.1" 200 319
52.167.144.60 - - [16/Apr/2023:00:08:18 -0500] "GET /portaldeninos/humedal-capellania-2/ HTTP/1.1" 200 87949
172.22.2.4 - - [16/Apr/2023:00:06:51 -0500] "HEAD /BLA/boletinlegal/ HTTP/1.1" 200 -
40.77.167.114 - - [16/Apr/2023:00:08:37 -0500] "GET /portaldeninos/wp-content/themes/betheme/style.css?ver=20.9.6 HTTP/1.1" 200 287
52.167.144.144 - - [16/Apr/2023:00:08:37 -0500] "GET /portaldeninos/wp-content/themes/betheme/assets/animations/animations.min.css?ver=20.9.6 HTTP/1.1" 200 58508
40.77.167.240 - - [16/Apr/2023:00:08:37 -0500] "GET /portaldeninos/wp-content/themes/betheme/assets/jplayer/jplayer.min.js?ver=20.9.6 HTTP/1.1" 200 52702
52.167.144.144 - - [16/Apr/2023:00:08:37 -0500] "GET /portaldeninos/wp-includes/js/jquery/ui/accordion.min.js?ver=1.11.4 HTTP/1.1" 200 8584
52.167.144.144 - - [16/Apr/2023:00:08:37 -0500] "GET /portaldeninos/wp-includes/js/wp-embed.min.js?ver=4.9.8 HTTP/1.1" 200 1398
52.167.144.60 - - [16/Apr/2023:00:08:41 -0500] "GET /portaldeninos/wp-content/themes/betheme/js/menu.js?ver=20.9.6 HTTP/1.1" 200 2449
52.167.144.60 - - [16/Apr/2023:00:08:41 -0500] "GET /portaldeninos/wp-includes/js/jquery/ui/mouse.min.js?ver=1.11.4 HTTP/1.1" 200 3148
52.167.144.60 - - [16/Apr/2023:00:08:41 -0500] "GET /portaldeninos/wp-includes/js/jquery/ui/widget.min.js?ver=1.11.4 HTTP/1.1" 200 6908
152.61.192.232 - - [16/Apr/2023:00:08:42 -0500] "GET / HTTP/1.1" 200 319
52.167.144.37 - - [16/Apr/2023:00:08:43 -0500] "GET /portaldeninos/wp-content/plugins/gallery-videos/CSS/totalsoft.css?ver=4.9.8 HTTP/1.1" 200 40622
40.77.167.246 - - [16/Apr/2023:00:08:46 -0500] "GET /portaldeninos/wp-content/plugins/gallery-videos/CSS/Total-Soft-Gallery-Video-Widget.css?ver=4.9.8 HTTP/1.1" 200 51554
40.77.167.246 - - [16/Apr/2023:00:08:47 -0500] "GET /portaldeninos/wp-content/plugins/gallery-videos/JS/modernizr.custom.js?ver=4.9.8 HTTP/1.1" 200 9019
40.77.167.246 - - [16/Apr/2023:00:08:47 -0500] "GET /portaldeninos/wp-content/themes/betheme/assets/jplayer/css/jplayer.blue.monday.css?ver=20.9.6 HTTP/1.1" 200 9834
40.77.167.246 - - [16/Apr/2023:00:08:47 -0500] "GET /portaldeninos/wp-content/themes/betheme/css/base.css?ver=20.9.6 HTTP/1.1" 200 57283
40.77.167.240 - - [16/Apr/2023:00:08:52 -0500] "GET /portaldeninos/wp-content/themes/betheme/js/plugins.js?ver=20.9.6 HTTP/1.1" 200 197151
40.77.167.240 - - [16/Apr/2023:00:08:52 -0500] "GET /portaldeninos/wp-includes/js/wp-emoji-release.min.js?ver=4.9.8 HTTP/1.1" 200 12026
40.77.167.114 - - [16/Apr/2023:00:08:56 -0500] "GET /portaldeninos/wp-includes/js/jquery/ui/core.min.js?ver=1.11.4 HTTP/1.1" 200 4000
52.167.144.37 - - [16/Apr/2023:00:08:56 -0500] "GET /portaldeninos/wp-content/themes/betheme/css/layout.css?ver=20.9.6 HTTP/1.1" 200 116639
52.167.144.37 - - [16/Apr/2023:00:08:57 -0500] "GET /portaldeninos/wp-content/themes/betheme/js/scripts.js?ver=20.9.6 HTTP/1.1" 200 77162
52.167.144.37 - - [16/Apr/2023:00:08:57 -0500] "GET /portaldeninos/wp-content/uploads/useanyfont/uaf.css?ver=1589905315 HTTP/1.1" 200 408
64.62.197.172 - - [16/Apr/2023:00:09:53 -0500] "GET /favicon.ico HTTP/1.1" 200 7782
216.245.221.92 - - [16/Apr/2023:00:10:03 -0500] "HEAD / HTTP/1.1" 200 -
64.62.197.168 - - [16/Apr/2023:00:10:26 -0500] "GET /geoserver/web/ HTTP/1.1" 200 2424
172.22.2.4 - - [16/Apr/2023:00:09:10 -0500] "HEAD /BLA/boletinlegal/ HTTP/1.1" 200 -
23.91.96.133 - - [16/Apr/2023:00:11:15 -0500] "GET / HTTP/1.1" 200 319
23.91.96.133 - - [16/Apr/2023:00:11:16 -0500] "GET /favicon.ico HTTP/1.1" 200 7782
201.245.192.253 - - [16/Apr/2023:00:11:27 -0500] "POST /kwsrmcab/Wsrmcab  HTTP/1.1" 200 43322
172.22.2.4 - - [16/Apr/2023:00:10:01 -0500] "GET /BLA/boletinlegal/ HTTP/1.1" 200 55221
173.252.83.117 - - [16/Apr/2023:00:12:51 -0500] "GET /images/negocios-verdes-en-bogota.jpeg HTTP/1.1" 200 132932
181.56.235.113 - - [16/Apr/2023:00:12:52 -0500] "GET /BLA/resoluciones/index.php HTTP/1.1" 200 13502
181.56.235.113 - - [16/Apr/2023:00:12:54 -0500] "GET /BLA/resoluciones/index.php?dir=AUTOS+2019%2F HTTP/1.1" 200 12235
181.56.235.113 - - [16/Apr/2023:00:12:54 -0500] "GET /BLA/resoluciones/index.php?dir=AUTOS+2019%2F HTTP/1.1" 200 368087
66.249.73.51 - - [16/Apr/2023:00:14:45 -0500] "-" 408 -
216.245.221.92 - - [16/Apr/2023:00:15:03 -0500] "HEAD / HTTP/1.1" 200 -
201.245.192.253 - - [16/Apr/2023:00:16:26 -0500] "POST /kwsrmcab/Wsrmcab  HTTP/1.1" 200 43322
172.22.2.4 - - [16/Apr/2023:00:15:00 -0500] "HEAD /BLA/boletinlegal/ HTTP/1.1" 200 -
172.22.2.4 - - [16/Apr/2023:00:15:51 -0500] "GET /BLA/boletinlegal/ HTTP/1.1" 200 57151
172.22.2.4 - - [16/Apr/2023:00:17:47 -0500] "GET /BLA/boletinlegal/actos.php HTTP/1.1" 200 9682
52.167.144.58 - - [16/Apr/2023:00:18:35 -0500] "GET /bla/resoluciones/resoluciones%202012/0744.pdf HTTP/1.1" 304 -
172.22.2.4 - - [16/Apr/2023:00:19:01 -0500] "GET /BLA/boletinlegal/actos.php HTTP/1.1" 200 9682
201.245.192.253 - - [16/Apr/2023:00:19:25 -0500] "POST /kwsrmcab/Wsrmcab HTTP/1.1" 200 43160
201.245.192.253 - - [16/Apr/2023:00:19:28 -0500] "POST /kwsrmcab/Wsrmcab HTTP/1.1" 200 42864
172.22.2.4 - - [16/Apr/2023:00:19:45 -0500] "GET /BLA/boletinlegal/actos.php HTTP/1.1" 200 9682
216.245.221.92 - - [16/Apr/2023:00:20:03 -0500] "HEAD / HTTP/1.1" 200 -
20.15.133.172 - - [16/Apr/2023:00:20:55 -0500] "-" 408 -
51.161.115.226 - - [16/Apr/2023:00:20:57 -0500] "GET /auambari-deleito-con-sus-sonidos-ambientales-a-los-asistentes-de-fima-2021.html HTTP/1.1" 200 888
201.245.192.253 - - [16/Apr/2023:00:21:24 -0500] "POST /kwsrmcab/Wsrmcab  HTTP/1.1" 200 43322
66.249.73.51 - - [16/Apr/2023:00:21:45 -0500] "-" 408 -
172.22.2.4 - - [16/Apr/2023:00:20:50 -0500] "HEAD /BLA/boletinlegal/ HTTP/1.1" 200 -
172.22.2.4 - - [16/Apr/2023:00:21:41 -0500] "GET /BLA/boletinlegal/ HTTP/1.1" 200 59306
176.118.160.24 - - [16/Apr/2023:00:23:41 -0500] "GET / HTTP/1.1" 200 319
40.77.190.29 - - [16/Apr/2023:00:24:33 -0500] "GET /portaldeninos/wp-content/themes/betheme/fonts/mfn-icons.woff?93978679 HTTP/1.1" 200 80932
216.245.221.92 - - [16/Apr/2023:00:25:03 -0500] "HEAD / HTTP/1.1" 200 -
201.245.192.253 - - [16/Apr/2023:00:26:26 -0500] "POST /kwsrmcab/Wsrmcab  HTTP/1.1" 200 43322
114.119.154.135 - - [16/Apr/2023:00:27:35 -0500] "-" 408 -
172.22.2.4 - - [16/Apr/2023:00:26:40 -0500] "HEAD /BLA/boletinlegal/ HTTP/1.1" 200 -
172.22.2.4 - - [16/Apr/2023:00:27:31 -0500] "GET /BLA/boletinlegal/ HTTP/1.1" 200 57561
201.245.192.253 - - [16/Apr/2023:00:29:25 -0500] "POST /kwsrmcab/Wsrmcab HTTP/1.1" 200 43160
201.245.192.253 - - [16/Apr/2023:00:29:27 -0500] "POST /kwsrmcab/Wsrmcab HTTP/1.1" 200 42864
216.245.221.92 - - [16/Apr/2023:00:30:03 -0500] "HEAD / HTTP/1.1" 200 -
40.77.167.246 - - [16/Apr/2023:00:30:17 -0500] "GET / HTTP/1.1" 200 319
201.245.192.253 - - [16/Apr/2023:00:31:26 -0500] "POST /kwsrmcab/Wsrmcab  HTTP/1.1" 200 43322
40.77.167.246 - - [16/Apr/2023:00:31:56 -0500] "GET /portaldeninos/2021/06/29/jasbleady-castaneda-una-mujer-que-le-pone-el-alma-a-la-proteccion-de-las-tinguas-azules/ HTTP/1.1" 200 108388
40.77.167.94 - - [16/Apr/2023:00:31:59 -0500] "GET /BLA/resoluciones/RESOLUCIONES%202023/0387.pdf HTTP/1.1" 200 355943
40.77.167.240 - - [16/Apr/2023:00:32:10 -0500] "GET /portaldeninos/wp-content/themes/betheme/fonts/mfn-icons.ttf?93978679 HTTP/1.1" 200 124684
152.61.128.50 - - [16/Apr/2023:00:33:11 -0500] "GET / HTTP/1.1" 200 319
172.22.2.4 - - [16/Apr/2023:00:32:30 -0500] "HEAD /BLA/boletinlegal/ HTTP/1.1" 200 -
172.22.2.4 - - [16/Apr/2023:00:33:21 -0500] "GET /BLA/boletinlegal/ HTTP/1.1" 200 57151
216.245.221.92 - - [16/Apr/2023:00:35:03 -0500] "HEAD / HTTP/1.1" 200 -
66.249.73.51 - - [16/Apr/2023:00:35:56 -0500] "-" 408 -
201.245.192.253 - - [16/Apr/2023:00:36:25 -0500] "POST /kwsrmcab/Wsrmcab  HTTP/1.1" 200 43322
66.249.75.128 - - [16/Apr/2023:00:37:10 -0500] "-" 408 -
201.245.192.253 - - [16/Apr/2023:00:39:25 -0500] "POST /kwsrmcab/Wsrmcab HTTP/1.1" 200 43160
201.245.192.253 - - [16/Apr/2023:00:39:28 -0500] "POST /kwsrmcab/Wsrmcab HTTP/1.1" 200 42864
172.22.2.4 - - [16/Apr/2023:00:38:07 -0500] "GET /BLA/boletinlegal/ HTTP/1.1" 200 54424
172.22.2.4 - - [16/Apr/2023:00:38:20 -0500] "HEAD /BLA/boletinlegal/ HTTP/1.1" 200 -
216.245.221.92 - - [16/Apr/2023:00:40:03 -0500] "HEAD / HTTP/1.1" 200 -
172.22.2.4 - - [16/Apr/2023:00:39:11 -0500] "GET /BLA/boletinlegal/ HTTP/1.1" 200 53924
201.245.192.253 - - [16/Apr/2023:00:41:23 -0500] "POST /kwsrmcab/Wsrmcab  HTTP/1.1" 200 43322
66.249.73.51 - - [16/Apr/2023:00:41:37 -0500] "-" 408 -
172.22.2.4 - - [16/Apr/2023:00:41:44 -0500] "GET /BLA/boletinlegal/actos.php HTTP/1.1" 200 9682
172.22.2.4 - - [16/Apr/2023:00:42:51 -0500] "GET /BLA/boletinlegal/actos.php HTTP/1.1" 200 9682
35.204.132.25 - - [16/Apr/2023:00:44:47 -0500] "GET /inventario-de-emisiones-2020-transporte-publico-sitp-redujo-emisiones-de-pm-2-5-en-un-37.html HTTP/1.1" 200 925
216.245.221.92 - - [16/Apr/2023:00:45:03 -0500] "HEAD / HTTP/1.1" 200 -
66.249.75.152 - - [16/Apr/2023:00:45:47 -0500] "-" 408 -
172.22.2.4 - - [16/Apr/2023:00:44:10 -0500] "HEAD /BLA/boletinlegal/ HTTP/1.1" 200 -
201.245.192.253 - - [16/Apr/2023:00:46:23 -0500] "POST /kwsrmcab/Wsrmcab  HTTP/1.1" 200 43322
172.22.2.4 - - [16/Apr/2023:00:46:35 -0500] "GET /BLA/boletinlegal/actos.php HTTP/1.1" 200 9682
172.22.2.4 - - [16/Apr/2023:00:45:01 -0500] "GET /BLA/boletinlegal/ HTTP/1.1" 200 57945
34.91.99.42 - - [16/Apr/2023:00:47:07 -0500] "GET /inventario-de-emisiones-2020-transporte-publico-sitp-redujo-emisiones-de-pm-2-5-en-un-37.html HTTP/1.1" 200 925
152.61.192.232 - - [16/Apr/2023:00:47:07 -0500] "GET /arcgis/services/Calidad_del_Agua_WQI/MapServer/WMSServer?request=GetCapabilities&service=WMS HTTP/1.1" 503 1020
152.61.192.232 - - [16/Apr/2023:00:47:09 -0500] "GET /arcgis/services/Calidad_del_Agua_WQI/MapServer/WMSServer?SERVICE=WMS&REQUEST=GetCapabilities HTTP/1.1" 503 1020
152.61.192.232 - - [16/Apr/2023:00:47:09 -0500] "GET /arcgis/services/Calidad_del_Agua_WQI/MapServer/WMSServer?WMTVER=1.0.0&REQUEST=capabilities HTTP/1.1" 503 1020
216.245.221.92 - - [16/Apr/2023:00:50:03 -0500] "HEAD / HTTP/1.1" 200 -
40.77.167.213 - - [16/Apr/2023:00:50:36 -0500] "GET /BLA/resoluciones/RESOLUCIONES%202022/0308.pdf HTTP/1.1" 304 -
201.245.192.253 - - [16/Apr/2023:00:51:22 -0500] "POST /kwsrmcab/Wsrmcab  HTTP/1.1" 200 43322
172.22.2.4 - - [16/Apr/2023:00:50:00 -0500] "HEAD /BLA/boletinlegal/ HTTP/1.1" 200 -
172.22.2.4 - - [16/Apr/2023:00:50:51 -0500] "GET /BLA/boletinlegal/ HTTP/1.1" 200 53924
34.147.12.168 - - [16/Apr/2023:00:53:59 -0500] "GET /inventario-de-emisiones-2020-transporte-publico-sitp-redujo-emisiones-de-pm-2-5-en-un-37.html HTTP/1.1" 200 925
172.22.2.4 - - [16/Apr/2023:00:54:46 -0500] "GET /BLA/boletinlegal/actos.php HTTP/1.1" 200 9682
216.245.221.92 - - [16/Apr/2023:00:55:03 -0500] "HEAD / HTTP/1.1" 200 -
201.245.192.253 - - [16/Apr/2023:00:56:22 -0500] "POST /kwsrmcab/Wsrmcab  HTTP/1.1" 200 43322
172.22.2.4 - - [16/Apr/2023:00:55:50 -0500] "HEAD /BLA/boletinlegal/ HTTP/1.1" 200 -
172.22.2.4 - - [16/Apr/2023:00:56:41 -0500] "GET /BLA/boletinlegal/ HTTP/1.1" 200 51620
172.22.2.4 - - [16/Apr/2023:00:57:29 -0500] "GET /BLA/boletinlegal/ HTTP/1.1" 200 36811
216.245.221.92 - - [16/Apr/2023:01:00:03 -0500] "HEAD / HTTP/1.1" 200 -
201.245.192.253 - - [16/Apr/2023:01:01:21 -0500] "POST /kwsrmcab/Wsrmcab  HTTP/1.1" 200 43322
172.22.2.4 - - [16/Apr/2023:01:01:45 -0500] "GET /BLA/boletinlegal/actos.php HTTP/1.1" 200 9682
172.22.2.4 - - [16/Apr/2023:01:02:21 -0500] "GET /BLA/boletinlegal/actos.php HTTP/1.1" 200 9682
172.22.2.4 - - [16/Apr/2023:01:01:40 -0500] "HEAD /BLA/boletinlegal/ HTTP/1.1" 200 -
172.22.2.4 - - [16/Apr/2023:01:02:31 -0500] "GET /BLA/boletinlegal/ HTTP/1.1" 200 54424
216.245.221.92 - - [16/Apr/2023:01:05:03 -0500] "HEAD / HTTP/1.1" 200 -
201.245.192.253 - - [16/Apr/2023:01:06:20 -0500] "POST /kwsrmcab/Wsrmcab  HTTP/1.1" 200 43322
172.22.2.4 - - [16/Apr/2023:01:07:30 -0500] "HEAD /BLA/boletinlegal/ HTTP/1.1" 200 -
172.22.2.4 - - [16/Apr/2023:01:08:21 -0500] "GET /BLA/boletinlegal/ HTTP/1.1" 200 52326
216.245.221.92 - - [16/Apr/2023:01:10:03 -0500] "HEAD / HTTP/1.1" 200 -
201.245.192.253 - - [16/Apr/2023:01:11:20 -0500] "POST /kwsrmcab/Wsrmcab  HTTP/1.1" 200 43322
172.22.2.4 - - [16/Apr/2023:01:13:30 -0500] "GET /BLA/boletinlegal/autodiscover/autodiscover.json?@zdi/Powershell HTTP/1.1" 404 1018
172.22.2.4 - - [16/Apr/2023:01:13:20 -0500] "HEAD /BLA/boletinlegal/ HTTP/1.1" 200 -
216.245.221.92 - - [16/Apr/2023:01:15:03 -0500] "HEAD / HTTP/1.1" 200 -
172.22.2.4 - - [16/Apr/2023:01:14:11 -0500] "GET /BLA/boletinlegal/ HTTP/1.1" 200 41474
152.61.128.50 - - [16/Apr/2023:01:16:00 -0500] "GET /arcgis/services/Calidad_del_Agua_WQI/MapServer/WMSServer?request=GetCapabilities&service=WMS HTTP/1.1" 503 1020
152.61.128.50 - - [16/Apr/2023:01:16:01 -0500] "GET /arcgis/services/Calidad_del_Agua_WQI/MapServer/WMSServer?SERVICE=WMS&REQUEST=GetCapabilities HTTP/1.1" 503 1020
152.61.128.50 - - [16/Apr/2023:01:16:01 -0500] "GET /arcgis/services/Calidad_del_Agua_WQI/MapServer/WMSServer?WMTVER=1.0.0&REQUEST=capabilities HTTP/1.1" 503 1020
172.22.2.4 - - [16/Apr/2023:01:14:24 -0500] "GET /BLA/boletinlegal/index.php HTTP/1.1" 200 44635
201.245.192.253 - - [16/Apr/2023:01:16:17 -0500] "POST /kwsrmcab/Wsrmcab  HTTP/1.1" 200 43322
172.22.2.4 - - [16/Apr/2023:01:17:10 -0500] "GET /BLA/boletinlegal/actos.php HTTP/1.1" 200 9682
17.241.219.6 - - [16/Apr/2023:01:17:37 -0500] "-" 408 -
201.245.192.253 - - [16/Apr/2023:01:19:25 -0500] "POST /kwsrmcab/Wsrmcab HTTP/1.1" 200 42847
201.245.192.253 - - [16/Apr/2023:01:19:28 -0500] "POST /kwsrmcab/Wsrmcab HTTP/1.1" 200 42713
216.245.221.92 - - [16/Apr/2023:01:20:03 -0500] "HEAD / HTTP/1.1" 200 -
172.22.2.4 - - [16/Apr/2023:01:20:15 -0500] "GET /BLA/boletinlegal/actos.php HTTP/1.1" 200 9682
172.22.2.4 - - [16/Apr/2023:01:19:10 -0500] "HEAD /BLA/boletinlegal/ HTTP/1.1" 200 -
201.245.192.253 - - [16/Apr/2023:01:21:15 -0500] "POST /kwsrmcab/Wsrmcab  HTTP/1.1" 200 43322
40.77.167.94 - - [16/Apr/2023:01:21:37 -0500] "GET /sipse/faces/faces/autenticacion.xhtml HTTP/1.1" 200 12493
172.22.2.4 - - [16/Apr/2023:01:20:01 -0500] "GET /BLA/boletinlegal/ HTTP/1.1" 200 57561
172.22.2.4 - - [16/Apr/2023:01:21:59 -0500] "GET /BLA/boletinlegal/actos.php HTTP/1.1" 200 9682
40.77.167.240 - - [16/Apr/2023:01:23:34 -0500] "GET /portaldeninos/ HTTP/1.1" 200 110197
40.77.167.240 - - [16/Apr/2023:01:23:44 -0500] "GET /portaldeninos/ HTTP/1.1" 200 110197
66.249.75.152 - - [16/Apr/2023:01:24:16 -0500] "-" 408 -
216.245.221.92 - - [16/Apr/2023:01:25:03 -0500] "HEAD / HTTP/1.1" 200 -
201.245.192.253 - - [16/Apr/2023:01:26:13 -0500] "POST /kwsrmcab/Wsrmcab  HTTP/1.1" 200 43322
172.22.2.4 - - [16/Apr/2023:01:25:00 -0500] "HEAD /BLA/boletinlegal/ HTTP/1.1" 200 -
168.119.49.52 - - [16/Apr/2023:01:27:16 -0500] "GET / HTTP/1.1" 200 319
168.119.49.52 - - [16/Apr/2023:01:27:16 -0500] "GET / HTTP/1.1" 200 4720
172.22.2.4 - - [16/Apr/2023:01:25:51 -0500] "GET /BLA/boletinlegal/ HTTP/1.1" 200 57561
40.77.167.213 - - [16/Apr/2023:01:28:51 -0500] "GET /BLA/boletinlegal/notificaciones.php HTTP/1.1" 200 7162
201.245.192.253 - - [16/Apr/2023:01:29:24 -0500] "POST /kwsrmcab/Wsrmcab HTTP/1.1" 200 42847
201.245.192.253 - - [16/Apr/2023:01:29:28 -0500] "POST /kwsrmcab/Wsrmcab HTTP/1.1" 200 42713
185.119.81.96 - - [16/Apr/2023:01:29:30 -0500] "GET /portaldeninos/wp-login.php HTTP/1.1" 200 2592
185.119.81.96 - - [16/Apr/2023:01:29:31 -0500] "POST /portaldeninos/wp-login.php HTTP/1.1" 200 3605
66.249.75.152 - - [16/Apr/2023:01:29:57 -0500] "-" 408 -
216.245.221.92 - - [16/Apr/2023:01:30:03 -0500] "HEAD / HTTP/1.1" 200 -
201.245.192.253 - - [16/Apr/2023:01:31:11 -0500] "POST /kwsrmcab/Wsrmcab  HTTP/1.1" 200 43322
172.22.2.4 - - [16/Apr/2023:01:30:50 -0500] "HEAD /BLA/boletinlegal/ HTTP/1.1" 200 -
172.22.2.4 - - [16/Apr/2023:01:31:41 -0500] "GET /BLA/boletinlegal/ HTTP/1.1" 200 57561
216.245.221.92 - - [16/Apr/2023:01:35:03 -0500] "HEAD / HTTP/1.1" 200 -
193.32.162.159 - - [16/Apr/2023:01:35:58 -0500] "GET / HTTP/1.1" 200 319
193.32.162.159 - - [16/Apr/2023:01:36:08 -0500] "GET /dispatch.asp HTTP/1.1" 404 1018
201.245.192.253 - - [16/Apr/2023:01:36:12 -0500] "POST /kwsrmcab/Wsrmcab  HTTP/1.1" 503 1020
201.245.192.253 - - [16/Apr/2023:01:37:09 -0500] "POST /kwsrmcab/Wsrmcab  HTTP/1.1" 503 1020
66.249.75.152 - - [16/Apr/2023:01:37:25 -0500] "-" 408 -
173.252.79.8 - - [16/Apr/2023:01:37:41 -0500] "GET /como-obtener-el-certificado-de-estado-de-conservacion-ambiental-ceca.html HTTP/1.1" 206 873
201.245.192.253 - - [16/Apr/2023:01:38:07 -0500] "POST /kwsrmcab/Wsrmcab  HTTP/1.1" 200 43322
172.22.2.4 - - [16/Apr/2023:01:36:40 -0500] "HEAD /BLA/boletinlegal/ HTTP/1.1" 200 -
172.22.2.4 - - [16/Apr/2023:01:37:31 -0500] "GET /BLA/boletinlegal/ HTTP/1.1" 200 52326
201.245.192.253 - - [16/Apr/2023:01:39:09 -0500] "POST /kwsrmcab/Wsrmcab  HTTP/1.1" 200 43322
17.22.237.94 - - [16/Apr/2023:01:39:23 -0500] "-" 408 -
201.245.192.253 - - [16/Apr/2023:01:39:25 -0500] "POST /kwsrmcab/Wsrmcab HTTP/1.1" 200 42847
201.245.192.253 - - [16/Apr/2023:01:39:27 -0500] "POST /kwsrmcab/Wsrmcab HTTP/1.1" 200 42713
216.245.221.92 - - [16/Apr/2023:01:40:03 -0500] "HEAD / HTTP/1.1" 200 -
66.249.73.55 - - [16/Apr/2023:01:41:37 -0500] "-" 408 -
172.22.2.4 - - [16/Apr/2023:01:42:30 -0500] "HEAD /BLA/boletinlegal/ HTTP/1.1" 200 -
201.245.192.253 - - [16/Apr/2023:01:44:09 -0500] "POST /kwsrmcab/Wsrmcab  HTTP/1.1" 200 43322
172.22.2.4 - - [16/Apr/2023:01:43:21 -0500] "GET /BLA/boletinlegal/ HTTP/1.1" 200 53561
216.245.221.92 - - [16/Apr/2023:01:45:03 -0500] "HEAD / HTTP/1.1" 200 -
40.77.167.213 - - [16/Apr/2023:01:46:51 -0500] "GET /forest/ HTTP/1.1" 200 12041
31.13.103.17 - - [16/Apr/2023:01:46:52 -0500] "GET /images/jardines-verticales_optimized.jpeg HTTP/1.1" 200 138197
172.22.2.4 - - [16/Apr/2023:01:47:53 -0500] "GET /BLA/boletinlegal/actos.php HTTP/1.1" 200 9682
201.245.192.253 - - [16/Apr/2023:01:49:06 -0500] "POST /kwsrmcab/Wsrmcab  HTTP/1.1" 200 43322
172.22.2.4 - - [16/Apr/2023:01:48:20 -0500] "HEAD /BLA/boletinlegal/ HTTP/1.1" 200 -
216.245.221.92 - - [16/Apr/2023:01:50:03 -0500] "HEAD / HTTP/1.1" 200 -
159.203.118.230 - - [16/Apr/2023:01:50:25 -0500] "\x16\x03\x01" 400 226
159.203.118.230 - - [16/Apr/2023:01:50:25 -0500] "\x16\x03\x01" 400 226
159.203.118.230 - - [16/Apr/2023:01:50:25 -0500] "GET / HTTP/1.1" 200 319
159.203.118.230 - - [16/Apr/2023:01:50:26 -0500] "GET /client/get_targets HTTP/1.1" 404 1018
159.203.118.230 - - [16/Apr/2023:01:50:26 -0500] "GET /upl.php HTTP/1.1" 404 1018
159.203.118.230 - - [16/Apr/2023:01:50:26 -0500] "\x16\x03\x01" 400 226
159.203.118.230 - - [16/Apr/2023:01:50:26 -0500] "GET /geoip/ HTTP/1.1" 404 1018
159.203.118.230 - - [16/Apr/2023:01:50:26 -0500] "GET / HTTP/1.1" 200 319
159.203.118.230 - - [16/Apr/2023:01:50:27 -0500] "GET /favicon.ico HTTP/1.1" 200 7782
94.102.61.10 - - [16/Apr/2023:01:50:34 -0500] "GET /portaldeninos/ HTTP/1.1" 200 110197
172.22.2.4 - - [16/Apr/2023:01:49:11 -0500] "GET /BLA/boletinlegal/ HTTP/1.1" 200 57151
66.249.75.152 - - [16/Apr/2023:01:52:59 -0500] "-" 408 -
201.245.192.253 - - [16/Apr/2023:01:54:05 -0500] "POST /kwsrmcab/Wsrmcab  HTTP/1.1" 200 43322
216.245.221.92 - - [16/Apr/2023:01:55:03 -0500] "HEAD / HTTP/1.1" 200 -
172.22.2.4 - - [16/Apr/2023:01:54:10 -0500] "HEAD /BLA/boletinlegal/ HTTP/1.1" 200 -
45.238.183.85 - - [16/Apr/2023:01:56:01 -0500] "GET /cuatro-animales-y-cerca-de-cinco-kilos-de-carne-de-especimenes-silvestres-fueron-incautados-en-los-ultimos-dias-en-bogota.html HTTP/1.1" 200 869
172.22.2.4 - - [16/Apr/2023:01:55:01 -0500] "GET /BLA/boletinlegal/ HTTP/1.1" 200 52730
201.245.192.253 - - [16/Apr/2023:01:59:02 -0500] "POST /kwsrmcab/Wsrmcab  HTTP/1.1" 200 43322
216.245.221.92 - - [16/Apr/2023:02:00:03 -0500] "HEAD / HTTP/1.1" 200 -
172.22.2.4 - - [16/Apr/2023:02:00:15 -0500] "GET /BLA/boletinlegal/actos.php HTTP/1.1" 200 9682
185.119.81.106 - - [16/Apr/2023:02:01:22 -0500] "GET /portaldeninos/wp-login.php HTTP/1.1" 200 2592
185.119.81.106 - - [16/Apr/2023:02:01:23 -0500] "POST /portaldeninos/wp-login.php HTTP/1.1" 200 3605
172.22.2.4 - - [16/Apr/2023:02:00:00 -0500] "HEAD /BLA/boletinlegal/ HTTP/1.1" 200 -
172.22.2.4 - - [16/Apr/2023:02:00:51 -0500] "GET /BLA/boletinlegal/ HTTP/1.1" 200 57561
49.7.20.86 - - [16/Apr/2023:02:03:36 -0500] "GET / HTTP/1.1" 200 319
201.245.192.253 - - [16/Apr/2023:02:04:00 -0500] "POST /kwsrmcab/Wsrmcab  HTTP/1.1" 200 43322
216.245.221.92 - - [16/Apr/2023:02:05:03 -0500] "HEAD / HTTP/1.1" 200 -
190.84.108.224 - - [16/Apr/2023:02:05:10 -0500] "GET /BLA/resoluciones/ HTTP/1.1" 200 13502
190.84.108.224 - - [16/Apr/2023:02:05:16 -0500] "GET /BLA/resoluciones/index.php?dir=AUTOS+2019%2F HTTP/1.1" 200 368087
190.84.108.224 - - [16/Apr/2023:02:05:40 -0500] "GET /BLA/resoluciones/ HTTP/1.1" 200 13502
190.84.108.224 - - [16/Apr/2023:02:05:44 -0500] "GET /BLA/resoluciones/index.php?dir=AUTOS+2018%2F HTTP/1.1" 200 454534
190.84.108.224 - - [16/Apr/2023:02:06:37 -0500] "GET /BLA/resoluciones/ HTTP/1.1" 200 13502
190.84.108.224 - - [16/Apr/2023:02:06:39 -0500] "GET /BLA/resoluciones/index.php?dir=AUTOS+2019%2F HTTP/1.1" 200 12235
190.84.108.224 - - [16/Apr/2023:02:06:39 -0500] "GET /BLA/resoluciones/index.php?dir=AUTOS+2019%2F HTTP/1.1" 200 368087
172.22.2.4 - - [16/Apr/2023:02:05:50 -0500] "HEAD /BLA/boletinlegal/ HTTP/1.1" 200 -
172.22.2.4 - - [16/Apr/2023:02:06:41 -0500] "GET /BLA/boletinlegal/ HTTP/1.1" 200 59306
185.119.81.96 - - [16/Apr/2023:02:09:00 -0500] "GET /portaldeninos/wp-login.php HTTP/1.1" 200 2592
201.245.192.253 - - [16/Apr/2023:02:08:59 -0500] "POST /kwsrmcab/Wsrmcab  HTTP/1.1" 200 43322
185.119.81.96 - - [16/Apr/2023:02:09:01 -0500] "POST /portaldeninos/wp-login.php HTTP/1.1" 200 3670
216.245.221.92 - - [16/Apr/2023:02:10:03 -0500] "HEAD / HTTP/1.1" 200 -
172.22.2.4 - - [16/Apr/2023:02:10:31 -0500] "POST /BLA/boletinlegal/mifs/.;/services/LogService HTTP/1.1" 404 1158
34.90.16.100 - - [16/Apr/2023:02:10:42 -0500] "GET /inventario-de-emisiones-2020-transporte-publico-sitp-redujo-emisiones-de-pm-2-5-en-un-37.html HTTP/1.1" 200 925
66.249.73.59 - - [16/Apr/2023:02:11:33 -0500] "-" 408 -
34.147.4.96 - - [16/Apr/2023:02:12:18 -0500] "GET /inventario-de-emisiones-2020-transporte-publico-sitp-redujo-emisiones-de-pm-2-5-en-un-37.html HTTP/1.1" 200 925
172.22.2.4 - - [16/Apr/2023:02:11:40 -0500] "HEAD /BLA/boletinlegal/ HTTP/1.1" 200 -
201.245.192.253 - - [16/Apr/2023:02:13:57 -0500] "POST /kwsrmcab/Wsrmcab  HTTP/1.1" 200 43322
172.22.2.4 - - [16/Apr/2023:02:12:31 -0500] "GET /BLA/boletinlegal/ HTTP/1.1" 200 57945
216.245.221.92 - - [16/Apr/2023:02:15:03 -0500] "HEAD / HTTP/1.1" 200 -
172.22.2.4 - - [16/Apr/2023:02:15:22 -0500] "GET /BLA/boletinlegal/actos.php HTTP/1.1" 200 9682
157.55.39.207 - - [16/Apr/2023:02:18:13 -0500] "GET /Residuos/pinturas/pinturas.html HTTP/1.1" 200 1959
201.245.192.253 - - [16/Apr/2023:02:18:56 -0500] "POST /kwsrmcab/Wsrmcab  HTTP/1.1" 200 43322
172.22.2.4 - - [16/Apr/2023:02:17:30 -0500] "HEAD /BLA/boletinlegal/ HTTP/1.1" 200 -
201.245.192.253 - - [16/Apr/2023:02:19:24 -0500] "POST /kwsrmcab/Wsrmcab HTTP/1.1" 200 43169
201.245.192.253 - - [16/Apr/2023:02:19:27 -0500] "POST /kwsrmcab/Wsrmcab HTTP/1.1" 200 43041
172.22.2.4 - - [16/Apr/2023:02:18:21 -0500] "GET /BLA/boletinlegal/ HTTP/1.1" 200 57151
66.249.75.152 - - [16/Apr/2023:02:20:01 -0500] "-" 408 -
216.245.221.92 - - [16/Apr/2023:02:20:03 -0500] "HEAD / HTTP/1.1" 200 -
157.90.244.54 - - [16/Apr/2023:02:23:17 -0500] "GET / HTTP/1.1" 200 319
157.90.244.54 - - [16/Apr/2023:02:23:18 -0500] "GET / HTTP/1.1" 200 4720
52.167.144.60 - - [16/Apr/2023:02:23:40 -0500] "GET /images/coop-inter-1_optimized.jpeg HTTP/1.1" 200 130861
201.245.192.253 - - [16/Apr/2023:02:23:54 -0500] "POST /kwsrmcab/Wsrmcab  HTTP/1.1" 200 43322
172.22.2.4 - - [16/Apr/2023:02:23:20 -0500] "HEAD /BLA/boletinlegal/ HTTP/1.1" 200 -
216.245.221.92 - - [16/Apr/2023:02:25:03 -0500] "HEAD / HTTP/1.1" 200 -
178.33.230.232 - - [16/Apr/2023:02:25:08 -0500] "GET /15-negocios-verdes HTTP/1.1" 404 1034
178.33.233.108 - - [16/Apr/2023:02:25:08 -0500] "GET /bogota-se-prepara-para-tres-fines-de-semana-de-adopciones.html HTTP/1.1" 200 821
185.119.81.96 - - [16/Apr/2023:02:25:29 -0500] "GET /portaldeninos/wp-login.php HTTP/1.1" 200 2592
185.119.81.96 - - [16/Apr/2023:02:25:30 -0500] "POST /portaldeninos/wp-login.php HTTP/1.1" 200 3605
172.22.2.4 - - [16/Apr/2023:02:24:11 -0500] "GET /BLA/boletinlegal/ HTTP/1.1" 200 56287
173.252.107.10 - - [16/Apr/2023:02:26:07 -0500] "GET /incautadas-tarantulas-que-iban-a-ser-exportadas-ilegalmente-desde-bogota-hasta-mexico.html HTTP/1.1" 206 899
66.249.91.222 - - [16/Apr/2023:02:26:36 -0500] "GET / HTTP/1.1" 200 4720
178.33.230.232 - - [16/Apr/2023:02:27:32 -0500] "GET /bogota-se-prepara-para-tres-fines-de-semana-de-adopciones.html HTTP/1.1" 200 821
157.55.39.207 - - [16/Apr/2023:02:27:36 -0500] "GET /bla/resoluciones/resoluciones%202010/1886.pdf HTTP/1.1" 200 1095305
52.167.144.125 - - [16/Apr/2023:02:28:44 -0500] "GET /BLA/resoluciones/AUTOS%202021/5841.pdf HTTP/1.1" 304 -
201.245.192.253 - - [16/Apr/2023:02:28:54 -0500] "POST /kwsrmcab/Wsrmcab  HTTP/1.1" 200 43322
201.245.192.253 - - [16/Apr/2023:02:29:25 -0500] "POST /kwsrmcab/Wsrmcab HTTP/1.1" 200 43169
201.245.192.253 - - [16/Apr/2023:02:29:27 -0500] "POST /kwsrmcab/Wsrmcab HTTP/1.1" 200 43041
216.245.221.92 - - [16/Apr/2023:02:30:03 -0500] "HEAD / HTTP/1.1" 200 -
172.22.2.4 - - [16/Apr/2023:02:29:10 -0500] "HEAD /BLA/boletinlegal/ HTTP/1.1" 200 -
172.22.2.4 - - [16/Apr/2023:02:30:01 -0500] "GET /BLA/boletinlegal/ HTTP/1.1" 200 57561
201.245.192.253 - - [16/Apr/2023:02:33:52 -0500] "POST /kwsrmcab/Wsrmcab  HTTP/1.1" 200 43322
172.22.2.4 - - [16/Apr/2023:02:34:54 -0500] "GET /BLA/boletinlegal/robots.txt HTTP/1.1" 404 1038
216.245.221.92 - - [16/Apr/2023:02:35:03 -0500] "HEAD / HTTP/1.1" 200 -
172.22.2.4 - - [16/Apr/2023:02:34:56 -0500] "GET /BLA/boletinlegal/index.php HTTP/1.1" 200 53561
152.32.135.231 - - [16/Apr/2023:02:36:39 -0500] "GET / HTTP/1.1" 200 4720
172.22.2.4 - - [16/Apr/2023:02:35:00 -0500] "HEAD /BLA/boletinlegal/ HTTP/1.1" 200 -
152.32.135.231 - - [16/Apr/2023:02:36:41 -0500] "GET /favicon.ico HTTP/1.1" 404 1034
152.32.135.231 - - [16/Apr/2023:02:36:42 -0500] "GET /js/url.js HTTP/1.1" 404 1034
152.32.135.231 - - [16/Apr/2023:02:36:43 -0500] "GET /js/jquery-3.3.1.min.js HTTP/1.1" 404 1034
152.32.135.231 - - [16/Apr/2023:02:36:43 -0500] "GET /js/bootstrap.min.js HTTP/1.1" 404 1034
152.32.135.231 - - [16/Apr/2023:02:36:44 -0500] "GET /js/main.js HTTP/1.1" 404 1034
172.22.2.4 - - [16/Apr/2023:02:35:51 -0500] "GET /BLA/boletinlegal/ HTTP/1.1" 200 49754
52.167.144.60 - - [16/Apr/2023:02:38:31 -0500] "GET /documents/10184/4152971/19+de+enero+%C3%A1rbol+bosque+San+Carlos.jpg/42dc837a-9b31-4146-afe7-3f01c2599f03?t=1674160904137 HTTP/1.1" 404 1034
201.245.192.253 - - [16/Apr/2023:02:38:51 -0500] "POST /kwsrmcab/Wsrmcab  HTTP/1.1" 200 43322
201.245.192.253 - - [16/Apr/2023:02:39:24 -0500] "POST /kwsrmcab/Wsrmcab HTTP/1.1" 200 43169
201.245.192.253 - - [16/Apr/2023:02:39:27 -0500] "POST /kwsrmcab/Wsrmcab HTTP/1.1" 200 43041
216.245.221.92 - - [16/Apr/2023:02:40:03 -0500] "HEAD / HTTP/1.1" 200 -
103.106.116.37 - - [16/Apr/2023:02:40:15 -0500] "GET /wp-login.php HTTP/1.1" 404 1018
66.249.73.51 - - [16/Apr/2023:02:41:33 -0500] "-" 408 -
172.22.2.4 - - [16/Apr/2023:02:40:50 -0500] "HEAD /BLA/boletinlegal/ HTTP/1.1" 200 -
172.22.2.4 - - [16/Apr/2023:02:41:41 -0500] "GET /BLA/boletinlegal/ HTTP/1.1" 200 54424
201.245.192.253 - - [16/Apr/2023:02:43:50 -0500] "POST /kwsrmcab/Wsrmcab  HTTP/1.1" 200 43322
216.245.221.92 - - [16/Apr/2023:02:45:03 -0500] "HEAD / HTTP/1.1" 200 -
185.119.81.106 - - [16/Apr/2023:02:47:19 -0500] "GET /portaldeninos/wp-login.php HTTP/1.1" 200 2592
185.119.81.106 - - [16/Apr/2023:02:47:20 -0500] "POST /portaldeninos/wp-login.php HTTP/1.1" 200 3650
172.22.2.4 - - [16/Apr/2023:02:46:40 -0500] "HEAD /BLA/boletinlegal/ HTTP/1.1" 200 -
201.245.192.253 - - [16/Apr/2023:02:48:52 -0500] "POST /kwsrmcab/Wsrmcab  HTTP/1.1" 200 43322
172.22.2.4 - - [16/Apr/2023:02:47:31 -0500] "GET /BLA/boletinlegal/ HTTP/1.1" 200 57945
216.245.221.92 - - [16/Apr/2023:02:50:03 -0500] "HEAD / HTTP/1.1" 200 -
172.22.2.4 - - [16/Apr/2023:02:51:27 -0500] "GET /BLA/boletinlegal/ HTTP/1.1" 200 51620
52.167.144.37 - - [16/Apr/2023:02:53:49 -0500] "GET /dia-mundial-del-agua-2023-programate-para-participar-en-estas-actividades-de-educacion-ambiental.html HTTP/1.1" 200 903
201.245.192.253 - - [16/Apr/2023:02:53:52 -0500] "POST /kwsrmcab/Wsrmcab  HTTP/1.1" 200 43322
66.249.75.128 - - [16/Apr/2023:02:54:02 -0500] "-" 408 -
172.22.2.4 - - [16/Apr/2023:02:52:30 -0500] "HEAD /BLA/boletinlegal/ HTTP/1.1" 200 -
172.22.2.4 - - [16/Apr/2023:02:53:21 -0500] "GET /BLA/boletinlegal/ HTTP/1.1" 200 59306
216.245.221.92 - - [16/Apr/2023:02:55:03 -0500] "HEAD / HTTP/1.1" 200 -
201.245.192.253 - - [16/Apr/2023:02:58:52 -0500] "POST /kwsrmcab/Wsrmcab  HTTP/1.1" 200 43322
172.22.2.4 - - [16/Apr/2023:02:58:20 -0500] "HEAD /BLA/boletinlegal/ HTTP/1.1" 200 -
216.245.221.92 - - [16/Apr/2023:03:00:03 -0500] "HEAD / HTTP/1.1" 200 -
173.252.107.120 - - [16/Apr/2023:03:00:40 -0500] "GET /secretaria-de-ambiente-impone-medidas-preventivas-a-un-privado-que-utilizaba-un-area-protegida-para-promocionar-proyectos.html HTTP/1.1" 206 866
172.22.2.4 - - [16/Apr/2023:02:59:10 -0500] "GET /BLA/boletinlegal/ HTTP/1.1" 200 53924
167.94.138.124 - - [16/Apr/2023:03:02:40 -0500] "GET / HTTP/1.1" 200 319
167.94.138.124 - - [16/Apr/2023:03:02:41 -0500] "GET / HTTP/1.1" 200 319
167.94.138.124 - - [16/Apr/2023:03:02:41 -0500] "PRI * HTTP/2.0" 400 946
167.94.138.124 - - [16/Apr/2023:03:02:41 -0500] "GET /favicon.ico HTTP/1.1" 200 7782
201.245.192.253 - - [16/Apr/2023:03:03:50 -0500] "POST /kwsrmcab/Wsrmcab  HTTP/1.1" 200 43322
185.119.81.106 - - [16/Apr/2023:03:04:45 -0500] "GET /portaldeninos/wp-login.php HTTP/1.1" 200 2592
185.119.81.106 - - [16/Apr/2023:03:04:46 -0500] "POST /portaldeninos/wp-login.php HTTP/1.1" 200 3605
40.77.167.213 - - [16/Apr/2023:03:04:50 -0500] "GET /BLA/boletinlegal/notificaciones.php HTTP/1.1" 200 7162
216.245.221.92 - - [16/Apr/2023:03:05:03 -0500] "HEAD / HTTP/1.1" 200 -
172.22.2.4 - - [16/Apr/2023:03:04:10 -0500] "HEAD /BLA/boletinlegal/ HTTP/1.1" 200 -
172.22.2.4 - - [16/Apr/2023:03:05:01 -0500] "GET /BLA/boletinlegal/ HTTP/1.1" 200 57151
52.167.144.37 - - [16/Apr/2023:03:08:30 -0500] "GET /portaldeninos/humedal-el-tunjo/ HTTP/1.1" 200 87661
201.245.192.253 - - [16/Apr/2023:03:08:48 -0500] "POST /kwsrmcab/Wsrmcab  HTTP/1.1" 200 43322
216.245.221.92 - - [16/Apr/2023:03:10:03 -0500] "HEAD / HTTP/1.1" 200 -
172.22.2.4 - - [16/Apr/2023:03:10:00 -0500] "HEAD /BLA/boletinlegal/ HTTP/1.1" 200 -
172.22.2.4 - - [16/Apr/2023:03:10:50 -0500] "GET /BLA/boletinlegal/ HTTP/1.1" 200 57561
201.245.192.253 - - [16/Apr/2023:03:13:47 -0500] "POST /kwsrmcab/Wsrmcab  HTTP/1.1" 200 43322
216.245.221.92 - - [16/Apr/2023:03:15:03 -0500] "HEAD / HTTP/1.1" 200 -
66.249.75.152 - - [16/Apr/2023:03:16:03 -0500] "-" 408 -
172.22.2.4 - - [16/Apr/2023:03:17:13 -0500] "GET /BLA/boletinlegal/.env HTTP/1.1" 404 1018
172.22.2.4 - - [16/Apr/2023:03:15:50 -0500] "HEAD /BLA/boletinlegal/ HTTP/1.1" 200 -
199.16.157.182 - - [16/Apr/2023:03:18:06 -0500] "GET /images/evento-wef-1_optimized.jpeg HTTP/1.1" 200 138129
172.22.2.4 - - [16/Apr/2023:03:17:14 -0500] "POST /BLA/boletinlegal/ HTTP/1.1" 200 24523
172.22.2.4 - - [16/Apr/2023:03:16:40 -0500] "GET /BLA/boletinlegal/ HTTP/1.1" 200 48659
201.245.192.253 - - [16/Apr/2023:03:18:45 -0500] "POST /kwsrmcab/Wsrmcab  HTTP/1.1" 200 43322
201.245.192.253 - - [16/Apr/2023:03:19:24 -0500] "POST /kwsrmcab/Wsrmcab HTTP/1.1" 200 43169
201.245.192.253 - - [16/Apr/2023:03:19:26 -0500] "POST /kwsrmcab/Wsrmcab HTTP/1.1" 200 43040
52.167.144.60 - - [16/Apr/2023:03:19:36 -0500] "GET / HTTP/1.1" 200 4720
216.245.221.92 - - [16/Apr/2023:03:20:03 -0500] "HEAD / HTTP/1.1" 200 -
172.22.2.4 - - [16/Apr/2023:03:21:03 -0500] "GET /BLA/boletinlegal/jurisprudencia/analisis/ANALISIST-046-99.docx HTTP/1.1" 200 20918
34.91.239.231 - - [16/Apr/2023:03:21:48 -0500] "GET /inventario-de-emisiones-2020-transporte-publico-sitp-redujo-emisiones-de-pm-2-5-en-un-37.html HTTP/1.1" 200 925
40.77.167.240 - - [16/Apr/2023:03:22:25 -0500] "GET /images/Fauna%20SDA%20(1)%20(1).jpeg HTTP/1.1" 200 29639
172.22.2.4 - - [16/Apr/2023:03:21:40 -0500] "HEAD /BLA/boletinlegal/ HTTP/1.1" 200 -
201.245.192.253 - - [16/Apr/2023:03:23:43 -0500] "POST /kwsrmcab/Wsrmcab  HTTP/1.1" 200 43322
172.22.2.4 - - [16/Apr/2023:03:22:30 -0500] "GET /BLA/boletinlegal/ HTTP/1.1" 200 52730
172.22.2.4 - - [16/Apr/2023:03:24:24 -0500] "GET /BLA/boletinlegal/actos.php HTTP/1.1" 200 9682
172.22.2.4 - - [16/Apr/2023:03:24:41 -0500] "GET /BLA/boletinlegal/actos.php HTTP/1.1" 200 9682
216.245.221.92 - - [16/Apr/2023:03:25:03 -0500] "HEAD / HTTP/1.1" 200 -
172.22.2.4 - - [16/Apr/2023:03:27:49 -0500] "GET /BLA/boletinlegal/actos.php HTTP/1.1" 200 9682
178.128.20.164 - - [16/Apr/2023:03:27:36 -0500] "GET /portaldeninos//wp-includes/ID3/license.txt HTTP/1.1" 200 1356
178.128.20.164 - - [16/Apr/2023:03:27:52 -0500] "GET /portaldeninos//feed/ HTTP/1.1" 200 77259
178.128.20.164 - - [16/Apr/2023:03:28:13 -0500] "GET /portaldeninos//?author=1 HTTP/1.1" 301 -
201.245.192.253 - - [16/Apr/2023:03:28:42 -0500] "POST /kwsrmcab/Wsrmcab  HTTP/1.1" 200 43322
178.128.20.164 - - [16/Apr/2023:03:28:29 -0500] "GET /portaldeninos//?author=2 HTTP/1.1" 301 -
178.128.20.164 - - [16/Apr/2023:03:28:46 -0500] "GET /portaldeninos//?author=3 HTTP/1.1" 200 90278
178.128.20.164 - - [16/Apr/2023:03:29:06 -0500] "GET /portaldeninos//wp-json/wp/v2/users/ HTTP/1.1" 200 1366
178.128.20.164 - - [16/Apr/2023:03:29:06 -0500] "POST /portaldeninos//xmlrpc.php HTTP/1.1" 200 403
178.128.20.164 - - [16/Apr/2023:03:29:07 -0500] "POST /portaldeninos//xmlrpc.php HTTP/1.1" 200 403
178.128.20.164 - - [16/Apr/2023:03:29:08 -0500] "POST /portaldeninos//xmlrpc.php HTTP/1.1" 200 413
178.128.20.164 - - [16/Apr/2023:03:29:08 -0500] "POST /portaldeninos//xmlrpc.php HTTP/1.1" 200 413
178.128.20.164 - - [16/Apr/2023:03:29:09 -0500] "POST /portaldeninos//xmlrpc.php HTTP/1.1" 200 413
178.128.20.164 - - [16/Apr/2023:03:29:10 -0500] "POST /portaldeninos//xmlrpc.php HTTP/1.1" 200 413
172.22.2.4 - - [16/Apr/2023:03:27:30 -0500] "HEAD /BLA/boletinlegal/ HTTP/1.1" 200 -
178.128.20.164 - - [16/Apr/2023:03:29:10 -0500] "POST /portaldeninos//xmlrpc.php HTTP/1.1" 200 413
178.128.20.164 - - [16/Apr/2023:03:29:11 -0500] "POST /portaldeninos//xmlrpc.php HTTP/1.1" 200 413
178.128.20.164 - - [16/Apr/2023:03:29:12 -0500] "POST /portaldeninos//xmlrpc.php HTTP/1.1" 200 413
178.128.20.164 - - [16/Apr/2023:03:29:12 -0500] "POST /portaldeninos//xmlrpc.php HTTP/1.1" 200 413
178.128.20.164 - - [16/Apr/2023:03:29:13 -0500] "POST /portaldeninos//xmlrpc.php HTTP/1.1" 200 413
178.128.20.164 - - [16/Apr/2023:03:29:14 -0500] "POST /portaldeninos//xmlrpc.php HTTP/1.1" 200 413
178.128.20.164 - - [16/Apr/2023:03:29:14 -0500] "POST /portaldeninos//xmlrpc.php HTTP/1.1" 200 413
178.128.20.164 - - [16/Apr/2023:03:29:15 -0500] "POST /portaldeninos//xmlrpc.php HTTP/1.1" 200 413
178.128.20.164 - - [16/Apr/2023:03:29:16 -0500] "POST /portaldeninos//xmlrpc.php HTTP/1.1" 200 413
178.128.20.164 - - [16/Apr/2023:03:29:17 -0500] "POST /portaldeninos//xmlrpc.php HTTP/1.1" 200 413
178.128.20.164 - - [16/Apr/2023:03:29:17 -0500] "POST /portaldeninos//xmlrpc.php HTTP/1.1" 200 413
178.128.20.164 - - [16/Apr/2023:03:29:18 -0500] "POST /portaldeninos//xmlrpc.php HTTP/1.1" 200 413
178.128.20.164 - - [16/Apr/2023:03:29:18 -0500] "POST /portaldeninos//xmlrpc.php HTTP/1.1" 200 413
178.128.20.164 - - [16/Apr/2023:03:29:19 -0500] "POST /portaldeninos//xmlrpc.php HTTP/1.1" 200 413
178.128.20.164 - - [16/Apr/2023:03:29:20 -0500] "POST /portaldeninos//xmlrpc.php HTTP/1.1" 200 413
178.128.20.164 - - [16/Apr/2023:03:29:20 -0500] "POST /portaldeninos//xmlrpc.php HTTP/1.1" 200 413
178.128.20.164 - - [16/Apr/2023:03:29:21 -0500] "POST /portaldeninos//xmlrpc.php HTTP/1.1" 200 413
178.128.20.164 - - [16/Apr/2023:03:29:22 -0500] "POST /portaldeninos//xmlrpc.php HTTP/1.1" 200 413
178.128.20.164 - - [16/Apr/2023:03:29:22 -0500] "POST /portaldeninos//xmlrpc.php HTTP/1.1" 200 413
178.128.20.164 - - [16/Apr/2023:03:29:23 -0500] "POST /portaldeninos//xmlrpc.php HTTP/1.1" 200 413
178.128.20.164 - - [16/Apr/2023:03:29:24 -0500] "POST /portaldeninos//xmlrpc.php HTTP/1.1" 200 413
178.128.20.164 - - [16/Apr/2023:03:29:24 -0500] "POST /portaldeninos//xmlrpc.php HTTP/1.1" 200 413
178.128.20.164 - - [16/Apr/2023:03:29:25 -0500] "POST /portaldeninos//xmlrpc.php HTTP/1.1" 200 413
201.245.192.253 - - [16/Apr/2023:03:29:24 -0500] "POST /kwsrmcab/Wsrmcab HTTP/1.1" 200 43169
178.128.20.164 - - [16/Apr/2023:03:29:26 -0500] "POST /portaldeninos//xmlrpc.php HTTP/1.1" 200 413
178.128.20.164 - - [16/Apr/2023:03:29:26 -0500] "POST /portaldeninos//xmlrpc.php HTTP/1.1" 200 413
178.128.20.164 - - [16/Apr/2023:03:29:27 -0500] "POST /portaldeninos//xmlrpc.php HTTP/1.1" 200 413
201.245.192.253 - - [16/Apr/2023:03:29:26 -0500] "POST /kwsrmcab/Wsrmcab HTTP/1.1" 200 43040
178.128.20.164 - - [16/Apr/2023:03:29:28 -0500] "POST /portaldeninos//xmlrpc.php HTTP/1.1" 200 413
178.128.20.164 - - [16/Apr/2023:03:29:28 -0500] "POST /portaldeninos//xmlrpc.php HTTP/1.1" 200 413
178.128.20.164 - - [16/Apr/2023:03:29:29 -0500] "POST /portaldeninos//xmlrpc.php HTTP/1.1" 200 413
178.128.20.164 - - [16/Apr/2023:03:29:30 -0500] "POST /portaldeninos//xmlrpc.php HTTP/1.1" 200 413
178.128.20.164 - - [16/Apr/2023:03:29:30 -0500] "POST /portaldeninos//xmlrpc.php HTTP/1.1" 200 413
178.128.20.164 - - [16/Apr/2023:03:29:31 -0500] "POST /portaldeninos//xmlrpc.php HTTP/1.1" 200 413
178.128.20.164 - - [16/Apr/2023:03:29:32 -0500] "POST /portaldeninos//xmlrpc.php HTTP/1.1" 200 413
178.128.20.164 - - [16/Apr/2023:03:29:32 -0500] "POST /portaldeninos//xmlrpc.php HTTP/1.1" 200 413
178.128.20.164 - - [16/Apr/2023:03:29:33 -0500] "POST /portaldeninos//xmlrpc.php HTTP/1.1" 200 413
178.128.20.164 - - [16/Apr/2023:03:29:34 -0500] "POST /portaldeninos//xmlrpc.php HTTP/1.1" 200 413
178.128.20.164 - - [16/Apr/2023:03:29:34 -0500] "POST /portaldeninos//xmlrpc.php HTTP/1.1" 200 413
178.128.20.164 - - [16/Apr/2023:03:29:35 -0500] "POST /portaldeninos//xmlrpc.php HTTP/1.1" 200 413
178.128.20.164 - - [16/Apr/2023:03:29:35 -0500] "POST /portaldeninos//xmlrpc.php HTTP/1.1" 200 413
178.128.20.164 - - [16/Apr/2023:03:29:36 -0500] "POST /portaldeninos//xmlrpc.php HTTP/1.1" 200 413
178.128.20.164 - - [16/Apr/2023:03:29:37 -0500] "POST /portaldeninos//xmlrpc.php HTTP/1.1" 200 413
178.128.20.164 - - [16/Apr/2023:03:29:37 -0500] "POST /portaldeninos//xmlrpc.php HTTP/1.1" 200 413
178.128.20.164 - - [16/Apr/2023:03:29:38 -0500] "POST /portaldeninos//xmlrpc.php HTTP/1.1" 200 413
178.128.20.164 - - [16/Apr/2023:03:29:39 -0500] "POST /portaldeninos//xmlrpc.php HTTP/1.1" 200 413
178.128.20.164 - - [16/Apr/2023:03:29:39 -0500] "POST /portaldeninos//xmlrpc.php HTTP/1.1" 200 413
178.128.20.164 - - [16/Apr/2023:03:29:40 -0500] "POST /portaldeninos//xmlrpc.php HTTP/1.1" 200 413
178.128.20.164 - - [16/Apr/2023:03:29:40 -0500] "POST /portaldeninos//xmlrpc.php HTTP/1.1" 200 413
178.128.20.164 - - [16/Apr/2023:03:29:41 -0500] "POST /portaldeninos//xmlrpc.php HTTP/1.1" 200 413
178.128.20.164 - - [16/Apr/2023:03:29:42 -0500] "POST /portaldeninos//xmlrpc.php HTTP/1.1" 200 413
178.128.20.164 - - [16/Apr/2023:03:29:42 -0500] "POST /portaldeninos//xmlrpc.php HTTP/1.1" 200 413
178.128.20.164 - - [16/Apr/2023:03:29:43 -0500] "POST /portaldeninos//xmlrpc.php HTTP/1.1" 200 413
178.128.20.164 - - [16/Apr/2023:03:29:44 -0500] "POST /portaldeninos//xmlrpc.php HTTP/1.1" 200 413
178.128.20.164 - - [16/Apr/2023:03:29:44 -0500] "POST /portaldeninos//xmlrpc.php HTTP/1.1" 200 413
178.128.20.164 - - [16/Apr/2023:03:29:45 -0500] "POST /portaldeninos//xmlrpc.php HTTP/1.1" 200 413
178.128.20.164 - - [16/Apr/2023:03:29:46 -0500] "POST /portaldeninos//xmlrpc.php HTTP/1.1" 200 413
178.128.20.164 - - [16/Apr/2023:03:29:46 -0500] "POST /portaldeninos//xmlrpc.php HTTP/1.1" 200 413
178.128.20.164 - - [16/Apr/2023:03:29:47 -0500] "POST /portaldeninos//xmlrpc.php HTTP/1.1" 200 413
178.128.20.164 - - [16/Apr/2023:03:29:48 -0500] "POST /portaldeninos//xmlrpc.php HTTP/1.1" 200 413
178.128.20.164 - - [16/Apr/2023:03:29:48 -0500] "POST /portaldeninos//xmlrpc.php HTTP/1.1" 200 413
178.128.20.164 - - [16/Apr/2023:03:29:49 -0500] "POST /portaldeninos//xmlrpc.php HTTP/1.1" 200 413
178.128.20.164 - - [16/Apr/2023:03:29:50 -0500] "POST /portaldeninos//xmlrpc.php HTTP/1.1" 200 413
178.128.20.164 - - [16/Apr/2023:03:29:50 -0500] "POST /portaldeninos//xmlrpc.php HTTP/1.1" 200 413
178.128.20.164 - - [16/Apr/2023:03:29:51 -0500] "POST /portaldeninos//xmlrpc.php HTTP/1.1" 200 413
178.128.20.164 - - [16/Apr/2023:03:29:52 -0500] "POST /portaldeninos//xmlrpc.php HTTP/1.1" 200 413
178.128.20.164 - - [16/Apr/2023:03:29:53 -0500] "POST /portaldeninos//xmlrpc.php HTTP/1.1" 200 413
178.128.20.164 - - [16/Apr/2023:03:29:53 -0500] "POST /portaldeninos//xmlrpc.php HTTP/1.1" 200 413
178.128.20.164 - - [16/Apr/2023:03:29:54 -0500] "POST /portaldeninos//xmlrpc.php HTTP/1.1" 200 413
178.128.20.164 - - [16/Apr/2023:03:29:54 -0500] "POST /portaldeninos//xmlrpc.php HTTP/1.1" 200 413
178.128.20.164 - - [16/Apr/2023:03:29:55 -0500] "POST /portaldeninos//xmlrpc.php HTTP/1.1" 200 413
178.128.20.164 - - [16/Apr/2023:03:29:56 -0500] "POST /portaldeninos//xmlrpc.php HTTP/1.1" 200 413
178.128.20.164 - - [16/Apr/2023:03:29:56 -0500] "POST /portaldeninos//xmlrpc.php HTTP/1.1" 200 413
178.128.20.164 - - [16/Apr/2023:03:29:57 -0500] "POST /portaldeninos//xmlrpc.php HTTP/1.1" 200 413
178.128.20.164 - - [16/Apr/2023:03:29:58 -0500] "POST /portaldeninos//xmlrpc.php HTTP/1.1" 200 413
178.128.20.164 - - [16/Apr/2023:03:29:58 -0500] "POST /portaldeninos//xmlrpc.php HTTP/1.1" 200 413
178.128.20.164 - - [16/Apr/2023:03:29:59 -0500] "POST /portaldeninos//xmlrpc.php HTTP/1.1" 200 413
178.128.20.164 - - [16/Apr/2023:03:30:00 -0500] "POST /portaldeninos//xmlrpc.php HTTP/1.1" 200 413
172.22.2.4 - - [16/Apr/2023:03:28:20 -0500] "GET /BLA/boletinlegal/ HTTP/1.1" 200 57151
178.128.20.164 - - [16/Apr/2023:03:30:00 -0500] "POST /portaldeninos//xmlrpc.php HTTP/1.1" 200 413
178.128.20.164 - - [16/Apr/2023:03:30:01 -0500] "POST /portaldeninos//xmlrpc.php HTTP/1.1" 200 413
178.128.20.164 - - [16/Apr/2023:03:30:02 -0500] "POST /portaldeninos//xmlrpc.php HTTP/1.1" 200 413
178.128.20.164 - - [16/Apr/2023:03:30:02 -0500] "POST /portaldeninos//xmlrpc.php HTTP/1.1" 200 413
216.245.221.92 - - [16/Apr/2023:03:30:03 -0500] "HEAD / HTTP/1.1" 200 -
178.128.20.164 - - [16/Apr/2023:03:30:03 -0500] "POST /portaldeninos//xmlrpc.php HTTP/1.1" 200 413
178.128.20.164 - - [16/Apr/2023:03:30:03 -0500] "POST /portaldeninos//xmlrpc.php HTTP/1.1" 200 413
178.128.20.164 - - [16/Apr/2023:03:30:04 -0500] "POST /portaldeninos//xmlrpc.php HTTP/1.1" 200 413
178.128.20.164 - - [16/Apr/2023:03:30:05 -0500] "POST /portaldeninos//xmlrpc.php HTTP/1.1" 200 413
178.128.20.164 - - [16/Apr/2023:03:30:05 -0500] "POST /portaldeninos//xmlrpc.php HTTP/1.1" 200 413
178.128.20.164 - - [16/Apr/2023:03:30:06 -0500] "POST /portaldeninos//xmlrpc.php HTTP/1.1" 200 413
178.128.20.164 - - [16/Apr/2023:03:30:07 -0500] "POST /portaldeninos//xmlrpc.php HTTP/1.1" 200 413
178.128.20.164 - - [16/Apr/2023:03:30:07 -0500] "POST /portaldeninos//xmlrpc.php HTTP/1.1" 200 413
178.128.20.164 - - [16/Apr/2023:03:30:08 -0500] "POST /portaldeninos//xmlrpc.php HTTP/1.1" 200 413
178.128.20.164 - - [16/Apr/2023:03:30:09 -0500] "POST /portaldeninos//xmlrpc.php HTTP/1.1" 200 413
178.128.20.164 - - [16/Apr/2023:03:30:09 -0500] "POST /portaldeninos//xmlrpc.php HTTP/1.1" 200 413
178.128.20.164 - - [16/Apr/2023:03:30:10 -0500] "POST /portaldeninos//xmlrpc.php HTTP/1.1" 200 413
178.128.20.164 - - [16/Apr/2023:03:30:11 -0500] "POST /portaldeninos//xmlrpc.php HTTP/1.1" 200 413
178.128.20.164 - - [16/Apr/2023:03:30:11 -0500] "POST /portaldeninos//xmlrpc.php HTTP/1.1" 200 413
178.128.20.164 - - [16/Apr/2023:03:30:12 -0500] "POST /portaldeninos//xmlrpc.php HTTP/1.1" 200 413
178.128.20.164 - - [16/Apr/2023:03:30:13 -0500] "POST /portaldeninos//xmlrpc.php HTTP/1.1" 200 413
178.128.20.164 - - [16/Apr/2023:03:30:13 -0500] "POST /portaldeninos//xmlrpc.php HTTP/1.1" 200 413
178.128.20.164 - - [16/Apr/2023:03:30:14 -0500] "POST /portaldeninos//xmlrpc.php HTTP/1.1" 200 413
178.128.20.164 - - [16/Apr/2023:03:30:15 -0500] "POST /portaldeninos//xmlrpc.php HTTP/1.1" 200 413
178.128.20.164 - - [16/Apr/2023:03:30:15 -0500] "POST /portaldeninos//xmlrpc.php HTTP/1.1" 200 413
178.128.20.164 - - [16/Apr/2023:03:30:16 -0500] "POST /portaldeninos//xmlrpc.php HTTP/1.1" 200 413
178.128.20.164 - - [16/Apr/2023:03:30:17 -0500] "POST /portaldeninos//xmlrpc.php HTTP/1.1" 200 413
178.128.20.164 - - [16/Apr/2023:03:30:17 -0500] "POST /portaldeninos//xmlrpc.php HTTP/1.1" 200 413
178.128.20.164 - - [16/Apr/2023:03:30:18 -0500] "POST /portaldeninos//xmlrpc.php HTTP/1.1" 200 413
178.128.20.164 - - [16/Apr/2023:03:30:19 -0500] "POST /portaldeninos//xmlrpc.php HTTP/1.1" 200 413
178.128.20.164 - - [16/Apr/2023:03:30:19 -0500] "POST /portaldeninos//xmlrpc.php HTTP/1.1" 200 413
178.128.20.164 - - [16/Apr/2023:03:30:20 -0500] "POST /portaldeninos//xmlrpc.php HTTP/1.1" 200 413
178.128.20.164 - - [16/Apr/2023:03:30:21 -0500] "POST /portaldeninos//xmlrpc.php HTTP/1.1" 200 413
178.128.20.164 - - [16/Apr/2023:03:30:21 -0500] "POST /portaldeninos//xmlrpc.php HTTP/1.1" 200 413
178.128.20.164 - - [16/Apr/2023:03:30:22 -0500] "POST /portaldeninos//xmlrpc.php HTTP/1.1" 200 413
178.128.20.164 - - [16/Apr/2023:03:30:22 -0500] "POST /portaldeninos//xmlrpc.php HTTP/1.1" 200 413
178.128.20.164 - - [16/Apr/2023:03:30:23 -0500] "POST /portaldeninos//xmlrpc.php HTTP/1.1" 200 413
178.128.20.164 - - [16/Apr/2023:03:30:24 -0500] "POST /portaldeninos//xmlrpc.php HTTP/1.1" 200 413
178.128.20.164 - - [16/Apr/2023:03:30:24 -0500] "POST /portaldeninos//xmlrpc.php HTTP/1.1" 200 413
178.128.20.164 - - [16/Apr/2023:03:30:25 -0500] "POST /portaldeninos//xmlrpc.php HTTP/1.1" 200 413
178.128.20.164 - - [16/Apr/2023:03:30:26 -0500] "POST /portaldeninos//xmlrpc.php HTTP/1.1" 200 413
178.128.20.164 - - [16/Apr/2023:03:30:26 -0500] "POST /portaldeninos//xmlrpc.php HTTP/1.1" 200 413
178.128.20.164 - - [16/Apr/2023:03:30:27 -0500] "POST /portaldeninos//xmlrpc.php HTTP/1.1" 200 413
178.128.20.164 - - [16/Apr/2023:03:30:28 -0500] "POST /portaldeninos//xmlrpc.php HTTP/1.1" 200 413
178.128.20.164 - - [16/Apr/2023:03:30:28 -0500] "POST /portaldeninos//xmlrpc.php HTTP/1.1" 200 413
178.128.20.164 - - [16/Apr/2023:03:30:29 -0500] "POST /portaldeninos//xmlrpc.php HTTP/1.1" 200 413
178.128.20.164 - - [16/Apr/2023:03:30:30 -0500] "POST /portaldeninos//xmlrpc.php HTTP/1.1" 200 413
178.128.20.164 - - [16/Apr/2023:03:30:30 -0500] "POST /portaldeninos//xmlrpc.php HTTP/1.1" 200 413
178.128.20.164 - - [16/Apr/2023:03:30:31 -0500] "POST /portaldeninos//xmlrpc.php HTTP/1.1" 200 413
