201.245.250.177 - - [16/Apr/2023:11:12:00 -0500] "POST /sipse/faces/bienvenido.xhtml HTTP/1.1" 200 1471
201.245.250.177 - - [16/Apr/2023:11:12:02 -0500] "POST /sipse/faces/bienvenido.xhtml HTTP/1.1" 200 62046
201.245.250.177 - - [16/Apr/2023:11:12:02 -0500] "GET /sipse/faces/javax.faces.resource/theme.css?ln=primefaces-sipse HTTP/1.1" 304 -
201.245.250.177 - - [16/Apr/2023:11:12:02 -0500] "GET /sipse/faces/javax.faces.resource/primefaces.css?ln=primefaces&v=4.0 HTTP/1.1" 304 -
201.245.250.177 - - [16/Apr/2023:11:12:02 -0500] "GET /sipse/faces/javax.faces.resource/layout/layout.css?ln=primefaces&v=4.0 HTTP/1.1" 304 -
201.245.250.177 - - [16/Apr/2023:11:12:02 -0500] "GET /sipse/faces/javax.faces.resource/jquery/jquery.js?ln=primefaces&v=4.0 HTTP/1.1" 304 -
201.245.250.177 - - [16/Apr/2023:11:12:02 -0500] "GET /sipse/faces/javax.faces.resource/jquery/jquery-plugins.js?ln=primefaces&v=4.0 HTTP/1.1" 304 -
201.245.250.177 - - [16/Apr/2023:11:12:02 -0500] "GET /sipse/faces/javax.faces.resource/primefaces.js?ln=primefaces&v=4.0 HTTP/1.1" 304 -
201.245.250.177 - - [16/Apr/2023:11:12:02 -0500] "GET /sipse/faces/javax.faces.resource/layout/layout.js?ln=primefaces&v=4.0 HTTP/1.1" 304 -
201.245.250.177 - - [16/Apr/2023:11:12:02 -0500] "POST /sipse/faces/presentacion/financiero/solicitudProceso/listarSolicitudProceso.xhtml HTTP/1.1" 200 1560
201.245.250.177 - - [16/Apr/2023:11:12:05 -0500] "POST /sipse/faces/presentacion/financiero/solicitudProceso/listarSolicitudProceso.xhtml HTTP/1.1" 200 2249
201.245.250.177 - - [16/Apr/2023:11:12:06 -0500] "POST /sipse/faces/presentacion/financiero/solicitudProceso/listarSolicitudProceso.xhtml HTTP/1.1" 200 38990
201.245.250.177 - - [16/Apr/2023:11:12:06 -0500] "GET /sipse/faces/javax.faces.resource/primefaces.css?ln=primefaces&v=4.0 HTTP/1.1" 304 -
201.245.250.177 - - [16/Apr/2023:11:12:06 -0500] "GET /sipse/faces/javax.faces.resource/theme.css?ln=primefaces-sipse HTTP/1.1" 304 -
201.245.250.177 - - [16/Apr/2023:11:12:06 -0500] "GET /sipse/faces/javax.faces.resource/layout/layout.css?ln=primefaces&v=4.0 HTTP/1.1" 304 -
201.245.250.177 - - [16/Apr/2023:11:12:06 -0500] "GET /sipse/faces/javax.faces.resource/jquery/jquery.js?ln=primefaces&v=4.0 HTTP/1.1" 304 -
201.245.250.177 - - [16/Apr/2023:11:12:06 -0500] "GET /sipse/faces/javax.faces.resource/jquery/jquery-plugins.js?ln=primefaces&v=4.0 HTTP/1.1" 304 -
201.245.250.177 - - [16/Apr/2023:11:12:06 -0500] "GET /sipse/faces/javax.faces.resource/primefaces.js?ln=primefaces&v=4.0 HTTP/1.1" 304 -
201.245.250.177 - - [16/Apr/2023:11:12:06 -0500] "GET /sipse/faces/javax.faces.resource/layout/layout.js?ln=primefaces&v=4.0 HTTP/1.1" 304 -
201.245.250.177 - - [16/Apr/2023:11:12:06 -0500] "POST /sipse/faces/presentacion/financiero/solicitudProceso/consultar.xhtml HTTP/1.1" 200 32349
201.245.250.177 - - [16/Apr/2023:11:12:09 -0500] "POST /sipse/faces/presentacion/financiero/solicitudProceso/consultar.xhtml HTTP/1.1" 200 12979
201.245.192.253 - - [16/Apr/2023:11:12:10 -0500] "POST /kwsrmcab/Wsrmcab  HTTP/1.1" 200 43322
201.245.250.177 - - [16/Apr/2023:11:12:12 -0500] "POST /sipse/faces/presentacion/financiero/solicitudProceso/consultar.xhtml HTTP/1.1" 200 154958
201.245.250.177 - - [16/Apr/2023:11:12:13 -0500] "GET /sipse/faces/javax.faces.resource/theme.css?ln=primefaces-sipse HTTP/1.1" 304 -
201.245.250.177 - - [16/Apr/2023:11:12:13 -0500] "GET /sipse/faces/javax.faces.resource/primefaces.css?ln=primefaces&v=4.0 HTTP/1.1" 304 -
201.245.250.177 - - [16/Apr/2023:11:12:13 -0500] "GET /sipse/faces/javax.faces.resource/layout/layout.css?ln=primefaces&v=4.0 HTTP/1.1" 304 -
201.245.250.177 - - [16/Apr/2023:11:12:13 -0500] "GET /sipse/faces/javax.faces.resource/jquery/jquery.js?ln=primefaces&v=4.0 HTTP/1.1" 304 -
201.245.250.177 - - [16/Apr/2023:11:12:13 -0500] "GET /sipse/faces/javax.faces.resource/jquery/jquery-plugins.js?ln=primefaces&v=4.0 HTTP/1.1" 304 -
201.245.250.177 - - [16/Apr/2023:11:12:13 -0500] "GET /sipse/faces/javax.faces.resource/primefaces.js?ln=primefaces&v=4.0 HTTP/1.1" 304 -
201.245.250.177 - - [16/Apr/2023:11:12:13 -0500] "GET /sipse/faces/javax.faces.resource/layout/layout.js?ln=primefaces&v=4.0 HTTP/1.1" 304 -
201.245.250.177 - - [16/Apr/2023:11:12:25 -0500] "POST /sipse/faces/presentacion/financiero/solicitudProceso/consultarSolicitudProceso.xhtml HTTP/1.1" 200 76253
201.245.250.177 - - [16/Apr/2023:11:12:27 -0500] "POST /sipse/faces/presentacion/financiero/solicitudProceso/consultarSolicitudProceso.xhtml HTTP/1.1" 200 139233
52.167.144.37 - - [16/Apr/2023:11:12:38 -0500] "GET /portaldeninos/?s= HTTP/1.1" 200 85920
66.249.70.170 - - [16/Apr/2023:11:12:50 -0500] "-" 408 -
40.77.167.240 - - [16/Apr/2023:11:12:58 -0500] "GET /portaldeninos/wp-content/themes/betheme/fonts/mfn-icons.ttf?93978679 HTTP/1.1" 200 124684
172.22.2.4 - - [16/Apr/2023:11:12:15 -0500] "HEAD /BLA/boletinlegal/ HTTP/1.1" 200 -
172.22.2.4 - - [16/Apr/2023:11:13:05 -0500] "GET /BLA/boletinlegal/ HTTP/1.1" 200 59306
216.245.221.92 - - [16/Apr/2023:11:15:40 -0500] "HEAD / HTTP/1.1" 200 -
201.245.250.177 - - [16/Apr/2023:11:15:50 -0500] "GET /sipse/faces/javax.faces.resource/layout/layout.css?ln=primefaces&v=4.0 HTTP/1.1" 304 -
201.245.250.177 - - [16/Apr/2023:11:15:50 -0500] "GET /sipse/faces/javax.faces.resource/primefaces.css?ln=primefaces&v=4.0 HTTP/1.1" 304 -
201.245.250.177 - - [16/Apr/2023:11:15:50 -0500] "GET /sipse/faces/javax.faces.resource/jquery/jquery.js?ln=primefaces&v=4.0 HTTP/1.1" 304 -
201.245.250.177 - - [16/Apr/2023:11:15:50 -0500] "GET /sipse/faces/javax.faces.resource/theme.css?ln=primefaces-sipse HTTP/1.1" 304 -
201.245.250.177 - - [16/Apr/2023:11:15:49 -0500] "POST /sipse/faces/presentacion/financiero/solicitudProceso/consultarSolicitudProceso.xhtml HTTP/1.1" 200 45674
201.245.250.177 - - [16/Apr/2023:11:15:50 -0500] "GET /sipse/faces/javax.faces.resource/jquery/jquery-plugins.js?ln=primefaces&v=4.0 HTTP/1.1" 304 -
201.245.250.177 - - [16/Apr/2023:11:15:50 -0500] "GET /sipse/faces/javax.faces.resource/primefaces.js?ln=primefaces&v=4.0 HTTP/1.1" 304 -
201.245.250.177 - - [16/Apr/2023:11:15:50 -0500] "GET /sipse/faces/javax.faces.resource/layout/layout.js?ln=primefaces&v=4.0 HTTP/1.1" 304 -
201.245.250.177 - - [16/Apr/2023:11:15:50 -0500] "GET /sipse/faces/javax.faces.resource/images/ui-icons_898989_256x240.png?ln=primefaces-aristo HTTP/1.1" 304 -
201.245.250.177 - - [16/Apr/2023:11:15:50 -0500] "GET /sipse/css/imagen/contrasena.png HTTP/1.1" 404 383
201.245.250.177 - - [16/Apr/2023:11:15:54 -0500] "GET /sipse/faces/javax.faces.resource/images/ui-bg_flat_0_2d5972_40x100.png?ln=primefaces-aristo HTTP/1.1" 304 -
201.245.250.177 - - [16/Apr/2023:11:15:54 -0500] "POST /sipse/faces/presentacion/financiero/solicitudProceso/consultar.xhtml HTTP/1.1" 200 12880
201.245.250.177 - - [16/Apr/2023:11:15:57 -0500] "POST /sipse/faces/presentacion/financiero/solicitudProceso/consultar.xhtml HTTP/1.1" 200 162105
201.245.250.177 - - [16/Apr/2023:11:15:58 -0500] "GET /sipse/faces/javax.faces.resource/layout/layout.css?ln=primefaces&v=4.0 HTTP/1.1" 304 -
201.245.250.177 - - [16/Apr/2023:11:15:58 -0500] "GET /sipse/faces/javax.faces.resource/theme.css?ln=primefaces-sipse HTTP/1.1" 304 -
201.245.250.177 - - [16/Apr/2023:11:15:58 -0500] "GET /sipse/faces/javax.faces.resource/primefaces.css?ln=primefaces&v=4.0 HTTP/1.1" 304 -
201.245.250.177 - - [16/Apr/2023:11:15:58 -0500] "GET /sipse/faces/javax.faces.resource/jquery/jquery.js?ln=primefaces&v=4.0 HTTP/1.1" 304 -
201.245.250.177 - - [16/Apr/2023:11:15:58 -0500] "GET /sipse/faces/javax.faces.resource/jquery/jquery-plugins.js?ln=primefaces&v=4.0 HTTP/1.1" 304 -
201.245.250.177 - - [16/Apr/2023:11:15:58 -0500] "GET /sipse/faces/javax.faces.resource/primefaces.js?ln=primefaces&v=4.0 HTTP/1.1" 304 -
201.245.250.177 - - [16/Apr/2023:11:15:58 -0500] "GET /sipse/faces/javax.faces.resource/layout/layout.js?ln=primefaces&v=4.0 HTTP/1.1" 304 -
201.245.250.177 - - [16/Apr/2023:11:16:29 -0500] "POST /sipse/faces/presentacion/financiero/solicitudProceso/consultarSolicitudProceso.xhtml HTTP/1.1" 200 653275
201.245.192.253 - - [16/Apr/2023:11:17:09 -0500] "POST /kwsrmcab/Wsrmcab  HTTP/1.1" 200 43322
201.245.192.253 - - [16/Apr/2023:11:19:23 -0500] "POST /kwsrmcab/Wsrmcab HTTP/1.1" 200 40859
201.245.192.253 - - [16/Apr/2023:11:19:25 -0500] "POST /kwsrmcab/Wsrmcab HTTP/1.1" 200 39963
172.22.2.4 - - [16/Apr/2023:11:18:05 -0500] "HEAD /BLA/boletinlegal/ HTTP/1.1" 200 -
172.22.2.4 - - [16/Apr/2023:11:18:55 -0500] "GET /BLA/boletinlegal/ HTTP/1.1" 200 57561
216.245.221.92 - - [16/Apr/2023:11:20:40 -0500] "HEAD / HTTP/1.1" 200 -
201.245.250.177 - - [16/Apr/2023:11:20:53 -0500] "POST /sipse/faces/presentacion/financiero/solicitudProceso/consultarSolicitudProceso.xhtml HTTP/1.1" 200 45575
201.245.250.177 - - [16/Apr/2023:11:20:53 -0500] "GET /sipse/faces/javax.faces.resource/primefaces.css?ln=primefaces&v=4.0 HTTP/1.1" 304 -
201.245.250.177 - - [16/Apr/2023:11:20:53 -0500] "GET /sipse/faces/javax.faces.resource/theme.css?ln=primefaces-sipse HTTP/1.1" 304 -
201.245.250.177 - - [16/Apr/2023:11:20:53 -0500] "GET /sipse/faces/javax.faces.resource/layout/layout.css?ln=primefaces&v=4.0 HTTP/1.1" 304 -
201.245.250.177 - - [16/Apr/2023:11:20:53 -0500] "GET /sipse/faces/javax.faces.resource/jquery/jquery.js?ln=primefaces&v=4.0 HTTP/1.1" 304 -
201.245.250.177 - - [16/Apr/2023:11:20:53 -0500] "GET /sipse/faces/javax.faces.resource/primefaces.js?ln=primefaces&v=4.0 HTTP/1.1" 304 -
201.245.250.177 - - [16/Apr/2023:11:20:53 -0500] "GET /sipse/faces/javax.faces.resource/jquery/jquery-plugins.js?ln=primefaces&v=4.0 HTTP/1.1" 304 -
201.245.250.177 - - [16/Apr/2023:11:20:53 -0500] "GET /sipse/faces/javax.faces.resource/layout/layout.js?ln=primefaces&v=4.0 HTTP/1.1" 304 -
201.245.250.177 - - [16/Apr/2023:11:20:53 -0500] "GET /sipse/faces/javax.faces.resource/images/ui-icons_898989_256x240.png?ln=primefaces-aristo HTTP/1.1" 304 -
201.245.250.177 - - [16/Apr/2023:11:20:53 -0500] "GET /sipse/css/imagen/contrasena.png HTTP/1.1" 404 383
201.245.250.177 - - [16/Apr/2023:11:20:58 -0500] "GET /sipse/faces/javax.faces.resource/images/ui-bg_flat_0_2d5972_40x100.png?ln=primefaces-aristo HTTP/1.1" 304 -
201.245.250.177 - - [16/Apr/2023:11:20:58 -0500] "POST /sipse/faces/presentacion/financiero/solicitudProceso/consultar.xhtml HTTP/1.1" 200 12773
201.245.250.177 - - [16/Apr/2023:11:21:02 -0500] "POST /sipse/faces/presentacion/financiero/solicitudProceso/consultar.xhtml HTTP/1.1" 200 149121
201.245.250.177 - - [16/Apr/2023:11:21:03 -0500] "GET /sipse/faces/javax.faces.resource/theme.css?ln=primefaces-sipse HTTP/1.1" 304 -
201.245.250.177 - - [16/Apr/2023:11:21:03 -0500] "GET /sipse/faces/javax.faces.resource/primefaces.css?ln=primefaces&v=4.0 HTTP/1.1" 304 -
201.245.250.177 - - [16/Apr/2023:11:21:03 -0500] "GET /sipse/faces/javax.faces.resource/layout/layout.css?ln=primefaces&v=4.0 HTTP/1.1" 304 -
201.245.250.177 - - [16/Apr/2023:11:21:03 -0500] "GET /sipse/faces/javax.faces.resource/jquery/jquery.js?ln=primefaces&v=4.0 HTTP/1.1" 304 -
201.245.250.177 - - [16/Apr/2023:11:21:03 -0500] "GET /sipse/faces/javax.faces.resource/jquery/jquery-plugins.js?ln=primefaces&v=4.0 HTTP/1.1" 304 -
201.245.250.177 - - [16/Apr/2023:11:21:03 -0500] "GET /sipse/faces/javax.faces.resource/primefaces.js?ln=primefaces&v=4.0 HTTP/1.1" 304 -
201.245.250.177 - - [16/Apr/2023:11:21:03 -0500] "GET /sipse/faces/javax.faces.resource/layout/layout.js?ln=primefaces&v=4.0 HTTP/1.1" 304 -
201.245.250.177 - - [16/Apr/2023:11:21:14 -0500] "POST /sipse/faces/presentacion/financiero/solicitudProceso/consultarSolicitudProceso.xhtml HTTP/1.1" 200 325829
201.245.250.177 - - [16/Apr/2023:11:21:22 -0500] "POST /sipse/faces/presentacion/financiero/solicitudProceso/consultarSolicitudProceso.xhtml HTTP/1.1" 200 457922
201.245.192.253 - - [16/Apr/2023:11:22:07 -0500] "POST /kwsrmcab/Wsrmcab  HTTP/1.1" 200 43322
172.22.2.4 - - [16/Apr/2023:11:23:48 -0500] "GET /BLA/boletinlegal/robots.txt HTTP/1.1" 404 1037
172.22.2.4 - - [16/Apr/2023:11:23:48 -0500] "GET /BLA/boletinlegal/ HTTP/1.1" 200 53114
172.22.2.4 - - [16/Apr/2023:11:23:55 -0500] "HEAD /BLA/boletinlegal/ HTTP/1.1" 200 -
216.245.221.92 - - [16/Apr/2023:11:25:40 -0500] "HEAD / HTTP/1.1" 200 -
172.22.2.4 - - [16/Apr/2023:11:24:45 -0500] "GET /BLA/boletinlegal/ HTTP/1.1" 200 55221
201.245.192.253 - - [16/Apr/2023:11:27:06 -0500] "POST /kwsrmcab/Wsrmcab  HTTP/1.1" 200 43322
201.245.250.177 - - [16/Apr/2023:11:27:47 -0500] "POST /sipse/faces/presentacion/financiero/solicitudProceso/consultarSolicitudProceso.xhtml HTTP/1.1" 200 45468
201.245.250.177 - - [16/Apr/2023:11:27:47 -0500] "GET /sipse/faces/javax.faces.resource/primefaces.css?ln=primefaces&v=4.0 HTTP/1.1" 304 -
201.245.250.177 - - [16/Apr/2023:11:27:47 -0500] "GET /sipse/faces/javax.faces.resource/theme.css?ln=primefaces-sipse HTTP/1.1" 304 -
201.245.250.177 - - [16/Apr/2023:11:27:47 -0500] "GET /sipse/faces/javax.faces.resource/layout/layout.css?ln=primefaces&v=4.0 HTTP/1.1" 304 -
201.245.250.177 - - [16/Apr/2023:11:27:47 -0500] "GET /sipse/faces/javax.faces.resource/jquery/jquery-plugins.js?ln=primefaces&v=4.0 HTTP/1.1" 304 -
201.245.250.177 - - [16/Apr/2023:11:27:47 -0500] "GET /sipse/faces/javax.faces.resource/jquery/jquery.js?ln=primefaces&v=4.0 HTTP/1.1" 304 -
201.245.250.177 - - [16/Apr/2023:11:27:47 -0500] "GET /sipse/faces/javax.faces.resource/primefaces.js?ln=primefaces&v=4.0 HTTP/1.1" 304 -
201.245.250.177 - - [16/Apr/2023:11:27:47 -0500] "GET /sipse/faces/javax.faces.resource/layout/layout.js?ln=primefaces&v=4.0 HTTP/1.1" 304 -
201.245.250.177 - - [16/Apr/2023:11:27:47 -0500] "GET /sipse/css/imagen/contrasena.png HTTP/1.1" 404 383
201.245.250.177 - - [16/Apr/2023:11:27:47 -0500] "GET /sipse/faces/javax.faces.resource/images/ui-icons_898989_256x240.png?ln=primefaces-aristo HTTP/1.1" 304 -
186.99.148.251 - - [16/Apr/2023:11:27:48 -0500] "GET /mujeres-que-reverdecen-secretaria-de-ambiente-anuncia-el-inicio-de-la-tercera-fase.html HTTP/1.1" 200 954
201.245.250.177 - - [16/Apr/2023:11:27:50 -0500] "GET /sipse/faces/javax.faces.resource/images/ui-bg_flat_0_2d5972_40x100.png?ln=primefaces-aristo HTTP/1.1" 304 -
201.245.250.177 - - [16/Apr/2023:11:27:50 -0500] "POST /sipse/faces/presentacion/financiero/solicitudProceso/consultar.xhtml HTTP/1.1" 200 12863
201.245.250.177 - - [16/Apr/2023:11:27:53 -0500] "POST /sipse/faces/presentacion/financiero/solicitudProceso/consultar.xhtml HTTP/1.1" 200 160645
201.245.250.177 - - [16/Apr/2023:11:27:54 -0500] "GET /sipse/faces/javax.faces.resource/primefaces.css?ln=primefaces&v=4.0 HTTP/1.1" 304 -
201.245.250.177 - - [16/Apr/2023:11:27:54 -0500] "GET /sipse/faces/javax.faces.resource/theme.css?ln=primefaces-sipse HTTP/1.1" 304 -
201.245.250.177 - - [16/Apr/2023:11:27:54 -0500] "GET /sipse/faces/javax.faces.resource/layout/layout.css?ln=primefaces&v=4.0 HTTP/1.1" 304 -
201.245.250.177 - - [16/Apr/2023:11:27:54 -0500] "GET /sipse/faces/javax.faces.resource/jquery/jquery.js?ln=primefaces&v=4.0 HTTP/1.1" 304 -
201.245.250.177 - - [16/Apr/2023:11:27:54 -0500] "GET /sipse/faces/javax.faces.resource/jquery/jquery-plugins.js?ln=primefaces&v=4.0 HTTP/1.1" 304 -
201.245.250.177 - - [16/Apr/2023:11:27:54 -0500] "GET /sipse/faces/javax.faces.resource/primefaces.js?ln=primefaces&v=4.0 HTTP/1.1" 304 -
201.245.250.177 - - [16/Apr/2023:11:27:54 -0500] "GET /sipse/faces/javax.faces.resource/layout/layout.js?ln=primefaces&v=4.0 HTTP/1.1" 304 -
201.245.250.177 - - [16/Apr/2023:11:28:00 -0500] "POST /sipse/faces/presentacion/financiero/solicitudProceso/consultarSolicitudProceso.xhtml HTTP/1.1" 200 363814
201.245.250.177 - - [16/Apr/2023:11:28:02 -0500] "POST /sipse/faces/presentacion/financiero/solicitudProceso/consultarSolicitudProceso.xhtml HTTP/1.1" 200 834916
186.155.15.56 - - [16/Apr/2023:11:28:48 -0500] "GET /BLA/resoluciones/index.php?dir=AUTOS+2016%2F HTTP/1.1" 200 329340
201.245.192.253 - - [16/Apr/2023:11:29:22 -0500] "POST /kwsrmcab/Wsrmcab HTTP/1.1" 200 40859
201.245.192.253 - - [16/Apr/2023:11:29:25 -0500] "POST /kwsrmcab/Wsrmcab HTTP/1.1" 200 39963
170.64.134.120 - - [16/Apr/2023:11:29:46 -0500] "GET /aaa9 HTTP/1.1" 404 1018
170.64.134.120 - - [16/Apr/2023:11:30:10 -0500] "GET /aab8 HTTP/1.1" 404 1018
170.64.134.120 - - [16/Apr/2023:11:30:26 -0500] "GET / HTTP/1.1" 200 319
216.245.221.92 - - [16/Apr/2023:11:30:40 -0500] "HEAD / HTTP/1.1" 200 -
172.22.2.4 - - [16/Apr/2023:11:29:45 -0500] "HEAD /BLA/boletinlegal/ HTTP/1.1" 200 -
201.245.192.253 - - [16/Apr/2023:11:32:05 -0500] "POST /kwsrmcab/Wsrmcab  HTTP/1.1" 200 43322
172.22.2.4 - - [16/Apr/2023:11:30:35 -0500] "GET /BLA/boletinlegal/ HTTP/1.1" 200 59306
157.55.39.207 - - [16/Apr/2023:11:32:39 -0500] "GET /sipse/faces/presentacion/sistema/anexos/cargarAnexoSolicitudProceso.xhtml HTTP/1.1" 302 -
157.55.39.207 - - [16/Apr/2023:11:32:40 -0500] "GET /sipse/faces/autenticacion.xhtml HTTP/1.1" 200 12171
201.245.250.177 - - [16/Apr/2023:11:33:26 -0500] "POST /sipse/faces/presentacion/financiero/solicitudProceso/consultarSolicitudProceso.xhtml HTTP/1.1" 200 45558
201.245.250.177 - - [16/Apr/2023:11:33:26 -0500] "GET /sipse/faces/javax.faces.resource/theme.css?ln=primefaces-sipse HTTP/1.1" 304 -
201.245.250.177 - - [16/Apr/2023:11:33:26 -0500] "GET /sipse/faces/javax.faces.resource/primefaces.css?ln=primefaces&v=4.0 HTTP/1.1" 304 -
201.245.250.177 - - [16/Apr/2023:11:33:26 -0500] "GET /sipse/faces/javax.faces.resource/layout/layout.js?ln=primefaces&v=4.0 HTTP/1.1" 304 -
201.245.250.177 - - [16/Apr/2023:11:33:26 -0500] "GET /sipse/faces/javax.faces.resource/jquery/jquery-plugins.js?ln=primefaces&v=4.0 HTTP/1.1" 304 -
201.245.250.177 - - [16/Apr/2023:11:33:26 -0500] "GET /sipse/faces/javax.faces.resource/jquery/jquery.js?ln=primefaces&v=4.0 HTTP/1.1" 304 -
201.245.250.177 - - [16/Apr/2023:11:33:26 -0500] "GET /sipse/faces/javax.faces.resource/primefaces.js?ln=primefaces&v=4.0 HTTP/1.1" 304 -
201.245.250.177 - - [16/Apr/2023:11:33:26 -0500] "GET /sipse/faces/javax.faces.resource/layout/layout.css?ln=primefaces&v=4.0 HTTP/1.1" 304 -
201.245.250.177 - - [16/Apr/2023:11:33:26 -0500] "GET /sipse/css/imagen/contrasena.png HTTP/1.1" 404 383
201.245.250.177 - - [16/Apr/2023:11:33:26 -0500] "GET /sipse/faces/javax.faces.resource/images/ui-icons_898989_256x240.png?ln=primefaces-aristo HTTP/1.1" 304 -
201.245.250.177 - - [16/Apr/2023:11:33:29 -0500] "GET /sipse/faces/javax.faces.resource/images/ui-bg_flat_0_2d5972_40x100.png?ln=primefaces-aristo HTTP/1.1" 304 -
201.245.250.177 - - [16/Apr/2023:11:33:29 -0500] "POST /sipse/faces/presentacion/financiero/solicitudProceso/consultar.xhtml HTTP/1.1" 200 12855
201.245.250.177 - - [16/Apr/2023:11:33:32 -0500] "POST /sipse/faces/presentacion/financiero/solicitudProceso/consultar.xhtml HTTP/1.1" 200 150764
201.245.250.177 - - [16/Apr/2023:11:33:32 -0500] "GET /sipse/faces/javax.faces.resource/layout/layout.css?ln=primefaces&v=4.0 HTTP/1.1" 304 -
201.245.250.177 - - [16/Apr/2023:11:33:32 -0500] "GET /sipse/faces/javax.faces.resource/primefaces.css?ln=primefaces&v=4.0 HTTP/1.1" 304 -
201.245.250.177 - - [16/Apr/2023:11:33:32 -0500] "GET /sipse/faces/javax.faces.resource/theme.css?ln=primefaces-sipse HTTP/1.1" 304 -
201.245.250.177 - - [16/Apr/2023:11:33:32 -0500] "GET /sipse/faces/javax.faces.resource/jquery/jquery.js?ln=primefaces&v=4.0 HTTP/1.1" 304 -
201.245.250.177 - - [16/Apr/2023:11:33:32 -0500] "GET /sipse/faces/javax.faces.resource/jquery/jquery-plugins.js?ln=primefaces&v=4.0 HTTP/1.1" 304 -
201.245.250.177 - - [16/Apr/2023:11:33:32 -0500] "GET /sipse/faces/javax.faces.resource/primefaces.js?ln=primefaces&v=4.0 HTTP/1.1" 304 -
201.245.250.177 - - [16/Apr/2023:11:33:32 -0500] "GET /sipse/faces/javax.faces.resource/layout/layout.js?ln=primefaces&v=4.0 HTTP/1.1" 304 -
201.245.250.177 - - [16/Apr/2023:11:33:38 -0500] "POST /sipse/faces/presentacion/financiero/solicitudProceso/consultarSolicitudProceso.xhtml HTTP/1.1" 200 130038
201.245.250.177 - - [16/Apr/2023:11:33:43 -0500] "POST /sipse/faces/presentacion/financiero/solicitudProceso/consultarSolicitudProceso.xhtml HTTP/1.1" 200 569834
54.144.102.151 - - [16/Apr/2023:11:35:36 -0500] "GET /galeria/galeria/fotos/Humedal-Tibanica3P.jpg HTTP/1.1" 200 28016
216.245.221.92 - - [16/Apr/2023:11:35:40 -0500] "HEAD / HTTP/1.1" 200 -
172.22.2.4 - - [16/Apr/2023:11:36:41 -0500] "GET /BLA/boletinlegal/styles2.css HTTP/1.1" 200 1838
172.22.2.4 - - [16/Apr/2023:11:36:41 -0500] "GET /BLA/boletinlegal/style.css HTTP/1.1" 200 9406
172.22.2.4 - - [16/Apr/2023:11:36:41 -0500] "GET /BLA/boletinlegal/js/jquery.js HTTP/1.1" 200 57254
172.22.2.4 - - [16/Apr/2023:11:36:41 -0500] "GET /BLA/boletinlegal/js/jquery.scrollTo-min.js HTTP/1.1" 200 1150
172.22.2.4 - - [16/Apr/2023:11:36:41 -0500] "GET /BLA/boletinlegal/js/jquery.scrollShow.js HTTP/1.1" 200 4586
172.22.2.4 - - [16/Apr/2023:11:36:41 -0500] "GET /BLA/boletinlegal/images/registro-usuarios.png HTTP/1.1" 200 8106
172.22.2.4 - - [16/Apr/2023:11:36:41 -0500] "GET /BLA/boletinlegal/images/historia.png HTTP/1.1" 200 52775
172.22.2.4 - - [16/Apr/2023:11:36:41 -0500] "GET /BLA/boletinlegal/images/launch.jpg HTTP/1.1" 200 14577
172.22.2.4 - - [16/Apr/2023:11:36:41 -0500] "GET /BLA/boletinlegal/images/subscribe-icon-big.png HTTP/1.1" 200 47702
172.22.2.4 - - [16/Apr/2023:11:36:41 -0500] "GET /BLA/boletinlegal/images/cabezote%20BLEGAL.jpg HTTP/1.1" 200 118164
172.22.2.4 - - [16/Apr/2023:11:36:41 -0500] "GET /BLA/boletinlegal/images/body_bg.jpg HTTP/1.1" 200 1601
172.22.2.4 - - [16/Apr/2023:11:36:41 -0500] "GET /BLA/boletinlegal/images/menu_lft.gif HTTP/1.1" 200 1713
172.22.2.4 - - [16/Apr/2023:11:36:41 -0500] "GET /BLA/boletinlegal/images/menu_rght.gif HTTP/1.1" 200 1627
172.22.2.4 - - [16/Apr/2023:11:36:41 -0500] "GET /BLA/boletinlegal/images/bg_top.jpg HTTP/1.1" 200 522
172.22.2.4 - - [16/Apr/2023:11:36:41 -0500] "GET /BLA/boletinlegal/images/menu_bg.jpg HTTP/1.1" 200 620
172.22.2.4 - - [16/Apr/2023:11:36:41 -0500] "GET /BLA/boletinlegal/images/arr_l.jpg HTTP/1.1" 200 1979
172.22.2.4 - - [16/Apr/2023:11:36:41 -0500] "GET /BLA/boletinlegal/images/hover.jpg HTTP/1.1" 200 640
172.22.2.4 - - [16/Apr/2023:11:36:41 -0500] "GET /BLA/boletinlegal/images/screen_1.png HTTP/1.1" 200 202547
172.22.2.4 - - [16/Apr/2023:11:36:41 -0500] "GET /BLA/boletinlegal/images/text.jpg HTTP/1.1" 200 568
172.22.2.4 - - [16/Apr/2023:11:36:42 -0500] "GET /BLA/boletinlegal/favicon.ico HTTP/1.1" 404 1212
172.22.2.4 - - [16/Apr/2023:11:36:42 -0500] "GET /BLA/boletinlegal/actos.php HTTP/1.1" 200 9682
172.22.2.4 - - [16/Apr/2023:11:36:43 -0500] "GET /BLA/boletinlegal/js/ajax_actos.js HTTP/1.1" 200 1322
172.22.2.4 - - [16/Apr/2023:11:36:43 -0500] "GET /BLA/boletinlegal/niceforms.js HTTP/1.1" 200 22876
172.22.2.4 - - [16/Apr/2023:11:36:43 -0500] "GET /BLA/boletinlegal/niceforms-default.css HTTP/1.1" 200 6694
172.22.2.4 - - [16/Apr/2023:11:36:43 -0500] "GET /BLA/boletinlegal/js/lib.js HTTP/1.1" 200 6474
172.22.2.4 - - [16/Apr/2023:11:36:43 -0500] "GET /BLA/boletinlegal/js/popup.js HTTP/1.1" 200 1270
172.22.2.4 - - [16/Apr/2023:11:36:43 -0500] "GET /BLA/boletinlegal/js/jquery1.js HTTP/1.1" 200 29846
172.22.2.4 - - [16/Apr/2023:11:36:43 -0500] "GET /BLA/boletinlegal/images/tel.png HTTP/1.1" 200 14477
172.22.2.4 - - [16/Apr/2023:11:36:43 -0500] "GET /BLA/boletinlegal/images/green-yellow-blue-pink-th.png HTTP/1.1" 200 7394
172.22.2.4 - - [16/Apr/2023:11:36:43 -0500] "GET /BLA/boletinlegal/images/icono-email.png HTTP/1.1" 200 5544
172.22.2.4 - - [16/Apr/2023:11:36:43 -0500] "GET /BLA/boletinlegal/images/footer_bg_l.jpg HTTP/1.1" 200 776
172.22.2.4 - - [16/Apr/2023:11:36:43 -0500] "GET /BLA/boletinlegal/images/footer_bg.jpg HTTP/1.1" 200 586
172.22.2.4 - - [16/Apr/2023:11:36:43 -0500] "GET /BLA/boletinlegal/img/0.png HTTP/1.1" 200 110
172.22.2.4 - - [16/Apr/2023:11:36:43 -0500] "GET /BLA/boletinlegal/img/button.png HTTP/1.1" 200 43241
172.22.2.4 - - [16/Apr/2023:11:36:43 -0500] "GET /BLA/boletinlegal/img/button-left.png HTTP/1.1" 200 57071
172.22.2.4 - - [16/Apr/2023:11:36:43 -0500] "GET /BLA/boletinlegal/img/select-right.png HTTP/1.1" 200 44019
172.22.2.4 - - [16/Apr/2023:11:36:43 -0500] "GET /BLA/boletinlegal/img/select-left.png HTTP/1.1" 200 263
172.22.2.4 - - [16/Apr/2023:11:36:43 -0500] "GET /BLA/boletinlegal/img/button-right.png HTTP/1.1" 200 57878
186.80.52.163 - - [16/Apr/2023:11:36:45 -0500] "GET /BLA/resoluciones/ HTTP/1.1" 200 13502
186.80.52.163 - - [16/Apr/2023:11:36:45 -0500] "GET /BLA/resoluciones/dlf/styles.css HTTP/1.1" 200 3049
186.80.52.163 - - [16/Apr/2023:11:36:45 -0500] "GET /BLA/resoluciones/dlf/folder.png HTTP/1.1" 200 410
186.80.52.163 - - [16/Apr/2023:11:36:45 -0500] "GET /BLA/resoluciones/dlf/bg.gif HTTP/1.1" 200 54
186.80.52.163 - - [16/Apr/2023:11:36:48 -0500] "GET /BLA/resoluciones/dlf/dirup.png HTTP/1.1" 200 644
186.80.52.163 - - [16/Apr/2023:11:36:48 -0500] "GET /BLA/resoluciones/dlf/unknown.png HTTP/1.1" 200 266
186.80.52.163 - - [16/Apr/2023:11:36:48 -0500] "GET /BLA/resoluciones/dlf/pdf.gif HTTP/1.1" 200 272
186.80.52.163 - - [16/Apr/2023:11:36:48 -0500] "GET /BLA/resoluciones/index.php?dir=AUTOS+2021%2F HTTP/1.1" 200 397565
201.245.192.253 - - [16/Apr/2023:11:37:03 -0500] "POST /kwsrmcab/Wsrmcab  HTTP/1.1" 200 43322
172.22.2.4 - - [16/Apr/2023:11:37:13 -0500] "GET /BLA/boletinlegal/jurisprudencia/analisis/AnalisisT-146-16.docx HTTP/1.1" 200 23021
172.22.2.4 - - [16/Apr/2023:11:35:35 -0500] "HEAD /BLA/boletinlegal/ HTTP/1.1" 200 -
172.22.2.4 - - [16/Apr/2023:11:36:41 -0500] "GET /BLA/boletinlegal/ HTTP/1.1" 200 24523
172.22.2.4 - - [16/Apr/2023:11:36:25 -0500] "GET /BLA/boletinlegal/ HTTP/1.1" 200 54808
201.245.192.253 - - [16/Apr/2023:11:39:23 -0500] "POST /kwsrmcab/Wsrmcab HTTP/1.1" 200 40859
201.245.192.253 - - [16/Apr/2023:11:39:25 -0500] "POST /kwsrmcab/Wsrmcab HTTP/1.1" 200 39963
201.245.250.177 - - [16/Apr/2023:11:39:48 -0500] "POST /sipse/faces/presentacion/financiero/solicitudProceso/consultarSolicitudProceso.xhtml HTTP/1.1" 200 45550
201.245.250.177 - - [16/Apr/2023:11:39:48 -0500] "GET /sipse/faces/javax.faces.resource/layout/layout.css?ln=primefaces&v=4.0 HTTP/1.1" 304 -
201.245.250.177 - - [16/Apr/2023:11:39:48 -0500] "GET /sipse/faces/javax.faces.resource/primefaces.css?ln=primefaces&v=4.0 HTTP/1.1" 304 -
201.245.250.177 - - [16/Apr/2023:11:39:48 -0500] "GET /sipse/faces/javax.faces.resource/theme.css?ln=primefaces-sipse HTTP/1.1" 304 -
201.245.250.177 - - [16/Apr/2023:11:39:48 -0500] "GET /sipse/faces/javax.faces.resource/jquery/jquery.js?ln=primefaces&v=4.0 HTTP/1.1" 304 -
201.245.250.177 - - [16/Apr/2023:11:39:48 -0500] "GET /sipse/faces/javax.faces.resource/primefaces.js?ln=primefaces&v=4.0 HTTP/1.1" 304 -
201.245.250.177 - - [16/Apr/2023:11:39:48 -0500] "GET /sipse/faces/javax.faces.resource/jquery/jquery-plugins.js?ln=primefaces&v=4.0 HTTP/1.1" 304 -
201.245.250.177 - - [16/Apr/2023:11:39:48 -0500] "GET /sipse/faces/javax.faces.resource/layout/layout.js?ln=primefaces&v=4.0 HTTP/1.1" 304 -
201.245.250.177 - - [16/Apr/2023:11:39:48 -0500] "GET /sipse/css/imagen/contrasena.png HTTP/1.1" 404 383
201.245.250.177 - - [16/Apr/2023:11:39:48 -0500] "GET /sipse/faces/javax.faces.resource/images/ui-icons_898989_256x240.png?ln=primefaces-aristo HTTP/1.1" 304 -
201.245.250.177 - - [16/Apr/2023:11:39:51 -0500] "GET /sipse/faces/javax.faces.resource/images/ui-bg_flat_0_2d5972_40x100.png?ln=primefaces-aristo HTTP/1.1" 304 -
201.245.250.177 - - [16/Apr/2023:11:39:51 -0500] "POST /sipse/faces/presentacion/financiero/solicitudProceso/consultar.xhtml HTTP/1.1" 200 12824
201.245.250.177 - - [16/Apr/2023:11:39:54 -0500] "POST /sipse/faces/presentacion/financiero/solicitudProceso/consultar.xhtml HTTP/1.1" 200 150711
201.245.250.177 - - [16/Apr/2023:11:39:56 -0500] "GET /sipse/faces/javax.faces.resource/layout/layout.css?ln=primefaces&v=4.0 HTTP/1.1" 304 -
201.245.250.177 - - [16/Apr/2023:11:39:56 -0500] "GET /sipse/faces/javax.faces.resource/theme.css?ln=primefaces-sipse HTTP/1.1" 304 -
201.245.250.177 - - [16/Apr/2023:11:39:56 -0500] "GET /sipse/faces/javax.faces.resource/jquery/jquery.js?ln=primefaces&v=4.0 HTTP/1.1" 304 -
201.245.250.177 - - [16/Apr/2023:11:39:56 -0500] "GET /sipse/faces/javax.faces.resource/primefaces.css?ln=primefaces&v=4.0 HTTP/1.1" 304 -
201.245.250.177 - - [16/Apr/2023:11:39:56 -0500] "GET /sipse/faces/javax.faces.resource/jquery/jquery-plugins.js?ln=primefaces&v=4.0 HTTP/1.1" 304 -
201.245.250.177 - - [16/Apr/2023:11:39:56 -0500] "GET /sipse/faces/javax.faces.resource/primefaces.js?ln=primefaces&v=4.0 HTTP/1.1" 304 -
201.245.250.177 - - [16/Apr/2023:11:39:56 -0500] "GET /sipse/faces/javax.faces.resource/layout/layout.js?ln=primefaces&v=4.0 HTTP/1.1" 304 -
201.245.250.177 - - [16/Apr/2023:11:40:02 -0500] "POST /sipse/faces/presentacion/financiero/solicitudProceso/consultarSolicitudProceso.xhtml HTTP/1.1" 200 173181
201.245.250.177 - - [16/Apr/2023:11:40:05 -0500] "POST /sipse/faces/presentacion/financiero/solicitudProceso/consultarSolicitudProceso.xhtml HTTP/1.1" 200 632846
216.245.221.92 - - [16/Apr/2023:11:40:40 -0500] "HEAD / HTTP/1.1" 200 -
66.249.73.59 - - [16/Apr/2023:11:41:34 -0500] "-" 408 -
172.22.2.4 - - [16/Apr/2023:11:41:35 -0500] "GET /BLA/boletinlegal/actos.php HTTP/1.1" 200 9682
186.155.15.56 - - [16/Apr/2023:11:41:49 -0500] "GET /BLA/resoluciones/index.php?dir=AUTOS+2019%2F HTTP/1.1" 200 368087
201.245.192.253 - - [16/Apr/2023:11:42:02 -0500] "POST /kwsrmcab/Wsrmcab  HTTP/1.1" 200 43322
172.22.2.4 - - [16/Apr/2023:11:42:09 -0500] "GET /BLA/boletinlegal/actos.php HTTP/1.1" 200 9682
172.22.2.4 - - [16/Apr/2023:11:41:25 -0500] "HEAD /BLA/boletinlegal/ HTTP/1.1" 200 -
34.91.239.231 - - [16/Apr/2023:11:43:29 -0500] "GET /inventario-de-emisiones-2020-transporte-publico-sitp-redujo-emisiones-de-pm-2-5-en-un-37.html HTTP/1.1" 200 925
34.91.239.231 - - [16/Apr/2023:11:43:54 -0500] "GET /inventario-de-emisiones-2020-transporte-publico-sitp-redujo-emisiones-de-pm-2-5-en-un-37.html HTTP/1.1" 200 925
172.22.2.4 - - [16/Apr/2023:11:42:15 -0500] "GET /BLA/boletinlegal/ HTTP/1.1" 200 54808
172.22.2.4 - - [16/Apr/2023:11:44:12 -0500] "GET /BLA/boletinlegal/actos.php HTTP/1.1" 200 9682
34.147.70.184 - - [16/Apr/2023:11:44:20 -0500] "GET /inventario-de-emisiones-2020-transporte-publico-sitp-redujo-emisiones-de-pm-2-5-en-un-37.html HTTP/1.1" 200 925
173.252.79.116 - - [16/Apr/2023:11:45:20 -0500] "GET /images/reunion-planta-termovalorizacion-11-mayo.jpg HTTP/1.1" 200 34782
186.155.15.56 - - [16/Apr/2023:11:45:24 -0500] "GET /BLA/resoluciones/AUTOS%202019/2467.pdf HTTP/1.1" 200 522999
186.155.15.56 - - [16/Apr/2023:11:45:24 -0500] "GET /BLA/resoluciones/AUTOS%202019/2467.pdf HTTP/1.1" 206 1
186.155.15.56 - - [16/Apr/2023:11:45:24 -0500] "GET /BLA/resoluciones/AUTOS%202019/2467.pdf HTTP/1.1" 206 506471
216.245.221.92 - - [16/Apr/2023:11:45:40 -0500] "HEAD / HTTP/1.1" 200 -
172.22.2.4 - - [16/Apr/2023:11:46:25 -0500] "GET /BLA/boletinlegal/actos.php HTTP/1.1" 200 9682
172.22.2.4 - - [16/Apr/2023:11:46:26 -0500] "GET /BLA/boletinlegal/favicon.ico HTTP/1.1" 404 1326
172.22.2.4 - - [16/Apr/2023:11:46:27 -0500] "GET /BLA/boletinlegal/images/screen_2.png HTTP/1.1" 200 362502
172.22.2.4 - - [16/Apr/2023:11:46:27 -0500] "GET /BLA/boletinlegal/images/screen_3.png HTTP/1.1" 200 210620
172.22.2.4 - - [16/Apr/2023:11:46:27 -0500] "GET /BLA/boletinlegal/images/screen_5.png HTTP/1.1" 200 368876
172.22.2.4 - - [16/Apr/2023:11:46:27 -0500] "GET /BLA/boletinlegal/images/arr_r.jpg HTTP/1.1" 200 1998
190.25.26.165 - - [16/Apr/2023:11:46:28 -0500] "GET /BLA/resoluciones/ HTTP/1.1" 200 13502
172.22.2.4 - - [16/Apr/2023:11:46:29 -0500] "GET /BLA/boletinlegal/Circulares/2012/Circular%20No.%209%20del%2021%20de%20Agosto%20de%202012.pdf HTTP/1.1" 200 1402289
190.25.26.165 - - [16/Apr/2023:11:46:30 -0500] "GET /BLA/resoluciones/index.php?dir=AUTOS+2022%2F HTTP/1.1" 200 473234
172.22.2.4 - - [16/Apr/2023:11:46:35 -0500] "GET /BLA/boletinlegal/images/pdf.gif HTTP/1.1" 200 567
190.25.26.165 - - [16/Apr/2023:11:46:41 -0500] "GET /BLA/resoluciones/AUTOS%202022/3257.pdf HTTP/1.1" 200 409422
201.245.192.253 - - [16/Apr/2023:11:47:02 -0500] "POST /kwsrmcab/Wsrmcab  HTTP/1.1" 200 43322
34.147.12.168 - - [16/Apr/2023:11:47:05 -0500] "GET /inventario-de-emisiones-2020-transporte-publico-sitp-redujo-emisiones-de-pm-2-5-en-un-37.html HTTP/1.1" 200 925
172.22.2.4 - - [16/Apr/2023:11:47:32 -0500] "GET /BLA/boletinlegal/actos.php HTTP/1.1" 200 9682
172.22.2.4 - - [16/Apr/2023:11:46:20 -0500] "GET /BLA/boletinlegal/ HTTP/1.1" 200 58307
172.22.2.4 - - [16/Apr/2023:11:47:15 -0500] "HEAD /BLA/boletinlegal/ HTTP/1.1" 200 -
178.33.230.232 - - [16/Apr/2023:11:49:43 -0500] "GET /bogota-se-prepara-para-tres-fines-de-semana-de-adopciones.html HTTP/1.1" 200 821
172.22.2.4 - - [16/Apr/2023:11:48:05 -0500] "GET /BLA/boletinlegal/ HTTP/1.1" 200 56754
216.245.221.92 - - [16/Apr/2023:11:50:40 -0500] "HEAD / HTTP/1.1" 200 -
173.252.111.17 - - [16/Apr/2023:11:51:29 -0500] "GET /semana-santa-dias-y-horarios-para-visitar-el-camino-guadalupe-aguanoso.html HTTP/1.1" 206 943
201.245.192.253 - - [16/Apr/2023:11:52:01 -0500] "POST /kwsrmcab/Wsrmcab  HTTP/1.1" 200 43322
66.249.70.170 - - [16/Apr/2023:11:52:39 -0500] "-" 408 -
172.22.2.4 - - [16/Apr/2023:11:53:08 -0500] "GET /BLA/boletinlegal/actos.php HTTP/1.1" 200 9682
172.22.2.4 - - [16/Apr/2023:11:53:05 -0500] "HEAD /BLA/boletinlegal/ HTTP/1.1" 200 -
172.22.2.4 - - [16/Apr/2023:11:53:55 -0500] "GET /BLA/boletinlegal/ HTTP/1.1" 200 57151
216.245.221.92 - - [16/Apr/2023:11:55:40 -0500] "HEAD / HTTP/1.1" 200 -
201.245.192.253 - - [16/Apr/2023:11:57:02 -0500] "POST /kwsrmcab/Wsrmcab  HTTP/1.1" 200 43322
185.119.81.96 - - [16/Apr/2023:11:57:05 -0500] "GET /portaldeninos/wp-login.php HTTP/1.1" 200 2592
185.119.81.96 - - [16/Apr/2023:11:57:06 -0500] "POST /portaldeninos/wp-login.php HTTP/1.1" 200 3670
172.22.2.4 - - [16/Apr/2023:11:57:28 -0500] "GET /BLA/boletinlegal/actos.php HTTP/1.1" 200 9682
34.147.70.184 - - [16/Apr/2023:11:57:36 -0500] "GET /inventario-de-emisiones-2020-transporte-publico-sitp-redujo-emisiones-de-pm-2-5-en-un-37.html HTTP/1.1" 200 925
181.56.235.113 - - [16/Apr/2023:11:58:10 -0500] "GET /BLA/resoluciones/ HTTP/1.1" 200 13502
181.56.235.113 - - [16/Apr/2023:11:58:16 -0500] "GET /BLA/resoluciones/index.php?dir=AUTOS+2019%2F HTTP/1.1" 200 12235
181.56.235.113 - - [16/Apr/2023:11:58:16 -0500] "GET /BLA/resoluciones/index.php?dir=AUTOS+2019%2F HTTP/1.1" 200 368087
186.80.52.23 - - [16/Apr/2023:11:58:20 -0500] "GET /cuatro-animales-y-cerca-de-cinco-kilos-de-carne-de-especimenes-silvestres-fueron-incautados-en-los-ultimos-dias-en-bogota.html HTTP/1.1" 200 869
34.91.99.42 - - [16/Apr/2023:11:58:35 -0500] "GET /inventario-de-emisiones-2020-transporte-publico-sitp-redujo-emisiones-de-pm-2-5-en-un-37.html HTTP/1.1" 200 925
186.155.15.56 - - [16/Apr/2023:11:59:07 -0500] "GET /BLA/resoluciones/index.php?dir=AUTOS+2016%2F HTTP/1.1" 200 329340
172.22.2.4 - - [16/Apr/2023:11:59:07 -0500] "GET /BLA/boletinlegal/actos.php HTTP/1.1" 200 9682
136.226.58.182 - - [16/Apr/2023:11:59:21 -0500] "GET /BLA/boletinlegal/js/jquery.scrollShow.js HTTP/1.1" 200 4586
136.226.58.182 - - [16/Apr/2023:11:59:21 -0500] "GET /galeria/galeria/jquery.fancybox.css?v=2.1.5 HTTP/1.1" 200 4895
136.226.58.182 - - [16/Apr/2023:11:59:21 -0500] "GET /galeria/galeria/jquery.fancybox.js?v=2.1.5 HTTP/1.1" 200 48706
157.55.39.207 - - [16/Apr/2023:12:00:19 -0500] "GET /BLA/resoluciones/RESOLUCIONES%202022/2639.pdf HTTP/1.1" 304 -
172.22.2.4 - - [16/Apr/2023:11:58:55 -0500] "HEAD /BLA/boletinlegal/ HTTP/1.1" 200 -
216.245.221.92 - - [16/Apr/2023:12:00:40 -0500] "HEAD / HTTP/1.1" 200 -
172.22.2.4 - - [16/Apr/2023:11:59:45 -0500] "GET /BLA/boletinlegal/ HTTP/1.1" 200 59306
34.91.239.231 - - [16/Apr/2023:12:01:41 -0500] "GET /inventario-de-emisiones-2020-transporte-publico-sitp-redujo-emisiones-de-pm-2-5-en-un-37.html HTTP/1.1" 200 925
201.245.192.253 - - [16/Apr/2023:12:02:03 -0500] "POST /kwsrmcab/Wsrmcab  HTTP/1.1" 200 43322
185.119.81.106 - - [16/Apr/2023:12:02:34 -0500] "GET /portaldeninos/wp-login.php HTTP/1.1" 200 2592
185.119.81.106 - - [16/Apr/2023:12:02:36 -0500] "POST /portaldeninos/wp-login.php HTTP/1.1" 200 3605
173.252.87.3 - - [16/Apr/2023:12:03:26 -0500] "GET /images/mercados-campesinos-5-mayo.jpg HTTP/1.1" 200 95848
185.119.81.96 - - [16/Apr/2023:12:04:00 -0500] "GET /portaldeninos/wp-login.php HTTP/1.1" 200 2592
185.119.81.96 - - [16/Apr/2023:12:04:01 -0500] "POST /portaldeninos/wp-login.php HTTP/1.1" 200 3605
40.77.167.84 - - [16/Apr/2023:12:04:27 -0500] "GET /images/Juan%20Rey%20febrero%2013.jpg HTTP/1.1" 200 55934
173.252.95.1 - - [16/Apr/2023:12:04:36 -0500] "GET /images/8%20de%20febrero%20incendio%20forestal.jpeg HTTP/1.1" 200 56283
173.252.111.10 - - [16/Apr/2023:12:04:38 -0500] "GET /images/8%20de%20febrero%20incendio%20forestal.jpeg HTTP/1.1" 200 56283
109.205.213.30 - - [16/Apr/2023:12:05:08 -0500] "GET / HTTP/1.1" 200 319
216.245.221.92 - - [16/Apr/2023:12:05:40 -0500] "HEAD / HTTP/1.1" 200 -
172.22.2.4 - - [16/Apr/2023:12:04:45 -0500] "HEAD /BLA/boletinlegal/ HTTP/1.1" 200 -
201.245.192.253 - - [16/Apr/2023:12:07:01 -0500] "POST /kwsrmcab/Wsrmcab  HTTP/1.1" 200 43322
172.22.2.4 - - [16/Apr/2023:12:05:35 -0500] "GET /BLA/boletinlegal/ HTTP/1.1" 200 52326
186.155.15.56 - - [16/Apr/2023:12:07:22 -0500] "GET /BLA/resoluciones/AUTOS%202016/2471.pdf HTTP/1.1" 200 417660
216.245.221.92 - - [16/Apr/2023:12:10:40 -0500] "HEAD / HTTP/1.1" 200 -
201.245.192.253 - - [16/Apr/2023:12:11:58 -0500] "POST /kwsrmcab/Wsrmcab  HTTP/1.1" 200 43322
172.22.2.4 - - [16/Apr/2023:12:12:08 -0500] "GET /BLA/boletinlegal/jurisprudencia/analisis/AnalisisT-606-15.docx HTTP/1.1" 200 26698
172.22.2.4 - - [16/Apr/2023:12:12:08 -0500] "GET /BLA/boletinlegal/apple-touch-icon-120x120-precomposed.png HTTP/1.1" 404 1140
172.22.2.4 - - [16/Apr/2023:12:12:08 -0500] "GET /BLA/boletinlegal/apple-touch-icon-120x120.png HTTP/1.1" 404 1140
172.22.2.4 - - [16/Apr/2023:12:12:08 -0500] "GET /BLA/boletinlegal/apple-touch-icon-precomposed.png HTTP/1.1" 404 1140
172.22.2.4 - - [16/Apr/2023:12:12:08 -0500] "GET /BLA/boletinlegal/apple-touch-icon.png HTTP/1.1" 404 1140
172.22.2.4 - - [16/Apr/2023:12:12:08 -0500] "GET /BLA/boletinlegal/favicon.ico HTTP/1.1" 404 1140
172.22.2.4 - - [16/Apr/2023:12:12:09 -0500] "GET /BLA/boletinlegal/apple-touch-icon-120x120-precomposed.png HTTP/1.1" 404 1140
172.22.2.4 - - [16/Apr/2023:12:12:09 -0500] "GET /BLA/boletinlegal/apple-touch-icon-120x120.png HTTP/1.1" 404 1140
172.22.2.4 - - [16/Apr/2023:12:12:09 -0500] "GET /BLA/boletinlegal/apple-touch-icon-precomposed.png HTTP/1.1" 404 1140
172.22.2.4 - - [16/Apr/2023:12:12:09 -0500] "GET /BLA/boletinlegal/apple-touch-icon.png HTTP/1.1" 404 1140
172.22.2.4 - - [16/Apr/2023:12:12:09 -0500] "GET /BLA/boletinlegal/favicon.ico HTTP/1.1" 404 1140
172.22.2.4 - - [16/Apr/2023:12:10:35 -0500] "HEAD /BLA/boletinlegal/ HTTP/1.1" 200 -
172.22.2.4 - - [16/Apr/2023:12:11:25 -0500] "GET /BLA/boletinlegal/ HTTP/1.1" 200 58663
40.77.167.213 - - [16/Apr/2023:12:14:08 -0500] "GET /BLA/resoluciones/AUTOS%202021/2554.pdf HTTP/1.1" 304 -
157.55.39.207 - - [16/Apr/2023:12:14:44 -0500] "GET /catalogoisis/ HTTP/1.1" 200 8575
178.139.226.196 - - [16/Apr/2023:12:14:46 -0500] "GET /galeria/galeria/jquery.fancybox.css?v=2.1.5 HTTP/1.1" 200 4895
178.139.226.196 - - [16/Apr/2023:12:14:46 -0500] "GET /BLA/boletinlegal/js/jquery.scrollShow.js HTTP/1.1" 200 4586
178.139.226.196 - - [16/Apr/2023:12:14:46 -0500] "GET /galeria/galeria/jquery.fancybox.js?v=2.1.5 HTTP/1.1" 200 48706
181.59.2.1 - - [16/Apr/2023:12:14:55 -0500] "GET /feria-de-emprendimiento-mujeres-que-reverdecen-expusieron-sus-proyectos.html HTTP/1.1" 200 889
172.22.2.4 - - [16/Apr/2023:12:15:35 -0500] "GET /BLA/boletinlegal/Circulares/2012/Circular%20No.%2016%20del%2022%20de%20octubre%20de%202012.pdf HTTP/1.1" 304 -
216.245.221.92 - - [16/Apr/2023:12:15:40 -0500] "HEAD / HTTP/1.1" 200 -
201.245.192.253 - - [16/Apr/2023:12:16:56 -0500] "POST /kwsrmcab/Wsrmcab  HTTP/1.1" 200 43322
172.22.2.4 - - [16/Apr/2023:12:16:25 -0500] "HEAD /BLA/boletinlegal/ HTTP/1.1" 200 -
172.22.2.4 - - [16/Apr/2023:12:17:15 -0500] "GET /BLA/boletinlegal/ HTTP/1.1" 200 57151
172.22.2.4 - - [16/Apr/2023:12:19:06 -0500] "GET /BLA/boletinlegal/.env HTTP/1.1" 404 1018
201.245.192.253 - - [16/Apr/2023:12:19:22 -0500] "POST /kwsrmcab/Wsrmcab HTTP/1.1" 200 42403
201.245.192.253 - - [16/Apr/2023:12:19:25 -0500] "POST /kwsrmcab/Wsrmcab HTTP/1.1" 200 39971
216.245.221.92 - - [16/Apr/2023:12:20:40 -0500] "HEAD / HTTP/1.1" 200 -
201.245.192.253 - - [16/Apr/2023:12:21:54 -0500] "POST /kwsrmcab/Wsrmcab  HTTP/1.1" 200 43322
172.22.2.4 - - [16/Apr/2023:12:22:15 -0500] "HEAD /BLA/boletinlegal/ HTTP/1.1" 200 -
66.249.73.51 - - [16/Apr/2023:12:24:34 -0500] "-" 408 -
172.22.2.4 - - [16/Apr/2023:12:23:05 -0500] "GET /BLA/boletinlegal/ HTTP/1.1" 200 57945
216.245.221.92 - - [16/Apr/2023:12:25:40 -0500] "HEAD / HTTP/1.1" 200 -
201.245.192.253 - - [16/Apr/2023:12:26:53 -0500] "POST /kwsrmcab/Wsrmcab  HTTP/1.1" 200 43322
120.157.117.210 - - [16/Apr/2023:12:29:09 -0500] "GET / HTTP/1.1" 200 319
120.157.117.210 - - [16/Apr/2023:12:29:09 -0500] "GET /manager/html HTTP/1.1" 404 1018
201.245.192.253 - - [16/Apr/2023:12:29:22 -0500] "POST /kwsrmcab/Wsrmcab HTTP/1.1" 200 42403
201.245.192.253 - - [16/Apr/2023:12:29:25 -0500] "POST /kwsrmcab/Wsrmcab HTTP/1.1" 200 39971
23.248.175.154 - - [16/Apr/2023:12:29:43 -0500] "-" 408 -
172.22.2.4 - - [16/Apr/2023:12:28:05 -0500] "HEAD /BLA/boletinlegal/ HTTP/1.1" 200 -
172.22.2.4 - - [16/Apr/2023:12:29:56 -0500] "GET /BLA/boletinlegal/robots.txt HTTP/1.1" 404 1038
186.102.81.136 - - [16/Apr/2023:12:30:09 -0500] "GET /kwssiamovil/sm/acme/a?s=U2FsdGVkX1+vrqHgfvlMx0cOLpo4gmgOo52CBMxOGf6eWtvifdcFIvhd7rhY3n2QQC4+WxMG2y/n+AlFTMPSVUkEBD0z8zWypRKeKXsMbuEf3DI6vqQyk+DxZns03Ao/oWSSDJwsj4YYZBkyD+FeVOm/BUa8VTR14CCelqAJy7FzmLwM90LTKVtPQgJVhsUPr9D5qLiFTqmZERQlfwNCebVohjIgTbOvRY1YfQ1FLTV7qPv81dgNIYnUmotmb9nRHuYPla6SrABm+yueTzvHu07dkY8y/x9/lN675q2ncBI=&u=U2FsdGVkX1/rRdT1x20kO7qHEknP02ZA7n/pO+D8SSOLFKFrOOIO3F0iQoWcsCdZ&y=U2FsdGVkX19pqKHV4OOTPoRJCh7xTRKZrCgSLyX1YDV3qilJcTTMAUMeZAysKez2 HTTP/1.1" 200 26
186.102.81.136 - - [16/Apr/2023:12:30:10 -0500] "GET /kwssiamovil/sm/acme/a?s=U2FsdGVkX1+BATJg5ndBXgRTkf4me1X78Bd3DyWOGl3y13Pfh8fsmk/46/g35AapsBQS6w7mbSL6wdzuifs79Cmdu9kiHQWenuJzy/jgd8+UWfvvYgSsdnKp+80qrdsbfwZwSDh63TVCaAWIkVK1vKbONPBsDgsimAJPhoEkd20xZmB2duNjJNfB+bxujiOTiITBckC4mwRyUT8lfYufpyNNzm4T5FWyfKkn2Q2rKhwWptPkCIVEWhnR25oIW04X6uVZlJQ4rWDoQunVel1Lio5eeF/9cpLD97Jg6+ToQe0WaWeClCnlJmwArskAtYcwJ98pf9M25JX/zytKLPq/vZPew4IrMj1iC/FSi+woWH/RDp+ekgrIbdD245RoEUQCfib/6HET6qyZ28Xf6LNB2WRidfs+UAo5ZctRvlasJskssZC0d3XmVSc1W4juQEsc0shgqgFV0DNMT1lGwHhFXJu7o8HEn9nEil5tGUWfh85pB2lVq0WJP92wYzFhozwY+p0kmxy0OkwFinu901XCFTAMM+IAI3kxae+K2bO3ObkGM7RBLFqIB2QtU0NCsQe6IcmME9C0lSNYKC0J8k7bTLhA9ka5hRApG4e4AkjiatasMrU3D7cD239r/UxIOIFlqkHBya5qsDF908DMha6g6P3c+RPHjkP/JcfLkxs/I6IQ6Pmzi/JlOZa5nOvfjmEifHVhpfGjkdkMxLT8ltkfJLwWxEiWMSJ3lzDpIItrTAGoqAP0QUdb4DdzgGU87r9rt50I6X3R0dGTvHuEsk8bruPPQ7+1usXrryVmDFR99dUfLWfPYn8ac49ALQwvdmMtcIG3mmerOKOqAyYA+3WHhISUXjfZUXIgc549qu90CwpE6xb04ui06u9pam1m//FZumgVl3nLbFEAWYD1k4x9AWPG2EOnkca+pcZiEwydFXc53VHtuR2g8uTUugSlg1Q0/DxleHzbVq4PAfh9lW+NQisLvNcx8gPWhthD6/CHIIXJAxJlvV5svhxqUJ1DJm3WyT3/IIA4F8Tn4v/gwrAGrzlOXkuA2qHSM6ya13Zss/yAd3Sjju4MWhF3I+fouQgeLeMa1usR47BBkMyk1wQhyuuFvpcIRyO9IzmZ+ptSp8tviIapvyskv4Jlz/a37eRwHXiYMxN59Yc6omWyGTwnQxP9sw7RIhhm5Zcg8RqtZ8FvwSvud6FmKIRWWvZHhzpAt3x62/YdK71nzYPnN+Z2bLWo1G1YdoufcOxW5SKnuhp6mU6Lr+DcK84nDswuDKpnD64i3r+v9vxuwIFwwSq8qTIT2Xo5cn3kf1IoZVSGeTLdEdvGNUsHkz10vFi6AwrHguEIty77G/ssTz6BsCrk3ob2uuxqwmiIwJLWtiRZOxY=&u=U2FsdGVkX1/rRdT1x20kO7qHEknP02ZA7n/pO+D8SSOLFKFrOOIO3F0iQoWcsCdZ&y=U2FsdGVkX19pqKHV4OOTPoRJCh7xTRKZrCgSLyX1YDV3qilJcTTMAUMeZAysKez2 HTTP/1.1" 200 26
186.102.81.136 - - [16/Apr/2023:12:30:10 -0500] "GET /kwssiamovil/sm/acme/a?s=U2FsdGVkX19RN3SZES//H/PSQXl4oSPypRjfKa6mVIHwKN/R84H8Pbrnzm+qPjwaZFUAsUF9/9th1JVgxWP+0EhcKFdxvtklN2gK9QewyZAfQ/PI7r28NKRevhGC+9EII0UjPU0IIpF3GS7vTuPCBA+Ss0/41vGAgon62CIxCMY=&u=U2FsdGVkX1/rRdT1x20kO7qHEknP02ZA7n/pO+D8SSOLFKFrOOIO3F0iQoWcsCdZ&y=U2FsdGVkX19pqKHV4OOTPoRJCh7xTRKZrCgSLyX1YDV3qilJcTTMAUMeZAysKez2 HTTP/1.1" 200 26
186.102.81.136 - - [16/Apr/2023:12:30:10 -0500] "GET /kwssiamovil/sm/acme/a?s=U2FsdGVkX19I7R/Yjvvr7F3gpqoSmgP+KnNDjNNpiw6jFpk5TfhX5t2CmJm4UtOGM00ovATk9uezDPMub8nrZ0VjJWhVhTwbA5RBkqLIlNkA1d9mtDfcEAWIo/IlERzwA23QAfpaDp7NcpwwvIWYETKjhHO4/0S0IZnDKxMoLTo=&u=U2FsdGVkX1/rRdT1x20kO7qHEknP02ZA7n/pO+D8SSOLFKFrOOIO3F0iQoWcsCdZ&y=U2FsdGVkX19pqKHV4OOTPoRJCh7xTRKZrCgSLyX1YDV3qilJcTTMAUMeZAysKez2 HTTP/1.1" 200 26
186.102.81.136 - - [16/Apr/2023:12:30:11 -0500] "GET /kwssiamovil/sm/acme/a?s=U2FsdGVkX1+YzD9PRGiGWi2YUm1OjloR0Mnlnjl/MJdTyxq2Z2TpDW08D6BDMo1VVIHUlKi1n/LkCSQep4GNIOfZVv4Lhv2jtesSoY8sjk+VfQc6vTC7Ojipo8FEhzCiR9flcyxOC2hmTgoFB3s5NUDVAO52H41OVyzeELI4UB0=&u=U2FsdGVkX1/rRdT1x20kO7qHEknP02ZA7n/pO+D8SSOLFKFrOOIO3F0iQoWcsCdZ&y=U2FsdGVkX19pqKHV4OOTPoRJCh7xTRKZrCgSLyX1YDV3qilJcTTMAUMeZAysKez2 HTTP/1.1" 200 26
186.102.81.136 - - [16/Apr/2023:12:30:11 -0500] "GET /kwssiamovil/sm/acme/a?s=U2FsdGVkX199PbEzsqsyqMo0hcT9K4RbscTssPB3sBJzaX/vANuo/ZzDHuM+OT0ImfsXbydqtF+8tFgQMxiqa04SfVp5RAGxOYIi8m5Azod3HYwLpb7LSi2GnGiCffMh7v6CM2ezORIFJ0SIsF58uDiF/BqDoOvPd2WuMRleT2p60MaPDNo2eF00U6nKU8aH5h1X9/qM60Fqwh3Z24fHHw==&u=U2FsdGVkX1/rRdT1x20kO7qHEknP02ZA7n/pO+D8SSOLFKFrOOIO3F0iQoWcsCdZ&y=U2FsdGVkX19pqKHV4OOTPoRJCh7xTRKZrCgSLyX1YDV3qilJcTTMAUMeZAysKez2 HTTP/1.1" 200 26
183.136.225.43 - - [16/Apr/2023:12:30:23 -0500] "GET / HTTP/1.1" 200 319
172.22.2.4 - - [16/Apr/2023:12:28:55 -0500] "GET /BLA/boletinlegal/ HTTP/1.1" 200 54808
216.245.221.92 - - [16/Apr/2023:12:30:40 -0500] "HEAD / HTTP/1.1" 200 -
172.22.2.4 - - [16/Apr/2023:12:29:58 -0500] "GET /BLA/boletinlegal/index.php HTTP/1.1" 200 58307
201.245.192.253 - - [16/Apr/2023:12:31:53 -0500] "POST /kwsrmcab/Wsrmcab  HTTP/1.1" 200 43322
172.22.2.4 - - [16/Apr/2023:12:33:55 -0500] "HEAD /BLA/boletinlegal/ HTTP/1.1" 200 -
216.245.221.92 - - [16/Apr/2023:12:35:39 -0500] "HEAD / HTTP/1.1" 200 -
186.80.180.252 - - [16/Apr/2023:12:35:58 -0500] "GET /BLA/boletinlegal/admin/index.php HTTP/1.1" 200 2324
186.80.180.252 - - [16/Apr/2023:12:35:58 -0500] "GET /BLA/boletinlegal/admin/index_files/style.css HTTP/1.1" 200 6223
186.80.180.252 - - [16/Apr/2023:12:35:58 -0500] "GET /BLA/boletinlegal/admin/images/bg.png HTTP/1.1" 200 332965
186.80.180.252 - - [16/Apr/2023:12:35:58 -0500] "GET /favicon.ico HTTP/1.1" 200 7782
181.61.8.253 - - [16/Apr/2023:12:36:09 -0500] "GET /agendate-para-participar-en-las-caminatas-ecologicas-de-febrero.html HTTP/1.1" 200 830
181.61.8.253 - - [16/Apr/2023:12:36:09 -0500] "GET /favicon.ico HTTP/1.1" 404 1430
172.22.2.4 - - [16/Apr/2023:12:34:45 -0500] "GET /BLA/boletinlegal/ HTTP/1.1" 200 57151
201.245.192.253 - - [16/Apr/2023:12:36:53 -0500] "POST /kwsrmcab/Wsrmcab  HTTP/1.1" 200 43322
173.252.95.14 - - [16/Apr/2023:12:37:05 -0500] "GET /secretaria-de-ambiente-abre-espacio-de-formacion-para-comunicadores-sociales-y-periodistas.html HTTP/1.1" 206 860
52.167.144.125 - - [16/Apr/2023:12:37:59 -0500] "GET /BLA/resoluciones/AUTOS%202021/3934.pdf HTTP/1.1" 304 -
66.249.70.172 - - [16/Apr/2023:12:38:10 -0500] "-" 408 -
40.77.167.94 - - [16/Apr/2023:12:38:36 -0500] "GET /BLA/boletinlegal/Directivas/2011/Directiva%20No.%202%20del%2017%20de%20Mayo%20de%202011.pdf HTTP/1.1" 200 495382
186.155.15.56 - - [16/Apr/2023:12:38:55 -0500] "GET /BLA/resoluciones/index.php?dir=AUTOS+2016%2F HTTP/1.1" 200 329340
186.155.15.56 - - [16/Apr/2023:12:39:02 -0500] "GET /BLA/resoluciones/AUTOS%202016/2085.pdf HTTP/1.1" 200 1294379
201.245.192.253 - - [16/Apr/2023:12:39:23 -0500] "POST /kwsrmcab/Wsrmcab HTTP/1.1" 200 42403
201.245.192.253 - - [16/Apr/2023:12:39:25 -0500] "POST /kwsrmcab/Wsrmcab HTTP/1.1" 200 39971
216.245.221.92 - - [16/Apr/2023:12:40:39 -0500] "HEAD / HTTP/1.1" 200 -
172.22.2.4 - - [16/Apr/2023:12:39:45 -0500] "HEAD /BLA/boletinlegal/ HTTP/1.1" 200 -
66.249.73.55 - - [16/Apr/2023:12:41:35 -0500] "-" 408 -
201.245.192.253 - - [16/Apr/2023:12:41:52 -0500] "POST /kwsrmcab/Wsrmcab  HTTP/1.1" 200 43322
172.22.2.4 - - [16/Apr/2023:12:40:35 -0500] "GET /BLA/boletinlegal/ HTTP/1.1" 200 57151
173.252.95.7 - - [16/Apr/2023:12:42:20 -0500] "GET /images/palma-de-cera-1-abril_optimized.jpeg HTTP/1.1" 200 171987
173.252.95.16 - - [16/Apr/2023:12:42:20 -0500] "GET /images/mejora-la-calidad-del-aire-en-bogota-5-abril.jpeg HTTP/1.1" 200 44341
173.252.95.21 - - [16/Apr/2023:12:42:20 -0500] "GET /images/atencion-al-ciudadano-abril.jpg HTTP/1.1" 200 116523
173.252.95.22 - - [16/Apr/2023:12:42:20 -0500] "GET /images/caminos-de-los-cerros-1_optimized.jpeg HTTP/1.1" 200 49537
173.252.95.21 - - [16/Apr/2023:12:42:20 -0500] "GET /images/incautan-animales-semana-santa-2023.jpeg HTTP/1.1" 200 36611
173.252.95.8 - - [16/Apr/2023:12:42:20 -0500] "GET /images/semana-bosques-1_optimized.1.jpg HTTP/1.1" 200 102892
173.252.95.23 - - [16/Apr/2023:12:42:25 -0500] "GET /images/camino-a-los-cerros-1_optimized.jpeg HTTP/1.1" 200 222279
173.252.95.116 - - [16/Apr/2023:12:42:25 -0500] "GET /images/empresas-alertas_optimized.jpeg HTTP/1.1" 200 142365
173.252.95.8 - - [16/Apr/2023:12:42:25 -0500] "GET /images/WhatsApp%20Image%202023-02-15%20at%205.07.25%20PM.jpeg HTTP/1.1" 200 50573
173.252.95.120 - - [16/Apr/2023:12:42:25 -0500] "GET /images/calidad-aire-2-marzo-1_optimized.jpeg HTTP/1.1" 200 51562
173.252.95.5 - - [16/Apr/2023:12:42:25 -0500] "GET /images/17%20de%20febrero%20mujeres%20que%20reverdecen.jpeg HTTP/1.1" 200 85735
173.252.95.22 - - [16/Apr/2023:12:42:25 -0500] "GET /images/28%20de%20febrero%20operativo.jpeg HTTP/1.1" 200 62220
173.252.95.15 - - [16/Apr/2023:12:42:25 -0500] "GET /images/Puntos%20calientes%2024%20de%20febrero.jpeg HTTP/1.1" 200 42626
173.252.95.9 - - [16/Apr/2023:12:42:25 -0500] "GET /images/Sello%201%20JA-2.jpeg HTTP/1.1" 200 42236
173.252.95.23 - - [16/Apr/2023:12:42:25 -0500] "GET /images/calidad-del-aire-suroccidental_optimized.jpeg HTTP/1.1" 200 175446
173.252.95.24 - - [16/Apr/2023:12:42:25 -0500] "GET /images/24%20de%20febrero%20Sendero%20guadalupe%202.jpeg HTTP/1.1" 200 70964
173.252.95.1 - - [16/Apr/2023:12:42:25 -0500] "GET /images/Conversatorio%20aire%201%20(1).jpeg HTTP/1.1" 200 72040
