173.252.95.116 - - [16/Apr/2023:12:42:25 -0500] "GET /images/idpyba-4-marzo-1_optimized.jpeg HTTP/1.1" 200 115318
173.252.95.21 - - [16/Apr/2023:12:42:25 -0500] "GET /images/20%20de%20febrero%20panor\xc3\xa1mica%20de%20Bogot\xc3\xa1%20(1)%20(1).jpeg HTTP/1.1" 404 1034
173.252.95.23 - - [16/Apr/2023:12:42:25 -0500] "GET /images/Rmasar%2018%20de%20febrero%20Grupo.jpg HTTP/1.1" 200 68398
216.245.221.92 - - [16/Apr/2023:12:45:39 -0500] "HEAD / HTTP/1.1" 200 -
173.252.87.119 - - [16/Apr/2023:12:45:44 -0500] "GET /cuatro-animales-y-cerca-de-cinco-kilos-de-carne-de-especimenes-silvestres-fueron-incautados-en-los-ultimos-dias-en-bogota.html?fbclid=IwAR02YIlXS8mDt07nsO8IxJkLz5njBwF3palQrEed_4O_uXkPfG8o1gBEOe0 HTTP/1.1" 200 869
69.171.251.6 - - [16/Apr/2023:12:45:52 -0500] "GET /15-negocios-verdes-verificados-por-la-secretaria-de-ambiente-participan-en-la-feria-hecho-en-bogota.html?fbclid=IwAR0YDewkVuRLTJOoP2sKIrXLzqo6i_j03sRREDAbe_2p3xPGBhwbp-srnPs HTTP/1.1" 200 1007
69.171.251.117 - - [16/Apr/2023:12:46:01 -0500] "GET /florecio-la-herrania-en-el-tropicario-distrital-una-planta-nativa-de-la-amazonia-colombiana.html?fbclid=IwAR0Px3X41xbrla5OLW6Fs87DS5xXMrPeZdL9qAmrAj1mVhL3lVE3GrfEsMg HTTP/1.1" 200 935
173.252.87.21 - - [16/Apr/2023:12:46:04 -0500] "GET /empresas-con-impacto-ambiental-positivo-unanse-a-la-edicion-2023-de-negocios-verdes-mas-cerca-de-ti.html?fbclid=IwAR0cHjSBsTTPMAf_BMPk5Voe3yTTcF3xGV93A_ZVBCQJxeQ4z6ChFRjA26c HTTP/1.1" 200 878
201.245.192.253 - - [16/Apr/2023:12:46:51 -0500] "POST /kwsrmcab/Wsrmcab  HTTP/1.1" 200 43322
173.252.95.22 - - [16/Apr/2023:12:47:05 -0500] "GET /images/cr\xc3\xb3nica-29-nov-1_optimized.jpeg HTTP/1.1" 404 1034
186.86.32.121 - - [16/Apr/2023:12:47:12 -0500] "GET /sipse/faces/index.xhtml HTTP/1.1" 200 677
186.86.32.121 - - [16/Apr/2023:12:47:12 -0500] "GET /sipse/faces/javax.faces.resource/theme.css?ln=primefaces-sipse HTTP/1.1" 304 -
186.86.32.121 - - [16/Apr/2023:12:47:12 -0500] "GET /sipse/faces/faces/autenticacion.xhtml HTTP/1.1" 200 12171
186.86.32.121 - - [16/Apr/2023:12:47:12 -0500] "GET /sipse/css/custom_css_sg.css HTTP/1.1" 200 9694
186.86.32.121 - - [16/Apr/2023:12:47:12 -0500] "GET /sipse/js/disable_browser_buttons.js HTTP/1.1" 200 3230
186.86.32.121 - - [16/Apr/2023:12:47:12 -0500] "GET /sipse/js/funciones.js HTTP/1.1" 200 12592
186.86.32.121 - - [16/Apr/2023:12:47:12 -0500] "GET /sipse/faces/javax.faces.resource/jquery/jquery.js?ln=primefaces&v=4.0 HTTP/1.1" 304 -
186.86.32.121 - - [16/Apr/2023:12:47:12 -0500] "GET /sipse/faces/javax.faces.resource/jquery/jquery-plugins.js?ln=primefaces&v=4.0 HTTP/1.1" 304 -
186.86.32.121 - - [16/Apr/2023:12:47:12 -0500] "GET /sipse/faces/javax.faces.resource/primefaces.js?ln=primefaces&v=4.0 HTTP/1.1" 304 -
186.86.32.121 - - [16/Apr/2023:12:47:12 -0500] "GET /sipse/faces/javax.faces.resource/layout/layout.js?ln=primefaces&v=4.0 HTTP/1.1" 304 -
186.86.32.121 - - [16/Apr/2023:12:47:12 -0500] "GET /sipse/faces/javax.faces.resource/layout/layout.css?ln=primefaces&v=4.0 HTTP/1.1" 304 -
186.86.32.121 - - [16/Apr/2023:12:47:12 -0500] "GET /sipse/css/custom_css_sg_prime_login.css HTTP/1.1" 200 443
186.86.32.121 - - [16/Apr/2023:12:47:12 -0500] "GET /sipse/faces/javax.faces.resource/primefaces.css?ln=primefaces&v=4.0 HTTP/1.1" 304 -
186.86.32.121 - - [16/Apr/2023:12:47:12 -0500] "GET /sipse/faces/javax.faces.resource/theme.css?ln=primefaces-sipse HTTP/1.1" 304 -
186.86.32.121 - - [16/Apr/2023:12:47:12 -0500] "GET /sipse/faces/javax.faces.resource/images/ui-icons_898989_256x240.png?ln=primefaces-aristo HTTP/1.1" 304 -
186.86.32.121 - - [16/Apr/2023:12:47:12 -0500] "GET /sipse/css/imagen/logoSDG.png HTTP/1.1" 200 53064
186.86.32.121 - - [16/Apr/2023:12:47:12 -0500] "GET /sipse/css/imagen/loginimg.png HTTP/1.1" 200 71635
172.22.2.4 - - [16/Apr/2023:12:45:35 -0500] "HEAD /BLA/boletinlegal/ HTTP/1.1" 200 -
186.86.32.121 - - [16/Apr/2023:12:47:17 -0500] "POST /sipse/faces/autenticacion.xhtml HTTP/1.1" 200 16117
186.86.32.121 - - [16/Apr/2023:12:47:18 -0500] "GET /sipse/css/custom_css_sg_prime.css HTTP/1.1" 200 5201
186.86.32.121 - - [16/Apr/2023:12:47:18 -0500] "GET /sipse/js/jquery.min.js HTTP/1.1" 200 85582
186.86.32.121 - - [16/Apr/2023:12:47:18 -0500] "GET /sipse/faces/javax.faces.resource/jquery/jquery.js?ln=primefaces&v=4.0 HTTP/1.1" 304 -
186.86.32.121 - - [16/Apr/2023:12:47:18 -0500] "GET /sipse/faces/javax.faces.resource/jquery/jquery-plugins.js?ln=primefaces&v=4.0 HTTP/1.1" 304 -
186.86.32.121 - - [16/Apr/2023:12:47:19 -0500] "GET /sipse/faces/javax.faces.resource/primefaces.js?ln=primefaces&v=4.0 HTTP/1.1" 304 -
186.86.32.121 - - [16/Apr/2023:12:47:19 -0500] "GET /sipse/faces/javax.faces.resource/layout/layout.js?ln=primefaces&v=4.0 HTTP/1.1" 304 -
186.86.32.121 - - [16/Apr/2023:12:47:19 -0500] "GET /sipse/css/imagen/contrasena.png HTTP/1.1" 404 383
186.86.32.121 - - [16/Apr/2023:12:47:19 -0500] "GET /sipse/imagenes/cargando.gif HTTP/1.1" 200 36959
186.86.32.121 - - [16/Apr/2023:12:47:19 -0500] "GET /sipse/imagenes/logoAplicacion.jpg HTTP/1.1" 200 155084
186.86.32.121 - - [16/Apr/2023:12:47:19 -0500] "GET /sipse/faces/javax.faces.resource/messages/messages.png?ln=primefaces&v=4.0 HTTP/1.1" 200 27209
186.86.32.121 - - [16/Apr/2023:12:47:21 -0500] "GET /sipse/faces/javax.faces.resource/images/ui-bg_flat_0_2d5972_40x100.png?ln=primefaces-aristo HTTP/1.1" 200 183
186.86.32.121 - - [16/Apr/2023:12:47:21 -0500] "POST /sipse/faces/bienvenido.xhtml HTTP/1.1" 200 1471
186.86.32.121 - - [16/Apr/2023:12:47:22 -0500] "POST /sipse/faces/bienvenido.xhtml HTTP/1.1" 200 62232
186.86.32.121 - - [16/Apr/2023:12:47:23 -0500] "GET /sipse/faces/javax.faces.resource/jquery/jquery.js?ln=primefaces&v=4.0 HTTP/1.1" 304 -
186.86.32.121 - - [16/Apr/2023:12:47:23 -0500] "GET /sipse/faces/javax.faces.resource/jquery/jquery-plugins.js?ln=primefaces&v=4.0 HTTP/1.1" 304 -
186.86.32.121 - - [16/Apr/2023:12:47:23 -0500] "GET /sipse/faces/javax.faces.resource/primefaces.js?ln=primefaces&v=4.0 HTTP/1.1" 304 -
186.86.32.121 - - [16/Apr/2023:12:47:24 -0500] "GET /sipse/faces/javax.faces.resource/layout/layout.js?ln=primefaces&v=4.0 HTTP/1.1" 304 -
186.86.32.121 - - [16/Apr/2023:12:47:24 -0500] "POST /sipse/faces/presentacion/financiero/solicitudProceso/listarSolicitudProceso.xhtml HTTP/1.1" 200 1560
66.249.73.51 - - [16/Apr/2023:12:47:45 -0500] "-" 408 -
172.22.2.4 - - [16/Apr/2023:12:46:25 -0500] "GET /BLA/boletinlegal/ HTTP/1.1" 200 57561
186.86.32.121 - - [16/Apr/2023:12:48:18 -0500] "POST /sipse/faces/presentacion/financiero/solicitudProceso/listarSolicitudProceso.xhtml HTTP/1.1" 200 17041
216.245.221.92 - - [16/Apr/2023:12:50:39 -0500] "HEAD / HTTP/1.1" 200 -
201.245.192.253 - - [16/Apr/2023:12:51:51 -0500] "POST /kwsrmcab/Wsrmcab  HTTP/1.1" 200 43322
172.22.2.4 - - [16/Apr/2023:12:51:25 -0500] "HEAD /BLA/boletinlegal/ HTTP/1.1" 200 -
172.22.2.4 - - [16/Apr/2023:12:52:15 -0500] "GET /BLA/boletinlegal/ HTTP/1.1" 200 57561
191.156.190.87 - - [16/Apr/2023:12:54:51 -0500] "GET /css/textos.css HTTP/1.1" 404 1254
191.156.190.87 - - [16/Apr/2023:12:54:51 -0500] "GET /css/date_blue.css HTTP/1.1" 404 1254
191.156.182.42 - - [16/Apr/2023:12:54:51 -0500] "GET /css/fondos.css HTTP/1.1" 404 1254
181.59.2.84 - - [16/Apr/2023:12:55:20 -0500] "GET /BLA/boletinlegal/js/jquery.scrollShow.js HTTP/1.1" 200 4586
181.59.2.84 - - [16/Apr/2023:12:55:20 -0500] "GET /galeria/galeria/jquery.fancybox.css?v=2.1.5 HTTP/1.1" 200 4895
181.59.2.84 - - [16/Apr/2023:12:55:20 -0500] "GET /galeria/galeria/jquery.fancybox.js?v=2.1.5 HTTP/1.1" 200 48706
216.245.221.92 - - [16/Apr/2023:12:55:39 -0500] "HEAD / HTTP/1.1" 200 -
201.245.192.253 - - [16/Apr/2023:12:56:48 -0500] "POST /kwsrmcab/Wsrmcab  HTTP/1.1" 200 43322
172.22.2.4 - - [16/Apr/2023:12:57:13 -0500] "GET /BLA/boletinlegal/style.css HTTP/1.1" 200 9406
172.22.2.4 - - [16/Apr/2023:12:57:13 -0500] "GET /BLA/boletinlegal/styles2.css HTTP/1.1" 200 1838
172.22.2.4 - - [16/Apr/2023:12:57:13 -0500] "GET /BLA/boletinlegal/js/jquery.js HTTP/1.1" 200 57254
172.22.2.4 - - [16/Apr/2023:12:57:13 -0500] "GET /BLA/boletinlegal/js/jquery.scrollTo-min.js HTTP/1.1" 200 1150
172.22.2.4 - - [16/Apr/2023:12:57:13 -0500] "GET /BLA/boletinlegal/js/jquery.scrollShow.js HTTP/1.1" 200 4586
172.22.2.4 - - [16/Apr/2023:12:57:13 -0500] "GET /BLA/boletinlegal/images/cabezote%20BLEGAL.jpg HTTP/1.1" 200 118164
172.22.2.4 - - [16/Apr/2023:12:57:13 -0500] "GET /BLA/boletinlegal/images/subscribe-icon-big.png HTTP/1.1" 200 47702
172.22.2.4 - - [16/Apr/2023:12:57:13 -0500] "GET /BLA/boletinlegal/images/historia.png HTTP/1.1" 200 52775
172.22.2.4 - - [16/Apr/2023:12:57:13 -0500] "GET /BLA/boletinlegal/images/registro-usuarios.png HTTP/1.1" 200 8106
172.22.2.4 - - [16/Apr/2023:12:57:13 -0500] "GET /BLA/boletinlegal/images/arr_l.jpg HTTP/1.1" 200 1979
172.22.2.4 - - [16/Apr/2023:12:57:13 -0500] "GET /BLA/boletinlegal/images/screen_1.png HTTP/1.1" 200 202547
172.22.2.4 - - [16/Apr/2023:12:57:13 -0500] "GET /BLA/boletinlegal/images/launch.jpg HTTP/1.1" 200 14577
172.22.2.4 - - [16/Apr/2023:12:57:18 -0500] "GET /BLA/boletinlegal/images/body_bg.jpg HTTP/1.1" 200 1601
172.22.2.4 - - [16/Apr/2023:12:57:19 -0500] "GET /BLA/boletinlegal/images/menu_lft.gif HTTP/1.1" 200 1713
172.22.2.4 - - [16/Apr/2023:12:57:19 -0500] "GET /BLA/boletinlegal/images/menu_rght.gif HTTP/1.1" 200 1627
172.22.2.4 - - [16/Apr/2023:12:57:19 -0500] "GET /BLA/boletinlegal/images/menu_bg.jpg HTTP/1.1" 200 620
172.22.2.4 - - [16/Apr/2023:12:57:19 -0500] "GET /BLA/boletinlegal/images/hover.jpg HTTP/1.1" 200 640
172.22.2.4 - - [16/Apr/2023:12:57:19 -0500] "GET /BLA/boletinlegal/images/bg_top.jpg HTTP/1.1" 200 522
172.22.2.4 - - [16/Apr/2023:12:57:19 -0500] "GET /BLA/boletinlegal/images/text.jpg HTTP/1.1" 200 568
172.22.2.4 - - [16/Apr/2023:12:57:20 -0500] "GET /BLA/boletinlegal/actos.php HTTP/1.1" 200 9682
172.22.2.4 - - [16/Apr/2023:12:57:20 -0500] "GET /BLA/boletinlegal/js/ajax_actos.js HTTP/1.1" 200 1322
172.22.2.4 - - [16/Apr/2023:12:57:20 -0500] "GET /BLA/boletinlegal/niceforms-default.css HTTP/1.1" 200 6694
172.22.2.4 - - [16/Apr/2023:12:57:20 -0500] "GET /BLA/boletinlegal/js/lib.js HTTP/1.1" 200 6474
172.22.2.4 - - [16/Apr/2023:12:57:20 -0500] "GET /BLA/boletinlegal/niceforms.js HTTP/1.1" 200 22876
172.22.2.4 - - [16/Apr/2023:12:57:20 -0500] "GET /BLA/boletinlegal/js/popup.js HTTP/1.1" 200 1270
172.22.2.4 - - [16/Apr/2023:12:57:20 -0500] "GET /BLA/boletinlegal/js/jquery1.js HTTP/1.1" 200 29846
172.22.2.4 - - [16/Apr/2023:12:57:20 -0500] "GET /BLA/boletinlegal/images/green-yellow-blue-pink-th.png HTTP/1.1" 200 7394
172.22.2.4 - - [16/Apr/2023:12:57:20 -0500] "GET /BLA/boletinlegal/images/tel.png HTTP/1.1" 200 14477
172.22.2.4 - - [16/Apr/2023:12:57:20 -0500] "GET /BLA/boletinlegal/images/icono-email.png HTTP/1.1" 200 5544
172.22.2.4 - - [16/Apr/2023:12:57:20 -0500] "GET /BLA/boletinlegal/images/footer_bg_l.jpg HTTP/1.1" 200 776
172.22.2.4 - - [16/Apr/2023:12:57:20 -0500] "GET /BLA/boletinlegal/images/footer_bg.jpg HTTP/1.1" 200 586
172.22.2.4 - - [16/Apr/2023:12:57:21 -0500] "GET /BLA/boletinlegal/img/select-left.png HTTP/1.1" 200 263
172.22.2.4 - - [16/Apr/2023:12:57:21 -0500] "GET /BLA/boletinlegal/img/select-right.png HTTP/1.1" 200 44019
172.22.2.4 - - [16/Apr/2023:12:57:21 -0500] "GET /BLA/boletinlegal/img/button.png HTTP/1.1" 200 43241
172.22.2.4 - - [16/Apr/2023:12:57:21 -0500] "GET /BLA/boletinlegal/img/button-left.png HTTP/1.1" 200 57071
172.22.2.4 - - [16/Apr/2023:12:57:21 -0500] "GET /BLA/boletinlegal/img/0.png HTTP/1.1" 200 110
172.22.2.4 - - [16/Apr/2023:12:57:21 -0500] "GET /BLA/boletinlegal/favicon.ico HTTP/1.1" 404 1326
172.22.2.4 - - [16/Apr/2023:12:57:21 -0500] "GET /BLA/boletinlegal/img/button-right.png HTTP/1.1" 200 57878
186.80.52.163 - - [16/Apr/2023:12:57:22 -0500] "GET /BLA/resoluciones/ HTTP/1.1" 200 13502
186.80.52.163 - - [16/Apr/2023:12:57:22 -0500] "GET /BLA/resoluciones/dlf/styles.css HTTP/1.1" 200 3049
186.80.52.163 - - [16/Apr/2023:12:57:22 -0500] "GET /BLA/resoluciones/dlf/folder.png HTTP/1.1" 200 410
186.80.52.163 - - [16/Apr/2023:12:57:22 -0500] "GET /BLA/resoluciones/dlf/bg.gif HTTP/1.1" 200 54
186.80.52.163 - - [16/Apr/2023:12:57:22 -0500] "GET /favicon.ico HTTP/1.1" 200 7782
186.80.52.163 - - [16/Apr/2023:12:57:31 -0500] "GET /BLA/resoluciones/dlf/dirup.png HTTP/1.1" 200 644
186.80.52.163 - - [16/Apr/2023:12:57:31 -0500] "GET /BLA/resoluciones/dlf/pdf.gif HTTP/1.1" 200 272
186.80.52.163 - - [16/Apr/2023:12:57:31 -0500] "GET /BLA/resoluciones/dlf/unknown.png HTTP/1.1" 200 266
186.80.52.163 - - [16/Apr/2023:12:57:31 -0500] "GET /BLA/resoluciones/index.php?dir=AUTOS+2021%2F HTTP/1.1" 200 397565
172.22.2.4 - - [16/Apr/2023:12:57:13 -0500] "GET /BLA/boletinlegal/ HTTP/1.1" 200 24523
172.22.2.4 - - [16/Apr/2023:12:57:15 -0500] "HEAD /BLA/boletinlegal/ HTTP/1.1" 200 -
172.22.2.4 - - [16/Apr/2023:12:58:05 -0500] "GET /BLA/boletinlegal/ HTTP/1.1" 200 57561
216.245.221.92 - - [16/Apr/2023:13:00:39 -0500] "HEAD / HTTP/1.1" 200 -
172.22.2.4 - - [16/Apr/2023:13:00:59 -0500] "GET /BLA/boletinlegal/actuator/health HTTP/1.1" 404 1018
172.22.2.4 - - [16/Apr/2023:13:01:28 -0500] "GET /BLA/boletinlegal/js/lib.js HTTP/1.1" 200 6474
172.22.2.4 - - [16/Apr/2023:13:01:38 -0500] "GET /BLA/boletinlegal/js/jquery1.js HTTP/1.1" 200 29846
172.22.2.4 - - [16/Apr/2023:13:01:38 -0500] "GET /BLA/boletinlegal/js/popup.js HTTP/1.1" 200 1270
201.245.192.253 - - [16/Apr/2023:13:01:45 -0500] "POST /kwsrmcab/Wsrmcab  HTTP/1.1" 200 43322
168.119.52.80 - - [16/Apr/2023:13:04:01 -0500] "GET / HTTP/1.1" 200 319
168.119.52.80 - - [16/Apr/2023:13:04:04 -0500] "GET / HTTP/1.1" 200 4720
178.33.233.108 - - [16/Apr/2023:13:04:18 -0500] "GET /15-negocios-verdes HTTP/1.1" 404 1034
172.22.2.4 - - [16/Apr/2023:13:03:04 -0500] "HEAD /BLA/boletinlegal/ HTTP/1.1" 200 -
130.44.212.100 - - [16/Apr/2023:13:05:02 -0500] "GET /galeria/galeria/fotos/Entrenube2P.jpg HTTP/1.1" 200 8416
172.22.2.4 - - [16/Apr/2023:13:03:55 -0500] "GET /BLA/boletinlegal/ HTTP/1.1" 200 53114
216.245.221.92 - - [16/Apr/2023:13:05:39 -0500] "HEAD / HTTP/1.1" 200 -
172.22.2.4 - - [16/Apr/2023:13:06:00 -0500] "GET /BLA/boletinlegal/actos.php HTTP/1.1" 200 9682
201.245.192.253 - - [16/Apr/2023:13:06:44 -0500] "POST /kwsrmcab/Wsrmcab  HTTP/1.1" 200 43322
179.189.207.113 - - [16/Apr/2023:13:07:40 -0500] "GET / HTTP/1.1" 200 319
143.244.41.219 - - [16/Apr/2023:13:07:42 -0500] "HEAD / HTTP/1.1" 200 -
172.22.2.4 - - [16/Apr/2023:13:08:00 -0500] "GET /BLA/boletinlegal/actos.php HTTP/1.1" 200 9682
172.22.2.4 - - [16/Apr/2023:13:08:01 -0500] "GET /BLA/boletinlegal/favicon.ico HTTP/1.1" 404 1326
186.30.41.88 - - [16/Apr/2023:13:08:02 -0500] "GET /BLA/resoluciones/ HTTP/1.1" 200 13502
186.30.41.88 - - [16/Apr/2023:13:08:09 -0500] "GET /BLA/resoluciones/index.php?dir=AUTOS+2017%2F HTTP/1.1" 200 465216
186.29.225.176 - - [16/Apr/2023:13:08:25 -0500] "GET /BLA/resoluciones/index.php?dir= HTTP/1.1" 200 13502
186.29.225.176 - - [16/Apr/2023:13:08:26 -0500] "GET /favicon.ico HTTP/1.1" 200 7782
172.22.2.4 - - [16/Apr/2023:13:07:58 -0500] "GET /BLA/boletinlegal/ HTTP/1.1" 200 24523
186.29.225.176 - - [16/Apr/2023:13:08:54 -0500] "GET /BLA/resoluciones/index.php?dir=AUTOS+2014%2F HTTP/1.1" 200 889710
148.153.255.20 - - [16/Apr/2023:13:09:14 -0500] "GET / HTTP/1.1" 200 319
148.153.255.20 - - [16/Apr/2023:13:09:16 -0500] "GET /test_404_page/ HTTP/1.1" 404 1035
172.22.2.4 - - [16/Apr/2023:13:08:54 -0500] "HEAD /BLA/boletinlegal/ HTTP/1.1" 200 -
216.245.221.92 - - [16/Apr/2023:13:10:39 -0500] "HEAD / HTTP/1.1" 200 -
172.22.2.4 - - [16/Apr/2023:13:09:45 -0500] "GET /BLA/boletinlegal/ HTTP/1.1" 200 53561
66.249.73.55 - - [16/Apr/2023:13:11:35 -0500] "-" 408 -
201.245.192.253 - - [16/Apr/2023:13:11:42 -0500] "POST /kwsrmcab/Wsrmcab  HTTP/1.1" 200 43322
172.22.2.4 - - [16/Apr/2023:13:11:45 -0500] "GET /BLA/boletinlegal/jurisprudencia/analisis/CUADRO%20SENTENCIA%20C-245%20DE%202004.doc HTTP/1.1" 200 65536
3.12.59.234 - - [16/Apr/2023:13:12:04 -0500] "HEAD /distrito-declara-alerta-preventiva-en-el-suroccidente-de-la-ciudad-por-mala-calidad-del-aire.html HTTP/1.1" 200 -
3.12.59.234 - - [16/Apr/2023:13:12:04 -0500] "GET /distrito-declara-alerta-preventiva-en-el-suroccidente-de-la-ciudad-por-mala-calidad-del-aire.html HTTP/1.1" 200 1065
3.12.59.234 - - [16/Apr/2023:13:12:04 -0500] "HEAD /distrito-inicia-pavimentacion-de-vias-para-mejorar-la-calidad-del-aire-de-bogota.html HTTP/1.1" 200 -
3.12.59.234 - - [16/Apr/2023:13:12:05 -0500] "GET /distrito-inicia-pavimentacion-de-vias-para-mejorar-la-calidad-del-aire-de-bogota.html HTTP/1.1" 200 970
66.249.70.172 - - [16/Apr/2023:13:12:55 -0500] "-" 408 -
148.153.115.84 - - [16/Apr/2023:13:13:27 -0500] "GET / HTTP/1.1" 200 4720
148.153.115.84 - - [16/Apr/2023:13:13:29 -0500] "GET /test_404_page/ HTTP/1.1" 404 1034
148.153.115.84 - - [16/Apr/2023:13:15:04 -0500] "GET //favicon.ico HTTP/1.1" 404 1034
216.245.221.92 - - [16/Apr/2023:13:15:39 -0500] "HEAD / HTTP/1.1" 200 -
172.22.2.4 - - [16/Apr/2023:13:14:44 -0500] "HEAD /BLA/boletinlegal/ HTTP/1.1" 200 -
148.153.255.20 - - [16/Apr/2023:13:16:31 -0500] "GET //favicon.ico HTTP/1.1" 200 7782
201.245.192.253 - - [16/Apr/2023:13:16:41 -0500] "POST /kwsrmcab/Wsrmcab  HTTP/1.1" 200 43322
172.22.2.4 - - [16/Apr/2023:13:15:35 -0500] "GET /BLA/boletinlegal/ HTTP/1.1" 200 57561
66.249.70.168 - - [16/Apr/2023:13:18:42 -0500] "-" 408 -
201.245.192.253 - - [16/Apr/2023:13:19:22 -0500] "POST /kwsrmcab/Wsrmcab HTTP/1.1" 200 42836
201.245.192.253 - - [16/Apr/2023:13:19:25 -0500] "POST /kwsrmcab/Wsrmcab HTTP/1.1" 200 39969
172.22.2.4 - - [16/Apr/2023:13:19:42 -0500] "GET /BLA/boletinlegal/actos.php HTTP/1.1" 200 9682
172.22.2.4 - - [16/Apr/2023:13:19:42 -0500] "GET /BLA/boletinlegal/favicon.ico HTTP/1.1" 404 1326
186.82.108.225 - - [16/Apr/2023:13:19:43 -0500] "GET /BLA/resoluciones/ HTTP/1.1" 200 13502
186.82.108.225 - - [16/Apr/2023:13:19:47 -0500] "GET /BLA/resoluciones/index.php?dir=RESOLUCIONES+2022%2F HTTP/1.1" 200 297671
172.22.2.4 - - [16/Apr/2023:13:19:40 -0500] "GET /BLA/boletinlegal/ HTTP/1.1" 200 24523
34.90.208.247 - - [16/Apr/2023:13:20:19 -0500] "GET /inventario-de-emisiones-2020-transporte-publico-sitp-redujo-emisiones-de-pm-2-5-en-un-37.html HTTP/1.1" 200 925
137.184.107.158 - - [16/Apr/2023:13:20:22 -0500] "\x16\x03\x01" 400 226
137.184.107.158 - - [16/Apr/2023:13:20:22 -0500] "\x16\x03\x01" 400 226
137.184.107.158 - - [16/Apr/2023:13:20:22 -0500] "GET / HTTP/1.1" 200 319
137.184.107.158 - - [16/Apr/2023:13:20:22 -0500] "GET /client/get_targets HTTP/1.1" 404 1018
137.184.107.158 - - [16/Apr/2023:13:20:23 -0500] "GET /upl.php HTTP/1.1" 404 1018
137.184.107.158 - - [16/Apr/2023:13:20:23 -0500] "\x16\x03\x01" 400 226
137.184.107.158 - - [16/Apr/2023:13:20:23 -0500] "GET /geoip/ HTTP/1.1" 404 1018
137.184.107.158 - - [16/Apr/2023:13:20:23 -0500] "GET / HTTP/1.1" 200 319
137.184.107.158 - - [16/Apr/2023:13:20:23 -0500] "GET /favicon.ico HTTP/1.1" 200 7782
216.245.221.92 - - [16/Apr/2023:13:20:39 -0500] "HEAD / HTTP/1.1" 200 -
201.245.192.253 - - [16/Apr/2023:13:21:43 -0500] "POST /kwsrmcab/Wsrmcab  HTTP/1.1" 200 43322
172.22.2.4 - - [16/Apr/2023:13:20:34 -0500] "HEAD /BLA/boletinlegal/ HTTP/1.1" 200 -
40.77.167.94 - - [16/Apr/2023:13:23:00 -0500] "GET /BLA/resoluciones/AUTOS%202013/1153.pdf HTTP/1.1" 200 1775011
172.22.2.4 - - [16/Apr/2023:13:21:25 -0500] "GET /BLA/boletinlegal/ HTTP/1.1" 200 55221
172.22.2.4 - - [16/Apr/2023:13:23:15 -0500] "GET /BLA/boletinlegal/Circulares/2023/CIRCULAR%20No.%2000002%20DEL%2020%20DE%20FEBRERO%20DEL%202023.pdf HTTP/1.1" 304 -
40.77.167.84 - - [16/Apr/2023:13:23:47 -0500] "GET /empresas-con-impacto-ambiental-positivo-unanse-a-la-edicion-2023-de-negocios-verdes-mas-cerca-de-ti.html HTTP/1.1" 200 878
186.102.42.39 - - [16/Apr/2023:13:25:36 -0500] "GET /secretaria-de-ambiente-invita-a-proteger-la-culebra-sabanera.html HTTP/1.1" 200 924
216.245.221.92 - - [16/Apr/2023:13:25:39 -0500] "HEAD / HTTP/1.1" 200 -
40.77.167.213 - - [16/Apr/2023:13:26:26 -0500] "GET /BLA/boletinlegal/notificaciones.php HTTP/1.1" 200 7162
201.245.192.253 - - [16/Apr/2023:13:26:42 -0500] "POST /kwsrmcab/Wsrmcab  HTTP/1.1" 200 43322
178.33.230.232 - - [16/Apr/2023:13:26:45 -0500] "GET /bogota-se-prepara-para-tres-fines-de-semana-de-adopciones.html HTTP/1.1" 200 821
172.22.2.4 - - [16/Apr/2023:13:26:24 -0500] "HEAD /BLA/boletinlegal/ HTTP/1.1" 200 -
172.22.2.4 - - [16/Apr/2023:13:27:15 -0500] "GET /BLA/boletinlegal/ HTTP/1.1" 200 57945
201.245.192.253 - - [16/Apr/2023:13:29:22 -0500] "POST /kwsrmcab/Wsrmcab HTTP/1.1" 200 42836
201.245.192.253 - - [16/Apr/2023:13:29:24 -0500] "POST /kwsrmcab/Wsrmcab HTTP/1.1" 200 39969
69.171.249.120 - - [16/Apr/2023:13:30:02 -0500] "GET /bogota-se-prepara-para-tres-fines-de-semana-de-adopciones.html HTTP/1.1" 206 821
69.171.249.20 - - [16/Apr/2023:13:30:02 -0500] "GET /bogota-se-prepara-para-tres-fines-de-semana-de-adopciones.html HTTP/1.1" 206 821
69.171.249.15 - - [16/Apr/2023:13:30:02 -0500] "GET /bogota-se-prepara-para-tres-fines-de-semana-de-adopciones.html HTTP/1.1" 206 821
69.171.249.116 - - [16/Apr/2023:13:30:02 -0500] "GET /bogota-se-prepara-para-tres-fines-de-semana-de-adopciones.html HTTP/1.1" 206 821
69.171.249.19 - - [16/Apr/2023:13:30:02 -0500] "GET /bogota-se-prepara-para-tres-fines-de-semana-de-adopciones.html HTTP/1.1" 206 821
216.245.221.92 - - [16/Apr/2023:13:30:39 -0500] "HEAD / HTTP/1.1" 200 -
66.249.70.168 - - [16/Apr/2023:13:31:07 -0500] "-" 408 -
201.245.192.253 - - [16/Apr/2023:13:31:41 -0500] "POST /kwsrmcab/Wsrmcab  HTTP/1.1" 200 43322
172.22.2.4 - - [16/Apr/2023:13:33:12 -0500] "GET /BLA/boletinlegal/robots.txt HTTP/1.1" 404 1038
172.22.2.4 - - [16/Apr/2023:13:33:13 -0500] "GET /BLA/boletinlegal/robots.txt HTTP/1.1" 404 1038
172.22.2.4 - - [16/Apr/2023:13:32:14 -0500] "HEAD /BLA/boletinlegal/ HTTP/1.1" 200 -
172.22.2.4 - - [16/Apr/2023:13:34:06 -0500] "GET /BLA/boletinlegal/images/launch.jpg HTTP/1.1" 200 14577
172.22.2.4 - - [16/Apr/2023:13:34:37 -0500] "GET /BLA/boletinlegal/images/screen_5.png HTTP/1.1" 200 368876
172.22.2.4 - - [16/Apr/2023:13:33:05 -0500] "GET /BLA/boletinlegal/ HTTP/1.1" 200 58663
216.245.221.92 - - [16/Apr/2023:13:35:39 -0500] "HEAD / HTTP/1.1" 200 -
201.245.192.253 - - [16/Apr/2023:13:36:40 -0500] "POST /kwsrmcab/Wsrmcab  HTTP/1.1" 200 43322
66.249.70.168 - - [16/Apr/2023:13:39:05 -0500] "-" 408 -
201.245.192.253 - - [16/Apr/2023:13:39:22 -0500] "POST /kwsrmcab/Wsrmcab HTTP/1.1" 200 42836
201.245.192.253 - - [16/Apr/2023:13:39:25 -0500] "POST /kwsrmcab/Wsrmcab HTTP/1.1" 200 39969
172.22.2.4 - - [16/Apr/2023:13:38:04 -0500] "HEAD /BLA/boletinlegal/ HTTP/1.1" 200 -
157.55.39.207 - - [16/Apr/2023:13:40:27 -0500] "GET /BLA/resoluciones/RESOLUCIONES%202007/RES%202007%204101%20AL%204200/RESOLUCION%204200%20DE%202007.pdf HTTP/1.1" 200 177395
172.22.2.4 - - [16/Apr/2023:13:39:47 -0500] "GET /BLA/boletinlegal/ HTTP/1.1" 200 24523
52.167.144.80 - - [16/Apr/2023:13:40:32 -0500] "GET /BLA/resoluciones/index.php?dir=RESOLUCIONES+2007%2FRES+2007+4101+AL+4200%2F HTTP/1.1" 200 26886
172.22.2.4 - - [16/Apr/2023:13:38:55 -0500] "GET /BLA/boletinlegal/ HTTP/1.1" 200 48659
40.77.191.229 - - [16/Apr/2023:13:40:35 -0500] "GET /BLA/resoluciones/dlf/styles.css HTTP/1.1" 200 3049
216.245.221.92 - - [16/Apr/2023:13:40:39 -0500] "HEAD / HTTP/1.1" 200 -
66.249.73.55 - - [16/Apr/2023:13:41:36 -0500] "-" 408 -
201.245.192.253 - - [16/Apr/2023:13:41:39 -0500] "POST /kwsrmcab/Wsrmcab  HTTP/1.1" 200 43322
204.199.87.116 - - [16/Apr/2023:13:42:27 -0500] "GET /galeria/galeria/jquery.fancybox.css?v=2.1.5 HTTP/1.1" 200 4895
204.199.87.116 - - [16/Apr/2023:13:42:27 -0500] "GET /BLA/boletinlegal/js/jquery.scrollShow.js HTTP/1.1" 200 4586
204.199.87.116 - - [16/Apr/2023:13:42:27 -0500] "GET /galeria/galeria/jquery.fancybox.js?v=2.1.5 HTTP/1.1" 200 48706
172.22.2.4 - - [16/Apr/2023:13:42:31 -0500] "GET /BLA/boletinlegal/actos.php HTTP/1.1" 200 9682
223.240.99.104 - - [16/Apr/2023:13:42:42 -0500] "GET / HTTP/1.1" 200 319
162.243.152.16 - - [16/Apr/2023:13:43:13 -0500] "MGLNDD_190.27.245.106_80" 501 953
34.91.239.231 - - [16/Apr/2023:13:43:38 -0500] "GET /inventario-de-emisiones-2020-transporte-publico-sitp-redujo-emisiones-de-pm-2-5-en-un-37.html HTTP/1.1" 200 925
199.16.157.183 - - [16/Apr/2023:13:43:40 -0500] "GET /distrito-realiza-las-primeras-vasectomias-a-palomas-de-plaza.html HTTP/1.1" 200 958
199.16.157.182 - - [16/Apr/2023:13:43:42 -0500] "GET /images/imagen-palomas_optimized.jpg HTTP/1.1" 200 184069
173.252.87.10 - - [16/Apr/2023:13:44:20 -0500] "GET /como-obtener-el-certificado-de-estado-de-conservacion-ambiental-ceca.html HTTP/1.1" 206 873
34.147.12.168 - - [16/Apr/2023:13:45:14 -0500] "GET /inventario-de-emisiones-2020-transporte-publico-sitp-redujo-emisiones-de-pm-2-5-en-un-37.html HTTP/1.1" 200 925
172.22.2.4 - - [16/Apr/2023:13:43:54 -0500] "HEAD /BLA/boletinlegal/ HTTP/1.1" 200 -
216.245.221.92 - - [16/Apr/2023:13:45:39 -0500] "HEAD / HTTP/1.1" 200 -
204.199.87.116 - - [16/Apr/2023:13:46:10 -0500] "GET /galeria/carrusel/Carrusel/jquery.thumbnailScroller.css HTTP/1.1" 200 2066
204.199.87.116 - - [16/Apr/2023:13:46:10 -0500] "GET /galeria/carrusel/Carrusel/jquery-ui-1.8.13.custom.min.js HTTP/1.1" 200 10800
204.199.87.116 - - [16/Apr/2023:13:46:10 -0500] "GET /galeria/carrusel/Carrusel/jquery.thumbnailScroller.js HTTP/1.1" 200 8157
204.199.87.116 - - [16/Apr/2023:13:46:10 -0500] "GET /galeria/nivo-slider/demo/banner.html HTTP/1.1" 200 5446
204.199.87.116 - - [16/Apr/2023:13:46:11 -0500] "GET /galeria/nivo-slider/themes/default/default.css HTTP/1.1" 200 1569
204.199.87.116 - - [16/Apr/2023:13:46:11 -0500] "GET /galeria/nivo-slider/themes/pascal/pascal.css HTTP/1.1" 200 2258
204.199.87.116 - - [16/Apr/2023:13:46:11 -0500] "GET /galeria/nivo-slider/themes/orman/orman.css HTTP/1.1" 200 2152
204.199.87.116 - - [16/Apr/2023:13:46:11 -0500] "GET /galeria/nivo-slider/nivo-slider.css HTTP/1.1" 200 1507
204.199.87.116 - - [16/Apr/2023:13:46:11 -0500] "GET /galeria/nivo-slider/demo/style.css HTTP/1.1" 200 2222
204.199.87.116 - - [16/Apr/2023:13:46:11 -0500] "GET /galeria/nivo-slider/demo/scripts/jquery-1.7.1.min.js HTTP/1.1" 200 93868
204.199.87.116 - - [16/Apr/2023:13:46:11 -0500] "GET /galeria/nivo-slider/demo/images/bannertrafico_optimized.jpg HTTP/1.1" 200 42578
204.199.87.116 - - [16/Apr/2023:13:46:11 -0500] "GET /galeria/nivo-slider/demo/images/bannertortuga_optimized.jpg HTTP/1.1" 200 39066
204.199.87.116 - - [16/Apr/2023:13:46:11 -0500] "GET /galeria/nivo-slider/demo/images/Bannermujeresquereverdecen.jpg HTTP/1.1" 200 46558
204.199.87.116 - - [16/Apr/2023:13:46:11 -0500] "GET /galeria/nivo-slider/jquery.nivo.slider.pack.js HTTP/1.1" 200 11561
204.199.87.116 - - [16/Apr/2023:13:46:11 -0500] "GET /galeria/nivo-slider/demo/images/4Simple_Slider.png HTTP/1.1" 200 11722
204.199.87.116 - - [16/Apr/2023:13:46:11 -0500] "GET /galeria/nivo-slider/themes/default/loading.gif HTTP/1.1" 200 1737
204.199.87.116 - - [16/Apr/2023:13:46:11 -0500] "GET /galeria/nivo-slider/demo/images/Bannersedeelectronica.jpg HTTP/1.1" 200 40383
204.199.87.116 - - [16/Apr/2023:13:46:11 -0500] "GET /galeria/nivo-slider/demo/images/bannerrutaesperanza.jpg HTTP/1.1" 200 55560
204.199.87.116 - - [16/Apr/2023:13:46:12 -0500] "GET /galeria/nivo-slider/demo/images/banneraire2021.jpg HTTP/1.1" 200 265101
204.199.87.116 - - [16/Apr/2023:13:46:12 -0500] "GET /galeria/nivo-slider/demo/images/Bannerplasticosseptiembre.jpg HTTP/1.1" 200 45633
204.199.87.116 - - [16/Apr/2023:13:46:12 -0500] "GET /galeria/nivo-slider/demo/images/bannerresiduoshospitalariosagosto.jpg HTTP/1.1" 200 36499
204.199.87.116 - - [16/Apr/2023:13:46:12 -0500] "GET /galeria/nivo-slider/demo/images/banneraccionpopularcrr68.jpg HTTP/1.1" 200 51887
204.199.87.116 - - [16/Apr/2023:13:46:12 -0500] "GET /galeria/nivo-slider/demo/images/banneraccionpopular.jpeg HTTP/1.1" 200 41707
204.199.87.116 - - [16/Apr/2023:13:46:12 -0500] "GET /galeria/nivo-slider/demo/images/bannerclases2021.jpg HTTP/1.1" 200 68230
204.199.87.116 - - [16/Apr/2023:13:46:12 -0500] "GET /galeria/nivo-slider/demo/images/bannercapacitacionesbogota.jpg HTTP/1.1" 200 42416
204.199.87.116 - - [16/Apr/2023:13:46:12 -0500] "GET /galeria/nivo-slider/demo/images/Bannerenvases.jpg HTTP/1.1" 200 37316
204.199.87.116 - - [16/Apr/2023:13:46:12 -0500] "GET /galeria/nivo-slider/demo/images/Bannervirtualescanales.jpg HTTP/1.1" 200 174544
204.199.87.116 - - [16/Apr/2023:13:46:13 -0500] "GET /galeria/nivo-slider/themes/default/arrows.png HTTP/1.1" 200 824
204.199.87.116 - - [16/Apr/2023:13:46:13 -0500] "GET /galeria/nivo-slider/themes/default/bullets.png HTTP/1.1" 200 1281
172.22.2.4 - - [16/Apr/2023:13:44:45 -0500] "GET /BLA/boletinlegal/ HTTP/1.1" 200 57151
201.245.192.253 - - [16/Apr/2023:13:46:38 -0500] "POST /kwsrmcab/Wsrmcab  HTTP/1.1" 200 43322
185.119.81.96 - - [16/Apr/2023:13:46:56 -0500] "GET /portaldeninos/wp-login.php HTTP/1.1" 200 2592
185.119.81.96 - - [16/Apr/2023:13:46:57 -0500] "POST /portaldeninos/wp-login.php HTTP/1.1" 200 3605
66.249.70.168 - - [16/Apr/2023:13:48:56 -0500] "-" 408 -
216.245.221.92 - - [16/Apr/2023:13:50:39 -0500] "HEAD / HTTP/1.1" 200 -
172.22.2.4 - - [16/Apr/2023:13:49:44 -0500] "HEAD /BLA/boletinlegal/ HTTP/1.1" 200 -
201.245.192.253 - - [16/Apr/2023:13:51:38 -0500] "POST /kwsrmcab/Wsrmcab  HTTP/1.1" 200 43322
172.22.2.4 - - [16/Apr/2023:13:50:35 -0500] "GET /BLA/boletinlegal/ HTTP/1.1" 200 53561
216.245.221.92 - - [16/Apr/2023:13:55:39 -0500] "HEAD / HTTP/1.1" 200 -
201.245.192.253 - - [16/Apr/2023:13:56:37 -0500] "POST /kwsrmcab/Wsrmcab  HTTP/1.1" 200 43322
172.22.2.4 - - [16/Apr/2023:13:55:34 -0500] "HEAD /BLA/boletinlegal/ HTTP/1.1" 200 -
186.80.52.163 - - [16/Apr/2023:13:57:30 -0500] "GET /BLA/resoluciones/ HTTP/1.1" 200 13502
186.80.52.163 - - [16/Apr/2023:13:57:32 -0500] "GET /BLA/resoluciones/index.php?dir=AUTOS+2021%2F HTTP/1.1" 200 397565
172.22.2.4 - - [16/Apr/2023:13:56:25 -0500] "GET /BLA/boletinlegal/ HTTP/1.1" 200 57945
45.12.147.2 - - [16/Apr/2023:13:58:20 -0500] "GET http://azenv.net/ HTTP/1.1" 200 319
191.102.197.17 - - [16/Apr/2023:13:59:07 -0500] "GET /kwssiamovil/sm/acme/u?s=U2FsdGVkX1/GNk+5FZJEfqysHrBM4dIngfkdbzK3jbEZaCQlXzhp48LowYdKDfgKKhhkN77XQx663ixPDP6ghnbwNc7JUEMErf2K9EXJ01KMy2OE5744clnf/05meqYpkIhb4HjoK652x56GzzjmtN4wFwUnZqu/2ZE4J+LZdmQ=&u=U2FsdGVkX1/xTtezk/+wRVYOeqMq+foc2shyBSHZlWU=&y=U2FsdGVkX1/bQXR9Olu3/rnDsL/UJJa31dc5OEE73bU= HTTP/1.1" 200 60
191.102.197.17 - - [16/Apr/2023:13:59:53 -0500] "GET /kwssiamovil/sm/ldap/au?x=U2FsdGVkX1/g3rGP9WF2THAWNgsFN9lb1pEy1JvyZzCxpfC+WWIPB4mwOFeGZpaT&y=U2FsdGVkX19pU0QB4Yq9SIjEENIFcH6ZY6ZpJodbHN0= HTTP/1.1" 200 30
191.102.197.17 - - [16/Apr/2023:13:59:53 -0500] "GET /kwssiamovil/sm/acme/s?s=U2FsdGVkX1/WtdFtFMrtYNzyALQ1fCmNjxKEuHMUouakD/NoLrMhMljhvdbB2MA7CVdgreGjE/EAOvoG7OAIVVEvgcwKNa81N5PRNdQE0ac=&u=U2FsdGVkX1/YxGThI+io3zFR8knelplYS5bOuCTEyeE=&y=U2FsdGVkX19pU0QB4Yq9SIjEENIFcH6ZY6ZpJodbHN0= HTTP/1.1" 200 97
191.102.197.17 - - [16/Apr/2023:13:59:53 -0500] "GET /kwssiamovil/sm/acme/s?s=U2FsdGVkX181pkUqvjKmLrE5FGRQZluvdkavhqjrG6Xh58783oQ3bP6s0vxd3tqiOHgHvH+gva9BTfxctyvL7BR8DCxCW6uioye62e9oI1pTtJJ9ja9MCcHmB45s3YS9ao5C+IXa1O2/ecOAATUuGBfZlgl+ghmdPYJ/5E0yFDD28UjWqnCcanVFDxYsSFGJ+GVA/993/ZS5199Zd4zib6pPbzjUD8Rg1lZzEbmxBV83gpw0Qr7G5W6uBYjC/NdomdFn2dXDVY11pTFYrr5XwkTZL+Y7f8eSmZwIfEuRNJ7T7Yq/Vd2KkUkAV+5uye+xMc5YOR+yF3In34OWGXBzT0ViY/Y7Ixec5prP0hppFmkX+RIiB9oNYNejOVp6syA+shSu4xueqNc88j0TND7cV+GSPGCQTpKdwVbf/BBPuVhkHA2U84531lY8ms9pzAJeMPteAjLRzxPjTohS21wt6MgMbLWloeNArkfBlicOWSntd0Y6Gjx7v7kTJVt/mdKAR2LxyQyH/Gz6jWssXyiIfHWJyT59GQdoX9zXOKNEVyd1mU4TMdkG3ZiJptxN8m/eTdz+eSIhIzA0lIYDB8cGLdk/MvV/WOFuKyniaIN4Um4xg1bx9TVWZQis1PrWW8JP+vHR9RaXxU8/YnybKILbrkNx3cWaEmI4go+XKODanq1CYHO5KLoDmuhi/Ip1EmzBk5QzlObj6B2kWEaeVV91hIAGPUoXTGRGa/C6RXpVBwY35mgwJZnw1xU1u6JMXIm0LVKkk5zR8+9Qw0q+Fknzz/vSOuD8QVU35V/tj6Q+si64FA19t3W3lCBNt4Err+kuZlJqTL3XpAfEniMzxEVZTqEJdYbwmaUqaouztUJr5dlvdKHyaJ10iqw2anLrrd0XqO9I05i5mcBWb4F+LJ0U8e/z4nFnXtXRG69B4/Xs9MbpeK1ilCygbd5yfXj+P4vA4hD+QhoA654CKW/8sP5MHI7u/iOJmM0p/+PHp0oMlHb2QQxkyhAQIOaqXMb2QjqmU2JfRkzQHdtjlBpIg6Wl2aLJfCpKORcibTJMji1YfVCr98+BWnCIjF8ADA3jc20KXWp9W/Y6bXnOoQdnodMKCPz1o/JXt4eB4G50Tdvt26yF6aBJ6KqAbcAbiMliioMjqvTI4Pl/y0TUpTNhjKqHRjOT7HFvhOTxbRDE/tGXxsCfCn3nyT0ZETsKQIGTnWjPnI+sy/nd2Xt5IQl+CQ0jIJb1fFTaWqOI0NelvrVdYRo4v3MLJcShARtOClGFXDldkvoS9HEGDH0duNk/K8W0jEGPaAvUKJgmFsRhZYkaohj+V05tpuaht0aswvWV0dNSaj2bYKsIZZKUv+bw5L+gdchBAswsL7yrl9hk+wzPm+R19tZnc3bhkNbamCfiCLpsYZjcd/Myp2pNAhFnxuLpYL2m5f7CyEINXwqXoYYKJ7U=&u=U2FsdGVkX1/YxGThI+io3zFR8knelplYS5bOuCTEyeE=&y=U2FsdGVkX19pU0QB4Yq9SIjEENIFcH6ZY6ZpJodbHN0= HTTP/1.1" 200 2113
191.102.197.17 - - [16/Apr/2023:13:59:53 -0500] "GET /kwssiamovil/sm/acme/s?s=U2FsdGVkX19nqQaLuIPw4ayyVRFOChF37wo65Sap+JhXO1v5Ig4NbfA3aT9/niVzQmzHs3ssUP+rzc1wEe6kKatoZL5+nLS5vxz1Hyz9K3Pi06Tp/SWJvFo49hmWY6uDzoUOISvlROalT+fB4hzYKbp3Piy8AM2ZyKj0Q9R9CyK97Qa2T+OImo4yGIqT1LrQc0kSvnKIhSHRBu82eX4Kk4aPqrUQ0dIy3I1nHT7kjL5AjjQHgu7we5SODpso309LdEmQ/ck4XwQw9iwn6vAOjhePk7aLgHgWCnSSPhAx5K9Ub/6Sx2uQUzVQayIoc7nJQkKBtfCi/H6zRAcC5oI+PA==&u=U2FsdGVkX1/YxGThI+io3zFR8knelplYS5bOuCTEyeE=&y=U2FsdGVkX19pU0QB4Yq9SIjEENIFcH6ZY6ZpJodbHN0= HTTP/1.1" 200 196
191.102.197.17 - - [16/Apr/2023:13:59:54 -0500] "GET /kwssiamovil/sm/cjson/pre?f=1&x=U2FsdGVkX1/g3rGP9WF2THAWNgsFN9lb1pEy1JvyZzCxpfC+WWIPB4mwOFeGZpaT HTTP/1.1" 200 31032
168.119.252.253 - - [16/Apr/2023:14:00:07 -0500] "GET / HTTP/1.1" 200 319
168.119.252.253 - - [16/Apr/2023:14:00:09 -0500] "GET / HTTP/1.1" 200 4720
216.245.221.92 - - [16/Apr/2023:14:00:39 -0500] "HEAD / HTTP/1.1" 200 -
201.245.192.253 - - [16/Apr/2023:14:01:36 -0500] "POST /kwsrmcab/Wsrmcab  HTTP/1.1" 200 43322
191.102.197.17 - - [16/Apr/2023:14:02:11 -0500] "GET /kwssiamovil/sm/ldap/au?x=U2FsdGVkX1+5d2rW+tuaLipfoIMoYvs2qJ6/m3lt4tA3UAJfW+y5Vsuj1tHN4HYp&y=U2FsdGVkX19SLKwgtss0OHYGO5BBqdn01q8u61CNglo= HTTP/1.1" 200 30
191.102.197.17 - - [16/Apr/2023:14:02:11 -0500] "GET /kwssiamovil/sm/acme/s?s=U2FsdGVkX18T4kT/X/Wmfr5PrwvbQFZUd+X9fF6mnLMD2ad+0PdDw4777txg26QkqZijtnn5ezF2IL1InzbWZ5Rd7KSMBEXSdhEur9LYaPM=&u=U2FsdGVkX1/3wnxrU2g9IT0GUmN0bGTk0nO/E8TvLyQ=&y=U2FsdGVkX19SLKwgtss0OHYGO5BBqdn01q8u61CNglo= HTTP/1.1" 200 97
191.102.197.17 - - [16/Apr/2023:14:02:11 -0500] "GET /kwssiamovil/sm/acme/s?s=U2FsdGVkX1+SXKgvx4bzUfvJ99c1aShs+qCZxiO12okmMS0qtW1JPzyTpOoSjJR0HfzNw3KvcwYVI9DuK96XghVreukh0mL0edhOQH1CzPl7DM7bXartVZjw0u4Z/7noV/unSI2Xp/yEzz5dJNDisdYEAywGjM9scqpsM9PmLKSu2FLXDCW8DowSFi8oWOQxJWQbthqeT29HJ/Mr2wyFCx2BKsv/Vu7O6+IyqRIA4AfW1kB+FBxuQynmxMizI5HWWEzJ1WAK1tje44yd7pz4YXhSBwBmtSCox+jnvWSgidgZk0NnA48Mb+rCYFqaWzJAXQljSA7acKgF6QjdnaAoapjEOptvWdjeoKzcFhKgnqYQ8aAFgQa0HhZByfUHvUsvm+SxxN+mE26h6eWslDljBAW2oTLG7gGztk/9KQsJV6HUsBs0Zkkt3DwET0QdgdtKsvqWg5wl8Zo1gbVnjHkVmm4JKkvjCCnpSniojVZVyojRrZhPqvwp1HHzV+lz8SH2mxJRULBQcIqW//aSre7NvoyqEQB4+TLFfZGQB4ooSEucom3mIt7HB2h502W4QKDVFqINwioo9z1Eq9qb2oZkw0DHTI8pYGJzPQrWxv98iydFKhsUjfSRczY3edZ/R7beyOWUcA9JJGaFTqmRdXDniOZHwJ2j7gn3CalcieLQeGA2NXH3AFNy2cdVauQnQtIyWrPpvGo8gDUwbLXmEZwBIUmNvIJC8qn/wW/5V0f4gOUaQTWSJ2CBdfMo5GNO13z+vT+6EdxifII8zdMz+VzPrr9Or16gWtO2DgJtjMcDLJGbFEh3WOAITJ8OamYWbv4/lqq/nc6xMlJu8gGFJHTzLVv1l2ssL0VFvJek8uW75BHrT/Ev89+puwjsa4XUhqUFrUsP27nrUprrCpYceR9rhsy83yD18ViSA802GN0UiFFiTUJSZ59yE2OwZkx3wpuK56tIlT2rONkQZLuRezIGEDjHkzrRAq+sojqMnQpD7CDXe7sD6tuhq331/TPlj2/EgPwjNMHh1gpu8uZgD+aXnHHiKs1Qm/YMBdu6PyjQY3MuhLf6T9u8SfU186hmrcFeNjyW49xEJFk4HIN4SG2IXML8aGWDmvOzPcJbBQ9WmNK8bUPdiRlOUBTjM+En90umm4uhyFWC4EHOxJJ28tLArc+eJwh/YpODuT/nZs5OLuywEQjYWB+dOdw2gltgBWeir+zgcybJIwVRPJL0TfkQZUehpp4AEtCkX7PIanU9X+WBPLHkXRmE+6SNOTKp0NOO2+5zfsAcV0zdSBkFfQZYWl22poAqSTaOtHlMOJgKPXHK3GR4+Ibq4DX0XsoML0lB8rwCV+NzQ6e2AJxnvW0z29C409805vLlJCijCxW3bwx0CdpYKgeMsUXDb0AmjHV2TXZfLNz0GQgNBtXSZoqYPzbBmro2FXm56ZftiScNeyg=&u=U2FsdGVkX1/3wnxrU2g9IT0GUmN0bGTk0nO/E8TvLyQ=&y=U2FsdGVkX19SLKwgtss0OHYGO5BBqdn01q8u61CNglo= HTTP/1.1" 200 2113
191.102.197.17 - - [16/Apr/2023:14:02:11 -0500] "GET /kwssiamovil/sm/acme/s?s=U2FsdGVkX18dB18hmMwDQnTnZeyzKRRblaRTqs/c8uLS6TiPDLEqGVH0ElX7413cRbhSV421K0JEZxrQq/Pb3B905RzauIk8+1fe2Bue1ihk4XQk/mTiPjy/m1kvV7BL6JgSS64bgn4HpEnFPWN995VVON4JSAM13OyO2U9ftZNXfrAKf9AoNBN++MIjwuvH6lxDp8EaUdwtpQShu0ftSoy/7s4SHdEKPV/C9QtbYiRw1xsYXTELpVDEHC3fJKmuJl4o+Xp6/EArkqQy8LQOjfQuU8Y3us2UNObu/jrMaIWeo1X9gIR31gqGn9LwP+WZhZ2goDWxF6L3xBOiR1/9Dw==&u=U2FsdGVkX1/3wnxrU2g9IT0GUmN0bGTk0nO/E8TvLyQ=&y=U2FsdGVkX19SLKwgtss0OHYGO5BBqdn01q8u61CNglo= HTTP/1.1" 200 196
191.102.197.17 - - [16/Apr/2023:14:02:11 -0500] "GET /kwssiamovil/sm/cjson/pre?f=1&x=U2FsdGVkX1+5d2rW+tuaLipfoIMoYvs2qJ6/m3lt4tA3UAJfW+y5Vsuj1tHN4HYp HTTP/1.1" 200 31032
172.22.2.4 - - [16/Apr/2023:14:01:24 -0500] "HEAD /BLA/boletinlegal/ HTTP/1.1" 200 -
186.155.15.56 - - [16/Apr/2023:14:03:15 -0500] "GET /BLA/resoluciones/index.php?dir=AUTOS+2015%2F HTTP/1.1" 200 581234
179.43.177.243 - - [16/Apr/2023:14:03:55 -0500] "GET / HTTP/1.1" 200 319
172.22.2.4 - - [16/Apr/2023:14:02:15 -0500] "GET /BLA/boletinlegal/ HTTP/1.1" 200 55571
186.102.37.251 - - [16/Apr/2023:14:04:24 -0500] "GET /galeria/galeria/jquery.fancybox.css?v=2.1.5 HTTP/1.1" 200 4895
186.102.37.251 - - [16/Apr/2023:14:04:24 -0500] "GET /BLA/boletinlegal/js/jquery.scrollShow.js HTTP/1.1" 200 4586
186.102.37.251 - - [16/Apr/2023:14:04:24 -0500] "GET /galeria/galeria/jquery.fancybox.js?v=2.1.5 HTTP/1.1" 200 48706
216.245.221.92 - - [16/Apr/2023:14:05:39 -0500] "HEAD / HTTP/1.1" 200 -
186.155.102.69 - - [16/Apr/2023:14:05:49 -0500] "GET /15-negocios-verdes-verificados-por-la-secretaria-de-ambiente-participan-en-la-feria-hecho-en-bogota.html HTTP/1.1" 200 1007
186.155.15.56 - - [16/Apr/2023:14:06:09 -0500] "GET /BLA/resoluciones/AUTOS%202015/3574.pdf HTTP/1.1" 200 561121
167.71.133.68 - - [16/Apr/2023:14:06:23 -0500] "GET /aaa9 HTTP/1.1" 404 1018
167.71.133.68 - - [16/Apr/2023:14:06:36 -0500] "GET /aab8 HTTP/1.1" 404 1018
201.245.192.253 - - [16/Apr/2023:14:06:35 -0500] "POST /kwsrmcab/Wsrmcab  HTTP/1.1" 200 43322
167.71.133.68 - - [16/Apr/2023:14:06:52 -0500] "GET / HTTP/1.1" 200 319
172.22.2.4 - - [16/Apr/2023:14:07:14 -0500] "HEAD /BLA/boletinlegal/ HTTP/1.1" 200 -
172.22.2.4 - - [16/Apr/2023:14:08:05 -0500] "GET /BLA/boletinlegal/ HTTP/1.1" 200 56287
40.77.167.94 - - [16/Apr/2023:14:10:14 -0500] "GET /appsia/controlador HTTP/1.1" 200 4799
172.22.2.4 - - [16/Apr/2023:14:10:23 -0500] "GET /BLA/boletinlegal/actos.php HTTP/1.1" 200 9682
216.245.221.92 - - [16/Apr/2023:14:10:39 -0500] "HEAD / HTTP/1.1" 200 -
66.249.73.51 - - [16/Apr/2023:14:11:35 -0500] "-" 408 -
201.245.192.253 - - [16/Apr/2023:14:11:34 -0500] "POST /kwsrmcab/Wsrmcab  HTTP/1.1" 200 43322
172.22.2.4 - - [16/Apr/2023:14:11:59 -0500] "GET /BLA/boletinlegal/Circulares/2018/Circular%20No.%2011%20del%2024%20de%20Septiembre%20de%202018.pdf HTTP/1.1" 200 169541
66.249.70.168 - - [16/Apr/2023:14:12:24 -0500] "-" 408 -
157.55.39.207 - - [16/Apr/2023:14:14:21 -0500] "GET /BLA/resoluciones/AUTOS%202021/2353.pdf HTTP/1.1" 304 -
172.22.2.4 - - [16/Apr/2023:14:13:04 -0500] "HEAD /BLA/boletinlegal/ HTTP/1.1" 200 -
185.119.81.106 - - [16/Apr/2023:14:15:01 -0500] "GET /portaldeninos/wp-login.php HTTP/1.1" 200 2592
185.119.81.106 - - [16/Apr/2023:14:15:02 -0500] "POST /portaldeninos/wp-login.php HTTP/1.1" 200 3605
172.22.2.4 - - [16/Apr/2023:14:13:55 -0500] "GET /BLA/boletinlegal/ HTTP/1.1" 200 53924
216.245.221.92 - - [16/Apr/2023:14:15:39 -0500] "HEAD / HTTP/1.1" 200 -
201.245.192.253 - - [16/Apr/2023:14:16:34 -0500] "POST /kwsrmcab/Wsrmcab  HTTP/1.1" 200 43322
172.22.2.4 - - [16/Apr/2023:14:17:04 -0500] "GET /BLA/boletinlegal/jurisprudencia/analisis/AnalisisT-095-16.docx HTTP/1.1" 200 20284
66.249.70.168 - - [16/Apr/2023:14:18:41 -0500] "-" 408 -
181.54.149.96 - - [16/Apr/2023:14:19:19 -0500] "GET /15-negocios-verdes-verificados-por-la-secretaria-de-ambiente-participan-en-la-feria-hecho-en-bogota.html HTTP/1.1" 200 1007
201.245.192.253 - - [16/Apr/2023:14:19:22 -0500] "POST /kwsrmcab/Wsrmcab HTTP/1.1" 200 42995
201.245.192.253 - - [16/Apr/2023:14:19:25 -0500] "POST /kwsrmcab/Wsrmcab HTTP/1.1" 200 39990
172.22.2.4 - - [16/Apr/2023:14:19:48 -0500] "GET /BLA/boletinlegal/jurisprudencia/analisis/AnalisisT-146-16.docx HTTP/1.1" 200 23021
172.22.2.4 - - [16/Apr/2023:14:19:49 -0500] "GET /BLA/boletinlegal/jurisprudencia/analisis/AnalisisT-146-16.docx HTTP/1.1" 200 23021
186.155.15.56 - - [16/Apr/2023:14:20:07 -0500] "GET /BLA/resoluciones/index.php?dir=AUTOS+2015%2F HTTP/1.1" 200 581234
186.155.15.56 - - [16/Apr/2023:14:20:23 -0500] "GET /BLA/resoluciones/AUTOS%202015/3581.pdf HTTP/1.1" 200 621709
172.22.2.4 - - [16/Apr/2023:14:18:54 -0500] "HEAD /BLA/boletinlegal/ HTTP/1.1" 200 -
216.245.221.92 - - [16/Apr/2023:14:20:39 -0500] "HEAD / HTTP/1.1" 200 -
172.22.2.4 - - [16/Apr/2023:14:19:45 -0500] "GET /BLA/boletinlegal/ HTTP/1.1" 200 58307
201.245.192.253 - - [16/Apr/2023:14:21:33 -0500] "POST /kwsrmcab/Wsrmcab  HTTP/1.1" 200 43322
170.78.40.172 - - [16/Apr/2023:14:22:14 -0500] "GET /la-secretaria-de-ambiente-ha-gestionado-14-5-toneladas-de-ropa-y-calzado-en-desuso.html?fbclid=IwAR3cbqD0Fn2g3TvzKt5EyMyxGfDaxc9IOt8Aaf3A7kahksLCtqGuW0YffIk HTTP/1.1" 200 869
176.118.160.24 - - [16/Apr/2023:14:22:33 -0500] "POST /boaform/admin/formLogin HTTP/1.1" 404 1186
172.22.2.4 - - [16/Apr/2023:14:25:10 -0500] "GET /BLA/boletinlegal/actos.php HTTP/1.1" 200 9682
185.119.81.96 - - [16/Apr/2023:14:25:28 -0500] "GET /portaldeninos/wp-login.php HTTP/1.1" 200 2592
185.119.81.96 - - [16/Apr/2023:14:25:29 -0500] "POST /portaldeninos/wp-login.php HTTP/1.1" 200 3650
216.245.221.92 - - [16/Apr/2023:14:25:39 -0500] "HEAD / HTTP/1.1" 200 -
172.22.2.4 - - [16/Apr/2023:14:25:45 -0500] "GET /BLA/boletinlegal/actos.php HTTP/1.1" 200 9682
173.252.127.7 - - [16/Apr/2023:14:26:09 -0500] "GET /images/negocios-verdes-mayo-2022.jpg HTTP/1.1" 200 48000
172.22.2.4 - - [16/Apr/2023:14:24:44 -0500] "HEAD /BLA/boletinlegal/ HTTP/1.1" 200 -
201.245.192.253 - - [16/Apr/2023:14:26:31 -0500] "POST /kwsrmcab/Wsrmcab  HTTP/1.1" 200 43322
172.22.2.4 - - [16/Apr/2023:14:25:35 -0500] "GET /BLA/boletinlegal/ HTTP/1.1" 200 57561
172.22.2.4 - - [16/Apr/2023:14:28:00 -0500] "GET /BLA/boletinlegal/actos.php HTTP/1.1" 200 9682
201.245.192.253 - - [16/Apr/2023:14:29:22 -0500] "POST /kwsrmcab/Wsrmcab HTTP/1.1" 200 42995
201.245.192.253 - - [16/Apr/2023:14:29:24 -0500] "POST /kwsrmcab/Wsrmcab HTTP/1.1" 200 39990
172.22.2.4 - - [16/Apr/2023:14:30:23 -0500] "GET /BLA/boletinlegal/actos.php HTTP/1.1" 200 9682
216.245.221.92 - - [16/Apr/2023:14:30:39 -0500] "HEAD / HTTP/1.1" 200 -
201.245.192.253 - - [16/Apr/2023:14:31:29 -0500] "POST /kwsrmcab/Wsrmcab  HTTP/1.1" 200 43322
172.22.2.4 - - [16/Apr/2023:14:30:34 -0500] "HEAD /BLA/boletinlegal/ HTTP/1.1" 200 -
172.22.2.4 - - [16/Apr/2023:14:31:25 -0500] "GET /BLA/boletinlegal/ HTTP/1.1" 200 44635
66.249.73.55 - - [16/Apr/2023:14:34:26 -0500] "-" 408 -
216.245.221.92 - - [16/Apr/2023:14:35:39 -0500] "HEAD / HTTP/1.1" 200 -
201.245.192.253 - - [16/Apr/2023:14:36:29 -0500] "POST /kwsrmcab/Wsrmcab  HTTP/1.1" 200 43322
172.22.2.4 - - [16/Apr/2023:14:36:24 -0500] "HEAD /BLA/boletinlegal/ HTTP/1.1" 200 -
186.86.33.43 - - [16/Apr/2023:14:38:54 -0500] "GET /galeria/galeria/jquery.fancybox.css?v=2.1.5 HTTP/1.1" 200 4895
186.86.33.43 - - [16/Apr/2023:14:38:54 -0500] "GET /BLA/boletinlegal/js/jquery.scrollShow.js HTTP/1.1" 200 4586
186.86.33.43 - - [16/Apr/2023:14:38:54 -0500] "GET /galeria/galeria/jquery.fancybox.js?v=2.1.5 HTTP/1.1" 200 48706
172.22.2.4 - - [16/Apr/2023:14:37:15 -0500] "GET /BLA/boletinlegal/ HTTP/1.1" 200 55221
201.245.192.253 - - [16/Apr/2023:14:39:22 -0500] "POST /kwsrmcab/Wsrmcab HTTP/1.1" 200 42995
201.245.192.253 - - [16/Apr/2023:14:39:25 -0500] "POST /kwsrmcab/Wsrmcab HTTP/1.1" 200 39990
34.147.4.96 - - [16/Apr/2023:14:40:05 -0500] "GET /inventario-de-emisiones-2020-transporte-publico-sitp-redujo-emisiones-de-pm-2-5-en-un-37.html HTTP/1.1" 200 925
216.245.221.92 - - [16/Apr/2023:14:40:39 -0500] "HEAD / HTTP/1.1" 200 -
186.155.15.56 - - [16/Apr/2023:14:40:41 -0500] "GET /BLA/resoluciones/ HTTP/1.1" 200 13502
40.77.167.213 - - [16/Apr/2023:14:40:42 -0500] "GET /forest/ HTTP/1.1" 200 12041
186.155.15.56 - - [16/Apr/2023:14:40:43 -0500] "GET /BLA/resoluciones/index.php?dir=AUTOS+2015%2F HTTP/1.1" 200 581234
186.155.15.56 - - [16/Apr/2023:14:40:51 -0500] "GET /BLA/resoluciones/AUTOS%202015/0075.pdf HTTP/1.1" 200 541471
40.77.167.94 - - [16/Apr/2023:14:40:58 -0500] "GET /sipse/faces/faces/autenticacion.xhtml HTTP/1.1" 200 12493
201.245.192.253 - - [16/Apr/2023:14:41:28 -0500] "POST /kwsrmcab/Wsrmcab  HTTP/1.1" 200 43322
172.22.2.4 - - [16/Apr/2023:14:41:31 -0500] "GET /BLA/boletinlegal/Directivas/2019/Directiva%20No.%200001%20del%2011%20de%20junio%20de%202019.pdf HTTP/1.1" 200 228190
66.249.73.51 - - [16/Apr/2023:14:41:35 -0500] "-" 408 -
173.252.83.10 - - [16/Apr/2023:14:43:14 -0500] "GET /necesitas-realizar-un-tramite-ambiental-acercate-a-la-feria-de-servicios-este-fin-de-semana-en-usaquen.html HTTP/1.1" 206 942
172.22.2.4 - - [16/Apr/2023:14:42:14 -0500] "HEAD /BLA/boletinlegal/ HTTP/1.1" 200 -
199.16.157.182 - - [16/Apr/2023:14:44:34 -0500] "GET /images/cronica-mujer-biodiveridad-30-noviembre.jpg HTTP/1.1" 200 63270
199.16.157.183 - - [16/Apr/2023:14:44:34 -0500] "GET /con-pinceles-y-acuarelas-veronica-martinez-protege-la-biodiversidad.html HTTP/1.1" 200 990
172.22.2.4 - - [16/Apr/2023:14:43:05 -0500] "GET /BLA/boletinlegal/ HTTP/1.1" 200 57561
172.22.2.4 - - [16/Apr/2023:14:45:11 -0500] "GET /BLA/boletinlegal/style.css HTTP/1.1" 200 9406
172.22.2.4 - - [16/Apr/2023:14:45:12 -0500] "GET /BLA/boletinlegal/styles2.css HTTP/1.1" 200 1838
172.22.2.4 - - [16/Apr/2023:14:45:12 -0500] "GET /BLA/boletinlegal/js/jquery.scrollShow.js HTTP/1.1" 200 4586
172.22.2.4 - - [16/Apr/2023:14:45:12 -0500] "GET /BLA/boletinlegal/js/jquery.js HTTP/1.1" 200 57254
172.22.2.4 - - [16/Apr/2023:14:45:12 -0500] "GET /BLA/boletinlegal/js/jquery.scrollTo-min.js HTTP/1.1" 200 1150
172.22.2.4 - - [16/Apr/2023:14:45:12 -0500] "GET /BLA/boletinlegal/images/cabezote%20BLEGAL.jpg HTTP/1.1" 200 118164
172.22.2.4 - - [16/Apr/2023:14:45:12 -0500] "GET /BLA/boletinlegal/images/subscribe-icon-big.png HTTP/1.1" 200 47702
172.22.2.4 - - [16/Apr/2023:14:45:12 -0500] "GET /BLA/boletinlegal/images/arr_l.jpg HTTP/1.1" 200 1979
172.22.2.4 - - [16/Apr/2023:14:45:12 -0500] "GET /BLA/boletinlegal/images/historia.png HTTP/1.1" 200 52775
172.22.2.4 - - [16/Apr/2023:14:45:12 -0500] "GET /BLA/boletinlegal/images/registro-usuarios.png HTTP/1.1" 200 8106
172.22.2.4 - - [16/Apr/2023:14:45:12 -0500] "GET /BLA/boletinlegal/images/screen_1.png HTTP/1.1" 200 202547
172.22.2.4 - - [16/Apr/2023:14:45:12 -0500] "GET /BLA/boletinlegal/images/launch.jpg HTTP/1.1" 200 14577
172.22.2.4 - - [16/Apr/2023:14:45:12 -0500] "GET /BLA/boletinlegal/images/body_bg.jpg HTTP/1.1" 200 1601
172.22.2.4 - - [16/Apr/2023:14:45:12 -0500] "GET /BLA/boletinlegal/images/menu_lft.gif HTTP/1.1" 200 1713
172.22.2.4 - - [16/Apr/2023:14:45:12 -0500] "GET /BLA/boletinlegal/images/bg_top.jpg HTTP/1.1" 200 522
172.22.2.4 - - [16/Apr/2023:14:45:12 -0500] "GET /BLA/boletinlegal/images/menu_rght.gif HTTP/1.1" 200 1627
172.22.2.4 - - [16/Apr/2023:14:45:13 -0500] "GET /BLA/boletinlegal/images/hover.jpg HTTP/1.1" 200 640
172.22.2.4 - - [16/Apr/2023:14:45:13 -0500] "GET /BLA/boletinlegal/images/menu_bg.jpg HTTP/1.1" 200 620
172.22.2.4 - - [16/Apr/2023:14:45:13 -0500] "GET /BLA/boletinlegal/images/text.jpg HTTP/1.1" 200 568
172.22.2.4 - - [16/Apr/2023:14:45:15 -0500] "GET /BLA/boletinlegal/actos.php HTTP/1.1" 200 9682
172.22.2.4 - - [16/Apr/2023:14:45:19 -0500] "GET /BLA/boletinlegal/js/ajax_actos.js HTTP/1.1" 200 1322
172.22.2.4 - - [16/Apr/2023:14:45:19 -0500] "GET /BLA/boletinlegal/niceforms-default.css HTTP/1.1" 200 6694
172.22.2.4 - - [16/Apr/2023:14:45:19 -0500] "GET /BLA/boletinlegal/niceforms.js HTTP/1.1" 200 22876
172.22.2.4 - - [16/Apr/2023:14:45:19 -0500] "GET /BLA/boletinlegal/js/lib.js HTTP/1.1" 200 6474
172.22.2.4 - - [16/Apr/2023:14:45:19 -0500] "GET /BLA/boletinlegal/js/popup.js HTTP/1.1" 200 1270
172.22.2.4 - - [16/Apr/2023:14:45:19 -0500] "GET /BLA/boletinlegal/js/jquery1.js HTTP/1.1" 200 29846
172.22.2.4 - - [16/Apr/2023:14:45:19 -0500] "GET /BLA/boletinlegal/images/green-yellow-blue-pink-th.png HTTP/1.1" 200 7394
172.22.2.4 - - [16/Apr/2023:14:45:19 -0500] "GET /BLA/boletinlegal/images/tel.png HTTP/1.1" 200 14477
172.22.2.4 - - [16/Apr/2023:14:45:20 -0500] "GET /BLA/boletinlegal/images/icono-email.png HTTP/1.1" 200 5544
172.22.2.4 - - [16/Apr/2023:14:45:20 -0500] "GET /BLA/boletinlegal/images/footer_bg.jpg HTTP/1.1" 200 586
172.22.2.4 - - [16/Apr/2023:14:45:21 -0500] "GET /BLA/boletinlegal/images/footer_bg_l.jpg HTTP/1.1" 200 776
172.22.2.4 - - [16/Apr/2023:14:45:21 -0500] "GET /BLA/boletinlegal/img/0.png HTTP/1.1" 200 110
172.22.2.4 - - [16/Apr/2023:14:45:21 -0500] "GET /BLA/boletinlegal/img/select-left.png HTTP/1.1" 200 263
172.22.2.4 - - [16/Apr/2023:14:45:21 -0500] "GET /BLA/boletinlegal/img/select-right.png HTTP/1.1" 200 44019
172.22.2.4 - - [16/Apr/2023:14:45:21 -0500] "GET /BLA/boletinlegal/img/button-left.png HTTP/1.1" 200 57071
172.22.2.4 - - [16/Apr/2023:14:45:21 -0500] "GET /BLA/boletinlegal/img/button.png HTTP/1.1" 200 43241
172.22.2.4 - - [16/Apr/2023:14:45:21 -0500] "GET /BLA/boletinlegal/img/button-right.png HTTP/1.1" 200 57878
172.22.2.4 - - [16/Apr/2023:14:45:21 -0500] "GET /BLA/boletinlegal/favicon.ico HTTP/1.1" 404 1326
191.111.15.45 - - [16/Apr/2023:14:45:24 -0500] "GET /BLA/resoluciones/ HTTP/1.1" 200 13502
191.111.15.45 - - [16/Apr/2023:14:45:25 -0500] "GET /BLA/resoluciones/dlf/folder.png HTTP/1.1" 200 410
191.111.15.45 - - [16/Apr/2023:14:45:28 -0500] "GET /BLA/resoluciones/index.php?dir=AUTOS+2022%2F HTTP/1.1" 200 473234
216.245.221.92 - - [16/Apr/2023:14:45:39 -0500] "HEAD / HTTP/1.1" 200 -
172.22.2.4 - - [16/Apr/2023:14:45:11 -0500] "GET /BLA/boletinlegal/ HTTP/1.1" 200 28619
66.249.70.172 - - [16/Apr/2023:14:46:14 -0500] "-" 408 -
201.245.192.253 - - [16/Apr/2023:14:46:27 -0500] "POST /kwsrmcab/Wsrmcab  HTTP/1.1" 200 43322
148.153.255.20 - - [16/Apr/2023:14:48:29 -0500] "-" 408 -
172.22.2.4 - - [16/Apr/2023:14:48:04 -0500] "HEAD /BLA/boletinlegal/ HTTP/1.1" 200 -
148.153.115.84 - - [16/Apr/2023:14:50:14 -0500] "-" 408 -
201.108.200.246 - - [16/Apr/2023:14:50:18 -0500] "GET /galeria/galeria/jquery.fancybox.css?v=2.1.5 HTTP/1.1" 200 4895
