181.53.13.61 - - [18/Apr/2023:03:09:56 -0500] "GET /sipse/faces/javax.faces.resource/theme.css?ln=primefaces-sipse HTTP/1.1" 304 -
181.53.13.61 - - [18/Apr/2023:03:09:56 -0500] "GET /sipse/faces/javax.faces.resource/primefaces.css?ln=primefaces&v=4.0 HTTP/1.1" 304 -
181.53.13.61 - - [18/Apr/2023:03:09:56 -0500] "GET /sipse/faces/javax.faces.resource/layout/layout.css?ln=primefaces&v=4.0 HTTP/1.1" 304 -
181.53.13.61 - - [18/Apr/2023:03:09:56 -0500] "GET /sipse/js/jquery.min.js HTTP/1.1" 304 -
181.53.13.61 - - [18/Apr/2023:03:09:56 -0500] "GET /sipse/faces/javax.faces.resource/jquery/jquery.js?ln=primefaces&v=4.0 HTTP/1.1" 304 -
181.53.13.61 - - [18/Apr/2023:03:09:56 -0500] "GET /sipse/faces/javax.faces.resource/jquery/jquery-plugins.js?ln=primefaces&v=4.0 HTTP/1.1" 304 -
181.53.13.61 - - [18/Apr/2023:03:09:56 -0500] "GET /sipse/faces/javax.faces.resource/primefaces.js?ln=primefaces&v=4.0 HTTP/1.1" 304 -
181.53.13.61 - - [18/Apr/2023:03:09:56 -0500] "GET /sipse/faces/javax.faces.resource/layout/layout.js?ln=primefaces&v=4.0 HTTP/1.1" 304 -
181.53.13.61 - - [18/Apr/2023:03:09:57 -0500] "GET /sipse/imagenes/cargando.gif HTTP/1.1" 304 -
181.53.13.61 - - [18/Apr/2023:03:09:57 -0500] "GET /sipse/imagenes/logoAplicacion.jpg HTTP/1.1" 304 -
181.53.13.61 - - [18/Apr/2023:03:09:57 -0500] "GET /sipse/css/imagen/contrasena.png HTTP/1.1" 404 383
181.53.13.61 - - [18/Apr/2023:03:09:59 -0500] "GET /sipse/faces/javax.faces.resource/images/ui-bg_flat_0_2d5972_40x100.png?ln=primefaces-aristo HTTP/1.1" 304 -
181.53.13.61 - - [18/Apr/2023:03:09:59 -0500] "POST /sipse/faces/bienvenido.xhtml HTTP/1.1" 200 2658
181.53.13.61 - - [18/Apr/2023:03:10:00 -0500] "POST /sipse/faces/bienvenido.xhtml HTTP/1.1" 200 64944
181.53.13.61 - - [18/Apr/2023:03:10:02 -0500] "GET /sipse/faces/javax.faces.resource/theme.css?ln=primefaces-sipse HTTP/1.1" 304 -
181.53.13.61 - - [18/Apr/2023:03:10:02 -0500] "GET /sipse/faces/javax.faces.resource/layout/layout.css?ln=primefaces&v=4.0 HTTP/1.1" 304 -
181.53.13.61 - - [18/Apr/2023:03:10:02 -0500] "GET /sipse/faces/javax.faces.resource/jquery/jquery.js?ln=primefaces&v=4.0 HTTP/1.1" 304 -
181.53.13.61 - - [18/Apr/2023:03:10:02 -0500] "GET /sipse/faces/javax.faces.resource/primefaces.css?ln=primefaces&v=4.0 HTTP/1.1" 304 -
181.53.13.61 - - [18/Apr/2023:03:10:02 -0500] "GET /sipse/faces/javax.faces.resource/jquery/jquery-plugins.js?ln=primefaces&v=4.0 HTTP/1.1" 304 -
181.53.13.61 - - [18/Apr/2023:03:10:02 -0500] "GET /sipse/faces/javax.faces.resource/primefaces.js?ln=primefaces&v=4.0 HTTP/1.1" 304 -
181.53.13.61 - - [18/Apr/2023:03:10:02 -0500] "GET /sipse/faces/javax.faces.resource/layout/layout.js?ln=primefaces&v=4.0 HTTP/1.1" 304 -
181.53.13.61 - - [18/Apr/2023:03:10:03 -0500] "POST /sipse/faces/presentacion/financiero/solicitudProceso/listarSolicitudProceso.xhtml HTTP/1.1" 200 1560
181.53.13.61 - - [18/Apr/2023:03:10:06 -0500] "POST /sipse/faces/presentacion/financiero/solicitudProceso/listarSolicitudProceso.xhtml HTTP/1.1" 200 14357
181.53.13.61 - - [18/Apr/2023:03:10:09 -0500] "POST /sipse/faces/presentacion/financiero/solicitudProceso/listarSolicitudProceso.xhtml HTTP/1.1" 200 15429
181.53.13.61 - - [18/Apr/2023:03:10:12 -0500] "POST /sipse/faces/presentacion/financiero/solicitudProceso/listarSolicitudProceso.xhtml HTTP/1.1" 200 40788
181.53.13.61 - - [18/Apr/2023:03:10:13 -0500] "GET /sipse/faces/javax.faces.resource/theme.css?ln=primefaces-sipse HTTP/1.1" 304 -
181.53.13.61 - - [18/Apr/2023:03:10:13 -0500] "GET /sipse/faces/javax.faces.resource/jquery/jquery.js?ln=primefaces&v=4.0 HTTP/1.1" 304 -
181.53.13.61 - - [18/Apr/2023:03:10:13 -0500] "GET /sipse/faces/javax.faces.resource/primefaces.css?ln=primefaces&v=4.0 HTTP/1.1" 304 -
181.53.13.61 - - [18/Apr/2023:03:10:13 -0500] "GET /sipse/faces/javax.faces.resource/layout/layout.css?ln=primefaces&v=4.0 HTTP/1.1" 304 -
181.53.13.61 - - [18/Apr/2023:03:10:13 -0500] "GET /sipse/faces/javax.faces.resource/jquery/jquery-plugins.js?ln=primefaces&v=4.0 HTTP/1.1" 304 -
181.53.13.61 - - [18/Apr/2023:03:10:13 -0500] "GET /sipse/faces/javax.faces.resource/primefaces.js?ln=primefaces&v=4.0 HTTP/1.1" 304 -
181.53.13.61 - - [18/Apr/2023:03:10:13 -0500] "GET /sipse/faces/javax.faces.resource/layout/layout.js?ln=primefaces&v=4.0 HTTP/1.1" 304 -
181.53.13.61 - - [18/Apr/2023:03:10:13 -0500] "POST /sipse/faces/presentacion/financiero/solicitudProceso/consultar.xhtml HTTP/1.1" 200 34137
181.53.13.61 - - [18/Apr/2023:03:10:18 -0500] "POST /sipse/faces/presentacion/financiero/solicitudProceso/consultar.xhtml HTTP/1.1" 200 12942
181.53.13.61 - - [18/Apr/2023:03:10:24 -0500] "POST /sipse/faces/presentacion/financiero/solicitudProceso/consultar.xhtml HTTP/1.1" 200 123077
181.53.13.61 - - [18/Apr/2023:03:10:26 -0500] "GET /sipse/faces/javax.faces.resource/theme.css?ln=primefaces-sipse HTTP/1.1" 304 -
181.53.13.61 - - [18/Apr/2023:03:10:26 -0500] "GET /sipse/faces/javax.faces.resource/primefaces.css?ln=primefaces&v=4.0 HTTP/1.1" 304 -
181.53.13.61 - - [18/Apr/2023:03:10:26 -0500] "GET /sipse/faces/javax.faces.resource/layout/layout.css?ln=primefaces&v=4.0 HTTP/1.1" 304 -
181.53.13.61 - - [18/Apr/2023:03:10:26 -0500] "GET /sipse/faces/javax.faces.resource/jquery/jquery.js?ln=primefaces&v=4.0 HTTP/1.1" 304 -
181.53.13.61 - - [18/Apr/2023:03:10:26 -0500] "GET /sipse/faces/javax.faces.resource/jquery/jquery-plugins.js?ln=primefaces&v=4.0 HTTP/1.1" 304 -
181.53.13.61 - - [18/Apr/2023:03:10:26 -0500] "GET /sipse/faces/javax.faces.resource/primefaces.js?ln=primefaces&v=4.0 HTTP/1.1" 304 -
181.53.13.61 - - [18/Apr/2023:03:10:26 -0500] "GET /sipse/faces/javax.faces.resource/layout/layout.js?ln=primefaces&v=4.0 HTTP/1.1" 304 -
181.53.13.61 - - [18/Apr/2023:03:10:38 -0500] "POST /sipse/faces/presentacion/financiero/solicitudProceso/consultarSolicitudProceso.xhtml HTTP/1.1" 200 164985
216.245.221.92 - - [18/Apr/2023:03:11:34 -0500] "HEAD / HTTP/1.1" 200 -
172.22.2.4 - - [18/Apr/2023:03:10:51 -0500] "HEAD /BLA/boletinlegal/ HTTP/1.1" 200 -
181.53.13.61 - - [18/Apr/2023:03:12:34 -0500] "POST /sipse/faces/presentacion/financiero/solicitudProceso/consultarSolicitudProceso.xhtml HTTP/1.1" 200 43959
181.53.13.61 - - [18/Apr/2023:03:12:36 -0500] "GET /sipse/faces/javax.faces.resource/primefaces.css?ln=primefaces&v=4.0 HTTP/1.1" 304 -
181.53.13.61 - - [18/Apr/2023:03:12:36 -0500] "GET /sipse/faces/javax.faces.resource/theme.css?ln=primefaces-sipse HTTP/1.1" 304 -
181.53.13.61 - - [18/Apr/2023:03:12:36 -0500] "GET /sipse/faces/javax.faces.resource/layout/layout.css?ln=primefaces&v=4.0 HTTP/1.1" 304 -
181.53.13.61 - - [18/Apr/2023:03:12:36 -0500] "GET /sipse/faces/javax.faces.resource/jquery/jquery.js?ln=primefaces&v=4.0 HTTP/1.1" 304 -
181.53.13.61 - - [18/Apr/2023:03:12:36 -0500] "GET /sipse/faces/javax.faces.resource/jquery/jquery-plugins.js?ln=primefaces&v=4.0 HTTP/1.1" 304 -
181.53.13.61 - - [18/Apr/2023:03:12:36 -0500] "GET /sipse/faces/javax.faces.resource/primefaces.js?ln=primefaces&v=4.0 HTTP/1.1" 304 -
181.53.13.61 - - [18/Apr/2023:03:12:36 -0500] "GET /sipse/faces/javax.faces.resource/layout/layout.js?ln=primefaces&v=4.0 HTTP/1.1" 304 -
181.53.13.61 - - [18/Apr/2023:03:12:37 -0500] "POST /sipse/faces/presentacion/financiero/solicitudProceso/consultar.xhtml HTTP/1.1" 200 37308
181.53.13.61 - - [18/Apr/2023:03:12:37 -0500] "POST /sipse/faces/presentacion/financiero/solicitudProceso/consultar.xhtml HTTP/1.1" 200 37308
181.53.13.61 - - [18/Apr/2023:03:12:37 -0500] "POST /sipse/faces/presentacion/financiero/solicitudProceso/consultar.xhtml HTTP/1.1" 200 37308
181.53.13.61 - - [18/Apr/2023:03:12:45 -0500] "POST /sipse/faces/presentacion/financiero/solicitudProceso/consultar.xhtml HTTP/1.1" 200 12959
181.53.13.61 - - [18/Apr/2023:03:12:54 -0500] "POST /sipse/faces/presentacion/financiero/solicitudProceso/consultar.xhtml HTTP/1.1" 200 125821
181.53.13.61 - - [18/Apr/2023:03:12:55 -0500] "GET /sipse/faces/javax.faces.resource/theme.css?ln=primefaces-sipse HTTP/1.1" 304 -
181.53.13.61 - - [18/Apr/2023:03:12:55 -0500] "GET /sipse/faces/javax.faces.resource/layout/layout.css?ln=primefaces&v=4.0 HTTP/1.1" 304 -
181.53.13.61 - - [18/Apr/2023:03:12:55 -0500] "GET /sipse/faces/javax.faces.resource/jquery/jquery.js?ln=primefaces&v=4.0 HTTP/1.1" 304 -
181.53.13.61 - - [18/Apr/2023:03:12:55 -0500] "GET /sipse/faces/javax.faces.resource/primefaces.css?ln=primefaces&v=4.0 HTTP/1.1" 304 -
181.53.13.61 - - [18/Apr/2023:03:12:55 -0500] "GET /sipse/faces/javax.faces.resource/jquery/jquery-plugins.js?ln=primefaces&v=4.0 HTTP/1.1" 304 -
181.53.13.61 - - [18/Apr/2023:03:12:55 -0500] "GET /sipse/faces/javax.faces.resource/primefaces.js?ln=primefaces&v=4.0 HTTP/1.1" 304 -
181.53.13.61 - - [18/Apr/2023:03:12:56 -0500] "GET /sipse/faces/javax.faces.resource/layout/layout.js?ln=primefaces&v=4.0 HTTP/1.1" 304 -
192.133.77.15 - - [18/Apr/2023:03:13:05 -0500] "-" 408 -
181.53.13.61 - - [18/Apr/2023:03:13:10 -0500] "POST /sipse/faces/presentacion/financiero/solicitudProceso/consultarSolicitudProceso.xhtml HTTP/1.1" 200 161925
172.22.2.4 - - [18/Apr/2023:03:13:16 -0500] "GET /BLA/boletinlegal/owa/auth/x.js HTTP/1.1" 404 1018
172.22.2.4 - - [18/Apr/2023:03:11:42 -0500] "GET /BLA/boletinlegal/ HTTP/1.1" 200 53114
181.53.13.61 - - [18/Apr/2023:03:14:17 -0500] "POST /sipse/faces/presentacion/financiero/solicitudProceso/consultarSolicitudProceso.xhtml HTTP/1.1" 200 161925
201.245.192.253 - - [18/Apr/2023:03:14:35 -0500] "POST /kwsrmcab/Wsrmcab  HTTP/1.1" 200 43322
181.53.13.61 - - [18/Apr/2023:03:15:25 -0500] "POST /sipse/faces/presentacion/financiero/solicitudProceso/consultarSolicitudProceso.xhtml HTTP/1.1" 200 35079
181.53.13.61 - - [18/Apr/2023:03:15:26 -0500] "GET /sipse/faces/javax.faces.resource/theme.css?ln=primefaces-sipse HTTP/1.1" 304 -
181.53.13.61 - - [18/Apr/2023:03:15:26 -0500] "GET /sipse/faces/javax.faces.resource/primefaces.css?ln=primefaces&v=4.0 HTTP/1.1" 304 -
181.53.13.61 - - [18/Apr/2023:03:15:26 -0500] "GET /sipse/faces/javax.faces.resource/layout/layout.css?ln=primefaces&v=4.0 HTTP/1.1" 304 -
181.53.13.61 - - [18/Apr/2023:03:15:26 -0500] "GET /sipse/faces/javax.faces.resource/jquery/jquery.js?ln=primefaces&v=4.0 HTTP/1.1" 304 -
181.53.13.61 - - [18/Apr/2023:03:15:26 -0500] "GET /sipse/faces/javax.faces.resource/jquery/jquery-plugins.js?ln=primefaces&v=4.0 HTTP/1.1" 304 -
181.53.13.61 - - [18/Apr/2023:03:15:26 -0500] "GET /sipse/faces/javax.faces.resource/primefaces.js?ln=primefaces&v=4.0 HTTP/1.1" 304 -
181.53.13.61 - - [18/Apr/2023:03:15:26 -0500] "GET /sipse/faces/javax.faces.resource/layout/layout.js?ln=primefaces&v=4.0 HTTP/1.1" 304 -
181.53.13.61 - - [18/Apr/2023:03:15:27 -0500] "POST /sipse/faces/presentacion/financiero/solicitudProceso/listarSolicitudProceso.xhtml HTTP/1.1" 200 28402
181.53.13.61 - - [18/Apr/2023:03:15:28 -0500] "POST /sipse/faces/presentacion/financiero/solicitudProceso/listarSolicitudProceso.xhtml HTTP/1.1" 200 28402
181.53.13.61 - - [18/Apr/2023:03:15:28 -0500] "POST /sipse/faces/presentacion/financiero/solicitudProceso/listarSolicitudProceso.xhtml HTTP/1.1" 200 28402
181.53.13.61 - - [18/Apr/2023:03:15:29 -0500] "POST /sipse/faces/presentacion/financiero/solicitudProceso/listarSolicitudProceso.xhtml HTTP/1.1" 200 28402
181.53.13.61 - - [18/Apr/2023:03:15:30 -0500] "POST /sipse/faces/presentacion/financiero/solicitudProceso/listarSolicitudProceso.xhtml HTTP/1.1" 200 28402
181.53.13.61 - - [18/Apr/2023:03:15:31 -0500] "POST /sipse/faces/presentacion/financiero/solicitudProceso/listarSolicitudProceso.xhtml HTTP/1.1" 200 1376
181.53.13.61 - - [18/Apr/2023:03:15:31 -0500] "POST /sipse/faces/presentacion/financiero/solicitudProceso/listarSolicitudProceso.xhtml HTTP/1.1" 200 1380
181.53.13.61 - - [18/Apr/2023:03:15:32 -0500] "POST /sipse/faces/presentacion/financiero/solicitudProceso/listarSolicitudProceso.xhtml HTTP/1.1" 200 1380
181.53.13.61 - - [18/Apr/2023:03:15:32 -0500] "POST /sipse/faces/presentacion/financiero/solicitudProceso/listarSolicitudProceso.xhtml HTTP/1.1" 200 1380
181.53.13.61 - - [18/Apr/2023:03:15:33 -0500] "POST /sipse/faces/presentacion/financiero/solicitudProceso/listarSolicitudProceso.xhtml HTTP/1.1" 200 1380
181.53.13.61 - - [18/Apr/2023:03:15:34 -0500] "POST /sipse/faces/presentacion/financiero/solicitudProceso/listarSolicitudProceso.xhtml HTTP/1.1" 200 1380
40.77.167.245 - - [18/Apr/2023:03:16:04 -0500] "GET /dia-mundial-del-agua-2023-programate-para-participar-en-estas-actividades-de-educacion-ambiental.html HTTP/1.1" 200 903
181.53.13.61 - - [18/Apr/2023:03:16:29 -0500] "POST /sipse/faces/presentacion/financiero/solicitudProceso/listarSolicitudProceso.xhtml HTTP/1.1" 200 17382
216.245.221.92 - - [18/Apr/2023:03:16:34 -0500] "HEAD / HTTP/1.1" 200 -
181.53.13.61 - - [18/Apr/2023:03:16:35 -0500] "POST /sipse/faces/presentacion/financiero/solicitudProceso/listarSolicitudProceso.xhtml HTTP/1.1" 200 119947
181.53.13.61 - - [18/Apr/2023:03:16:36 -0500] "GET /sipse/faces/javax.faces.resource/theme.css?ln=primefaces-sipse HTTP/1.1" 304 -
181.53.13.61 - - [18/Apr/2023:03:16:36 -0500] "GET /sipse/faces/javax.faces.resource/layout/layout.css?ln=primefaces&v=4.0 HTTP/1.1" 304 -
181.53.13.61 - - [18/Apr/2023:03:16:36 -0500] "GET /sipse/faces/javax.faces.resource/jquery/jquery.js?ln=primefaces&v=4.0 HTTP/1.1" 304 -
181.53.13.61 - - [18/Apr/2023:03:16:36 -0500] "GET /sipse/faces/javax.faces.resource/primefaces.css?ln=primefaces&v=4.0 HTTP/1.1" 304 -
181.53.13.61 - - [18/Apr/2023:03:16:36 -0500] "GET /sipse/faces/javax.faces.resource/jquery/jquery-plugins.js?ln=primefaces&v=4.0 HTTP/1.1" 304 -
181.53.13.61 - - [18/Apr/2023:03:16:36 -0500] "GET /sipse/faces/javax.faces.resource/primefaces.js?ln=primefaces&v=4.0 HTTP/1.1" 304 -
181.53.13.61 - - [18/Apr/2023:03:16:36 -0500] "GET /sipse/faces/javax.faces.resource/layout/layout.js?ln=primefaces&v=4.0 HTTP/1.1" 304 -
161.35.121.116 - - [18/Apr/2023:03:17:00 -0500] "\x16\x03\x01" 400 226
161.35.121.116 - - [18/Apr/2023:03:17:00 -0500] "\x16\x03\x01" 400 226
161.35.121.116 - - [18/Apr/2023:03:17:00 -0500] "GET / HTTP/1.1" 200 319
161.35.121.116 - - [18/Apr/2023:03:17:00 -0500] "GET /client/get_targets HTTP/1.1" 404 1018
161.35.121.116 - - [18/Apr/2023:03:17:01 -0500] "GET /upl.php HTTP/1.1" 404 1018
161.35.121.116 - - [18/Apr/2023:03:17:01 -0500] "\x16\x03\x01" 400 226
161.35.121.116 - - [18/Apr/2023:03:17:01 -0500] "GET /geoip/ HTTP/1.1" 404 1018
161.35.121.116 - - [18/Apr/2023:03:17:01 -0500] "GET / HTTP/1.1" 200 319
161.35.121.116 - - [18/Apr/2023:03:17:01 -0500] "GET /favicon.ico HTTP/1.1" 200 7782
172.22.2.4 - - [18/Apr/2023:03:16:41 -0500] "HEAD /BLA/boletinlegal/ HTTP/1.1" 200 -
172.22.2.4 - - [18/Apr/2023:03:17:32 -0500] "GET /BLA/boletinlegal/ HTTP/1.1" 200 57561
201.245.192.253 - - [18/Apr/2023:03:19:34 -0500] "POST /kwsrmcab/Wsrmcab  HTTP/1.1" 200 43322
157.55.39.207 - - [18/Apr/2023:03:20:02 -0500] "GET /bla/resoluciones/resoluciones%202019/1936.pdf HTTP/1.1" 200 480386
47.246.164.152 - - [18/Apr/2023:03:20:11 -0500] "GET /galeria/galeria/fotos/mirador4P.jpg HTTP/1.1" 200 11757
201.245.192.253 - - [18/Apr/2023:03:20:15 -0500] "POST /kwsrmcab/Wsrmcab HTTP/1.1" 200 43172
201.245.192.253 - - [18/Apr/2023:03:20:17 -0500] "POST /kwsrmcab/Wsrmcab HTTP/1.1" 200 43177
216.245.221.92 - - [18/Apr/2023:03:21:34 -0500] "HEAD / HTTP/1.1" 200 -
181.53.13.61 - - [18/Apr/2023:03:22:01 -0500] "POST /sipse/faces/presentacion/financiero/solicitudProceso/consultarSolicitudProceso.xhtml HTTP/1.1" 200 22342
181.53.13.61 - - [18/Apr/2023:03:22:01 -0500] "GET /sipse/faces/javax.faces.resource/theme.css?ln=primefaces-sipse HTTP/1.1" 304 -
181.53.13.61 - - [18/Apr/2023:03:22:01 -0500] "GET /sipse/faces/javax.faces.resource/primefaces.css?ln=primefaces&v=4.0 HTTP/1.1" 304 -
181.53.13.61 - - [18/Apr/2023:03:22:01 -0500] "GET /sipse/faces/javax.faces.resource/layout/layout.js?ln=primefaces&v=4.0 HTTP/1.1" 304 -
181.53.13.61 - - [18/Apr/2023:03:22:01 -0500] "GET /sipse/faces/javax.faces.resource/fileupload/fileupload.css?ln=primefaces&v=4.0 HTTP/1.1" 304 -
181.53.13.61 - - [18/Apr/2023:03:22:01 -0500] "GET /sipse/faces/javax.faces.resource/primefaces.js?ln=primefaces&v=4.0 HTTP/1.1" 304 -
181.53.13.61 - - [18/Apr/2023:03:22:01 -0500] "GET /sipse/faces/javax.faces.resource/layout/layout.css?ln=primefaces&v=4.0 HTTP/1.1" 304 -
181.53.13.61 - - [18/Apr/2023:03:22:01 -0500] "GET /sipse/faces/javax.faces.resource/jquery/jquery.js?ln=primefaces&v=4.0 HTTP/1.1" 304 -
181.53.13.61 - - [18/Apr/2023:03:22:01 -0500] "GET /sipse/faces/javax.faces.resource/jquery/jquery-plugins.js?ln=primefaces&v=4.0 HTTP/1.1" 304 -
181.53.13.61 - - [18/Apr/2023:03:22:01 -0500] "GET /sipse/faces/javax.faces.resource/fileupload/fileupload.js?ln=primefaces&v=4.0 HTTP/1.1" 304 -
157.55.39.209 - - [18/Apr/2023:03:22:38 -0500] "GET /images/Fauna%20Silvestre%20SDA%2002.jpeg HTTP/1.1" 200 41590
181.53.13.61 - - [18/Apr/2023:03:22:38 -0500] "GET /sipse/faces/javax.faces.resource/theme.css?ln=primefaces-sipse HTTP/1.1" 304 -
181.53.13.61 - - [18/Apr/2023:03:22:38 -0500] "GET /sipse/faces/javax.faces.resource/jquery/jquery-plugins.js?ln=primefaces&v=4.0 HTTP/1.1" 304 -
181.53.13.61 - - [18/Apr/2023:03:22:38 -0500] "GET /sipse/faces/javax.faces.resource/primefaces.css?ln=primefaces&v=4.0 HTTP/1.1" 304 -
181.53.13.61 - - [18/Apr/2023:03:22:38 -0500] "GET /sipse/faces/javax.faces.resource/layout/layout.css?ln=primefaces&v=4.0 HTTP/1.1" 304 -
181.53.13.61 - - [18/Apr/2023:03:22:38 -0500] "GET /sipse/faces/javax.faces.resource/jquery/jquery.js?ln=primefaces&v=4.0 HTTP/1.1" 304 -
181.53.13.61 - - [18/Apr/2023:03:22:38 -0500] "GET /sipse/faces/javax.faces.resource/primefaces.js?ln=primefaces&v=4.0 HTTP/1.1" 304 -
181.53.13.61 - - [18/Apr/2023:03:22:38 -0500] "GET /sipse/faces/javax.faces.resource/layout/layout.js?ln=primefaces&v=4.0 HTTP/1.1" 304 -
181.53.13.61 - - [18/Apr/2023:03:22:37 -0500] "POST /sipse/faces/presentacion/sistema/anexos/cargarAnexoSolicitudProceso.xhtml HTTP/1.1" 200 165770
185.119.81.106 - - [18/Apr/2023:03:22:38 -0500] "GET /portaldeninos/wp-login.php HTTP/1.1" 200 2592
185.119.81.106 - - [18/Apr/2023:03:22:39 -0500] "POST /portaldeninos/wp-login.php HTTP/1.1" 200 3605
181.53.13.61 - - [18/Apr/2023:03:22:43 -0500] "POST /sipse/faces/presentacion/financiero/solicitudProceso/consultarSolicitudProceso.xhtml HTTP/1.1" 200 22342
181.53.13.61 - - [18/Apr/2023:03:22:43 -0500] "GET /sipse/faces/javax.faces.resource/theme.css?ln=primefaces-sipse HTTP/1.1" 304 -
181.53.13.61 - - [18/Apr/2023:03:22:43 -0500] "GET /sipse/faces/javax.faces.resource/primefaces.css?ln=primefaces&v=4.0 HTTP/1.1" 304 -
181.53.13.61 - - [18/Apr/2023:03:22:43 -0500] "GET /sipse/faces/javax.faces.resource/jquery/jquery.js?ln=primefaces&v=4.0 HTTP/1.1" 304 -
181.53.13.61 - - [18/Apr/2023:03:22:43 -0500] "GET /sipse/faces/javax.faces.resource/layout/layout.css?ln=primefaces&v=4.0 HTTP/1.1" 304 -
181.53.13.61 - - [18/Apr/2023:03:22:43 -0500] "GET /sipse/faces/javax.faces.resource/jquery/jquery-plugins.js?ln=primefaces&v=4.0 HTTP/1.1" 304 -
181.53.13.61 - - [18/Apr/2023:03:22:43 -0500] "GET /sipse/faces/javax.faces.resource/fileupload/fileupload.css?ln=primefaces&v=4.0 HTTP/1.1" 304 -
181.53.13.61 - - [18/Apr/2023:03:22:44 -0500] "GET /sipse/faces/javax.faces.resource/fileupload/fileupload.js?ln=primefaces&v=4.0 HTTP/1.1" 304 -
181.53.13.61 - - [18/Apr/2023:03:22:44 -0500] "GET /sipse/faces/javax.faces.resource/primefaces.js?ln=primefaces&v=4.0 HTTP/1.1" 304 -
181.53.13.61 - - [18/Apr/2023:03:22:44 -0500] "GET /sipse/faces/javax.faces.resource/layout/layout.js?ln=primefaces&v=4.0 HTTP/1.1" 304 -
172.22.2.4 - - [18/Apr/2023:03:22:31 -0500] "HEAD /BLA/boletinlegal/ HTTP/1.1" 200 -
181.53.13.61 - - [18/Apr/2023:03:24:28 -0500] "GET /sipse/faces/javax.faces.resource/theme.css?ln=primefaces-sipse HTTP/1.1" 304 -
181.53.13.61 - - [18/Apr/2023:03:24:29 -0500] "GET /sipse/faces/javax.faces.resource/layout/layout.css?ln=primefaces&v=4.0 HTTP/1.1" 304 -
181.53.13.61 - - [18/Apr/2023:03:24:29 -0500] "GET /sipse/faces/javax.faces.resource/jquery/jquery-plugins.js?ln=primefaces&v=4.0 HTTP/1.1" 304 -
181.53.13.61 - - [18/Apr/2023:03:24:29 -0500] "GET /sipse/faces/javax.faces.resource/primefaces.css?ln=primefaces&v=4.0 HTTP/1.1" 304 -
181.53.13.61 - - [18/Apr/2023:03:24:29 -0500] "GET /sipse/faces/javax.faces.resource/jquery/jquery.js?ln=primefaces&v=4.0 HTTP/1.1" 304 -
181.53.13.61 - - [18/Apr/2023:03:24:29 -0500] "GET /sipse/faces/javax.faces.resource/primefaces.js?ln=primefaces&v=4.0 HTTP/1.1" 304 -
181.53.13.61 - - [18/Apr/2023:03:24:26 -0500] "POST /sipse/faces/presentacion/sistema/anexos/cargarAnexoSolicitudProceso.xhtml HTTP/1.1" 200 167566
181.53.13.61 - - [18/Apr/2023:03:24:29 -0500] "GET /sipse/faces/javax.faces.resource/layout/layout.js?ln=primefaces&v=4.0 HTTP/1.1" 304 -
201.245.192.253 - - [18/Apr/2023:03:24:33 -0500] "POST /kwsrmcab/Wsrmcab  HTTP/1.1" 200 43322
181.53.13.61 - - [18/Apr/2023:03:24:53 -0500] "POST /sipse/faces/presentacion/financiero/solicitudProceso/consultarSolicitudProceso.xhtml HTTP/1.1" 200 701297
172.22.2.4 - - [18/Apr/2023:03:23:22 -0500] "GET /BLA/boletinlegal/ HTTP/1.1" 200 57561
181.53.13.61 - - [18/Apr/2023:03:25:38 -0500] "POST /sipse/faces/presentacion/financiero/solicitudProceso/consultarSolicitudProceso.xhtml HTTP/1.1" 200 22342
181.53.13.61 - - [18/Apr/2023:03:25:39 -0500] "GET /sipse/faces/javax.faces.resource/primefaces.css?ln=primefaces&v=4.0 HTTP/1.1" 304 -
181.53.13.61 - - [18/Apr/2023:03:25:39 -0500] "GET /sipse/faces/javax.faces.resource/layout/layout.css?ln=primefaces&v=4.0 HTTP/1.1" 304 -
181.53.13.61 - - [18/Apr/2023:03:25:39 -0500] "GET /sipse/faces/javax.faces.resource/theme.css?ln=primefaces-sipse HTTP/1.1" 304 -
181.53.13.61 - - [18/Apr/2023:03:25:39 -0500] "GET /sipse/faces/javax.faces.resource/fileupload/fileupload.css?ln=primefaces&v=4.0 HTTP/1.1" 304 -
181.53.13.61 - - [18/Apr/2023:03:25:39 -0500] "GET /sipse/faces/javax.faces.resource/jquery/jquery.js?ln=primefaces&v=4.0 HTTP/1.1" 304 -
181.53.13.61 - - [18/Apr/2023:03:25:39 -0500] "GET /sipse/faces/javax.faces.resource/primefaces.js?ln=primefaces&v=4.0 HTTP/1.1" 304 -
181.53.13.61 - - [18/Apr/2023:03:25:39 -0500] "GET /sipse/faces/javax.faces.resource/layout/layout.js?ln=primefaces&v=4.0 HTTP/1.1" 304 -
181.53.13.61 - - [18/Apr/2023:03:25:39 -0500] "GET /sipse/faces/javax.faces.resource/jquery/jquery-plugins.js?ln=primefaces&v=4.0 HTTP/1.1" 304 -
181.53.13.61 - - [18/Apr/2023:03:25:39 -0500] "GET /sipse/faces/javax.faces.resource/fileupload/fileupload.js?ln=primefaces&v=4.0 HTTP/1.1" 304 -
181.53.13.61 - - [18/Apr/2023:03:25:53 -0500] "GET /sipse/faces/javax.faces.resource/theme.css?ln=primefaces-sipse HTTP/1.1" 304 -
181.53.13.61 - - [18/Apr/2023:03:25:53 -0500] "GET /sipse/faces/javax.faces.resource/primefaces.css?ln=primefaces&v=4.0 HTTP/1.1" 304 -
181.53.13.61 - - [18/Apr/2023:03:25:53 -0500] "GET /sipse/faces/javax.faces.resource/layout/layout.css?ln=primefaces&v=4.0 HTTP/1.1" 304 -
181.53.13.61 - - [18/Apr/2023:03:25:53 -0500] "GET /sipse/faces/javax.faces.resource/jquery/jquery-plugins.js?ln=primefaces&v=4.0 HTTP/1.1" 304 -
181.53.13.61 - - [18/Apr/2023:03:25:53 -0500] "GET /sipse/faces/javax.faces.resource/jquery/jquery.js?ln=primefaces&v=4.0 HTTP/1.1" 304 -
181.53.13.61 - - [18/Apr/2023:03:25:53 -0500] "GET /sipse/faces/javax.faces.resource/primefaces.js?ln=primefaces&v=4.0 HTTP/1.1" 304 -
181.53.13.61 - - [18/Apr/2023:03:25:53 -0500] "GET /sipse/faces/javax.faces.resource/layout/layout.js?ln=primefaces&v=4.0 HTTP/1.1" 304 -
181.53.13.61 - - [18/Apr/2023:03:25:51 -0500] "POST /sipse/faces/presentacion/sistema/anexos/cargarAnexoSolicitudProceso.xhtml HTTP/1.1" 200 169375
181.53.13.61 - - [18/Apr/2023:03:26:00 -0500] "POST /sipse/faces/presentacion/financiero/solicitudProceso/consultarSolicitudProceso.xhtml HTTP/1.1" 200 22342
181.53.13.61 - - [18/Apr/2023:03:26:00 -0500] "GET /sipse/faces/javax.faces.resource/layout/layout.css?ln=primefaces&v=4.0 HTTP/1.1" 304 -
181.53.13.61 - - [18/Apr/2023:03:26:00 -0500] "GET /sipse/faces/javax.faces.resource/theme.css?ln=primefaces-sipse HTTP/1.1" 304 -
181.53.13.61 - - [18/Apr/2023:03:26:00 -0500] "GET /sipse/faces/javax.faces.resource/primefaces.css?ln=primefaces&v=4.0 HTTP/1.1" 304 -
181.53.13.61 - - [18/Apr/2023:03:26:00 -0500] "GET /sipse/faces/javax.faces.resource/jquery/jquery-plugins.js?ln=primefaces&v=4.0 HTTP/1.1" 304 -
181.53.13.61 - - [18/Apr/2023:03:26:00 -0500] "GET /sipse/faces/javax.faces.resource/fileupload/fileupload.css?ln=primefaces&v=4.0 HTTP/1.1" 304 -
181.53.13.61 - - [18/Apr/2023:03:26:00 -0500] "GET /sipse/faces/javax.faces.resource/jquery/jquery.js?ln=primefaces&v=4.0 HTTP/1.1" 304 -
181.53.13.61 - - [18/Apr/2023:03:26:00 -0500] "GET /sipse/faces/javax.faces.resource/primefaces.js?ln=primefaces&v=4.0 HTTP/1.1" 304 -
181.53.13.61 - - [18/Apr/2023:03:26:00 -0500] "GET /sipse/faces/javax.faces.resource/layout/layout.js?ln=primefaces&v=4.0 HTTP/1.1" 304 -
181.53.13.61 - - [18/Apr/2023:03:26:00 -0500] "GET /sipse/faces/javax.faces.resource/fileupload/fileupload.js?ln=primefaces&v=4.0 HTTP/1.1" 304 -
181.53.13.61 - - [18/Apr/2023:03:26:14 -0500] "GET /sipse/faces/javax.faces.resource/theme.css?ln=primefaces-sipse HTTP/1.1" 304 -
181.53.13.61 - - [18/Apr/2023:03:26:14 -0500] "GET /sipse/faces/javax.faces.resource/jquery/jquery.js?ln=primefaces&v=4.0 HTTP/1.1" 304 -
181.53.13.61 - - [18/Apr/2023:03:26:14 -0500] "GET /sipse/faces/javax.faces.resource/primefaces.css?ln=primefaces&v=4.0 HTTP/1.1" 304 -
181.53.13.61 - - [18/Apr/2023:03:26:14 -0500] "GET /sipse/faces/javax.faces.resource/layout/layout.css?ln=primefaces&v=4.0 HTTP/1.1" 304 -
181.53.13.61 - - [18/Apr/2023:03:26:14 -0500] "GET /sipse/faces/javax.faces.resource/primefaces.js?ln=primefaces&v=4.0 HTTP/1.1" 304 -
181.53.13.61 - - [18/Apr/2023:03:26:14 -0500] "GET /sipse/faces/javax.faces.resource/jquery/jquery-plugins.js?ln=primefaces&v=4.0 HTTP/1.1" 304 -
181.53.13.61 - - [18/Apr/2023:03:26:14 -0500] "GET /sipse/faces/javax.faces.resource/layout/layout.js?ln=primefaces&v=4.0 HTTP/1.1" 304 -
181.53.13.61 - - [18/Apr/2023:03:26:14 -0500] "POST /sipse/faces/presentacion/sistema/anexos/cargarAnexoSolicitudProceso.xhtml HTTP/1.1" 200 171188
216.245.221.92 - - [18/Apr/2023:03:26:34 -0500] "HEAD / HTTP/1.1" 200 -
181.53.13.61 - - [18/Apr/2023:03:28:46 -0500] "POST /sipse/faces/presentacion/financiero/solicitudProceso/consultarSolicitudProceso.xhtml HTTP/1.1" 200 38807
181.53.13.61 - - [18/Apr/2023:03:28:50 -0500] "GET /sipse/faces/javax.faces.resource/theme.css?ln=primefaces-sipse HTTP/1.1" 304 -
181.53.13.61 - - [18/Apr/2023:03:28:50 -0500] "GET /sipse/faces/javax.faces.resource/primefaces.css?ln=primefaces&v=4.0 HTTP/1.1" 304 -
181.53.13.61 - - [18/Apr/2023:03:28:50 -0500] "GET /sipse/faces/javax.faces.resource/jquery/jquery.js?ln=primefaces&v=4.0 HTTP/1.1" 304 -
181.53.13.61 - - [18/Apr/2023:03:28:50 -0500] "GET /sipse/faces/javax.faces.resource/layout/layout.css?ln=primefaces&v=4.0 HTTP/1.1" 304 -
181.53.13.61 - - [18/Apr/2023:03:28:50 -0500] "GET /sipse/faces/javax.faces.resource/jquery/jquery-plugins.js?ln=primefaces&v=4.0 HTTP/1.1" 304 -
181.53.13.61 - - [18/Apr/2023:03:28:50 -0500] "GET /sipse/faces/javax.faces.resource/primefaces.js?ln=primefaces&v=4.0 HTTP/1.1" 304 -
181.53.13.61 - - [18/Apr/2023:03:28:50 -0500] "GET /sipse/faces/javax.faces.resource/layout/layout.js?ln=primefaces&v=4.0 HTTP/1.1" 304 -
181.53.13.61 - - [18/Apr/2023:03:28:51 -0500] "POST /sipse/faces/presentacion/financiero/solicitudProceso/listarSolicitudProceso.xhtml HTTP/1.1" 200 1400
181.53.13.61 - - [18/Apr/2023:03:28:58 -0500] "POST /sipse/faces/presentacion/financiero/solicitudProceso/listarSolicitudProceso.xhtml HTTP/1.1" 200 123184
181.53.13.61 - - [18/Apr/2023:03:28:59 -0500] "GET /sipse/faces/javax.faces.resource/theme.css?ln=primefaces-sipse HTTP/1.1" 304 -
181.53.13.61 - - [18/Apr/2023:03:29:00 -0500] "GET /sipse/faces/javax.faces.resource/layout/layout.css?ln=primefaces&v=4.0 HTTP/1.1" 304 -
181.53.13.61 - - [18/Apr/2023:03:29:00 -0500] "GET /sipse/faces/javax.faces.resource/primefaces.css?ln=primefaces&v=4.0 HTTP/1.1" 304 -
181.53.13.61 - - [18/Apr/2023:03:29:00 -0500] "GET /sipse/faces/javax.faces.resource/jquery/jquery.js?ln=primefaces&v=4.0 HTTP/1.1" 304 -
181.53.13.61 - - [18/Apr/2023:03:29:00 -0500] "GET /sipse/faces/javax.faces.resource/jquery/jquery-plugins.js?ln=primefaces&v=4.0 HTTP/1.1" 304 -
181.53.13.61 - - [18/Apr/2023:03:29:00 -0500] "GET /sipse/faces/javax.faces.resource/primefaces.js?ln=primefaces&v=4.0 HTTP/1.1" 304 -
181.53.13.61 - - [18/Apr/2023:03:29:00 -0500] "GET /sipse/faces/javax.faces.resource/layout/layout.js?ln=primefaces&v=4.0 HTTP/1.1" 304 -
201.245.192.253 - - [18/Apr/2023:03:29:32 -0500] "POST /kwsrmcab/Wsrmcab  HTTP/1.1" 200 43322
172.22.2.4 - - [18/Apr/2023:03:28:21 -0500] "HEAD /BLA/boletinlegal/ HTTP/1.1" 200 -
201.245.192.253 - - [18/Apr/2023:03:30:15 -0500] "POST /kwsrmcab/Wsrmcab HTTP/1.1" 200 43172
201.245.192.253 - - [18/Apr/2023:03:30:17 -0500] "POST /kwsrmcab/Wsrmcab HTTP/1.1" 200 43177
185.180.143.6 - - [18/Apr/2023:03:30:42 -0500] "GET / HTTP/1.1" 200 319
192.241.200.80 - - [18/Apr/2023:03:30:52 -0500] "GET / HTTP/1.1" 200 319
172.22.2.4 - - [18/Apr/2023:03:29:12 -0500] "GET /BLA/boletinlegal/ HTTP/1.1" 200 45144
216.245.221.92 - - [18/Apr/2023:03:31:34 -0500] "HEAD / HTTP/1.1" 200 -
199.16.157.183 - - [18/Apr/2023:03:34:02 -0500] "GET /una-mujer-que-trabaja-por-la-equidad-de-genero-y-la-proteccion-del-ambiente-asi-es-amanda-rodriguez.html HTTP/1.1" 200 935
199.16.157.181 - - [18/Apr/2023:03:34:03 -0500] "GET /images/cronica-amanda-rodriguez-30-abril.jpg HTTP/1.1" 200 26304
201.245.192.253 - - [18/Apr/2023:03:34:30 -0500] "POST /kwsrmcab/Wsrmcab  HTTP/1.1" 200 43322
172.22.2.4 - - [18/Apr/2023:03:34:11 -0500] "HEAD /BLA/boletinlegal/ HTTP/1.1" 200 -
216.245.221.92 - - [18/Apr/2023:03:36:34 -0500] "HEAD / HTTP/1.1" 200 -
172.22.2.4 - - [18/Apr/2023:03:35:02 -0500] "GET /BLA/boletinlegal/ HTTP/1.1" 200 57151
168.119.253.48 - - [18/Apr/2023:03:38:17 -0500] "GET / HTTP/1.1" 200 4720
168.119.253.48 - - [18/Apr/2023:03:38:18 -0500] "GET / HTTP/1.1" 200 319
201.245.192.253 - - [18/Apr/2023:03:39:30 -0500] "POST /kwsrmcab/Wsrmcab  HTTP/1.1" 200 43322
201.245.192.253 - - [18/Apr/2023:03:40:15 -0500] "POST /kwsrmcab/Wsrmcab HTTP/1.1" 200 43172
201.245.192.253 - - [18/Apr/2023:03:40:18 -0500] "POST /kwsrmcab/Wsrmcab HTTP/1.1" 200 43177
216.245.221.92 - - [18/Apr/2023:03:41:34 -0500] "HEAD / HTTP/1.1" 200 -
172.22.2.4 - - [18/Apr/2023:03:40:01 -0500] "HEAD /BLA/boletinlegal/ HTTP/1.1" 200 -
172.22.2.4 - - [18/Apr/2023:03:40:52 -0500] "GET /BLA/boletinlegal/ HTTP/1.1" 200 59306
66.249.70.207 - - [18/Apr/2023:03:44:08 -0500] "-" 408 -
201.245.192.253 - - [18/Apr/2023:03:44:29 -0500] "POST /kwsrmcab/Wsrmcab  HTTP/1.1" 200 43322
216.245.221.92 - - [18/Apr/2023:03:46:34 -0500] "HEAD / HTTP/1.1" 200 -
192.168.175.202 - - [18/Apr/2023:03:46:51 -0500] "GET / HTTP/1.1" 200 4720
172.22.2.4 - - [18/Apr/2023:03:45:51 -0500] "HEAD /BLA/boletinlegal/ HTTP/1.1" 200 -
172.22.2.4 - - [18/Apr/2023:03:46:42 -0500] "GET /BLA/boletinlegal/ HTTP/1.1" 200 57561
199.16.157.181 - - [18/Apr/2023:03:48:51 -0500] "GET /images/cronica-mujer-biodiveridad-30-noviembre.jpg HTTP/1.1" 200 63270
192.168.175.202 - - [18/Apr/2023:03:49:27 -0500] "GET / HTTP/1.1" 200 4720
201.245.192.253 - - [18/Apr/2023:03:49:28 -0500] "POST /kwsrmcab/Wsrmcab  HTTP/1.1" 200 43322
185.119.81.106 - - [18/Apr/2023:03:50:20 -0500] "GET /portaldeninos/wp-login.php HTTP/1.1" 200 2592
185.119.81.106 - - [18/Apr/2023:03:50:21 -0500] "POST /portaldeninos/wp-login.php HTTP/1.1" 200 3650
216.245.221.92 - - [18/Apr/2023:03:51:34 -0500] "HEAD / HTTP/1.1" 200 -
172.22.2.4 - - [18/Apr/2023:03:51:41 -0500] "HEAD /BLA/boletinlegal/ HTTP/1.1" 200 -
172.22.2.4 - - [18/Apr/2023:03:52:32 -0500] "GET /BLA/boletinlegal/ HTTP/1.1" 200 57561
201.245.192.253 - - [18/Apr/2023:03:54:27 -0500] "POST /kwsrmcab/Wsrmcab  HTTP/1.1" 200 43322
104.152.52.241 - - [18/Apr/2023:03:54:39 -0500] "GET / HTTP/1.0" 200 319
52.167.144.58 - - [18/Apr/2023:03:55:36 -0500] "GET /BLA/boletinlegal/notificaciones.php HTTP/1.1" 200 13427
172.22.2.4 - - [18/Apr/2023:03:55:32 -0500] "GET /BLA/boletinlegal/ HTTP/1.1" 200 28619
216.245.221.92 - - [18/Apr/2023:03:56:34 -0500] "HEAD / HTTP/1.1" 200 -
79.110.72.137 - - [18/Apr/2023:03:57:20 -0500] "GET /BLA/resoluciones/RESOLUCIONES%202021/0795.pdf HTTP/1.1" 200 508846
185.119.81.102 - - [18/Apr/2023:03:57:36 -0500] "GET /portaldeninos/wp-login.php HTTP/1.1" 200 2592
185.119.81.102 - - [18/Apr/2023:03:57:37 -0500] "POST /portaldeninos/wp-login.php HTTP/1.1" 200 3650
172.22.2.4 - - [18/Apr/2023:03:57:31 -0500] "HEAD /BLA/boletinlegal/ HTTP/1.1" 200 -
201.245.192.253 - - [18/Apr/2023:03:59:26 -0500] "POST /kwsrmcab/Wsrmcab  HTTP/1.1" 200 43322
172.22.2.4 - - [18/Apr/2023:03:58:22 -0500] "GET /BLA/boletinlegal/ HTTP/1.1" 200 57561
216.245.221.92 - - [18/Apr/2023:04:01:34 -0500] "HEAD / HTTP/1.1" 200 -
201.245.192.253 - - [18/Apr/2023:04:04:24 -0500] "POST /kwsrmcab/Wsrmcab  HTTP/1.1" 200 43322
172.22.2.4 - - [18/Apr/2023:04:03:14 -0500] "GET /BLA/boletinlegal/index.php HTTP/1.1" 200 50283
66.249.70.210 - - [18/Apr/2023:04:04:59 -0500] "-" 408 -
172.22.2.4 - - [18/Apr/2023:04:03:21 -0500] "HEAD /BLA/boletinlegal/ HTTP/1.1" 200 -
172.22.2.4 - - [18/Apr/2023:04:04:12 -0500] "GET /BLA/boletinlegal/ HTTP/1.1" 200 54424
216.245.221.92 - - [18/Apr/2023:04:06:34 -0500] "HEAD / HTTP/1.1" 200 -
201.245.192.253 - - [18/Apr/2023:04:09:24 -0500] "POST /kwsrmcab/Wsrmcab  HTTP/1.1" 200 43322
104.194.8.237 - - [18/Apr/2023:04:10:36 -0500] "GET /galeria/galeria/fotos/diaSC4Peq.jpg HTTP/1.1" 200 21008
172.22.2.4 - - [18/Apr/2023:04:09:11 -0500] "HEAD /BLA/boletinlegal/ HTTP/1.1" 200 -
216.245.221.92 - - [18/Apr/2023:04:11:34 -0500] "HEAD / HTTP/1.1" 200 -
172.22.2.4 - - [18/Apr/2023:04:10:02 -0500] "GET /BLA/boletinlegal/ HTTP/1.1" 200 52326
201.245.192.253 - - [18/Apr/2023:04:14:24 -0500] "POST /kwsrmcab/Wsrmcab  HTTP/1.1" 200 43322
216.245.221.92 - - [18/Apr/2023:04:16:34 -0500] "HEAD / HTTP/1.1" 200 -
172.22.2.4 - - [18/Apr/2023:04:15:01 -0500] "HEAD /BLA/boletinlegal/ HTTP/1.1" 200 -
172.22.2.4 - - [18/Apr/2023:04:15:52 -0500] "GET /BLA/boletinlegal/ HTTP/1.1" 200 57561
117.217.235.136 - - [18/Apr/2023:04:17:19 -0500] "POST /HNAP1/ HTTP/1.0" 400 945
185.119.81.102 - - [18/Apr/2023:04:17:48 -0500] "GET /portaldeninos/wp-login.php HTTP/1.1" 200 2592
185.119.81.102 - - [18/Apr/2023:04:17:49 -0500] "POST /portaldeninos/wp-login.php HTTP/1.1" 200 3605
66.249.70.168 - - [18/Apr/2023:04:18:04 -0500] "-" 408 -
201.245.192.253 - - [18/Apr/2023:04:19:23 -0500] "POST /kwsrmcab/Wsrmcab  HTTP/1.1" 200 43322
201.245.192.253 - - [18/Apr/2023:04:20:15 -0500] "POST /kwsrmcab/Wsrmcab HTTP/1.1" 200 43168
201.245.192.253 - - [18/Apr/2023:04:20:18 -0500] "POST /kwsrmcab/Wsrmcab HTTP/1.1" 200 43020
31.13.103.16 - - [18/Apr/2023:04:21:04 -0500] "GET /images/jardines-verticales_optimized.jpeg HTTP/1.1" 200 138197
216.245.221.92 - - [18/Apr/2023:04:21:34 -0500] "HEAD / HTTP/1.1" 200 -
66.249.70.213 - - [18/Apr/2023:04:21:48 -0500] "-" 408 -
172.22.2.4 - - [18/Apr/2023:04:20:51 -0500] "HEAD /BLA/boletinlegal/ HTTP/1.1" 200 -
172.22.2.4 - - [18/Apr/2023:04:21:42 -0500] "GET /BLA/boletinlegal/ HTTP/1.1" 200 57151
201.245.192.253 - - [18/Apr/2023:04:24:22 -0500] "POST /kwsrmcab/Wsrmcab  HTTP/1.1" 200 43322
216.245.221.92 - - [18/Apr/2023:04:26:34 -0500] "HEAD / HTTP/1.1" 200 -
172.22.2.4 - - [18/Apr/2023:04:26:41 -0500] "HEAD /BLA/boletinlegal/ HTTP/1.1" 200 -
172.22.2.4 - - [18/Apr/2023:04:27:32 -0500] "GET /BLA/boletinlegal/ HTTP/1.1" 200 59306
201.245.192.253 - - [18/Apr/2023:04:29:18 -0500] "POST /kwsrmcab/Wsrmcab  HTTP/1.1" 200 43322
157.55.39.207 - - [18/Apr/2023:04:30:08 -0500] "GET /menu/css/demo.css HTTP/1.1" 404 1018
52.167.144.63 - - [18/Apr/2023:04:30:12 -0500] "GET /menu/js/jquery.easing.1.3.js HTTP/1.1" 404 1018
201.245.192.253 - - [18/Apr/2023:04:30:15 -0500] "POST /kwsrmcab/Wsrmcab HTTP/1.1" 200 43168
52.167.144.58 - - [18/Apr/2023:04:30:18 -0500] "GET /menu/js/jquery.mousewheel.js HTTP/1.1" 404 1018
52.167.144.58 - - [18/Apr/2023:04:30:18 -0500] "GET /menu/js/jquery.vaccordion.js HTTP/1.1" 404 1018
201.245.192.253 - - [18/Apr/2023:04:30:18 -0500] "POST /kwsrmcab/Wsrmcab HTTP/1.1" 200 43020
52.167.144.157 - - [18/Apr/2023:04:30:24 -0500] "GET /menu/css/style.css HTTP/1.1" 404 1018
216.245.221.92 - - [18/Apr/2023:04:31:34 -0500] "HEAD / HTTP/1.1" 200 -
172.22.2.4 - - [18/Apr/2023:04:32:31 -0500] "HEAD /BLA/boletinlegal/ HTTP/1.1" 200 -
201.245.192.253 - - [18/Apr/2023:04:34:20 -0500] "POST /kwsrmcab/Wsrmcab  HTTP/1.1" 200 43322
172.22.2.4 - - [18/Apr/2023:04:33:22 -0500] "GET /BLA/boletinlegal/ HTTP/1.1" 200 55571
216.245.221.92 - - [18/Apr/2023:04:36:34 -0500] "HEAD / HTTP/1.1" 200 -
185.119.81.99 - - [18/Apr/2023:04:37:12 -0500] "GET /portaldeninos/wp-login.php HTTP/1.1" 200 2592
185.119.81.99 - - [18/Apr/2023:04:37:13 -0500] "POST /portaldeninos/wp-login.php HTTP/1.1" 200 3605
185.119.81.101 - - [18/Apr/2023:04:37:28 -0500] "GET /portaldeninos/wp-login.php HTTP/1.1" 200 2592
185.119.81.101 - - [18/Apr/2023:04:37:29 -0500] "POST /portaldeninos/wp-login.php HTTP/1.1" 200 3670
172.22.2.4 - - [18/Apr/2023:04:37:34 -0500] "GET /BLA/boletinlegal/actos.php HTTP/1.1" 200 9682
201.245.192.253 - - [18/Apr/2023:04:39:20 -0500] "POST /kwsrmcab/Wsrmcab  HTTP/1.1" 200 43322
172.22.2.4 - - [18/Apr/2023:04:38:21 -0500] "HEAD /BLA/boletinlegal/ HTTP/1.1" 200 -
201.245.192.253 - - [18/Apr/2023:04:40:15 -0500] "POST /kwsrmcab/Wsrmcab HTTP/1.1" 200 43168
201.245.192.253 - - [18/Apr/2023:04:40:18 -0500] "POST /kwsrmcab/Wsrmcab HTTP/1.1" 200 43020
172.22.2.4 - - [18/Apr/2023:04:39:12 -0500] "GET /BLA/boletinlegal/ HTTP/1.1" 200 57561
216.245.221.92 - - [18/Apr/2023:04:41:34 -0500] "HEAD / HTTP/1.1" 200 -
185.119.81.99 - - [18/Apr/2023:04:41:39 -0500] "GET /portaldeninos/wp-login.php HTTP/1.1" 200 2592
185.119.81.99 - - [18/Apr/2023:04:41:40 -0500] "POST /portaldeninos/wp-login.php HTTP/1.1" 200 3670
190.159.184.39 - - [18/Apr/2023:04:41:46 -0500] "GET /BLA/resoluciones/ HTTP/1.1" 200 13502
190.159.184.39 - - [18/Apr/2023:04:41:52 -0500] "GET /BLA/resoluciones/index.php?dir=RESOLUCIONES+2021%2F HTTP/1.1" 200 439136
66.249.70.213 - - [18/Apr/2023:04:42:39 -0500] "-" 408 -
172.22.2.4 - - [18/Apr/2023:04:41:34 -0500] "GET /BLA/boletinlegal/ HTTP/1.1" 200 49099
172.22.2.4 - - [18/Apr/2023:04:43:43 -0500] "GET /BLA/boletinlegal/favicon.ico HTTP/1.1" 404 1018
172.22.2.4 - - [18/Apr/2023:04:44:06 -0500] "GET /BLA/boletinlegal/robots.txt HTTP/1.1" 404 1018
172.22.2.4 - - [18/Apr/2023:04:42:37 -0500] "GET /BLA/boletinlegal/ HTTP/1.1" 200 53561
201.245.192.253 - - [18/Apr/2023:04:44:18 -0500] "POST /kwsrmcab/Wsrmcab  HTTP/1.1" 200 43322
172.22.2.4 - - [18/Apr/2023:04:43:13 -0500] "GET /BLA/boletinlegal/ HTTP/1.1" 200 47624
172.22.2.4 - - [18/Apr/2023:04:43:28 -0500] "GET /BLA/boletinlegal/ HTTP/1.1" 200 46402
172.22.2.4 - - [18/Apr/2023:04:45:21 -0500] "GET /BLA/boletinlegal/actos.php HTTP/1.1" 200 9682
172.22.2.4 - - [18/Apr/2023:04:44:11 -0500] "HEAD /BLA/boletinlegal/ HTTP/1.1" 200 -
216.245.221.92 - - [18/Apr/2023:04:46:34 -0500] "HEAD / HTTP/1.1" 200 -
172.22.2.4 - - [18/Apr/2023:04:45:02 -0500] "GET /BLA/boletinlegal/ HTTP/1.1" 200 56754
201.245.192.253 - - [18/Apr/2023:04:49:17 -0500] "POST /kwsrmcab/Wsrmcab  HTTP/1.1" 200 43322
216.245.221.92 - - [18/Apr/2023:04:51:34 -0500] "HEAD / HTTP/1.1" 200 -
172.22.2.4 - - [18/Apr/2023:04:50:01 -0500] "HEAD /BLA/boletinlegal/ HTTP/1.1" 200 -
172.22.2.4 - - [18/Apr/2023:04:50:52 -0500] "GET /BLA/boletinlegal/ HTTP/1.1" 200 57151
66.249.70.207 - - [18/Apr/2023:04:52:37 -0500] "-" 408 -
52.167.144.157 - - [18/Apr/2023:04:53:28 -0500] "GET /BLA/resoluciones/AUTOS%202019/3128.pdf HTTP/1.1" 200 332159
201.245.192.253 - - [18/Apr/2023:04:54:17 -0500] "POST /kwsrmcab/Wsrmcab  HTTP/1.1" 200 43322
40.77.167.94 - - [18/Apr/2023:04:54:46 -0500] "GET /BLA/resoluciones/AUTOS%202013/3668.pdf HTTP/1.1" 200 495793
66.249.70.170 - - [18/Apr/2023:04:55:08 -0500] "-" 408 -
207.46.13.230 - - [18/Apr/2023:04:55:47 -0500] "-" 408 -
216.245.221.92 - - [18/Apr/2023:04:56:34 -0500] "HEAD / HTTP/1.1" 200 -
172.22.2.4 - - [18/Apr/2023:04:55:51 -0500] "HEAD /BLA/boletinlegal/ HTTP/1.1" 200 -
172.22.2.4 - - [18/Apr/2023:04:56:42 -0500] "GET /BLA/boletinlegal/ HTTP/1.1" 200 58663
185.119.81.101 - - [18/Apr/2023:04:59:05 -0500] "GET /portaldeninos/wp-login.php HTTP/1.1" 200 2592
185.119.81.101 - - [18/Apr/2023:04:59:06 -0500] "POST /portaldeninos/wp-login.php HTTP/1.1" 200 3605
201.245.192.253 - - [18/Apr/2023:04:59:17 -0500] "POST /kwsrmcab/Wsrmcab  HTTP/1.1" 200 43322
66.249.70.207 - - [18/Apr/2023:05:00:00 -0500] "-" 408 -
216.245.221.92 - - [18/Apr/2023:05:01:34 -0500] "HEAD / HTTP/1.1" 200 -
172.22.2.4 - - [18/Apr/2023:05:01:41 -0500] "HEAD /BLA/boletinlegal/ HTTP/1.1" 200 -
157.55.39.207 - - [18/Apr/2023:05:03:52 -0500] "GET /sipse/faces/presentacion/sistema/anexos/cargarAnexoSolicitudProceso.xhtml HTTP/1.1" 302 -
157.55.39.207 - - [18/Apr/2023:05:03:52 -0500] "GET /sipse/faces/autenticacion.xhtml HTTP/1.1" 200 12170
192.133.77.14 - - [18/Apr/2023:05:04:08 -0500] "GET /images/palma_optimized.jpeg HTTP/1.1" 200 207729
192.133.77.18 - - [18/Apr/2023:05:04:08 -0500] "GET /domingo-de-ramos-di-no-al-uso-de-la-palma-de-cera-en-su-reemplazo-usa-cascara-de-amero-o-plantas-vivas-cultivadas-en-vivero.html HTTP/1.1" 200 932
172.22.2.4 - - [18/Apr/2023:05:02:32 -0500] "GET /BLA/boletinlegal/ HTTP/1.1" 200 57561
201.245.192.253 - - [18/Apr/2023:05:04:16 -0500] "POST /kwsrmcab/Wsrmcab  HTTP/1.1" 200 43322
216.245.221.92 - - [18/Apr/2023:05:06:34 -0500] "HEAD / HTTP/1.1" 200 -
173.252.79.24 - - [18/Apr/2023:05:08:22 -0500] "GET /images/negocios-verdes-mayo-2022.jpg HTTP/1.1" 200 48000
66.249.70.207 - - [18/Apr/2023:05:08:23 -0500] "-" 408 -
185.119.81.102 - - [18/Apr/2023:05:08:50 -0500] "GET /portaldeninos/wp-login.php HTTP/1.1" 200 2592
185.119.81.102 - - [18/Apr/2023:05:08:51 -0500] "POST /portaldeninos/wp-login.php HTTP/1.1" 200 3650
172.22.2.4 - - [18/Apr/2023:05:07:31 -0500] "HEAD /BLA/boletinlegal/ HTTP/1.1" 200 -
201.245.192.253 - - [18/Apr/2023:05:09:15 -0500] "POST /kwsrmcab/Wsrmcab  HTTP/1.1" 200 43322
172.22.2.4 - - [18/Apr/2023:05:08:22 -0500] "GET /BLA/boletinlegal/ HTTP/1.1" 200 59306
216.245.221.92 - - [18/Apr/2023:05:11:34 -0500] "HEAD / HTTP/1.1" 200 -
52.167.144.58 - - [18/Apr/2023:05:12:42 -0500] "GET /transparencia/General%20Asignado/Historico/Apropiacion%20Inicial%202021.pdf HTTP/1.1" 404 1018
66.249.70.207 - - [18/Apr/2023:05:14:00 -0500] "-" 408 -
201.245.192.253 - - [18/Apr/2023:05:14:14 -0500] "POST /kwsrmcab/Wsrmcab  HTTP/1.1" 200 43322
172.22.2.4 - - [18/Apr/2023:05:13:21 -0500] "HEAD /BLA/boletinlegal/ HTTP/1.1" 200 -
172.22.2.4 - - [18/Apr/2023:05:14:12 -0500] "GET /BLA/boletinlegal/ HTTP/1.1" 200 53924
185.119.81.106 - - [18/Apr/2023:05:16:17 -0500] "GET /portaldeninos/wp-login.php HTTP/1.1" 200 2592
185.119.81.106 - - [18/Apr/2023:05:16:18 -0500] "POST /portaldeninos/wp-login.php HTTP/1.1" 200 3605
172.22.2.4 - - [18/Apr/2023:05:16:24 -0500] "GET /BLA/boletinlegal/actos.php HTTP/1.1" 200 9682
172.22.2.4 - - [18/Apr/2023:05:16:24 -0500] "GET /BLA/boletinlegal/favicon.ico HTTP/1.1" 404 1326
216.245.221.92 - - [18/Apr/2023:05:16:34 -0500] "HEAD / HTTP/1.1" 200 -
172.22.2.4 - - [18/Apr/2023:05:16:21 -0500] "GET /BLA/boletinlegal/ HTTP/1.1" 200 24523
172.22.2.4 - - [18/Apr/2023:05:16:56 -0500] "GET /BLA/boletinlegal/consulta_actos.php?tipo=autos&no=6505&usuario=&sector=&fecha=2018&resuelve= HTTP/1.1" 200 1080
191.156.182.41 - - [18/Apr/2023:05:16:58 -0500] "GET /BLA/resoluciones/AUTOS%202018/6505.pdf HTTP/1.1" 200 2625515
201.245.192.253 - - [18/Apr/2023:05:19:13 -0500] "POST /kwsrmcab/Wsrmcab  HTTP/1.1" 200 43322
201.245.192.253 - - [18/Apr/2023:05:20:14 -0500] "POST /kwsrmcab/Wsrmcab HTTP/1.1" 200 43174
201.245.192.253 - - [18/Apr/2023:05:20:17 -0500] "POST /kwsrmcab/Wsrmcab HTTP/1.1" 200 43181
66.249.70.207 - - [18/Apr/2023:05:20:45 -0500] "-" 408 -
172.22.2.4 - - [18/Apr/2023:05:19:11 -0500] "HEAD /BLA/boletinlegal/ HTTP/1.1" 200 -
52.167.144.157 - - [18/Apr/2023:05:21:09 -0500] "GET /BLA/resoluciones/ HTTP/1.1" 200 13502
52.167.144.63 - - [18/Apr/2023:05:21:27 -0500] "GET /BLA/resoluciones/dlf/styles.css HTTP/1.1" 200 3049
216.245.221.92 - - [18/Apr/2023:05:21:34 -0500] "HEAD / HTTP/1.1" 200 -
172.22.2.4 - - [18/Apr/2023:05:20:02 -0500] "GET /BLA/boletinlegal/ HTTP/1.1" 200 55571
201.245.192.253 - - [18/Apr/2023:05:24:11 -0500] "POST /kwsrmcab/Wsrmcab  HTTP/1.1" 200 43322
185.119.81.101 - - [18/Apr/2023:05:24:22 -0500] "GET /portaldeninos/wp-login.php HTTP/1.1" 200 2592
185.119.81.101 - - [18/Apr/2023:05:24:23 -0500] "POST /portaldeninos/wp-login.php HTTP/1.1" 200 3670
216.245.221.92 - - [18/Apr/2023:05:26:34 -0500] "HEAD / HTTP/1.1" 200 -
172.22.2.4 - - [18/Apr/2023:05:25:01 -0500] "HEAD /BLA/boletinlegal/ HTTP/1.1" 200 -
172.22.2.4 - - [18/Apr/2023:05:25:52 -0500] "GET /BLA/boletinlegal/ HTTP/1.1" 200 55571
66.249.70.207 - - [18/Apr/2023:05:27:50 -0500] "-" 408 -
185.119.81.102 - - [18/Apr/2023:05:28:44 -0500] "GET /portaldeninos/wp-login.php HTTP/1.1" 200 2592
185.119.81.102 - - [18/Apr/2023:05:28:46 -0500] "POST /portaldeninos/wp-login.php HTTP/1.1" 200 3650
201.245.192.253 - - [18/Apr/2023:05:29:11 -0500] "POST /kwsrmcab/Wsrmcab  HTTP/1.1" 200 43322
201.245.192.253 - - [18/Apr/2023:05:30:15 -0500] "POST /kwsrmcab/Wsrmcab HTTP/1.1" 200 43174
201.245.192.253 - - [18/Apr/2023:05:30:18 -0500] "POST /kwsrmcab/Wsrmcab HTTP/1.1" 200 43181
216.245.221.92 - - [18/Apr/2023:05:31:34 -0500] "HEAD / HTTP/1.1" 200 -
172.22.2.4 - - [18/Apr/2023:05:30:51 -0500] "HEAD /BLA/boletinlegal/ HTTP/1.1" 200 -
172.22.2.4 - - [18/Apr/2023:05:31:42 -0500] "GET /BLA/boletinlegal/ HTTP/1.1" 200 57561
201.245.192.253 - - [18/Apr/2023:05:34:10 -0500] "POST /kwsrmcab/Wsrmcab  HTTP/1.1" 200 43322
66.249.70.172 - - [18/Apr/2023:05:35:28 -0500] "-" 408 -
157.90.244.54 - - [18/Apr/2023:05:35:29 -0500] "GET / HTTP/1.1" 200 319
157.90.244.54 - - [18/Apr/2023:05:35:30 -0500] "GET / HTTP/1.1" 200 4720
66.249.70.210 - - [18/Apr/2023:05:35:51 -0500] "-" 408 -
216.245.221.92 - - [18/Apr/2023:05:36:34 -0500] "HEAD / HTTP/1.1" 200 -
172.22.2.4 - - [18/Apr/2023:05:36:41 -0500] "HEAD /BLA/boletinlegal/ HTTP/1.1" 200 -
185.119.81.101 - - [18/Apr/2023:05:38:35 -0500] "GET /portaldeninos/wp-login.php HTTP/1.1" 200 2592
185.119.81.101 - - [18/Apr/2023:05:38:36 -0500] "POST /portaldeninos/wp-login.php HTTP/1.1" 200 3650
201.245.192.253 - - [18/Apr/2023:05:39:09 -0500] "POST /kwsrmcab/Wsrmcab  HTTP/1.1" 200 43322
172.22.2.4 - - [18/Apr/2023:05:37:32 -0500] "GET /BLA/boletinlegal/ HTTP/1.1" 200 52326
201.245.192.253 - - [18/Apr/2023:05:40:15 -0500] "POST /kwsrmcab/Wsrmcab HTTP/1.1" 200 43174
201.245.192.253 - - [18/Apr/2023:05:40:17 -0500] "POST /kwsrmcab/Wsrmcab HTTP/1.1" 200 43181
172.22.2.4 - - [18/Apr/2023:05:40:41 -0500] "GET /BLA/boletinlegal/actos.php HTTP/1.1" 200 9682
216.245.221.92 - - [18/Apr/2023:05:41:34 -0500] "HEAD / HTTP/1.1" 200 -
66.249.70.207 - - [18/Apr/2023:05:41:48 -0500] "-" 408 -
40.77.167.245 - - [18/Apr/2023:05:43:57 -0500] "GET /portaldeninos/biodiversidad/ HTTP/1.1" 200 86633
201.245.192.253 - - [18/Apr/2023:05:44:08 -0500] "POST /kwsrmcab/Wsrmcab  HTTP/1.1" 200 43322
172.22.2.4 - - [18/Apr/2023:05:42:31 -0500] "HEAD /BLA/boletinlegal/ HTTP/1.1" 200 -
40.77.167.240 - - [18/Apr/2023:05:44:14 -0500] "GET /portaldeninos/wp-content/themes/betheme/assets/jplayer/jplayer.min.js?ver=20.9.6 HTTP/1.1" 200 52702
40.77.167.240 - - [18/Apr/2023:05:44:15 -0500] "GET /portaldeninos/wp-content/themes/betheme/js/plugins.js?ver=20.9.6 HTTP/1.1" 200 197151
40.77.167.240 - - [18/Apr/2023:05:44:15 -0500] "GET /portaldeninos/wp-includes/js/jquery/ui/sortable.min.js?ver=1.11.4 HTTP/1.1" 200 24899
40.77.167.240 - - [18/Apr/2023:05:44:16 -0500] "GET /portaldeninos/wp-includes/js/wp-emoji-release.min.js?ver=4.9.8 HTTP/1.1" 200 12026
40.77.167.245 - - [18/Apr/2023:05:44:19 -0500] "GET /portaldeninos/wp-content/plugins/gallery-videos/CSS/totalsoft.css?ver=4.9.8 HTTP/1.1" 200 40622
40.77.167.245 - - [18/Apr/2023:05:44:19 -0500] "GET /portaldeninos/wp-content/themes/betheme/assets/ui/jquery.ui.all.css?ver=20.9.6 HTTP/1.1" 200 18765
40.77.167.245 - - [18/Apr/2023:05:44:19 -0500] "GET /portaldeninos/wp-content/themes/betheme/css/layout.css?ver=20.9.6 HTTP/1.1" 200 116639
40.77.167.245 - - [18/Apr/2023:05:44:20 -0500] "GET /portaldeninos/wp-content/themes/betheme/js/scripts.js?ver=20.9.6 HTTP/1.1" 200 77162
40.77.167.245 - - [18/Apr/2023:05:44:20 -0500] "GET /portaldeninos/wp-content/uploads/useanyfont/uaf.css?ver=1589905315 HTTP/1.1" 200 408
40.77.167.245 - - [18/Apr/2023:05:44:20 -0500] "GET /portaldeninos/wp-includes/js/jquery/jquery.js?ver=1.12.4 HTTP/1.1" 200 97184
157.55.39.209 - - [18/Apr/2023:05:44:21 -0500] "GET /portaldeninos/wp-content/themes/betheme/js/menu.js?ver=20.9.6 HTTP/1.1" 200 2449
40.77.167.114 - - [18/Apr/2023:05:44:21 -0500] "GET /portaldeninos/wp-content/themes/betheme/assets/animations/animations.min.js?ver=20.9.6 HTTP/1.1" 200 1896
52.167.144.144 - - [18/Apr/2023:05:44:25 -0500] "GET /portaldeninos/wp-content/themes/betheme/assets/animations/animations.min.css?ver=20.9.6 HTTP/1.1" 200 58508
52.167.144.144 - - [18/Apr/2023:05:44:25 -0500] "GET /portaldeninos/wp-includes/js/jquery/ui/accordion.min.js?ver=1.11.4 HTTP/1.1" 200 8584
52.167.144.144 - - [18/Apr/2023:05:44:25 -0500] "GET /portaldeninos/wp-includes/js/wp-embed.min.js?ver=4.9.8 HTTP/1.1" 200 1398
40.77.167.84 - - [18/Apr/2023:05:44:30 -0500] "GET /portaldeninos/wp-content/plugins/gallery-videos/CSS/Total-Soft-Gallery-Video-Widget.css?ver=4.9.8 HTTP/1.1" 200 51554
40.77.167.84 - - [18/Apr/2023:05:44:30 -0500] "GET /portaldeninos/wp-content/plugins/gallery-videos/JS/modernizr.custom.js?ver=4.9.8 HTTP/1.1" 200 9019
40.77.167.84 - - [18/Apr/2023:05:44:31 -0500] "GET /portaldeninos/wp-content/themes/betheme/assets/jplayer/css/jplayer.blue.monday.css?ver=20.9.6 HTTP/1.1" 200 9834
40.77.167.84 - - [18/Apr/2023:05:44:31 -0500] "GET /portaldeninos/wp-content/themes/betheme/css/base.css?ver=20.9.6 HTTP/1.1" 200 57283
