40.77.167.84 - - [18/Apr/2023:05:44:31 -0500] "GET /portaldeninos/wp-content/themes/betheme/css/responsive.css?ver=20.9.6 HTTP/1.1" 200 55740
40.77.167.84 - - [18/Apr/2023:05:44:31 -0500] "GET /portaldeninos/wp-includes/js/jquery/jquery-migrate.min.js?ver=1.4.1 HTTP/1.1" 200 10056
157.55.39.209 - - [18/Apr/2023:05:44:36 -0500] "GET /portaldeninos/wp-includes/js/jquery/ui/mouse.min.js?ver=1.11.4 HTTP/1.1" 200 3148
157.55.39.209 - - [18/Apr/2023:05:44:37 -0500] "GET /portaldeninos/wp-includes/js/jquery/ui/tabs.min.js?ver=1.11.4 HTTP/1.1" 200 12110
157.55.39.209 - - [18/Apr/2023:05:44:37 -0500] "GET /portaldeninos/wp-includes/js/jquery/ui/widget.min.js?ver=1.11.4 HTTP/1.1" 200 6908
40.77.167.114 - - [18/Apr/2023:05:44:42 -0500] "GET /portaldeninos/wp-content/themes/betheme/css/shortcodes.css?ver=20.9.6 HTTP/1.1" 200 138889
40.77.167.114 - - [18/Apr/2023:05:44:42 -0500] "GET /portaldeninos/wp-content/themes/betheme/style.css?ver=20.9.6 HTTP/1.1" 200 287
40.77.167.114 - - [18/Apr/2023:05:44:42 -0500] "GET /portaldeninos/wp-includes/js/jquery/ui/core.min.js?ver=1.11.4 HTTP/1.1" 200 4000
185.119.81.99 - - [18/Apr/2023:05:45:00 -0500] "GET /portaldeninos/wp-login.php HTTP/1.1" 200 2592
185.119.81.99 - - [18/Apr/2023:05:45:01 -0500] "POST /portaldeninos/wp-login.php HTTP/1.1" 200 3605
172.22.2.4 - - [18/Apr/2023:05:43:22 -0500] "GET /BLA/boletinlegal/ HTTP/1.1" 200 57151
216.245.221.92 - - [18/Apr/2023:05:46:34 -0500] "HEAD / HTTP/1.1" 200 -
40.77.167.245 - - [18/Apr/2023:05:47:08 -0500] "GET /images/cronica-amanda-rodriguez-30-abril.jpg HTTP/1.1" 200 26304
52.167.144.63 - - [18/Apr/2023:05:47:20 -0500] "GET /BLA/resoluciones/AUTOS%202022/0009.pdf HTTP/1.1" 304 -
94.130.11.155 - - [18/Apr/2023:05:48:03 -0500] "GET /la-secretaria-de-ambiente-ha-gestionado-14-5-toneladas-de-ropa-y-calzado-en-desuso.html HTTP/1.1" 206 869
52.167.144.157 - - [18/Apr/2023:05:48:21 -0500] "GET /BLA/resoluciones/AUTOS%202021/1612.pdf HTTP/1.1" 304 -
66.249.70.170 - - [18/Apr/2023:05:48:32 -0500] "-" 408 -
172.22.2.4 - - [18/Apr/2023:05:47:10 -0500] "GET /BLA/boletinlegal/ HTTP/1.1" 200 60506
201.245.192.253 - - [18/Apr/2023:05:49:07 -0500] "POST /kwsrmcab/Wsrmcab  HTTP/1.1" 200 43322
66.249.70.207 - - [18/Apr/2023:05:49:25 -0500] "-" 408 -
172.22.2.4 - - [18/Apr/2023:05:48:21 -0500] "HEAD /BLA/boletinlegal/ HTTP/1.1" 200 -
172.22.2.4 - - [18/Apr/2023:05:49:12 -0500] "GET /BLA/boletinlegal/ HTTP/1.1" 200 57151
185.119.81.97 - - [18/Apr/2023:05:51:26 -0500] "GET /portaldeninos/wp-login.php HTTP/1.1" 200 2592
185.119.81.97 - - [18/Apr/2023:05:51:28 -0500] "POST /portaldeninos/wp-login.php HTTP/1.1" 200 3670
216.245.221.92 - - [18/Apr/2023:05:51:34 -0500] "HEAD / HTTP/1.1" 200 -
47.246.164.131 - - [18/Apr/2023:05:51:47 -0500] "GET /galeria/galeria/fotos/Entrenube2P.jpg HTTP/1.1" 200 8416
201.245.192.253 - - [18/Apr/2023:05:54:06 -0500] "POST /kwsrmcab/Wsrmcab  HTTP/1.1" 200 43322
172.22.2.4 - - [18/Apr/2023:05:54:11 -0500] "HEAD /BLA/boletinlegal/ HTTP/1.1" 200 -
49.7.20.65 - - [18/Apr/2023:05:55:58 -0500] "GET / HTTP/1.1" 200 319
172.22.2.4 - - [18/Apr/2023:05:56:22 -0500] "GET /BLA/boletinlegal/jurisprudencia/analisis/Analisis%20jurisprudencial%20Sentencia%20C-366-11.doc HTTP/1.1" 200 59392
216.245.221.92 - - [18/Apr/2023:05:56:34 -0500] "HEAD / HTTP/1.1" 200 -
172.22.2.4 - - [18/Apr/2023:05:55:02 -0500] "GET /BLA/boletinlegal/ HTTP/1.1" 200 57561
66.249.70.210 - - [18/Apr/2023:05:58:04 -0500] "-" 408 -
186.102.91.107 - - [18/Apr/2023:05:58:05 -0500] "GET /kwssiamovil/sm/acme/a?s=U2FsdGVkX18tV6ECV2JlNrspr5pY+WEtVAcct+Jmaul9t3hHR9bVVYYefYUqAa7uP+DCQK69ZLUTh8sS7TDwEKi6+WbLbXvdBs5q1Nqf+NOm60uGZ15sR4uXhMDJgZHrXp9RuI1S4C2MzAqIP3KRPM7DXMA/ZwMlsxVqLpaOmvfYsGV13UUx1M552aX9VGijBKyDt9QWWTXiz1wZDJRSYASkP9xANDqvSEfIQCUX90SVrLEDl3tNUf06DetMiwqyC2x8PceDB/GIB/GS64bPOw==&u=U2FsdGVkX19imfh1B+hhQqfmm9uNHOgPvOe/ss0wi5M=&y=U2FsdGVkX18NiV6cPcCYXpRxA2R/oJvZMvSIrutSAc1Yd2XL6WR2W4ivfPpVYoEV HTTP/1.1" 200 26
186.102.91.107 - - [18/Apr/2023:05:58:05 -0500] "GET /kwssiamovil/sm/acme/a?s=U2FsdGVkX19PGxkb0dLNfLrGsTqLmlefRMswRYdnjL8D3hUPk5iK1zu1sIDrtWZtdVX9OIl5q5md0kTcn0OoOK1cCL/vDIwIBSsbSqEq0iJuRLh0tnIlU1lUK6o4hny0jwJ0suaB55hfFOgua0qD3cxQ9mtpLonT4AD10wdJT+gTO6mFWKI+ZCx7z5wunJJn03F+0Z7vOy67WOmwnn+HnpDtDa1izD66komOyLzTkNximLMsLuqYtYC+bJoZb0Wlhis4W4y/LeBLueCjFRaoF1esGWMlKZa3/udcOShmpbi7a6xv6f+jPZUTmq9oKLkotvWOvuycY2GHA5xZho5KgoXisPSpEhGQFPa6o9cBpRyP8U4OXGibWx0Uckj1xYp9b83TZ7DEIWP4B3MWOth/eCUIgUBtaLDfE+ukaK864l0h6qwPGccsm81QeIW1m3ayTZSEA20xKW2Foc/lKUmu9KMQK5tSe3Mv+ukf2YwMfMsd9DzFgFML1SgRmGfausNeDdoIqRbltgPnq/d3VnMuyRP6UCIVKUZCihVAMfV7xc8xo9xZpTkG6Ke3+F32lteWewgPf5/Qfal4xwkav+5P3EZR1Y9T/9NPxYCHBcLsnfcTTCiDVx0IcNfrz8RBFU7AMxJBCyeMDFU1r5mrQPGqT3lH8kraWiHlxfk1OJmzg5xZIco2AsJ3N+d+VnF1leBY8jds512j3HVvnvaYydn9dNvKvLW9ux+IApEtitHdesqWmm96lZ9WBNLIk/HiZD6N1qTXFxbBYxhMoxkLYtFmCA0VjUKPnevEwGt4+xsvPzUJZNIJ0rioZpPmTlOr+wPyp7TDrlTtWwy5BDfW0KqhfP/z+Zaa+HOm4esQKxcGZuBW5topATt/vn7gROOHp2oBII6MFaydHy+XkOZ4eK3FW1nm8tjQpH7nkDZMhb2V1alYotPE7cN9lZRxylT0rFeZlQYw0QNVrAz+StnQzZKBFa2OpS3Y7qF9BMmURwWSkS+t45pIuoGbTkpYfkj8miYZalzCAXNxs7vzLhfPILUbyqCwwl1edNFVUzrgoV1iR4od7LC7YM53kYveAwTB+EFDRgLZCh1ob2yy4lu+li28DjS+nQm5iXrqIP2/ajHizh8Cvt+QhPvVMo9jLKFOvFQLgDGaZobAb2nxq71ARIcaeRyGzFZCuw5u1g+cENQU4UAyOuf1m7jtQQG7g7to21obMKoWGg+vglvws13h/a46KogAV6Hl3qj6SA83uhiBBvSut/n0o29UtOGGgRhy/yXccVJsAoRwWdbKvu7WEoDrlvDRMQDyrYThFXJcuIflcJ0VOCOvc3cLENSalHAjDwKCTo6DBm2vcqqXmYBy682hoysH7blG05VWa5FVkpZaUOBw+t37Gws78awl06nKlox8BybJK6GCZNdnZdRzmie2mBELfWWQA+Zqvn9v3TVPB5lrLk3kUFYMT0wsR0h90MuyaXZfOv9TZOBNeYV5eQ0a3BldtPBIWZvOq1a2/wwS8SyBbHtdsmhFu7GdWjIW9KLMQ3Okl40K+JWf1z25mkzlwMPiekXEsaAPSqhy0O+jL1CTB7ibs048f3U1gz6BKUT5oXdibZkOzcabVu/mEURMWcqsUExOqdsIN6Imde6IJuxjLf5pNFJOd6NXgddqSrFV+SizQzzkWTirm7eJC1MyoCUoml4uNHLwrX6L3xpB8q0=&u=U2FsdGVkX19imfh1B+hhQqfmm9uNHOgPvOe/ss0wi5M=&y=U2FsdGVkX18NiV6cPcCYXpRxA2R/oJvZMvSIrutSAc1Yd2XL6WR2W4ivfPpVYoEV HTTP/1.1" 200 26
186.102.91.107 - - [18/Apr/2023:05:58:06 -0500] "GET /kwssiamovil/sm/acme/a?s=U2FsdGVkX1+6BmAf1vkeXnuwQ2ilu7H/wNcJ+E4siN6vK+3zlbpcC7ZX6WlePdvkSR2s2cUsZQPGXKGghLa0+MgyzBeeEsiaAoWdISWm6C3V1UHXPXY4RseaoJCBXJcFLbXLcwCECl7Zme4NIwnBrkcLQyhW58W0Su3mxWEAr40=&u=U2FsdGVkX19imfh1B+hhQqfmm9uNHOgPvOe/ss0wi5M=&y=U2FsdGVkX18NiV6cPcCYXpRxA2R/oJvZMvSIrutSAc1Yd2XL6WR2W4ivfPpVYoEV HTTP/1.1" 200 26
186.102.91.107 - - [18/Apr/2023:05:58:06 -0500] "GET /kwssiamovil/sm/acme/a?s=U2FsdGVkX1/6FGz+3H5nON0w5+8+O7OeO3ag+A1cCcEvTC1SdqKJ+Cwckt/eHF4p5QX8RUy/tKSEwsrj5daesZ3qd6MpXewZfC0OxkC/pAiqu8BCfEpGpBEZtDEbq4GIU9hSxKebcoEcsxkUk6lZZ9IpnSpdrjznLe/IFoq84XE=&u=U2FsdGVkX19imfh1B+hhQqfmm9uNHOgPvOe/ss0wi5M=&y=U2FsdGVkX18NiV6cPcCYXpRxA2R/oJvZMvSIrutSAc1Yd2XL6WR2W4ivfPpVYoEV HTTP/1.1" 200 26
186.102.91.107 - - [18/Apr/2023:05:58:06 -0500] "GET /kwssiamovil/sm/acme/a?s=U2FsdGVkX19DMVL5n+NU1EZyODMJdZakfkysoRQBLnb4lIZRxf0AQEsiY/ZwbvPE80WZTIe6P/FiJdLel2OY4BjMLD/iR960UXlADJZSzE5trTwPs2i3AjqgbkltxJhywZ+7lvIus8F3UCKUNHx0LcF8+M2s5NfUTd8pvPlEkkI=&u=U2FsdGVkX19imfh1B+hhQqfmm9uNHOgPvOe/ss0wi5M=&y=U2FsdGVkX18NiV6cPcCYXpRxA2R/oJvZMvSIrutSAc1Yd2XL6WR2W4ivfPpVYoEV HTTP/1.1" 200 26
186.102.91.107 - - [18/Apr/2023:05:58:06 -0500] "GET /kwssiamovil/sm/acme/a?s=U2FsdGVkX1+r4zf+nMVM5bqGj4/C4lm/BVOwjUnQm5XpEH/5TMQf1vdw2tYxqZiENizL+aasE5QKjydYwH+40jPx4K4J4FNIVQYUFM0weUX68HyS0doruNQXIMrLq1Yr5p2nH3JV8AtRp0V37U01xJuJsU0lLPafDcFuESAAzbsmXp3Hir6nfxOFeytU9os+PMUPLOPAyUoEicnJxfTjgw==&u=U2FsdGVkX19imfh1B+hhQqfmm9uNHOgPvOe/ss0wi5M=&y=U2FsdGVkX18NiV6cPcCYXpRxA2R/oJvZMvSIrutSAc1Yd2XL6WR2W4ivfPpVYoEV HTTP/1.1" 200 26
201.245.192.253 - - [18/Apr/2023:05:59:05 -0500] "POST /kwsrmcab/Wsrmcab  HTTP/1.1" 200 43322
40.77.190.133 - - [18/Apr/2023:06:00:16 -0500] "GET /portaldeninos/wp-content/themes/betheme/fonts/mfn-icons.woff?93978679 HTTP/1.1" 200 80932
198.235.24.48 - - [18/Apr/2023:06:00:30 -0500] "GET / HTTP/1.1" 200 4720
216.245.221.92 - - [18/Apr/2023:06:01:34 -0500] "HEAD / HTTP/1.1" 200 -
172.22.2.4 - - [18/Apr/2023:06:00:01 -0500] "HEAD /BLA/boletinlegal/ HTTP/1.1" 200 -
172.22.2.4 - - [18/Apr/2023:06:00:52 -0500] "GET /BLA/boletinlegal/ HTTP/1.1" 200 57561
66.249.70.207 - - [18/Apr/2023:06:03:50 -0500] "-" 408 -
186.155.15.39 - - [18/Apr/2023:06:04:05 -0500] "GET /BLA/resoluciones/ HTTP/1.1" 200 13502
201.245.192.253 - - [18/Apr/2023:06:04:04 -0500] "POST /kwsrmcab/Wsrmcab  HTTP/1.1" 200 43322
186.155.15.39 - - [18/Apr/2023:06:04:07 -0500] "GET /BLA/resoluciones/index.php?dir=AUTOS+2016%2F HTTP/1.1" 200 329340
186.155.15.39 - - [18/Apr/2023:06:05:25 -0500] "GET /BLA/resoluciones/AUTOS%202016/2959.pdf HTTP/1.1" 200 604680
216.245.221.92 - - [18/Apr/2023:06:06:34 -0500] "HEAD / HTTP/1.1" 200 -
185.119.81.101 - - [18/Apr/2023:06:06:45 -0500] "GET /portaldeninos/wp-login.php HTTP/1.1" 200 2592
185.119.81.101 - - [18/Apr/2023:06:06:46 -0500] "POST /portaldeninos/wp-login.php HTTP/1.1" 200 3605
172.22.2.4 - - [18/Apr/2023:06:05:51 -0500] "HEAD /BLA/boletinlegal/ HTTP/1.1" 200 -
172.22.2.4 - - [18/Apr/2023:06:08:08 -0500] "GET /BLA/boletinlegal/actas/acta%20de%20acuerdo%2001%20adop%20regla%20inter%20CISPAER.pdf HTTP/1.1" 200 837068
172.22.2.4 - - [18/Apr/2023:06:06:42 -0500] "GET /BLA/boletinlegal/ HTTP/1.1" 200 57151
201.245.192.253 - - [18/Apr/2023:06:09:03 -0500] "POST /kwsrmcab/Wsrmcab  HTTP/1.1" 200 43322
173.252.79.3 - - [18/Apr/2023:06:09:15 -0500] "GET /images/jardines-verticales-plantas-24-mayo.jpg HTTP/1.1" 200 148288
66.249.70.207 - - [18/Apr/2023:06:09:42 -0500] "-" 408 -
172.22.2.4 - - [18/Apr/2023:06:09:52 -0500] "GET /BLA/boletinlegal/Directivas/2013/Directiva%20No.%202%20del%2004%20de%20Abril%20de%202013.pdf HTTP/1.1" 200 1182671
216.245.221.92 - - [18/Apr/2023:06:11:34 -0500] "HEAD / HTTP/1.1" 200 -
66.249.70.168 - - [18/Apr/2023:06:12:37 -0500] "GET /30-tinguas-azules-volvieron HTTP/1.1" 404 1034
172.22.2.4 - - [18/Apr/2023:06:11:41 -0500] "HEAD /BLA/boletinlegal/ HTTP/1.1" 200 -
201.245.192.253 - - [18/Apr/2023:06:14:03 -0500] "POST /kwsrmcab/Wsrmcab  HTTP/1.1" 200 43322
172.22.2.4 - - [18/Apr/2023:06:12:32 -0500] "GET /BLA/boletinlegal/ HTTP/1.1" 200 52326
216.245.221.92 - - [18/Apr/2023:06:16:34 -0500] "HEAD / HTTP/1.1" 200 -
40.77.167.94 - - [18/Apr/2023:06:16:53 -0500] "GET /galeria/galeria/jquery.fancybox.css?v=2.1.5 HTTP/1.1" 200 4895
52.167.144.63 - - [18/Apr/2023:06:17:03 -0500] "GET /BLA/resoluciones/RESOLUCIONES%202002/RES%202002%201901-1950/20021928.tif HTTP/1.1" 200 155698
181.53.13.61 - - [18/Apr/2023:06:18:39 -0500] "GET /sipse/faces/index.xhtml HTTP/1.1" 200 677
181.53.13.61 - - [18/Apr/2023:06:18:40 -0500] "GET /sipse/faces/javax.faces.resource/theme.css?ln=primefaces-sipse HTTP/1.1" 304 -
181.53.13.61 - - [18/Apr/2023:06:18:40 -0500] "GET /sipse/css/custom_css_sg.css HTTP/1.1" 304 -
181.53.13.61 - - [18/Apr/2023:06:18:40 -0500] "GET /sipse/faces/faces/autenticacion.xhtml HTTP/1.1" 200 12170
181.53.13.61 - - [18/Apr/2023:06:18:40 -0500] "GET /sipse/css/custom_css_sg_prime_login.css HTTP/1.1" 304 -
181.53.13.61 - - [18/Apr/2023:06:18:40 -0500] "GET /sipse/faces/javax.faces.resource/primefaces.css?ln=primefaces&v=4.0 HTTP/1.1" 304 -
181.53.13.61 - - [18/Apr/2023:06:18:40 -0500] "GET /sipse/faces/javax.faces.resource/theme.css?ln=primefaces-sipse HTTP/1.1" 304 -
181.53.13.61 - - [18/Apr/2023:06:18:40 -0500] "GET /sipse/faces/javax.faces.resource/primefaces.js?ln=primefaces&v=4.0 HTTP/1.1" 304 -
181.53.13.61 - - [18/Apr/2023:06:18:40 -0500] "GET /sipse/faces/javax.faces.resource/layout/layout.css?ln=primefaces&v=4.0 HTTP/1.1" 304 -
181.53.13.61 - - [18/Apr/2023:06:18:40 -0500] "GET /sipse/faces/javax.faces.resource/jquery/jquery.js?ln=primefaces&v=4.0 HTTP/1.1" 304 -
181.53.13.61 - - [18/Apr/2023:06:18:40 -0500] "GET /sipse/js/funciones.js HTTP/1.1" 304 -
181.53.13.61 - - [18/Apr/2023:06:18:40 -0500] "GET /sipse/faces/javax.faces.resource/layout/layout.js?ln=primefaces&v=4.0 HTTP/1.1" 304 -
181.53.13.61 - - [18/Apr/2023:06:18:40 -0500] "GET /sipse/js/disable_browser_buttons.js HTTP/1.1" 304 -
181.53.13.61 - - [18/Apr/2023:06:18:40 -0500] "GET /sipse/faces/javax.faces.resource/jquery/jquery-plugins.js?ln=primefaces&v=4.0 HTTP/1.1" 304 -
181.53.13.61 - - [18/Apr/2023:06:18:41 -0500] "GET /sipse/css/imagen/logoSDG.png HTTP/1.1" 304 -
181.53.13.61 - - [18/Apr/2023:06:18:41 -0500] "GET /sipse/css/imagen/loginimg.png HTTP/1.1" 304 -
181.53.13.61 - - [18/Apr/2023:06:18:41 -0500] "GET /sipse/faces/javax.faces.resource/images/ui-icons_898989_256x240.png?ln=primefaces-aristo HTTP/1.1" 304 -
181.53.13.61 - - [18/Apr/2023:06:18:51 -0500] "POST /sipse/faces/autenticacion.xhtml HTTP/1.1" 200 2220
181.53.13.61 - - [18/Apr/2023:06:18:52 -0500] "GET /sipse/faces/javax.faces.resource/messages/messages.png?ln=primefaces&v=4.0 HTTP/1.1" 304 -
181.53.13.61 - - [18/Apr/2023:06:18:54 -0500] "POST /sipse/faces/autenticacion.xhtml HTTP/1.1" 200 16305
181.53.13.61 - - [18/Apr/2023:06:18:55 -0500] "GET /sipse/css/custom_css_sg_prime.css HTTP/1.1" 304 -
181.53.13.61 - - [18/Apr/2023:06:18:55 -0500] "GET /sipse/js/jquery.min.js HTTP/1.1" 304 -
181.53.13.61 - - [18/Apr/2023:06:18:55 -0500] "GET /sipse/faces/javax.faces.resource/theme.css?ln=primefaces-sipse HTTP/1.1" 304 -
181.53.13.61 - - [18/Apr/2023:06:18:55 -0500] "GET /sipse/faces/javax.faces.resource/primefaces.css?ln=primefaces&v=4.0 HTTP/1.1" 304 -
181.53.13.61 - - [18/Apr/2023:06:18:55 -0500] "GET /sipse/faces/javax.faces.resource/layout/layout.css?ln=primefaces&v=4.0 HTTP/1.1" 304 -
181.53.13.61 - - [18/Apr/2023:06:18:55 -0500] "GET /sipse/faces/javax.faces.resource/jquery/jquery.js?ln=primefaces&v=4.0 HTTP/1.1" 304 -
181.53.13.61 - - [18/Apr/2023:06:18:55 -0500] "GET /sipse/faces/javax.faces.resource/jquery/jquery-plugins.js?ln=primefaces&v=4.0 HTTP/1.1" 304 -
181.53.13.61 - - [18/Apr/2023:06:18:55 -0500] "GET /sipse/faces/javax.faces.resource/primefaces.js?ln=primefaces&v=4.0 HTTP/1.1" 304 -
181.53.13.61 - - [18/Apr/2023:06:18:56 -0500] "GET /sipse/faces/javax.faces.resource/layout/layout.js?ln=primefaces&v=4.0 HTTP/1.1" 304 -
181.53.13.61 - - [18/Apr/2023:06:18:56 -0500] "GET /sipse/css/imagen/contrasena.png HTTP/1.1" 404 383
181.53.13.61 - - [18/Apr/2023:06:18:56 -0500] "GET /sipse/imagenes/logoAplicacion.jpg HTTP/1.1" 304 -
181.53.13.61 - - [18/Apr/2023:06:18:56 -0500] "GET /sipse/imagenes/cargando.gif HTTP/1.1" 304 -
181.53.13.61 - - [18/Apr/2023:06:18:58 -0500] "GET /sipse/faces/javax.faces.resource/images/ui-bg_flat_0_2d5972_40x100.png?ln=primefaces-aristo HTTP/1.1" 304 -
181.53.13.61 - - [18/Apr/2023:06:18:58 -0500] "POST /sipse/faces/bienvenido.xhtml HTTP/1.1" 200 2658
181.53.13.61 - - [18/Apr/2023:06:19:00 -0500] "POST /sipse/faces/bienvenido.xhtml HTTP/1.1" 200 2073
181.53.13.61 - - [18/Apr/2023:06:19:01 -0500] "POST /sipse/faces/bienvenido.xhtml HTTP/1.1" 200 40788
181.53.13.61 - - [18/Apr/2023:06:19:02 -0500] "GET /sipse/faces/javax.faces.resource/theme.css?ln=primefaces-sipse HTTP/1.1" 304 -
181.53.13.61 - - [18/Apr/2023:06:19:02 -0500] "GET /sipse/faces/javax.faces.resource/layout/layout.css?ln=primefaces&v=4.0 HTTP/1.1" 304 -
181.53.13.61 - - [18/Apr/2023:06:19:02 -0500] "GET /sipse/faces/javax.faces.resource/primefaces.css?ln=primefaces&v=4.0 HTTP/1.1" 304 -
181.53.13.61 - - [18/Apr/2023:06:19:02 -0500] "GET /sipse/faces/javax.faces.resource/jquery/jquery.js?ln=primefaces&v=4.0 HTTP/1.1" 304 -
181.53.13.61 - - [18/Apr/2023:06:19:02 -0500] "GET /sipse/faces/javax.faces.resource/jquery/jquery-plugins.js?ln=primefaces&v=4.0 HTTP/1.1" 304 -
181.53.13.61 - - [18/Apr/2023:06:19:02 -0500] "GET /sipse/faces/javax.faces.resource/primefaces.js?ln=primefaces&v=4.0 HTTP/1.1" 304 -
181.53.13.61 - - [18/Apr/2023:06:19:02 -0500] "GET /sipse/faces/javax.faces.resource/layout/layout.js?ln=primefaces&v=4.0 HTTP/1.1" 304 -
201.245.192.253 - - [18/Apr/2023:06:19:02 -0500] "POST /kwsrmcab/Wsrmcab  HTTP/1.1" 200 43322
172.22.2.4 - - [18/Apr/2023:06:17:31 -0500] "HEAD /BLA/boletinlegal/ HTTP/1.1" 200 -
181.53.13.61 - - [18/Apr/2023:06:19:23 -0500] "POST /sipse/faces/presentacion/financiero/solicitudProceso/consultar.xhtml HTTP/1.1" 200 9833
52.167.144.58 - - [18/Apr/2023:06:19:59 -0500] "GET /BLA/boletinlegal/notificaciones.php HTTP/1.1" 200 13427
172.22.2.4 - - [18/Apr/2023:06:18:21 -0500] "GET /BLA/boletinlegal/ HTTP/1.1" 200 57151
181.53.13.61 - - [18/Apr/2023:06:20:01 -0500] "POST /sipse/faces/presentacion/financiero/solicitudProceso/consultar.xhtml HTTP/1.1" 200 66296
181.53.13.61 - - [18/Apr/2023:06:20:03 -0500] "GET /sipse/faces/javax.faces.resource/theme.css?ln=primefaces-sipse HTTP/1.1" 304 -
181.53.13.61 - - [18/Apr/2023:06:20:03 -0500] "GET /sipse/faces/javax.faces.resource/layout/layout.css?ln=primefaces&v=4.0 HTTP/1.1" 304 -
181.53.13.61 - - [18/Apr/2023:06:20:03 -0500] "GET /sipse/faces/javax.faces.resource/jquery/jquery.js?ln=primefaces&v=4.0 HTTP/1.1" 304 -
181.53.13.61 - - [18/Apr/2023:06:20:03 -0500] "GET /sipse/faces/javax.faces.resource/primefaces.css?ln=primefaces&v=4.0 HTTP/1.1" 304 -
181.53.13.61 - - [18/Apr/2023:06:20:03 -0500] "GET /sipse/faces/javax.faces.resource/jquery/jquery-plugins.js?ln=primefaces&v=4.0 HTTP/1.1" 304 -
181.53.13.61 - - [18/Apr/2023:06:20:03 -0500] "GET /sipse/faces/javax.faces.resource/primefaces.js?ln=primefaces&v=4.0 HTTP/1.1" 304 -
181.53.13.61 - - [18/Apr/2023:06:20:03 -0500] "GET /sipse/faces/javax.faces.resource/layout/layout.js?ln=primefaces&v=4.0 HTTP/1.1" 304 -
181.53.13.61 - - [18/Apr/2023:06:20:04 -0500] "POST /sipse/faces/presentacion/financiero/solicitudProceso/listarSolicitudProceso.xhtml HTTP/1.1" 200 59619
181.53.13.61 - - [18/Apr/2023:06:20:05 -0500] "POST /sipse/faces/presentacion/financiero/solicitudProceso/listarSolicitudProceso.xhtml HTTP/1.1" 200 1560
181.53.13.61 - - [18/Apr/2023:06:20:06 -0500] "POST /sipse/faces/presentacion/financiero/solicitudProceso/listarSolicitudProceso.xhtml HTTP/1.1" 200 1552
181.53.13.61 - - [18/Apr/2023:06:20:10 -0500] "POST /sipse/faces/presentacion/financiero/solicitudProceso/listarSolicitudProceso.xhtml HTTP/1.1" 200 44186
181.53.13.61 - - [18/Apr/2023:06:20:13 -0500] "POST /sipse/faces/presentacion/financiero/solicitudProceso/listarSolicitudProceso.xhtml HTTP/1.1" 200 17376
181.53.13.61 - - [18/Apr/2023:06:20:15 -0500] "POST /sipse/faces/presentacion/financiero/solicitudProceso/listarSolicitudProceso.xhtml HTTP/1.1" 200 14361
201.245.192.253 - - [18/Apr/2023:06:20:14 -0500] "POST /kwsrmcab/Wsrmcab HTTP/1.1" 200 43194
201.245.192.253 - - [18/Apr/2023:06:20:17 -0500] "POST /kwsrmcab/Wsrmcab HTTP/1.1" 200 43197
181.53.13.61 - - [18/Apr/2023:06:20:18 -0500] "POST /sipse/faces/presentacion/financiero/solicitudProceso/listarSolicitudProceso.xhtml HTTP/1.1" 200 14349
181.53.13.61 - - [18/Apr/2023:06:20:19 -0500] "POST /sipse/faces/presentacion/financiero/solicitudProceso/listarSolicitudProceso.xhtml HTTP/1.1" 200 14361
181.53.13.61 - - [18/Apr/2023:06:20:22 -0500] "POST /sipse/faces/presentacion/financiero/solicitudProceso/listarSolicitudProceso.xhtml HTTP/1.1" 200 40823
181.53.13.61 - - [18/Apr/2023:06:20:22 -0500] "GET /sipse/faces/javax.faces.resource/theme.css?ln=primefaces-sipse HTTP/1.1" 304 -
181.53.13.61 - - [18/Apr/2023:06:20:22 -0500] "GET /sipse/faces/javax.faces.resource/primefaces.css?ln=primefaces&v=4.0 HTTP/1.1" 304 -
181.53.13.61 - - [18/Apr/2023:06:20:22 -0500] "GET /sipse/faces/javax.faces.resource/layout/layout.css?ln=primefaces&v=4.0 HTTP/1.1" 304 -
181.53.13.61 - - [18/Apr/2023:06:20:22 -0500] "GET /sipse/faces/javax.faces.resource/jquery/jquery.js?ln=primefaces&v=4.0 HTTP/1.1" 304 -
181.53.13.61 - - [18/Apr/2023:06:20:23 -0500] "GET /sipse/faces/javax.faces.resource/jquery/jquery-plugins.js?ln=primefaces&v=4.0 HTTP/1.1" 304 -
181.53.13.61 - - [18/Apr/2023:06:20:23 -0500] "GET /sipse/faces/javax.faces.resource/primefaces.js?ln=primefaces&v=4.0 HTTP/1.1" 304 -
181.53.13.61 - - [18/Apr/2023:06:20:23 -0500] "GET /sipse/faces/javax.faces.resource/layout/layout.js?ln=primefaces&v=4.0 HTTP/1.1" 304 -
181.53.13.61 - - [18/Apr/2023:06:20:23 -0500] "POST /sipse/faces/presentacion/financiero/solicitudProceso/consultar.xhtml HTTP/1.1" 200 34172
181.53.13.61 - - [18/Apr/2023:06:20:23 -0500] "POST /sipse/faces/presentacion/financiero/solicitudProceso/consultar.xhtml HTTP/1.1" 200 34172
181.53.13.61 - - [18/Apr/2023:06:20:26 -0500] "POST /sipse/faces/presentacion/financiero/solicitudProceso/consultar.xhtml HTTP/1.1" 200 9833
172.22.2.4 - - [18/Apr/2023:06:20:41 -0500] "GET /BLA/boletinlegal/robots.txt HTTP/1.1" 404 1038
66.249.70.207 - - [18/Apr/2023:06:20:48 -0500] "-" 408 -
216.245.221.92 - - [18/Apr/2023:06:21:34 -0500] "HEAD / HTTP/1.1" 200 -
185.119.81.101 - - [18/Apr/2023:06:21:57 -0500] "GET /portaldeninos/wp-login.php HTTP/1.1" 200 2592
185.119.81.101 - - [18/Apr/2023:06:21:58 -0500] "POST /portaldeninos/wp-login.php HTTP/1.1" 200 3650
172.22.2.4 - - [18/Apr/2023:06:20:43 -0500] "GET /BLA/boletinlegal/index.php HTTP/1.1" 200 61759
20.241.233.77 - - [18/Apr/2023:06:22:36 -0500] "GET /images/servicios-ambientales_optimized.jpeg HTTP/1.1" 200 195222
66.220.149.14 - - [18/Apr/2023:06:23:27 -0500] "GET /images/negocios-verdes-mayo-2022.jpg HTTP/1.1" 200 48000
201.245.192.253 - - [18/Apr/2023:06:24:01 -0500] "POST /kwsrmcab/Wsrmcab  HTTP/1.1" 200 43322
181.53.13.61 - - [18/Apr/2023:06:24:17 -0500] "POST /sipse/faces/presentacion/financiero/solicitudProceso/consultar.xhtml HTTP/1.1" 200 12899
181.53.13.61 - - [18/Apr/2023:06:24:25 -0500] "POST /sipse/faces/presentacion/financiero/solicitudProceso/consultar.xhtml HTTP/1.1" 200 164190
181.53.13.61 - - [18/Apr/2023:06:24:26 -0500] "GET /sipse/faces/javax.faces.resource/theme.css?ln=primefaces-sipse HTTP/1.1" 304 -
181.53.13.61 - - [18/Apr/2023:06:24:26 -0500] "GET /sipse/faces/javax.faces.resource/primefaces.css?ln=primefaces&v=4.0 HTTP/1.1" 304 -
181.53.13.61 - - [18/Apr/2023:06:24:26 -0500] "GET /sipse/faces/javax.faces.resource/layout/layout.css?ln=primefaces&v=4.0 HTTP/1.1" 304 -
181.53.13.61 - - [18/Apr/2023:06:24:26 -0500] "GET /sipse/faces/javax.faces.resource/jquery/jquery.js?ln=primefaces&v=4.0 HTTP/1.1" 304 -
181.53.13.61 - - [18/Apr/2023:06:24:26 -0500] "GET /sipse/faces/javax.faces.resource/jquery/jquery-plugins.js?ln=primefaces&v=4.0 HTTP/1.1" 304 -
181.53.13.61 - - [18/Apr/2023:06:24:26 -0500] "GET /sipse/faces/javax.faces.resource/primefaces.js?ln=primefaces&v=4.0 HTTP/1.1" 304 -
181.53.13.61 - - [18/Apr/2023:06:24:27 -0500] "GET /sipse/faces/javax.faces.resource/layout/layout.js?ln=primefaces&v=4.0 HTTP/1.1" 304 -
172.22.2.4 - - [18/Apr/2023:06:23:21 -0500] "HEAD /BLA/boletinlegal/ HTTP/1.1" 200 -
172.22.2.4 - - [18/Apr/2023:06:24:12 -0500] "GET /BLA/boletinlegal/ HTTP/1.1" 200 53561
181.53.13.61 - - [18/Apr/2023:06:26:32 -0500] "POST /sipse/faces/presentacion/financiero/solicitudProceso/consultarSolicitudProceso.xhtml HTTP/1.1" 200 43904
181.53.13.61 - - [18/Apr/2023:06:26:33 -0500] "GET /sipse/faces/javax.faces.resource/theme.css?ln=primefaces-sipse HTTP/1.1" 304 -
181.53.13.61 - - [18/Apr/2023:06:26:33 -0500] "GET /sipse/faces/javax.faces.resource/jquery/jquery.js?ln=primefaces&v=4.0 HTTP/1.1" 304 -
181.53.13.61 - - [18/Apr/2023:06:26:33 -0500] "GET /sipse/faces/javax.faces.resource/primefaces.css?ln=primefaces&v=4.0 HTTP/1.1" 304 -
181.53.13.61 - - [18/Apr/2023:06:26:33 -0500] "GET /sipse/faces/javax.faces.resource/layout/layout.css?ln=primefaces&v=4.0 HTTP/1.1" 304 -
181.53.13.61 - - [18/Apr/2023:06:26:33 -0500] "GET /sipse/faces/javax.faces.resource/jquery/jquery-plugins.js?ln=primefaces&v=4.0 HTTP/1.1" 304 -
181.53.13.61 - - [18/Apr/2023:06:26:33 -0500] "GET /sipse/faces/javax.faces.resource/primefaces.js?ln=primefaces&v=4.0 HTTP/1.1" 304 -
181.53.13.61 - - [18/Apr/2023:06:26:34 -0500] "GET /sipse/faces/javax.faces.resource/layout/layout.js?ln=primefaces&v=4.0 HTTP/1.1" 304 -
216.245.221.92 - - [18/Apr/2023:06:26:34 -0500] "HEAD / HTTP/1.1" 200 -
181.53.13.61 - - [18/Apr/2023:06:26:34 -0500] "POST /sipse/faces/presentacion/financiero/solicitudProceso/consultar.xhtml HTTP/1.1" 200 37253
181.53.13.61 - - [18/Apr/2023:06:26:35 -0500] "POST /sipse/faces/presentacion/financiero/solicitudProceso/consultar.xhtml HTTP/1.1" 200 37253
181.53.13.61 - - [18/Apr/2023:06:26:35 -0500] "POST /sipse/faces/presentacion/financiero/solicitudProceso/consultar.xhtml HTTP/1.1" 200 37253
181.53.13.61 - - [18/Apr/2023:06:26:35 -0500] "POST /sipse/faces/presentacion/financiero/solicitudProceso/consultar.xhtml HTTP/1.1" 200 37253
181.53.13.61 - - [18/Apr/2023:06:26:43 -0500] "POST /sipse/faces/presentacion/financiero/solicitudProceso/consultar.xhtml HTTP/1.1" 200 2266
181.53.13.61 - - [18/Apr/2023:06:26:44 -0500] "POST /sipse/faces/presentacion/financiero/solicitudProceso/consultar.xhtml HTTP/1.1" 200 2274
181.53.13.61 - - [18/Apr/2023:06:26:45 -0500] "POST /sipse/faces/presentacion/financiero/solicitudProceso/consultar.xhtml HTTP/1.1" 200 2274
181.53.13.61 - - [18/Apr/2023:06:26:47 -0500] "POST /sipse/faces/presentacion/financiero/solicitudProceso/consultar.xhtml HTTP/1.1" 200 2278
181.53.13.61 - - [18/Apr/2023:06:26:47 -0500] "POST /sipse/faces/presentacion/financiero/solicitudProceso/consultar.xhtml HTTP/1.1" 200 2278
181.53.13.61 - - [18/Apr/2023:06:26:49 -0500] "POST /sipse/faces/presentacion/financiero/solicitudProceso/consultar.xhtml HTTP/1.1" 200 2282
181.53.13.61 - - [18/Apr/2023:06:26:50 -0500] "POST /sipse/faces/presentacion/financiero/solicitudProceso/consultar.xhtml HTTP/1.1" 200 2282
172.22.2.4 - - [18/Apr/2023:06:25:11 -0500] "HEAD /BLA/boletinlegal/ HTTP/1.1" 200 -
66.249.70.207 - - [18/Apr/2023:06:27:29 -0500] "-" 408 -
201.245.192.253 - - [18/Apr/2023:06:28:55 -0500] "POST /kwsrmcab/Wsrmcab  HTTP/1.1" 200 43322
201.245.192.253 - - [18/Apr/2023:06:30:15 -0500] "POST /kwsrmcab/Wsrmcab HTTP/1.1" 200 43194
201.245.192.253 - - [18/Apr/2023:06:30:17 -0500] "POST /kwsrmcab/Wsrmcab HTTP/1.1" 200 43197
173.233.148.24 - - [18/Apr/2023:06:30:25 -0500] "GET /caminatas-ecologicas-en-bogota-inscribete-y-participa-en-los-recorridos-de-abril.html HTTP/1.1" 200 868
49.7.20.65 - - [18/Apr/2023:06:30:41 -0500] "GET / HTTP/1.1" 200 319
172.22.2.4 - - [18/Apr/2023:06:29:11 -0500] "HEAD /BLA/boletinlegal/ HTTP/1.1" 200 -
216.245.221.92 - - [18/Apr/2023:06:31:34 -0500] "HEAD / HTTP/1.1" 200 -
186.155.15.39 - - [18/Apr/2023:06:31:41 -0500] "GET /BLA/resoluciones/AUTOS%202016/2955.pdf HTTP/1.1" 200 842173
172.22.2.4 - - [18/Apr/2023:06:30:01 -0500] "GET /BLA/boletinlegal/ HTTP/1.1" 200 57561
173.252.127.7 - - [18/Apr/2023:06:32:30 -0500] "GET /images/cronica-mujer-31-enero.jpg HTTP/1.1" 200 29531
35.210.155.100 - - [18/Apr/2023:06:33:15 -0500] "GET /bla/boletinlegal/actos.php HTTP/1.1" 200 9682
201.245.192.253 - - [18/Apr/2023:06:33:53 -0500] "POST /kwsrmcab/Wsrmcab  HTTP/1.1" 200 43322
66.249.70.207 - - [18/Apr/2023:06:36:32 -0500] "-" 408 -
216.245.221.92 - - [18/Apr/2023:06:36:34 -0500] "HEAD / HTTP/1.1" 200 -
172.22.2.4 - - [18/Apr/2023:06:35:01 -0500] "HEAD /BLA/boletinlegal/ HTTP/1.1" 200 -
185.119.81.106 - - [18/Apr/2023:06:36:44 -0500] "GET /portaldeninos/wp-login.php HTTP/1.1" 200 2592
185.119.81.106 - - [18/Apr/2023:06:36:45 -0500] "POST /portaldeninos/wp-login.php HTTP/1.1" 200 3605
172.22.2.4 - - [18/Apr/2023:06:37:28 -0500] "GET /BLA/boletinlegal/Circulares/2012/Circular%20No.%2011%20del%2027%20de%20Agosto%20de%202012.pdf HTTP/1.1" 304 -
172.22.2.4 - - [18/Apr/2023:06:35:51 -0500] "GET /BLA/boletinlegal/ HTTP/1.1" 200 57151
201.245.192.253 - - [18/Apr/2023:06:38:52 -0500] "POST /kwsrmcab/Wsrmcab  HTTP/1.1" 200 43322
52.167.144.157 - - [18/Apr/2023:06:39:26 -0500] "GET /Publicaciones/2022EE84490.pdf HTTP/1.1" 404 227
201.245.192.253 - - [18/Apr/2023:06:40:14 -0500] "POST /kwsrmcab/Wsrmcab HTTP/1.1" 200 43194
201.245.192.253 - - [18/Apr/2023:06:40:17 -0500] "GET /kwsrmcab/Wsrmcab?wsdl HTTP/1.1" 200 6948
201.245.192.253 - - [18/Apr/2023:06:40:17 -0500] "POST /kwsrmcab/Wsrmcab HTTP/1.1" 200 43197
216.245.221.92 - - [18/Apr/2023:06:41:34 -0500] "HEAD / HTTP/1.1" 200 -
172.22.2.4 - - [18/Apr/2023:06:40:51 -0500] "HEAD /BLA/boletinlegal/ HTTP/1.1" 200 -
66.249.70.207 - - [18/Apr/2023:06:42:41 -0500] "-" 408 -
172.22.2.4 - - [18/Apr/2023:06:41:42 -0500] "GET /BLA/boletinlegal/ HTTP/1.1" 200 57945
201.245.192.253 - - [18/Apr/2023:06:43:56 -0500] "POST /kwsrmcab/Wsrmcab  HTTP/1.1" 200 43322
186.31.98.129 - - [18/Apr/2023:06:46:33 -0500] "GET /Publicaciones/SSFFS-00475-2022.zip HTTP/1.1" 404 232
186.31.98.129 - - [18/Apr/2023:06:46:33 -0500] "GET /favicon.ico HTTP/1.1" 200 7782
216.245.221.92 - - [18/Apr/2023:06:46:34 -0500] "HEAD / HTTP/1.1" 200 -
190.184.231.236 - - [18/Apr/2023:06:47:51 -0500] "GET /galeria/galeria/jquery.fancybox.css?v=2.1.5 HTTP/1.1" 200 4895
190.184.231.236 - - [18/Apr/2023:06:47:53 -0500] "GET /BLA/boletinlegal/js/jquery.scrollShow.js HTTP/1.1" 200 4586
190.184.231.236 - - [18/Apr/2023:06:47:53 -0500] "GET /galeria/galeria/jquery.fancybox.js?v=2.1.5 HTTP/1.1" 200 48706
172.22.2.4 - - [18/Apr/2023:06:46:41 -0500] "HEAD /BLA/boletinlegal/ HTTP/1.1" 200 -
201.245.192.253 - - [18/Apr/2023:06:48:54 -0500] "POST /kwsrmcab/Wsrmcab  HTTP/1.1" 200 43322
172.22.2.4 - - [18/Apr/2023:06:47:31 -0500] "GET /BLA/boletinlegal/ HTTP/1.1" 200 57945
52.167.144.125 - - [18/Apr/2023:06:49:12 -0500] "GET /BLA/resoluciones/RESOLUCIONES%202022/0383.pdf HTTP/1.1" 304 -
40.77.167.84 - - [18/Apr/2023:06:49:46 -0500] "GET /vota-por-bogota-en-we-love-cities-pioneros-en-sostenibilidad.html HTTP/1.1" 200 850
66.249.70.168 - - [18/Apr/2023:06:50:28 -0500] "-" 408 -
186.31.98.129 - - [18/Apr/2023:06:51:04 -0500] "GET /Publicaciones/SSFFS-00475-2022.zip HTTP/1.1" 404 232
216.245.221.92 - - [18/Apr/2023:06:51:34 -0500] "HEAD / HTTP/1.1" 200 -
201.245.192.253 - - [18/Apr/2023:06:53:53 -0500] "POST /kwsrmcab/Wsrmcab  HTTP/1.1" 200 43322
172.22.2.4 - - [18/Apr/2023:06:52:31 -0500] "HEAD /BLA/boletinlegal/ HTTP/1.1" 200 -
172.22.2.4 - - [18/Apr/2023:06:53:21 -0500] "GET /BLA/boletinlegal/ HTTP/1.1" 200 57561
216.245.221.92 - - [18/Apr/2023:06:56:34 -0500] "HEAD / HTTP/1.1" 200 -
185.119.81.102 - - [18/Apr/2023:06:56:41 -0500] "GET /portaldeninos/wp-login.php HTTP/1.1" 200 2592
185.119.81.102 - - [18/Apr/2023:06:56:42 -0500] "POST /portaldeninos/wp-login.php HTTP/1.1" 200 3605
181.53.13.61 - - [18/Apr/2023:06:56:51 -0500] "GET /sipse/faces/javax.faces.resource/theme.css?ln=primefaces-sipse HTTP/1.1" 304 -
181.53.13.61 - - [18/Apr/2023:06:56:52 -0500] "GET /sipse/faces/faces/autenticacion.xhtml HTTP/1.1" 200 12179
181.53.13.61 - - [18/Apr/2023:06:56:52 -0500] "GET /sipse/faces/javax.faces.resource/theme.css?ln=primefaces-sipse HTTP/1.1" 304 -
181.53.13.61 - - [18/Apr/2023:06:56:52 -0500] "GET /sipse/faces/javax.faces.resource/primefaces.css?ln=primefaces&v=4.0 HTTP/1.1" 304 -
181.53.13.61 - - [18/Apr/2023:06:56:52 -0500] "GET /sipse/faces/javax.faces.resource/jquery/jquery.js?ln=primefaces&v=4.0 HTTP/1.1" 304 -
181.53.13.61 - - [18/Apr/2023:06:56:52 -0500] "GET /sipse/faces/javax.faces.resource/jquery/jquery-plugins.js?ln=primefaces&v=4.0 HTTP/1.1" 304 -
181.53.13.61 - - [18/Apr/2023:06:56:52 -0500] "GET /sipse/faces/javax.faces.resource/layout/layout.css?ln=primefaces&v=4.0 HTTP/1.1" 304 -
181.53.13.61 - - [18/Apr/2023:06:56:52 -0500] "GET /sipse/faces/javax.faces.resource/primefaces.js?ln=primefaces&v=4.0 HTTP/1.1" 304 -
181.53.13.61 - - [18/Apr/2023:06:56:52 -0500] "GET /sipse/faces/javax.faces.resource/layout/layout.js?ln=primefaces&v=4.0 HTTP/1.1" 304 -
181.53.13.61 - - [18/Apr/2023:06:56:52 -0500] "GET /sipse/faces/javax.faces.resource/images/ui-icons_898989_256x240.png?ln=primefaces-aristo HTTP/1.1" 304 -
201.245.192.253 - - [18/Apr/2023:06:58:51 -0500] "POST /kwsrmcab/Wsrmcab  HTTP/1.1" 200 43322
172.22.2.4 - - [18/Apr/2023:06:58:21 -0500] "HEAD /BLA/boletinlegal/ HTTP/1.1" 200 -
52.167.144.157 - - [18/Apr/2023:07:00:48 -0500] "GET /transparencia/financiera/Desagregado%20con%20modificaciones/Vigencia%20actual/Modificaciones%20Pptales%20Mayo%202022.xlsx HTTP/1.1" 404 1018
172.22.2.4 - - [18/Apr/2023:06:59:11 -0500] "GET /BLA/boletinlegal/ HTTP/1.1" 200 57561
201.245.192.253 - - [18/Apr/2023:07:00:57 -0500] "GET /sipse/faces/index.xhtml HTTP/1.1" 200 677
201.245.192.253 - - [18/Apr/2023:07:00:57 -0500] "GET /sipse/faces/javax.faces.resource/theme.css?ln=primefaces-sipse HTTP/1.1" 304 -
201.245.192.253 - - [18/Apr/2023:07:00:57 -0500] "GET /sipse/faces/faces/autenticacion.xhtml HTTP/1.1" 200 12170
201.245.192.253 - - [18/Apr/2023:07:00:57 -0500] "GET /sipse/js/disable_browser_buttons.js HTTP/1.1" 200 3230
201.245.192.253 - - [18/Apr/2023:07:00:57 -0500] "GET /sipse/js/funciones.js HTTP/1.1" 200 12592
201.245.192.253 - - [18/Apr/2023:07:00:57 -0500] "GET /sipse/css/custom_css_sg.css HTTP/1.1" 200 9694
201.245.192.253 - - [18/Apr/2023:07:00:57 -0500] "GET /sipse/faces/javax.faces.resource/theme.css?ln=primefaces-sipse HTTP/1.1" 304 -
201.245.192.253 - - [18/Apr/2023:07:00:57 -0500] "GET /sipse/css/custom_css_sg_prime_login.css HTTP/1.1" 200 443
201.245.192.253 - - [18/Apr/2023:07:00:57 -0500] "GET /sipse/faces/javax.faces.resource/primefaces.css?ln=primefaces&v=4.0 HTTP/1.1" 304 -
201.245.192.253 - - [18/Apr/2023:07:00:57 -0500] "GET /sipse/faces/javax.faces.resource/layout/layout.css?ln=primefaces&v=4.0 HTTP/1.1" 304 -
201.245.192.253 - - [18/Apr/2023:07:00:57 -0500] "GET /sipse/faces/javax.faces.resource/jquery/jquery-plugins.js?ln=primefaces&v=4.0 HTTP/1.1" 304 -
201.245.192.253 - - [18/Apr/2023:07:00:57 -0500] "GET /sipse/faces/javax.faces.resource/primefaces.js?ln=primefaces&v=4.0 HTTP/1.1" 304 -
201.245.192.253 - - [18/Apr/2023:07:00:57 -0500] "GET /sipse/faces/javax.faces.resource/jquery/jquery.js?ln=primefaces&v=4.0 HTTP/1.1" 304 -
201.245.192.253 - - [18/Apr/2023:07:00:57 -0500] "GET /sipse/faces/javax.faces.resource/layout/layout.js?ln=primefaces&v=4.0 HTTP/1.1" 304 -
201.245.192.253 - - [18/Apr/2023:07:00:57 -0500] "GET /sipse/css/imagen/logoSDG.png HTTP/1.1" 200 53064
201.245.192.253 - - [18/Apr/2023:07:00:57 -0500] "GET /sipse/css/imagen/loginimg.png HTTP/1.1" 200 71635
201.245.192.253 - - [18/Apr/2023:07:00:58 -0500] "GET /sipse/faces/javax.faces.resource/images/ui-icons_898989_256x240.png?ln=primefaces-aristo HTTP/1.1" 304 -
216.245.221.92 - - [18/Apr/2023:07:01:34 -0500] "HEAD / HTTP/1.1" 200 -
201.245.192.253 - - [18/Apr/2023:07:01:46 -0500] "POST /sipse/faces/autenticacion.xhtml HTTP/1.1" 200 2220
201.245.192.253 - - [18/Apr/2023:07:01:46 -0500] "GET /sipse/faces/javax.faces.resource/messages/messages.png?ln=primefaces&v=4.0 HTTP/1.1" 304 -
201.245.192.253 - - [18/Apr/2023:07:01:47 -0500] "POST /sipse/faces/autenticacion.xhtml HTTP/1.1" 200 16305
201.245.192.253 - - [18/Apr/2023:07:01:47 -0500] "GET /sipse/faces/javax.faces.resource/theme.css?ln=primefaces-sipse HTTP/1.1" 304 -
201.245.192.253 - - [18/Apr/2023:07:01:47 -0500] "GET /sipse/css/custom_css_sg_prime.css HTTP/1.1" 200 5201
201.245.192.253 - - [18/Apr/2023:07:01:47 -0500] "GET /sipse/faces/javax.faces.resource/primefaces.css?ln=primefaces&v=4.0 HTTP/1.1" 304 -
201.245.192.253 - - [18/Apr/2023:07:01:47 -0500] "GET /sipse/faces/javax.faces.resource/layout/layout.css?ln=primefaces&v=4.0 HTTP/1.1" 304 -
201.245.192.253 - - [18/Apr/2023:07:01:47 -0500] "GET /sipse/js/jquery.min.js HTTP/1.1" 200 85582
201.245.192.253 - - [18/Apr/2023:07:01:47 -0500] "GET /sipse/faces/javax.faces.resource/jquery/jquery.js?ln=primefaces&v=4.0 HTTP/1.1" 304 -
201.245.192.253 - - [18/Apr/2023:07:01:47 -0500] "GET /sipse/faces/javax.faces.resource/jquery/jquery-plugins.js?ln=primefaces&v=4.0 HTTP/1.1" 304 -
201.245.192.253 - - [18/Apr/2023:07:01:47 -0500] "GET /sipse/faces/javax.faces.resource/primefaces.js?ln=primefaces&v=4.0 HTTP/1.1" 304 -
201.245.192.253 - - [18/Apr/2023:07:01:47 -0500] "GET /sipse/faces/javax.faces.resource/layout/layout.js?ln=primefaces&v=4.0 HTTP/1.1" 304 -
201.245.192.253 - - [18/Apr/2023:07:01:47 -0500] "GET /sipse/imagenes/cargando.gif HTTP/1.1" 200 36959
201.245.192.253 - - [18/Apr/2023:07:01:47 -0500] "GET /sipse/imagenes/logoAplicacion.jpg HTTP/1.1" 200 155084
201.245.192.253 - - [18/Apr/2023:07:01:47 -0500] "GET /sipse/css/imagen/contrasena.png HTTP/1.1" 404 383
201.245.192.253 - - [18/Apr/2023:07:01:49 -0500] "GET /sipse/faces/javax.faces.resource/images/ui-bg_flat_0_2d5972_40x100.png?ln=primefaces-aristo HTTP/1.1" 304 -
201.245.192.253 - - [18/Apr/2023:07:01:49 -0500] "POST /sipse/faces/bienvenido.xhtml HTTP/1.1" 200 2658
201.245.192.253 - - [18/Apr/2023:07:01:50 -0500] "POST /sipse/faces/bienvenido.xhtml HTTP/1.1" 200 65123
201.245.192.253 - - [18/Apr/2023:07:01:51 -0500] "GET /sipse/faces/javax.faces.resource/primefaces.css?ln=primefaces&v=4.0 HTTP/1.1" 304 -
201.245.192.253 - - [18/Apr/2023:07:01:51 -0500] "GET /sipse/faces/javax.faces.resource/layout/layout.css?ln=primefaces&v=4.0 HTTP/1.1" 304 -
201.245.192.253 - - [18/Apr/2023:07:01:51 -0500] "GET /sipse/faces/javax.faces.resource/theme.css?ln=primefaces-sipse HTTP/1.1" 304 -
201.245.192.253 - - [18/Apr/2023:07:01:51 -0500] "GET /sipse/faces/javax.faces.resource/jquery/jquery.js?ln=primefaces&v=4.0 HTTP/1.1" 304 -
201.245.192.253 - - [18/Apr/2023:07:01:51 -0500] "GET /sipse/faces/javax.faces.resource/jquery/jquery-plugins.js?ln=primefaces&v=4.0 HTTP/1.1" 304 -
201.245.192.253 - - [18/Apr/2023:07:01:51 -0500] "GET /sipse/faces/javax.faces.resource/primefaces.js?ln=primefaces&v=4.0 HTTP/1.1" 304 -
201.245.192.253 - - [18/Apr/2023:07:01:51 -0500] "GET /sipse/faces/javax.faces.resource/layout/layout.js?ln=primefaces&v=4.0 HTTP/1.1" 304 -
201.245.192.253 - - [18/Apr/2023:07:01:52 -0500] "POST /sipse/faces/presentacion/financiero/solicitudProceso/listarSolicitudProceso.xhtml HTTP/1.1" 200 1560
186.102.52.45 - - [18/Apr/2023:07:01:54 -0500] "GET /galeria/galeria/jquery.fancybox.css?v=2.1.5 HTTP/1.1" 200 4895
186.102.52.45 - - [18/Apr/2023:07:01:54 -0500] "GET /BLA/boletinlegal/js/jquery.scrollShow.js HTTP/1.1" 200 4586
186.102.52.45 - - [18/Apr/2023:07:01:54 -0500] "GET /galeria/galeria/jquery.fancybox.js?v=2.1.5 HTTP/1.1" 200 48706
201.245.192.253 - - [18/Apr/2023:07:02:03 -0500] "POST /sipse/faces/presentacion/financiero/solicitudProceso/listarSolicitudProceso.xhtml HTTP/1.1" 200 44094
201.245.192.253 - - [18/Apr/2023:07:02:04 -0500] "POST /sipse/faces/presentacion/financiero/solicitudProceso/listarSolicitudProceso.xhtml HTTP/1.1" 200 44074
201.245.192.253 - - [18/Apr/2023:07:02:06 -0500] "POST /sipse/faces/presentacion/financiero/solicitudProceso/listarSolicitudProceso.xhtml HTTP/1.1" 200 17189
201.245.192.253 - - [18/Apr/2023:07:03:49 -0500] "POST /kwsrmcab/Wsrmcab  HTTP/1.1" 200 43322
66.249.70.213 - - [18/Apr/2023:07:04:45 -0500] "-" 408 -
49.7.20.65 - - [18/Apr/2023:07:04:50 -0500] "GET / HTTP/1.1" 200 319
173.252.83.17 - - [18/Apr/2023:07:05:50 -0500] "GET /galeria/galeria/fotos/mirador3P.jpg HTTP/1.1" 200 9765
172.22.2.4 - - [18/Apr/2023:07:04:11 -0500] "HEAD /BLA/boletinlegal/ HTTP/1.1" 200 -
216.245.221.92 - - [18/Apr/2023:07:06:34 -0500] "HEAD / HTTP/1.1" 200 -
172.22.2.4 - - [18/Apr/2023:07:05:01 -0500] "GET /BLA/boletinlegal/ HTTP/1.1" 200 56287
186.155.74.143 - - [18/Apr/2023:07:07:53 -0500] "GET /BLA/resoluciones/RESOLUCIONES%202021/5262.pdf HTTP/1.1" 206 1
186.155.74.143 - - [18/Apr/2023:07:07:53 -0500] "GET /BLA/resoluciones/RESOLUCIONES%202021/5262.pdf HTTP/1.1" 206 362564
34.147.4.96 - - [18/Apr/2023:07:08:49 -0500] "GET /inventario-de-emisiones-2020-transporte-publico-sitp-redujo-emisiones-de-pm-2-5-en-un-37.html HTTP/1.1" 200 925
201.245.192.253 - - [18/Apr/2023:07:08:48 -0500] "POST /kwsrmcab/Wsrmcab  HTTP/1.1" 200 43322
193.32.162.159 - - [18/Apr/2023:07:10:38 -0500] "GET / HTTP/1.1" 200 319
193.32.162.159 - - [18/Apr/2023:07:10:48 -0500] "GET /dispatch.asp HTTP/1.1" 404 1018
216.245.221.92 - - [18/Apr/2023:07:11:34 -0500] "HEAD / HTTP/1.1" 200 -
172.22.2.4 - - [18/Apr/2023:07:10:01 -0500] "HEAD /BLA/boletinlegal/ HTTP/1.1" 200 -
172.22.2.4 - - [18/Apr/2023:07:10:51 -0500] "GET /BLA/boletinlegal/ HTTP/1.1" 200 57561
201.245.192.253 - - [18/Apr/2023:07:13:46 -0500] "POST /kwsrmcab/Wsrmcab  HTTP/1.1" 200 43322
185.119.81.101 - - [18/Apr/2023:07:15:33 -0500] "GET /portaldeninos/wp-login.php HTTP/1.1" 200 2592
185.119.81.101 - - [18/Apr/2023:07:15:34 -0500] "POST /portaldeninos/wp-login.php HTTP/1.1" 200 3605
172.22.2.4 - - [18/Apr/2023:07:16:11 -0500] "GET /BLA/boletinlegal/actos.php HTTP/1.1" 200 9682
172.22.2.4 - - [18/Apr/2023:07:16:33 -0500] "GET /BLA/boletinlegal/style.css HTTP/1.1" 200 9406
172.22.2.4 - - [18/Apr/2023:07:16:33 -0500] "GET /BLA/boletinlegal/styles2.css HTTP/1.1" 200 1838
172.22.2.4 - - [18/Apr/2023:07:16:34 -0500] "GET /BLA/boletinlegal/js/jquery.js HTTP/1.1" 200 57254
172.22.2.4 - - [18/Apr/2023:07:16:34 -0500] "GET /BLA/boletinlegal/js/jquery.scrollTo-min.js HTTP/1.1" 200 1150
172.22.2.4 - - [18/Apr/2023:07:16:34 -0500] "GET /BLA/boletinlegal/js/jquery.scrollShow.js HTTP/1.1" 200 4586
172.22.2.4 - - [18/Apr/2023:07:16:34 -0500] "GET /BLA/boletinlegal/images/cabezote%20BLEGAL.jpg HTTP/1.1" 200 118164
172.22.2.4 - - [18/Apr/2023:07:16:34 -0500] "GET /BLA/boletinlegal/images/subscribe-icon-big.png HTTP/1.1" 200 47702
172.22.2.4 - - [18/Apr/2023:07:16:34 -0500] "GET /BLA/boletinlegal/images/historia.png HTTP/1.1" 200 52775
216.245.221.92 - - [18/Apr/2023:07:16:34 -0500] "HEAD / HTTP/1.1" 200 -
172.22.2.4 - - [18/Apr/2023:07:16:34 -0500] "GET /BLA/boletinlegal/images/body_bg.jpg HTTP/1.1" 200 1601
172.22.2.4 - - [18/Apr/2023:07:16:34 -0500] "GET /BLA/boletinlegal/images/menu_rght.gif HTTP/1.1" 200 1627
172.22.2.4 - - [18/Apr/2023:07:16:34 -0500] "GET /BLA/boletinlegal/images/menu_lft.gif HTTP/1.1" 200 1713
172.22.2.4 - - [18/Apr/2023:07:16:34 -0500] "GET /BLA/boletinlegal/images/bg_top.jpg HTTP/1.1" 200 522
172.22.2.4 - - [18/Apr/2023:07:16:34 -0500] "GET /BLA/boletinlegal/images/menu_bg.jpg HTTP/1.1" 200 620
172.22.2.4 - - [18/Apr/2023:07:16:34 -0500] "GET /BLA/boletinlegal/images/text.jpg HTTP/1.1" 200 568
172.22.2.4 - - [18/Apr/2023:07:16:34 -0500] "GET /BLA/boletinlegal/images/launch.jpg HTTP/1.1" 200 14577
172.22.2.4 - - [18/Apr/2023:07:16:34 -0500] "GET /BLA/boletinlegal/images/hover.jpg HTTP/1.1" 200 640
172.22.2.4 - - [18/Apr/2023:07:16:34 -0500] "GET /BLA/boletinlegal/images/registro-usuarios.png HTTP/1.1" 200 8106
172.22.2.4 - - [18/Apr/2023:07:16:34 -0500] "GET /BLA/boletinlegal/images/arr_l.jpg HTTP/1.1" 200 1979
172.22.2.4 - - [18/Apr/2023:07:16:34 -0500] "GET /BLA/boletinlegal/images/screen_1.png HTTP/1.1" 200 202547
172.22.2.4 - - [18/Apr/2023:07:16:42 -0500] "GET /BLA/boletinlegal/images/screen_2.png HTTP/1.1" 200 362502
172.22.2.4 - - [18/Apr/2023:07:16:42 -0500] "GET /BLA/boletinlegal/images/footer_bg.jpg HTTP/1.1" 200 586
172.22.2.4 - - [18/Apr/2023:07:16:42 -0500] "GET /BLA/boletinlegal/images/arr_r.jpg HTTP/1.1" 200 1998
172.22.2.4 - - [18/Apr/2023:07:16:42 -0500] "GET /BLA/boletinlegal/images/screen_5.png HTTP/1.1" 200 368876
172.22.2.4 - - [18/Apr/2023:07:16:42 -0500] "GET /BLA/boletinlegal/images/screen_3.png HTTP/1.1" 200 210620
172.22.2.4 - - [18/Apr/2023:07:16:55 -0500] "GET /BLA/boletinlegal/images/pdf.gif HTTP/1.1" 200 567
172.22.2.4 - - [18/Apr/2023:07:17:17 -0500] "GET /BLA/boletinlegal/normativa.php HTTP/1.1" 200 8343
172.22.2.4 - - [18/Apr/2023:07:17:18 -0500] "GET /BLA/boletinlegal/js/ajax_normativa.js HTTP/1.1" 200 1154
172.22.2.4 - - [18/Apr/2023:07:17:18 -0500] "GET /BLA/boletinlegal/niceforms-default.css HTTP/1.1" 200 6694
172.22.2.4 - - [18/Apr/2023:07:17:18 -0500] "GET /BLA/boletinlegal/niceforms.js HTTP/1.1" 200 22876
172.22.2.4 - - [18/Apr/2023:07:17:18 -0500] "GET /BLA/boletinlegal/images/tel.png HTTP/1.1" 200 14477
172.22.2.4 - - [18/Apr/2023:07:17:18 -0500] "GET /BLA/boletinlegal/images/icono-email.png HTTP/1.1" 200 5544
172.22.2.4 - - [18/Apr/2023:07:17:18 -0500] "GET /BLA/boletinlegal/images/footer_bg_l.jpg HTTP/1.1" 200 776
172.22.2.4 - - [18/Apr/2023:07:17:18 -0500] "GET /BLA/boletinlegal/img/0.png HTTP/1.1" 200 110
172.22.2.4 - - [18/Apr/2023:07:17:18 -0500] "GET /BLA/boletinlegal/img/select-left.png HTTP/1.1" 200 263
172.22.2.4 - - [18/Apr/2023:07:17:18 -0500] "GET /BLA/boletinlegal/img/select-right.png HTTP/1.1" 200 44019
172.22.2.4 - - [18/Apr/2023:07:17:18 -0500] "GET /BLA/boletinlegal/img/button-left.png HTTP/1.1" 200 57071
172.22.2.4 - - [18/Apr/2023:07:17:18 -0500] "GET /BLA/boletinlegal/favicon.ico HTTP/1.1" 404 1334
172.22.2.4 - - [18/Apr/2023:07:17:18 -0500] "GET /BLA/boletinlegal/img/button.png HTTP/1.1" 200 43241
172.22.2.4 - - [18/Apr/2023:07:17:18 -0500] "GET /BLA/boletinlegal/img/button-right.png HTTP/1.1" 200 57878
172.22.2.4 - - [18/Apr/2023:07:15:51 -0500] "HEAD /BLA/boletinlegal/ HTTP/1.1" 200 -
172.22.2.4 - - [18/Apr/2023:07:17:34 -0500] "GET /BLA/boletinlegal/consulta_normativa.php?tipo=&sector=Aire&ano=2022&resuelve= HTTP/1.1" 200 454
173.252.107.8 - - [18/Apr/2023:07:18:02 -0500] "GET /secretaria-de-ambiente-abre-espacio-de-formacion-para-comunicadores-sociales-y-periodistas.html HTTP/1.1" 206 860
172.22.2.4 - - [18/Apr/2023:07:16:32 -0500] "GET /BLA/boletinlegal/ HTTP/1.1" 200 40907
186.155.15.39 - - [18/Apr/2023:07:18:11 -0500] "GET /BLA/resoluciones/AUTOS%202016/1805.pdf HTTP/1.1" 200 621514
172.22.2.4 - - [18/Apr/2023:07:16:41 -0500] "GET /BLA/boletinlegal/ HTTP/1.1" 200 42868
172.22.2.4 - - [18/Apr/2023:07:17:38 -0500] "GET /BLA/boletinlegal/ HTTP/1.1" 200 24523
201.245.192.253 - - [18/Apr/2023:07:18:45 -0500] "POST /kwsrmcab/Wsrmcab  HTTP/1.1" 200 43322
201.245.192.253 - - [18/Apr/2023:07:19:26 -0500] "GET /sipse/faces/index.xhtml HTTP/1.1" 200 677
201.245.192.253 - - [18/Apr/2023:07:19:26 -0500] "GET /sipse/faces/javax.faces.resource/theme.css?ln=primefaces-sipse HTTP/1.1" 304 -
201.245.192.253 - - [18/Apr/2023:07:19:26 -0500] "GET /sipse/faces/faces/autenticacion.xhtml HTTP/1.1" 200 12179
201.245.192.253 - - [18/Apr/2023:07:19:26 -0500] "GET /sipse/faces/javax.faces.resource/theme.css?ln=primefaces-sipse HTTP/1.1" 304 -
201.245.192.253 - - [18/Apr/2023:07:19:26 -0500] "GET /sipse/faces/javax.faces.resource/layout/layout.css?ln=primefaces&v=4.0 HTTP/1.1" 304 -
201.245.192.253 - - [18/Apr/2023:07:19:26 -0500] "GET /sipse/faces/javax.faces.resource/jquery/jquery-plugins.js?ln=primefaces&v=4.0 HTTP/1.1" 304 -
201.245.192.253 - - [18/Apr/2023:07:19:26 -0500] "GET /sipse/faces/javax.faces.resource/primefaces.css?ln=primefaces&v=4.0 HTTP/1.1" 304 -
201.245.192.253 - - [18/Apr/2023:07:19:26 -0500] "GET /sipse/faces/javax.faces.resource/jquery/jquery.js?ln=primefaces&v=4.0 HTTP/1.1" 304 -
201.245.192.253 - - [18/Apr/2023:07:19:26 -0500] "GET /sipse/faces/javax.faces.resource/layout/layout.js?ln=primefaces&v=4.0 HTTP/1.1" 304 -
201.245.192.253 - - [18/Apr/2023:07:19:26 -0500] "GET /sipse/faces/javax.faces.resource/primefaces.js?ln=primefaces&v=4.0 HTTP/1.1" 304 -
201.245.192.253 - - [18/Apr/2023:07:19:26 -0500] "GET /sipse/faces/javax.faces.resource/images/ui-icons_898989_256x240.png?ln=primefaces-aristo HTTP/1.1" 304 -
201.245.192.253 - - [18/Apr/2023:07:19:31 -0500] "POST /sipse/faces/autenticacion.xhtml HTTP/1.1" 200 2220
201.245.192.253 - - [18/Apr/2023:07:19:31 -0500] "GET /sipse/faces/javax.faces.resource/messages/messages.png?ln=primefaces&v=4.0 HTTP/1.1" 304 -
201.245.192.253 - - [18/Apr/2023:07:19:33 -0500] "POST /sipse/faces/autenticacion.xhtml HTTP/1.1" 200 16337
201.245.192.253 - - [18/Apr/2023:07:19:33 -0500] "GET /sipse/faces/javax.faces.resource/theme.css?ln=primefaces-sipse HTTP/1.1" 304 -
201.245.192.253 - - [18/Apr/2023:07:19:33 -0500] "GET /sipse/faces/javax.faces.resource/layout/layout.css?ln=primefaces&v=4.0 HTTP/1.1" 304 -
201.245.192.253 - - [18/Apr/2023:07:19:33 -0500] "GET /sipse/faces/javax.faces.resource/primefaces.css?ln=primefaces&v=4.0 HTTP/1.1" 304 -
201.245.192.253 - - [18/Apr/2023:07:19:33 -0500] "GET /sipse/faces/javax.faces.resource/jquery/jquery.js?ln=primefaces&v=4.0 HTTP/1.1" 304 -
201.245.192.253 - - [18/Apr/2023:07:19:33 -0500] "GET /sipse/faces/javax.faces.resource/jquery/jquery-plugins.js?ln=primefaces&v=4.0 HTTP/1.1" 304 -
201.245.192.253 - - [18/Apr/2023:07:19:33 -0500] "GET /sipse/faces/javax.faces.resource/primefaces.js?ln=primefaces&v=4.0 HTTP/1.1" 304 -
201.245.192.253 - - [18/Apr/2023:07:19:33 -0500] "GET /sipse/faces/javax.faces.resource/layout/layout.js?ln=primefaces&v=4.0 HTTP/1.1" 304 -
201.245.192.253 - - [18/Apr/2023:07:19:33 -0500] "GET /sipse/css/imagen/contrasena.png HTTP/1.1" 404 383
201.245.192.253 - - [18/Apr/2023:07:19:36 -0500] "GET /sipse/faces/javax.faces.resource/images/ui-bg_flat_0_2d5972_40x100.png?ln=primefaces-aristo HTTP/1.1" 304 -
201.245.192.253 - - [18/Apr/2023:07:19:36 -0500] "POST /sipse/faces/bienvenido.xhtml HTTP/1.1" 200 2658
201.245.192.253 - - [18/Apr/2023:07:19:37 -0500] "POST /sipse/faces/bienvenido.xhtml HTTP/1.1" 200 65123
201.245.192.253 - - [18/Apr/2023:07:19:38 -0500] "GET /sipse/faces/javax.faces.resource/theme.css?ln=primefaces-sipse HTTP/1.1" 304 -
201.245.192.253 - - [18/Apr/2023:07:19:38 -0500] "GET /sipse/faces/javax.faces.resource/primefaces.css?ln=primefaces&v=4.0 HTTP/1.1" 304 -
201.245.192.253 - - [18/Apr/2023:07:19:38 -0500] "GET /sipse/faces/javax.faces.resource/layout/layout.css?ln=primefaces&v=4.0 HTTP/1.1" 304 -
201.245.192.253 - - [18/Apr/2023:07:19:38 -0500] "GET /sipse/faces/javax.faces.resource/jquery/jquery.js?ln=primefaces&v=4.0 HTTP/1.1" 304 -
201.245.192.253 - - [18/Apr/2023:07:19:38 -0500] "GET /sipse/faces/javax.faces.resource/jquery/jquery-plugins.js?ln=primefaces&v=4.0 HTTP/1.1" 304 -
201.245.192.253 - - [18/Apr/2023:07:19:38 -0500] "GET /sipse/faces/javax.faces.resource/primefaces.js?ln=primefaces&v=4.0 HTTP/1.1" 304 -
201.245.192.253 - - [18/Apr/2023:07:19:38 -0500] "GET /sipse/faces/javax.faces.resource/layout/layout.js?ln=primefaces&v=4.0 HTTP/1.1" 304 -
201.245.192.253 - - [18/Apr/2023:07:19:38 -0500] "POST /sipse/faces/presentacion/financiero/solicitudProceso/listarSolicitudProceso.xhtml HTTP/1.1" 200 1560
201.245.192.253 - - [18/Apr/2023:07:19:45 -0500] "POST /sipse/faces/presentacion/financiero/solicitudProceso/listarSolicitudProceso.xhtml HTTP/1.1" 200 44094
201.245.192.253 - - [18/Apr/2023:07:19:46 -0500] "POST /sipse/faces/presentacion/financiero/solicitudProceso/listarSolicitudProceso.xhtml HTTP/1.1" 200 44086
201.245.192.253 - - [18/Apr/2023:07:19:47 -0500] "POST /sipse/faces/presentacion/financiero/solicitudProceso/listarSolicitudProceso.xhtml HTTP/1.1" 200 44275
