!C99Shell v. 1.0 pre-release build #13!

Software: Apache. PHP/5.5.15 

uname -a: Windows NT SVR-DMZ 6.1 build 7600 (Windows Server 2008 R2 Enterprise Edition) i586 

SYSTEM 

Safe-mode: OFF (not secure)

E:\nuevo\apache\logs\   drwxrwxrwx
Free 8.02 GB of 239.26 GB (3.35%)
Detected drives: [ a ] [ c ] [ d ] [ e ] [ f ]
Home    Back    Forward    UPDIR    Refresh    Search    Buffer    Encoder    Tools    Proc.    FTP brute    Sec.    SQL    PHP-code    Update    Feedback    Self remove    Logout    


Viewing file:     access.2023.04.19.log (4.23 MB)      -rw-rw-rw-
Select action/file-type:
(+) | (+) | (+) | Code (+) | Session (+) | (+) | SDB (+) | (+) | (+) | (+) | (+) | (+) |
66.249.70.207 - - [19/Apr/2023:00:00:45 -0500] "-" 408 -
172.22.2.4 - - [18/Apr/2023:23:59:10 -0500] "HEAD /BLA/boletinlegal/ HTTP/1.1" 200 -
216.245.221.92 - - [19/Apr/2023:00:01:31 -0500] "HEAD / HTTP/1.1" 200 -
172.22.2.4 - - [19/Apr/2023:00:00:01 -0500] "GET /BLA/boletinlegal/ HTTP/1.1" 200 52730
201.245.192.253 - - [19/Apr/2023:00:03:53 -0500] "POST /kwsrmcab/Wsrmcab  HTTP/1.1" 200 42096
52.167.144.132 - - [19/Apr/2023:00:05:36 -0500] "-" 408 -
216.245.221.92 - - [19/Apr/2023:00:06:31 -0500] "HEAD / HTTP/1.1" 200 -
172.22.2.4 - - [19/Apr/2023:00:05:00 -0500] "HEAD /BLA/boletinlegal/ HTTP/1.1" 200 -
66.249.70.207 - - [19/Apr/2023:00:07:01 -0500] "-" 408 -
172.22.2.4 - - [19/Apr/2023:00:05:51 -0500] "GET /BLA/boletinlegal/ HTTP/1.1" 200 57151
152.61.192.232 - - [19/Apr/2023:00:08:46 -0500] "GET / HTTP/1.1" 200 319
201.245.192.253 - - [19/Apr/2023:00:08:53 -0500] "POST /kwsrmcab/Wsrmcab  HTTP/1.1" 200 42096
216.245.221.92 - - [19/Apr/2023:00:11:31 -0500] "HEAD / HTTP/1.1" 200 -
172.22.2.4 - - [19/Apr/2023:00:10:50 -0500] "HEAD /BLA/boletinlegal/ HTTP/1.1" 200 -
186.84.90.235 - - [19/Apr/2023:00:12:43 -0500] "GET /BLA/resoluciones/ HTTP/1.1" 200 13502
172.22.2.4 - - [19/Apr/2023:00:11:41 -0500] "GET /BLA/boletinlegal/ HTTP/1.1" 200 56287
186.84.90.235 - - [19/Apr/2023:00:13:34 -0500] "GET /BLA/resoluciones/index.php?dir=AUTOS+2010%2F HTTP/1.1" 200 279392
186.84.90.235 - - [19/Apr/2023:00:13:39 -0500] "GET /BLA/resoluciones/AUTOS%202010/6940.pdf HTTP/1.1" 200 289769
201.245.192.253 - - [19/Apr/2023:00:13:53 -0500] "POST /kwsrmcab/Wsrmcab  HTTP/1.1" 200 42096
205.210.31.70 - - [19/Apr/2023:00:15:33 -0500] "GET / HTTP/1.1" 200 319
216.245.221.92 - - [19/Apr/2023:00:16:31 -0500] "HEAD / HTTP/1.1" 200 -
184.105.247.196 - - [19/Apr/2023:00:16:35 -0500] "GET / HTTP/1.1" 200 319
186.84.90.235 - - [19/Apr/2023:00:16:59 -0500] "GET /BLA/resoluciones/index.php?dir=AUTOS+2012%2F HTTP/1.1" 200 276152
66.249.70.207 - - [19/Apr/2023:00:17:18 -0500] "-" 408 -
186.84.90.235 - - [19/Apr/2023:00:17:37 -0500] "GET /BLA/resoluciones/index.php?dir=AUTOS+2014%2F HTTP/1.1" 200 889710
172.22.2.4 - - [19/Apr/2023:00:16:40 -0500] "HEAD /BLA/boletinlegal/ HTTP/1.1" 200 -
184.105.247.196 - - [19/Apr/2023:00:18:23 -0500] "GET /favicon.ico HTTP/1.1" 200 7782
201.245.192.253 - - [19/Apr/2023:00:18:51 -0500] "POST /kwsrmcab/Wsrmcab  HTTP/1.1" 200 42096
184.105.247.196 - - [19/Apr/2023:00:19:10 -0500] "GET /geoserver/web/ HTTP/1.1" 200 2425
172.22.2.4 - - [19/Apr/2023:00:17:31 -0500] "GET /BLA/boletinlegal/ HTTP/1.1" 200 56754
201.245.192.253 - - [19/Apr/2023:00:20:11 -0500] "POST /kwsrmcab/Wsrmcab HTTP/1.1" 200 43043
201.245.192.253 - - [19/Apr/2023:00:20:13 -0500] "POST /kwsrmcab/Wsrmcab HTTP/1.1" 200 43161
66.249.70.172 - - [19/Apr/2023:00:20:16 -0500] "-" 408 -
216.245.221.92 - - [19/Apr/2023:00:21:31 -0500] "HEAD / HTTP/1.1" 200 -
34.91.241.145 - - [19/Apr/2023:00:22:53 -0500] "GET /inventario-de-emisiones-2020-transporte-publico-sitp-redujo-emisiones-de-pm-2-5-en-un-37.html HTTP/1.1" 200 925
201.245.192.253 - - [19/Apr/2023:00:23:50 -0500] "POST /kwsrmcab/Wsrmcab  HTTP/1.1" 200 42096
172.22.2.4 - - [19/Apr/2023:00:22:30 -0500] "HEAD /BLA/boletinlegal/ HTTP/1.1" 200 -
172.22.2.4 - - [19/Apr/2023:00:23:21 -0500] "GET /BLA/boletinlegal/ HTTP/1.1" 200 57561
66.249.70.210 - - [19/Apr/2023:00:25:11 -0500] "-" 408 -
216.245.221.92 - - [19/Apr/2023:00:26:31 -0500] "HEAD / HTTP/1.1" 200 -
34.147.2.105 - - [19/Apr/2023:00:28:08 -0500] "GET /inventario-de-emisiones-2020-transporte-publico-sitp-redujo-emisiones-de-pm-2-5-en-un-37.html HTTP/1.1" 200 925
201.245.192.253 - - [19/Apr/2023:00:28:50 -0500] "POST /kwsrmcab/Wsrmcab  HTTP/1.1" 200 42096
172.22.2.4 - - [19/Apr/2023:00:28:20 -0500] "HEAD /BLA/boletinlegal/ HTTP/1.1" 200 -
201.245.192.253 - - [19/Apr/2023:00:30:11 -0500] "POST /kwsrmcab/Wsrmcab HTTP/1.1" 200 43043
201.245.192.253 - - [19/Apr/2023:00:30:13 -0500] "POST /kwsrmcab/Wsrmcab HTTP/1.1" 200 43161
172.22.2.4 - - [19/Apr/2023:00:29:11 -0500] "GET /BLA/boletinlegal/ HTTP/1.1" 200 53924
216.245.221.92 - - [19/Apr/2023:00:31:31 -0500] "HEAD / HTTP/1.1" 200 -
66.249.70.207 - - [19/Apr/2023:00:33:10 -0500] "-" 408 -
201.245.192.253 - - [19/Apr/2023:00:33:47 -0500] "POST /kwsrmcab/Wsrmcab  HTTP/1.1" 200 42096
152.61.128.50 - - [19/Apr/2023:00:35:40 -0500] "GET / HTTP/1.1" 200 319
172.22.2.4 - - [19/Apr/2023:00:34:10 -0500] "HEAD /BLA/boletinlegal/ HTTP/1.1" 200 -
216.245.221.92 - - [19/Apr/2023:00:36:31 -0500] "HEAD / HTTP/1.1" 200 -
172.22.2.4 - - [19/Apr/2023:00:35:01 -0500] "GET /BLA/boletinlegal/ HTTP/1.1" 200 55221
172.22.2.4 - - [19/Apr/2023:00:37:47 -0500] "GET /BLA/boletinlegal/jurisprudencia/analisis/SENTENCIA%20C-703%20DE%202010.xls HTTP/1.1" 200 38912
200.118.80.83 - - [19/Apr/2023:00:37:50 -0500] "GET /BLA/resoluciones/RESOLUCIONES%202009/3956.pdf HTTP/1.1" 200 864001
200.118.80.83 - - [19/Apr/2023:00:37:52 -0500] "GET /favicon.ico HTTP/1.1" 200 7782
181.56.235.113 - - [19/Apr/2023:00:38:42 -0500] "GET /BLA/resoluciones/ HTTP/1.1" 200 13502
201.245.192.253 - - [19/Apr/2023:00:38:45 -0500] "POST /kwsrmcab/Wsrmcab  HTTP/1.1" 200 42096
181.56.235.113 - - [19/Apr/2023:00:38:52 -0500] "GET /BLA/resoluciones/index.php?dir=AUTOS+2015%2F HTTP/1.1" 200 12235
181.56.235.113 - - [19/Apr/2023:00:38:52 -0500] "GET /BLA/resoluciones/index.php?dir=AUTOS+2015%2F HTTP/1.1" 200 581397
201.245.192.253 - - [19/Apr/2023:00:40:10 -0500] "POST /kwsrmcab/Wsrmcab HTTP/1.1" 200 43043
201.245.192.253 - - [19/Apr/2023:00:40:13 -0500] "POST /kwsrmcab/Wsrmcab HTTP/1.1" 200 43161
66.249.70.207 - - [19/Apr/2023:00:40:41 -0500] "-" 408 -
52.167.144.126 - - [19/Apr/2023:00:41:10 -0500] "GET /bla/resoluciones/autos%202022/2958.pdf HTTP/1.1" 200 512733
216.245.221.92 - - [19/Apr/2023:00:41:31 -0500] "HEAD / HTTP/1.1" 200 -
172.22.2.4 - - [19/Apr/2023:00:40:00 -0500] "HEAD /BLA/boletinlegal/ HTTP/1.1" 200 -
172.22.2.4 - - [19/Apr/2023:00:41:52 -0500] "GET /BLA/boletinlegal/robots.txt HTTP/1.1" 404 1037
172.22.2.4 - - [19/Apr/2023:00:41:52 -0500] "GET /BLA/boletinlegal/robots.txt HTTP/1.1" 404 1037
172.22.2.4 - - [19/Apr/2023:00:42:00 -0500] "GET /BLA/boletinlegal/images/signo-mas.gif HTTP/1.1" 200 13689
172.22.2.4 - - [19/Apr/2023:00:40:51 -0500] "GET /BLA/boletinlegal/ HTTP/1.1" 200 52326
201.245.192.253 - - [19/Apr/2023:00:43:42 -0500] "POST /kwsrmcab/Wsrmcab  HTTP/1.1" 200 42096
185.119.81.97 - - [19/Apr/2023:00:43:53 -0500] "GET /portaldeninos/wp-login.php HTTP/1.1" 200 2592
185.119.81.97 - - [19/Apr/2023:00:43:54 -0500] "POST /portaldeninos/wp-login.php HTTP/1.1" 200 3670
216.245.221.92 - - [19/Apr/2023:00:46:31 -0500] "HEAD / HTTP/1.1" 200 -
185.119.81.99 - - [19/Apr/2023:00:46:48 -0500] "GET /portaldeninos/wp-login.php HTTP/1.1" 200 2592
185.119.81.99 - - [19/Apr/2023:00:46:49 -0500] "POST /portaldeninos/wp-login.php HTTP/1.1" 200 3605
172.22.2.4 - - [19/Apr/2023:00:45:50 -0500] "HEAD /BLA/boletinlegal/ HTTP/1.1" 200 -
172.22.2.4 - - [19/Apr/2023:00:46:41 -0500] "GET /BLA/boletinlegal/ HTTP/1.1" 200 53924
201.245.192.253 - - [19/Apr/2023:00:48:40 -0500] "POST /kwsrmcab/Wsrmcab  HTTP/1.1" 200 42096
216.245.221.92 - - [19/Apr/2023:00:51:31 -0500] "HEAD / HTTP/1.1" 200 -
152.61.192.232 - - [19/Apr/2023:00:51:34 -0500] "GET /arcgis/services/Calidad_del_Agua_WQI/MapServer/WMSServer?request=GetCapabilities&service=WMS HTTP/1.1" 503 1020
152.61.192.232 - - [19/Apr/2023:00:51:36 -0500] "GET /arcgis/services/Calidad_del_Agua_WQI/MapServer/WMSServer?SERVICE=WMS&REQUEST=GetCapabilities HTTP/1.1" 503 1020
152.61.192.232 - - [19/Apr/2023:00:51:36 -0500] "GET /arcgis/services/Calidad_del_Agua_WQI/MapServer/WMSServer?WMTVER=1.0.0&REQUEST=capabilities HTTP/1.1" 503 1020
172.22.2.4 - - [19/Apr/2023:00:51:40 -0500] "HEAD /BLA/boletinlegal/ HTTP/1.1" 200 -
201.245.192.253 - - [19/Apr/2023:00:53:40 -0500] "POST /kwsrmcab/Wsrmcab  HTTP/1.1" 200 42096
172.22.2.4 - - [19/Apr/2023:00:54:05 -0500] "GET /BLA/boletinlegal/jurisprudencia.php HTTP/1.1" 200 17583
172.22.2.4 - - [19/Apr/2023:00:52:31 -0500] "GET /BLA/boletinlegal/ HTTP/1.1" 200 57945
66.249.70.170 - - [19/Apr/2023:00:55:04 -0500] "-" 408 -
44.207.124.84 - - [19/Apr/2023:00:56:20 -0500] "GET /galeria/galeria/fotos/2CaminataP2.jpg HTTP/1.1" 200 25001
216.245.221.92 - - [19/Apr/2023:00:56:31 -0500] "HEAD / HTTP/1.1" 200 -
201.245.192.253 - - [19/Apr/2023:00:58:39 -0500] "POST /kwsrmcab/Wsrmcab  HTTP/1.1" 200 42096
172.22.2.4 - - [19/Apr/2023:00:57:30 -0500] "HEAD /BLA/boletinlegal/ HTTP/1.1" 200 -
172.22.2.4 - - [19/Apr/2023:00:58:21 -0500] "GET /BLA/boletinlegal/ HTTP/1.1" 200 52326
52.167.144.125 - - [19/Apr/2023:01:01:20 -0500] "GET /BLA/resoluciones/AUTOS%202022/0982.pdf HTTP/1.1" 304 -
216.245.221.92 - - [19/Apr/2023:01:01:31 -0500] "HEAD / HTTP/1.1" 200 -
172.22.2.4 - - [19/Apr/2023:01:01:40 -0500] "GET /BLA/boletinlegal/jurisprudencia/analisis/Analisis%20Sentencia%20T-1077,%202%20corregida.doc HTTP/1.1" 304 -
172.22.2.4 - - [19/Apr/2023:01:02:12 -0500] "GET /BLA/boletinlegal/actos.php HTTP/1.1" 200 9682
193.32.162.159 - - [19/Apr/2023:01:03:19 -0500] "GET / HTTP/1.1" 200 319
193.32.162.159 - - [19/Apr/2023:01:03:29 -0500] "GET /dispatch.asp HTTP/1.1" 404 1018
201.245.192.253 - - [19/Apr/2023:01:03:39 -0500] "POST /kwsrmcab/Wsrmcab  HTTP/1.1" 200 42096
172.22.2.4 - - [19/Apr/2023:01:03:20 -0500] "HEAD /BLA/boletinlegal/ HTTP/1.1" 200 -
66.249.70.168 - - [19/Apr/2023:01:05:21 -0500] "-" 408 -
172.22.2.4 - - [19/Apr/2023:01:04:11 -0500] "GET /BLA/boletinlegal/ HTTP/1.1" 200 53114
216.245.221.92 - - [19/Apr/2023:01:06:31 -0500] "HEAD / HTTP/1.1" 200 -
201.245.192.253 - - [19/Apr/2023:01:08:37 -0500] "POST /kwsrmcab/Wsrmcab  HTTP/1.1" 200 42096
201.213.58.222 - - [19/Apr/2023:01:08:44 -0500] "GET / HTTP/1.0" 200 319
168.119.52.80 - - [19/Apr/2023:01:09:21 -0500] "GET / HTTP/1.1" 200 319
168.119.52.80 - - [19/Apr/2023:01:09:24 -0500] "GET / HTTP/1.1" 200 4720
152.203.150.252 - - [19/Apr/2023:01:10:29 -0500] "GET /vamos-a-hacer-con-los-mayores-estandares-ambientales-el-diseno-de-la-futura-avenida-boyaca-alcaldesa-mayor.html?fbclid=PAAaYcyhyJqkKGEiPAJZEXbLUJsiyFyRTkTr-ZJDuuz1WBAxTh5DSUIS3eNsI HTTP/1.1" 200 890
172.22.2.4 - - [19/Apr/2023:01:09:10 -0500] "HEAD /BLA/boletinlegal/ HTTP/1.1" 200 -
179.43.177.243 - - [19/Apr/2023:01:10:54 -0500] "GET / HTTP/1.1" 200 319
216.245.221.92 - - [19/Apr/2023:01:11:31 -0500] "HEAD / HTTP/1.1" 200 -
172.22.2.4 - - [19/Apr/2023:01:10:01 -0500] "GET /BLA/boletinlegal/ HTTP/1.1" 200 56754
52.3.231.201 - - [19/Apr/2023:01:12:48 -0500] "GET /galeria/galeria/fotos/caminata2Peq.jpg HTTP/1.1" 200 40364
201.245.192.253 - - [19/Apr/2023:01:13:37 -0500] "POST /kwsrmcab/Wsrmcab  HTTP/1.1" 200 42096
172.22.2.4 - - [19/Apr/2023:01:15:13 -0500] "GET /BLA/boletinlegal/ HTTP/1.1" 200 28619
216.245.221.92 - - [19/Apr/2023:01:16:31 -0500] "HEAD / HTTP/1.1" 200 -
172.22.2.4 - - [19/Apr/2023:01:16:40 -0500] "GET /BLA/boletinlegal/actos.php HTTP/1.1" 200 9682
172.22.2.4 - - [19/Apr/2023:01:15:00 -0500] "HEAD /BLA/boletinlegal/ HTTP/1.1" 200 -
172.22.2.4 - - [19/Apr/2023:01:15:51 -0500] "GET /BLA/boletinlegal/ HTTP/1.1" 200 55571
34.90.192.97 - - [19/Apr/2023:01:18:25 -0500] "GET /inventario-de-emisiones-2020-transporte-publico-sitp-redujo-emisiones-de-pm-2-5-en-un-37.html HTTP/1.1" 200 925
201.245.192.253 - - [19/Apr/2023:01:18:36 -0500] "POST /kwsrmcab/Wsrmcab  HTTP/1.1" 200 42096
66.249.70.168 - - [19/Apr/2023:01:19:12 -0500] "-" 408 -
152.61.128.50 - - [19/Apr/2023:01:19:33 -0500] "GET /arcgis/services/Calidad_del_Agua_WQI/MapServer/WMSServer?request=GetCapabilities&service=WMS HTTP/1.1" 503 1020
152.61.128.50 - - [19/Apr/2023:01:19:34 -0500] "GET /arcgis/services/Calidad_del_Agua_WQI/MapServer/WMSServer?SERVICE=WMS&REQUEST=GetCapabilities HTTP/1.1" 503 1020
152.61.128.50 - - [19/Apr/2023:01:19:34 -0500] "GET /arcgis/services/Calidad_del_Agua_WQI/MapServer/WMSServer?WMTVER=1.0.0&REQUEST=capabilities HTTP/1.1" 503 1020
201.245.192.253 - - [19/Apr/2023:01:20:11 -0500] "POST /kwsrmcab/Wsrmcab HTTP/1.1" 200 42719
201.245.192.253 - - [19/Apr/2023:01:20:13 -0500] "POST /kwsrmcab/Wsrmcab HTTP/1.1" 200 43008
66.249.70.207 - - [19/Apr/2023:01:21:22 -0500] "-" 408 -
216.245.221.92 - - [19/Apr/2023:01:21:31 -0500] "HEAD / HTTP/1.1" 200 -
172.22.2.4 - - [19/Apr/2023:01:22:06 -0500] "GET /BLA/boletinlegal/actos.php HTTP/1.1" 200 9682
172.22.2.4 - - [19/Apr/2023:01:20:50 -0500] "HEAD /BLA/boletinlegal/ HTTP/1.1" 200 -
172.22.2.4 - - [19/Apr/2023:01:21:41 -0500] "GET /BLA/boletinlegal/ HTTP/1.1" 200 52326
201.245.192.253 - - [19/Apr/2023:01:23:36 -0500] "POST /kwsrmcab/Wsrmcab  HTTP/1.1" 200 42096
80.19.103.174 - - [19/Apr/2023:01:25:27 -0500] "GET / HTTP/1.0" 200 319
216.245.221.92 - - [19/Apr/2023:01:26:31 -0500] "HEAD / HTTP/1.1" 200 -
172.22.2.4 - - [19/Apr/2023:01:27:00 -0500] "GET /BLA/boletinlegal/wp-content/plugins/dzs-zoomsounds/ HTTP/1.1" 404 1038
172.22.2.4 - - [19/Apr/2023:01:26:40 -0500] "HEAD /BLA/boletinlegal/ HTTP/1.1" 200 -
201.245.192.253 - - [19/Apr/2023:01:28:35 -0500] "POST /kwsrmcab/Wsrmcab  HTTP/1.1" 200 42096
172.22.2.4 - - [19/Apr/2023:01:27:31 -0500] "GET /BLA/boletinlegal/ HTTP/1.1" 200 57945
201.245.192.253 - - [19/Apr/2023:01:30:10 -0500] "POST /kwsrmcab/Wsrmcab HTTP/1.1" 200 42719
201.245.192.253 - - [19/Apr/2023:01:30:13 -0500] "POST /kwsrmcab/Wsrmcab HTTP/1.1" 200 43008
52.167.144.126 - - [19/Apr/2023:01:31:02 -0500] "GET /BLA/boletinlegal/notificaciones.php HTTP/1.1" 200 10015
185.119.81.99 - - [19/Apr/2023:01:31:04 -0500] "GET /portaldeninos/wp-login.php HTTP/1.1" 200 2592
185.119.81.99 - - [19/Apr/2023:01:31:05 -0500] "POST /portaldeninos/wp-login.php HTTP/1.1" 200 3670
216.245.221.92 - - [19/Apr/2023:01:31:31 -0500] "HEAD / HTTP/1.1" 200 -
66.249.70.207 - - [19/Apr/2023:01:33:02 -0500] "-" 408 -
201.245.192.253 - - [19/Apr/2023:01:33:33 -0500] "POST /kwsrmcab/Wsrmcab  HTTP/1.1" 200 42096
172.22.2.4 - - [19/Apr/2023:01:32:30 -0500] "HEAD /BLA/boletinlegal/ HTTP/1.1" 200 -
185.119.81.99 - - [19/Apr/2023:01:34:35 -0500] "GET /portaldeninos/wp-login.php HTTP/1.1" 200 2592
185.119.81.99 - - [19/Apr/2023:01:34:36 -0500] "POST /portaldeninos/wp-login.php HTTP/1.1" 200 3605
40.77.167.84 - - [19/Apr/2023:01:34:58 -0500] "GET /portaldeninos/ruido/ HTTP/1.1" 200 88494
172.22.2.4 - - [19/Apr/2023:01:33:21 -0500] "GET /BLA/boletinlegal/ HTTP/1.1" 200 57151
216.245.221.92 - - [19/Apr/2023:01:36:31 -0500] "HEAD / HTTP/1.1" 200 -
185.119.81.97 - - [19/Apr/2023:01:37:05 -0500] "GET /portaldeninos/wp-login.php HTTP/1.1" 200 2592
185.119.81.97 - - [19/Apr/2023:01:37:06 -0500] "POST /portaldeninos/wp-login.php HTTP/1.1" 200 3605
201.245.192.253 - - [19/Apr/2023:01:38:32 -0500] "POST /kwsrmcab/Wsrmcab  HTTP/1.1" 200 42096
172.22.2.4 - - [19/Apr/2023:01:38:20 -0500] "HEAD /BLA/boletinlegal/ HTTP/1.1" 200 -
201.245.192.253 - - [19/Apr/2023:01:40:11 -0500] "POST /kwsrmcab/Wsrmcab HTTP/1.1" 200 42719
201.245.192.253 - - [19/Apr/2023:01:40:14 -0500] "POST /kwsrmcab/Wsrmcab HTTP/1.1" 200 43008
172.22.2.4 - - [19/Apr/2023:01:39:11 -0500] "GET /BLA/boletinlegal/ HTTP/1.1" 200 52326
216.245.221.92 - - [19/Apr/2023:01:41:31 -0500] "HEAD / HTTP/1.1" 200 -
66.249.70.207 - - [19/Apr/2023:01:42:48 -0500] "-" 408 -
201.245.192.253 - - [19/Apr/2023:01:43:31 -0500] "POST /kwsrmcab/Wsrmcab  HTTP/1.1" 200 42096
52.167.144.126 - - [19/Apr/2023:01:44:49 -0500] "GET /BLA/resoluciones/AUTOS%202018/0902.pdf HTTP/1.1" 200 306808
172.22.2.4 - - [19/Apr/2023:01:44:10 -0500] "HEAD /BLA/boletinlegal/ HTTP/1.1" 200 -
173.252.83.14 - - [19/Apr/2023:01:46:25 -0500] "GET /BLA/boletinlegal/images/historia.png HTTP/1.1" 200 52775
216.245.221.92 - - [19/Apr/2023:01:46:31 -0500] "HEAD / HTTP/1.1" 200 -
172.22.2.4 - - [19/Apr/2023:01:46:40 -0500] "GET /BLA/boletinlegal/jurisprudencia/analisis/Analisis%20jurisprudencial%20Sentencia%20C-366-11.doc HTTP/1.1" 200 59392
172.22.2.4 - - [19/Apr/2023:01:45:01 -0500] "GET /BLA/boletinlegal/ HTTP/1.1" 200 52730
52.167.144.126 - - [19/Apr/2023:01:48:13 -0500] "GET /forest/ HTTP/1.1" 200 12041
201.245.192.253 - - [19/Apr/2023:01:48:29 -0500] "POST /kwsrmcab/Wsrmcab  HTTP/1.1" 200 42096
40.77.189.23 - - [19/Apr/2023:01:51:19 -0500] "GET /portaldeninos/wp-content/themes/betheme/assets/jplayer/css/jplayer.blue.monday.css?ver=20.9.6 HTTP/1.1" 200 9834
40.77.188.149 - - [19/Apr/2023:01:51:19 -0500] "GET /portaldeninos/wp-includes/js/jquery/jquery.js?ver=1.12.4 HTTP/1.1" 200 97184
216.245.221.92 - - [19/Apr/2023:01:51:31 -0500] "HEAD / HTTP/1.1" 200 -
172.22.2.4 - - [19/Apr/2023:01:50:00 -0500] "HEAD /BLA/boletinlegal/ HTTP/1.1" 200 -
172.22.2.4 - - [19/Apr/2023:01:50:51 -0500] "GET /BLA/boletinlegal/ HTTP/1.1" 200 57151
201.245.192.253 - - [19/Apr/2023:01:53:30 -0500] "POST /kwsrmcab/Wsrmcab  HTTP/1.1" 200 42096
128.2.220.169 - - [19/Apr/2023:01:54:23 -0500] "GET /galeria/galeria/jquery.fancybox.css?v=2.1.5 HTTP/1.1" 200 4895
128.2.220.169 - - [19/Apr/2023:01:54:23 -0500] "GET /BLA/boletinlegal/js/jquery.scrollShow.js HTTP/1.1" 200 4586
128.2.220.169 - - [19/Apr/2023:01:54:23 -0500] "GET /galeria/galeria/jquery.fancybox.js?v=2.1.5 HTTP/1.1" 200 48706
128.2.220.169 - - [19/Apr/2023:01:54:24 -0500] "GET /galeria/carrusel/Carrusel/jquery.thumbnailScroller.css HTTP/1.1" 200 2066
128.2.220.169 - - [19/Apr/2023:01:54:24 -0500] "GET /galeria/carrusel/Carrusel/jquery-ui-1.8.13.custom.min.js HTTP/1.1" 200 10800
128.2.220.169 - - [19/Apr/2023:01:54:24 -0500] "GET /galeria/carrusel/Carrusel/jquery.thumbnailScroller.js HTTP/1.1" 200 8157
128.2.220.169 - - [19/Apr/2023:01:54:24 -0500] "GET /galeria/nivo-slider/demo/banner.html HTTP/1.1" 200 5446
128.2.220.169 - - [19/Apr/2023:01:54:24 -0500] "GET /galeria/nivo-slider/themes/default/default.css HTTP/1.1" 200 1569
128.2.220.169 - - [19/Apr/2023:01:54:24 -0500] "GET /galeria/nivo-slider/themes/pascal/pascal.css HTTP/1.1" 200 2258
128.2.220.169 - - [19/Apr/2023:01:54:24 -0500] "GET /galeria/nivo-slider/themes/orman/orman.css HTTP/1.1" 200 2152
128.2.220.169 - - [19/Apr/2023:01:54:24 -0500] "GET /galeria/nivo-slider/jquery.nivo.slider.pack.js HTTP/1.1" 200 11561
128.2.220.169 - - [19/Apr/2023:01:54:24 -0500] "GET /galeria/nivo-slider/nivo-slider.css HTTP/1.1" 200 1507
128.2.220.169 - - [19/Apr/2023:01:54:24 -0500] "GET /galeria/nivo-slider/demo/style.css HTTP/1.1" 200 2222
128.2.220.169 - - [19/Apr/2023:01:54:24 -0500] "GET /galeria/nivo-slider/demo/scripts/jquery-1.7.1.min.js HTTP/1.1" 200 93868
128.2.220.169 - - [19/Apr/2023:01:54:24 -0500] "GET /galeria/nivo-slider/demo/images/bannertortuga_optimized.jpg HTTP/1.1" 200 39066
128.2.220.169 - - [19/Apr/2023:01:54:24 -0500] "GET /galeria/nivo-slider/demo/images/Bannermujeresquereverdecen.jpg HTTP/1.1" 200 46558
128.2.220.169 - - [19/Apr/2023:01:54:24 -0500] "GET /galeria/nivo-slider/demo/images/Bannersedeelectronica.jpg HTTP/1.1" 200 40383
128.2.220.169 - - [19/Apr/2023:01:54:24 -0500] "GET /galeria/nivo-slider/demo/images/bannertrafico_optimized.jpg HTTP/1.1" 200 42578
128.2.220.169 - - [19/Apr/2023:01:54:24 -0500] "GET /galeria/nivo-slider/demo/images/bannerrutaesperanza.jpg HTTP/1.1" 200 55560
128.2.220.169 - - [19/Apr/2023:01:54:24 -0500] "GET /galeria/nivo-slider/demo/images/banneraire2021.jpg HTTP/1.1" 200 265101
128.2.220.169 - - [19/Apr/2023:01:54:25 -0500] "GET /galeria/nivo-slider/demo/images/4Simple_Slider.png HTTP/1.1" 200 11722
128.2.220.169 - - [19/Apr/2023:01:54:25 -0500] "GET /galeria/nivo-slider/themes/default/loading.gif HTTP/1.1" 200 1737
128.2.220.169 - - [19/Apr/2023:01:54:25 -0500] "GET /galeria/nivo-slider/demo/images/Bannerplasticosseptiembre.jpg HTTP/1.1" 200 45633
128.2.220.169 - - [19/Apr/2023:01:54:25 -0500] "GET /galeria/nivo-slider/demo/images/bannerresiduoshospitalariosagosto.jpg HTTP/1.1" 200 36499
128.2.220.169 - - [19/Apr/2023:01:54:25 -0500] "GET /galeria/nivo-slider/demo/images/banneraccionpopularcrr68.jpg HTTP/1.1" 200 51887
128.2.220.169 - - [19/Apr/2023:01:54:25 -0500] "GET /galeria/nivo-slider/demo/images/banneraccionpopular.jpeg HTTP/1.1" 200 41707
128.2.220.169 - - [19/Apr/2023:01:54:25 -0500] "GET /galeria/nivo-slider/demo/images/bannerclases2021.jpg HTTP/1.1" 200 68230
128.2.220.169 - - [19/Apr/2023:01:54:25 -0500] "GET /galeria/nivo-slider/demo/images/bannercapacitacionesbogota.jpg HTTP/1.1" 200 42416
128.2.220.169 - - [19/Apr/2023:01:54:25 -0500] "GET /galeria/nivo-slider/demo/images/Bannerenvases.jpg HTTP/1.1" 200 37316
128.2.220.169 - - [19/Apr/2023:01:54:25 -0500] "GET /galeria/nivo-slider/demo/images/Bannervirtualescanales.jpg HTTP/1.1" 200 174544
128.2.220.169 - - [19/Apr/2023:01:54:27 -0500] "GET /galeria/nivo-slider/themes/default/arrows.png HTTP/1.1" 200 824
128.2.220.169 - - [19/Apr/2023:01:54:27 -0500] "GET /galeria/nivo-slider/themes/default/bullets.png HTTP/1.1" 200 1281
128.2.220.169 - - [19/Apr/2023:01:54:37 -0500] "GET /galeria/nivo-slider/demo/images/Bannermujeresquereverdecen.jpg HTTP/1.1" 200 46558
185.224.128.106 - - [19/Apr/2023:01:54:39 -0500] "GET / HTTP/1.1" 200 319
128.2.220.169 - - [19/Apr/2023:01:54:47 -0500] "GET /galeria/nivo-slider/demo/images/bannertrafico_optimized.jpg HTTP/1.1" 200 42578
216.245.221.92 - - [19/Apr/2023:01:56:31 -0500] "HEAD / HTTP/1.1" 200 -
199.16.157.182 - - [19/Apr/2023:01:56:44 -0500] "GET /images/atencion-al-ciudadano-abril.jpg HTTP/1.1" 200 116523
172.22.2.4 - - [19/Apr/2023:01:55:50 -0500] "HEAD /BLA/boletinlegal/ HTTP/1.1" 200 -
172.22.2.4 - - [19/Apr/2023:01:57:47 -0500] "GET /BLA/boletinlegal/favicon.ico HTTP/1.1" 404 1018
172.22.2.4 - - [19/Apr/2023:01:57:32 -0500] "GET /BLA/boletinlegal/ HTTP/1.1" 200 20427
172.22.2.4 - - [19/Apr/2023:01:56:41 -0500] "GET /BLA/boletinlegal/ HTTP/1.1" 200 49754
172.22.2.4 - - [19/Apr/2023:01:57:32 -0500] "GET /BLA/boletinlegal/ HTTP/1.1" 200 28619
201.245.192.253 - - [19/Apr/2023:01:58:29 -0500] "POST /kwsrmcab/Wsrmcab  HTTP/1.1" 200 42096
107.170.246.18 - - [19/Apr/2023:02:00:44 -0500] "MGLNDD_190.27.245.106_80" 501 953
185.119.81.101 - - [19/Apr/2023:02:00:49 -0500] "GET /portaldeninos/wp-login.php HTTP/1.1" 200 2592
185.119.81.101 - - [19/Apr/2023:02:00:50 -0500] "POST /portaldeninos/wp-login.php HTTP/1.1" 200 3605
185.119.81.99 - - [19/Apr/2023:02:01:27 -0500] "GET /portaldeninos/wp-login.php HTTP/1.1" 200 2592
185.119.81.99 - - [19/Apr/2023:02:01:28 -0500] "POST /portaldeninos/wp-login.php HTTP/1.1" 200 3670
216.245.221.92 - - [19/Apr/2023:02:01:31 -0500] "HEAD / HTTP/1.1" 200 -
172.22.2.4 - - [19/Apr/2023:02:01:40 -0500] "HEAD /BLA/boletinlegal/ HTTP/1.1" 200 -
168.119.253.11 - - [19/Apr/2023:02:03:23 -0500] "GET / HTTP/1.1" 200 319
168.119.253.11 - - [19/Apr/2023:02:03:23 -0500] "GET / HTTP/1.1" 200 4720
201.245.192.253 - - [19/Apr/2023:02:03:27 -0500] "POST /kwsrmcab/Wsrmcab  HTTP/1.1" 200 42096
173.252.95.7 - - [19/Apr/2023:02:03:58 -0500] "GET /images/caminos-de-los-cerros-1_optimized.jpeg HTTP/1.1" 200 49537
172.22.2.4 - - [19/Apr/2023:02:02:31 -0500] "GET /BLA/boletinlegal/ HTTP/1.1" 200 59306
66.249.70.168 - - [19/Apr/2023:02:05:52 -0500] "-" 408 -
216.245.221.92 - - [19/Apr/2023:02:06:31 -0500] "HEAD / HTTP/1.1" 200 -
201.245.192.253 - - [19/Apr/2023:02:08:26 -0500] "POST /kwsrmcab/Wsrmcab  HTTP/1.1" 200 42096
34.91.177.4 - - [19/Apr/2023:02:08:32 -0500] "GET /inventario-de-emisiones-2020-transporte-publico-sitp-redujo-emisiones-de-pm-2-5-en-un-37.html HTTP/1.1" 200 925
172.22.2.4 - - [19/Apr/2023:02:07:30 -0500] "HEAD /BLA/boletinlegal/ HTTP/1.1" 200 -
172.22.2.4 - - [19/Apr/2023:02:08:21 -0500] "GET /BLA/boletinlegal/ HTTP/1.1" 200 59656
216.245.221.92 - - [19/Apr/2023:02:11:31 -0500] "HEAD / HTTP/1.1" 200 -
201.245.192.253 - - [19/Apr/2023:02:13:24 -0500] "POST /kwsrmcab/Wsrmcab  HTTP/1.1" 200 42096
172.22.2.4 - - [19/Apr/2023:02:13:20 -0500] "HEAD /BLA/boletinlegal/ HTTP/1.1" 200 -
123.125.109.56 - - [19/Apr/2023:02:15:28 -0500] "GET / HTTP/1.1" 200 319
172.22.2.4 - - [19/Apr/2023:02:14:11 -0500] "GET /BLA/boletinlegal/ HTTP/1.1" 200 57561
216.245.221.92 - - [19/Apr/2023:02:16:31 -0500] "HEAD / HTTP/1.1" 200 -
172.22.2.4 - - [19/Apr/2023:02:16:48 -0500] "GET /BLA/boletinlegal/robots.txt HTTP/1.1" 404 1140
52.167.144.125 - - [19/Apr/2023:02:18:00 -0500] "GET /BLA/resoluciones/index.php?dir=RESOLUCIONES+2003%2FRES+2003+2101-2150%2F HTTP/1.1" 200 12160
34.91.241.145 - - [19/Apr/2023:02:18:06 -0500] "GET /inventario-de-emisiones-2020-transporte-publico-sitp-redujo-emisiones-de-pm-2-5-en-un-37.html HTTP/1.1" 200 925
52.167.144.63 - - [19/Apr/2023:02:18:22 -0500] "GET /BLA/resoluciones/dlf/styles.css HTTP/1.1" 200 3049
201.245.192.253 - - [19/Apr/2023:02:18:24 -0500] "POST /kwsrmcab/Wsrmcab  HTTP/1.1" 200 42096
47.246.164.133 - - [19/Apr/2023:02:18:51 -0500] "GET /galeria/galeria/fotos/Humedal-Tibanica3P.jpg HTTP/1.1" 200 28016
201.245.192.253 - - [19/Apr/2023:02:20:10 -0500] "POST /kwsrmcab/Wsrmcab HTTP/1.1" 200 42890
172.22.2.4 - - [19/Apr/2023:02:20:14 -0500] "GET /BLA/boletinlegal/actos.php HTTP/1.1" 200 9682
201.245.192.253 - - [19/Apr/2023:02:20:13 -0500] "POST /kwsrmcab/Wsrmcab HTTP/1.1" 200 43160
172.22.2.4 - - [19/Apr/2023:02:19:10 -0500] "HEAD /BLA/boletinlegal/ HTTP/1.1" 200 -
216.245.221.92 - - [19/Apr/2023:02:21:31 -0500] "HEAD / HTTP/1.1" 200 -
172.22.2.4 - - [19/Apr/2023:02:20:01 -0500] "GET /BLA/boletinlegal/ HTTP/1.1" 200 57151
172.22.2.4 - - [19/Apr/2023:02:22:34 -0500] "GET /BLA/boletinlegal/actos.php HTTP/1.1" 200 9682
201.245.192.253 - - [19/Apr/2023:02:23:22 -0500] "POST /kwsrmcab/Wsrmcab  HTTP/1.1" 200 42096
216.245.221.92 - - [19/Apr/2023:02:26:31 -0500] "HEAD / HTTP/1.1" 200 -
172.22.2.4 - - [19/Apr/2023:02:25:00 -0500] "HEAD /BLA/boletinlegal/ HTTP/1.1" 200 -
185.119.81.101 - - [19/Apr/2023:02:27:25 -0500] "GET /portaldeninos/wp-login.php HTTP/1.1" 200 2592
185.119.81.101 - - [19/Apr/2023:02:27:26 -0500] "POST /portaldeninos/wp-login.php HTTP/1.1" 200 3650
172.22.2.4 - - [19/Apr/2023:02:25:51 -0500] "GET /BLA/boletinlegal/ HTTP/1.1" 200 52730
104.144.90.48 - - [19/Apr/2023:02:27:52 -0500] "GET /bla/resoluciones/resoluciones%202007/res%202007%202401%20al%202500/RESOLUCION%202421%20DE%202007.pdf HTTP/1.1" 200 711628
201.245.192.253 - - [19/Apr/2023:02:28:22 -0500] "POST /kwsrmcab/Wsrmcab  HTTP/1.1" 200 42096
52.167.144.157 - - [19/Apr/2023:02:29:05 -0500] "GET /BLA/resoluciones/AUTOS%202021/2335.pdf HTTP/1.1" 200 395963
185.119.81.101 - - [19/Apr/2023:02:29:15 -0500] "GET /portaldeninos/wp-login.php HTTP/1.1" 200 2592
185.119.81.101 - - [19/Apr/2023:02:29:16 -0500] "POST /portaldeninos/wp-login.php HTTP/1.1" 200 3650
201.245.192.253 - - [19/Apr/2023:02:30:11 -0500] "POST /kwsrmcab/Wsrmcab HTTP/1.1" 200 42890
201.245.192.253 - - [19/Apr/2023:02:30:13 -0500] "POST /kwsrmcab/Wsrmcab HTTP/1.1" 200 43160
216.245.221.92 - - [19/Apr/2023:02:31:31 -0500] "HEAD / HTTP/1.1" 200 -
66.249.70.172 - - [19/Apr/2023:02:32:10 -0500] "-" 408 -
172.22.2.4 - - [19/Apr/2023:02:30:50 -0500] "HEAD /BLA/boletinlegal/ HTTP/1.1" 200 -
172.22.2.4 - - [19/Apr/2023:02:31:41 -0500] "GET /BLA/boletinlegal/ HTTP/1.1" 200 59306
201.245.192.253 - - [19/Apr/2023:02:33:20 -0500] "POST /kwsrmcab/Wsrmcab  HTTP/1.1" 200 42096
173.252.83.4 - - [19/Apr/2023:02:35:29 -0500] "GET /galeria/galeria/fotos/Humedal-la-conejera2P.jpg HTTP/1.1" 200 31007
216.245.221.92 - - [19/Apr/2023:02:36:31 -0500] "HEAD / HTTP/1.1" 200 -
172.22.2.4 - - [19/Apr/2023:02:36:56 -0500] "GET /BLA/boletinlegal/ HTTP/1.1" 200 40907
172.22.2.4 - - [19/Apr/2023:02:36:40 -0500] "HEAD /BLA/boletinlegal/ HTTP/1.1" 200 -
201.245.192.253 - - [19/Apr/2023:02:38:20 -0500] "POST /kwsrmcab/Wsrmcab  HTTP/1.1" 200 42096
172.22.2.4 - - [19/Apr/2023:02:37:31 -0500] "GET /BLA/boletinlegal/ HTTP/1.1" 200 53924
201.245.192.253 - - [19/Apr/2023:02:40:10 -0500] "POST /kwsrmcab/Wsrmcab HTTP/1.1" 200 42890
201.245.192.253 - - [19/Apr/2023:02:40:13 -0500] "POST /kwsrmcab/Wsrmcab HTTP/1.1" 200 43160
216.245.221.92 - - [19/Apr/2023:02:41:31 -0500] "HEAD / HTTP/1.1" 200 -
201.245.192.253 - - [19/Apr/2023:02:43:18 -0500] "POST /kwsrmcab/Wsrmcab  HTTP/1.1" 200 42096
172.22.2.4 - - [19/Apr/2023:02:42:30 -0500] "HEAD /BLA/boletinlegal/ HTTP/1.1" 200 -
172.22.2.4 - - [19/Apr/2023:02:44:13 -0500] "GET /BLA/boletinlegal/actos.php HTTP/1.1" 200 9682
172.22.2.4 - - [19/Apr/2023:02:43:20 -0500] "GET /BLA/boletinlegal/ HTTP/1.1" 200 57561
216.245.221.92 - - [19/Apr/2023:02:46:31 -0500] "HEAD / HTTP/1.1" 200 -
201.245.192.253 - - [19/Apr/2023:02:48:17 -0500] "POST /kwsrmcab/Wsrmcab  HTTP/1.1" 200 42096
172.22.2.4 - - [19/Apr/2023:02:48:20 -0500] "HEAD /BLA/boletinlegal/ HTTP/1.1" 200 -
172.22.2.4 - - [19/Apr/2023:02:49:10 -0500] "GET /BLA/boletinlegal/ HTTP/1.1" 200 59306
34.90.62.206 - - [19/Apr/2023:02:51:05 -0500] "GET /inventario-de-emisiones-2020-transporte-publico-sitp-redujo-emisiones-de-pm-2-5-en-un-37.html HTTP/1.1" 200 925
216.245.221.92 - - [19/Apr/2023:02:51:31 -0500] "HEAD / HTTP/1.1" 200 -
172.22.2.4 - - [19/Apr/2023:02:51:47 -0500] "GET /BLA/boletinlegal/actos.php HTTP/1.1" 200 9682
201.245.192.253 - - [19/Apr/2023:02:53:16 -0500] "POST /kwsrmcab/Wsrmcab  HTTP/1.1" 200 42096
34.91.35.60 - - [19/Apr/2023:02:54:12 -0500] "GET /inventario-de-emisiones-2020-transporte-publico-sitp-redujo-emisiones-de-pm-2-5-en-un-37.html HTTP/1.1" 200 925
172.22.2.4 - - [19/Apr/2023:02:54:10 -0500] "HEAD /BLA/boletinlegal/ HTTP/1.1" 200 -
216.245.221.92 - - [19/Apr/2023:02:56:31 -0500] "HEAD / HTTP/1.1" 200 -
69.171.231.4 - - [19/Apr/2023:02:56:36 -0500] "GET /tinguas-azules-secretaria-de-ambiente-atiende-alto-numero-de-reportes-de-aves-migratorias.html HTTP/1.1" 206 923
172.22.2.4 - - [19/Apr/2023:02:55:00 -0500] "GET /BLA/boletinlegal/ HTTP/1.1" 200 52326
185.119.81.99 - - [19/Apr/2023:02:57:16 -0500] "GET /portaldeninos/wp-login.php HTTP/1.1" 200 2592
185.119.81.99 - - [19/Apr/2023:02:57:17 -0500] "POST /portaldeninos/wp-login.php HTTP/1.1" 200 3670
172.22.2.4 - - [19/Apr/2023:02:58:16 -0500] "GET /BLA/boletinlegal/actos.php HTTP/1.1" 200 9682
201.245.192.253 - - [19/Apr/2023:02:58:16 -0500] "POST /kwsrmcab/Wsrmcab  HTTP/1.1" 200 42096
172.22.2.4 - - [19/Apr/2023:02:58:24 -0500] "GET /BLA/boletinlegal/robots.txt HTTP/1.1" 404 1038
172.22.2.4 - - [19/Apr/2023:02:58:26 -0500] "GET /BLA/boletinlegal/index.php HTTP/1.1" 200 61759
216.245.221.92 - - [19/Apr/2023:03:01:31 -0500] "HEAD / HTTP/1.1" 200 -
172.22.2.4 - - [19/Apr/2023:03:00:00 -0500] "HEAD /BLA/boletinlegal/ HTTP/1.1" 200 -
172.22.2.4 - - [19/Apr/2023:03:00:50 -0500] "GET /BLA/boletinlegal/ HTTP/1.1" 200 53561
201.245.192.253 - - [19/Apr/2023:03:03:14 -0500] "POST /kwsrmcab/Wsrmcab  HTTP/1.1" 200 42096
185.119.81.102 - - [19/Apr/2023:03:05:59 -0500] "GET /portaldeninos/wp-login.php HTTP/1.1" 200 2592
185.119.81.102 - - [19/Apr/2023:03:06:00 -0500] "POST /portaldeninos/wp-login.php HTTP/1.1" 200 3605
216.245.221.92 - - [19/Apr/2023:03:06:31 -0500] "HEAD / HTTP/1.1" 200 -
172.22.2.4 - - [19/Apr/2023:03:05:50 -0500] "HEAD /BLA/boletinlegal/ HTTP/1.1" 200 -
201.245.192.253 - - [19/Apr/2023:03:08:11 -0500] "POST /kwsrmcab/Wsrmcab  HTTP/1.1" 200 42096
172.22.2.4 - - [19/Apr/2023:03:06:40 -0500] "GET /BLA/boletinlegal/ HTTP/1.1" 200 52730
173.252.83.16 - - [19/Apr/2023:03:09:58 -0500] "GET /fauna-silvestre-distrito-sensibiliza-a-personas-que-van-a-viajar-en-semana-santa-sobre-la-importancia-de-proteger-la-fauna-silvestre.html HTTP/1.1" 206 955
31.13.115.4 - - [19/Apr/2023:03:10:08 -0500] "GET /fauna-silvestre-distrito-sensibiliza-a-personas-que-van-a-viajar-en-semana-santa-sobre-la-importancia-de-proteger-la-fauna-silvestre.html HTTP/1.1" 206 955
216.245.221.92 - - [19/Apr/2023:03:11:31 -0500] "HEAD / HTTP/1.1" 200 -
66.249.70.213 - - [19/Apr/2023:03:12:50 -0500] "-" 408 -
201.245.192.253 - - [19/Apr/2023:03:13:11 -0500] "POST /kwsrmcab/Wsrmcab  HTTP/1.1" 200 42096
172.22.2.4 - - [19/Apr/2023:03:11:40 -0500] "HEAD /BLA/boletinlegal/ HTTP/1.1" 200 -
172.22.2.4 - - [19/Apr/2023:03:12:30 -0500] "GET /BLA/boletinlegal/ HTTP/1.1" 200 57561
193.32.162.159 - - [19/Apr/2023:03:14:15 -0500] "GET / HTTP/1.1" 200 319
193.32.162.159 - - [19/Apr/2023:03:14:25 -0500] "GET /dispatch.asp HTTP/1.1" 404 1018
216.245.221.92 - - [19/Apr/2023:03:16:31 -0500] "HEAD / HTTP/1.1" 200 -
40.77.167.245 - - [19/Apr/2023:03:16:35 -0500] "GET /dia-mundial-del-agua-2023-programate-para-participar-en-estas-actividades-de-educacion-ambiental.html HTTP/1.1" 200 903
201.245.192.253 - - [19/Apr/2023:03:18:11 -0500] "POST /kwsrmcab/Wsrmcab  HTTP/1.1" 200 42096
172.22.2.4 - - [19/Apr/2023:03:17:30 -0500] "HEAD /BLA/boletinlegal/ HTTP/1.1" 200 -
185.119.81.97 - - [19/Apr/2023:03:19:45 -0500] "GET /portaldeninos/wp-login.php HTTP/1.1" 200 2592
185.119.81.97 - - [19/Apr/2023:03:19:46 -0500] "POST /portaldeninos/wp-login.php HTTP/1.1" 200 3670
172.22.2.4 - - [19/Apr/2023:03:18:20 -0500] "GET /BLA/boletinlegal/ HTTP/1.1" 200 52326
201.245.192.253 - - [19/Apr/2023:03:20:10 -0500] "POST /kwsrmcab/Wsrmcab HTTP/1.1" 200 42874
201.245.192.253 - - [19/Apr/2023:03:20:13 -0500] "POST /kwsrmcab/Wsrmcab HTTP/1.1" 200 43165
40.77.167.101 - - [19/Apr/2023:03:20:38 -0500] "-" 408 -
216.245.221.92 - - [19/Apr/2023:03:21:31 -0500] "HEAD / HTTP/1.1" 200 -
201.245.192.253 - - [19/Apr/2023:03:23:09 -0500] "POST /kwsrmcab/Wsrmcab  HTTP/1.1" 200 42096
172.22.2.4 - - [19/Apr/2023:03:23:20 -0500] "HEAD /BLA/boletinlegal/ HTTP/1.1" 200 -
185.119.81.101 - - [19/Apr/2023:03:25:15 -0500] "GET /portaldeninos/wp-login.php HTTP/1.1" 200 2592
185.119.81.101 - - [19/Apr/2023:03:25:16 -0500] "POST /portaldeninos/wp-login.php HTTP/1.1" 200 3605
172.22.2.4 - - [19/Apr/2023:03:24:10 -0500] "GET /BLA/boletinlegal/ HTTP/1.1" 200 57151
216.245.221.92 - - [19/Apr/2023:03:26:31 -0500] "HEAD / HTTP/1.1" 200 -
201.245.192.253 - - [19/Apr/2023:03:28:08 -0500] "POST /kwsrmcab/Wsrmcab  HTTP/1.1" 200 42096
172.22.2.4 - - [19/Apr/2023:03:29:43 -0500] "GET /BLA/boletinlegal/actos.php HTTP/1.1" 200 9682
201.245.192.253 - - [19/Apr/2023:03:30:10 -0500] "POST /kwsrmcab/Wsrmcab HTTP/1.1" 200 42874
201.245.192.253 - - [19/Apr/2023:03:30:13 -0500] "POST /kwsrmcab/Wsrmcab HTTP/1.1" 200 43165
172.22.2.4 - - [19/Apr/2023:03:29:10 -0500] "HEAD /BLA/boletinlegal/ HTTP/1.1" 200 -
52.167.144.126 - - [19/Apr/2023:03:31:23 -0500] "GET /BLA/resoluciones/RESOLUCIONES%202002/RES%202002%20651-700/00000681.tif HTTP/1.1" 200 94934
216.245.221.92 - - [19/Apr/2023:03:31:31 -0500] "HEAD / HTTP/1.1" 200 -
172.22.2.4 - - [19/Apr/2023:03:30:00 -0500] "GET /BLA/boletinlegal/ HTTP/1.1" 200 55571
107.170.228.11 - - [19/Apr/2023:03:32:57 -0500] "GET / HTTP/1.1" 200 319
201.245.192.253 - - [19/Apr/2023:03:33:07 -0500] "POST /kwsrmcab/Wsrmcab  HTTP/1.1" 200 42096
69.63.184.4 - - [19/Apr/2023:03:35:00 -0500] "GET /images/caminos-de-los-cerros-1_optimized.jpeg HTTP/1.1" 200 49537
216.245.221.92 - - [19/Apr/2023:03:36:31 -0500] "HEAD / HTTP/1.1" 200 -
172.22.2.4 - - [19/Apr/2023:03:35:00 -0500] "HEAD /BLA/boletinlegal/ HTTP/1.1" 200 -
172.22.2.4 - - [19/Apr/2023:03:35:50 -0500] "GET /BLA/boletinlegal/ HTTP/1.1" 200 57561
201.245.192.253 - - [19/Apr/2023:03:38:06 -0500] "POST /kwsrmcab/Wsrmcab  HTTP/1.1" 200 42096
185.119.81.99 - - [19/Apr/2023:03:39:32 -0500] "GET /portaldeninos/wp-login.php HTTP/1.1" 200 2592
185.119.81.99 - - [19/Apr/2023:03:39:33 -0500] "POST /portaldeninos/wp-login.php HTTP/1.1" 200 3605
201.245.192.253 - - [19/Apr/2023:03:40:10 -0500] "POST /kwsrmcab/Wsrmcab HTTP/1.1" 200 42874
201.245.192.253 - - [19/Apr/2023:03:40:12 -0500] "POST /kwsrmcab/Wsrmcab HTTP/1.1" 200 43165
216.245.221.92 - - [19/Apr/2023:03:41:31 -0500] "HEAD / HTTP/1.1" 200 -
185.119.81.102 - - [19/Apr/2023:03:41:58 -0500] "GET /portaldeninos/wp-login.php HTTP/1.1" 200 2592
185.119.81.102 - - [19/Apr/2023:03:41:59 -0500] "POST /portaldeninos/wp-login.php HTTP/1.1" 200 3670
172.22.2.4 - - [19/Apr/2023:03:40:50 -0500] "HEAD /BLA/boletinlegal/ HTTP/1.1" 200 -
201.245.192.253 - - [19/Apr/2023:03:43:04 -0500] "POST /kwsrmcab/Wsrmcab  HTTP/1.1" 200 42096
172.22.2.4 - - [19/Apr/2023:03:41:40 -0500] "GET /BLA/boletinlegal/ HTTP/1.1" 200 52326
216.245.221.92 - - [19/Apr/2023:03:46:31 -0500] "HEAD / HTTP/1.1" 200 -
201.245.192.253 - - [19/Apr/2023:03:48:03 -0500] "POST /kwsrmcab/Wsrmcab  HTTP/1.1" 200 42096
172.22.2.4 - - [19/Apr/2023:03:46:40 -0500] "HEAD /BLA/boletinlegal/ HTTP/1.1" 200 -
5.188.86.230 - - [19/Apr/2023:03:48:26 -0500] "GET /wp-login.php HTTP/1.1" 404 1049
172.22.2.4 - - [19/Apr/2023:03:47:30 -0500] "GET /BLA/boletinlegal/ HTTP/1.1" 200 57561
66.249.70.170 - - [19/Apr/2023:03:49:54 -0500] "-" 408 -
185.119.81.99 - - [19/Apr/2023:03:50:43 -0500] "GET /portaldeninos/wp-login.php HTTP/1.1" 200 2592
185.119.81.99 - - [19/Apr/2023:03:50:44 -0500] "POST /portaldeninos/wp-login.php HTTP/1.1" 200 3670
185.119.81.99 - - [19/Apr/2023:03:51:16 -0500] "GET /portaldeninos/wp-login.php HTTP/1.1" 200 2592
185.119.81.99 - - [19/Apr/2023:03:51:17 -0500] "POST /portaldeninos/wp-login.php HTTP/1.1" 200 3605
216.245.221.92 - - [19/Apr/2023:03:51:31 -0500] "HEAD / HTTP/1.1" 200 -
66.249.70.177 - - [19/Apr/2023:03:52:36 -0500] "-" 408 -
201.245.192.253 - - [19/Apr/2023:03:53:02 -0500] "POST /kwsrmcab/Wsrmcab  HTTP/1.1" 200 42096
172.22.2.4 - - [19/Apr/2023:03:52:30 -0500] "HEAD /BLA/boletinlegal/ HTTP/1.1" 200 -
52.167.144.126 - - [19/Apr/2023:03:54:30 -0500] "GET /BLA/boletinlegal/notificaciones.php HTTP/1.1" 200 10015
172.22.2.4 - - [19/Apr/2023:03:53:20 -0500] "GET /BLA/boletinlegal/ HTTP/1.1" 200 57561
216.245.221.92 - - [19/Apr/2023:03:56:31 -0500] "HEAD / HTTP/1.1" 200 -
201.245.192.253 - - [19/Apr/2023:03:58:00 -0500] "POST /kwsrmcab/Wsrmcab  HTTP/1.1" 200 42096
66.249.70.168 - - [19/Apr/2023:03:58:35 -0500] "-" 408 -
172.22.2.4 - - [19/Apr/2023:03:58:20 -0500] "HEAD /BLA/boletinlegal/ HTTP/1.1" 200 -
172.22.2.4 - - [19/Apr/2023:03:59:10 -0500] "GET /BLA/boletinlegal/ HTTP/1.1" 200 55221
216.245.221.92 - - [19/Apr/2023:04:01:31 -0500] "HEAD / HTTP/1.1" 200 -
172.22.2.4 - - [19/Apr/2023:04:01:40 -0500] "GET /BLA/boletinlegal/Directivas/2017/Directiva%20No.%2001%20del%2017%20de%20Enero%20de%202017.pdf HTTP/1.1" 304 -
31.13.103.22 - - [19/Apr/2023:04:02:38 -0500] "GET /images/PAC1.jpeg HTTP/1.1" 200 66191
201.245.192.253 - - [19/Apr/2023:04:02:57 -0500] "POST /kwsrmcab/Wsrmcab  HTTP/1.1" 200 42096
172.22.2.4 - - [19/Apr/2023:04:04:10 -0500] "HEAD /BLA/boletinlegal/ HTTP/1.1" 200 -
216.245.221.92 - - [19/Apr/2023:04:06:31 -0500] "HEAD / HTTP/1.1" 200 -
66.249.70.168 - - [19/Apr/2023:04:06:33 -0500] "-" 408 -
172.22.2.4 - - [19/Apr/2023:04:05:00 -0500] "GET /BLA/boletinlegal/ HTTP/1.1" 200 57561
172.22.2.4 - - [19/Apr/2023:04:07:24 -0500] "GET /BLA/boletinlegal/actos.php HTTP/1.1" 200 9682
201.245.192.253 - - [19/Apr/2023:04:07:55 -0500] "POST /kwsrmcab/Wsrmcab  HTTP/1.1" 200 42096
34.91.241.145 - - [19/Apr/2023:04:09:49 -0500] "GET /inventario-de-emisiones-2020-transporte-publico-sitp-redujo-emisiones-de-pm-2-5-en-un-37.html HTTP/1.1" 200 925
168.119.253.13 - - [19/Apr/2023:04:09:57 -0500] "GET / HTTP/1.1" 200 4720
168.119.253.13 - - [19/Apr/2023:04:09:59 -0500] "GET / HTTP/1.1" 200 319
103.203.57.7 - - [19/Apr/2023:04:10:32 -0500] "GET / HTTP/1.1" 200 319
216.245.221.92 - - [19/Apr/2023:04:11:31 -0500] "HEAD / HTTP/1.1" 200 -
172.22.2.4 - - [19/Apr/2023:04:10:00 -0500] "HEAD /BLA/boletinlegal/ HTTP/1.1" 200 -
172.22.2.4 - - [19/Apr/2023:04:10:50 -0500] "GET /BLA/boletinlegal/ HTTP/1.1" 200 54808
201.245.192.253 - - [19/Apr/2023:04:12:54 -0500] "POST /kwsrmcab/Wsrmcab  HTTP/1.1" 200 42096
34.141.201.27 - - [19/Apr/2023:04:13:49 -0500] "GET /inventario-de-emisiones-2020-transporte-publico-sitp-redujo-emisiones-de-pm-2-5-en-un-37.html HTTP/1.1" 200 925
172.22.2.4 - - [19/Apr/2023:04:15:27 -0500] "GET /BLA/boletinlegal/actos.php HTTP/1.1" 200 9682
216.245.221.92 - - [19/Apr/2023:04:16:31 -0500] "HEAD / HTTP/1.1" 200 -
52.167.144.157 - - [19/Apr/2023:04:17:26 -0500] "GET /BLA/resoluciones/index.php?dir=AUTOS+2007%2F HTTP/1.1" 200 628423
172.22.2.4 - - [19/Apr/2023:04:15:50 -0500] "HEAD /BLA/boletinlegal/ HTTP/1.1" 200 -
201.245.192.253 - - [19/Apr/2023:04:17:53 -0500] "POST /kwsrmcab/Wsrmcab  HTTP/1.1" 200 42096
172.22.2.4 - - [19/Apr/2023:04:16:40 -0500] "GET /BLA/boletinlegal/ HTTP/1.1" 200 58307
172.22.2.4 - - [19/Apr/2023:04:19:08 -0500] "GET /BLA/boletinlegal/actos.php HTTP/1.1" 200 9682
172.22.2.4 - - [19/Apr/2023:04:19:08 -0500] "GET /BLA/boletinlegal/favicon.ico HTTP/1.1" 404 1326
172.22.2.4 - - [19/Apr/2023:04:19:06 -0500] "GET /BLA/boletinlegal/ HTTP/1.1" 200 24523
201.245.192.253 - - [19/Apr/2023:04:20:10 -0500] "POST /kwsrmcab/Wsrmcab HTTP/1.1" 200 43031
172.22.2.4 - - [19/Apr/2023:04:20:13 -0500] "GET /BLA/boletinlegal/consulta_actos.php?tipo=autos&no=0905&usuario=&sector=&fecha=2017&resuelve= HTTP/1.1" 200 1055
201.245.192.253 - - [19/Apr/2023:04:20:13 -0500] "POST /kwsrmcab/Wsrmcab HTTP/1.1" 200 43156
191.156.51.131 - - [19/Apr/2023:04:20:19 -0500] "GET /BLA/resoluciones/AUTOS%202017/0905.pdf HTTP/1.1" 200 287310
172.22.2.4 - - [19/Apr/2023:04:20:14 -0500] "GET /BLA/boletinlegal/index.php?s=/Index/\\think\\app/invokefunction&function=call_user_func_array&vars[0]=md5&vars[1][]=HelloThinkPHP21 HTTP/1.1" 200 36811
216.245.221.92 - - [19/Apr/2023:04:21:31 -0500] "HEAD / HTTP/1.1" 200 -
201.245.192.253 - - [19/Apr/2023:04:22:52 -0500] "POST /kwsrmcab/Wsrmcab  HTTP/1.1" 200 42096
172.22.2.4 - - [19/Apr/2023:04:21:40 -0500] "HEAD /BLA/boletinlegal/ HTTP/1.1" 200 -
172.22.2.4 - - [19/Apr/2023:04:23:30 -0500] "GET /BLA/boletinlegal/actos.php HTTP/1.1" 200 9682
172.22.2.4 - - [19/Apr/2023:04:22:30 -0500] "GET /BLA/boletinlegal/ HTTP/1.1" 200 57151
172.22.2.4 - - [19/Apr/2023:04:25:18 -0500] "GET /BLA/boletinlegal/Circulares/2011/Circular%20No.%208%20del%2020%20de%20Septiembre%20de%202011.pdf HTTP/1.1" 304 -
216.245.221.92 - - [19/Apr/2023:04:26:31 -0500] "HEAD / HTTP/1.1" 200 -
172.22.2.4 - - [19/Apr/2023:04:27:01 -0500] "GET /BLA/boletinlegal/actos.php HTTP/1.1" 200 9682
201.245.192.253 - - [19/Apr/2023:04:27:51 -0500] "POST /kwsrmcab/Wsrmcab  HTTP/1.1" 200 42096
45.238.183.145 - - [19/Apr/2023:04:28:28 -0500] "GET /agendate-para-participar-en-las-caminatas-ecologicas-de-febrero.html HTTP/1.1" 200 830
172.22.2.4 - - [19/Apr/2023:04:27:30 -0500] "HEAD /BLA/boletinlegal/ HTTP/1.1" 200 -
172.22.2.4 - - [19/Apr/2023:04:28:20 -0500] "GET /BLA/boletinlegal/ HTTP/1.1" 200 53924
201.245.192.253 - - [19/Apr/2023:04:30:10 -0500] "POST /kwsrmcab/Wsrmcab HTTP/1.1" 200 43031
201.245.192.253 - - [19/Apr/2023:04:30:13 -0500] "POST /kwsrmcab/Wsrmcab HTTP/1.1" 200 43156
157.55.39.207 - - [19/Apr/2023:04:31:15 -0500] "GET /BLA/resoluciones/AUTOS%202020/0590.pdf HTTP/1.1" 200 920734
216.245.221.92 - - [19/Apr/2023:04:31:31 -0500] "HEAD / HTTP/1.1" 200 -
201.245.192.253 - - [19/Apr/2023:04:32:51 -0500] "POST /kwsrmcab/Wsrmcab  HTTP/1.1" 200 42096
69.171.251.18 - - [19/Apr/2023:04:33:34 -0500] "GET /images/incautan-animales-semana-santa-2023.jpeg HTTP/1.1" 200 36611
69.171.251.22 - - [19/Apr/2023:04:33:35 -0500] "GET /images/WhatsApp%20Image%202023-04-05%20at%2013.54.41.jpeg HTTP/1.1" 200 210747
69.171.251.13 - - [19/Apr/2023:04:33:35 -0500] "GET /images/atencion-al-ciudadano-abril.jpg HTTP/1.1" 200 116523
69.171.251.15 - - [19/Apr/2023:04:33:35 -0500] "GET /images/mejora-la-calidad-del-aire-en-bogota-5-abril.jpeg HTTP/1.1" 200 44341
69.171.251.120 - - [19/Apr/2023:04:33:35 -0500] "GET /images/Fauna-silvestre-jornada-sensibilizacion-semana-santa.jpeg HTTP/1.1" 200 50019
69.171.251.4 - - [19/Apr/2023:04:33:35 -0500] "GET /images/caminos-de-los-cerros-1_optimized.jpeg HTTP/1.1" 200 49537
69.171.251.18 - - [19/Apr/2023:04:33:35 -0500] "GET /images/Adopcion-gatos-y-perros-en-bogota-abril-23.jpeg HTTP/1.1" 200 68661
69.171.249.11 - - [19/Apr/2023:04:33:41 -0500] "GET /images/palma-de-cera-1-abril_optimized.jpeg HTTP/1.1" 200 171987
69.171.249.20 - - [19/Apr/2023:04:33:41 -0500] "GET /images/semana-bosques-1_optimized.1.jpg HTTP/1.1" 200 102892
66.249.70.213 - - [19/Apr/2023:04:34:15 -0500] "-" 408 -
172.22.2.4 - - [19/Apr/2023:04:33:20 -0500] "HEAD /BLA/boletinlegal/ HTTP/1.1" 200 -
172.22.2.4 - - [19/Apr/2023:04:34:10 -0500] "GET /BLA/boletinlegal/ HTTP/1.1" 200 57151
216.245.221.92 - - [19/Apr/2023:04:36:31 -0500] "HEAD / HTTP/1.1" 200 -
34.90.62.206 - - [19/Apr/2023:04:36:38 -0500] "GET /inventario-de-emisiones-2020-transporte-publico-sitp-redujo-emisiones-de-pm-2-5-en-un-37.html HTTP/1.1" 200 925
172.22.2.4 - - [19/Apr/2023:04:37:48 -0500] "GET /BLA/boletinlegal/actos.php HTTP/1.1" 200 9682
201.245.192.253 - - [19/Apr/2023:04:37:51 -0500] "POST /kwsrmcab/Wsrmcab  HTTP/1.1" 200 42096
52.167.144.63 - - [19/Apr/2023:04:40:04 -0500] "GET /BLA/resoluciones/RESOLUCIONES%202021/0018.pdf HTTP/1.1" 200 401778
201.245.192.253 - - [19/Apr/2023:04:40:10 -0500] "POST /kwsrmcab/Wsrmcab HTTP/1.1" 200 43031
201.245.192.253 - - [19/Apr/2023:04:40:13 -0500] "POST /kwsrmcab/Wsrmcab HTTP/1.1" 200 43156
172.22.2.4 - - [19/Apr/2023:04:39:10 -0500] "HEAD /BLA/boletinlegal/ HTTP/1.1" 200 -
216.245.221.92 - - [19/Apr/2023:04:41:31 -0500] "HEAD / HTTP/1.1" 200 -
173.252.95.14 - - [19/Apr/2023:04:41:37 -0500] "GET /images/atencion-al-ciudadano-abril.jpg HTTP/1.1" 200 116523
172.22.2.4 - - [19/Apr/2023:04:40:00 -0500] "GET /BLA/boletinlegal/ HTTP/1.1" 200 57151
185.119.81.97 - - [19/Apr/2023:04:41:42 -0500] "GET /portaldeninos/wp-login.php HTTP/1.1" 200 2592
185.119.81.97 - - [19/Apr/2023:04:41:43 -0500] "POST /portaldeninos/wp-login.php HTTP/1.1" 200 3605
34.91.154.12 - - [19/Apr/2023:04:42:02 -0500] "GET /inventario-de-emisiones-2020-transporte-publico-sitp-redujo-emisiones-de-pm-2-5-en-un-37.html HTTP/1.1" 200 925
66.249.70.207 - - [19/Apr/2023:04:42:14 -0500] "-" 408 -
173.252.107.20 - - [19/Apr/2023:04:42:51 -0500] "GET /secretaria-de-ambiente-rinde-cuentas-este-viernes-31-de-marzo.html HTTP/1.1" 206 864
201.245.192.253 - - [19/Apr/2023:04:42:51 -0500] "POST /kwsrmcab/Wsrmcab  HTTP/1.1" 200 42096
157.55.39.207 - - [19/Apr/2023:04:44:21 -0500] "GET /BLA/resoluciones/AUTOS%202019/3953.pdf HTTP/1.1" 200 264657
172.22.2.4 - - [19/Apr/2023:04:46:23 -0500] "GET /BLA/boletinlegal/actos.php HTTP/1.1" 200 9682
216.245.221.92 - - [19/Apr/2023:04:46:31 -0500] "HEAD / HTTP/1.1" 200 -
172.22.2.4 - - [19/Apr/2023:04:45:00 -0500] "HEAD /BLA/boletinlegal/ HTTP/1.1" 200 -
172.22.2.4 - - [19/Apr/2023:04:45:50 -0500] "GET /BLA/boletinlegal/ HTTP/1.1" 200 54808
201.245.192.253 - - [19/Apr/2023:04:47:50 -0500] "POST /kwsrmcab/Wsrmcab  HTTP/1.1" 200 42096
66.249.70.207 - - [19/Apr/2023:04:50:55 -0500] "-" 408 -
216.245.221.92 - - [19/Apr/2023:04:51:31 -0500] "HEAD / HTTP/1.1" 200 -
34.147.93.45 - - [19/Apr/2023:04:51:37 -0500] "GET /inventario-de-emisiones-2020-transporte-publico-sitp-redujo-emisiones-de-pm-2-5-en-un-37.html HTTP/1.1" 200 925
185.119.81.97 - - [19/Apr/2023:04:52:01 -0500] "GET /portaldeninos/wp-login.php HTTP/1.1" 200 2592
185.119.81.97 - - [19/Apr/2023:04:52:02 -0500] "POST /portaldeninos/wp-login.php HTTP/1.1" 200 3605
172.22.2.4 - - [19/Apr/2023:04:50:50 -0500] "HEAD /BLA/boletinlegal/ HTTP/1.1" 200 -
201.245.192.253 - - [19/Apr/2023:04:52:50 -0500] "POST /kwsrmcab/Wsrmcab  HTTP/1.1" 200 42096
172.22.2.4 - - [19/Apr/2023:04:51:40 -0500] "GET /BLA/boletinlegal/ HTTP/1.1" 200 57561
179.43.177.243 - - [19/Apr/2023:04:54:15 -0500] "POST /boaform/admin/formLogin HTTP/1.1" 404 1186
185.119.81.97 - - [19/Apr/2023:04:55:48 -0500] "GET /portaldeninos/wp-login.php HTTP/1.1" 200 2592
185.119.81.97 - - [19/Apr/2023:04:55:49 -0500] "POST /portaldeninos/wp-login.php HTTP/1.1" 200 3605
216.245.221.92 - - [19/Apr/2023:04:56:31 -0500] "HEAD / HTTP/1.1" 200 -
201.245.192.253 - - [19/Apr/2023:04:57:50 -0500] "POST /kwsrmcab/Wsrmcab  HTTP/1.1" 200 42096
172.22.2.4 - - [19/Apr/2023:04:56:40 -0500] "HEAD /BLA/boletinlegal/ HTTP/1.1" 200 -
69.171.249.14 - - [19/Apr/2023:04:58:24 -0500] "GET /animales-recuperados-en-san-cristobal-y-ciudad-bolivar-son-atendidos-en-el-centro-de-flora-de-la-secretaria-de-ambiente.html HTTP/1.1" 206 1056
172.22.2.4 - - [19/Apr/2023:04:57:30 -0500] "GET /BLA/boletinlegal/ HTTP/1.1" 200 59306
181.237.171.33 - - [19/Apr/2023:04:59:51 -0500] "GET /mesa/contrasena.pdf HTTP/1.1" 200 443199
181.237.171.33 - - [19/Apr/2023:04:59:51 -0500] "GET /mesa/contrasena.pdf HTTP/1.1" 206 1
181.237.171.33 - - [19/Apr/2023:04:59:51 -0500] "GET /mesa/contrasena.pdf HTTP/1.1" 206 299471
172.22.2.4 - - [19/Apr/2023:05:02:53 -0500] "GET /BLA/boletinlegal/consulta_actos.php?tipo=autos&no=1603&usuario=&sector=&fecha=2017&resuelve= HTTP/1.1" 200 626
201.245.192.253 - - [19/Apr/2023:05:02:51 -0500] "POST /kwsrmcab/Wsrmcab  HTTP/1.1" 200 42096
172.22.2.4 - - [19/Apr/2023:05:02:57 -0500] "GET /BLA/boletinlegal/consulta_actos.php?tipo=autos&no=1603&usuario=&sector=&fecha=2017&resuelve= HTTP/1.1" 200 626
172.22.2.4 - - [19/Apr/2023:05:03:19 -0500] "GET /BLA/boletinlegal/consulta_actos.php?tipo=autos&no=1663&usuario=&sector=&fecha=2017&resuelve= HTTP/1.1" 200 1009
191.156.50.246 - - [19/Apr/2023:05:03:24 -0500] "GET /BLA/resoluciones/AUTOS%202017/1663.pdf HTTP/1.1" 200 493963
185.119.81.99 - - [19/Apr/2023:05:04:48 -0500] "GET /portaldeninos/wp-login.php HTTP/1.1" 200 2592
185.119.81.99 - - [19/Apr/2023:05:04:49 -0500] "POST /portaldeninos/wp-login.php HTTP/1.1" 200 3605
216.245.221.92 - - [19/Apr/2023:05:05:42 -0500] "HEAD / HTTP/1.1" 200 -
51.15.164.30 - - [19/Apr/2023:05:05:52 -0500] "HEAD /florecio-la-herrania-en-el-tropicario-distrital-una-planta-nativa-de-la-amazonia-colombiana.html HTTP/1.1" 200 -
118.184.177.5 - - [19/Apr/2023:05:05:55 -0500] "GET / HTTP/1.1" 200 319
172.22.2.4 - - [19/Apr/2023:05:07:07 -0500] "GET /BLA/boletinlegal/ HTTP/1.1" 200 20427
66.249.70.207 - - [19/Apr/2023:05:07:40 -0500] "-" 408 -
