!C99Shell v. 1.0 pre-release build #13!

Software: Apache. PHP/5.5.15 

uname -a: Windows NT SVR-DMZ 6.1 build 7600 (Windows Server 2008 R2 Enterprise Edition) i586 

SYSTEM 

Safe-mode: OFF (not secure)

E:\nuevo\apache\logs\   drwxrwxrwx
Free 9.41 GB of 239.26 GB (3.93%)
Detected drives: [ a ] [ c ] [ d ] [ e ] [ f ]
Home    Back    Forward    UPDIR    Refresh    Search    Buffer    Encoder    Tools    Proc.    FTP brute    Sec.    SQL    PHP-code    Update    Feedback    Self remove    Logout    


Viewing file:     access.2023.04.24.log (5.52 MB)      -rw-rw-rw-
Select action/file-type:
(+) | (+) | (+) | Code (+) | Session (+) | (+) | SDB (+) | (+) | (+) | (+) | (+) | (+) |
186.28.78.215 - - [24/Apr/2023:00:00:31 -0500] "-" 408 -
172.22.2.4 - - [24/Apr/2023:00:01:09 -0500] "OPTIONS /BLA/boletinlegal/style.css HTTP/1.1" 200 -
172.22.2.4 - - [24/Apr/2023:00:01:09 -0500] "OPTIONS /BLA/boletinlegal/styles2.css HTTP/1.1" 200 -
172.22.2.4 - - [24/Apr/2023:00:01:09 -0500] "OPTIONS /BLA/boletinlegal/js/jquery.js HTTP/1.1" 200 -
172.22.2.4 - - [24/Apr/2023:00:01:09 -0500] "OPTIONS /BLA/boletinlegal/js/jquery.scrollTo-min.js HTTP/1.1" 200 -
172.22.2.4 - - [24/Apr/2023:00:01:09 -0500] "OPTIONS /BLA/boletinlegal/js/jquery.scrollShow.js HTTP/1.1" 200 -
172.22.2.4 - - [24/Apr/2023:00:01:09 -0500] "OPTIONS /BLA/boletinlegal/images/cabezote%20BLEGAL.jpg HTTP/1.1" 200 -
172.22.2.4 - - [24/Apr/2023:00:01:09 -0500] "OPTIONS /BLA/boletinlegal/images/subscribe-icon-big.png HTTP/1.1" 200 -
172.22.2.4 - - [24/Apr/2023:00:01:09 -0500] "OPTIONS /BLA/boletinlegal/images/historia.png HTTP/1.1" 200 -
172.22.2.4 - - [24/Apr/2023:00:01:09 -0500] "OPTIONS /BLA/boletinlegal/images/registro-usuarios.png HTTP/1.1" 200 -
172.22.2.4 - - [24/Apr/2023:00:01:09 -0500] "OPTIONS /BLA/boletinlegal/images/arr_l.jpg HTTP/1.1" 200 -
172.22.2.4 - - [24/Apr/2023:00:01:09 -0500] "OPTIONS /BLA/boletinlegal/images/screen_1.png HTTP/1.1" 200 -
172.22.2.4 - - [24/Apr/2023:00:01:09 -0500] "OPTIONS /BLA/boletinlegal/images/launch.jpg HTTP/1.1" 200 -
172.22.2.4 - - [24/Apr/2023:00:01:09 -0500] "OPTIONS /BLA/boletinlegal/images/body_bg.jpg HTTP/1.1" 200 -
172.22.2.4 - - [24/Apr/2023:00:01:09 -0500] "OPTIONS /BLA/boletinlegal/images/menu_lft.gif HTTP/1.1" 200 -
172.22.2.4 - - [24/Apr/2023:00:01:09 -0500] "OPTIONS /BLA/boletinlegal/images/menu_rght.gif HTTP/1.1" 200 -
172.22.2.4 - - [24/Apr/2023:00:01:09 -0500] "OPTIONS /BLA/boletinlegal/images/bg_top.jpg HTTP/1.1" 200 -
172.22.2.4 - - [24/Apr/2023:00:01:09 -0500] "OPTIONS /BLA/boletinlegal/images/hover.jpg HTTP/1.1" 200 -
172.22.2.4 - - [24/Apr/2023:00:01:09 -0500] "OPTIONS /BLA/boletinlegal/images/menu_bg.jpg HTTP/1.1" 200 -
172.22.2.4 - - [24/Apr/2023:00:01:09 -0500] "OPTIONS /BLA/boletinlegal/images/text.jpg HTTP/1.1" 200 -
172.22.2.4 - - [24/Apr/2023:00:01:11 -0500] "GET /BLA/boletinlegal/actos.php HTTP/1.1" 200 9682
172.22.2.4 - - [24/Apr/2023:00:01:11 -0500] "OPTIONS /BLA/boletinlegal/niceforms.js HTTP/1.1" 200 -
172.22.2.4 - - [24/Apr/2023:00:01:11 -0500] "OPTIONS /BLA/boletinlegal/js/ajax_actos.js HTTP/1.1" 200 -
172.22.2.4 - - [24/Apr/2023:00:01:11 -0500] "OPTIONS /BLA/boletinlegal/js/jquery1.js HTTP/1.1" 200 -
172.22.2.4 - - [24/Apr/2023:00:01:11 -0500] "OPTIONS /BLA/boletinlegal/js/lib.js HTTP/1.1" 200 -
172.22.2.4 - - [24/Apr/2023:00:01:11 -0500] "OPTIONS /BLA/boletinlegal/niceforms-default.css HTTP/1.1" 200 -
172.22.2.4 - - [24/Apr/2023:00:01:11 -0500] "OPTIONS /BLA/boletinlegal/js/popup.js HTTP/1.1" 200 -
172.22.2.4 - - [24/Apr/2023:00:01:11 -0500] "OPTIONS /BLA/boletinlegal/images/green-yellow-blue-pink-th.png HTTP/1.1" 200 -
172.22.2.4 - - [24/Apr/2023:00:01:11 -0500] "OPTIONS /BLA/boletinlegal/images/icono-email.png HTTP/1.1" 200 -
172.22.2.4 - - [24/Apr/2023:00:01:11 -0500] "OPTIONS /BLA/boletinlegal/images/footer_bg.jpg HTTP/1.1" 200 -
172.22.2.4 - - [24/Apr/2023:00:01:11 -0500] "OPTIONS /BLA/boletinlegal/images/tel.png HTTP/1.1" 200 -
172.22.2.4 - - [24/Apr/2023:00:01:11 -0500] "OPTIONS /BLA/boletinlegal/images/footer_bg_l.jpg HTTP/1.1" 200 -
172.22.2.4 - - [24/Apr/2023:00:01:11 -0500] "OPTIONS /BLA/boletinlegal/img/select-left.png HTTP/1.1" 200 -
172.22.2.4 - - [24/Apr/2023:00:01:11 -0500] "OPTIONS /BLA/boletinlegal/img/0.png HTTP/1.1" 200 -
172.22.2.4 - - [24/Apr/2023:00:01:11 -0500] "OPTIONS /BLA/boletinlegal/img/button-left.png HTTP/1.1" 200 -
172.22.2.4 - - [24/Apr/2023:00:01:11 -0500] "OPTIONS /BLA/boletinlegal/img/select-right.png HTTP/1.1" 200 -
172.22.2.4 - - [24/Apr/2023:00:01:11 -0500] "OPTIONS /BLA/boletinlegal/img/button.png HTTP/1.1" 200 -
172.22.2.4 - - [24/Apr/2023:00:01:11 -0500] "OPTIONS /BLA/boletinlegal/img/button-right.png HTTP/1.1" 200 -
172.22.2.4 - - [24/Apr/2023:00:01:11 -0500] "GET /BLA/boletinlegal/favicon.ico HTTP/1.1" 404 1326
179.32.91.47 - - [24/Apr/2023:00:01:20 -0500] "GET /favicon.ico HTTP/1.1" 200 7782
172.22.2.4 - - [24/Apr/2023:00:01:25 -0500] "GET /BLA/boletinlegal/consulta_actos.php?tipo=autos&no=2471&usuario=&sector=&fecha=2019&resuelve= HTTP/1.1" 200 626
172.22.2.4 - - [24/Apr/2023:00:01:31 -0500] "GET /BLA/boletinlegal/consulta_actos.php?tipo=autos&no=2471&usuario=&sector=&fecha=2019&resuelve= HTTP/1.1" 200 626
181.58.60.135 - - [24/Apr/2023:00:01:33 -0500] "GET /BLA/resoluciones/ HTTP/1.1" 200 13502
181.58.60.135 - - [24/Apr/2023:00:01:35 -0500] "GET /BLA/resoluciones/index.php?dir=AUTOS+2019%2F HTTP/1.1" 200 372819
40.77.167.84 - - [24/Apr/2023:00:01:36 -0500] "GET / HTTP/1.1" 200 319
172.22.2.4 - - [24/Apr/2023:00:01:47 -0500] "GET /BLA/boletinlegal/consulta_actos.php?tipo=autos&no=2471&usuario=&sector=&fecha=2019&resuelve= HTTP/1.1" 200 626
172.22.2.4 - - [24/Apr/2023:00:01:48 -0500] "GET /BLA/boletinlegal/consulta_actos.php?tipo=autos&no=2471&usuario=&sector=&fecha=2019&resuelve= HTTP/1.1" 200 626
172.22.2.4 - - [24/Apr/2023:00:01:48 -0500] "GET /BLA/boletinlegal/consulta_actos.php?tipo=autos&no=2471&usuario=&sector=&fecha=2019&resuelve= HTTP/1.1" 200 626
172.22.2.4 - - [24/Apr/2023:00:01:49 -0500] "GET /BLA/boletinlegal/consulta_actos.php?tipo=autos&no=2471&usuario=&sector=&fecha=2019&resuelve= HTTP/1.1" 200 626
172.22.2.4 - - [24/Apr/2023:00:01:49 -0500] "GET /BLA/boletinlegal/consulta_actos.php?tipo=autos&no=2471&usuario=&sector=&fecha=2019&resuelve= HTTP/1.1" 200 626
172.22.2.4 - - [24/Apr/2023:00:01:49 -0500] "GET /BLA/boletinlegal/consulta_actos.php?tipo=autos&no=2471&usuario=&sector=&fecha=2019&resuelve= HTTP/1.1" 200 626
172.22.2.4 - - [24/Apr/2023:00:01:49 -0500] "GET /BLA/boletinlegal/consulta_actos.php?tipo=autos&no=2471&usuario=&sector=&fecha=2019&resuelve= HTTP/1.1" 200 626
172.22.2.4 - - [24/Apr/2023:00:01:09 -0500] "GET /BLA/boletinlegal/ HTTP/1.1" 200 24523
172.22.2.4 - - [24/Apr/2023:00:02:01 -0500] "GET /BLA/boletinlegal/favicon.ico HTTP/1.1" 404 1038
172.22.2.4 - - [24/Apr/2023:00:01:15 -0500] "GET /BLA/boletinlegal/ HTTP/1.1" 200 24523
181.53.13.227 - - [24/Apr/2023:00:02:15 -0500] "GET /mujeres-que-reverdecen-secretaria-de-ambiente-anuncia-300-cupos-para-la-tercera-fase-del-programa.html HTTP/1.1" 200 823
172.22.2.4 - - [24/Apr/2023:00:01:25 -0500] "GET /BLA/boletinlegal/ HTTP/1.1" 200 28619
201.245.192.253 - - [24/Apr/2023:00:02:47 -0500] "POST /kwsrmcab/Wsrmcab  HTTP/1.1" 200 41796
216.245.221.92 - - [24/Apr/2023:00:02:54 -0500] "HEAD / HTTP/1.1" 200 -
172.22.2.4 - - [24/Apr/2023:00:02:01 -0500] "HEAD /BLA/boletinlegal/ HTTP/1.1" 200 -
162.55.175.144 - - [24/Apr/2023:00:04:18 -0500] "GET / HTTP/1.1" 200 4720
162.55.175.144 - - [24/Apr/2023:00:04:21 -0500] "GET / HTTP/1.1" 200 319
172.22.2.4 - - [24/Apr/2023:00:02:51 -0500] "GET /BLA/boletinlegal/ HTTP/1.1" 200 57561
34.91.137.242 - - [24/Apr/2023:00:04:57 -0500] "GET /inventario-de-emisiones-2020-transporte-publico-sitp-redujo-emisiones-de-pm-2-5-en-un-37.html HTTP/1.1" 200 925
52.167.144.125 - - [24/Apr/2023:00:06:32 -0500] "GET /bla/resoluciones/autos%202023/0252.pdf HTTP/1.1" 200 446104
201.245.192.253 - - [24/Apr/2023:00:07:47 -0500] "POST /kwsrmcab/Wsrmcab  HTTP/1.1" 200 41796
216.245.221.92 - - [24/Apr/2023:00:07:54 -0500] "HEAD / HTTP/1.1" 200 -
152.61.192.232 - - [24/Apr/2023:00:08:17 -0500] "GET / HTTP/1.1" 200 319
54.39.18.152 - - [24/Apr/2023:00:08:27 -0500] "GET /auambari-deleito-con-sus-sonidos-ambientales-a-los-asistentes-de-fima-2021.html HTTP/1.1" 200 888
172.22.2.4 - - [24/Apr/2023:00:07:51 -0500] "HEAD /BLA/boletinlegal/ HTTP/1.1" 200 -
172.22.2.4 - - [24/Apr/2023:00:09:33 -0500] "GET /BLA/boletinlegal/robots.txt HTTP/1.1" 404 1038
172.22.2.4 - - [24/Apr/2023:00:08:41 -0500] "GET /BLA/boletinlegal/ HTTP/1.1" 200 54808
40.77.167.167 - - [24/Apr/2023:00:11:09 -0500] "GET /BLA/resoluciones/AUTOS%202021/1435.pdf HTTP/1.1" 304 -
172.22.2.4 - - [24/Apr/2023:00:09:37 -0500] "GET /BLA/boletinlegal/ HTTP/1.1" 200 57945
84.239.40.244 - - [24/Apr/2023:00:11:18 -0500] "GET /portaldeninos/ HTTP/1.1" 200 110197
172.22.2.4 - - [24/Apr/2023:00:12:14 -0500] "OPTIONS /BLA/boletinlegal/images/subscribe-icon-big.png HTTP/1.1" 200 -
172.22.2.4 - - [24/Apr/2023:00:12:14 -0500] "OPTIONS /BLA/boletinlegal/images/cabezote%20BLEGAL.jpg HTTP/1.1" 200 -
172.22.2.4 - - [24/Apr/2023:00:12:15 -0500] "OPTIONS /BLA/boletinlegal/images/historia.png HTTP/1.1" 200 -
172.22.2.4 - - [24/Apr/2023:00:12:15 -0500] "OPTIONS /BLA/boletinlegal/images/arr_l.jpg HTTP/1.1" 200 -
172.22.2.4 - - [24/Apr/2023:00:12:15 -0500] "OPTIONS /BLA/boletinlegal/images/registro-usuarios.png HTTP/1.1" 200 -
172.22.2.4 - - [24/Apr/2023:00:12:15 -0500] "OPTIONS /BLA/boletinlegal/images/launch.jpg HTTP/1.1" 200 -
172.22.2.4 - - [24/Apr/2023:00:12:15 -0500] "OPTIONS /BLA/boletinlegal/images/screen_1.png HTTP/1.1" 200 -
172.22.2.4 - - [24/Apr/2023:00:12:15 -0500] "OPTIONS /BLA/boletinlegal/images/body_bg.jpg HTTP/1.1" 200 -
172.22.2.4 - - [24/Apr/2023:00:12:15 -0500] "OPTIONS /BLA/boletinlegal/images/menu_lft.gif HTTP/1.1" 200 -
172.22.2.4 - - [24/Apr/2023:00:12:15 -0500] "OPTIONS /BLA/boletinlegal/images/menu_rght.gif HTTP/1.1" 200 -
172.22.2.4 - - [24/Apr/2023:00:12:15 -0500] "OPTIONS /BLA/boletinlegal/images/text.jpg HTTP/1.1" 200 -
172.22.2.4 - - [24/Apr/2023:00:12:15 -0500] "OPTIONS /BLA/boletinlegal/images/bg_top.jpg HTTP/1.1" 200 -
172.22.2.4 - - [24/Apr/2023:00:12:15 -0500] "OPTIONS /BLA/boletinlegal/images/hover.jpg HTTP/1.1" 200 -
172.22.2.4 - - [24/Apr/2023:00:12:15 -0500] "OPTIONS /BLA/boletinlegal/images/menu_bg.jpg HTTP/1.1" 200 -
172.22.2.4 - - [24/Apr/2023:00:12:16 -0500] "GET /BLA/boletinlegal/actos.php HTTP/1.1" 200 9682
172.22.2.4 - - [24/Apr/2023:00:12:16 -0500] "OPTIONS /BLA/boletinlegal/niceforms.js HTTP/1.1" 200 -
172.22.2.4 - - [24/Apr/2023:00:12:16 -0500] "OPTIONS /BLA/boletinlegal/js/ajax_actos.js HTTP/1.1" 200 -
172.22.2.4 - - [24/Apr/2023:00:12:16 -0500] "OPTIONS /BLA/boletinlegal/niceforms-default.css HTTP/1.1" 200 -
172.22.2.4 - - [24/Apr/2023:00:12:16 -0500] "OPTIONS /BLA/boletinlegal/js/popup.js HTTP/1.1" 200 -
172.22.2.4 - - [24/Apr/2023:00:12:16 -0500] "OPTIONS /BLA/boletinlegal/js/lib.js HTTP/1.1" 200 -
172.22.2.4 - - [24/Apr/2023:00:12:16 -0500] "OPTIONS /BLA/boletinlegal/js/jquery1.js HTTP/1.1" 200 -
172.22.2.4 - - [24/Apr/2023:00:12:16 -0500] "OPTIONS /BLA/boletinlegal/images/green-yellow-blue-pink-th.png HTTP/1.1" 200 -
172.22.2.4 - - [24/Apr/2023:00:12:16 -0500] "OPTIONS /BLA/boletinlegal/images/tel.png HTTP/1.1" 200 -
172.22.2.4 - - [24/Apr/2023:00:12:16 -0500] "OPTIONS /BLA/boletinlegal/images/footer_bg.jpg HTTP/1.1" 200 -
172.22.2.4 - - [24/Apr/2023:00:12:16 -0500] "OPTIONS /BLA/boletinlegal/images/icono-email.png HTTP/1.1" 200 -
172.22.2.4 - - [24/Apr/2023:00:12:16 -0500] "OPTIONS /BLA/boletinlegal/images/footer_bg_l.jpg HTTP/1.1" 200 -
172.22.2.4 - - [24/Apr/2023:00:12:17 -0500] "OPTIONS /BLA/boletinlegal/img/button-right.png HTTP/1.1" 200 -
172.22.2.4 - - [24/Apr/2023:00:12:17 -0500] "OPTIONS /BLA/boletinlegal/img/select-left.png HTTP/1.1" 200 -
172.22.2.4 - - [24/Apr/2023:00:12:17 -0500] "OPTIONS /BLA/boletinlegal/img/button-left.png HTTP/1.1" 200 -
172.22.2.4 - - [24/Apr/2023:00:12:17 -0500] "OPTIONS /BLA/boletinlegal/img/select-right.png HTTP/1.1" 200 -
172.22.2.4 - - [24/Apr/2023:00:12:17 -0500] "OPTIONS /BLA/boletinlegal/img/0.png HTTP/1.1" 200 -
172.22.2.4 - - [24/Apr/2023:00:12:17 -0500] "OPTIONS /BLA/boletinlegal/img/button.png HTTP/1.1" 200 -
172.22.2.4 - - [24/Apr/2023:00:12:32 -0500] "GET /BLA/boletinlegal/consulta_actos.php?tipo=autos&no=2434&usuario=&sector=&fecha=2019&resuelve= HTTP/1.1" 200 1348
181.58.60.135 - - [24/Apr/2023:00:12:36 -0500] "GET /BLA/resoluciones/AUTOS%202019/2434.pdf HTTP/1.1" 200 334300
172.22.2.4 - - [24/Apr/2023:00:12:14 -0500] "GET /BLA/boletinlegal/ HTTP/1.1" 200 24523
201.245.192.253 - - [24/Apr/2023:00:12:46 -0500] "POST /kwsrmcab/Wsrmcab  HTTP/1.1" 200 41796
216.245.221.92 - - [24/Apr/2023:00:12:54 -0500] "HEAD / HTTP/1.1" 200 -
191.156.186.1 - - [24/Apr/2023:00:13:11 -0500] "GET /mujeres-que-reverdecen-secretaria-de-ambiente-anuncia-300-cupos-para-la-tercera-fase-del-programa.html HTTP/1.1" 200 823
181.58.60.135 - - [24/Apr/2023:00:13:59 -0500] "GET /BLA/resoluciones/ HTTP/1.1" 200 13502
181.58.60.135 - - [24/Apr/2023:00:14:22 -0500] "GET /BLA/resoluciones/index.php?dir=AUTOS+2019%2F HTTP/1.1" 200 372819
191.95.54.135 - - [24/Apr/2023:00:14:39 -0500] "GET /mujeres-que-reverdec HTTP/1.1" 404 1136
191.95.54.135 - - [24/Apr/2023:00:14:39 -0500] "GET /favicon.ico HTTP/1.1" 404 1334
172.22.2.4 - - [24/Apr/2023:00:13:41 -0500] "HEAD /BLA/boletinlegal/ HTTP/1.1" 200 -
179.51.124.68 - - [24/Apr/2023:00:15:53 -0500] "-" 408 -
172.22.2.4 - - [24/Apr/2023:00:14:31 -0500] "GET /BLA/boletinlegal/ HTTP/1.1" 200 57561
201.245.192.253 - - [24/Apr/2023:00:17:46 -0500] "POST /kwsrmcab/Wsrmcab  HTTP/1.1" 200 41796
216.245.221.92 - - [24/Apr/2023:00:17:54 -0500] "HEAD / HTTP/1.1" 200 -
94.102.61.10 - - [24/Apr/2023:00:18:47 -0500] "GET / HTTP/1.1" 200 319
201.245.192.253 - - [24/Apr/2023:00:19:47 -0500] "POST /kwsrmcab/Wsrmcab HTTP/1.1" 200 43027
201.245.192.253 - - [24/Apr/2023:00:19:49 -0500] "POST /kwsrmcab/Wsrmcab HTTP/1.1" 200 43168
172.22.2.4 - - [24/Apr/2023:00:19:31 -0500] "HEAD /BLA/boletinlegal/ HTTP/1.1" 200 -
189.203.45.85 - - [24/Apr/2023:00:21:25 -0500] "GET /galeria/galeria/jquery.fancybox.css?v=2.1.5 HTTP/1.1" 200 4895
189.203.45.85 - - [24/Apr/2023:00:21:25 -0500] "GET /galeria/galeria/jquery.fancybox.js?v=2.1.5 HTTP/1.1" 200 48706
189.203.45.85 - - [24/Apr/2023:00:21:25 -0500] "GET /BLA/boletinlegal/js/jquery.scrollShow.js HTTP/1.1" 200 4586
172.22.2.4 - - [24/Apr/2023:00:20:21 -0500] "GET /BLA/boletinlegal/ HTTP/1.1" 200 58307
183.136.225.46 - - [24/Apr/2023:00:22:26 -0500] "-" 408 -
201.245.192.253 - - [24/Apr/2023:00:22:46 -0500] "POST /kwsrmcab/Wsrmcab  HTTP/1.1" 200 41796
216.245.221.92 - - [24/Apr/2023:00:22:54 -0500] "HEAD / HTTP/1.1" 200 -
186.84.90.18 - - [24/Apr/2023:00:25:32 -0500] "GET /BLA/resoluciones/index.php?dir= HTTP/1.1" 200 13502
186.84.90.18 - - [24/Apr/2023:00:25:41 -0500] "GET /BLA/resoluciones/index.php?dir=AUTOS+2017%2F HTTP/1.1" 200 466196
45.238.183.85 - - [24/Apr/2023:00:26:07 -0500] "GET /mujeres-que-reverdecen-secretaria-de-ambiente-anuncia-300-cupos-para-la-tercera-fase-del-programa.html HTTP/1.1" 304 -
172.22.2.4 - - [24/Apr/2023:00:25:21 -0500] "HEAD /BLA/boletinlegal/ HTTP/1.1" 200 -
201.245.192.253 - - [24/Apr/2023:00:27:45 -0500] "POST /kwsrmcab/Wsrmcab  HTTP/1.1" 200 41796
172.22.2.4 - - [24/Apr/2023:00:26:11 -0500] "GET /BLA/boletinlegal/ HTTP/1.1" 200 57945
216.245.221.92 - - [24/Apr/2023:00:27:54 -0500] "HEAD / HTTP/1.1" 200 -
172.22.2.4 - - [24/Apr/2023:00:28:03 -0500] "OPTIONS /BLA/boletinlegal/style.css HTTP/1.1" 200 -
172.22.2.4 - - [24/Apr/2023:00:28:03 -0500] "OPTIONS /BLA/boletinlegal/js/jquery.scrollTo-min.js HTTP/1.1" 200 -
172.22.2.4 - - [24/Apr/2023:00:28:03 -0500] "OPTIONS /BLA/boletinlegal/styles2.css HTTP/1.1" 200 -
172.22.2.4 - - [24/Apr/2023:00:28:03 -0500] "OPTIONS /BLA/boletinlegal/js/jquery.js HTTP/1.1" 200 -
172.22.2.4 - - [24/Apr/2023:00:28:04 -0500] "OPTIONS /BLA/boletinlegal/images/cabezote%20BLEGAL.jpg HTTP/1.1" 200 -
172.22.2.4 - - [24/Apr/2023:00:28:04 -0500] "OPTIONS /BLA/boletinlegal/images/subscribe-icon-big.png HTTP/1.1" 200 -
172.22.2.4 - - [24/Apr/2023:00:28:04 -0500] "OPTIONS /BLA/boletinlegal/images/registro-usuarios.png HTTP/1.1" 200 -
172.22.2.4 - - [24/Apr/2023:00:28:04 -0500] "OPTIONS /BLA/boletinlegal/images/historia.png HTTP/1.1" 200 -
172.22.2.4 - - [24/Apr/2023:00:28:04 -0500] "OPTIONS /BLA/boletinlegal/images/arr_l.jpg HTTP/1.1" 200 -
172.22.2.4 - - [24/Apr/2023:00:28:04 -0500] "OPTIONS /BLA/boletinlegal/images/screen_1.png HTTP/1.1" 200 -
172.22.2.4 - - [24/Apr/2023:00:28:04 -0500] "OPTIONS /BLA/boletinlegal/images/launch.jpg HTTP/1.1" 200 -
172.22.2.4 - - [24/Apr/2023:00:28:04 -0500] "OPTIONS /BLA/boletinlegal/images/menu_lft.gif HTTP/1.1" 200 -
172.22.2.4 - - [24/Apr/2023:00:28:04 -0500] "OPTIONS /BLA/boletinlegal/images/bg_top.jpg HTTP/1.1" 200 -
172.22.2.4 - - [24/Apr/2023:00:28:04 -0500] "OPTIONS /BLA/boletinlegal/images/menu_bg.jpg HTTP/1.1" 200 -
172.22.2.4 - - [24/Apr/2023:00:28:04 -0500] "OPTIONS /BLA/boletinlegal/images/menu_rght.gif HTTP/1.1" 200 -
172.22.2.4 - - [24/Apr/2023:00:28:04 -0500] "OPTIONS /BLA/boletinlegal/images/body_bg.jpg HTTP/1.1" 200 -
172.22.2.4 - - [24/Apr/2023:00:28:04 -0500] "OPTIONS /BLA/boletinlegal/images/hover.jpg HTTP/1.1" 200 -
172.22.2.4 - - [24/Apr/2023:00:28:04 -0500] "OPTIONS /BLA/boletinlegal/images/text.jpg HTTP/1.1" 200 -
172.22.2.4 - - [24/Apr/2023:00:28:05 -0500] "GET /BLA/boletinlegal/actos.php HTTP/1.1" 200 9682
172.22.2.4 - - [24/Apr/2023:00:28:05 -0500] "OPTIONS /BLA/boletinlegal/js/ajax_actos.js HTTP/1.1" 200 -
172.22.2.4 - - [24/Apr/2023:00:28:05 -0500] "OPTIONS /BLA/boletinlegal/niceforms.js HTTP/1.1" 200 -
172.22.2.4 - - [24/Apr/2023:00:28:05 -0500] "OPTIONS /BLA/boletinlegal/js/popup.js HTTP/1.1" 200 -
172.22.2.4 - - [24/Apr/2023:00:28:05 -0500] "OPTIONS /BLA/boletinlegal/niceforms-default.css HTTP/1.1" 200 -
172.22.2.4 - - [24/Apr/2023:00:28:05 -0500] "OPTIONS /BLA/boletinlegal/js/lib.js HTTP/1.1" 200 -
172.22.2.4 - - [24/Apr/2023:00:28:05 -0500] "OPTIONS /BLA/boletinlegal/js/jquery1.js HTTP/1.1" 200 -
172.22.2.4 - - [24/Apr/2023:00:28:05 -0500] "OPTIONS /BLA/boletinlegal/images/green-yellow-blue-pink-th.png HTTP/1.1" 200 -
172.22.2.4 - - [24/Apr/2023:00:28:05 -0500] "OPTIONS /BLA/boletinlegal/images/tel.png HTTP/1.1" 200 -
172.22.2.4 - - [24/Apr/2023:00:28:05 -0500] "OPTIONS /BLA/boletinlegal/images/icono-email.png HTTP/1.1" 200 -
172.22.2.4 - - [24/Apr/2023:00:28:05 -0500] "OPTIONS /BLA/boletinlegal/images/footer_bg.jpg HTTP/1.1" 200 -
172.22.2.4 - - [24/Apr/2023:00:28:05 -0500] "OPTIONS /BLA/boletinlegal/images/footer_bg_l.jpg HTTP/1.1" 200 -
172.22.2.4 - - [24/Apr/2023:00:28:05 -0500] "OPTIONS /BLA/boletinlegal/img/0.png HTTP/1.1" 200 -
172.22.2.4 - - [24/Apr/2023:00:28:05 -0500] "OPTIONS /BLA/boletinlegal/img/select-left.png HTTP/1.1" 200 -
172.22.2.4 - - [24/Apr/2023:00:28:05 -0500] "OPTIONS /BLA/boletinlegal/img/button-right.png HTTP/1.1" 200 -
172.22.2.4 - - [24/Apr/2023:00:28:05 -0500] "OPTIONS /BLA/boletinlegal/img/select-right.png HTTP/1.1" 200 -
172.22.2.4 - - [24/Apr/2023:00:28:05 -0500] "OPTIONS /BLA/boletinlegal/img/button.png HTTP/1.1" 200 -
172.22.2.4 - - [24/Apr/2023:00:28:05 -0500] "OPTIONS /BLA/boletinlegal/img/button-left.png HTTP/1.1" 200 -
157.55.39.207 - - [24/Apr/2023:00:28:08 -0500] "GET /bla/resoluciones/autos%202023/0347.pdf HTTP/1.1" 200 738912
172.22.2.4 - - [24/Apr/2023:00:28:17 -0500] "GET /BLA/boletinlegal/consulta_actos.php?tipo=autos&no=2433&usuario=&sector=&fecha=2019&resuelve= HTTP/1.1" 200 626
172.22.2.4 - - [24/Apr/2023:00:28:19 -0500] "GET /BLA/boletinlegal/consulta_actos.php?tipo=autos&no=2433&usuario=&sector=&fecha=2019&resuelve= HTTP/1.1" 200 626
172.22.2.4 - - [24/Apr/2023:00:28:20 -0500] "GET /BLA/boletinlegal/consulta_actos.php?tipo=autos&no=2433&usuario=&sector=&fecha=2019&resuelve= HTTP/1.1" 200 626
172.22.2.4 - - [24/Apr/2023:00:28:21 -0500] "GET /BLA/boletinlegal/consulta_actos.php?tipo=autos&no=2433&usuario=&sector=&fecha=2019&resuelve= HTTP/1.1" 200 626
172.22.2.4 - - [24/Apr/2023:00:28:22 -0500] "GET /BLA/boletinlegal/consulta_actos.php?tipo=autos&no=2433&usuario=&sector=&fecha=2019&resuelve= HTTP/1.1" 200 626
181.58.60.135 - - [24/Apr/2023:00:28:24 -0500] "GET /BLA/resoluciones/ HTTP/1.1" 200 13502
181.58.60.135 - - [24/Apr/2023:00:28:26 -0500] "GET /BLA/resoluciones/index.php?dir=AUTOS+2019%2F HTTP/1.1" 200 372819
172.22.2.4 - - [24/Apr/2023:00:28:03 -0500] "GET /BLA/boletinlegal/ HTTP/1.1" 200 24523
201.245.192.253 - - [24/Apr/2023:00:29:47 -0500] "POST /kwsrmcab/Wsrmcab HTTP/1.1" 200 43027
201.245.192.253 - - [24/Apr/2023:00:29:50 -0500] "POST /kwsrmcab/Wsrmcab HTTP/1.1" 200 43168
35.236.238.141 - - [24/Apr/2023:00:32:42 -0500] "GET /BLA/boletinlegal/admin/index.php HTTP/1.1" 200 2324
35.236.238.141 - - [24/Apr/2023:00:32:43 -0500] "POST /BLA/boletinlegal/admin/index.php HTTP/1.1" 200 2324
35.236.238.141 - - [24/Apr/2023:00:32:43 -0500] "GET /wp-admin/plugins.php HTTP/1.1" 404 1018
201.245.192.253 - - [24/Apr/2023:00:32:45 -0500] "POST /kwsrmcab/Wsrmcab  HTTP/1.1" 200 41796
172.22.2.4 - - [24/Apr/2023:00:31:11 -0500] "HEAD /BLA/boletinlegal/ HTTP/1.1" 200 -
216.245.221.92 - - [24/Apr/2023:00:32:54 -0500] "HEAD / HTTP/1.1" 200 -
172.22.2.4 - - [24/Apr/2023:00:32:01 -0500] "GET /BLA/boletinlegal/ HTTP/1.1" 200 52326
201.245.192.253 - - [24/Apr/2023:00:37:45 -0500] "POST /kwsrmcab/Wsrmcab  HTTP/1.1" 200 41796
52.167.144.27 - - [24/Apr/2023:00:37:53 -0500] "GET /BLA/resoluciones/index.php?dir=RESOLUCIONES+2019%2F HTTP/1.1" 200 251026
216.245.221.92 - - [24/Apr/2023:00:37:54 -0500] "HEAD / HTTP/1.1" 200 -
172.22.2.4 - - [24/Apr/2023:00:37:01 -0500] "HEAD /BLA/boletinlegal/ HTTP/1.1" 200 -
172.22.2.4 - - [24/Apr/2023:00:37:51 -0500] "GET /BLA/boletinlegal/ HTTP/1.1" 200 57561
201.245.192.253 - - [24/Apr/2023:00:39:46 -0500] "POST /kwsrmcab/Wsrmcab HTTP/1.1" 200 43027
201.245.192.253 - - [24/Apr/2023:00:39:49 -0500] "POST /kwsrmcab/Wsrmcab HTTP/1.1" 200 43168
199.16.157.180 - - [24/Apr/2023:00:40:19 -0500] "GET /images/imagen-palomas_optimized.jpg HTTP/1.1" 200 184069
52.167.144.27 - - [24/Apr/2023:00:41:42 -0500] "GET /BLA/boletinlegal/notificaciones.php HTTP/1.1" 200 6005
201.245.192.253 - - [24/Apr/2023:00:42:43 -0500] "POST /kwsrmcab/Wsrmcab  HTTP/1.1" 200 41796
216.245.221.92 - - [24/Apr/2023:00:42:54 -0500] "HEAD / HTTP/1.1" 200 -
152.61.128.50 - - [24/Apr/2023:00:43:03 -0500] "GET / HTTP/1.1" 200 319
66.249.66.1 - - [24/Apr/2023:00:43:17 -0500] "-" 408 -
172.22.2.4 - - [24/Apr/2023:00:43:39 -0500] "OPTIONS /BLA/boletinlegal/style.css HTTP/1.1" 200 -
172.22.2.4 - - [24/Apr/2023:00:43:39 -0500] "OPTIONS /BLA/boletinlegal/js/jquery.scrollTo-min.js HTTP/1.1" 200 -
172.22.2.4 - - [24/Apr/2023:00:43:39 -0500] "OPTIONS /BLA/boletinlegal/js/jquery.js HTTP/1.1" 200 -
172.22.2.4 - - [24/Apr/2023:00:43:39 -0500] "OPTIONS /BLA/boletinlegal/styles2.css HTTP/1.1" 200 -
172.22.2.4 - - [24/Apr/2023:00:43:39 -0500] "OPTIONS /BLA/boletinlegal/js/jquery.scrollShow.js HTTP/1.1" 200 -
172.22.2.4 - - [24/Apr/2023:00:43:39 -0500] "OPTIONS /BLA/boletinlegal/images/subscribe-icon-big.png HTTP/1.1" 200 -
172.22.2.4 - - [24/Apr/2023:00:43:39 -0500] "OPTIONS /BLA/boletinlegal/images/cabezote%20BLEGAL.jpg HTTP/1.1" 200 -
172.22.2.4 - - [24/Apr/2023:00:43:39 -0500] "OPTIONS /BLA/boletinlegal/images/registro-usuarios.png HTTP/1.1" 200 -
172.22.2.4 - - [24/Apr/2023:00:43:39 -0500] "OPTIONS /BLA/boletinlegal/images/arr_l.jpg HTTP/1.1" 200 -
172.22.2.4 - - [24/Apr/2023:00:43:39 -0500] "OPTIONS /BLA/boletinlegal/images/screen_1.png HTTP/1.1" 200 -
172.22.2.4 - - [24/Apr/2023:00:43:39 -0500] "OPTIONS /BLA/boletinlegal/images/launch.jpg HTTP/1.1" 200 -
172.22.2.4 - - [24/Apr/2023:00:43:39 -0500] "OPTIONS /BLA/boletinlegal/images/historia.png HTTP/1.1" 200 -
172.22.2.4 - - [24/Apr/2023:00:43:39 -0500] "OPTIONS /BLA/boletinlegal/images/body_bg.jpg HTTP/1.1" 200 -
172.22.2.4 - - [24/Apr/2023:00:43:39 -0500] "OPTIONS /BLA/boletinlegal/images/menu_lft.gif HTTP/1.1" 200 -
172.22.2.4 - - [24/Apr/2023:00:43:39 -0500] "OPTIONS /BLA/boletinlegal/images/menu_rght.gif HTTP/1.1" 200 -
172.22.2.4 - - [24/Apr/2023:00:43:39 -0500] "OPTIONS /BLA/boletinlegal/images/hover.jpg HTTP/1.1" 200 -
172.22.2.4 - - [24/Apr/2023:00:43:39 -0500] "OPTIONS /BLA/boletinlegal/images/bg_top.jpg HTTP/1.1" 200 -
172.22.2.4 - - [24/Apr/2023:00:43:39 -0500] "OPTIONS /BLA/boletinlegal/images/menu_bg.jpg HTTP/1.1" 200 -
172.22.2.4 - - [24/Apr/2023:00:43:39 -0500] "OPTIONS /BLA/boletinlegal/images/text.jpg HTTP/1.1" 200 -
172.22.2.4 - - [24/Apr/2023:00:43:40 -0500] "GET /BLA/boletinlegal/actos.php HTTP/1.1" 200 9682
172.22.2.4 - - [24/Apr/2023:00:43:40 -0500] "OPTIONS /BLA/boletinlegal/js/ajax_actos.js HTTP/1.1" 200 -
172.22.2.4 - - [24/Apr/2023:00:43:40 -0500] "OPTIONS /BLA/boletinlegal/niceforms-default.css HTTP/1.1" 200 -
172.22.2.4 - - [24/Apr/2023:00:43:40 -0500] "OPTIONS /BLA/boletinlegal/js/lib.js HTTP/1.1" 200 -
172.22.2.4 - - [24/Apr/2023:00:43:40 -0500] "OPTIONS /BLA/boletinlegal/niceforms.js HTTP/1.1" 200 -
172.22.2.4 - - [24/Apr/2023:00:43:40 -0500] "OPTIONS /BLA/boletinlegal/js/jquery1.js HTTP/1.1" 200 -
172.22.2.4 - - [24/Apr/2023:00:43:40 -0500] "OPTIONS /BLA/boletinlegal/js/popup.js HTTP/1.1" 200 -
172.22.2.4 - - [24/Apr/2023:00:43:40 -0500] "OPTIONS /BLA/boletinlegal/images/green-yellow-blue-pink-th.png HTTP/1.1" 200 -
172.22.2.4 - - [24/Apr/2023:00:43:40 -0500] "OPTIONS /BLA/boletinlegal/images/tel.png HTTP/1.1" 200 -
172.22.2.4 - - [24/Apr/2023:00:43:40 -0500] "OPTIONS /BLA/boletinlegal/images/footer_bg.jpg HTTP/1.1" 200 -
172.22.2.4 - - [24/Apr/2023:00:43:40 -0500] "OPTIONS /BLA/boletinlegal/images/icono-email.png HTTP/1.1" 200 -
172.22.2.4 - - [24/Apr/2023:00:43:41 -0500] "OPTIONS /BLA/boletinlegal/images/footer_bg_l.jpg HTTP/1.1" 200 -
172.22.2.4 - - [24/Apr/2023:00:43:41 -0500] "OPTIONS /BLA/boletinlegal/img/0.png HTTP/1.1" 200 -
172.22.2.4 - - [24/Apr/2023:00:43:41 -0500] "OPTIONS /BLA/boletinlegal/img/select-left.png HTTP/1.1" 200 -
172.22.2.4 - - [24/Apr/2023:00:43:41 -0500] "OPTIONS /BLA/boletinlegal/img/select-right.png HTTP/1.1" 200 -
172.22.2.4 - - [24/Apr/2023:00:43:41 -0500] "OPTIONS /BLA/boletinlegal/img/button.png HTTP/1.1" 200 -
172.22.2.4 - - [24/Apr/2023:00:43:41 -0500] "OPTIONS /BLA/boletinlegal/img/button-left.png HTTP/1.1" 200 -
172.22.2.4 - - [24/Apr/2023:00:43:41 -0500] "OPTIONS /BLA/boletinlegal/img/button-right.png HTTP/1.1" 200 -
172.22.2.4 - - [24/Apr/2023:00:43:56 -0500] "GET /BLA/boletinlegal/consulta_actos.php?tipo=autos&no=1633&usuario=&sector=&fecha=2020&resuelve= HTTP/1.1" 200 1117
172.22.2.4 - - [24/Apr/2023:00:43:56 -0500] "GET /BLA/boletinlegal/consulta_actos.php?tipo=autos&no=1633&usuario=&sector=&fecha=2020&resuelve= HTTP/1.1" 200 1117
181.58.60.135 - - [24/Apr/2023:00:44:00 -0500] "GET /BLA/resoluciones/AUTOS%202020/1633.pdf HTTP/1.1" 200 573235
172.22.2.4 - - [24/Apr/2023:00:43:39 -0500] "GET /BLA/boletinlegal/ HTTP/1.1" 200 24523
181.58.60.135 - - [24/Apr/2023:00:44:26 -0500] "GET /BLA/resoluciones/ HTTP/1.1" 200 13502
172.22.2.4 - - [24/Apr/2023:00:42:51 -0500] "HEAD /BLA/boletinlegal/ HTTP/1.1" 200 -
186.102.35.70 - - [24/Apr/2023:00:45:07 -0500] "GET /kwssiamovil/sm/ldap/au?x=U2FsdGVkX186uDhgaMy9pkcTlbx+fquoDCKIDiN6tMrnvU0TKYUl3/WwCaoYiq/v&y=U2FsdGVkX1/1X0ePLCoBHKA9ptQhNseFZStU+VZtBb593VxnJ5sjCnvwlrGIiFAa HTTP/1.1" 200 31
172.22.2.4 - - [24/Apr/2023:00:43:41 -0500] "GET /BLA/boletinlegal/ HTTP/1.1" 200 54808
186.102.35.70 - - [24/Apr/2023:00:45:42 -0500] "GET /kwssiamovil/sm/ldap/au?x=U2FsdGVkX1/AQRTD7WruCDijC6nMi6Xm4vGigSzqZc+VgxjPYZ7xujOclZk33R2Z&y=U2FsdGVkX180hYIPIAkK62NqBcvxfKe4HkrkbjeN2WEJx+zS1HHfCXFBV3OAz/aQ HTTP/1.1" 200 30
186.102.35.70 - - [24/Apr/2023:00:45:42 -0500] "GET /kwssiamovil/sm/acme/s?s=U2FsdGVkX1+OX6UWIYQY0PHkEZPxxlajzc8EWGCdR8RINcEQzKY6dqsZ8xmXFdY5FwSliexeGESkRNm9YDFKaObhTwlISf1aERob09lxYII=&u=U2FsdGVkX19QaN1zC0I/Haahg+ApGqLsberPY06Wa+a0UX7KoTkCQvMAO/culXhV&y=U2FsdGVkX180hYIPIAkK62NqBcvxfKe4HkrkbjeN2WEJx+zS1HHfCXFBV3OAz/aQ HTTP/1.1" 200 97
186.102.35.70 - - [24/Apr/2023:00:45:42 -0500] "GET /kwssiamovil/sm/acme/s?s=U2FsdGVkX1+E+CMr9wZVVmu9U1aTUDIvHBSwmI6wofYVlzBZjUjGwYj0Mz2NKm3PIl5w1hG+aH5gKtTCuBlaQBK51dSli91tQpiQTLeG2+HA4NHDvGujqGu9z7Mv6jIDVWZUE+yjzGDK6XA+j/1JBNJRb68LLgNemELzNs0ILdOHu3c2lZFnE9wQcb3Z9QxCqXspRyj4zglcExRmBezp7VIRPZOixHzmgJNGBix91e4YOeWwI8uaQWi0KONkVg4aNhVP1+ubMhYvh6Rbbxzz/4Cqa9+g6YXv3lLWYwospTXdPGHTYwgnCyVPnphQzbibM4A4q+fanfcuaRs+0wCLiEC51ycsFRbP23+wVM+i9L3OiLQghcIsIckl0URcDimsJqk9N1aheCrQVN5XLreO0qivqAndz3yQ+QH45fOD63qq/Jr6Bhjh3N5ClPA5i2NvDBqUOkiPDCtJhTUr7bHFGA0ASeTotV6TFpokhjAcRj+eZkbCwxKdCaIB4QPJmbfCCJYLB8l+CjKx9WjYvLCJYmyWHb5azWTxuKEz4WPK94MHzstc/vsBNDVG/mFj89GzlUxop9ix2/Ve4JXPHQygdRkIfqy9F1z+vajx9OAzt1/X6skTXRN6TNtdWvI9bAB9Oc6srK7h/DyFon6+Mpuyd0s1tYDAcVH9TNr7eNGLzcnccOm5+aHDlhkvEOmDHD1Py3k7vljeDQFCymM1DaUj9XHXuqTQ/RACCMg+sRDzBw/d6BtgokhukTukXk9R5t2jtXPCn2jKJX4uQTZhvvRPNBncTUxkTbKxU8WkCHte+2Q9FNmDD+xTOLZDmu3yolGHy4PHOVaRQ7E8yX98rwSrW4SWVYYIkyJ4opH7HE6WXDNpebd/v/bNgVsf8DDyLfAkTLwdK20kSATpZ7LqqUOlpVElIUGW9R+qYX8exPriQPAOJR0bK4jBUeGLItYsWEz8qvE/m2En4lkWL+Muf24W5ShZAbkmWgJKJMCUFXuIcvqKfagXjobaJ53O7GP6vepAOPtxuPXll8kQj7jhgj1A4dem9tlmnDv1YK735Uqw6XfdLvKhLkWssEqxb0ticjofD86ogTiND6vOBOX6QGja7/OmWXk22ZS1bUSA0yDE6D0CbIRz+P8upipNFTfLebemO/uQRg5J9w8Og0WNny8y8a/VDnpCoC+ZS85q4OnCoC+vYuhMjTNeBOU2K6081nI73f08VudWEV4nMoa5kQNEBMShhlIu+MdtQ81kMXyhX8IRy07bI4N6jPrCzoLnWO5O0YDCqbCxwO4ArmqdTT9KxNeZjI26rnaUfBXjoKRM5qpbpjrk51VMqMIv9WrnAr1kGsBrG+kwUlOPsA5slxzZCyPmhAnLTCNH4c3d6PwW4SufixQGzqlUG+WUHj0NJd8FpCLmuR3bSkZwV7vD85kxy6WDK6c/hDWFD+LG1Dv46tw=&u=U2FsdGVkX19QaN1zC0I/Haahg+ApGqLsberPY06Wa+a0UX7KoTkCQvMAO/culXhV&y=U2FsdGVkX180hYIPIAkK62NqBcvxfKe4HkrkbjeN2WEJx+zS1HHfCXFBV3OAz/aQ HTTP/1.1" 200 3132
186.102.35.70 - - [24/Apr/2023:00:45:42 -0500] "GET /kwssiamovil/sm/acme/s?s=U2FsdGVkX1/SKvRIiY/CFrGYMW9WcqjTQkrWXDBx/FQZTK0UEfh0Cu14ISHZgEmwMZtTRweGVcer45fiyh8+JLNyqaVqKb44OejxVgy5BBFLo7fRmOPRb8RdZKZ48eHVL2seJNjeRHnql9SvcrxArEzjJ/JDvbPzgqMU0VvxuE+23qAwPN5jQcL+Bg3JhovRGzy8L+MMe0QiKehWfpTcyZYhTnTvzKrNLbgikXQ6LEpxJvfAuXscevWL9s5rV1Wny/tvaw0sIcFUICvwI+bLG4ICyTT7RsDNLWI787aScpFZoyk0ourKOTA9PjpdKP6vSMDXY/1gDRtIVlT3SB0g7hu595k43PTSA5QLiB95I/4=&u=U2FsdGVkX19QaN1zC0I/Haahg+ApGqLsberPY06Wa+a0UX7KoTkCQvMAO/culXhV&y=U2FsdGVkX180hYIPIAkK62NqBcvxfKe4HkrkbjeN2WEJx+zS1HHfCXFBV3OAz/aQ HTTP/1.1" 200 196
186.102.35.70 - - [24/Apr/2023:00:45:42 -0500] "GET /kwssiamovil/sm/cjson/pre?f=1&x=U2FsdGVkX1/AQRTD7WruCDijC6nMi6Xm4vGigSzqZc+VgxjPYZ7xujOclZk33R2Z HTTP/1.1" 200 31032
201.245.192.253 - - [24/Apr/2023:00:47:39 -0500] "POST /kwsrmcab/Wsrmcab  HTTP/1.1" 200 41796
216.245.221.92 - - [24/Apr/2023:00:47:54 -0500] "HEAD / HTTP/1.1" 200 -
52.167.144.63 - - [24/Apr/2023:00:48:05 -0500] "GET /BLA/resoluciones/AUTOS%202021/4443.pdf HTTP/1.1" 304 -
181.58.60.135 - - [24/Apr/2023:00:48:13 -0500] "GET /BLA/resoluciones/ HTTP/1.1" 200 13502
181.58.60.135 - - [24/Apr/2023:00:48:19 -0500] "GET /BLA/resoluciones/index.php?dir=AUTOS+2020%2F HTTP/1.1" 200 328449
186.102.35.70 - - [24/Apr/2023:00:48:32 -0500] "GET /kwssiamovil/sm/ldap/au?x=U2FsdGVkX1/6/wLET46E1SpLFeYA1HJ0X/G4C/koGKDVIGwRAqJhBuDhWHDIgvYx&y=U2FsdGVkX19Ort3XKwakgfW8PmKaWz7QJQsHb4X2uXGa3FXl8Bh6BtbzYRwPCkHs HTTP/1.1" 200 30
186.102.35.70 - - [24/Apr/2023:00:48:32 -0500] "GET /kwssiamovil/sm/acme/s?s=U2FsdGVkX1/wQyXXNx88fXl7Sfjb9Z9GNK+5gCT+znGr/kJJtLX7nUtTSm5O3BFUGCJc16XWugyp6mnt/06UxRqxrHTPMuLvp7leWjfLSgY=&u=U2FsdGVkX185yopA5GqdfaSK0LlSiSE5NsnpGLtpL94rCqejrkb9kl/yE2BvH0nV&y=U2FsdGVkX19Ort3XKwakgfW8PmKaWz7QJQsHb4X2uXGa3FXl8Bh6BtbzYRwPCkHs HTTP/1.1" 200 97
186.102.35.70 - - [24/Apr/2023:00:48:32 -0500] "GET /kwssiamovil/sm/acme/s?s=U2FsdGVkX1/fnc31rUf6Pyje0hkyDAU0XYj2pE7UF//jUG7n2+lCtsf85gG+0DDueV4qIW4ESBcJu2hhq4MgE5SpMJI0lc9fkR0zsPV19RRF1E4G9qw152A9IBcTCvr3HY0qb2kOXqKYaNMtsiVFpjTBuhLELMvDlVNtgxcPX5h/k9GVLSk55sU+msnEPjyRPWqSUOMndmPIhAG0z+s940Y8Gh7JdTeIrUftA/lcjdf6WTjaXUdQFMOAh4zFRA0/ubSO9xpZr6mXj8rzxuvp+DKftBKaPOao4he9xCOeRo8E/MdC0KAnqR6ESVQhoM9lhJfEaoD985j9s2F3unFrapmK35PMlCiME1mq4e1TichqzLQRMnlXxsm0I+wz4JHRbjlZcknq5lV4C06cKcZZRuoz4LitxJTR0hZPWe2gvz/bhzlSgh12Wz1RH21n7vRMLOQ+fPoe8A4aDzYK8g8QWkxms34QC566kbzn7kOI6hK6dY0jI+uaryqVxUUBvYjFB6m2FmCcq9d0H7e7GZ7BFhqUTg3vNgn3/BUC+xKbgkdVZSXy5cX8pBjBrIJ3skcfF0s/T3pXK7FfpJTqS3Q1vLDpNep87tNMrwdBKz+I4opKPYnla56u/2+VNqDf5cm5gz0g+OfISI+IAnTHEqE1aNNqkzICr67Yk+cCWDbro+jvlqy6THwjBexy/QTmk+KuVAfooOYPvIDy82OWGIlwN6fo+22HBb6rb7WB1k5j8HijwbWtX7Vq71oGd77nnjsZ1wuMuOllGQXuE4jT+CYwlw4iVYfi5SUgl2xurfISpWEJfT3YOevFjj3tC/3K7PAkcUV+gGhzvqIVCwDRCvwei9W6qjrx6VwvQgfQ2Ql87FQ3LpT7kc4q6kKymks+GKtqTaNrwIOx4CiwRk+HWrJd+UtnwKixUmKR4hxdple5GrI4oD6GTmJ7/DFjd5Zny+zLz6xBLhOP+DUp7Ytd+BfuunPFjx/fExJDBcVKdjlRfNhslAa6TTly4AYEra6HHp564HqVVQ7vHeWKwmDPdu46We2R9ETVh2gFDeUGZUhGk+56nRSps4DAUU7gOqwYXBb1s7VAYpmhYyzLf3One2orpWEiYLolJb1b3w4QwoJO2vZcQ6bklZcswEaswF5TMXtLL+MDswfuXaJD7QS25zENEXpjVKFoNXM2ThdjgMtwynGZ/KBBcH2EAbVTYhxs8da2APV0UCprBgAPUgunwkwxLz4Jr7Ttch7hyupnn2jxqbM7NF2731YPITY6CGLMJ7QTmqwfpcVTSPrbKwy6Nw8wYfwwX6fnZdS8BOA1rSTqg2nyrlt4JX1ytV9CAYEUHkWmqKb9d6XMN1IrQQmumf3omyoxTL/GasdbbBAQSsVefv1koD3mwjMBRgMrGyqeB/gozC+sh+k/dPFDUrOHaekFv/Adv2dW/j3j8PzIeuJPFsU=&u=U2FsdGVkX185yopA5GqdfaSK0LlSiSE5NsnpGLtpL94rCqejrkb9kl/yE2BvH0nV&y=U2FsdGVkX19Ort3XKwakgfW8PmKaWz7QJQsHb4X2uXGa3FXl8Bh6BtbzYRwPCkHs HTTP/1.1" 200 3132
186.102.35.70 - - [24/Apr/2023:00:48:32 -0500] "GET /kwssiamovil/sm/acme/s?s=U2FsdGVkX18zozcBtZvhQtAC3gmlynyX1D/prujy3t+9uwprg4ZBEDEdl7lnVJuK912K/jby784bMAZ3pg4fjsoQIGQzdqH7XYU7peG4F54+z9OGLqzFTChkVEX+rEiQJFB+Kje7RyG7nYmmpBE1hHR3PL1eUS4URxoWHKh0YgGtCTJmb7iTiDo/iYdBsaQI+/crfa5UtilpMd05aHkceyz8aG1ppi3SICPGwaAP5ibFBXvnEft7rn25+nObZDJ4ocMeYKXQa0Z2LZ9inwJqSaGUqPZa/4n9ZELpR/3q9ug7BhPe1x8lDv50fBFFbntvHQb3zz/C9gx7tg8lqQ1NmvmiI2g3ce+uYto+am3Ycwk=&u=U2FsdGVkX185yopA5GqdfaSK0LlSiSE5NsnpGLtpL94rCqejrkb9kl/yE2BvH0nV&y=U2FsdGVkX19Ort3XKwakgfW8PmKaWz7QJQsHb4X2uXGa3FXl8Bh6BtbzYRwPCkHs HTTP/1.1" 200 196
186.102.35.70 - - [24/Apr/2023:00:48:32 -0500] "GET /kwssiamovil/sm/cjson/pre?f=1&x=U2FsdGVkX1/6/wLET46E1SpLFeYA1HJ0X/G4C/koGKDVIGwRAqJhBuDhWHDIgvYx HTTP/1.1" 200 31032
172.22.2.4 - - [24/Apr/2023:00:49:02 -0500] "OPTIONS /BLA/boletinlegal/style.css HTTP/1.1" 200 -
172.22.2.4 - - [24/Apr/2023:00:49:02 -0500] "OPTIONS /BLA/boletinlegal/styles2.css HTTP/1.1" 200 -
172.22.2.4 - - [24/Apr/2023:00:49:02 -0500] "OPTIONS /BLA/boletinlegal/js/jquery.scrollShow.js HTTP/1.1" 200 -
172.22.2.4 - - [24/Apr/2023:00:49:02 -0500] "OPTIONS /BLA/boletinlegal/js/jquery.js HTTP/1.1" 200 -
172.22.2.4 - - [24/Apr/2023:00:49:02 -0500] "OPTIONS /BLA/boletinlegal/js/jquery.scrollTo-min.js HTTP/1.1" 200 -
172.22.2.4 - - [24/Apr/2023:00:49:02 -0500] "OPTIONS /BLA/boletinlegal/images/cabezote%20BLEGAL.jpg HTTP/1.1" 200 -
172.22.2.4 - - [24/Apr/2023:00:49:02 -0500] "OPTIONS /BLA/boletinlegal/images/subscribe-icon-big.png HTTP/1.1" 200 -
172.22.2.4 - - [24/Apr/2023:00:49:02 -0500] "OPTIONS /BLA/boletinlegal/images/registro-usuarios.png HTTP/1.1" 200 -
172.22.2.4 - - [24/Apr/2023:00:49:02 -0500] "OPTIONS /BLA/boletinlegal/images/arr_l.jpg HTTP/1.1" 200 -
172.22.2.4 - - [24/Apr/2023:00:49:02 -0500] "OPTIONS /BLA/boletinlegal/images/launch.jpg HTTP/1.1" 200 -
172.22.2.4 - - [24/Apr/2023:00:49:02 -0500] "OPTIONS /BLA/boletinlegal/images/screen_1.png HTTP/1.1" 200 -
172.22.2.4 - - [24/Apr/2023:00:49:02 -0500] "OPTIONS /BLA/boletinlegal/images/menu_lft.gif HTTP/1.1" 200 -
172.22.2.4 - - [24/Apr/2023:00:49:02 -0500] "OPTIONS /BLA/boletinlegal/images/body_bg.jpg HTTP/1.1" 200 -
172.22.2.4 - - [24/Apr/2023:00:49:02 -0500] "OPTIONS /BLA/boletinlegal/images/historia.png HTTP/1.1" 200 -
172.22.2.4 - - [24/Apr/2023:00:49:02 -0500] "OPTIONS /BLA/boletinlegal/images/menu_rght.gif HTTP/1.1" 200 -
172.22.2.4 - - [24/Apr/2023:00:49:02 -0500] "OPTIONS /BLA/boletinlegal/images/bg_top.jpg HTTP/1.1" 200 -
172.22.2.4 - - [24/Apr/2023:00:49:02 -0500] "OPTIONS /BLA/boletinlegal/images/menu_bg.jpg HTTP/1.1" 200 -
172.22.2.4 - - [24/Apr/2023:00:49:02 -0500] "OPTIONS /BLA/boletinlegal/images/hover.jpg HTTP/1.1" 200 -
172.22.2.4 - - [24/Apr/2023:00:49:02 -0500] "OPTIONS /BLA/boletinlegal/images/text.jpg HTTP/1.1" 200 -
172.22.2.4 - - [24/Apr/2023:00:49:04 -0500] "GET /BLA/boletinlegal/actos.php HTTP/1.1" 200 9682
172.22.2.4 - - [24/Apr/2023:00:49:04 -0500] "OPTIONS /BLA/boletinlegal/js/ajax_actos.js HTTP/1.1" 200 -
172.22.2.4 - - [24/Apr/2023:00:49:04 -0500] "OPTIONS /BLA/boletinlegal/js/lib.js HTTP/1.1" 200 -
172.22.2.4 - - [24/Apr/2023:00:49:04 -0500] "OPTIONS /BLA/boletinlegal/js/popup.js HTTP/1.1" 200 -
172.22.2.4 - - [24/Apr/2023:00:49:04 -0500] "OPTIONS /BLA/boletinlegal/niceforms.js HTTP/1.1" 200 -
172.22.2.4 - - [24/Apr/2023:00:49:04 -0500] "OPTIONS /BLA/boletinlegal/js/jquery1.js HTTP/1.1" 200 -
172.22.2.4 - - [24/Apr/2023:00:49:04 -0500] "OPTIONS /BLA/boletinlegal/niceforms-default.css HTTP/1.1" 200 -
172.22.2.4 - - [24/Apr/2023:00:49:04 -0500] "OPTIONS /BLA/boletinlegal/images/green-yellow-blue-pink-th.png HTTP/1.1" 200 -
172.22.2.4 - - [24/Apr/2023:00:49:04 -0500] "OPTIONS /BLA/boletinlegal/images/tel.png HTTP/1.1" 200 -
172.22.2.4 - - [24/Apr/2023:00:49:04 -0500] "OPTIONS /BLA/boletinlegal/images/icono-email.png HTTP/1.1" 200 -
172.22.2.4 - - [24/Apr/2023:00:49:04 -0500] "OPTIONS /BLA/boletinlegal/images/footer_bg.jpg HTTP/1.1" 200 -
172.22.2.4 - - [24/Apr/2023:00:49:04 -0500] "OPTIONS /BLA/boletinlegal/images/footer_bg_l.jpg HTTP/1.1" 200 -
172.22.2.4 - - [24/Apr/2023:00:49:04 -0500] "OPTIONS /BLA/boletinlegal/img/0.png HTTP/1.1" 200 -
172.22.2.4 - - [24/Apr/2023:00:49:04 -0500] "OPTIONS /BLA/boletinlegal/img/button-left.png HTTP/1.1" 200 -
172.22.2.4 - - [24/Apr/2023:00:49:04 -0500] "OPTIONS /BLA/boletinlegal/img/select-left.png HTTP/1.1" 200 -
172.22.2.4 - - [24/Apr/2023:00:49:04 -0500] "OPTIONS /BLA/boletinlegal/img/select-right.png HTTP/1.1" 200 -
172.22.2.4 - - [24/Apr/2023:00:49:04 -0500] "OPTIONS /BLA/boletinlegal/img/button.png HTTP/1.1" 200 -
172.22.2.4 - - [24/Apr/2023:00:49:04 -0500] "OPTIONS /BLA/boletinlegal/img/button-right.png HTTP/1.1" 200 -
172.22.2.4 - - [24/Apr/2023:00:49:40 -0500] "GET /BLA/boletinlegal/consulta_actos.php?tipo=autos&no=1633&usuario=&sector=&fecha=2020&resuelve= HTTP/1.1" 200 1117
181.58.60.135 - - [24/Apr/2023:00:49:42 -0500] "GET /BLA/resoluciones/ HTTP/1.1" 200 13502
172.22.2.4 - - [24/Apr/2023:00:49:02 -0500] "GET /BLA/boletinlegal/ HTTP/1.1" 200 24523
181.58.60.135 - - [24/Apr/2023:00:49:44 -0500] "GET /BLA/resoluciones/index.php?dir=AUTOS+2020%2F HTTP/1.1" 200 328449
172.22.2.4 - - [24/Apr/2023:00:48:41 -0500] "HEAD /BLA/boletinlegal/ HTTP/1.1" 200 -
172.22.2.4 - - [24/Apr/2023:00:49:31 -0500] "GET /BLA/boletinlegal/ HTTP/1.1" 200 55934
152.61.192.232 - - [24/Apr/2023:00:51:11 -0500] "GET /arcgis/services/Calidad_del_Agua_WQI/MapServer/WMSServer?request=GetCapabilities&service=WMS HTTP/1.1" 503 1020
152.61.192.232 - - [24/Apr/2023:00:51:13 -0500] "GET /arcgis/services/Calidad_del_Agua_WQI/MapServer/WMSServer?SERVICE=WMS&REQUEST=GetCapabilities HTTP/1.1" 503 1020
152.61.192.232 - - [24/Apr/2023:00:51:13 -0500] "GET /arcgis/services/Calidad_del_Agua_WQI/MapServer/WMSServer?WMTVER=1.0.0&REQUEST=capabilities HTTP/1.1" 503 1020
92.118.39.82 - - [24/Apr/2023:00:51:59 -0500] "GET / HTTP/1.1" 200 319
92.118.39.82 - - [24/Apr/2023:00:52:00 -0500] "GET /cgi-bin/downloadFlile.cgi HTTP/1.1" 404 1018
186.82.93.16 - - [24/Apr/2023:00:52:18 -0500] "GET /mujeres-que-reverdecen-secretaria-de-ambiente-anuncia-300-cupos-para-la-tercera-fase-del-programa.html?fbclid=IwAR2rDITm1IGncnMVCGCmOutyJfFNz72CLGpKuPT4rJbktXnIcu-lawRvmK8 HTTP/1.1" 200 823
201.245.192.253 - - [24/Apr/2023:00:52:37 -0500] "POST /kwsrmcab/Wsrmcab  HTTP/1.1" 200 41796
216.245.221.92 - - [24/Apr/2023:00:52:54 -0500] "HEAD / HTTP/1.1" 200 -
172.22.2.4 - - [24/Apr/2023:00:54:31 -0500] "HEAD /BLA/boletinlegal/ HTTP/1.1" 200 -
173.252.107.13 - - [24/Apr/2023:00:56:28 -0500] "GET /bogota-tendra-la-primera-planta-de-termovalorizacion-de-colombia-la-cual-convertira-los-residuos-en-energia-para-la-ciudad.html HTTP/1.1" 206 883
172.22.2.4 - - [24/Apr/2023:00:55:21 -0500] "GET /BLA/boletinlegal/ HTTP/1.1" 200 59306
182.253.116.182 - - [24/Apr/2023:00:57:22 -0500] "GET / HTTP/1.1" 200 319
201.245.192.253 - - [24/Apr/2023:00:57:36 -0500] "POST /kwsrmcab/Wsrmcab  HTTP/1.1" 200 41796
216.245.221.92 - - [24/Apr/2023:00:57:54 -0500] "HEAD / HTTP/1.1" 200 -
172.22.2.4 - - [24/Apr/2023:01:00:21 -0500] "HEAD /BLA/boletinlegal/ HTTP/1.1" 200 -
201.245.192.253 - - [24/Apr/2023:01:02:37 -0500] "POST /kwsrmcab/Wsrmcab  HTTP/1.1" 200 41796
172.22.2.4 - - [24/Apr/2023:01:01:11 -0500] "GET /BLA/boletinlegal/ HTTP/1.1" 200 53114
216.245.221.92 - - [24/Apr/2023:01:02:53 -0500] "HEAD / HTTP/1.1" 200 -
66.249.66.41 - - [24/Apr/2023:01:05:03 -0500] "-" 408 -
72.14.199.64 - - [24/Apr/2023:01:05:49 -0500] "GET / HTTP/1.1" 200 4720
201.245.192.253 - - [24/Apr/2023:01:07:36 -0500] "POST /kwsrmcab/Wsrmcab  HTTP/1.1" 200 41796
172.22.2.4 - - [24/Apr/2023:01:06:11 -0500] "HEAD /BLA/boletinlegal/ HTTP/1.1" 200 -
216.245.221.92 - - [24/Apr/2023:01:07:53 -0500] "HEAD / HTTP/1.1" 200 -
172.22.2.4 - - [24/Apr/2023:01:08:14 -0500] "GET /BLA/boletinlegal/nagios/cgi-bin/status.cgi HTTP/1.1" 404 1038
172.22.2.4 - - [24/Apr/2023:01:08:17 -0500] "GET /BLA/boletinlegal/cgi-bin/nagios4/status.cgi HTTP/1.1" 404 1038
172.22.2.4 - - [24/Apr/2023:01:08:22 -0500] "GET /BLA/boletinlegal/cgi-bin/nagios3/status.cgi HTTP/1.1" 404 1038
172.22.2.4 - - [24/Apr/2023:01:07:01 -0500] "GET /BLA/boletinlegal/ HTTP/1.1" 200 52326
172.22.2.4 - - [24/Apr/2023:01:09:19 -0500] "OPTIONS /BLA/boletinlegal/style.css HTTP/1.1" 200 -
172.22.2.4 - - [24/Apr/2023:01:09:19 -0500] "OPTIONS /BLA/boletinlegal/styles2.css HTTP/1.1" 200 -
172.22.2.4 - - [24/Apr/2023:01:09:19 -0500] "OPTIONS /BLA/boletinlegal/js/jquery.scrollShow.js HTTP/1.1" 200 -
172.22.2.4 - - [24/Apr/2023:01:09:19 -0500] "OPTIONS /BLA/boletinlegal/js/jquery.js HTTP/1.1" 200 -
172.22.2.4 - - [24/Apr/2023:01:09:19 -0500] "OPTIONS /BLA/boletinlegal/js/jquery.scrollTo-min.js HTTP/1.1" 200 -
172.22.2.4 - - [24/Apr/2023:01:09:19 -0500] "OPTIONS /BLA/boletinlegal/images/cabezote%20BLEGAL.jpg HTTP/1.1" 200 -
172.22.2.4 - - [24/Apr/2023:01:09:19 -0500] "OPTIONS /BLA/boletinlegal/images/subscribe-icon-big.png HTTP/1.1" 200 -
172.22.2.4 - - [24/Apr/2023:01:09:19 -0500] "OPTIONS /BLA/boletinlegal/images/arr_l.jpg HTTP/1.1" 200 -
172.22.2.4 - - [24/Apr/2023:01:09:19 -0500] "OPTIONS /BLA/boletinlegal/images/historia.png HTTP/1.1" 200 -
172.22.2.4 - - [24/Apr/2023:01:09:19 -0500] "OPTIONS /BLA/boletinlegal/images/registro-usuarios.png HTTP/1.1" 200 -
172.22.2.4 - - [24/Apr/2023:01:09:19 -0500] "OPTIONS /BLA/boletinlegal/images/screen_1.png HTTP/1.1" 200 -
172.22.2.4 - - [24/Apr/2023:01:09:19 -0500] "OPTIONS /BLA/boletinlegal/images/launch.jpg HTTP/1.1" 200 -
172.22.2.4 - - [24/Apr/2023:01:09:19 -0500] "OPTIONS /BLA/boletinlegal/images/body_bg.jpg HTTP/1.1" 200 -
172.22.2.4 - - [24/Apr/2023:01:09:19 -0500] "OPTIONS /BLA/boletinlegal/images/menu_lft.gif HTTP/1.1" 200 -
172.22.2.4 - - [24/Apr/2023:01:09:19 -0500] "OPTIONS /BLA/boletinlegal/images/menu_rght.gif HTTP/1.1" 200 -
172.22.2.4 - - [24/Apr/2023:01:09:19 -0500] "OPTIONS /BLA/boletinlegal/images/bg_top.jpg HTTP/1.1" 200 -
172.22.2.4 - - [24/Apr/2023:01:09:19 -0500] "OPTIONS /BLA/boletinlegal/images/menu_bg.jpg HTTP/1.1" 200 -
172.22.2.4 - - [24/Apr/2023:01:09:19 -0500] "OPTIONS /BLA/boletinlegal/images/hover.jpg HTTP/1.1" 200 -
172.22.2.4 - - [24/Apr/2023:01:09:19 -0500] "OPTIONS /BLA/boletinlegal/images/text.jpg HTTP/1.1" 200 -
172.22.2.4 - - [24/Apr/2023:01:09:32 -0500] "OPTIONS /BLA/boletinlegal/images/footer_bg.jpg HTTP/1.1" 200 -
172.22.2.4 - - [24/Apr/2023:01:09:34 -0500] "GET /BLA/boletinlegal/actos.php HTTP/1.1" 200 9682
172.22.2.4 - - [24/Apr/2023:01:09:34 -0500] "OPTIONS /BLA/boletinlegal/js/ajax_actos.js HTTP/1.1" 200 -
172.22.2.4 - - [24/Apr/2023:01:09:34 -0500] "OPTIONS /BLA/boletinlegal/niceforms-default.css HTTP/1.1" 200 -
172.22.2.4 - - [24/Apr/2023:01:09:34 -0500] "OPTIONS /BLA/boletinlegal/niceforms.js HTTP/1.1" 200 -
172.22.2.4 - - [24/Apr/2023:01:09:34 -0500] "OPTIONS /BLA/boletinlegal/js/lib.js HTTP/1.1" 200 -
172.22.2.4 - - [24/Apr/2023:01:09:34 -0500] "OPTIONS /BLA/boletinlegal/js/popup.js HTTP/1.1" 200 -
172.22.2.4 - - [24/Apr/2023:01:09:34 -0500] "OPTIONS /BLA/boletinlegal/js/jquery1.js HTTP/1.1" 200 -
172.22.2.4 - - [24/Apr/2023:01:09:34 -0500] "OPTIONS /BLA/boletinlegal/images/green-yellow-blue-pink-th.png HTTP/1.1" 200 -
172.22.2.4 - - [24/Apr/2023:01:09:34 -0500] "OPTIONS /BLA/boletinlegal/images/icono-email.png HTTP/1.1" 200 -
172.22.2.4 - - [24/Apr/2023:01:09:34 -0500] "OPTIONS /BLA/boletinlegal/images/tel.png HTTP/1.1" 200 -
172.22.2.4 - - [24/Apr/2023:01:09:34 -0500] "OPTIONS /BLA/boletinlegal/images/footer_bg_l.jpg HTTP/1.1" 200 -
172.22.2.4 - - [24/Apr/2023:01:09:34 -0500] "OPTIONS /BLA/boletinlegal/img/0.png HTTP/1.1" 200 -
172.22.2.4 - - [24/Apr/2023:01:09:34 -0500] "OPTIONS /BLA/boletinlegal/img/select-right.png HTTP/1.1" 200 -
172.22.2.4 - - [24/Apr/2023:01:09:34 -0500] "OPTIONS /BLA/boletinlegal/img/select-left.png HTTP/1.1" 200 -
172.22.2.4 - - [24/Apr/2023:01:09:34 -0500] "OPTIONS /BLA/boletinlegal/img/button-right.png HTTP/1.1" 200 -
172.22.2.4 - - [24/Apr/2023:01:09:34 -0500] "OPTIONS /BLA/boletinlegal/img/button.png HTTP/1.1" 200 -
172.22.2.4 - - [24/Apr/2023:01:09:34 -0500] "OPTIONS /BLA/boletinlegal/img/button-left.png HTTP/1.1" 200 -
199.16.157.182 - - [24/Apr/2023:01:09:43 -0500] "GET /images/imagen-palomas_optimized.jpg HTTP/1.1" 200 184069
192.133.77.15 - - [24/Apr/2023:01:09:48 -0500] "GET /images/imagen-palomas_optimized.jpg HTTP/1.1" 200 184069
172.22.2.4 - - [24/Apr/2023:01:09:48 -0500] "GET /BLA/boletinlegal/consulta_actos.php?tipo=autos&no=3450&usuario=&sector=&fecha=2019&resuelve= HTTP/1.1" 200 626
172.22.2.4 - - [24/Apr/2023:01:09:51 -0500] "GET /BLA/boletinlegal/consulta_actos.php?tipo=autos&no=3450&usuario=&sector=&fecha=2019&resuelve= HTTP/1.1" 200 626
172.22.2.4 - - [24/Apr/2023:01:09:52 -0500] "GET /BLA/boletinlegal/consulta_actos.php?tipo=autos&no=3450&usuario=&sector=&fecha=2019&resuelve= HTTP/1.1" 200 626
172.22.2.4 - - [24/Apr/2023:01:09:55 -0500] "GET /BLA/boletinlegal/consulta_actos.php?tipo=autos&no=3450&usuario=&sector=&fecha=2019&resuelve= HTTP/1.1" 200 626
181.58.60.135 - - [24/Apr/2023:01:09:56 -0500] "GET /BLA/resoluciones/ HTTP/1.1" 200 13502
181.58.60.135 - - [24/Apr/2023:01:09:58 -0500] "GET /BLA/resoluciones/index.php?dir=AUTOS+2019%2F HTTP/1.1" 200 372819
172.22.2.4 - - [24/Apr/2023:01:09:19 -0500] "GET /BLA/boletinlegal/ HTTP/1.1" 200 28619
186.84.90.18 - - [24/Apr/2023:01:10:51 -0500] "GET /BLA/resoluciones/index.php?dir= HTTP/1.1" 200 13502
186.84.90.18 - - [24/Apr/2023:01:11:00 -0500] "GET /BLA/resoluciones/index.php?dir=AUTOS+2017%2F HTTP/1.1" 200 466196
200.118.60.119 - - [24/Apr/2023:01:11:12 -0500] "GET /BLA/resoluciones/ HTTP/1.1" 200 13502
200.118.60.119 - - [24/Apr/2023:01:11:19 -0500] "GET /BLA/resoluciones/index.php?dir=AUTOS+2015%2F HTTP/1.1" 200 581397
200.118.60.119 - - [24/Apr/2023:01:11:19 -0500] "GET /BLA/resoluciones/dlf/unknown.png HTTP/1.1" 200 266
172.22.2.4 - - [24/Apr/2023:01:11:33 -0500] "GET /BLA/boletinlegal/consulta_actos.php?tipo=autos&no=3450&usuario=&sector=&fecha=2019&resuelve= HTTP/1.1" 200 626
172.22.2.4 - - [24/Apr/2023:01:11:34 -0500] "GET /BLA/boletinlegal/consulta_actos.php?tipo=autos&no=3450&usuario=&sector=&fecha=2019&resuelve= HTTP/1.1" 200 626
181.58.60.135 - - [24/Apr/2023:01:11:36 -0500] "GET /BLA/resoluciones/ HTTP/1.1" 200 13502
181.58.60.135 - - [24/Apr/2023:01:11:38 -0500] "GET /BLA/resoluciones/index.php?dir=AUTOS+2019%2F HTTP/1.1" 200 372819
200.118.60.119 - - [24/Apr/2023:01:11:44 -0500] "GET /BLA/resoluciones/ HTTP/1.1" 200 13502
200.118.60.119 - - [24/Apr/2023:01:11:47 -0500] "GET /BLA/resoluciones/index.php?dir=AUTOS+2015%2F HTTP/1.1" 200 581397
66.249.66.15 - - [24/Apr/2023:01:12:22 -0500] "-" 408 -
201.245.192.253 - - [24/Apr/2023:01:12:34 -0500] "POST /kwsrmcab/Wsrmcab  HTTP/1.1" 200 41796
216.245.221.92 - - [24/Apr/2023:01:12:53 -0500] "HEAD / HTTP/1.1" 200 -
172.22.2.4 - - [24/Apr/2023:01:12:01 -0500] "HEAD /BLA/boletinlegal/ HTTP/1.1" 200 -
40.77.167.101 - - [24/Apr/2023:01:13:46 -0500] "-" 408 -
172.22.2.4 - - [24/Apr/2023:01:12:51 -0500] "GET /BLA/boletinlegal/ HTTP/1.1" 200 58307
200.118.60.119 - - [24/Apr/2023:01:15:45 -0500] "GET /BLA/resoluciones/AUTOS%202015/6560.pdf HTTP/1.1" 200 457954
52.167.144.125 - - [24/Apr/2023:01:16:27 -0500] "GET /Publicaciones/2022EE83627.pdf HTTP/1.1" 404 227
200.118.60.119 - - [24/Apr/2023:01:17:04 -0500] "GET /BLA/resoluciones/ HTTP/1.1" 200 13502
200.118.60.119 - - [24/Apr/2023:01:17:16 -0500] "GET /BLA/resoluciones/index.php?dir=AUTOS+2015%2F HTTP/1.1" 200 581397
201.245.192.253 - - [24/Apr/2023:01:17:34 -0500] "POST /kwsrmcab/Wsrmcab  HTTP/1.1" 200 41796
216.245.221.92 - - [24/Apr/2023:01:17:53 -0500] "HEAD / HTTP/1.1" 200 -
66.249.79.128 - - [24/Apr/2023:01:18:30 -0500] "-" 408 -
172.22.2.4 - - [24/Apr/2023:01:17:51 -0500] "HEAD /BLA/boletinlegal/ HTTP/1.1" 200 -
201.245.192.253 - - [24/Apr/2023:01:19:46 -0500] "POST /kwsrmcab/Wsrmcab HTTP/1.1" 200 42862
201.245.192.253 - - [24/Apr/2023:01:19:51 -0500] "POST /kwsrmcab/Wsrmcab HTTP/1.1" 200 42851
172.22.2.4 - - [24/Apr/2023:01:18:41 -0500] "GET /BLA/boletinlegal/ HTTP/1.1" 200 52326
172.22.2.4 - - [24/Apr/2023:01:19:02 -0500] "GET /BLA/boletinlegal/ HTTP/1.1" 200 55934
172.22.2.4 - - [24/Apr/2023:01:20:44 -0500] "GET /BLA/boletinlegal/images/arr_r.jpg HTTP/1.1" 200 1998
173.252.95.6 - - [24/Apr/2023:01:22:02 -0500] "GET /images/cr\xc3\xb3nica-29-nov-1_optimized.jpeg HTTP/1.1" 404 1034
172.22.2.4 - - [24/Apr/2023:01:22:10 -0500] "GET /BLA/boletinlegal/images/pdf.gif HTTP/1.1" 200 567
201.245.192.253 - - [24/Apr/2023:01:22:35 -0500] "POST /kwsrmcab/Wsrmcab  HTTP/1.1" 200 41796
216.245.221.92 - - [24/Apr/2023:01:22:53 -0500] "HEAD / HTTP/1.1" 200 -
52.167.144.27 - - [24/Apr/2023:01:23:08 -0500] "GET /BLA/resoluciones/AUTOS%202021/4617.pdf HTTP/1.1" 304 -
157.55.39.207 - - [24/Apr/2023:01:23:25 -0500] "GET /BLA/resoluciones/AUTOS%202021/6360.pdf HTTP/1.1" 304 -
