186.145.91.234 - - [25/Apr/2023:08:34:15 -0500] "GET /sipse/faces/javax.faces.resource/theme.css?ln=primefaces-sipse HTTP/1.1" 304 -
186.145.91.234 - - [25/Apr/2023:08:34:15 -0500] "GET /sipse/faces/faces/faces/autenticacion.xhtml HTTP/1.1" 200 12170
186.145.91.234 - - [25/Apr/2023:08:34:15 -0500] "GET /sipse/faces/javax.faces.resource/layout/layout.css?ln=primefaces&v=4.0 HTTP/1.1" 304 -
186.145.91.234 - - [25/Apr/2023:08:34:15 -0500] "GET /sipse/faces/javax.faces.resource/layout/layout.js?ln=primefaces&v=4.0 HTTP/1.1" 304 -
186.145.91.234 - - [25/Apr/2023:08:34:15 -0500] "GET /sipse/faces/javax.faces.resource/primefaces.css?ln=primefaces&v=4.0 HTTP/1.1" 304 -
186.145.91.234 - - [25/Apr/2023:08:34:15 -0500] "GET /sipse/faces/javax.faces.resource/jquery/jquery-plugins.js?ln=primefaces&v=4.0 HTTP/1.1" 304 -
186.145.91.234 - - [25/Apr/2023:08:34:15 -0500] "GET /sipse/faces/javax.faces.resource/theme.css?ln=primefaces-sipse HTTP/1.1" 304 -
186.145.91.234 - - [25/Apr/2023:08:34:15 -0500] "GET /sipse/faces/javax.faces.resource/jquery/jquery.js?ln=primefaces&v=4.0 HTTP/1.1" 304 -
186.145.91.234 - - [25/Apr/2023:08:34:15 -0500] "GET /sipse/faces/javax.faces.resource/primefaces.js?ln=primefaces&v=4.0 HTTP/1.1" 304 -
186.145.91.234 - - [25/Apr/2023:08:34:17 -0500] "POST /sipse/faces/autenticacion.xhtml HTTP/1.1" 200 11188
186.145.91.234 - - [25/Apr/2023:08:34:17 -0500] "GET /sipse/faces/javax.faces.resource/theme.css?ln=primefaces-sipse HTTP/1.1" 304 -
186.145.91.234 - - [25/Apr/2023:08:34:17 -0500] "GET /sipse/faces/javax.faces.resource/primefaces.css?ln=primefaces&v=4.0 HTTP/1.1" 304 -
186.145.91.234 - - [25/Apr/2023:08:34:17 -0500] "GET /sipse/faces/javax.faces.resource/layout/layout.css?ln=primefaces&v=4.0 HTTP/1.1" 304 -
186.145.91.234 - - [25/Apr/2023:08:34:17 -0500] "GET /sipse/faces/javax.faces.resource/jquery/jquery.js?ln=primefaces&v=4.0 HTTP/1.1" 304 -
186.145.91.234 - - [25/Apr/2023:08:34:17 -0500] "GET /sipse/faces/javax.faces.resource/jquery/jquery-plugins.js?ln=primefaces&v=4.0 HTTP/1.1" 304 -
186.145.91.234 - - [25/Apr/2023:08:34:17 -0500] "GET /sipse/faces/javax.faces.resource/primefaces.js?ln=primefaces&v=4.0 HTTP/1.1" 304 -
186.145.91.234 - - [25/Apr/2023:08:34:17 -0500] "GET /sipse/faces/javax.faces.resource/layout/layout.js?ln=primefaces&v=4.0 HTTP/1.1" 304 -
186.145.91.234 - - [25/Apr/2023:08:34:18 -0500] "GET /sipse/faces/javax.faces.resource/messages/messages.png?ln=primefaces&v=4.0 HTTP/1.1" 304 -
186.84.90.177 - - [25/Apr/2023:08:34:21 -0500] "GET /forest/ HTTP/1.1" 200 12041
186.29.106.194 - - [25/Apr/2023:08:34:35 -0500] "GET /BLA/resoluciones/ HTTP/1.1" 200 13502
186.145.91.234 - - [25/Apr/2023:08:34:36 -0500] "GET /sipse/faces/javax.faces.resource/images/ui-icons_898989_256x240.png?ln=primefaces-aristo HTTP/1.1" 304 -
186.145.91.234 - - [25/Apr/2023:08:34:36 -0500] "POST /sipse/faces/presentacion/sistema/seguridad/seleccionRol.xhtml HTTP/1.1" 200 5624
186.84.90.177 - - [25/Apr/2023:08:34:36 -0500] "POST /forest/index.php HTTP/1.1" 200 12268
186.145.91.234 - - [25/Apr/2023:08:34:36 -0500] "POST /sipse/faces/presentacion/sistema/seguridad/seleccionRol.xhtml HTTP/1.1" 200 15086
186.145.91.234 - - [25/Apr/2023:08:34:37 -0500] "GET /sipse/faces/javax.faces.resource/theme.css?ln=primefaces-sipse HTTP/1.1" 304 -
186.145.91.234 - - [25/Apr/2023:08:34:37 -0500] "GET /sipse/faces/javax.faces.resource/primefaces.css?ln=primefaces&v=4.0 HTTP/1.1" 304 -
186.145.91.234 - - [25/Apr/2023:08:34:37 -0500] "GET /sipse/faces/javax.faces.resource/jquery/jquery.js?ln=primefaces&v=4.0 HTTP/1.1" 304 -
186.145.91.234 - - [25/Apr/2023:08:34:37 -0500] "GET /sipse/faces/javax.faces.resource/jquery/jquery-plugins.js?ln=primefaces&v=4.0 HTTP/1.1" 304 -
186.145.91.234 - - [25/Apr/2023:08:34:37 -0500] "GET /sipse/faces/javax.faces.resource/primefaces.js?ln=primefaces&v=4.0 HTTP/1.1" 304 -
186.145.91.234 - - [25/Apr/2023:08:34:39 -0500] "GET /sipse/faces/javax.faces.resource/layout/layout.js?ln=primefaces&v=4.0 HTTP/1.1" 304 -
186.145.91.234 - - [25/Apr/2023:08:34:39 -0500] "GET /sipse/css/imagen/contrasena.png HTTP/1.1" 404 383
186.145.91.234 - - [25/Apr/2023:08:34:41 -0500] "GET /sipse/faces/javax.faces.resource/images/ui-bg_flat_0_2d5972_40x100.png?ln=primefaces-aristo HTTP/1.1" 304 -
186.145.91.234 - - [25/Apr/2023:08:34:41 -0500] "POST /sipse/faces/bienvenido.xhtml HTTP/1.1" 200 3843
186.145.91.234 - - [25/Apr/2023:08:34:44 -0500] "POST /sipse/faces/bienvenido.xhtml HTTP/1.1" 200 2073
186.145.91.234 - - [25/Apr/2023:08:34:45 -0500] "POST /sipse/faces/bienvenido.xhtml HTTP/1.1" 200 40754
186.145.91.234 - - [25/Apr/2023:08:34:45 -0500] "GET /sipse/faces/javax.faces.resource/theme.css?ln=primefaces-sipse HTTP/1.1" 304 -
186.145.91.234 - - [25/Apr/2023:08:34:45 -0500] "GET /sipse/faces/javax.faces.resource/primefaces.css?ln=primefaces&v=4.0 HTTP/1.1" 304 -
186.145.91.234 - - [25/Apr/2023:08:34:45 -0500] "GET /sipse/faces/javax.faces.resource/jquery/jquery.js?ln=primefaces&v=4.0 HTTP/1.1" 304 -
186.145.91.234 - - [25/Apr/2023:08:34:46 -0500] "GET /sipse/faces/javax.faces.resource/jquery/jquery-plugins.js?ln=primefaces&v=4.0 HTTP/1.1" 304 -
186.145.91.234 - - [25/Apr/2023:08:34:46 -0500] "GET /sipse/faces/javax.faces.resource/primefaces.js?ln=primefaces&v=4.0 HTTP/1.1" 304 -
186.145.91.234 - - [25/Apr/2023:08:34:46 -0500] "GET /sipse/faces/javax.faces.resource/layout/layout.js?ln=primefaces&v=4.0 HTTP/1.1" 304 -
186.145.91.234 - - [25/Apr/2023:08:34:46 -0500] "GET /sipse/faces/javax.faces.resource/layout/layout.css?ln=primefaces&v=4.0 HTTP/1.1" 304 -
186.29.106.194 - - [25/Apr/2023:08:34:47 -0500] "GET /BLA/resoluciones/index.php?dir=AUTOS+2023%2F HTTP/1.1" 200 23841
172.22.2.4 - - [25/Apr/2023:08:35:01 -0500] "GET /BLA/boletinlegal/jurisprudencia.php HTTP/1.1" 200 17583
186.145.91.234 - - [25/Apr/2023:08:34:57 -0500] "POST /sipse/faces/presentacion/financiero/solicitudProceso/consultar.xhtml HTTP/1.1" 200 12897
172.22.2.4 - - [25/Apr/2023:08:35:13 -0500] "GET /BLA/boletinlegal/js/lib.js HTTP/1.1" 200 6474
172.22.2.4 - - [25/Apr/2023:08:35:16 -0500] "GET /BLA/boletinlegal/consulta_actos.php?tipo=resoluciones&no=3005&usuario=&sector=&fecha=2022&resuelve= HTTP/1.1" 200 1095
172.22.2.4 - - [25/Apr/2023:08:35:16 -0500] "GET /BLA/boletinlegal/consulta_actos.php?tipo=resoluciones&no=3005&usuario=&sector=&fecha=2022&resuelve= HTTP/1.1" 200 1095
186.30.6.90 - - [25/Apr/2023:08:35:19 -0500] "GET /BLA/resoluciones/RESOLUCIONES%202022/3005.pdf HTTP/1.1" 200 461312
201.245.192.253 - - [25/Apr/2023:08:35:15 -0500] "POST /kwsrmcab/Wsrmcab  HTTP/1.1" 200 41796
172.22.2.4 - - [25/Apr/2023:08:35:20 -0500] "GET /BLA/boletinlegal/js/jquery1.js HTTP/1.1" 200 29846
172.22.2.4 - - [25/Apr/2023:08:35:20 -0500] "GET /BLA/boletinlegal/js/popup.js HTTP/1.1" 200 1270
186.145.91.234 - - [25/Apr/2023:08:35:21 -0500] "POST /sipse/faces/presentacion/financiero/solicitudProceso/consultar.xhtml HTTP/1.1" 200 152701
186.145.91.234 - - [25/Apr/2023:08:35:26 -0500] "GET /sipse/faces/javax.faces.resource/theme.css?ln=primefaces-sipse HTTP/1.1" 304 -
186.145.91.234 - - [25/Apr/2023:08:35:26 -0500] "GET /sipse/faces/javax.faces.resource/primefaces.css?ln=primefaces&v=4.0 HTTP/1.1" 304 -
186.145.91.234 - - [25/Apr/2023:08:35:26 -0500] "GET /sipse/faces/javax.faces.resource/jquery/jquery.js?ln=primefaces&v=4.0 HTTP/1.1" 304 -
186.145.91.234 - - [25/Apr/2023:08:35:26 -0500] "GET /sipse/faces/javax.faces.resource/layout/layout.css?ln=primefaces&v=4.0 HTTP/1.1" 304 -
186.145.91.234 - - [25/Apr/2023:08:35:26 -0500] "GET /sipse/faces/javax.faces.resource/jquery/jquery-plugins.js?ln=primefaces&v=4.0 HTTP/1.1" 304 -
186.145.91.234 - - [25/Apr/2023:08:35:26 -0500] "GET /sipse/faces/javax.faces.resource/primefaces.js?ln=primefaces&v=4.0 HTTP/1.1" 304 -
186.145.91.234 - - [25/Apr/2023:08:35:26 -0500] "GET /sipse/faces/javax.faces.resource/layout/layout.js?ln=primefaces&v=4.0 HTTP/1.1" 304 -
172.22.2.4 - - [25/Apr/2023:08:35:39 -0500] "GET /BLA/boletinlegal/consulta_actos.php?tipo=resoluciones&no=3006&usuario=&sector=&fecha=2022&resuelve= HTTP/1.1" 200 1087
172.22.2.4 - - [25/Apr/2023:08:35:39 -0500] "GET /BLA/boletinlegal/normativa.php HTTP/1.1" 200 8343
172.22.2.4 - - [25/Apr/2023:08:35:40 -0500] "GET /BLA/boletinlegal/normativa.php HTTP/1.1" 200 8343
172.22.2.4 - - [25/Apr/2023:08:35:41 -0500] "GET /BLA/boletinlegal/js/ajax_normativa.js HTTP/1.1" 200 1154
172.22.2.4 - - [25/Apr/2023:08:35:41 -0500] "GET /BLA/boletinlegal/js/ajax_normativa.js HTTP/1.1" 200 1154
186.30.6.90 - - [25/Apr/2023:08:35:41 -0500] "GET /BLA/resoluciones/RESOLUCIONES%202022/3006.pdf HTTP/1.1" 200 471813
186.145.91.234 - - [25/Apr/2023:08:35:43 -0500] "POST /sipse/faces/presentacion/financiero/solicitudProceso/consultarSolicitudProceso.xhtml HTTP/1.1" 200 893638
186.155.15.39 - - [25/Apr/2023:08:35:55 -0500] "GET /BLA/resoluciones/AUTOS%202017/5261.pdf HTTP/1.1" 200 358326
172.22.2.4 - - [25/Apr/2023:08:35:58 -0500] "GET /BLA/boletinlegal/consulta_actos.php?tipo=resoluciones&no=3007&usuario=&sector=&fecha=2022&resuelve= HTTP/1.1" 200 1086
186.30.6.90 - - [25/Apr/2023:08:36:00 -0500] "GET /BLA/resoluciones/RESOLUCIONES%202022/3007.pdf HTTP/1.1" 200 458268
172.22.2.4 - - [25/Apr/2023:08:36:14 -0500] "GET /BLA/boletinlegal/consulta_actos.php?tipo=resoluciones&no=3003&usuario=&sector=&fecha=2022&resuelve= HTTP/1.1" 200 1095
186.30.6.90 - - [25/Apr/2023:08:36:16 -0500] "GET /BLA/resoluciones/RESOLUCIONES%202022/3003.pdf HTTP/1.1" 200 463892
201.245.192.253 - - [25/Apr/2023:08:36:17 -0500] "POST /sipse/faces/presentacion/financiero/solicitudProceso/consultarSolicitudProceso.xhtml HTTP/1.1" 200 79327
186.145.91.234 - - [25/Apr/2023:08:36:20 -0500] "POST /sipse/faces/presentacion/financiero/solicitudProceso/consultarSolicitudProceso.xhtml HTTP/1.1" 200 43880
186.145.91.234 - - [25/Apr/2023:08:36:24 -0500] "GET /sipse/faces/javax.faces.resource/theme.css?ln=primefaces-sipse HTTP/1.1" 304 -
186.145.91.234 - - [25/Apr/2023:08:36:27 -0500] "GET /sipse/faces/javax.faces.resource/jquery/jquery.js?ln=primefaces&v=4.0 HTTP/1.1" 304 -
186.145.91.234 - - [25/Apr/2023:08:36:27 -0500] "GET /sipse/faces/javax.faces.resource/layout/layout.css?ln=primefaces&v=4.0 HTTP/1.1" 304 -
186.145.91.234 - - [25/Apr/2023:08:36:27 -0500] "GET /sipse/faces/javax.faces.resource/primefaces.css?ln=primefaces&v=4.0 HTTP/1.1" 304 -
186.145.91.234 - - [25/Apr/2023:08:36:27 -0500] "GET /sipse/faces/javax.faces.resource/jquery/jquery-plugins.js?ln=primefaces&v=4.0 HTTP/1.1" 304 -
201.245.192.253 - - [25/Apr/2023:08:36:28 -0500] "GET /sipse/faces/javax.faces.resource/jquery/jquery.js?ln=primefaces&v=4.0 HTTP/1.1" 304 -
201.245.192.253 - - [25/Apr/2023:08:36:28 -0500] "GET /sipse/faces/javax.faces.resource/primefaces.js?ln=primefaces&v=4.0 HTTP/1.1" 304 -
201.245.192.253 - - [25/Apr/2023:08:36:28 -0500] "GET /sipse/faces/javax.faces.resource/layout/layout.css?ln=primefaces&v=4.0 HTTP/1.1" 200 542
201.245.192.253 - - [25/Apr/2023:08:36:28 -0500] "GET /sipse/faces/javax.faces.resource/jquery/jquery-plugins.js?ln=primefaces&v=4.0 HTTP/1.1" 304 -
201.245.192.253 - - [25/Apr/2023:08:36:28 -0500] "GET /sipse/faces/javax.faces.resource/layout/layout.js?ln=primefaces&v=4.0 HTTP/1.1" 304 -
201.245.192.253 - - [25/Apr/2023:08:36:24 -0500] "POST /sipse/faces/presentacion/financiero/solicitudProceso/consultarSolicitudProceso.xhtml HTTP/1.1" 200 95771
201.245.192.253 - - [25/Apr/2023:08:36:28 -0500] "GET /sipse/faces/javax.faces.resource/primefaces.css?ln=primefaces&v=4.0 HTTP/1.1" 200 53295
186.145.91.234 - - [25/Apr/2023:08:36:30 -0500] "GET /sipse/faces/javax.faces.resource/primefaces.js?ln=primefaces&v=4.0 HTTP/1.1" 304 -
186.145.91.234 - - [25/Apr/2023:08:36:30 -0500] "GET /sipse/faces/javax.faces.resource/layout/layout.js?ln=primefaces&v=4.0 HTTP/1.1" 304 -
186.145.91.234 - - [25/Apr/2023:08:36:30 -0500] "POST /sipse/faces/presentacion/financiero/solicitudProceso/consultar.xhtml HTTP/1.1" 200 37226
172.22.2.4 - - [25/Apr/2023:08:36:30 -0500] "GET /BLA/boletinlegal/consulta_actos.php?tipo=resoluciones&no=3004&usuario=&sector=&fecha=2022&resuelve= HTTP/1.1" 200 1095
186.145.91.234 - - [25/Apr/2023:08:36:30 -0500] "POST /sipse/faces/presentacion/financiero/solicitudProceso/consultar.xhtml HTTP/1.1" 200 37226
201.245.192.253 - - [25/Apr/2023:08:36:28 -0500] "GET /sipse/faces/javax.faces.resource/theme.css?ln=primefaces-sipse HTTP/1.1" 200 50058
201.245.192.253 - - [25/Apr/2023:08:36:32 -0500] "GET /sipse/faces/javax.faces.resource/images/ui-icons_898989_256x240.png?ln=primefaces-aristo HTTP/1.1" 200 5355
201.245.192.253 - - [25/Apr/2023:08:36:32 -0500] "GET /favicon.ico HTTP/1.1" 200 7782
172.22.2.4 - - [25/Apr/2023:08:36:32 -0500] "GET /BLA/boletinlegal/consulta_actos.php?tipo=resoluciones&no=3004&usuario=&sector=&fecha=2022&resuelve= HTTP/1.1" 200 1095
186.30.6.90 - - [25/Apr/2023:08:36:33 -0500] "GET /BLA/resoluciones/RESOLUCIONES%202022/3004.pdf HTTP/1.1" 200 460799
186.145.91.234 - - [25/Apr/2023:08:36:36 -0500] "POST /sipse/faces/presentacion/financiero/solicitudProceso/consultar.xhtml HTTP/1.1" 200 13001
186.145.91.234 - - [25/Apr/2023:08:36:39 -0500] "POST /sipse/faces/presentacion/financiero/solicitudProceso/consultar.xhtml HTTP/1.1" 200 154620
186.145.91.234 - - [25/Apr/2023:08:36:42 -0500] "GET /sipse/faces/javax.faces.resource/theme.css?ln=primefaces-sipse HTTP/1.1" 304 -
186.145.91.234 - - [25/Apr/2023:08:36:42 -0500] "GET /sipse/faces/javax.faces.resource/primefaces.css?ln=primefaces&v=4.0 HTTP/1.1" 304 -
186.145.91.234 - - [25/Apr/2023:08:36:42 -0500] "GET /sipse/faces/javax.faces.resource/layout/layout.css?ln=primefaces&v=4.0 HTTP/1.1" 304 -
186.145.91.234 - - [25/Apr/2023:08:36:42 -0500] "GET /sipse/faces/javax.faces.resource/jquery/jquery.js?ln=primefaces&v=4.0 HTTP/1.1" 304 -
186.145.91.234 - - [25/Apr/2023:08:36:42 -0500] "GET /sipse/faces/javax.faces.resource/jquery/jquery-plugins.js?ln=primefaces&v=4.0 HTTP/1.1" 304 -
186.145.91.234 - - [25/Apr/2023:08:36:42 -0500] "GET /sipse/faces/javax.faces.resource/primefaces.js?ln=primefaces&v=4.0 HTTP/1.1" 304 -
186.145.91.234 - - [25/Apr/2023:08:36:42 -0500] "GET /sipse/faces/javax.faces.resource/layout/layout.js?ln=primefaces&v=4.0 HTTP/1.1" 304 -
186.145.91.234 - - [25/Apr/2023:08:36:50 -0500] "POST /sipse/faces/presentacion/financiero/solicitudProceso/consultarSolicitudProceso.xhtml HTTP/1.1" 200 190716
52.167.144.62 - - [25/Apr/2023:08:36:55 -0500] "GET /BLA/resoluciones/AUTOS%202021/1709.pdf HTTP/1.1" 304 -
191.156.52.33 - - [25/Apr/2023:08:37:12 -0500] "GET /guadalupe-aguanoso-un-nuevo-tramo-de-camino-para-disfrutar-en-los-cerros-orientales.html HTTP/1.1" 200 795
186.145.91.234 - - [25/Apr/2023:08:37:26 -0500] "POST /sipse/faces/presentacion/financiero/solicitudProceso/consultarSolicitudProceso.xhtml HTTP/1.1" 200 133110
186.145.91.234 - - [25/Apr/2023:08:37:30 -0500] "POST /sipse/faces/presentacion/financiero/solicitudProceso/consultarSolicitudProceso.xhtml HTTP/1.1" 200 394936
216.245.221.92 - - [25/Apr/2023:08:37:49 -0500] "HEAD / HTTP/1.1" 200 -
172.22.2.4 - - [25/Apr/2023:08:37:50 -0500] "GET /BLA/boletinlegal/actos.php HTTP/1.1" 200 9682
74.125.210.206 - - [25/Apr/2023:08:38:30 -0500] "GET /Publicaciones/SSFFS-00734-2023.zip HTTP/1.1" 200 1113913
172.22.2.4 - - [25/Apr/2023:08:38:36 -0500] "GET /BLA/boletinlegal/actos.php HTTP/1.1" 200 9682
172.22.2.4 - - [25/Apr/2023:08:38:36 -0500] "GET /BLA/boletinlegal/js/ajax_actos.js HTTP/1.1" 200 1322
172.22.2.4 - - [25/Apr/2023:08:38:36 -0500] "GET /BLA/boletinlegal/styles2.css HTTP/1.1" 200 1838
172.22.2.4 - - [25/Apr/2023:08:38:36 -0500] "GET /BLA/boletinlegal/style.css HTTP/1.1" 200 9406
172.22.2.4 - - [25/Apr/2023:08:38:36 -0500] "GET /BLA/boletinlegal/niceforms-default.css HTTP/1.1" 200 6694
172.22.2.4 - - [25/Apr/2023:08:38:36 -0500] "GET /BLA/boletinlegal/niceforms.js HTTP/1.1" 200 22876
172.22.2.4 - - [25/Apr/2023:08:38:36 -0500] "GET /BLA/boletinlegal/js/lib.js HTTP/1.1" 200 6474
172.22.2.4 - - [25/Apr/2023:08:38:36 -0500] "GET /BLA/boletinlegal/js/popup.js HTTP/1.1" 200 1270
172.22.2.4 - - [25/Apr/2023:08:38:36 -0500] "GET /BLA/boletinlegal/js/jquery1.js HTTP/1.1" 200 29846
172.22.2.4 - - [25/Apr/2023:08:38:36 -0500] "GET /BLA/boletinlegal/images/cabezote%20BLEGAL.jpg HTTP/1.1" 200 118164
172.22.2.4 - - [25/Apr/2023:08:38:36 -0500] "GET /BLA/boletinlegal/images/subscribe-icon-big.png HTTP/1.1" 200 47702
172.22.2.4 - - [25/Apr/2023:08:38:36 -0500] "GET /BLA/boletinlegal/images/registro-usuarios.png HTTP/1.1" 200 8106
172.22.2.4 - - [25/Apr/2023:08:38:36 -0500] "GET /BLA/boletinlegal/images/green-yellow-blue-pink-th.png HTTP/1.1" 200 7394
172.22.2.4 - - [25/Apr/2023:08:38:36 -0500] "GET /BLA/boletinlegal/images/tel.png HTTP/1.1" 200 14477
172.22.2.4 - - [25/Apr/2023:08:38:36 -0500] "GET /BLA/boletinlegal/images/historia.png HTTP/1.1" 200 52775
172.22.2.4 - - [25/Apr/2023:08:38:36 -0500] "GET /BLA/boletinlegal/images/icono-email.png HTTP/1.1" 200 5544
172.22.2.4 - - [25/Apr/2023:08:38:36 -0500] "GET /BLA/boletinlegal/images/body_bg.jpg HTTP/1.1" 200 1601
172.22.2.4 - - [25/Apr/2023:08:38:36 -0500] "GET /BLA/boletinlegal/images/menu_lft.gif HTTP/1.1" 200 1713
172.22.2.4 - - [25/Apr/2023:08:38:36 -0500] "GET /BLA/boletinlegal/images/menu_rght.gif HTTP/1.1" 200 1627
172.22.2.4 - - [25/Apr/2023:08:38:36 -0500] "GET /BLA/boletinlegal/images/bg_top.jpg HTTP/1.1" 200 522
172.22.2.4 - - [25/Apr/2023:08:38:36 -0500] "GET /BLA/boletinlegal/images/menu_bg.jpg HTTP/1.1" 200 620
172.22.2.4 - - [25/Apr/2023:08:38:36 -0500] "GET /BLA/boletinlegal/images/footer_bg.jpg HTTP/1.1" 200 586
172.22.2.4 - - [25/Apr/2023:08:38:36 -0500] "GET /BLA/boletinlegal/images/text.jpg HTTP/1.1" 200 568
172.22.2.4 - - [25/Apr/2023:08:38:36 -0500] "GET /BLA/boletinlegal/images/hover.jpg HTTP/1.1" 200 640
172.22.2.4 - - [25/Apr/2023:08:38:36 -0500] "GET /BLA/boletinlegal/images/footer_bg_l.jpg HTTP/1.1" 200 776
172.22.2.4 - - [25/Apr/2023:08:38:36 -0500] "GET /BLA/boletinlegal/img/0.png HTTP/1.1" 200 110
172.22.2.4 - - [25/Apr/2023:08:38:36 -0500] "GET /BLA/boletinlegal/img/select-left.png HTTP/1.1" 200 263
172.22.2.4 - - [25/Apr/2023:08:38:36 -0500] "GET /BLA/boletinlegal/img/select-right.png HTTP/1.1" 200 44019
172.22.2.4 - - [25/Apr/2023:08:38:36 -0500] "GET /BLA/boletinlegal/img/button-left.png HTTP/1.1" 200 57071
172.22.2.4 - - [25/Apr/2023:08:38:36 -0500] "GET /BLA/boletinlegal/img/button.png HTTP/1.1" 200 43241
172.22.2.4 - - [25/Apr/2023:08:38:36 -0500] "GET /BLA/boletinlegal/img/button-right.png HTTP/1.1" 200 57878
172.22.2.4 - - [25/Apr/2023:08:38:36 -0500] "GET /BLA/boletinlegal/favicon.ico HTTP/1.1" 404 1326
172.22.2.4 - - [25/Apr/2023:08:38:49 -0500] "GET /BLA/boletinlegal/consulta_normativa.php?tipo=&sector=vertimientos&ano=&resuelve= HTTP/1.1" 200 12054
172.22.2.4 - - [25/Apr/2023:08:37:10 -0500] "HEAD /BLA/boletinlegal/ HTTP/1.1" 200 -
172.22.2.4 - - [25/Apr/2023:08:38:56 -0500] "GET /BLA/boletinlegal/consulta_actos.php?tipo=resoluciones&no=0950&usuario=&sector=&fecha=2016&resuelve= HTTP/1.1" 200 1125
172.22.2.4 - - [25/Apr/2023:08:38:56 -0500] "GET /BLA/boletinlegal/images/pdf.gif HTTP/1.1" 200 567
172.22.2.4 - - [25/Apr/2023:08:38:57 -0500] "GET /BLA/boletinlegal/consulta_actos.php?tipo=resoluciones&no=0950&usuario=&sector=&fecha=2016&resuelve= HTTP/1.1" 200 1125
201.245.192.253 - - [25/Apr/2023:08:38:59 -0500] "GET /BLA/resoluciones/RESOLUCIONES%202016/0950.pdf HTTP/1.1" 200 251980
201.245.192.253 - - [25/Apr/2023:08:38:59 -0500] "GET /favicon.ico HTTP/1.1" 200 7782
172.22.2.4 - - [25/Apr/2023:08:38:00 -0500] "GET /BLA/boletinlegal/ HTTP/1.1" 200 51977
201.245.192.253 - - [25/Apr/2023:08:39:40 -0500] "POST /kwsrmcab/Wsrmcab HTTP/1.1" 200 43065
186.145.91.234 - - [25/Apr/2023:08:39:47 -0500] "POST /sipse/faces/presentacion/financiero/solicitudProceso/consultarSolicitudProceso.xhtml HTTP/1.1" 200 43984
186.145.91.234 - - [25/Apr/2023:08:39:48 -0500] "GET /sipse/faces/javax.faces.resource/theme.css?ln=primefaces-sipse HTTP/1.1" 304 -
186.145.91.234 - - [25/Apr/2023:08:39:48 -0500] "GET /sipse/faces/javax.faces.resource/layout/layout.css?ln=primefaces&v=4.0 HTTP/1.1" 304 -
186.145.91.234 - - [25/Apr/2023:08:39:48 -0500] "GET /sipse/faces/javax.faces.resource/primefaces.css?ln=primefaces&v=4.0 HTTP/1.1" 304 -
186.145.91.234 - - [25/Apr/2023:08:39:48 -0500] "GET /sipse/faces/javax.faces.resource/jquery/jquery.js?ln=primefaces&v=4.0 HTTP/1.1" 304 -
186.145.91.234 - - [25/Apr/2023:08:39:48 -0500] "GET /sipse/faces/javax.faces.resource/jquery/jquery-plugins.js?ln=primefaces&v=4.0 HTTP/1.1" 304 -
186.145.91.234 - - [25/Apr/2023:08:39:48 -0500] "GET /sipse/faces/javax.faces.resource/primefaces.js?ln=primefaces&v=4.0 HTTP/1.1" 304 -
186.145.91.234 - - [25/Apr/2023:08:39:48 -0500] "GET /sipse/faces/javax.faces.resource/layout/layout.js?ln=primefaces&v=4.0 HTTP/1.1" 304 -
186.145.91.234 - - [25/Apr/2023:08:39:48 -0500] "POST /sipse/faces/presentacion/financiero/solicitudProceso/consultar.xhtml HTTP/1.1" 200 37330
186.145.91.234 - - [25/Apr/2023:08:39:49 -0500] "POST /sipse/faces/presentacion/financiero/solicitudProceso/consultar.xhtml HTTP/1.1" 200 37330
201.245.192.253 - - [25/Apr/2023:08:39:44 -0500] "POST /kwsrmcab/Wsrmcab HTTP/1.1" 200 43200
186.145.91.234 - - [25/Apr/2023:08:39:50 -0500] "POST /sipse/faces/presentacion/financiero/solicitudProceso/consultar.xhtml HTTP/1.1" 200 37330
186.145.91.234 - - [25/Apr/2023:08:39:50 -0500] "POST /sipse/faces/presentacion/financiero/solicitudProceso/consultar.xhtml HTTP/1.1" 200 37330
186.145.91.234 - - [25/Apr/2023:08:39:53 -0500] "POST /sipse/faces/presentacion/financiero/solicitudProceso/consultar.xhtml HTTP/1.1" 200 12854
186.145.91.234 - - [25/Apr/2023:08:40:04 -0500] "POST /sipse/faces/presentacion/financiero/solicitudProceso/consultar.xhtml HTTP/1.1" 200 167313
186.145.91.234 - - [25/Apr/2023:08:40:06 -0500] "GET /sipse/faces/javax.faces.resource/primefaces.css?ln=primefaces&v=4.0 HTTP/1.1" 304 -
186.145.91.234 - - [25/Apr/2023:08:40:06 -0500] "GET /sipse/faces/javax.faces.resource/theme.css?ln=primefaces-sipse HTTP/1.1" 304 -
186.145.91.234 - - [25/Apr/2023:08:40:06 -0500] "GET /sipse/faces/javax.faces.resource/layout/layout.css?ln=primefaces&v=4.0 HTTP/1.1" 304 -
186.145.91.234 - - [25/Apr/2023:08:40:06 -0500] "GET /sipse/faces/javax.faces.resource/jquery/jquery.js?ln=primefaces&v=4.0 HTTP/1.1" 304 -
186.145.91.234 - - [25/Apr/2023:08:40:07 -0500] "GET /sipse/faces/javax.faces.resource/jquery/jquery-plugins.js?ln=primefaces&v=4.0 HTTP/1.1" 304 -
186.145.91.234 - - [25/Apr/2023:08:40:07 -0500] "GET /sipse/faces/javax.faces.resource/primefaces.js?ln=primefaces&v=4.0 HTTP/1.1" 304 -
186.145.91.234 - - [25/Apr/2023:08:40:07 -0500] "GET /sipse/faces/javax.faces.resource/layout/layout.js?ln=primefaces&v=4.0 HTTP/1.1" 304 -
201.245.192.253 - - [25/Apr/2023:08:40:15 -0500] "POST /kwsrmcab/Wsrmcab  HTTP/1.1" 200 41796
186.145.91.234 - - [25/Apr/2023:08:40:29 -0500] "POST /sipse/faces/presentacion/financiero/solicitudProceso/consultarSolicitudProceso.xhtml HTTP/1.1" 200 163632
66.102.6.163 - - [25/Apr/2023:08:41:03 -0500] "GET /Publicaciones/SSFFS-00857-2023.zip HTTP/1.1" 200 1860123
191.156.57.237 - - [25/Apr/2023:08:41:07 -0500] "GET /mujeres-que-reverdecen-secretaria-de-ambiente-anuncia-300-cupos-para-la-tercera-fase-del-programa.html HTTP/1.1" 200 823
186.102.20.80 - - [25/Apr/2023:08:41:16 -0500] "GET /kwssiamovil/sm/acme/a?s=U2FsdGVkX1+k9dogj7jCVXEtTvnYbM3Nxmcwph1kZpBZ6vY4iQ2tc9Yx/Dc2eaD3zf5Iwpx6HaZE+vRX9DSPm9CE2OzmndfRvTGG17J5xqDi69UYn73GNmpOJeFrTVME/LXN49LyR4zEaIudPNCXsuO+ZjiyNg2P3f2taA69WGbpUmtoSmgQFIeAQP2SurYtMnKxNZ6G3zwCvUiK59vLrWftYLyBiOxM/LeMYPf2lHKmmH5sZuCqu1fbrQE+cfO8auzm2w58GZiZZ4OGSXpPTjIhT81LC7+WnSudwVYLx7M=&u=U2FsdGVkX1+gbDMu70ZfGbrDjc1ywR/VSHtge6RU7hNCQCu9lHZIDQKNuPHy118K&y=U2FsdGVkX19RtZbwuSejbglwo1KXwdaCMFs4mzn81c3zwqyARO+NT3c6G26urZGQ HTTP/1.1" 200 26
186.102.20.80 - - [25/Apr/2023:08:41:17 -0500] "GET /kwssiamovil/sm/acme/a?s=U2FsdGVkX1/KRRfLFvOeF6t4/ctmeKQRvHPWZ7sBoJ/sPLaWRnxuXppNN4dniEHzqlngaOOI+cSqy4Q4DVH3Gz+b7hhdwQmRII06pkj4MstRHb06AkPopNzbo3+A6oJb253hWmrL5wE/e90EGtT29JNlVtKB0lVxjl4rgzbaxmusjOPn2hLbe1msWeD663hQdyQym2wh/BmVL1WPZO1EQOtJ5AWz+tbEr/gOoV9XuQiAyTdV5rq02Qx3RcXxxO1XdsD6pLBljvnGEAR8u0P1K281LSTlbX1NBtOACxNwBnAGuq4sUgLz+e1BsDJvGcyy3t+UA8KKheDz8PYyY4OepU48WE64KLez53ov/SvPHH2HH9j0+bMtjJy3QJzowEhQMIyy4iOXcJ/gYgAh+AKpqSGFhhCivn2Nbiqlge3QLm61R5kTStrm/JeN5ppD46hswLBUASANj/dci0g+hctnahiYMQU7leJX+wZnzCmEMk/ji3qqFCP8olbKpyAx65HDlf0jKgxP3PNjI0Y9BlltnwzfjccF59PMmmmoSzZn/jm3DNZhrcLWcIp4PyZb+ocTZE+cHGrwfP3QbshEzMhIqDSmIDUKinyPsKAKHP/u+K119FBiIoVgT8FC4knS0fgJeQ/Dyejgl4BYM/LgGJlujAu4MDNKz3hCghY27Nd5D6GbbBDv1gl7hykbYt8Tg5hg9bV7oyDLtOoptVcUI9GpLLERF90InmXK4MTWDKyNjd6LABXsdOg4HfdF1ArXtu0CL2xmnUfMSDPGiEUJosa8jGMYFo4INVBoyUbwNECtM8zLHfBbaAAVATge4I5LhHNOpUL/DJ6P0mXXslKJB1EMweIMbp0d/kasAwxLky4ezcFygLmym3Q5RdTCjxDK6k9ZcFE70efT6XnskbXD+DMkONx8wKB6pZKA7aepr5Algz3o7MqR6AeC61ehwaNNs2Q3nn5ZW/2woOzgY+fdq0QJUQ/YrKcvyIIPL2i4dKwm5eTVJyJCu9Q/dmU3ZAtTTbZ1HoaFDUiV93dhpxZH+QLdvcnsF46P9SSqmdhyq8+TsXs3adFF0ToUVFUA+irVPheAJqzvtJNK+Jm4YwigW7FTX/PrPAsat3LF1ppEAwtZTkfmpWhwj3oE8jGqr3Xl69NDBO/WS7N+NBL9njDXX/Q+p4vQnFdzCRBHVlED3tbEe4J+LWOZ11yc2r/ne1+krgyAxJ0Jq5F9zOoAo4Icl0pX30669Qzrf8524bF1gQNeSCVXi4/hPAUKpmIrT+7IypLr1rGIoW4+lUn/3UVMGY3Ny3ySWqg7Cf1ZuEyB63tctbFVPXBXEJWDDlHU9hLcaMwcwXmR8itVTU8aex7yNJjZS63NVQr96fKN61WrPbbMpIGxo66YEb0EnTFrMzKu4NWpwo4xZFg+FcXMzvBpfSit6AvnkjHt1WPxD2Dr6tG233f13LOF1EtzIOcLvW1at/lA2Il7ucpHhwhnTyx9GC+cIAq3zXQJM8UxiGjE5t73b48G5t81dKIOjiP/Fkp3Q8xqGJwEeRvYd/LW/YL/KqkH3R0YR9jHtknhzqmY455CsUE=&u=U2FsdGVkX1+gbDMu70ZfGbrDjc1ywR/VSHtge6RU7hNCQCu9lHZIDQKNuPHy118K&y=U2FsdGVkX19RtZbwuSejbglwo1KXwdaCMFs4mzn81c3zwqyARO+NT3c6G26urZGQ HTTP/1.1" 200 26
186.102.20.80 - - [25/Apr/2023:08:41:17 -0500] "GET /kwssiamovil/sm/acme/a?s=U2FsdGVkX1+QAMJnBcaOnBa8yhkdQzA46ZIsUyrpSsD8uVnOx+pWElqcN1HQsNCnVy6f2xETc83Po2yAztxbP3o3a09HrU69cbs7H8ZzWv6v3AkJHcILbOa7g0EG2PTF846gW1/FwjbVynPECMe9pl09CSY6vwkemimol3AyllU=&u=U2FsdGVkX1+gbDMu70ZfGbrDjc1ywR/VSHtge6RU7hNCQCu9lHZIDQKNuPHy118K&y=U2FsdGVkX19RtZbwuSejbglwo1KXwdaCMFs4mzn81c3zwqyARO+NT3c6G26urZGQ HTTP/1.1" 200 26
186.102.20.80 - - [25/Apr/2023:08:41:17 -0500] "GET /kwssiamovil/sm/acme/a?s=U2FsdGVkX19exvY+b41hwH6sK8PMH+aJVjj+mrREL9ajEVk1CQX2A+ZDjMiQbkWVTzGgxlNJpwEPaIgNFLJX0F4VKujPcp+IxJ/nUfYAlPD0ahK3iDd4aTusqS5toheDTeeZ22ILSeYm28vPjIkvRFauLidicPZbKedhQF3E++A=&u=U2FsdGVkX1+gbDMu70ZfGbrDjc1ywR/VSHtge6RU7hNCQCu9lHZIDQKNuPHy118K&y=U2FsdGVkX19RtZbwuSejbglwo1KXwdaCMFs4mzn81c3zwqyARO+NT3c6G26urZGQ HTTP/1.1" 200 26
186.102.20.80 - - [25/Apr/2023:08:41:17 -0500] "GET /kwssiamovil/sm/acme/a?s=U2FsdGVkX19hU5EYuLt0YC3Bxc+Mst9ZbNl3CWv5hfBJGg6pe0z343xrVfnXJZXGD8XVZ74JKqnFdEUEgN/seZWPuM0V0aP2G/KBiXC5XzgoxViGM4vNqNMMd+sNrddZ2rbG+DgaHT6/q40DrmtdyctVnrwdJ/jjJmAOdQDBmJA=&u=U2FsdGVkX1+gbDMu70ZfGbrDjc1ywR/VSHtge6RU7hNCQCu9lHZIDQKNuPHy118K&y=U2FsdGVkX19RtZbwuSejbglwo1KXwdaCMFs4mzn81c3zwqyARO+NT3c6G26urZGQ HTTP/1.1" 200 26
186.102.20.80 - - [25/Apr/2023:08:41:18 -0500] "GET /kwssiamovil/sm/acme/a?s=U2FsdGVkX1+JKR0hQ2OH8PGx3HVPJOEc7oUbdfC5fjYEPmF3lko3csLyE9ZtJv3GvGdPjbq8qdGohGc2chnPSBLM4AInuJZHW7zydFtosK4cmTRgh7UDOkK5iKrUdk56dQoToI7SWu5AEzKV1Wg02TiIgB/+PI2zb9edyfQliLa/vAxemcvIU97SlkQ5V6dSF8uXmpt9GZ0uJtKcQ8BxEg==&u=U2FsdGVkX1+gbDMu70ZfGbrDjc1ywR/VSHtge6RU7hNCQCu9lHZIDQKNuPHy118K&y=U2FsdGVkX19RtZbwuSejbglwo1KXwdaCMFs4mzn81c3zwqyARO+NT3c6G26urZGQ HTTP/1.1" 200 26
201.245.192.253 - - [25/Apr/2023:08:41:16 -0500] "POST /sipse/faces/presentacion/financiero/solicitudAnulacion/solicitudAnulacion.xhtml HTTP/1.1" 200 67747
172.22.2.4 - - [25/Apr/2023:08:41:26 -0500] "GET /BLA/boletinlegal/consulta_actos.php?tipo=resoluciones&no=3273&usuario=&sector=&fecha=2022&resuelve= HTTP/1.1" 200 1090
186.30.6.90 - - [25/Apr/2023:08:41:27 -0500] "GET /BLA/resoluciones/RESOLUCIONES%202022/3273.pdf HTTP/1.1" 200 471311
201.245.192.253 - - [25/Apr/2023:08:41:26 -0500] "POST /sipse/faces/presentacion/financiero/solicitudAnulacion/solicitudAnulacion.xhtml HTTP/1.1" 200 56262
172.22.2.4 - - [25/Apr/2023:08:41:43 -0500] "GET /BLA/boletinlegal/consulta_actos.php?tipo=resoluciones&no=3464&usuario=&sector=&fecha=2022&resuelve= HTTP/1.1" 200 1090
186.30.6.90 - - [25/Apr/2023:08:41:44 -0500] "GET /BLA/resoluciones/RESOLUCIONES%202022/3464.pdf HTTP/1.1" 200 593951
172.22.2.4 - - [25/Apr/2023:08:42:00 -0500] "GET /BLA/boletinlegal/consulta_actos.php?tipo=resoluciones&no=3401&usuario=&sector=&fecha=2022&resuelve= HTTP/1.1" 200 1090
167.248.133.126 - - [25/Apr/2023:08:42:01 -0500] "GET / HTTP/1.1" 200 319
167.248.133.126 - - [25/Apr/2023:08:42:02 -0500] "GET / HTTP/1.1" 200 319
186.30.6.90 - - [25/Apr/2023:08:42:02 -0500] "GET /BLA/resoluciones/RESOLUCIONES%202022/3401.pdf HTTP/1.1" 200 473411
167.248.133.126 - - [25/Apr/2023:08:42:02 -0500] "PRI * HTTP/2.0" 400 946
167.248.133.126 - - [25/Apr/2023:08:42:02 -0500] "GET /favicon.ico HTTP/1.1" 200 7782
172.22.2.4 - - [25/Apr/2023:08:42:19 -0500] "GET /BLA/boletinlegal/consulta_actos.php?tipo=resoluciones&no=3654&usuario=&sector=&fecha=2022&resuelve= HTTP/1.1" 200 1090
186.30.6.90 - - [25/Apr/2023:08:42:20 -0500] "GET /BLA/resoluciones/RESOLUCIONES%202022/3654.pdf HTTP/1.1" 200 523959
172.22.2.4 - - [25/Apr/2023:08:42:34 -0500] "GET /BLA/boletinlegal/consulta_actos.php?tipo=resoluciones&no=5105&usuario=&sector=&fecha=2022&resuelve= HTTP/1.1" 200 1145
186.30.6.90 - - [25/Apr/2023:08:42:35 -0500] "GET /BLA/resoluciones/RESOLUCIONES%202022/5105.pdf HTTP/1.1" 200 483099
216.245.221.92 - - [25/Apr/2023:08:42:49 -0500] "HEAD / HTTP/1.1" 200 -
172.22.2.4 - - [25/Apr/2023:08:43:10 -0500] "GET /BLA/boletinlegal/consulta_actos.php?tipo=resoluciones&no=5092&usuario=&sector=&fecha=2022&resuelve= HTTP/1.1" 200 1094
186.30.6.90 - - [25/Apr/2023:08:43:11 -0500] "GET /BLA/resoluciones/RESOLUCIONES%202022/5092.pdf HTTP/1.1" 200 436808
172.22.2.4 - - [25/Apr/2023:08:43:28 -0500] "GET /BLA/boletinlegal/consulta_actos.php?tipo=resoluciones&no=5294&usuario=&sector=&fecha=2022&resuelve= HTTP/1.1" 200 1098
186.30.6.90 - - [25/Apr/2023:08:43:30 -0500] "GET /BLA/resoluciones/RESOLUCIONES%202022/5294.pdf HTTP/1.1" 200 457708
40.77.167.94 - - [25/Apr/2023:08:43:31 -0500] "GET /sipse/faces/index.xhtml HTTP/1.1" 200 677
186.145.91.234 - - [25/Apr/2023:08:43:45 -0500] "POST /sipse/faces/presentacion/financiero/solicitudProceso/consultarSolicitudProceso.xhtml HTTP/1.1" 200 43837
172.22.2.4 - - [25/Apr/2023:08:43:46 -0500] "GET /BLA/boletinlegal/consulta_actos.php?tipo=resoluciones&no=4124&usuario=&sector=&fecha=2022&resuelve= HTTP/1.1" 200 1090
186.145.91.234 - - [25/Apr/2023:08:43:46 -0500] "GET /sipse/faces/javax.faces.resource/theme.css?ln=primefaces-sipse HTTP/1.1" 304 -
186.145.91.234 - - [25/Apr/2023:08:43:46 -0500] "GET /sipse/faces/javax.faces.resource/primefaces.css?ln=primefaces&v=4.0 HTTP/1.1" 304 -
186.145.91.234 - - [25/Apr/2023:08:43:46 -0500] "GET /sipse/faces/javax.faces.resource/layout/layout.css?ln=primefaces&v=4.0 HTTP/1.1" 304 -
186.145.91.234 - - [25/Apr/2023:08:43:46 -0500] "GET /sipse/faces/javax.faces.resource/jquery/jquery.js?ln=primefaces&v=4.0 HTTP/1.1" 304 -
186.145.91.234 - - [25/Apr/2023:08:43:46 -0500] "GET /sipse/faces/javax.faces.resource/jquery/jquery-plugins.js?ln=primefaces&v=4.0 HTTP/1.1" 304 -
186.145.91.234 - - [25/Apr/2023:08:43:47 -0500] "GET /sipse/faces/javax.faces.resource/primefaces.js?ln=primefaces&v=4.0 HTTP/1.1" 304 -
186.145.91.234 - - [25/Apr/2023:08:43:47 -0500] "GET /sipse/faces/javax.faces.resource/layout/layout.js?ln=primefaces&v=4.0 HTTP/1.1" 304 -
186.145.91.234 - - [25/Apr/2023:08:43:47 -0500] "POST /sipse/faces/presentacion/financiero/solicitudProceso/consultar.xhtml HTTP/1.1" 200 37183
186.30.6.90 - - [25/Apr/2023:08:43:48 -0500] "GET /BLA/resoluciones/RESOLUCIONES%202022/4124.pdf HTTP/1.1" 200 532220
186.145.91.234 - - [25/Apr/2023:08:43:48 -0500] "POST /sipse/faces/presentacion/financiero/solicitudProceso/consultar.xhtml HTTP/1.1" 200 37183
186.145.91.234 - - [25/Apr/2023:08:43:48 -0500] "POST /sipse/faces/presentacion/financiero/solicitudProceso/consultar.xhtml HTTP/1.1" 200 37183
186.145.91.234 - - [25/Apr/2023:08:43:49 -0500] "POST /sipse/faces/presentacion/financiero/solicitudProceso/consultar.xhtml HTTP/1.1" 200 37183
186.145.91.234 - - [25/Apr/2023:08:43:50 -0500] "POST /sipse/faces/presentacion/financiero/solicitudProceso/consultar.xhtml HTTP/1.1" 200 37183
186.145.91.234 - - [25/Apr/2023:08:43:50 -0500] "POST /sipse/faces/presentacion/financiero/solicitudProceso/consultar.xhtml HTTP/1.1" 200 37183
186.145.91.234 - - [25/Apr/2023:08:43:56 -0500] "POST /sipse/faces/presentacion/financiero/solicitudProceso/consultar.xhtml HTTP/1.1" 200 12917
172.22.2.4 - - [25/Apr/2023:08:44:04 -0500] "GET /BLA/boletinlegal/consulta_actos.php?tipo=resoluciones&no=4835&usuario=&sector=&fecha=2022&resuelve= HTTP/1.1" 200 1098
186.145.91.234 - - [25/Apr/2023:08:44:02 -0500] "POST /sipse/faces/presentacion/financiero/solicitudProceso/consultar.xhtml HTTP/1.1" 200 158492
186.145.91.234 - - [25/Apr/2023:08:44:05 -0500] "GET /sipse/faces/javax.faces.resource/theme.css?ln=primefaces-sipse HTTP/1.1" 304 -
186.145.91.234 - - [25/Apr/2023:08:44:05 -0500] "GET /sipse/faces/javax.faces.resource/layout/layout.css?ln=primefaces&v=4.0 HTTP/1.1" 304 -
186.145.91.234 - - [25/Apr/2023:08:44:05 -0500] "GET /sipse/faces/javax.faces.resource/jquery/jquery.js?ln=primefaces&v=4.0 HTTP/1.1" 304 -
186.145.91.234 - - [25/Apr/2023:08:44:05 -0500] "GET /sipse/faces/javax.faces.resource/primefaces.css?ln=primefaces&v=4.0 HTTP/1.1" 304 -
186.145.91.234 - - [25/Apr/2023:08:44:05 -0500] "GET /sipse/faces/javax.faces.resource/jquery/jquery-plugins.js?ln=primefaces&v=4.0 HTTP/1.1" 304 -
186.145.91.234 - - [25/Apr/2023:08:44:05 -0500] "GET /sipse/faces/javax.faces.resource/primefaces.js?ln=primefaces&v=4.0 HTTP/1.1" 304 -
186.145.91.234 - - [25/Apr/2023:08:44:06 -0500] "GET /sipse/faces/javax.faces.resource/layout/layout.js?ln=primefaces&v=4.0 HTTP/1.1" 304 -
186.30.6.90 - - [25/Apr/2023:08:44:06 -0500] "GET /BLA/resoluciones/RESOLUCIONES%202022/4835.pdf HTTP/1.1" 200 522421
172.22.2.4 - - [25/Apr/2023:08:44:25 -0500] "GET /BLA/boletinlegal/consulta_actos.php?tipo=resoluciones&no=0074&usuario=&sector=&fecha=2023&resuelve= HTTP/1.1" 200 1088
186.30.6.90 - - [25/Apr/2023:08:44:26 -0500] "GET /BLA/resoluciones/RESOLUCIONES%202023/0074.pdf HTTP/1.1" 200 588424
186.145.91.234 - - [25/Apr/2023:08:44:28 -0500] "POST /sipse/faces/presentacion/financiero/solicitudProceso/consultarSolicitudProceso.xhtml HTTP/1.1" 200 188327
172.22.2.4 - - [25/Apr/2023:08:43:00 -0500] "HEAD /BLA/boletinlegal/ HTTP/1.1" 200 -
172.22.2.4 - - [25/Apr/2023:08:44:41 -0500] "GET /BLA/boletinlegal/consulta_actos.php?tipo=resoluciones&no=0053&usuario=&sector=&fecha=2023&resuelve= HTTP/1.1" 200 1088
186.30.6.90 - - [25/Apr/2023:08:44:43 -0500] "GET /BLA/resoluciones/RESOLUCIONES%202023/0053.pdf HTTP/1.1" 200 501622
172.22.2.4 - - [25/Apr/2023:08:44:59 -0500] "GET /BLA/boletinlegal/consulta_actos.php?tipo=resoluciones&no=0052&usuario=&sector=&fecha=2023&resuelve= HTTP/1.1" 200 1090
186.30.6.90 - - [25/Apr/2023:08:45:00 -0500] "GET /BLA/resoluciones/RESOLUCIONES%202023/0052.pdf HTTP/1.1" 200 554072
172.22.2.4 - - [25/Apr/2023:08:45:05 -0500] "GET /BLA/boletinlegal/consulta_actos.php?tipo=resoluciones&no=0075&usuario=&sector=&fecha=2023&resuelve= HTTP/1.1" 200 1090
186.30.6.90 - - [25/Apr/2023:08:45:08 -0500] "GET /BLA/resoluciones/RESOLUCIONES%202023/0075.pdf HTTP/1.1" 200 546139
66.102.6.160 - - [25/Apr/2023:08:45:14 -0500] "GET /Publicaciones/SSFFS-00197-2023.zip HTTP/1.1" 404 232
201.245.192.253 - - [25/Apr/2023:08:45:15 -0500] "POST /kwsrmcab/Wsrmcab  HTTP/1.1" 200 41796
172.22.2.4 - - [25/Apr/2023:08:43:50 -0500] "GET /BLA/boletinlegal/ HTTP/1.1" 200 54808
186.145.91.234 - - [25/Apr/2023:08:45:35 -0500] "GET /sipse/faces/javax.faces.resource/theme.css?ln=primefaces-sipse HTTP/1.1" 304 -
186.145.91.234 - - [25/Apr/2023:08:45:35 -0500] "GET /sipse/faces/javax.faces.resource/primefaces.css?ln=primefaces&v=4.0 HTTP/1.1" 304 -
186.145.91.234 - - [25/Apr/2023:08:45:34 -0500] "POST /sipse/faces/presentacion/financiero/solicitudProceso/consultarSolicitudProceso.xhtml HTTP/1.1" 200 47376
186.145.91.234 - - [25/Apr/2023:08:45:35 -0500] "GET /sipse/faces/javax.faces.resource/jquery/jquery.js?ln=primefaces&v=4.0 HTTP/1.1" 304 -
186.145.91.234 - - [25/Apr/2023:08:45:35 -0500] "GET /sipse/faces/javax.faces.resource/layout/layout.css?ln=primefaces&v=4.0 HTTP/1.1" 304 -
186.145.91.234 - - [25/Apr/2023:08:45:35 -0500] "GET /sipse/faces/javax.faces.resource/layout/layout.js?ln=primefaces&v=4.0 HTTP/1.1" 304 -
186.145.91.234 - - [25/Apr/2023:08:45:35 -0500] "GET /sipse/faces/javax.faces.resource/primefaces.js?ln=primefaces&v=4.0 HTTP/1.1" 304 -
186.145.91.234 - - [25/Apr/2023:08:45:35 -0500] "GET /sipse/faces/javax.faces.resource/jquery/jquery-plugins.js?ln=primefaces&v=4.0 HTTP/1.1" 304 -
40.94.35.7 - - [25/Apr/2023:08:45:44 -0500] "GET /BLA/resoluciones/RESOLUCIONES%202022/1076.pdf HTTP/1.1" 200 456075
186.145.91.234 - - [25/Apr/2023:08:45:44 -0500] "POST /sipse/faces/presentacion/financiero/solicitudProceso/consultar.xhtml HTTP/1.1" 200 12915
40.94.35.10 - - [25/Apr/2023:08:45:44 -0500] "GET /BLA/resoluciones/ HTTP/1.1" 200 13502
40.94.35.10 - - [25/Apr/2023:08:45:46 -0500] "GET /BLA/resoluciones/dlf/styles.css HTTP/1.1" 200 3049
40.94.35.10 - - [25/Apr/2023:08:45:46 -0500] "GET /BLA/resoluciones/dlf/folder.png HTTP/1.1" 200 410
40.94.35.17 - - [25/Apr/2023:08:45:46 -0500] "GET /BLA/resoluciones/dlf/bg.gif HTTP/1.1" 200 54
186.145.91.234 - - [25/Apr/2023:08:45:47 -0500] "POST /sipse/faces/presentacion/financiero/solicitudProceso/consultar.xhtml HTTP/1.1" 200 162176
186.145.91.234 - - [25/Apr/2023:08:45:49 -0500] "GET /sipse/faces/javax.faces.resource/primefaces.css?ln=primefaces&v=4.0 HTTP/1.1" 304 -
186.145.91.234 - - [25/Apr/2023:08:45:49 -0500] "GET /sipse/faces/javax.faces.resource/theme.css?ln=primefaces-sipse HTTP/1.1" 304 -
186.145.91.234 - - [25/Apr/2023:08:45:49 -0500] "GET /sipse/faces/javax.faces.resource/layout/layout.css?ln=primefaces&v=4.0 HTTP/1.1" 304 -
186.145.91.234 - - [25/Apr/2023:08:45:49 -0500] "GET /sipse/faces/javax.faces.resource/jquery/jquery.js?ln=primefaces&v=4.0 HTTP/1.1" 304 -
40.94.35.17 - - [25/Apr/2023:08:45:51 -0500] "GET /favicon.ico HTTP/1.1" 200 7782
186.145.91.234 - - [25/Apr/2023:08:45:51 -0500] "GET /sipse/faces/javax.faces.resource/jquery/jquery-plugins.js?ln=primefaces&v=4.0 HTTP/1.1" 304 -
186.145.91.234 - - [25/Apr/2023:08:45:51 -0500] "GET /sipse/faces/javax.faces.resource/primefaces.js?ln=primefaces&v=4.0 HTTP/1.1" 304 -
186.145.91.234 - - [25/Apr/2023:08:45:51 -0500] "GET /sipse/faces/javax.faces.resource/layout/layout.js?ln=primefaces&v=4.0 HTTP/1.1" 304 -
186.145.91.234 - - [25/Apr/2023:08:46:02 -0500] "POST /sipse/faces/presentacion/financiero/solicitudProceso/consultarSolicitudProceso.xhtml HTTP/1.1" 200 111993
172.22.2.4 - - [25/Apr/2023:08:46:11 -0500] "GET /BLA/boletinlegal/documentos-importantes.php HTTP/1.1" 200 4829
66.220.149.6 - - [25/Apr/2023:08:46:23 -0500] "GET /images/Junio%2002-experiencias-jardines-verticales-sda.jpeg HTTP/1.1" 200 31171
40.94.35.14 - - [25/Apr/2023:08:46:28 -0500] "GET /BLA/resoluciones/index.php?dir=AUTOS+2020%2F HTTP/1.1" 200 328449
40.94.35.97 - - [25/Apr/2023:08:46:28 -0500] "GET /BLA/resoluciones/index.php?dir=AUTOS+2021%2F HTTP/1.1" 200 397728
40.94.35.14 - - [25/Apr/2023:08:46:28 -0500] "GET /BLA/resoluciones/index.php?dir=AUTOS+2019%2F HTTP/1.1" 200 374124
40.94.35.14 - - [25/Apr/2023:08:46:30 -0500] "GET /BLA/resoluciones/dlf/styles.css HTTP/1.1" 200 3049
40.94.35.97 - - [25/Apr/2023:08:46:30 -0500] "GET /BLA/resoluciones/dlf/dirup.png HTTP/1.1" 200 644
40.94.35.97 - - [25/Apr/2023:08:46:30 -0500] "GET /BLA/resoluciones/dlf/pdf.gif HTTP/1.1" 200 272
40.94.35.97 - - [25/Apr/2023:08:46:30 -0500] "GET /BLA/resoluciones/dlf/unknown.png HTTP/1.1" 200 266
40.94.35.97 - - [25/Apr/2023:08:46:30 -0500] "GET /BLA/resoluciones/dlf/bg.gif HTTP/1.1" 200 54
40.94.35.99 - - [25/Apr/2023:08:46:41 -0500] "GET /favicon.ico HTTP/1.1" 200 7782
201.245.192.253 - - [25/Apr/2023:08:46:45 -0500] "GET /sipse/faces/index.xhtml HTTP/1.1" 200 677
186.145.91.234 - - [25/Apr/2023:08:46:47 -0500] "POST /sipse/faces/presentacion/financiero/solicitudProceso/consultarSolicitudProceso.xhtml HTTP/1.1" 200 245369
201.245.192.253 - - [25/Apr/2023:08:46:48 -0500] "GET /sipse/faces/javax.faces.resource/theme.css?ln=primefaces-sipse HTTP/1.1" 200 50058
201.245.192.253 - - [25/Apr/2023:08:46:50 -0500] "GET /favicon.ico HTTP/1.1" 200 7782
201.245.192.253 - - [25/Apr/2023:08:46:50 -0500] "GET /sipse/faces/faces/autenticacion.xhtml HTTP/1.1" 200 12170
201.245.192.253 - - [25/Apr/2023:08:46:50 -0500] "GET /sipse/css/custom_css_sg.css HTTP/1.1" 200 9694
201.245.192.253 - - [25/Apr/2023:08:46:50 -0500] "GET /sipse/css/custom_css_sg_prime_login.css HTTP/1.1" 200 443
201.245.192.253 - - [25/Apr/2023:08:46:50 -0500] "GET /sipse/faces/javax.faces.resource/theme.css?ln=primefaces-sipse HTTP/1.1" 304 -
201.245.192.253 - - [25/Apr/2023:08:46:50 -0500] "GET /sipse/faces/javax.faces.resource/layout/layout.css?ln=primefaces&v=4.0 HTTP/1.1" 200 542
201.245.192.253 - - [25/Apr/2023:08:46:50 -0500] "GET /sipse/faces/javax.faces.resource/jquery/jquery.js?ln=primefaces&v=4.0 HTTP/1.1" 304 -
201.245.192.253 - - [25/Apr/2023:08:46:50 -0500] "GET /sipse/faces/javax.faces.resource/jquery/jquery-plugins.js?ln=primefaces&v=4.0 HTTP/1.1" 304 -
201.245.192.253 - - [25/Apr/2023:08:46:50 -0500] "GET /sipse/faces/javax.faces.resource/primefaces.js?ln=primefaces&v=4.0 HTTP/1.1" 304 -
201.245.192.253 - - [25/Apr/2023:08:46:50 -0500] "GET /sipse/faces/javax.faces.resource/layout/layout.js?ln=primefaces&v=4.0 HTTP/1.1" 304 -
201.245.192.253 - - [25/Apr/2023:08:46:50 -0500] "GET /sipse/faces/javax.faces.resource/primefaces.css?ln=primefaces&v=4.0 HTTP/1.1" 200 53295
201.245.192.253 - - [25/Apr/2023:08:46:51 -0500] "GET /sipse/faces/javax.faces.resource/images/ui-icons_898989_256x240.png?ln=primefaces-aristo HTTP/1.1" 200 5355
201.245.192.253 - - [25/Apr/2023:08:46:51 -0500] "GET /sipse/css/imagen/loginimg.png HTTP/1.1" 200 71635
201.245.192.253 - - [25/Apr/2023:08:46:55 -0500] "POST /sipse/faces/autenticacion.xhtml HTTP/1.1" 200 16121
201.245.192.253 - - [25/Apr/2023:08:46:56 -0500] "GET /sipse/css/custom_css_sg_prime.css HTTP/1.1" 200 5201
201.245.192.253 - - [25/Apr/2023:08:46:57 -0500] "GET /sipse/faces/javax.faces.resource/jquery/jquery.js?ln=primefaces&v=4.0 HTTP/1.1" 304 -
201.245.192.253 - - [25/Apr/2023:08:46:57 -0500] "GET /sipse/faces/javax.faces.resource/jquery/jquery-plugins.js?ln=primefaces&v=4.0 HTTP/1.1" 304 -
201.245.192.253 - - [25/Apr/2023:08:46:57 -0500] "GET /sipse/faces/javax.faces.resource/primefaces.js?ln=primefaces&v=4.0 HTTP/1.1" 304 -
201.245.192.253 - - [25/Apr/2023:08:46:57 -0500] "GET /sipse/faces/javax.faces.resource/layout/layout.js?ln=primefaces&v=4.0 HTTP/1.1" 304 -
201.245.192.253 - - [25/Apr/2023:08:46:57 -0500] "GET /sipse/css/imagen/contrasena.png HTTP/1.1" 404 383
201.245.192.253 - - [25/Apr/2023:08:46:57 -0500] "GET /sipse/faces/javax.faces.resource/messages/messages.png?ln=primefaces&v=4.0 HTTP/1.1" 200 27209
201.245.192.253 - - [25/Apr/2023:08:46:57 -0500] "GET /sipse/imagenes/cargando.gif HTTP/1.1" 200 36959
201.245.192.253 - - [25/Apr/2023:08:46:57 -0500] "GET /sipse/imagenes/logoAplicacion.jpg HTTP/1.1" 200 155084
52.167.144.27 - - [25/Apr/2023:08:46:58 -0500] "GET /BLA/resoluciones/RESOLUCIONES%202021/2128.pdf HTTP/1.1" 200 501995
201.245.192.253 - - [25/Apr/2023:08:46:51 -0500] "GET /sipse/css/imagen/logoSDG.png HTTP/1.1" 200 53064
52.167.144.125 - - [25/Apr/2023:08:47:00 -0500] "GET /BLA/resoluciones/RESOLUCIONES%202022/3004.pdf HTTP/1.1" 200 460799
52.167.144.27 - - [25/Apr/2023:08:47:01 -0500] "GET /BLA/resoluciones/RESOLUCIONES%202022/3273.pdf HTTP/1.1" 200 471311
40.77.167.94 - - [25/Apr/2023:08:47:01 -0500] "GET /BLA/resoluciones/RESOLUCIONES%202022/3464.pdf HTTP/1.1" 200 593951
52.167.144.63 - - [25/Apr/2023:08:47:02 -0500] "GET /BLA/resoluciones/RESOLUCIONES%202022/5105.pdf HTTP/1.1" 200 483099
52.167.144.27 - - [25/Apr/2023:08:47:04 -0500] "GET /BLA/resoluciones/RESOLUCIONES%202023/0052.pdf HTTP/1.1" 200 554072
201.245.192.253 - - [25/Apr/2023:08:47:04 -0500] "GET /sipse/faces/javax.faces.resource/images/ui-bg_flat_0_2d5972_40x100.png?ln=primefaces-aristo HTTP/1.1" 200 183
201.245.192.253 - - [25/Apr/2023:08:47:04 -0500] "POST /sipse/faces/bienvenido.xhtml HTTP/1.1" 200 1471
201.245.192.253 - - [25/Apr/2023:08:47:05 -0500] "POST /sipse/faces/bienvenido.xhtml HTTP/1.1" 200 52618
201.245.192.253 - - [25/Apr/2023:08:47:06 -0500] "GET /sipse/faces/javax.faces.resource/jquery/jquery.js?ln=primefaces&v=4.0 HTTP/1.1" 304 -
201.245.192.253 - - [25/Apr/2023:08:47:06 -0500] "GET /sipse/faces/javax.faces.resource/jquery/jquery-plugins.js?ln=primefaces&v=4.0 HTTP/1.1" 304 -
201.245.192.253 - - [25/Apr/2023:08:47:06 -0500] "GET /sipse/faces/javax.faces.resource/primefaces.js?ln=primefaces&v=4.0 HTTP/1.1" 304 -
201.245.192.253 - - [25/Apr/2023:08:47:06 -0500] "GET /sipse/faces/javax.faces.resource/layout/layout.js?ln=primefaces&v=4.0 HTTP/1.1" 304 -
201.245.192.253 - - [25/Apr/2023:08:47:07 -0500] "POST /sipse/faces/presentacion/financiero/solicitudProceso/listarSolicitudProceso.xhtml HTTP/1.1" 200 1528
52.167.144.27 - - [25/Apr/2023:08:47:07 -0500] "GET /BLA/resoluciones/RESOLUCIONES%202022/3401.pdf HTTP/1.1" 200 473411
40.77.167.94 - - [25/Apr/2023:08:47:11 -0500] "GET /BLA/resoluciones/RESOLUCIONES%202022/4835.pdf HTTP/1.1" 200 522421
186.145.91.234 - - [25/Apr/2023:08:47:14 -0500] "GET /sipse/faces/javax.faces.resource/theme.css?ln=primefaces-sipse HTTP/1.1" 304 -
186.145.91.234 - - [25/Apr/2023:08:47:14 -0500] "GET /sipse/faces/javax.faces.resource/primefaces.css?ln=primefaces&v=4.0 HTTP/1.1" 304 -
186.145.91.234 - - [25/Apr/2023:08:47:14 -0500] "GET /sipse/faces/javax.faces.resource/layout/layout.css?ln=primefaces&v=4.0 HTTP/1.1" 304 -
186.145.91.234 - - [25/Apr/2023:08:47:10 -0500] "POST /sipse/faces/presentacion/financiero/solicitudProceso/consultarSolicitudProceso.xhtml HTTP/1.1" 200 47374
186.145.91.234 - - [25/Apr/2023:08:47:14 -0500] "GET /sipse/faces/javax.faces.resource/primefaces.js?ln=primefaces&v=4.0 HTTP/1.1" 304 -
186.145.91.234 - - [25/Apr/2023:08:47:14 -0500] "GET /sipse/faces/javax.faces.resource/jquery/jquery-plugins.js?ln=primefaces&v=4.0 HTTP/1.1" 304 -
186.145.91.234 - - [25/Apr/2023:08:47:14 -0500] "GET /sipse/faces/javax.faces.resource/jquery/jquery.js?ln=primefaces&v=4.0 HTTP/1.1" 304 -
186.145.91.234 - - [25/Apr/2023:08:47:14 -0500] "GET /sipse/faces/javax.faces.resource/layout/layout.js?ln=primefaces&v=4.0 HTTP/1.1" 304 -
186.145.91.234 - - [25/Apr/2023:08:47:18 -0500] "POST /sipse/faces/presentacion/financiero/solicitudProceso/consultar.xhtml HTTP/1.1" 200 12932
52.167.144.27 - - [25/Apr/2023:08:47:18 -0500] "GET /BLA/resoluciones/RESOLUCIONES%202022/3005.pdf HTTP/1.1" 200 461312
201.245.192.253 - - [25/Apr/2023:08:47:17 -0500] "POST /sipse/faces/presentacion/financiero/solicitudProceso/listarSolicitudProceso.xhtml HTTP/1.1" 200 22791
201.245.192.253 - - [25/Apr/2023:08:47:22 -0500] "POST /sipse/faces/presentacion/financiero/solicitudProceso/listarSolicitudProceso.xhtml HTTP/1.1" 200 22738
186.145.91.234 - - [25/Apr/2023:08:47:22 -0500] "POST /sipse/faces/presentacion/financiero/solicitudProceso/consultar.xhtml HTTP/1.1" 200 165930
186.145.91.234 - - [25/Apr/2023:08:47:24 -0500] "GET /sipse/faces/javax.faces.resource/theme.css?ln=primefaces-sipse HTTP/1.1" 304 -
186.145.91.234 - - [25/Apr/2023:08:47:24 -0500] "GET /sipse/faces/javax.faces.resource/layout/layout.css?ln=primefaces&v=4.0 HTTP/1.1" 304 -
186.145.91.234 - - [25/Apr/2023:08:47:24 -0500] "GET /sipse/faces/javax.faces.resource/primefaces.css?ln=primefaces&v=4.0 HTTP/1.1" 304 -
186.145.91.234 - - [25/Apr/2023:08:47:24 -0500] "GET /sipse/faces/javax.faces.resource/jquery/jquery.js?ln=primefaces&v=4.0 HTTP/1.1" 304 -
186.145.91.234 - - [25/Apr/2023:08:47:24 -0500] "GET /sipse/faces/javax.faces.resource/jquery/jquery-plugins.js?ln=primefaces&v=4.0 HTTP/1.1" 304 -
186.145.91.234 - - [25/Apr/2023:08:47:24 -0500] "GET /sipse/faces/javax.faces.resource/primefaces.js?ln=primefaces&v=4.0 HTTP/1.1" 304 -
186.145.91.234 - - [25/Apr/2023:08:47:24 -0500] "GET /sipse/faces/javax.faces.resource/layout/layout.js?ln=primefaces&v=4.0 HTTP/1.1" 304 -
179.19.50.153 - - [25/Apr/2023:08:47:37 -0500] "GET /si-tienes-ropa-y-calzado-que-ya-no-usas-aca-te-presentamos-seis-puntos-a-donde-los-puedes-llevar.html HTTP/1.1" 200 872
216.245.221.92 - - [25/Apr/2023:08:47:49 -0500] "HEAD / HTTP/1.1" 200 -
186.102.20.80 - - [25/Apr/2023:08:48:22 -0500] "GET /kwssiamovil/sm/acme/a?s=U2FsdGVkX1/CIXdZNvKoCW0SBNDWXCTxdsNoFHwDizX4qipxCcCHWCcmQGcZYp66sgIiIwZrdbyeB9sPTe7eBre6uvkLbJGY3tWohUKVXxYE/59KiCVWzv6VLl159pdFEb/P+OZKVIzy4fSALIwJ8eTYlkG6VleR6SXxEpXFXTOHXaPpnwlD9w7q+4pEG8mgcnDAyrBGfsa9pInSxsmiSiiALE/nJeafPHq0HcSEUK1tf5g6TSoHL1/jGDPpvCcYX/lKdShxnBxyofMak4fCx9tRvFQe8BE4/JavzMUmcQQ=&u=U2FsdGVkX1+gbDMu70ZfGbrDjc1ywR/VSHtge6RU7hNCQCu9lHZIDQKNuPHy118K&y=U2FsdGVkX19RtZbwuSejbglwo1KXwdaCMFs4mzn81c3zwqyARO+NT3c6G26urZGQ HTTP/1.1" 200 26
