201.245.192.253 - - [25/Apr/2023:04:29:02 -0500] "POST /kwsrmcab/Wsrmcab  HTTP/1.1" 200 41796
49.7.20.77 - - [25/Apr/2023:04:29:28 -0500] "GET / HTTP/1.1" 200 319
201.245.192.253 - - [25/Apr/2023:04:29:41 -0500] "POST /kwsrmcab/Wsrmcab HTTP/1.1" 200 43008
201.245.192.253 - - [25/Apr/2023:04:29:44 -0500] "POST /kwsrmcab/Wsrmcab HTTP/1.1" 200 43160
168.119.251.242 - - [25/Apr/2023:04:30:41 -0500] "GET / HTTP/1.1" 200 319
168.119.251.242 - - [25/Apr/2023:04:30:41 -0500] "GET / HTTP/1.1" 200 4720
35.204.247.143 - - [25/Apr/2023:04:32:00 -0500] "GET /inventario-de-emisiones-2020-transporte-publico-sitp-redujo-emisiones-de-pm-2-5-en-un-37.html HTTP/1.1" 200 925
172.22.2.4 - - [25/Apr/2023:04:32:02 -0500] "GET /BLA/boletinlegal/favicon.ico HTTP/1.1" 404 1018
172.22.2.4 - - [25/Apr/2023:04:31:46 -0500] "GET /BLA/boletinlegal/ HTTP/1.1" 200 20427
172.22.2.4 - - [25/Apr/2023:04:31:46 -0500] "GET /BLA/boletinlegal/ HTTP/1.1" 200 28619
216.245.221.92 - - [25/Apr/2023:04:32:49 -0500] "HEAD / HTTP/1.1" 200 -
172.22.2.4 - - [25/Apr/2023:04:32:10 -0500] "HEAD /BLA/boletinlegal/ HTTP/1.1" 200 -
172.22.2.4 - - [25/Apr/2023:04:33:59 -0500] "GET /BLA/boletinlegal/actos.php HTTP/1.1" 200 9682
201.245.192.253 - - [25/Apr/2023:04:34:01 -0500] "POST /kwsrmcab/Wsrmcab  HTTP/1.1" 200 41796
172.22.2.4 - - [25/Apr/2023:04:33:00 -0500] "GET /BLA/boletinlegal/ HTTP/1.1" 200 57561
172.22.2.4 - - [25/Apr/2023:04:36:40 -0500] "GET /BLA/boletinlegal/Directivas/2013/Directiva%20No.%201%20del%2004%20de%20Abril%20de%202013.pdf HTTP/1.1" 304 -
172.22.2.4 - - [25/Apr/2023:04:36:41 -0500] "GET /BLA/boletinlegal/Directivas/2009/Directiva%20No.%20del%2023%20de%20Diciembre%20de%202009.pdf HTTP/1.1" 304 -
216.245.221.92 - - [25/Apr/2023:04:37:49 -0500] "HEAD / HTTP/1.1" 200 -
201.245.192.253 - - [25/Apr/2023:04:38:56 -0500] "POST /kwsrmcab/Wsrmcab  HTTP/1.1" 200 41796
172.22.2.4 - - [25/Apr/2023:04:39:17 -0500] "GET /BLA/boletinlegal/actos.php HTTP/1.1" 200 9682
172.22.2.4 - - [25/Apr/2023:04:38:00 -0500] "HEAD /BLA/boletinlegal/ HTTP/1.1" 200 -
201.245.192.253 - - [25/Apr/2023:04:39:41 -0500] "POST /kwsrmcab/Wsrmcab HTTP/1.1" 200 43008
201.245.192.253 - - [25/Apr/2023:04:39:43 -0500] "POST /kwsrmcab/Wsrmcab HTTP/1.1" 200 43160
31.13.115.22 - - [25/Apr/2023:04:40:16 -0500] "GET /bogota-se-prepara-para-tres-fines-de-semana-de-adopciones.html HTTP/1.1" 206 821
172.22.2.4 - - [25/Apr/2023:04:38:50 -0500] "GET /BLA/boletinlegal/ HTTP/1.1" 200 55934
66.249.79.128 - - [25/Apr/2023:04:40:50 -0500] "-" 408 -
205.210.31.139 - - [25/Apr/2023:04:41:57 -0500] "GET / HTTP/1.1" 200 319
216.245.221.92 - - [25/Apr/2023:04:42:49 -0500] "HEAD / HTTP/1.1" 200 -
201.245.192.253 - - [25/Apr/2023:04:43:55 -0500] "POST /kwsrmcab/Wsrmcab  HTTP/1.1" 200 41796
172.22.2.4 - - [25/Apr/2023:04:43:50 -0500] "HEAD /BLA/boletinlegal/ HTTP/1.1" 200 -
205.210.31.84 - - [25/Apr/2023:04:46:00 -0500] "\x16\x03\x01" 400 226
172.22.2.4 - - [25/Apr/2023:04:44:40 -0500] "GET /BLA/boletinlegal/ HTTP/1.1" 200 55934
179.43.177.243 - - [25/Apr/2023:04:46:49 -0500] "POST /boaform/admin/formLogin HTTP/1.1" 404 1186
216.245.221.92 - - [25/Apr/2023:04:47:49 -0500] "HEAD / HTTP/1.1" 200 -
201.245.192.253 - - [25/Apr/2023:04:48:57 -0500] "POST /kwsrmcab/Wsrmcab  HTTP/1.1" 200 41796
40.77.167.94 - - [25/Apr/2023:04:49:29 -0500] "GET /Publicaciones/2023EE63710.pdf HTTP/1.1" 404 227
66.249.66.85 - - [25/Apr/2023:04:50:31 -0500] "-" 408 -
34.147.121.102 - - [25/Apr/2023:04:51:07 -0500] "GET /inventario-de-emisiones-2020-transporte-publico-sitp-redujo-emisiones-de-pm-2-5-en-un-37.html HTTP/1.1" 200 925
172.22.2.4 - - [25/Apr/2023:04:49:40 -0500] "HEAD /BLA/boletinlegal/ HTTP/1.1" 200 -
172.22.2.4 - - [25/Apr/2023:04:50:30 -0500] "GET /BLA/boletinlegal/ HTTP/1.1" 200 57151
216.245.221.92 - - [25/Apr/2023:04:52:49 -0500] "HEAD / HTTP/1.1" 200 -
201.245.192.253 - - [25/Apr/2023:04:53:58 -0500] "POST /kwsrmcab/Wsrmcab  HTTP/1.1" 200 41796
52.167.144.62 - - [25/Apr/2023:04:54:05 -0500] "GET /galeria/carrusel/Carrusel/jquery.thumbnailScroller.js HTTP/1.1" 200 8157
52.167.144.125 - - [25/Apr/2023:04:54:08 -0500] "GET /galeria/carrusel/Carrusel/jquery-ui-1.8.13.custom.min.js HTTP/1.1" 200 10800
157.55.39.207 - - [25/Apr/2023:04:54:09 -0500] "GET /galeria/carrusel/Carrusel/jquery.thumbnailScroller.css HTTP/1.1" 200 2066
157.55.39.207 - - [25/Apr/2023:04:54:10 -0500] "GET /galeria/nivo-slider/demo/banner.html HTTP/1.1" 200 5446
66.249.79.132 - - [25/Apr/2023:04:55:46 -0500] "GET /mujeres-que-reverdecen-secretaria-de-ambiente-anuncia-300-cupos-para-la-tercera-fase-del-programa.html HTTP/1.1" 200 823
172.22.2.4 - - [25/Apr/2023:04:55:59 -0500] "GET /BLA/boletinlegal/actos.php HTTP/1.1" 200 9682
172.22.2.4 - - [25/Apr/2023:04:55:30 -0500] "HEAD /BLA/boletinlegal/ HTTP/1.1" 200 -
216.245.221.92 - - [25/Apr/2023:04:57:49 -0500] "HEAD / HTTP/1.1" 200 -
172.22.2.4 - - [25/Apr/2023:04:56:20 -0500] "GET /BLA/boletinlegal/ HTTP/1.1" 200 56287
186.29.32.249 - - [25/Apr/2023:04:58:14 -0500] "GET /mujeres-que-reverdecen-secretaria-de-ambiente-anuncia-300-cupos-para-la-tercera-fase-del-programa.html HTTP/1.1" 200 823
66.249.66.84 - - [25/Apr/2023:04:58:40 -0500] "-" 408 -
201.245.192.253 - - [25/Apr/2023:04:58:56 -0500] "POST /kwsrmcab/Wsrmcab  HTTP/1.1" 200 41796
40.77.167.94 - - [25/Apr/2023:04:59:43 -0500] "GET /BLA/resoluciones/RESOLUCIONES%202020/2398.pdf HTTP/1.1" 304 -
34.90.97.64 - - [25/Apr/2023:05:02:13 -0500] "GET /inventario-de-emisiones-2020-transporte-publico-sitp-redujo-emisiones-de-pm-2-5-en-un-37.html HTTP/1.1" 200 925
216.245.221.92 - - [25/Apr/2023:05:02:49 -0500] "HEAD / HTTP/1.1" 200 -
172.22.2.4 - - [25/Apr/2023:05:01:19 -0500] "HEAD /BLA/boletinlegal/ HTTP/1.1" 200 -
172.22.2.4 - - [25/Apr/2023:05:02:10 -0500] "GET /BLA/boletinlegal/ HTTP/1.1" 200 56754
201.245.192.253 - - [25/Apr/2023:05:03:55 -0500] "POST /kwsrmcab/Wsrmcab  HTTP/1.1" 200 41796
172.22.2.4 - - [25/Apr/2023:05:04:15 -0500] "GET /BLA/boletinlegal/actos.php HTTP/1.1" 200 9682
52.167.144.27 - - [25/Apr/2023:05:04:29 -0500] "GET /BLA/resoluciones/AUTOS%202021/1892.pdf HTTP/1.1" 304 -
186.31.154.122 - - [25/Apr/2023:05:05:35 -0500] "GET /galeria/galeria/jquery.fancybox.css?v=2.1.5 HTTP/1.1" 200 4895
186.31.154.122 - - [25/Apr/2023:05:05:35 -0500] "GET /BLA/boletinlegal/js/jquery.scrollShow.js HTTP/1.1" 200 4586
186.31.154.122 - - [25/Apr/2023:05:05:35 -0500] "GET /galeria/galeria/jquery.fancybox.js?v=2.1.5 HTTP/1.1" 200 48706
66.249.66.84 - - [25/Apr/2023:05:07:03 -0500] "-" 408 -
216.245.221.92 - - [25/Apr/2023:05:07:49 -0500] "HEAD / HTTP/1.1" 200 -
186.29.34.10 - - [25/Apr/2023:05:07:54 -0500] "GET /favicon.ico HTTP/1.1" 404 1334
172.22.2.4 - - [25/Apr/2023:05:07:10 -0500] "HEAD /BLA/boletinlegal/ HTTP/1.1" 200 -
201.245.192.253 - - [25/Apr/2023:05:08:54 -0500] "POST /kwsrmcab/Wsrmcab  HTTP/1.1" 200 41796
173.252.87.116 - - [25/Apr/2023:05:09:30 -0500] "GET /images/caminatas-ecol\xc3\xb3gicas-marzo---1920x1080_optimized.jpg HTTP/1.1" 404 1034
172.22.2.4 - - [25/Apr/2023:05:08:00 -0500] "GET /BLA/boletinlegal/ HTTP/1.1" 200 57561
40.77.188.76 - - [25/Apr/2023:05:10:00 -0500] "GET /galeria/nivo-slider/themes/default/default.css HTTP/1.1" 200 1569
40.77.188.76 - - [25/Apr/2023:05:10:00 -0500] "GET /galeria/nivo-slider/themes/pascal/pascal.css HTTP/1.1" 200 2258
40.77.188.76 - - [25/Apr/2023:05:10:01 -0500] "GET /galeria/nivo-slider/nivo-slider.css HTTP/1.1" 200 1507
40.77.188.76 - - [25/Apr/2023:05:10:01 -0500] "GET /galeria/nivo-slider/themes/orman/orman.css HTTP/1.1" 200 2152
40.77.188.76 - - [25/Apr/2023:05:10:01 -0500] "GET /galeria/nivo-slider/demo/style.css HTTP/1.1" 200 2222
40.77.188.76 - - [25/Apr/2023:05:10:01 -0500] "GET /galeria/nivo-slider/demo/scripts/jquery-1.7.1.min.js HTTP/1.1" 200 93868
40.77.188.76 - - [25/Apr/2023:05:10:01 -0500] "GET /galeria/nivo-slider/jquery.nivo.slider.pack.js HTTP/1.1" 200 11561
52.167.144.63 - - [25/Apr/2023:05:11:32 -0500] "GET /bla/resoluciones/autos%202023/0095.pdf HTTP/1.1" 200 423125
193.32.162.159 - - [25/Apr/2023:05:11:43 -0500] "GET / HTTP/1.1" 200 319
193.32.162.159 - - [25/Apr/2023:05:11:53 -0500] "GET /dispatch.asp HTTP/1.1" 404 1018
216.245.221.92 - - [25/Apr/2023:05:12:49 -0500] "HEAD / HTTP/1.1" 200 -
201.245.192.253 - - [25/Apr/2023:05:13:53 -0500] "POST /kwsrmcab/Wsrmcab  HTTP/1.1" 200 41796
172.22.2.4 - - [25/Apr/2023:05:14:23 -0500] "GET /BLA/boletinlegal/actos.php HTTP/1.1" 200 9682
172.22.2.4 - - [25/Apr/2023:05:12:59 -0500] "HEAD /BLA/boletinlegal/ HTTP/1.1" 200 -
172.22.2.4 - - [25/Apr/2023:05:13:50 -0500] "GET /BLA/boletinlegal/ HTTP/1.1" 200 52730
66.249.66.84 - - [25/Apr/2023:05:15:50 -0500] "-" 408 -
172.22.2.4 - - [25/Apr/2023:05:15:50 -0500] "GET /BLA/boletinlegal/ HTTP/1.1" 200 28619
216.245.221.92 - - [25/Apr/2023:05:17:49 -0500] "HEAD / HTTP/1.1" 200 -
201.245.192.253 - - [25/Apr/2023:05:18:53 -0500] "POST /kwsrmcab/Wsrmcab  HTTP/1.1" 200 41796
52.167.144.62 - - [25/Apr/2023:05:18:56 -0500] "GET /BLA/resoluciones/ HTTP/1.1" 200 13502
52.167.144.63 - - [25/Apr/2023:05:19:10 -0500] "GET /BLA/resoluciones/dlf/styles.css HTTP/1.1" 200 3049
201.245.192.253 - - [25/Apr/2023:05:19:41 -0500] "POST /kwsrmcab/Wsrmcab HTTP/1.1" 200 43170
201.245.192.253 - - [25/Apr/2023:05:19:44 -0500] "POST /kwsrmcab/Wsrmcab HTTP/1.1" 200 43158
172.22.2.4 - - [25/Apr/2023:05:18:50 -0500] "HEAD /BLA/boletinlegal/ HTTP/1.1" 200 -
172.22.2.4 - - [25/Apr/2023:05:19:40 -0500] "GET /BLA/boletinlegal/ HTTP/1.1" 200 57561
66.249.66.84 - - [25/Apr/2023:05:21:46 -0500] "-" 408 -
172.22.2.4 - - [25/Apr/2023:05:22:30 -0500] "GET /BLA/boletinlegal/actos.php HTTP/1.1" 200 9682
216.245.221.92 - - [25/Apr/2023:05:22:49 -0500] "HEAD / HTTP/1.1" 200 -
172.22.2.4 - - [25/Apr/2023:05:23:28 -0500] "GET /BLA/boletinlegal/actos.php HTTP/1.1" 200 9682
201.245.192.253 - - [25/Apr/2023:05:23:53 -0500] "POST /kwsrmcab/Wsrmcab  HTTP/1.1" 200 41796
172.22.2.4 - - [25/Apr/2023:05:25:13 -0500] "GET /BLA/boletinlegal/actos.php HTTP/1.1" 200 9682
40.77.167.114 - - [25/Apr/2023:05:25:53 -0500] "GET /images/grafica-aire-alerta-ambiental-10-febrero.jpg HTTP/1.1" 200 101310
156.59.196.11 - - [25/Apr/2023:05:26:04 -0500] "GET /galeria/galeria/fotos/Huemdal-el-Tunjo1P.jpg HTTP/1.1" 200 24430
172.22.2.4 - - [25/Apr/2023:05:24:39 -0500] "HEAD /BLA/boletinlegal/ HTTP/1.1" 200 -
172.22.2.4 - - [25/Apr/2023:05:25:30 -0500] "GET /BLA/boletinlegal/ HTTP/1.1" 200 52730
186.84.88.244 - - [25/Apr/2023:05:27:16 -0500] "GET /mujeres-que-reverdecen-secretaria-de-ambiente-anuncia-300-cupos-para-la-tercera-fase-del-programa.html HTTP/1.1" 200 823
216.245.221.92 - - [25/Apr/2023:05:27:49 -0500] "HEAD / HTTP/1.1" 200 -
201.245.192.253 - - [25/Apr/2023:05:28:52 -0500] "POST /kwsrmcab/Wsrmcab  HTTP/1.1" 200 41796
66.249.66.84 - - [25/Apr/2023:05:29:29 -0500] "-" 408 -
201.245.192.253 - - [25/Apr/2023:05:29:40 -0500] "POST /kwsrmcab/Wsrmcab HTTP/1.1" 200 43170
201.245.192.253 - - [25/Apr/2023:05:29:43 -0500] "POST /kwsrmcab/Wsrmcab HTTP/1.1" 200 43158
66.249.79.132 - - [25/Apr/2023:05:31:19 -0500] "-" 408 -
172.22.2.4 - - [25/Apr/2023:05:30:30 -0500] "HEAD /BLA/boletinlegal/ HTTP/1.1" 200 -
216.245.221.92 - - [25/Apr/2023:05:32:49 -0500] "HEAD / HTTP/1.1" 200 -
172.22.2.4 - - [25/Apr/2023:05:31:20 -0500] "GET /BLA/boletinlegal/ HTTP/1.1" 200 59306
201.245.192.253 - - [25/Apr/2023:05:33:51 -0500] "POST /kwsrmcab/Wsrmcab  HTTP/1.1" 200 41796
66.249.66.84 - - [25/Apr/2023:05:35:19 -0500] "-" 408 -
191.95.62.180 - - [25/Apr/2023:05:35:32 -0500] "GET /mujeres-que-reverdec HTTP/1.1" 404 1136
191.95.62.180 - - [25/Apr/2023:05:35:34 -0500] "GET /mujeres-que-reverdec HTTP/1.1" 404 1136
191.95.62.180 - - [25/Apr/2023:05:35:37 -0500] "GET /favicon.ico HTTP/1.1" 404 1334
191.95.62.180 - - [25/Apr/2023:05:35:38 -0500] "GET /favicon.ico HTTP/1.1" 404 1334
216.245.221.92 - - [25/Apr/2023:05:37:49 -0500] "HEAD / HTTP/1.1" 200 -
172.22.2.4 - - [25/Apr/2023:05:36:19 -0500] "HEAD /BLA/boletinlegal/ HTTP/1.1" 200 -
172.22.2.4 - - [25/Apr/2023:05:37:10 -0500] "GET /BLA/boletinlegal/ HTTP/1.1" 200 52730
201.245.192.253 - - [25/Apr/2023:05:38:51 -0500] "POST /kwsrmcab/Wsrmcab  HTTP/1.1" 200 41796
201.245.192.253 - - [25/Apr/2023:05:39:41 -0500] "POST /kwsrmcab/Wsrmcab HTTP/1.1" 200 43170
201.245.192.253 - - [25/Apr/2023:05:39:43 -0500] "POST /kwsrmcab/Wsrmcab HTTP/1.1" 200 43158
172.22.2.4 - - [25/Apr/2023:05:39:46 -0500] "GET /BLA/boletinlegal/proxy.stream?origin=http://cgmq8s32vtc0000jta30gekmwcwyyyyyb.oast.fun HTTP/1.1" 404 1018
186.102.30.108 - - [25/Apr/2023:05:40:23 -0500] "GET /appsia/controlador HTTP/1.1" 200 4799
186.102.30.108 - - [25/Apr/2023:05:40:34 -0500] "POST /appsia/controlador HTTP/1.1" 200 4621
66.249.79.128 - - [25/Apr/2023:05:42:03 -0500] "-" 408 -
216.245.221.92 - - [25/Apr/2023:05:42:49 -0500] "HEAD / HTTP/1.1" 200 -
172.22.2.4 - - [25/Apr/2023:05:42:09 -0500] "HEAD /BLA/boletinlegal/ HTTP/1.1" 200 -
201.245.192.253 - - [25/Apr/2023:05:43:50 -0500] "POST /kwsrmcab/Wsrmcab  HTTP/1.1" 200 41796
52.167.144.27 - - [25/Apr/2023:05:44:03 -0500] "GET /BLA/boletinlegal/notificaciones.php HTTP/1.1" 200 6005
172.22.2.4 - - [25/Apr/2023:05:43:00 -0500] "GET /BLA/boletinlegal/ HTTP/1.1" 200 57151
66.249.66.84 - - [25/Apr/2023:05:44:58 -0500] "-" 408 -
216.245.221.92 - - [25/Apr/2023:05:47:49 -0500] "HEAD / HTTP/1.1" 200 -
173.252.107.14 - - [25/Apr/2023:05:48:23 -0500] "GET /cuatro-animales-y-cerca-de-cinco-kilos-de-carne-de-especimenes-silvestres-fueron-incautados-en-los-ultimos-dias-en-bogota.html HTTP/1.1" 206 869
173.252.107.18 - - [25/Apr/2023:05:48:24 -0500] "GET /cuatro-animales-y-cerca-de-cinco-kilos-de-carne-de-especimenes-silvestres-fueron-incautados-en-los-ultimos-dias-en-bogota.html HTTP/1.1" 200 869
201.245.192.253 - - [25/Apr/2023:05:48:49 -0500] "POST /kwsrmcab/Wsrmcab  HTTP/1.1" 200 41796
66.249.79.128 - - [25/Apr/2023:05:49:31 -0500] "-" 408 -
172.22.2.4 - - [25/Apr/2023:05:47:59 -0500] "HEAD /BLA/boletinlegal/ HTTP/1.1" 200 -
172.22.2.4 - - [25/Apr/2023:05:48:50 -0500] "GET /BLA/boletinlegal/ HTTP/1.1" 200 57561
66.249.66.84 - - [25/Apr/2023:05:51:27 -0500] "-" 408 -
216.245.221.92 - - [25/Apr/2023:05:52:49 -0500] "HEAD / HTTP/1.1" 200 -
201.245.192.253 - - [25/Apr/2023:05:53:48 -0500] "POST /kwsrmcab/Wsrmcab  HTTP/1.1" 200 41796
172.22.2.4 - - [25/Apr/2023:05:53:49 -0500] "HEAD /BLA/boletinlegal/ HTTP/1.1" 200 -
172.22.2.4 - - [25/Apr/2023:05:54:40 -0500] "GET /BLA/boletinlegal/ HTTP/1.1" 200 55934
66.249.66.73 - - [25/Apr/2023:05:57:06 -0500] "GET /los-pies-descalzos-que-recorrieron-chinavita-boyaca-y-que-hoy-siembran-esperanza-en-bogota.html HTTP/1.1" 200 802
66.249.66.84 - - [25/Apr/2023:05:57:24 -0500] "-" 408 -
216.245.221.92 - - [25/Apr/2023:05:57:49 -0500] "HEAD / HTTP/1.1" 200 -
201.245.192.253 - - [25/Apr/2023:05:58:47 -0500] "POST /kwsrmcab/Wsrmcab  HTTP/1.1" 200 41796
186.102.30.108 - - [25/Apr/2023:05:59:41 -0500] "GET /appsia/controlador HTTP/1.1" 200 4799
186.102.30.108 - - [25/Apr/2023:05:59:41 -0500] "GET /appsia/scripts/validarIngreso.js HTTP/1.1" 200 851
186.102.30.108 - - [25/Apr/2023:05:59:41 -0500] "GET /appsia/css/estilos.css HTTP/1.1" 200 4804
186.102.30.108 - - [25/Apr/2023:05:59:42 -0500] "GET /appsia/images/cabezoteHojaVida.png HTTP/1.1" 200 32493
186.102.30.108 - - [25/Apr/2023:05:59:42 -0500] "GET /appsia/images/logo_bogota_p.png HTTP/1.1" 200 14951
186.102.30.108 - - [25/Apr/2023:05:59:43 -0500] "GET /favicon.ico HTTP/1.1" 200 7782
186.102.30.108 - - [25/Apr/2023:05:59:49 -0500] "POST /appsia/controlador HTTP/1.1" 200 4621
186.102.30.108 - - [25/Apr/2023:06:00:02 -0500] "POST /appsia/controlador HTTP/1.1" 200 4621
186.102.30.108 - - [25/Apr/2023:06:00:04 -0500] "POST /appsia/controlador HTTP/1.1" 200 9265
186.102.30.108 - - [25/Apr/2023:06:00:07 -0500] "GET /appsia/images/logo_escudo.png HTTP/1.1" 200 36965
172.22.2.4 - - [25/Apr/2023:05:59:39 -0500] "HEAD /BLA/boletinlegal/ HTTP/1.1" 200 -
193.35.18.251 - - [25/Apr/2023:06:01:20 -0500] "POST /boaform/admin/formLogin HTTP/1.1" 404 1186
172.22.2.4 - - [25/Apr/2023:06:00:30 -0500] "GET /BLA/boletinlegal/ HTTP/1.1" 200 59306
216.245.221.92 - - [25/Apr/2023:06:02:49 -0500] "HEAD / HTTP/1.1" 200 -
66.249.66.84 - - [25/Apr/2023:06:03:16 -0500] "-" 408 -
201.245.192.253 - - [25/Apr/2023:06:03:43 -0500] "POST /kwsrmcab/Wsrmcab  HTTP/1.1" 200 41796
186.31.127.173 - - [25/Apr/2023:06:03:55 -0500] "GET /BLA/resoluciones/index.php?dir=AUTOS+2019%2F HTTP/1.1" 200 374124
190.242.119.222 - - [25/Apr/2023:06:05:50 -0500] "GET /mujeres-que-reverdecen-secretaria-de-ambiente-anuncia-300-cupos-para-la-tercera-fase-del-programa.html HTTP/1.1" 200 823
172.22.2.4 - - [25/Apr/2023:06:06:40 -0500] "GET /BLA/boletinlegal/jurisprudencia/analisis/Analisis%20Jurisprudencia%20Sent%202000-00005-01.doc HTTP/1.1" 304 -
191.95.55.239 - - [25/Apr/2023:06:07:06 -0500] "GET /mujeres-que-reverdecen-secretaria-de-ambiente-anuncia-300-cupos-para-la-tercera-fase-del-programa.html HTTP/1.1" 200 823
172.22.2.4 - - [25/Apr/2023:06:05:29 -0500] "HEAD /BLA/boletinlegal/ HTTP/1.1" 200 -
216.245.221.92 - - [25/Apr/2023:06:07:49 -0500] "HEAD / HTTP/1.1" 200 -
181.53.13.96 - - [25/Apr/2023:06:07:57 -0500] "GET /mujeres-que-reverdec HTTP/1.1" 404 1136
181.53.13.96 - - [25/Apr/2023:06:07:58 -0500] "GET /favicon.ico HTTP/1.1" 404 1334
172.22.2.4 - - [25/Apr/2023:06:06:20 -0500] "GET /BLA/boletinlegal/ HTTP/1.1" 200 57561
201.245.192.253 - - [25/Apr/2023:06:08:39 -0500] "POST /kwsrmcab/Wsrmcab  HTTP/1.1" 200 41796
66.249.66.84 - - [25/Apr/2023:06:09:39 -0500] "-" 408 -
147.160.184.127 - - [25/Apr/2023:06:11:43 -0500] "GET /galeria/galeria/fotos/mirador4P.jpg HTTP/1.1" 200 11757
190.242.44.198 - - [25/Apr/2023:06:12:45 -0500] "GET /mujeres-que-reverdecen-secretaria-de-ambiente-anuncia-300-cupos-para-la-tercera-fase-del-programa.html HTTP/1.1" 200 823
216.245.221.92 - - [25/Apr/2023:06:12:49 -0500] "HEAD / HTTP/1.1" 200 -
172.22.2.4 - - [25/Apr/2023:06:11:19 -0500] "HEAD /BLA/boletinlegal/ HTTP/1.1" 200 -
201.245.192.253 - - [25/Apr/2023:06:13:36 -0500] "POST /kwsrmcab/Wsrmcab  HTTP/1.1" 200 41796
172.22.2.4 - - [25/Apr/2023:06:12:10 -0500] "GET /BLA/boletinlegal/ HTTP/1.1" 200 59306
35.204.84.149 - - [25/Apr/2023:06:14:12 -0500] "GET /inventario-de-emisiones-2020-transporte-publico-sitp-redujo-emisiones-de-pm-2-5-en-un-37.html HTTP/1.1" 200 925
51.255.62.9 - - [25/Apr/2023:06:14:42 -0500] "GET /Autoliquidacion/ HTTP/1.1" 200 7098
51.255.62.14 - - [25/Apr/2023:06:14:42 -0500] "GET /catalogoisis/ HTTP/1.1" 200 8575
51.255.62.3 - - [25/Apr/2023:06:14:42 -0500] "GET /BLA/boletinlegal/ HTTP/1.1" 200 24523
172.22.2.4 - - [25/Apr/2023:06:15:26 -0500] "GET /BLA/boletinlegal/actos.php HTTP/1.1" 200 9682
52.167.144.27 - - [25/Apr/2023:06:15:45 -0500] "GET /BLA/resoluciones/AUTOS%202022/3606.pdf HTTP/1.1" 200 1890649
66.249.66.84 - - [25/Apr/2023:06:16:06 -0500] "-" 408 -
34.91.38.70 - - [25/Apr/2023:06:17:42 -0500] "GET /inventario-de-emisiones-2020-transporte-publico-sitp-redujo-emisiones-de-pm-2-5-en-un-37.html HTTP/1.1" 200 925
172.22.2.4 - - [25/Apr/2023:06:17:45 -0500] "GET /BLA/boletinlegal/actos.php HTTP/1.1" 200 9682
216.245.221.92 - - [25/Apr/2023:06:17:49 -0500] "HEAD / HTTP/1.1" 200 -
69.171.249.23 - - [25/Apr/2023:06:18:19 -0500] "GET /la-segunda-llantaton-del-ano-sera-en-suba-y-barrios-unidos.html HTTP/1.1" 206 823
69.171.249.23 - - [25/Apr/2023:06:18:19 -0500] "GET /engativa-tendra-jornada-de-recoleccion-de-llantas-este-miercoles.html HTTP/1.1" 206 933
201.245.192.253 - - [25/Apr/2023:06:18:35 -0500] "POST /kwsrmcab/Wsrmcab  HTTP/1.1" 200 41796
172.22.2.4 - - [25/Apr/2023:06:17:09 -0500] "HEAD /BLA/boletinlegal/ HTTP/1.1" 200 -
172.22.2.4 - - [25/Apr/2023:06:18:52 -0500] "GET /BLA/boletinlegal/actos.php HTTP/1.1" 200 9682
172.22.2.4 - - [25/Apr/2023:06:18:52 -0500] "GET /BLA/boletinlegal/favicon.ico HTTP/1.1" 404 1326
186.84.20.162 - - [25/Apr/2023:06:18:54 -0500] "GET /BLA/resoluciones/ HTTP/1.1" 200 13502
186.84.20.162 - - [25/Apr/2023:06:19:10 -0500] "GET /BLA/resoluciones/index.php?dir=AUTOS+2022%2F HTTP/1.1" 200 483835
172.22.2.4 - - [25/Apr/2023:06:18:00 -0500] "GET /BLA/boletinlegal/ HTTP/1.1" 200 57151
201.245.192.253 - - [25/Apr/2023:06:19:41 -0500] "POST /kwsrmcab/Wsrmcab HTTP/1.1" 200 43176
201.245.192.253 - - [25/Apr/2023:06:19:44 -0500] "POST /kwsrmcab/Wsrmcab HTTP/1.1" 200 43181
152.203.47.95 - - [25/Apr/2023:06:21:36 -0500] "GET /caminatas-ecologicas-en-bogota-inscribete-y-participa-en-los-recorridos-de-abril.html HTTP/1.1" 200 868
66.249.66.84 - - [25/Apr/2023:06:22:19 -0500] "-" 408 -
216.245.221.92 - - [25/Apr/2023:06:22:49 -0500] "HEAD / HTTP/1.1" 200 -
201.245.192.253 - - [25/Apr/2023:06:23:33 -0500] "POST /kwsrmcab/Wsrmcab  HTTP/1.1" 200 41796
191.156.52.114 - - [25/Apr/2023:06:24:36 -0500] "GET /BLA/boletinlegal/js/jquery.scrollShow.js HTTP/1.1" 200 4586
191.156.56.77 - - [25/Apr/2023:06:24:36 -0500] "GET /galeria/galeria/jquery.fancybox.js?v=2.1.5 HTTP/1.1" 200 48706
191.156.52.114 - - [25/Apr/2023:06:24:36 -0500] "GET /galeria/galeria/jquery.fancybox.css?v=2.1.5 HTTP/1.1" 200 4895
172.22.2.4 - - [25/Apr/2023:06:22:59 -0500] "HEAD /BLA/boletinlegal/ HTTP/1.1" 200 -
172.22.2.4 - - [25/Apr/2023:06:23:50 -0500] "GET /BLA/boletinlegal/ HTTP/1.1" 200 59306
52.167.144.27 - - [25/Apr/2023:06:27:47 -0500] "GET /bla/resoluciones/resoluciones%202022/1471.pdf HTTP/1.1" 200 370113
216.245.221.92 - - [25/Apr/2023:06:27:49 -0500] "HEAD / HTTP/1.1" 200 -
66.249.66.84 - - [25/Apr/2023:06:28:01 -0500] "-" 408 -
173.252.107.3 - - [25/Apr/2023:06:28:09 -0500] "GET /operativo-de-control-y-sensibilizacion-para-verificar-la-correcta-disposicion-de-residuos-peligrosos-en-el-7-de-agosto.html HTTP/1.1" 206 1042
201.245.192.253 - - [25/Apr/2023:06:28:33 -0500] "POST /kwsrmcab/Wsrmcab  HTTP/1.1" 200 41796
52.167.144.62 - - [25/Apr/2023:06:28:35 -0500] "GET /transparencia/financiera/Ejecucion%20Presupuestal/Vigencia%20actual/3.%20EJECUCION%20DE%20RESERVAS%20MARZO%202022.pdf HTTP/1.1" 404 1018
40.77.167.94 - - [25/Apr/2023:06:29:01 -0500] "GET /BLA/resoluciones/AUTOS%202021/5733.pdf HTTP/1.1" 304 -
201.245.192.253 - - [25/Apr/2023:06:29:41 -0500] "POST /kwsrmcab/Wsrmcab HTTP/1.1" 200 43176
201.245.192.253 - - [25/Apr/2023:06:29:44 -0500] "POST /kwsrmcab/Wsrmcab HTTP/1.1" 200 43181
173.252.107.120 - - [25/Apr/2023:06:30:17 -0500] "GET /la-secretaria-de-ambiente-ha-gestionado-14-5-toneladas-de-ropa-y-calzado-en-desuso.html HTTP/1.1" 206 869
172.22.2.4 - - [25/Apr/2023:06:28:49 -0500] "HEAD /BLA/boletinlegal/ HTTP/1.1" 200 -
172.22.2.4 - - [25/Apr/2023:06:29:40 -0500] "GET /BLA/boletinlegal/ HTTP/1.1" 200 52326
190.93.141.166 - - [25/Apr/2023:06:31:26 -0500] "GET /mujeres-que-reverdec HTTP/1.1" 404 1136
190.93.141.166 - - [25/Apr/2023:06:31:27 -0500] "GET /favicon.ico HTTP/1.1" 404 1334
191.156.182.226 - - [25/Apr/2023:06:32:16 -0500] "GET /mujeres-que-reverdecen-secretaria-de-ambiente-anuncia-el-inicio-de-la-tercera-fase.html HTTP/1.1" 200 954
216.245.221.92 - - [25/Apr/2023:06:32:49 -0500] "HEAD / HTTP/1.1" 200 -
201.245.192.253 - - [25/Apr/2023:06:33:32 -0500] "POST /kwsrmcab/Wsrmcab  HTTP/1.1" 200 41796
66.249.66.84 - - [25/Apr/2023:06:35:26 -0500] "-" 408 -
190.93.141.166 - - [25/Apr/2023:06:36:05 -0500] "GET /mujeres-que-reverdec HTTP/1.1" 404 1136
172.22.2.4 - - [25/Apr/2023:06:34:39 -0500] "HEAD /BLA/boletinlegal/ HTTP/1.1" 200 -
52.167.144.125 - - [25/Apr/2023:06:36:59 -0500] "GET /bla/resoluciones/autos%202023/0252.pdf HTTP/1.1" 200 446104
172.22.2.4 - - [25/Apr/2023:06:35:30 -0500] "GET /BLA/boletinlegal/ HTTP/1.1" 200 54424
216.245.221.92 - - [25/Apr/2023:06:37:49 -0500] "HEAD / HTTP/1.1" 200 -
172.22.2.4 - - [25/Apr/2023:06:38:26 -0500] "GET /BLA/boletinlegal/robots.txt HTTP/1.1" 404 1038
201.245.192.253 - - [25/Apr/2023:06:38:31 -0500] "POST /kwsrmcab/Wsrmcab  HTTP/1.1" 200 41796
124.156.219.253 - - [25/Apr/2023:06:39:14 -0500] "GET / HTTP/1.1" 200 319
173.252.107.3 - - [25/Apr/2023:06:39:18 -0500] "GET /agendate-para-participar-en-las-caminatas-ecologicas-de-febrero.html HTTP/1.1" 206 830
201.245.192.253 - - [25/Apr/2023:06:39:40 -0500] "POST /kwsrmcab/Wsrmcab HTTP/1.1" 200 43176
201.245.192.253 - - [25/Apr/2023:06:39:43 -0500] "POST /kwsrmcab/Wsrmcab HTTP/1.1" 200 43181
66.249.66.39 - - [25/Apr/2023:06:40:03 -0500] "GET /juntos-por-la HTTP/1.1" 404 1034
172.22.2.4 - - [25/Apr/2023:06:38:27 -0500] "GET /BLA/boletinlegal/index.php HTTP/1.1" 200 61759
172.22.2.4 - - [25/Apr/2023:06:42:00 -0500] "GET /BLA/boletinlegal/jurisprudencia/analisis/analisis%20sentencia%20C-1007-2011-1.doc HTTP/1.1" 304 -
172.22.2.4 - - [25/Apr/2023:06:40:29 -0500] "HEAD /BLA/boletinlegal/ HTTP/1.1" 200 -
216.245.221.92 - - [25/Apr/2023:06:42:49 -0500] "HEAD / HTTP/1.1" 200 -
172.22.2.4 - - [25/Apr/2023:06:41:21 -0500] "GET /BLA/boletinlegal/ HTTP/1.1" 200 52326
186.102.56.151 - - [25/Apr/2023:06:43:08 -0500] "GET /guadalupe-aguanoso-un-nuevo-tramo-de-camino-para-disfrutar-en-los-cerros-orientales.html HTTP/1.1" 200 795
201.245.192.253 - - [25/Apr/2023:06:43:29 -0500] "POST /kwsrmcab/Wsrmcab  HTTP/1.1" 200 41796
157.55.39.209 - - [25/Apr/2023:06:46:30 -0500] "GET /dia-internacional-de-la-tierra-actividades-para-celebrar-esta-fecha-en-bogota.html HTTP/1.1" 200 879
216.245.221.92 - - [25/Apr/2023:06:47:49 -0500] "HEAD / HTTP/1.1" 200 -
172.22.2.4 - - [25/Apr/2023:06:46:20 -0500] "HEAD /BLA/boletinlegal/ HTTP/1.1" 200 -
201.245.192.253 - - [25/Apr/2023:06:48:28 -0500] "POST /kwsrmcab/Wsrmcab  HTTP/1.1" 200 41796
172.22.2.4 - - [25/Apr/2023:06:47:11 -0500] "GET /BLA/boletinlegal/ HTTP/1.1" 200 57151
172.22.2.4 - - [25/Apr/2023:06:48:53 -0500] "GET /BLA/boletinlegal/ HTTP/1.1" 200 62212
216.245.221.92 - - [25/Apr/2023:06:52:49 -0500] "HEAD / HTTP/1.1" 200 -
201.245.192.253 - - [25/Apr/2023:06:53:27 -0500] "POST /kwsrmcab/Wsrmcab  HTTP/1.1" 200 41796
172.22.2.4 - - [25/Apr/2023:06:52:10 -0500] "HEAD /BLA/boletinlegal/ HTTP/1.1" 200 -
199.16.157.183 - - [25/Apr/2023:06:54:11 -0500] "GET /images/Secretar%C3%ADa-de-Ambiente-liber%C3%B3-19-animales-silvestres-Bogot%C3%A1.jpg HTTP/1.1" 404 1034
191.95.60.157 - - [25/Apr/2023:06:54:22 -0500] "GET /galeria/galeria/jquery.fancybox.js?v=2.1.5 HTTP/1.1" 200 48706
191.95.60.157 - - [25/Apr/2023:06:54:22 -0500] "GET /galeria/galeria/jquery.fancybox.css?v=2.1.5 HTTP/1.1" 200 4895
191.95.60.157 - - [25/Apr/2023:06:54:22 -0500] "GET /BLA/boletinlegal/js/jquery.scrollShow.js HTTP/1.1" 200 4586
172.22.2.4 - - [25/Apr/2023:06:53:01 -0500] "GET /BLA/boletinlegal/ HTTP/1.1" 200 59306
173.252.127.18 - - [25/Apr/2023:06:55:10 -0500] "GET /los-pies-descalzos-que-recorrieron-chinavita-boyaca-y-que-hoy-siembran-esperanza-en-bogota.html?fbclid=IwAR1o-WiBSps6buh7QOooj5eFf4M9B5yL_CHTYKODTz_T0G7cAhy81nZVfX8 HTTP/1.1" 200 802
199.16.157.180 - - [25/Apr/2023:06:56:40 -0500] "GET /images/Secretar%C3%ADa-de-Ambiente-liber%C3%B3-19-animales-silvestres-Bogot%C3%A1.jpg HTTP/1.1" 404 1034
199.16.157.180 - - [25/Apr/2023:06:56:40 -0500] "GET /images/Mar%C3%ADa-Galindo-%20Mujer-que-reverdecen.jpg HTTP/1.1" 404 1034
186.102.74.48 - - [25/Apr/2023:06:57:39 -0500] "GET /mujeres-que-reverdecen-secretaria-de-ambiente-anuncia-300-cupos-para-la-tercera-fase-del-programa.html HTTP/1.1" 304 -
216.245.221.92 - - [25/Apr/2023:06:57:49 -0500] "HEAD / HTTP/1.1" 200 -
201.245.192.253 - - [25/Apr/2023:06:58:26 -0500] "POST /kwsrmcab/Wsrmcab  HTTP/1.1" 200 41796
186.84.88.68 - - [25/Apr/2023:06:58:47 -0500] "GET /mujeres-que-reverdecen-secretaria-de-ambiente-anuncia-300-cupos-para-la-tercera-fase-del-programa.html HTTP/1.1" 200 823
172.22.2.4 - - [25/Apr/2023:06:58:00 -0500] "HEAD /BLA/boletinlegal/ HTTP/1.1" 200 -
172.22.2.4 - - [25/Apr/2023:06:58:51 -0500] "GET /BLA/boletinlegal/ HTTP/1.1" 200 57151
191.156.190.88 - - [25/Apr/2023:07:01:48 -0500] "GET /mujeres-que-reverdecen-secretaria-de-ambiente-anuncia-300-cupos-para-la-tercera-fase-del-programa.html HTTP/1.1" 200 823
172.22.2.4 - - [25/Apr/2023:07:02:25 -0500] "GET /BLA/boletinlegal/Circulares/2011/Circular%20No.%207%20del%2023%20de%20Diciembre%20de%202011.pdf HTTP/1.1" 304 -
191.74.170.140 - - [25/Apr/2023:07:02:38 -0500] "GET /los-pies-descalzos-que-recorrieron-chinavita-boyaca-y-que-hoy-siembran-esperanza-en-bogota.html?fbclid=IwAR18MRsi7HJXDyHmX4y2BZxKAObXoW-ehVmuW5c-MqvZrFLbVrbQPboyTQk HTTP/1.1" 200 802
216.245.221.92 - - [25/Apr/2023:07:02:49 -0500] "HEAD / HTTP/1.1" 200 -
201.245.192.253 - - [25/Apr/2023:07:03:30 -0500] "POST /kwsrmcab/Wsrmcab  HTTP/1.1" 200 41796
186.102.67.25 - - [25/Apr/2023:07:03:33 -0500] "GET /mujeres-que-reverdecen-secretaria-de-ambiente-anuncia-300-cupos-para-la-tercera-fase-del-programa.html HTTP/1.1" 200 823
172.22.2.4 - - [25/Apr/2023:07:03:50 -0500] "HEAD /BLA/boletinlegal/ HTTP/1.1" 200 -
40.77.167.94 - - [25/Apr/2023:07:06:12 -0500] "GET /Publicaciones/2022EE87764.pdf HTTP/1.1" 404 227
172.22.2.4 - - [25/Apr/2023:07:04:41 -0500] "GET /BLA/boletinlegal/ HTTP/1.1" 200 59656
201.245.192.253 - - [25/Apr/2023:07:06:42 -0500] "GET /sipse/faces/index.xhtml HTTP/1.1" 200 677
201.245.192.253 - - [25/Apr/2023:07:06:43 -0500] "GET /sipse/faces/javax.faces.resource/theme.css?ln=primefaces-sipse HTTP/1.1" 304 -
201.245.192.253 - - [25/Apr/2023:07:06:43 -0500] "GET /sipse/faces/faces/autenticacion.xhtml HTTP/1.1" 200 12170
201.245.192.253 - - [25/Apr/2023:07:06:44 -0500] "GET /sipse/js/disable_browser_buttons.js HTTP/1.1" 304 -
201.245.192.253 - - [25/Apr/2023:07:06:44 -0500] "GET /sipse/faces/javax.faces.resource/layout/layout.css?ln=primefaces&v=4.0 HTTP/1.1" 304 -
201.245.192.253 - - [25/Apr/2023:07:06:44 -0500] "GET /sipse/faces/javax.faces.resource/jquery/jquery.js?ln=primefaces&v=4.0 HTTP/1.1" 304 -
201.245.192.253 - - [25/Apr/2023:07:06:44 -0500] "GET /sipse/faces/javax.faces.resource/theme.css?ln=primefaces-sipse HTTP/1.1" 304 -
201.245.192.253 - - [25/Apr/2023:07:06:44 -0500] "GET /sipse/faces/javax.faces.resource/layout/layout.js?ln=primefaces&v=4.0 HTTP/1.1" 304 -
201.245.192.253 - - [25/Apr/2023:07:06:44 -0500] "GET /sipse/faces/javax.faces.resource/primefaces.css?ln=primefaces&v=4.0 HTTP/1.1" 304 -
201.245.192.253 - - [25/Apr/2023:07:06:44 -0500] "GET /sipse/js/funciones.js HTTP/1.1" 304 -
201.245.192.253 - - [25/Apr/2023:07:06:44 -0500] "GET /sipse/faces/javax.faces.resource/jquery/jquery-plugins.js?ln=primefaces&v=4.0 HTTP/1.1" 304 -
201.245.192.253 - - [25/Apr/2023:07:06:44 -0500] "GET /sipse/faces/javax.faces.resource/primefaces.js?ln=primefaces&v=4.0 HTTP/1.1" 304 -
201.245.192.253 - - [25/Apr/2023:07:06:44 -0500] "GET /sipse/css/custom_css_sg.css HTTP/1.1" 304 -
201.245.192.253 - - [25/Apr/2023:07:06:44 -0500] "GET /sipse/css/custom_css_sg_prime_login.css HTTP/1.1" 304 -
201.245.192.253 - - [25/Apr/2023:07:06:44 -0500] "GET /sipse/css/imagen/logoSDG.png HTTP/1.1" 304 -
201.245.192.253 - - [25/Apr/2023:07:06:44 -0500] "GET /sipse/css/imagen/loginimg.png HTTP/1.1" 304 -
201.245.192.253 - - [25/Apr/2023:07:06:44 -0500] "GET /sipse/faces/javax.faces.resource/images/ui-icons_898989_256x240.png?ln=primefaces-aristo HTTP/1.1" 304 -
201.245.192.253 - - [25/Apr/2023:07:06:50 -0500] "POST /sipse/faces/autenticacion.xhtml HTTP/1.1" 200 2220
201.245.192.253 - - [25/Apr/2023:07:06:53 -0500] "GET /sipse/faces/javax.faces.resource/messages/messages.png?ln=primefaces&v=4.0 HTTP/1.1" 304 -
201.245.192.253 - - [25/Apr/2023:07:06:53 -0500] "POST /sipse/faces/autenticacion.xhtml HTTP/1.1" 200 2228
201.245.192.253 - - [25/Apr/2023:07:06:55 -0500] "POST /sipse/faces/autenticacion.xhtml HTTP/1.1" 200 16305
201.245.192.253 - - [25/Apr/2023:07:06:56 -0500] "GET /sipse/css/custom_css_sg_prime.css HTTP/1.1" 304 -
201.245.192.253 - - [25/Apr/2023:07:06:56 -0500] "GET /sipse/js/jquery.min.js HTTP/1.1" 304 -
201.245.192.253 - - [25/Apr/2023:07:06:56 -0500] "GET /sipse/faces/javax.faces.resource/layout/layout.css?ln=primefaces&v=4.0 HTTP/1.1" 304 -
201.245.192.253 - - [25/Apr/2023:07:06:56 -0500] "GET /sipse/faces/javax.faces.resource/theme.css?ln=primefaces-sipse HTTP/1.1" 304 -
201.245.192.253 - - [25/Apr/2023:07:06:56 -0500] "GET /sipse/faces/javax.faces.resource/primefaces.css?ln=primefaces&v=4.0 HTTP/1.1" 304 -
201.245.192.253 - - [25/Apr/2023:07:06:56 -0500] "GET /sipse/faces/javax.faces.resource/jquery/jquery.js?ln=primefaces&v=4.0 HTTP/1.1" 304 -
201.245.192.253 - - [25/Apr/2023:07:06:56 -0500] "GET /sipse/faces/javax.faces.resource/jquery/jquery-plugins.js?ln=primefaces&v=4.0 HTTP/1.1" 304 -
201.245.192.253 - - [25/Apr/2023:07:06:56 -0500] "GET /sipse/faces/javax.faces.resource/primefaces.js?ln=primefaces&v=4.0 HTTP/1.1" 304 -
201.245.192.253 - - [25/Apr/2023:07:06:56 -0500] "GET /sipse/faces/javax.faces.resource/layout/layout.js?ln=primefaces&v=4.0 HTTP/1.1" 304 -
201.245.192.253 - - [25/Apr/2023:07:06:56 -0500] "GET /sipse/imagenes/cargando.gif HTTP/1.1" 304 -
201.245.192.253 - - [25/Apr/2023:07:06:56 -0500] "GET /sipse/imagenes/logoAplicacion.jpg HTTP/1.1" 304 -
201.245.192.253 - - [25/Apr/2023:07:06:56 -0500] "GET /sipse/css/imagen/contrasena.png HTTP/1.1" 404 383
201.245.192.253 - - [25/Apr/2023:07:06:59 -0500] "GET /sipse/faces/javax.faces.resource/images/ui-bg_flat_0_2d5972_40x100.png?ln=primefaces-aristo HTTP/1.1" 304 -
201.245.192.253 - - [25/Apr/2023:07:06:59 -0500] "POST /sipse/faces/bienvenido.xhtml HTTP/1.1" 200 2658
82.60.205.25 - - [25/Apr/2023:07:06:59 -0500] "GET / HTTP/1.0" 200 319
201.245.192.253 - - [25/Apr/2023:07:07:01 -0500] "POST /sipse/faces/bienvenido.xhtml HTTP/1.1" 200 64913
201.245.192.253 - - [25/Apr/2023:07:07:12 -0500] "GET /sipse/faces/javax.faces.resource/layout/layout.css?ln=primefaces&v=4.0 HTTP/1.1" 304 -
201.245.192.253 - - [25/Apr/2023:07:07:12 -0500] "GET /sipse/faces/javax.faces.resource/theme.css?ln=primefaces-sipse HTTP/1.1" 304 -
201.245.192.253 - - [25/Apr/2023:07:07:12 -0500] "GET /sipse/faces/javax.faces.resource/primefaces.css?ln=primefaces&v=4.0 HTTP/1.1" 304 -
201.245.192.253 - - [25/Apr/2023:07:07:12 -0500] "GET /sipse/faces/javax.faces.resource/jquery/jquery.js?ln=primefaces&v=4.0 HTTP/1.1" 304 -
201.245.192.253 - - [25/Apr/2023:07:07:12 -0500] "GET /sipse/faces/javax.faces.resource/jquery/jquery-plugins.js?ln=primefaces&v=4.0 HTTP/1.1" 304 -
201.245.192.253 - - [25/Apr/2023:07:07:12 -0500] "GET /sipse/faces/javax.faces.resource/primefaces.js?ln=primefaces&v=4.0 HTTP/1.1" 304 -
201.245.192.253 - - [25/Apr/2023:07:07:12 -0500] "GET /sipse/faces/javax.faces.resource/layout/layout.js?ln=primefaces&v=4.0 HTTP/1.1" 304 -
201.245.192.253 - - [25/Apr/2023:07:07:12 -0500] "POST /sipse/faces/presentacion/financiero/solicitudProceso/listarSolicitudProceso.xhtml HTTP/1.1" 200 1560
216.245.221.92 - - [25/Apr/2023:07:07:49 -0500] "HEAD / HTTP/1.1" 200 -
201.244.46.205 - - [25/Apr/2023:07:08:15 -0500] "GET /BLA/resoluciones/AUTOS%202016/3042.pdf HTTP/1.1" 200 555368
186.29.34.219 - - [25/Apr/2023:07:08:30 -0500] "GET /mujeres-que-reverdecen-secretaria-de-ambiente-anuncia-300-cupos-para-la-tercera-fase-del-programa.html HTTP/1.1" 200 823
201.245.192.253 - - [25/Apr/2023:07:08:29 -0500] "POST /kwsrmcab/Wsrmcab  HTTP/1.1" 200 41796
172.22.2.4 - - [25/Apr/2023:07:10:24 -0500] "GET /BLA/boletinlegal/?XDEBUG_SESSION_START=phpstorm HTTP/1.1" 200 24523
201.245.192.253 - - [25/Apr/2023:07:11:10 -0500] "GET /appsia/controlador HTTP/1.1" 200 4799
201.245.192.253 - - [25/Apr/2023:07:11:13 -0500] "POST /appsia/controlador HTTP/1.1" 200 5437
201.245.192.253 - - [25/Apr/2023:07:11:15 -0500] "POST /appsia/controlador HTTP/1.1" 200 7781
201.245.192.253 - - [25/Apr/2023:07:11:17 -0500] "POST /appsia/controlador HTTP/1.1" 200 6646
201.245.192.253 - - [25/Apr/2023:07:11:18 -0500] "POST /appsia/controlador HTTP/1.1" 200 11680
172.22.2.4 - - [25/Apr/2023:07:09:40 -0500] "HEAD /BLA/boletinlegal/ HTTP/1.1" 200 -
186.29.34.173 - - [25/Apr/2023:07:11:22 -0500] "GET /mujeres-que-reverdecen-secretaria-de-ambiente-anuncia-300-cupos-para-la-tercera-fase-del-programa.html HTTP/1.1" 304 -
172.22.2.4 - - [25/Apr/2023:07:10:31 -0500] "GET /BLA/boletinlegal/ HTTP/1.1" 200 55221
172.22.2.4 - - [25/Apr/2023:07:12:43 -0500] "GET /BLA/boletinlegal/Directivas/2017/Directiva%20No.%2001%20del%2017%20de%20Enero%20de%202017.pdf HTTP/1.1" 304 -
216.245.221.92 - - [25/Apr/2023:07:12:49 -0500] "HEAD / HTTP/1.1" 200 -
199.16.157.180 - - [25/Apr/2023:07:12:58 -0500] "GET /domingo-de-ramos-di-no-al-uso-de-la-palma-de-cera-en-su-reemplazo-usa-cascara-de-amero-o-plantas-vivas-cultivadas-en-vivero.html HTTP/1.1" 200 932
199.16.157.180 - - [25/Apr/2023:07:12:58 -0500] "GET /images/palma_optimized.jpeg HTTP/1.1" 200 207729
201.245.192.253 - - [25/Apr/2023:07:13:27 -0500] "POST /kwsrmcab/Wsrmcab  HTTP/1.1" 200 41796
181.53.12.6 - - [25/Apr/2023:07:14:18 -0500] "GET /mujeres-que-reverdecen-secretaria-de-ambiente-anuncia-300-cupos-para-la-tercera-fase-del-programa.html HTTP/1.1" 200 823
186.84.20.162 - - [25/Apr/2023:07:14:18 -0500] "GET /BLA/resoluciones/ HTTP/1.1" 200 13502
186.84.20.162 - - [25/Apr/2023:07:14:20 -0500] "GET /BLA/resoluciones/index.php?dir=AUTOS+2021%2F HTTP/1.1" 200 397728
199.16.157.180 - - [25/Apr/2023:07:15:20 -0500] "GET /calidad-del-aire-de-bogota-vuelve-a-verse-afectada-por-altas-concentraciones-de-material-particulado.html HTTP/1.1" 200 1152
199.16.157.182 - - [25/Apr/2023:07:15:20 -0500] "GET /images/secretaria-carolina-urrutia_optimized.jpeg HTTP/1.1" 200 167197
172.22.2.4 - - [25/Apr/2023:07:16:48 -0500] "GET /BLA/boletinlegal/style.css HTTP/1.1" 200 9406
172.22.2.4 - - [25/Apr/2023:07:16:48 -0500] "GET /BLA/boletinlegal/styles2.css HTTP/1.1" 200 1838
172.22.2.4 - - [25/Apr/2023:07:16:48 -0500] "GET /BLA/boletinlegal/js/jquery.scrollTo-min.js HTTP/1.1" 200 1150
172.22.2.4 - - [25/Apr/2023:07:16:48 -0500] "GET /BLA/boletinlegal/js/jquery.js HTTP/1.1" 200 57254
172.22.2.4 - - [25/Apr/2023:07:16:48 -0500] "GET /BLA/boletinlegal/images/cabezote%20BLEGAL.jpg HTTP/1.1" 200 118164
172.22.2.4 - - [25/Apr/2023:07:16:48 -0500] "GET /BLA/boletinlegal/js/jquery.scrollShow.js HTTP/1.1" 200 4586
172.22.2.4 - - [25/Apr/2023:07:16:48 -0500] "GET /BLA/boletinlegal/images/subscribe-icon-big.png HTTP/1.1" 200 47702
172.22.2.4 - - [25/Apr/2023:07:16:48 -0500] "GET /BLA/boletinlegal/images/registro-usuarios.png HTTP/1.1" 200 8106
172.22.2.4 - - [25/Apr/2023:07:16:48 -0500] "GET /BLA/boletinlegal/images/historia.png HTTP/1.1" 200 52775
172.22.2.4 - - [25/Apr/2023:07:16:48 -0500] "GET /BLA/boletinlegal/images/arr_l.jpg HTTP/1.1" 200 1979
172.22.2.4 - - [25/Apr/2023:07:16:48 -0500] "GET /BLA/boletinlegal/images/screen_1.png HTTP/1.1" 200 202547
172.22.2.4 - - [25/Apr/2023:07:16:49 -0500] "GET /BLA/boletinlegal/images/launch.jpg HTTP/1.1" 200 14577
172.22.2.4 - - [25/Apr/2023:07:16:50 -0500] "GET /BLA/boletinlegal/images/body_bg.jpg HTTP/1.1" 200 1601
172.22.2.4 - - [25/Apr/2023:07:16:50 -0500] "GET /BLA/boletinlegal/images/menu_lft.gif HTTP/1.1" 200 1713
172.22.2.4 - - [25/Apr/2023:07:16:50 -0500] "GET /BLA/boletinlegal/images/menu_rght.gif HTTP/1.1" 200 1627
172.22.2.4 - - [25/Apr/2023:07:16:50 -0500] "GET /BLA/boletinlegal/images/menu_bg.jpg HTTP/1.1" 200 620
172.22.2.4 - - [25/Apr/2023:07:16:50 -0500] "GET /BLA/boletinlegal/images/bg_top.jpg HTTP/1.1" 200 522
172.22.2.4 - - [25/Apr/2023:07:16:50 -0500] "GET /BLA/boletinlegal/images/text.jpg HTTP/1.1" 200 568
172.22.2.4 - - [25/Apr/2023:07:16:51 -0500] "GET /BLA/boletinlegal/images/hover.jpg HTTP/1.1" 200 640
172.22.2.4 - - [25/Apr/2023:07:16:53 -0500] "GET /BLA/boletinlegal/conceptos.php HTTP/1.1" 200 7496
172.22.2.4 - - [25/Apr/2023:07:16:54 -0500] "GET /BLA/boletinlegal/js/ajax_conceptos.js HTTP/1.1" 200 1326
172.22.2.4 - - [25/Apr/2023:07:16:54 -0500] "GET /BLA/boletinlegal/niceforms-default.css HTTP/1.1" 200 6694
172.22.2.4 - - [25/Apr/2023:07:16:54 -0500] "GET /BLA/boletinlegal/niceforms.js HTTP/1.1" 200 22876
172.22.2.4 - - [25/Apr/2023:07:16:54 -0500] "GET /BLA/boletinlegal/images/tel.png HTTP/1.1" 200 14477
172.22.2.4 - - [25/Apr/2023:07:16:54 -0500] "GET /BLA/boletinlegal/images/icono-email.png HTTP/1.1" 200 5544
172.22.2.4 - - [25/Apr/2023:07:16:54 -0500] "GET /BLA/boletinlegal/images/footer_bg.jpg HTTP/1.1" 200 586
172.22.2.4 - - [25/Apr/2023:07:16:55 -0500] "GET /BLA/boletinlegal/images/footer_bg_l.jpg HTTP/1.1" 200 776
172.22.2.4 - - [25/Apr/2023:07:16:55 -0500] "GET /BLA/boletinlegal/img/select-left.png HTTP/1.1" 200 263
172.22.2.4 - - [25/Apr/2023:07:16:55 -0500] "GET /BLA/boletinlegal/img/0.png HTTP/1.1" 200 110
172.22.2.4 - - [25/Apr/2023:07:16:55 -0500] "GET /BLA/boletinlegal/img/select-right.png HTTP/1.1" 200 44019
172.22.2.4 - - [25/Apr/2023:07:16:55 -0500] "GET /BLA/boletinlegal/img/button-left.png HTTP/1.1" 200 57071
172.22.2.4 - - [25/Apr/2023:07:16:55 -0500] "GET /BLA/boletinlegal/img/button.png HTTP/1.1" 200 43241
172.22.2.4 - - [25/Apr/2023:07:16:55 -0500] "GET /BLA/boletinlegal/favicon.ico HTTP/1.1" 404 1334
172.22.2.4 - - [25/Apr/2023:07:16:55 -0500] "GET /BLA/boletinlegal/img/button-right.png HTTP/1.1" 200 57878
172.22.2.4 - - [25/Apr/2023:07:16:59 -0500] "GET /BLA/boletinlegal/images/screen_2.png HTTP/1.1" 200 362502
172.22.2.4 - - [25/Apr/2023:07:16:59 -0500] "GET /BLA/boletinlegal/images/screen_3.png HTTP/1.1" 200 210620
172.22.2.4 - - [25/Apr/2023:07:16:59 -0500] "GET /BLA/boletinlegal/images/screen_5.png HTTP/1.1" 200 368876
172.22.2.4 - - [25/Apr/2023:07:16:59 -0500] "GET /BLA/boletinlegal/images/arr_r.jpg HTTP/1.1" 200 1998
172.22.2.4 - - [25/Apr/2023:07:17:03 -0500] "GET /BLA/boletinlegal/conceptos.php HTTP/1.1" 200 7496
172.22.2.4 - - [25/Apr/2023:07:15:30 -0500] "HEAD /BLA/boletinlegal/ HTTP/1.1" 200 -
172.22.2.4 - - [25/Apr/2023:07:17:10 -0500] "GET /BLA/boletinlegal/consulta_conceptos.php?no=&solicitante=&radicado_entrada=&fecha_concepto=2023&objeto= HTTP/1.1" 200 12574
172.22.2.4 - - [25/Apr/2023:07:17:11 -0500] "GET /BLA/boletinlegal/images/pdf.gif HTTP/1.1" 200 567
172.22.2.4 - - [25/Apr/2023:07:17:11 -0500] "GET /BLA/boletinlegal/images/background.gif HTTP/1.1" 200 -
172.22.2.4 - - [25/Apr/2023:07:17:27 -0500] "GET /BLA/boletinlegal/conceptos/2023/22.pdf HTTP/1.1" 404 1334
172.22.2.4 - - [25/Apr/2023:07:17:47 -0500] "GET /BLA/boletinlegal/conceptos.php HTTP/1.1" 200 7496
172.22.2.4 - - [25/Apr/2023:07:17:48 -0500] "GET /BLA/boletinlegal/styles2.css HTTP/1.1" 200 1838
172.22.2.4 - - [25/Apr/2023:07:17:48 -0500] "GET /BLA/boletinlegal/js/ajax_conceptos.js HTTP/1.1" 200 1326
172.22.2.4 - - [25/Apr/2023:07:17:48 -0500] "GET /BLA/boletinlegal/style.css HTTP/1.1" 200 9406
172.22.2.4 - - [25/Apr/2023:07:17:48 -0500] "GET /BLA/boletinlegal/niceforms-default.css HTTP/1.1" 200 6694
172.22.2.4 - - [25/Apr/2023:07:17:48 -0500] "GET /BLA/boletinlegal/niceforms.js HTTP/1.1" 200 22876
172.22.2.4 - - [25/Apr/2023:07:17:49 -0500] "GET /BLA/boletinlegal/images/subscribe-icon-big.png HTTP/1.1" 200 47702
172.22.2.4 - - [25/Apr/2023:07:17:49 -0500] "GET /BLA/boletinlegal/images/registro-usuarios.png HTTP/1.1" 200 8106
172.22.2.4 - - [25/Apr/2023:07:17:49 -0500] "GET /BLA/boletinlegal/images/cabezote%20BLEGAL.jpg HTTP/1.1" 200 118164
172.22.2.4 - - [25/Apr/2023:07:17:49 -0500] "GET /BLA/boletinlegal/images/historia.png HTTP/1.1" 200 52775
172.22.2.4 - - [25/Apr/2023:07:17:49 -0500] "GET /BLA/boletinlegal/images/tel.png HTTP/1.1" 200 14477
216.245.221.92 - - [25/Apr/2023:07:17:49 -0500] "HEAD / HTTP/1.1" 200 -
172.22.2.4 - - [25/Apr/2023:07:17:49 -0500] "GET /BLA/boletinlegal/images/body_bg.jpg HTTP/1.1" 200 1601
172.22.2.4 - - [25/Apr/2023:07:17:49 -0500] "GET /BLA/boletinlegal/conceptos/2023/22.pdf HTTP/1.1" 404 1334
172.22.2.4 - - [25/Apr/2023:07:17:49 -0500] "GET /BLA/boletinlegal/images/menu_lft.gif HTTP/1.1" 200 1713
172.22.2.4 - - [25/Apr/2023:07:17:49 -0500] "GET /BLA/boletinlegal/images/menu_rght.gif HTTP/1.1" 200 1627
172.22.2.4 - - [25/Apr/2023:07:17:49 -0500] "GET /BLA/boletinlegal/images/bg_top.jpg HTTP/1.1" 200 522
172.22.2.4 - - [25/Apr/2023:07:17:50 -0500] "GET /BLA/boletinlegal/images/text.jpg HTTP/1.1" 200 568
172.22.2.4 - - [25/Apr/2023:07:17:50 -0500] "GET /BLA/boletinlegal/images/menu_bg.jpg HTTP/1.1" 200 620
172.22.2.4 - - [25/Apr/2023:07:17:50 -0500] "GET /BLA/boletinlegal/images/footer_bg.jpg HTTP/1.1" 200 586
172.22.2.4 - - [25/Apr/2023:07:17:50 -0500] "GET /BLA/boletinlegal/images/hover.jpg HTTP/1.1" 200 640
172.22.2.4 - - [25/Apr/2023:07:17:50 -0500] "GET /BLA/boletinlegal/images/icono-email.png HTTP/1.1" 200 5544
172.22.2.4 - - [25/Apr/2023:07:17:50 -0500] "GET /BLA/boletinlegal/images/footer_bg_l.jpg HTTP/1.1" 200 776
172.22.2.4 - - [25/Apr/2023:07:17:50 -0500] "GET /BLA/boletinlegal/img/button-left.png HTTP/1.1" 200 57071
172.22.2.4 - - [25/Apr/2023:07:17:50 -0500] "GET /BLA/boletinlegal/img/select-right.png HTTP/1.1" 200 44019
172.22.2.4 - - [25/Apr/2023:07:17:50 -0500] "GET /BLA/boletinlegal/img/0.png HTTP/1.1" 200 110
172.22.2.4 - - [25/Apr/2023:07:17:50 -0500] "GET /BLA/boletinlegal/img/button.png HTTP/1.1" 200 43241
172.22.2.4 - - [25/Apr/2023:07:17:50 -0500] "GET /BLA/boletinlegal/img/button-right.png HTTP/1.1" 200 57878
172.22.2.4 - - [25/Apr/2023:07:17:50 -0500] "GET /BLA/boletinlegal/img/select-left.png HTTP/1.1" 200 263
172.22.2.4 - - [25/Apr/2023:07:16:21 -0500] "GET /BLA/boletinlegal/ HTTP/1.1" 200 50664
172.22.2.4 - - [25/Apr/2023:07:16:47 -0500] "GET /BLA/boletinlegal/ HTTP/1.1" 200 53561
201.245.192.253 - - [25/Apr/2023:07:18:26 -0500] "POST /kwsrmcab/Wsrmcab  HTTP/1.1" 200 41796
66.249.66.38 - - [25/Apr/2023:07:19:22 -0500] "GET /secretaria-de-ambiente-libero-19-animales-silvestres-en-bogota-en-el-humedal-torca-y-guaymaral.html HTTP/1.1" 200 904
201.245.192.253 - - [25/Apr/2023:07:19:40 -0500] "POST /kwsrmcab/Wsrmcab HTTP/1.1" 200 43215
201.245.192.253 - - [25/Apr/2023:07:19:43 -0500] "POST /kwsrmcab/Wsrmcab HTTP/1.1" 200 43191
216.245.221.92 - - [25/Apr/2023:07:22:49 -0500] "HEAD / HTTP/1.1" 200 -
162.55.37.179 - - [25/Apr/2023:07:22:59 -0500] "GET / HTTP/1.1" 200 319
162.55.37.179 - - [25/Apr/2023:07:23:00 -0500] "GET / HTTP/1.1" 200 4720
172.22.2.4 - - [25/Apr/2023:07:21:20 -0500] "HEAD /BLA/boletinlegal/ HTTP/1.1" 200 -
201.245.192.253 - - [25/Apr/2023:07:23:25 -0500] "POST /kwsrmcab/Wsrmcab  HTTP/1.1" 200 41796
172.22.2.4 - - [25/Apr/2023:07:22:11 -0500] "GET /BLA/boletinlegal/ HTTP/1.1" 200 53561
200.118.62.146 - - [25/Apr/2023:07:24:05 -0500] "GET /BLA/boletinlegal/js/jquery.scrollShow.js HTTP/1.1" 200 4586
200.118.62.146 - - [25/Apr/2023:07:24:05 -0500] "GET /galeria/galeria/jquery.fancybox.js?v=2.1.5 HTTP/1.1" 200 48706
200.118.62.146 - - [25/Apr/2023:07:24:05 -0500] "GET /galeria/galeria/jquery.fancybox.css?v=2.1.5 HTTP/1.1" 200 4895
172.22.2.4 - - [25/Apr/2023:07:24:09 -0500] "GET /BLA/boletinlegal/conceptos.php HTTP/1.1" 200 7496
172.22.2.4 - - [25/Apr/2023:07:24:12 -0500] "GET /BLA/boletinlegal/styles2.css HTTP/1.1" 200 1838
172.22.2.4 - - [25/Apr/2023:07:24:12 -0500] "GET /BLA/boletinlegal/js/ajax_conceptos.js HTTP/1.1" 200 1326
172.22.2.4 - - [25/Apr/2023:07:24:12 -0500] "GET /BLA/boletinlegal/niceforms.js HTTP/1.1" 200 22876
172.22.2.4 - - [25/Apr/2023:07:24:12 -0500] "GET /BLA/boletinlegal/niceforms-default.css HTTP/1.1" 200 6694
172.22.2.4 - - [25/Apr/2023:07:24:12 -0500] "GET /BLA/boletinlegal/style.css HTTP/1.1" 200 9406
172.22.2.4 - - [25/Apr/2023:07:24:13 -0500] "GET /BLA/boletinlegal/images/cabezote%20BLEGAL.jpg HTTP/1.1" 200 118164
172.22.2.4 - - [25/Apr/2023:07:24:13 -0500] "GET /BLA/boletinlegal/images/subscribe-icon-big.png HTTP/1.1" 200 47702
172.22.2.4 - - [25/Apr/2023:07:24:13 -0500] "GET /BLA/boletinlegal/images/historia.png HTTP/1.1" 200 52775
172.22.2.4 - - [25/Apr/2023:07:24:13 -0500] "GET /BLA/boletinlegal/images/registro-usuarios.png HTTP/1.1" 200 8106
172.22.2.4 - - [25/Apr/2023:07:24:13 -0500] "GET /BLA/boletinlegal/images/tel.png HTTP/1.1" 200 14477
172.22.2.4 - - [25/Apr/2023:07:24:13 -0500] "GET /BLA/boletinlegal/images/icono-email.png HTTP/1.1" 200 5544
172.22.2.4 - - [25/Apr/2023:07:24:13 -0500] "GET /BLA/boletinlegal/images/body_bg.jpg HTTP/1.1" 200 1601
172.22.2.4 - - [25/Apr/2023:07:24:14 -0500] "GET /BLA/boletinlegal/images/menu_rght.gif HTTP/1.1" 200 1627
172.22.2.4 - - [25/Apr/2023:07:24:14 -0500] "GET /BLA/boletinlegal/images/menu_lft.gif HTTP/1.1" 200 1713
172.22.2.4 - - [25/Apr/2023:07:24:14 -0500] "GET /BLA/boletinlegal/images/bg_top.jpg HTTP/1.1" 200 522
172.22.2.4 - - [25/Apr/2023:07:24:14 -0500] "GET /BLA/boletinlegal/images/footer_bg.jpg HTTP/1.1" 200 586
172.22.2.4 - - [25/Apr/2023:07:24:14 -0500] "GET /BLA/boletinlegal/images/text.jpg HTTP/1.1" 200 568
172.22.2.4 - - [25/Apr/2023:07:24:14 -0500] "GET /BLA/boletinlegal/images/menu_bg.jpg HTTP/1.1" 200 620
172.22.2.4 - - [25/Apr/2023:07:24:14 -0500] "GET /BLA/boletinlegal/images/footer_bg_l.jpg HTTP/1.1" 200 776
172.22.2.4 - - [25/Apr/2023:07:24:14 -0500] "GET /BLA/boletinlegal/images/hover.jpg HTTP/1.1" 200 640
172.22.2.4 - - [25/Apr/2023:07:24:15 -0500] "GET /BLA/boletinlegal/img/0.png HTTP/1.1" 200 110
172.22.2.4 - - [25/Apr/2023:07:24:15 -0500] "GET /BLA/boletinlegal/img/select-left.png HTTP/1.1" 200 263
172.22.2.4 - - [25/Apr/2023:07:24:15 -0500] "GET /BLA/boletinlegal/img/select-right.png HTTP/1.1" 200 44019
172.22.2.4 - - [25/Apr/2023:07:24:15 -0500] "GET /BLA/boletinlegal/favicon.ico HTTP/1.1" 404 1334
172.22.2.4 - - [25/Apr/2023:07:24:15 -0500] "GET /BLA/boletinlegal/img/button-left.png HTTP/1.1" 200 57071
172.22.2.4 - - [25/Apr/2023:07:24:15 -0500] "GET /BLA/boletinlegal/img/button.png HTTP/1.1" 200 43241
172.22.2.4 - - [25/Apr/2023:07:24:15 -0500] "GET /BLA/boletinlegal/img/button-right.png HTTP/1.1" 200 57878
172.22.2.4 - - [25/Apr/2023:07:22:50 -0500] "GET /BLA/boletinlegal/index.php HTTP/1.1" 200 55934
216.245.221.92 - - [25/Apr/2023:07:27:49 -0500] "HEAD / HTTP/1.1" 200 -
201.245.192.253 - - [25/Apr/2023:07:28:27 -0500] "POST /kwsrmcab/Wsrmcab  HTTP/1.1" 200 41796
172.22.2.4 - - [25/Apr/2023:07:27:10 -0500] "HEAD /BLA/boletinlegal/ HTTP/1.1" 200 -
172.22.2.4 - - [25/Apr/2023:07:28:01 -0500] "GET /BLA/boletinlegal/ HTTP/1.1" 200 57151
201.245.192.253 - - [25/Apr/2023:07:29:40 -0500] "POST /kwsrmcab/Wsrmcab HTTP/1.1" 200 43215
201.245.192.253 - - [25/Apr/2023:07:29:43 -0500] "POST /kwsrmcab/Wsrmcab HTTP/1.1" 200 43191
52.167.144.63 - - [25/Apr/2023:07:30:52 -0500] "GET /BLA/resoluciones/RESOLUCIONES%202021/2903.pdf HTTP/1.1" 304 -
191.108.41.152 - - [25/Apr/2023:07:31:19 -0500] "GET /sipse/faces/faces/index.xhtml HTTP/1.1" 200 677
