181.58.22.116 - - [01/May/2023:12:36:06 -0500] "GET /laurel-de-cera-distrito-intensifica-labores-para-prevenir-trafico-de-esta-especie-en-la-celebracion-de-la-cruz-de-mayo.html?fbclid=PAAaZ7eibpvLBl3TLHqh9HJiYw_m5bK8iKcWhgaVzSoafWlOY12TvYqQ8xprA HTTP/1.1" 200 842
136.243.228.198 - - [01/May/2023:12:36:07 -0500] "GET /BLA/resoluciones/index.php?dir=RESOLUCIONES+2003%2FRES+2003+2001-2051%2F HTTP/1.1" 200 12159
201.245.192.253 - - [01/May/2023:12:37:54 -0500] "POST /kwsrmcab/Wsrmcab  HTTP/1.1" 200 41796
172.22.2.4 - - [01/May/2023:12:36:22 -0500] "HEAD /BLA/boletinlegal/ HTTP/1.1" 200 -
216.245.221.92 - - [01/May/2023:12:38:17 -0500] "HEAD / HTTP/1.1" 200 -
172.22.2.4 - - [01/May/2023:12:37:13 -0500] "GET /BLA/boletinlegal/ HTTP/1.1" 200 59306
172.22.2.4 - - [01/May/2023:12:38:57 -0500] "GET /BLA/boletinlegal/consulta_actos.php?tipo=resoluciones&no=0966&usuario=&sector=&fecha=2022&resuelve= HTTP/1.1" 200 626
74.80.208.24 - - [01/May/2023:12:39:04 -0500] "GET /BLA/boletinlegal/jurisprudencia/analisis/AnalisisT-693-12.docx HTTP/1.1" 200 25737
201.245.192.253 - - [01/May/2023:12:39:10 -0500] "POST /kwsrmcab/Wsrmcab HTTP/1.1" 200 43188
201.245.192.253 - - [01/May/2023:12:39:28 -0500] "POST /kwsrmcab/Wsrmcab HTTP/1.1" 200 43313
172.22.2.4 - - [01/May/2023:12:40:08 -0500] "GET /BLA/boletinlegal/consulta_actos.php?tipo=resoluciones&no=2487&usuario=&sector=&fecha=2019&resuelve= HTTP/1.1" 200 1075
173.252.83.4 - - [01/May/2023:12:41:00 -0500] "GET /images/caminos-de-los-cerros-1_optimized.jpeg HTTP/1.1" 200 49537
172.22.2.4 - - [01/May/2023:12:41:21 -0500] "GET /BLA/boletinlegal/consulta_actos.php?tipo=resoluciones&no=0652&usuario=&sector=&fecha=2019&resuelve= HTTP/1.1" 200 626
172.22.2.4 - - [01/May/2023:12:41:31 -0500] "GET /BLA/boletinlegal/consulta_actos.php?tipo=resoluciones&no=0652&usuario=&sector=&fecha=2021&resuelve= HTTP/1.1" 200 1110
190.26.50.189 - - [01/May/2023:12:42:09 -0500] "GET /BLA/resoluciones/ HTTP/1.1" 200 13502
190.26.50.189 - - [01/May/2023:12:42:20 -0500] "GET /BLA/resoluciones/index.php?dir=AUTOS+2020%2F HTTP/1.1" 200 328449
186.80.52.186 - - [01/May/2023:12:42:22 -0500] "GET /bogota-se-prepara-para-tres-fines-de-semana-de-adopciones.html HTTP/1.1" 200 821
201.245.192.253 - - [01/May/2023:12:42:53 -0500] "POST /kwsrmcab/Wsrmcab  HTTP/1.1" 200 41796
66.249.66.84 - - [01/May/2023:12:43:02 -0500] "-" 408 -
216.245.221.92 - - [01/May/2023:12:43:17 -0500] "HEAD / HTTP/1.1" 200 -
172.22.2.4 - - [01/May/2023:12:42:12 -0500] "HEAD /BLA/boletinlegal/ HTTP/1.1" 200 -
190.84.108.224 - - [01/May/2023:12:44:31 -0500] "GET /BLA/resoluciones/ HTTP/1.1" 200 13502
190.84.108.224 - - [01/May/2023:12:44:31 -0500] "GET /BLA/resoluciones/dlf/styles.css HTTP/1.1" 200 3049
190.84.108.224 - - [01/May/2023:12:44:31 -0500] "GET /BLA/resoluciones/dlf/folder.png HTTP/1.1" 200 410
190.84.108.224 - - [01/May/2023:12:44:31 -0500] "GET /BLA/resoluciones/dlf/bg.gif HTTP/1.1" 200 54
190.84.108.224 - - [01/May/2023:12:44:42 -0500] "GET /BLA/resoluciones/dlf/dirup.png HTTP/1.1" 200 644
190.84.108.224 - - [01/May/2023:12:44:42 -0500] "GET /BLA/resoluciones/dlf/pdf.gif HTTP/1.1" 200 272
190.84.108.224 - - [01/May/2023:12:44:41 -0500] "GET /BLA/resoluciones/index.php?dir=AUTOS+2018%2F HTTP/1.1" 200 457306
172.22.2.4 - - [01/May/2023:12:43:03 -0500] "GET /BLA/boletinlegal/ HTTP/1.1" 200 55934
190.84.108.224 - - [01/May/2023:12:45:05 -0500] "GET /BLA/resoluciones/AUTOS%202018/2682.pdf HTTP/1.1" 200 327834
74.80.208.70 - - [01/May/2023:12:45:27 -0500] "GET /catalogoisis/ HTTP/1.1" 200 8575
186.84.21.42 - - [01/May/2023:12:46:49 -0500] "GET /galeria/galeria/jquery.fancybox.css?v=2.1.5 HTTP/1.1" 200 4895
186.84.21.42 - - [01/May/2023:12:46:50 -0500] "GET /galeria/galeria/jquery.fancybox.js?v=2.1.5 HTTP/1.1" 200 48706
186.84.21.42 - - [01/May/2023:12:46:50 -0500] "GET /BLA/boletinlegal/js/jquery.scrollShow.js HTTP/1.1" 200 4586
74.80.208.24 - - [01/May/2023:12:47:29 -0500] "GET /BLA/boletinlegal/doctrina.php HTTP/1.1" 200 5614
201.245.192.253 - - [01/May/2023:12:47:52 -0500] "POST /kwsrmcab/Wsrmcab  HTTP/1.1" 200 41796
216.245.221.92 - - [01/May/2023:12:48:17 -0500] "HEAD / HTTP/1.1" 200 -
66.249.66.40 - - [01/May/2023:12:48:45 -0500] "-" 408 -
191.156.181.197 - - [01/May/2023:12:49:26 -0500] "GET /laurel-de-cera-para-el-dia-de-la-santa-cruz-cruz-de-mayo-evita-usarlo-existen-otras-alternativas.html HTTP/1.1" 200 931
191.156.181.197 - - [01/May/2023:12:49:26 -0500] "GET /images/pieza-laurel-cera-28-abril.jpg HTTP/1.1" 200 46842
191.156.190.88 - - [01/May/2023:12:49:42 -0500] "GET /laurel-de-cera-para-el-dia-de-la-santa-cruz-cruz-de-mayo-evita-usarlo-existen-otras-alternativas.html HTTP/1.1" 200 931
172.22.2.4 - - [01/May/2023:12:48:02 -0500] "HEAD /BLA/boletinlegal/ HTTP/1.1" 200 -
34.91.38.70 - - [01/May/2023:12:50:27 -0500] "GET /inventario-de-emisiones-2020-transporte-publico-sitp-redujo-emisiones-de-pm-2-5-en-un-37.html HTTP/1.1" 200 925
172.22.2.4 - - [01/May/2023:12:48:53 -0500] "GET /BLA/boletinlegal/ HTTP/1.1" 200 57561
152.203.149.163 - - [01/May/2023:12:52:24 -0500] "GET /sipse/faces/index.xhtml HTTP/1.1" 200 677
152.203.149.163 - - [01/May/2023:12:52:24 -0500] "GET /sipse/faces/javax.faces.resource/theme.css?ln=primefaces-sipse HTTP/1.1" 304 -
152.203.149.163 - - [01/May/2023:12:52:24 -0500] "GET /favicon.ico HTTP/1.1" 200 7782
152.203.149.163 - - [01/May/2023:12:52:24 -0500] "GET /sipse/faces/faces/autenticacion.xhtml HTTP/1.1" 200 12175
152.203.149.163 - - [01/May/2023:12:52:25 -0500] "GET /sipse/js/disable_browser_buttons.js HTTP/1.1" 304 -
152.203.149.163 - - [01/May/2023:12:52:25 -0500] "GET /sipse/js/funciones.js HTTP/1.1" 304 -
152.203.149.163 - - [01/May/2023:12:52:25 -0500] "GET /sipse/css/custom_css_sg_prime_login.css HTTP/1.1" 304 -
152.203.149.163 - - [01/May/2023:12:52:25 -0500] "GET /sipse/faces/javax.faces.resource/theme.css?ln=primefaces-sipse HTTP/1.1" 304 -
152.203.149.163 - - [01/May/2023:12:52:25 -0500] "GET /sipse/faces/javax.faces.resource/jquery/jquery.js?ln=primefaces&v=4.0 HTTP/1.1" 304 -
152.203.149.163 - - [01/May/2023:12:52:25 -0500] "GET /sipse/faces/javax.faces.resource/primefaces.css?ln=primefaces&v=4.0 HTTP/1.1" 304 -
152.203.149.163 - - [01/May/2023:12:52:25 -0500] "GET /sipse/faces/javax.faces.resource/primefaces.js?ln=primefaces&v=4.0 HTTP/1.1" 304 -
152.203.149.163 - - [01/May/2023:12:52:25 -0500] "GET /sipse/faces/javax.faces.resource/layout/layout.js?ln=primefaces&v=4.0 HTTP/1.1" 304 -
152.203.149.163 - - [01/May/2023:12:52:25 -0500] "GET /sipse/faces/javax.faces.resource/jquery/jquery-plugins.js?ln=primefaces&v=4.0 HTTP/1.1" 304 -
152.203.149.163 - - [01/May/2023:12:52:25 -0500] "GET /sipse/faces/javax.faces.resource/layout/layout.css?ln=primefaces&v=4.0 HTTP/1.1" 304 -
152.203.149.163 - - [01/May/2023:12:52:25 -0500] "GET /sipse/css/custom_css_sg.css HTTP/1.1" 304 -
152.203.149.163 - - [01/May/2023:12:52:26 -0500] "GET /sipse/css/imagen/loginimg.png HTTP/1.1" 304 -
152.203.149.163 - - [01/May/2023:12:52:26 -0500] "GET /sipse/css/imagen/logoSDG.png HTTP/1.1" 304 -
152.203.149.163 - - [01/May/2023:12:52:26 -0500] "GET /sipse/faces/javax.faces.resource/images/ui-icons_898989_256x240.png?ln=primefaces-aristo HTTP/1.1" 304 -
152.203.149.163 - - [01/May/2023:12:52:28 -0500] "POST /sipse/faces/autenticacion.xhtml HTTP/1.1" 200 2221
152.203.149.163 - - [01/May/2023:12:52:29 -0500] "GET /sipse/faces/javax.faces.resource/messages/messages.png?ln=primefaces&v=4.0 HTTP/1.1" 304 -
152.203.149.163 - - [01/May/2023:12:52:29 -0500] "POST /sipse/faces/autenticacion.xhtml HTTP/1.1" 200 16358
152.203.149.163 - - [01/May/2023:12:52:35 -0500] "GET /sipse/css/custom_css_sg_prime.css HTTP/1.1" 304 -
152.203.149.163 - - [01/May/2023:12:52:35 -0500] "GET /sipse/js/jquery.min.js HTTP/1.1" 304 -
152.203.149.163 - - [01/May/2023:12:52:35 -0500] "GET /sipse/faces/javax.faces.resource/theme.css?ln=primefaces-sipse HTTP/1.1" 304 -
152.203.149.163 - - [01/May/2023:12:52:35 -0500] "GET /sipse/faces/javax.faces.resource/primefaces.css?ln=primefaces&v=4.0 HTTP/1.1" 304 -
152.203.149.163 - - [01/May/2023:12:52:35 -0500] "GET /sipse/faces/javax.faces.resource/layout/layout.css?ln=primefaces&v=4.0 HTTP/1.1" 304 -
152.203.149.163 - - [01/May/2023:12:52:35 -0500] "GET /sipse/faces/javax.faces.resource/jquery/jquery.js?ln=primefaces&v=4.0 HTTP/1.1" 304 -
152.203.149.163 - - [01/May/2023:12:52:37 -0500] "GET /sipse/faces/javax.faces.resource/jquery/jquery-plugins.js?ln=primefaces&v=4.0 HTTP/1.1" 304 -
152.203.149.163 - - [01/May/2023:12:52:37 -0500] "GET /sipse/faces/javax.faces.resource/primefaces.js?ln=primefaces&v=4.0 HTTP/1.1" 304 -
152.203.149.163 - - [01/May/2023:12:52:37 -0500] "GET /sipse/faces/javax.faces.resource/layout/layout.js?ln=primefaces&v=4.0 HTTP/1.1" 304 -
152.203.149.163 - - [01/May/2023:12:52:37 -0500] "GET /sipse/imagenes/cargando.gif HTTP/1.1" 304 -
152.203.149.163 - - [01/May/2023:12:52:37 -0500] "GET /sipse/imagenes/logoAplicacion.jpg HTTP/1.1" 304 -
152.203.149.163 - - [01/May/2023:12:52:37 -0500] "GET /sipse/css/imagen/contrasena.png HTTP/1.1" 404 383
152.203.149.163 - - [01/May/2023:12:52:37 -0500] "POST /sipse/faces/bienvenido.xhtml HTTP/1.1" 200 732
152.203.149.163 - - [01/May/2023:12:52:38 -0500] "GET /sipse/faces/javax.faces.resource/images/ui-bg_flat_0_2d5972_40x100.png?ln=primefaces-aristo HTTP/1.1" 304 -
152.203.149.163 - - [01/May/2023:12:52:38 -0500] "POST /sipse/faces/bienvenido.xhtml HTTP/1.1" 200 732
152.203.149.163 - - [01/May/2023:12:52:39 -0500] "POST /sipse/faces/bienvenido.xhtml HTTP/1.1" 200 2658
190.26.50.189 - - [01/May/2023:12:52:43 -0500] "GET /BLA/resoluciones/index.php?dir=AUTOS+2020%2F HTTP/1.1" 200 328449
173.252.127.15 - - [01/May/2023:12:52:52 -0500] "GET /dia-nacional-del-arbol-atributos-y-caracteristicas-de-las-especies-representativas-de-bogota.html?fbclid=IwAR2ba1jyTHWMDd4d-ExFzcrUynLyWG8LsHDaoIyJDuYvxzXFgyUG0WgddmY HTTP/1.1" 200 809
152.203.149.163 - - [01/May/2023:12:52:40 -0500] "POST /sipse/faces/bienvenido.xhtml HTTP/1.1" 200 63604
152.203.149.163 - - [01/May/2023:12:52:54 -0500] "GET /sipse/faces/javax.faces.resource/theme.css?ln=primefaces-sipse HTTP/1.1" 304 -
152.203.149.163 - - [01/May/2023:12:52:54 -0500] "GET /sipse/faces/javax.faces.resource/jquery/jquery.js?ln=primefaces&v=4.0 HTTP/1.1" 304 -
152.203.149.163 - - [01/May/2023:12:52:54 -0500] "GET /sipse/faces/javax.faces.resource/primefaces.css?ln=primefaces&v=4.0 HTTP/1.1" 304 -
152.203.149.163 - - [01/May/2023:12:52:54 -0500] "GET /sipse/faces/javax.faces.resource/layout/layout.css?ln=primefaces&v=4.0 HTTP/1.1" 304 -
152.203.149.163 - - [01/May/2023:12:52:54 -0500] "GET /sipse/faces/javax.faces.resource/jquery/jquery-plugins.js?ln=primefaces&v=4.0 HTTP/1.1" 304 -
152.203.149.163 - - [01/May/2023:12:52:54 -0500] "GET /sipse/faces/javax.faces.resource/primefaces.js?ln=primefaces&v=4.0 HTTP/1.1" 304 -
152.203.149.163 - - [01/May/2023:12:52:54 -0500] "GET /sipse/faces/javax.faces.resource/layout/layout.js?ln=primefaces&v=4.0 HTTP/1.1" 304 -
201.245.192.253 - - [01/May/2023:12:52:51 -0500] "POST /kwsrmcab/Wsrmcab  HTTP/1.1" 200 41796
66.249.66.12 - - [01/May/2023:12:53:04 -0500] "-" 408 -
152.203.149.163 - - [01/May/2023:12:52:54 -0500] "POST /sipse/faces/presentacion/financiero/solicitudProceso/listarSolicitudProceso.xhtml HTTP/1.1" 200 1556
216.245.221.92 - - [01/May/2023:12:53:17 -0500] "HEAD / HTTP/1.1" 200 -
172.22.2.4 - - [01/May/2023:12:53:54 -0500] "GET /BLA/boletinlegal/consulta_actos.php?tipo=resoluciones&no=2725&usuario=&sector=&fecha=2018&resuelve= HTTP/1.1" 200 626
172.22.2.4 - - [01/May/2023:12:54:09 -0500] "GET /BLA/boletinlegal/actos.php HTTP/1.1" 200 9682
191.156.177.173 - - [01/May/2023:12:54:28 -0500] "GET /laurel-de-cera-distrito-intensifica-labores-para-prevenir-trafico-de-esta-especie-en-la-celebracion-de-la-cruz-de-mayo.html HTTP/1.1" 200 842
191.156.177.173 - - [01/May/2023:12:54:29 -0500] "GET /images/Laurel-de-cera.jpg HTTP/1.1" 200 39737
172.22.2.4 - - [01/May/2023:12:53:52 -0500] "HEAD /BLA/boletinlegal/ HTTP/1.1" 200 -
69.63.184.3 - - [01/May/2023:12:55:34 -0500] "GET /raton-de-campo-o-arrocero-nuevo-registro-en-el-humedal-torca-guaymaral.html HTTP/1.1" 206 727
66.249.66.15 - - [01/May/2023:12:56:08 -0500] "-" 408 -
172.22.2.4 - - [01/May/2023:12:54:43 -0500] "GET /BLA/boletinlegal/ HTTP/1.1" 200 57561
201.245.192.253 - - [01/May/2023:12:57:50 -0500] "POST /kwsrmcab/Wsrmcab  HTTP/1.1" 200 41796
216.245.221.92 - - [01/May/2023:12:58:17 -0500] "HEAD / HTTP/1.1" 200 -
74.80.208.70 - - [01/May/2023:12:58:23 -0500] "-" 408 -
40.77.167.84 - - [01/May/2023:12:59:19 -0500] "GET / HTTP/1.1" 200 319
66.249.66.5 - - [01/May/2023:12:59:36 -0500] "-" 408 -
66.249.66.15 - - [01/May/2023:12:59:43 -0500] "-" 408 -
40.77.167.84 - - [01/May/2023:13:00:29 -0500] "GET /portaldeninos/wp-content/uploads/2020/06/tw.jpg HTTP/1.1" 200 11056
40.77.167.94 - - [01/May/2023:13:01:20 -0500] "GET /BLA/resoluciones/AUTOS%202014/6644.pdf HTTP/1.1" 200 571413
172.22.2.4 - - [01/May/2023:12:59:42 -0500] "HEAD /BLA/boletinlegal/ HTTP/1.1" 200 -
173.252.95.22 - - [01/May/2023:13:01:39 -0500] "GET /distrito-inicia-pavimentacion-de-vias-para-mejorar-la-calidad-del-aire-de-bogota.html HTTP/1.1" 206 970
172.22.2.4 - - [01/May/2023:13:00:33 -0500] "GET /BLA/boletinlegal/ HTTP/1.1" 200 52730
186.80.52.163 - - [01/May/2023:13:02:16 -0500] "GET /sipse/faces/index.xhtml HTTP/1.1" 200 677
186.80.52.163 - - [01/May/2023:13:02:17 -0500] "GET /sipse/faces/javax.faces.resource/theme.css?ln=primefaces-sipse HTTP/1.1" 304 -
186.80.52.163 - - [01/May/2023:13:02:17 -0500] "GET /favicon.ico HTTP/1.1" 200 7782
186.80.52.163 - - [01/May/2023:13:02:17 -0500] "GET /sipse/faces/faces/autenticacion.xhtml HTTP/1.1" 200 12175
186.80.52.163 - - [01/May/2023:13:02:17 -0500] "GET /sipse/js/disable_browser_buttons.js HTTP/1.1" 200 3230
186.80.52.163 - - [01/May/2023:13:02:17 -0500] "GET /sipse/faces/javax.faces.resource/theme.css?ln=primefaces-sipse HTTP/1.1" 304 -
186.80.52.163 - - [01/May/2023:13:02:17 -0500] "GET /sipse/faces/javax.faces.resource/jquery/jquery.js?ln=primefaces&v=4.0 HTTP/1.1" 304 -
186.80.52.163 - - [01/May/2023:13:02:17 -0500] "GET /sipse/faces/javax.faces.resource/jquery/jquery-plugins.js?ln=primefaces&v=4.0 HTTP/1.1" 304 -
186.80.52.163 - - [01/May/2023:13:02:18 -0500] "GET /sipse/faces/javax.faces.resource/primefaces.js?ln=primefaces&v=4.0 HTTP/1.1" 304 -
186.80.52.163 - - [01/May/2023:13:02:18 -0500] "GET /sipse/faces/javax.faces.resource/layout/layout.js?ln=primefaces&v=4.0 HTTP/1.1" 304 -
186.80.52.163 - - [01/May/2023:13:02:17 -0500] "GET /sipse/js/funciones.js HTTP/1.1" 200 12592
186.80.52.163 - - [01/May/2023:13:02:17 -0500] "GET /sipse/faces/javax.faces.resource/layout/layout.css?ln=primefaces&v=4.0 HTTP/1.1" 304 -
186.80.52.163 - - [01/May/2023:13:02:17 -0500] "GET /sipse/css/custom_css_sg_prime_login.css HTTP/1.1" 200 443
186.80.52.163 - - [01/May/2023:13:02:17 -0500] "GET /sipse/faces/javax.faces.resource/primefaces.css?ln=primefaces&v=4.0 HTTP/1.1" 304 -
186.80.52.163 - - [01/May/2023:13:02:17 -0500] "GET /sipse/css/custom_css_sg.css HTTP/1.1" 200 9694
186.80.52.163 - - [01/May/2023:13:02:19 -0500] "GET /sipse/faces/javax.faces.resource/images/ui-icons_898989_256x240.png?ln=primefaces-aristo HTTP/1.1" 304 -
186.80.52.163 - - [01/May/2023:13:02:19 -0500] "GET /sipse/css/imagen/logoSDG.png HTTP/1.1" 200 53064
186.80.52.163 - - [01/May/2023:13:02:19 -0500] "GET /sipse/css/imagen/loginimg.png HTTP/1.1" 200 71635
186.80.52.163 - - [01/May/2023:13:02:23 -0500] "POST /sipse/faces/autenticacion.xhtml HTTP/1.1" 200 2221
186.80.52.163 - - [01/May/2023:13:02:24 -0500] "GET /sipse/faces/javax.faces.resource/messages/messages.png?ln=primefaces&v=4.0 HTTP/1.1" 304 -
186.80.52.163 - - [01/May/2023:13:02:26 -0500] "POST /sipse/faces/autenticacion.xhtml HTTP/1.1" 200 16345
186.80.52.163 - - [01/May/2023:13:02:27 -0500] "GET /sipse/faces/javax.faces.resource/theme.css?ln=primefaces-sipse HTTP/1.1" 304 -
186.80.52.163 - - [01/May/2023:13:02:27 -0500] "GET /sipse/css/custom_css_sg_prime.css HTTP/1.1" 200 5201
186.80.52.163 - - [01/May/2023:13:02:27 -0500] "GET /sipse/faces/javax.faces.resource/layout/layout.css?ln=primefaces&v=4.0 HTTP/1.1" 304 -
186.80.52.163 - - [01/May/2023:13:02:27 -0500] "GET /sipse/faces/javax.faces.resource/primefaces.css?ln=primefaces&v=4.0 HTTP/1.1" 304 -
186.80.52.163 - - [01/May/2023:13:02:27 -0500] "GET /sipse/js/jquery.min.js HTTP/1.1" 200 85582
186.80.52.163 - - [01/May/2023:13:02:27 -0500] "GET /sipse/faces/javax.faces.resource/jquery/jquery.js?ln=primefaces&v=4.0 HTTP/1.1" 304 -
186.80.52.163 - - [01/May/2023:13:02:28 -0500] "GET /sipse/faces/javax.faces.resource/jquery/jquery-plugins.js?ln=primefaces&v=4.0 HTTP/1.1" 304 -
186.80.52.163 - - [01/May/2023:13:02:28 -0500] "GET /sipse/faces/javax.faces.resource/primefaces.js?ln=primefaces&v=4.0 HTTP/1.1" 304 -
186.80.52.163 - - [01/May/2023:13:02:28 -0500] "GET /sipse/faces/javax.faces.resource/layout/layout.js?ln=primefaces&v=4.0 HTTP/1.1" 304 -
186.80.52.163 - - [01/May/2023:13:02:28 -0500] "GET /sipse/css/imagen/contrasena.png HTTP/1.1" 404 383
186.80.52.163 - - [01/May/2023:13:02:28 -0500] "GET /sipse/imagenes/cargando.gif HTTP/1.1" 200 36959
186.80.52.163 - - [01/May/2023:13:02:28 -0500] "GET /sipse/imagenes/logoAplicacion.jpg HTTP/1.1" 200 155084
186.80.52.163 - - [01/May/2023:13:02:30 -0500] "GET /sipse/faces/javax.faces.resource/images/ui-bg_flat_0_2d5972_40x100.png?ln=primefaces-aristo HTTP/1.1" 304 -
186.80.52.163 - - [01/May/2023:13:02:30 -0500] "POST /sipse/faces/bienvenido.xhtml HTTP/1.1" 200 2658
186.80.52.163 - - [01/May/2023:13:02:31 -0500] "POST /sipse/faces/bienvenido.xhtml HTTP/1.1" 200 65035
186.80.52.163 - - [01/May/2023:13:02:44 -0500] "GET /sipse/faces/javax.faces.resource/theme.css?ln=primefaces-sipse HTTP/1.1" 304 -
186.80.52.163 - - [01/May/2023:13:02:44 -0500] "GET /sipse/faces/javax.faces.resource/layout/layout.css?ln=primefaces&v=4.0 HTTP/1.1" 304 -
186.80.52.163 - - [01/May/2023:13:02:44 -0500] "GET /sipse/faces/javax.faces.resource/jquery/jquery.js?ln=primefaces&v=4.0 HTTP/1.1" 304 -
186.80.52.163 - - [01/May/2023:13:02:44 -0500] "GET /sipse/faces/javax.faces.resource/primefaces.css?ln=primefaces&v=4.0 HTTP/1.1" 304 -
186.80.52.163 - - [01/May/2023:13:02:44 -0500] "GET /sipse/faces/javax.faces.resource/jquery/jquery-plugins.js?ln=primefaces&v=4.0 HTTP/1.1" 304 -
186.80.52.163 - - [01/May/2023:13:02:44 -0500] "GET /sipse/faces/javax.faces.resource/primefaces.js?ln=primefaces&v=4.0 HTTP/1.1" 304 -
186.80.52.163 - - [01/May/2023:13:02:44 -0500] "GET /sipse/faces/javax.faces.resource/layout/layout.js?ln=primefaces&v=4.0 HTTP/1.1" 304 -
186.80.52.163 - - [01/May/2023:13:02:44 -0500] "POST /sipse/faces/presentacion/financiero/solicitudProceso/listarSolicitudProceso.xhtml HTTP/1.1" 200 1556
201.245.192.253 - - [01/May/2023:13:02:49 -0500] "POST /kwsrmcab/Wsrmcab  HTTP/1.1" 200 41796
186.80.52.163 - - [01/May/2023:13:02:55 -0500] "POST /sipse/faces/presentacion/financiero/solicitudProceso/listarSolicitudProceso.xhtml HTTP/1.1" 200 141706
186.80.52.163 - - [01/May/2023:13:03:04 -0500] "GET /sipse/faces/javax.faces.resource/theme.css?ln=primefaces-sipse HTTP/1.1" 304 -
186.80.52.163 - - [01/May/2023:13:03:04 -0500] "GET /sipse/faces/javax.faces.resource/primefaces.css?ln=primefaces&v=4.0 HTTP/1.1" 304 -
186.80.52.163 - - [01/May/2023:13:03:04 -0500] "GET /sipse/faces/javax.faces.resource/layout/layout.css?ln=primefaces&v=4.0 HTTP/1.1" 304 -
186.80.52.163 - - [01/May/2023:13:03:04 -0500] "GET /sipse/faces/javax.faces.resource/jquery/jquery.js?ln=primefaces&v=4.0 HTTP/1.1" 304 -
186.80.52.163 - - [01/May/2023:13:03:05 -0500] "GET /sipse/faces/javax.faces.resource/jquery/jquery-plugins.js?ln=primefaces&v=4.0 HTTP/1.1" 304 -
186.80.52.163 - - [01/May/2023:13:03:05 -0500] "GET /sipse/faces/javax.faces.resource/primefaces.js?ln=primefaces&v=4.0 HTTP/1.1" 304 -
186.80.52.163 - - [01/May/2023:13:03:05 -0500] "GET /sipse/faces/javax.faces.resource/layout/layout.js?ln=primefaces&v=4.0 HTTP/1.1" 304 -
186.80.52.163 - - [01/May/2023:13:03:05 -0500] "GET /sipse/faces/javax.faces.resource/dynamiccontent.properties?ln=primefaces&pfdrid=XjOR5%2F%2FfPAZAuY9TpWQeCiM0BhlXxYRBGKi%2FQcXXfeA%3D&pfdrid_c=false HTTP/1.1" 500 383
186.80.52.163 - - [01/May/2023:13:03:11 -0500] "POST /sipse/faces/presentacion/financiero/solicitudProceso/consultarSolicitudProceso.xhtml HTTP/1.1" 200 39207
186.80.52.163 - - [01/May/2023:13:03:14 -0500] "GET /sipse/faces/javax.faces.resource/layout/layout.css?ln=primefaces&v=4.0 HTTP/1.1" 304 -
186.80.52.163 - - [01/May/2023:13:03:14 -0500] "GET /sipse/faces/javax.faces.resource/theme.css?ln=primefaces-sipse HTTP/1.1" 304 -
186.80.52.163 - - [01/May/2023:13:03:14 -0500] "GET /sipse/faces/javax.faces.resource/primefaces.js?ln=primefaces&v=4.0 HTTP/1.1" 304 -
186.80.52.163 - - [01/May/2023:13:03:14 -0500] "GET /sipse/faces/javax.faces.resource/jquery/jquery-plugins.js?ln=primefaces&v=4.0 HTTP/1.1" 304 -
186.80.52.163 - - [01/May/2023:13:03:14 -0500] "GET /sipse/faces/javax.faces.resource/jquery/jquery.js?ln=primefaces&v=4.0 HTTP/1.1" 304 -
186.80.52.163 - - [01/May/2023:13:03:14 -0500] "GET /sipse/faces/javax.faces.resource/primefaces.css?ln=primefaces&v=4.0 HTTP/1.1" 304 -
186.80.52.163 - - [01/May/2023:13:03:14 -0500] "GET /sipse/faces/javax.faces.resource/layout/layout.js?ln=primefaces&v=4.0 HTTP/1.1" 304 -
216.245.221.92 - - [01/May/2023:13:03:17 -0500] "HEAD / HTTP/1.1" 200 -
186.80.52.163 - - [01/May/2023:13:03:29 -0500] "GET /sipse/faces/javax.faces.resource/layout/layout.css?ln=primefaces&v=4.0 HTTP/1.1" 304 -
186.80.52.163 - - [01/May/2023:13:03:25 -0500] "POST /sipse/faces/presentacion/financiero/solicitudProceso/consultarHistorialSolProceso.xhtml HTTP/1.1" 200 187548
186.80.52.163 - - [01/May/2023:13:03:29 -0500] "GET /sipse/faces/javax.faces.resource/primefaces.css?ln=primefaces&v=4.0 HTTP/1.1" 304 -
186.80.52.163 - - [01/May/2023:13:03:29 -0500] "GET /sipse/faces/javax.faces.resource/jquery/jquery.js?ln=primefaces&v=4.0 HTTP/1.1" 304 -
186.80.52.163 - - [01/May/2023:13:03:29 -0500] "GET /sipse/faces/javax.faces.resource/jquery/jquery-plugins.js?ln=primefaces&v=4.0 HTTP/1.1" 304 -
186.80.52.163 - - [01/May/2023:13:03:29 -0500] "GET /sipse/faces/javax.faces.resource/primefaces.js?ln=primefaces&v=4.0 HTTP/1.1" 304 -
186.80.52.163 - - [01/May/2023:13:03:29 -0500] "GET /sipse/faces/javax.faces.resource/layout/layout.js?ln=primefaces&v=4.0 HTTP/1.1" 304 -
186.80.52.163 - - [01/May/2023:13:03:29 -0500] "GET /sipse/faces/javax.faces.resource/theme.css?ln=primefaces-sipse HTTP/1.1" 304 -
186.80.52.163 - - [01/May/2023:13:03:31 -0500] "GET /sipse/faces/javax.faces.resource/dynamiccontent.properties?ln=primefaces&pfdrid=XjOR5%2F%2FfPAZAuY9TpWQeCiM0BhlXxYRBGKi%2FQcXXfeA%3D&pfdrid_c=false HTTP/1.1" 500 383
190.24.16.29 - - [01/May/2023:13:03:44 -0500] "-" 408 -
172.22.2.4 - - [01/May/2023:13:05:10 -0500] "GET /BLA/boletinlegal/consulta_actos.php?tipo=resoluciones&no=1943&usuario=&sector=&fecha=2020&resuelve= HTTP/1.1" 200 1155
191.156.187.183 - - [01/May/2023:13:05:21 -0500] "GET /BLA/resoluciones/RESOLUCIONES%202020/1943.pdf HTTP/1.1" 200 499564
66.249.66.84 - - [01/May/2023:13:06:33 -0500] "-" 408 -
172.22.2.4 - - [01/May/2023:13:05:32 -0500] "HEAD /BLA/boletinlegal/ HTTP/1.1" 200 -
201.245.192.253 - - [01/May/2023:13:07:47 -0500] "POST /kwsrmcab/Wsrmcab  HTTP/1.1" 200 16384
172.22.2.4 - - [01/May/2023:13:06:23 -0500] "GET /BLA/boletinlegal/ HTTP/1.1" 200 57561
216.245.221.92 - - [01/May/2023:13:08:17 -0500] "HEAD / HTTP/1.1" 200 -
201.245.192.253 - - [01/May/2023:13:08:56 -0500] "POST /kwsrmcab/Wsrmcab  HTTP/1.1" 200 16384
201.245.192.253 - - [01/May/2023:13:10:05 -0500] "POST /kwsrmcab/Wsrmcab  HTTP/1.1" 200 14501
74.80.208.70 - - [01/May/2023:13:10:47 -0500] "GET /BLA/boletinlegal/notificaciones.php HTTP/1.1" 200 3351
201.245.192.253 - - [01/May/2023:13:11:13 -0500] "POST /kwsrmcab/Wsrmcab  HTTP/1.1" 200 14501
172.22.2.4 - - [01/May/2023:13:11:47 -0500] "GET /BLA/boletinlegal/actos.php HTTP/1.1" 200 9682
186.155.19.159 - - [01/May/2023:13:11:50 -0500] "GET /BLA/resoluciones/ HTTP/1.1" 200 13502
186.155.19.159 - - [01/May/2023:13:11:51 -0500] "GET /BLA/resoluciones/index.php?dir=AUTOS+2023%2F HTTP/1.1" 200 30371
172.22.2.4 - - [01/May/2023:13:11:55 -0500] "GET /BLA/boletinlegal/robots.txt HTTP/1.1" 404 1038
201.245.192.253 - - [01/May/2023:13:12:22 -0500] "POST /kwsrmcab/Wsrmcab  HTTP/1.1" 200 41796
172.22.2.4 - - [01/May/2023:13:12:40 -0500] "GET /BLA/boletinlegal/consulta_actos.php?tipo=resoluciones&no=1945&usuario=&sector=&fecha=2020&resuelve= HTTP/1.1" 200 1155
172.22.2.4 - - [01/May/2023:13:11:45 -0500] "GET /BLA/boletinlegal/ HTTP/1.1" 200 24523
191.156.187.197 - - [01/May/2023:13:12:42 -0500] "GET /BLA/resoluciones/RESOLUCIONES%202020/1945.pdf HTTP/1.1" 200 505557
172.22.2.4 - - [01/May/2023:13:11:22 -0500] "HEAD /BLA/boletinlegal/ HTTP/1.1" 200 -
216.245.221.92 - - [01/May/2023:13:13:17 -0500] "HEAD / HTTP/1.1" 200 -
172.22.2.4 - - [01/May/2023:13:11:56 -0500] "GET /BLA/boletinlegal/ HTTP/1.1" 200 41700
201.245.192.253 - - [01/May/2023:13:13:24 -0500] "POST /kwsrmcab/Wsrmcab  HTTP/1.1" 200 20000
172.22.2.4 - - [01/May/2023:13:12:12 -0500] "GET /BLA/boletinlegal/ HTTP/1.1" 200 44065
172.22.2.4 - - [01/May/2023:13:12:13 -0500] "GET /BLA/boletinlegal/ HTTP/1.1" 200 42868
66.249.66.15 - - [01/May/2023:13:14:09 -0500] "-" 408 -
201.245.192.253 - - [01/May/2023:13:14:33 -0500] "POST /kwsrmcab/Wsrmcab  HTTP/1.1" 200 41796
201.245.192.253 - - [01/May/2023:13:15:34 -0500] "POST /kwsrmcab/Wsrmcab  HTTP/1.1" 200 41796
191.108.78.89 - - [01/May/2023:13:15:40 -0500] "GET /galeria/galeria/jquery.fancybox.css?v=2.1.5 HTTP/1.1" 200 4895
191.108.78.89 - - [01/May/2023:13:15:40 -0500] "GET /BLA/boletinlegal/js/jquery.scrollShow.js HTTP/1.1" 200 4586
191.108.78.89 - - [01/May/2023:13:15:40 -0500] "GET /galeria/galeria/jquery.fancybox.js?v=2.1.5 HTTP/1.1" 200 48706
40.77.167.86 - - [01/May/2023:13:18:09 -0500] "GET /sipse/faces/autenticacion.xhtml HTTP/1.1" 200 12497
216.245.221.92 - - [01/May/2023:13:18:17 -0500] "HEAD / HTTP/1.1" 200 -
40.77.167.94 - - [01/May/2023:13:18:31 -0500] "GET /galeria/galeria/fotos/Capellania3G.jpg HTTP/1.1" 200 515718
40.77.167.94 - - [01/May/2023:13:18:33 -0500] "GET /BLA/boletinlegal/js/jquery.scrollShow.js HTTP/1.1" 200 4586
172.22.2.4 - - [01/May/2023:13:17:12 -0500] "HEAD /BLA/boletinlegal/ HTTP/1.1" 200 -
201.245.192.253 - - [01/May/2023:13:19:10 -0500] "POST /kwsrmcab/Wsrmcab HTTP/1.1" 200 42858
201.245.192.253 - - [01/May/2023:13:19:13 -0500] "POST /kwsrmcab/Wsrmcab HTTP/1.1" 200 43461
172.22.2.4 - - [01/May/2023:13:19:18 -0500] "GET /BLA/boletinlegal/consulta_actos.php?tipo=resoluciones&no=1963&usuario=&sector=&fecha=2020&resuelve= HTTP/1.1" 200 1156
191.156.182.41 - - [01/May/2023:13:19:20 -0500] "GET /BLA/resoluciones/RESOLUCIONES%202020/1963.pdf HTTP/1.1" 200 512860
172.22.2.4 - - [01/May/2023:13:18:03 -0500] "GET /BLA/boletinlegal/ HTTP/1.1" 200 57151
40.77.167.86 - - [01/May/2023:13:19:58 -0500] "GET /BLA/resoluciones/index.php?dir=RESOLUCIONES+2022%2F HTTP/1.1" 200 300901
66.249.66.72 - - [01/May/2023:13:20:28 -0500] "-" 408 -
201.245.192.253 - - [01/May/2023:13:20:33 -0500] "POST /kwsrmcab/Wsrmcab  HTTP/1.1" 200 41796
200.118.80.114 - - [01/May/2023:13:20:36 -0500] "GET /mujeres-que-reverdecen-secretaria-de-ambiente-anuncia-el-inicio-de-la-tercera-fase.html HTTP/1.1" 200 954
74.125.210.170 - - [01/May/2023:13:20:36 -0500] "GET /mujeres-que-reverdecen-secretaria-de-ambiente-anuncia-el-inicio-de-la-tercera-fase.html HTTP/1.1" 200 954
74.125.210.170 - - [01/May/2023:13:20:36 -0500] "GET /mujeres-que-reverdecen-secretaria-de-ambiente-anuncia-el-inicio-de-la-tercera-fase.html HTTP/1.1" 200 954
74.125.210.172 - - [01/May/2023:13:20:36 -0500] "GET /mujeres-que-reverdecen-secretaria-de-ambiente-anuncia-el-inicio-de-la-tercera-fase.html HTTP/1.1" 200 954
66.249.66.15 - - [01/May/2023:13:21:48 -0500] "-" 408 -
216.245.221.92 - - [01/May/2023:13:23:17 -0500] "HEAD / HTTP/1.1" 200 -
172.22.2.4 - - [01/May/2023:13:23:02 -0500] "HEAD /BLA/boletinlegal/ HTTP/1.1" 200 -
151.241.69.142 - - [01/May/2023:13:25:23 -0500] "GET / HTTP/1.1" 200 319
201.245.192.253 - - [01/May/2023:13:25:31 -0500] "POST /kwsrmcab/Wsrmcab  HTTP/1.1" 200 41796
172.22.2.4 - - [01/May/2023:13:23:54 -0500] "GET /BLA/boletinlegal/ HTTP/1.1" 200 57561
172.22.2.4 - - [01/May/2023:13:26:18 -0500] "GET /BLA/boletinlegal/Circulares/2012/Circular%20No.%2016%20del%2022%20de%20octubre%20de%202012.pdf HTTP/1.1" 200 381186
172.22.2.4 - - [01/May/2023:13:27:09 -0500] "GET /BLA/boletinlegal/apple-touch-icon-precomposed.png HTTP/1.1" 404 1140
172.22.2.4 - - [01/May/2023:13:27:09 -0500] "GET /BLA/boletinlegal/apple-touch-icon.png HTTP/1.1" 404 1140
172.22.2.4 - - [01/May/2023:13:27:09 -0500] "GET /BLA/boletinlegal/favicon.ico HTTP/1.1" 404 1140
172.22.2.4 - - [01/May/2023:13:26:39 -0500] "GET /BLA/boletinlegal/ HTTP/1.1" 200 49099
216.245.221.92 - - [01/May/2023:13:28:17 -0500] "HEAD / HTTP/1.1" 200 -
201.245.192.253 - - [01/May/2023:13:29:10 -0500] "POST /kwsrmcab/Wsrmcab HTTP/1.1" 200 42858
201.245.192.253 - - [01/May/2023:13:29:13 -0500] "POST /kwsrmcab/Wsrmcab HTTP/1.1" 200 43461
52.167.144.139 - - [01/May/2023:13:30:23 -0500] "GET /secretaria-de-ambiente-en-sumapaz-trabajo-de-la-mano-con-los-campesinos-aliados-de-la-conservacion.html HTTP/1.1" 200 853
172.22.2.4 - - [01/May/2023:13:28:52 -0500] "HEAD /BLA/boletinlegal/ HTTP/1.1" 200 -
201.245.192.253 - - [01/May/2023:13:30:30 -0500] "POST /kwsrmcab/Wsrmcab  HTTP/1.1" 200 41796
74.80.208.70 - - [01/May/2023:13:30:46 -0500] "-" 408 -
172.22.2.4 - - [01/May/2023:13:29:43 -0500] "GET /BLA/boletinlegal/ HTTP/1.1" 200 59306
139.59.174.133 - - [01/May/2023:13:31:45 -0500] "GET /portaldeninos/ HTTP/1.1" 200 110197
216.245.221.92 - - [01/May/2023:13:33:17 -0500] "HEAD / HTTP/1.1" 200 -
201.245.192.253 - - [01/May/2023:13:35:29 -0500] "POST /kwsrmcab/Wsrmcab  HTTP/1.1" 200 41796
157.55.39.224 - - [01/May/2023:13:35:58 -0500] "GET /BLA/resoluciones/AUTOS%202018/2151.pdf HTTP/1.1" 200 288793
172.22.2.4 - - [01/May/2023:13:36:16 -0500] "GET /BLA/boletinlegal/actuator/health HTTP/1.1" 404 1018
172.22.2.4 - - [01/May/2023:13:34:42 -0500] "HEAD /BLA/boletinlegal/ HTTP/1.1" 200 -
172.22.2.4 - - [01/May/2023:13:35:33 -0500] "GET /BLA/boletinlegal/ HTTP/1.1" 200 52730
74.80.208.70 - - [01/May/2023:13:38:05 -0500] "GET /Residuos/pinturas/pinturas.html HTTP/1.1" 304 -
216.245.221.92 - - [01/May/2023:13:38:17 -0500] "HEAD / HTTP/1.1" 200 -
74.80.208.70 - - [01/May/2023:13:38:20 -0500] "GET /BLA/boletinlegal/jurisprudencia/analisis/Analisis%20Sentencia%20T-1077,%202%20corregida.doc HTTP/1.1" 200 47616
201.245.192.253 - - [01/May/2023:13:39:10 -0500] "POST /kwsrmcab/Wsrmcab HTTP/1.1" 200 42858
201.245.192.253 - - [01/May/2023:13:39:13 -0500] "POST /kwsrmcab/Wsrmcab HTTP/1.1" 200 43461
74.80.208.24 - - [01/May/2023:13:40:25 -0500] "GET /BLA/boletinlegal/jurisprudencia/analisis/Analisis%20Sentencia%20T-1077,%202%20corregida.doc HTTP/1.1" 200 47616
201.245.192.253 - - [01/May/2023:13:40:28 -0500] "POST /kwsrmcab/Wsrmcab  HTTP/1.1" 200 41796
172.22.2.4 - - [01/May/2023:13:41:06 -0500] "GET /BLA/boletinlegal/actos.php HTTP/1.1" 200 9682
172.22.2.4 - - [01/May/2023:13:41:06 -0500] "GET /BLA/boletinlegal/favicon.ico HTTP/1.1" 404 1326
172.22.2.4 - - [01/May/2023:13:41:18 -0500] "GET /BLA/boletinlegal/consulta_actos.php?tipo=autos&no=2284&usuario=&sector=&fecha=2019&resuelve= HTTP/1.1" 200 1071
181.56.64.186 - - [01/May/2023:13:41:45 -0500] "GET /BLA/resoluciones/ HTTP/1.1" 200 13502
181.56.64.186 - - [01/May/2023:13:41:52 -0500] "GET /BLA/resoluciones/index.php?dir=AUTOS+2018%2F HTTP/1.1" 200 457306
172.22.2.4 - - [01/May/2023:13:41:02 -0500] "GET /BLA/boletinlegal/ HTTP/1.1" 200 24523
172.22.2.4 - - [01/May/2023:13:40:32 -0500] "HEAD /BLA/boletinlegal/ HTTP/1.1" 200 -
172.22.2.4 - - [01/May/2023:13:43:01 -0500] "GET /BLA/boletinlegal/consulta_actos.php?tipo=autos&no=2284&usuario=&sector=&fecha=2015&resuelve= HTTP/1.1" 200 1121
172.22.2.4 - - [01/May/2023:13:41:23 -0500] "GET /BLA/boletinlegal/ HTTP/1.1" 200 53561
216.245.221.92 - - [01/May/2023:13:43:17 -0500] "HEAD / HTTP/1.1" 200 -
66.249.66.2 - - [01/May/2023:13:44:09 -0500] "-" 408 -
173.252.95.8 - - [01/May/2023:13:44:26 -0500] "GET /garza-azul-nueva-ave-registrada-en-el-humedal-el-burro.html HTTP/1.1" 206 890
172.22.2.4 - - [01/May/2023:13:44:39 -0500] "GET /BLA/boletinlegal/consulta_actos.php?tipo=autos&no=2284&usuario=&sector=&fecha=2015&resuelve= HTTP/1.1" 200 1121
172.22.2.4 - - [01/May/2023:13:44:44 -0500] "GET /BLA/boletinlegal/actos.php HTTP/1.1" 200 9682
172.22.2.4 - - [01/May/2023:13:44:46 -0500] "GET /BLA/boletinlegal/consulta_actos.php?tipo=autos&no=&usuario=&sector=&fecha=2023&resuelve= HTTP/1.1" 200 83051
172.22.2.4 - - [01/May/2023:13:44:47 -0500] "GET /BLA/boletinlegal/images/background.gif HTTP/1.1" 200 -
181.53.12.243 - - [01/May/2023:13:45:02 -0500] "GET /mujeres-que-reverdecen-secretaria-de-ambiente-anuncia-el-inicio-de-la-tercera-fase.html HTTP/1.1" 200 954
172.22.2.4 - - [01/May/2023:13:45:02 -0500] "GET /BLA/boletinlegal/consulta_actos.php?tipo=autos&no=2284&usuario=&sector=&fecha=2015&resuelve= HTTP/1.1" 200 1121
181.56.64.186 - - [01/May/2023:13:45:05 -0500] "GET /BLA/resoluciones/ HTTP/1.1" 200 13502
181.56.64.186 - - [01/May/2023:13:45:10 -0500] "GET /BLA/resoluciones/index.php?dir=AUTOS+2015%2F HTTP/1.1" 200 581560
172.22.2.4 - - [01/May/2023:13:44:42 -0500] "GET /BLA/boletinlegal/ HTTP/1.1" 200 24523
201.245.192.253 - - [01/May/2023:13:45:27 -0500] "POST /kwsrmcab/Wsrmcab  HTTP/1.1" 200 41796
201.221.172.60 - - [01/May/2023:13:46:43 -0500] "GET /galeria/galeria/jquery.fancybox.css?v=2.1.5 HTTP/1.1" 200 4895
201.221.172.60 - - [01/May/2023:13:46:43 -0500] "GET /BLA/boletinlegal/js/jquery.scrollShow.js HTTP/1.1" 200 4586
201.221.172.60 - - [01/May/2023:13:46:43 -0500] "GET /galeria/galeria/jquery.fancybox.js?v=2.1.5 HTTP/1.1" 200 48706
193.32.162.159 - - [01/May/2023:13:47:42 -0500] "GET / HTTP/1.1" 200 319
193.32.162.159 - - [01/May/2023:13:47:52 -0500] "GET /dispatch.asp HTTP/1.1" 404 1018
66.249.66.38 - - [01/May/2023:13:47:55 -0500] "-" 408 -
172.22.2.4 - - [01/May/2023:13:46:22 -0500] "HEAD /BLA/boletinlegal/ HTTP/1.1" 200 -
216.245.221.92 - - [01/May/2023:13:48:17 -0500] "HEAD / HTTP/1.1" 200 -
172.22.2.4 - - [01/May/2023:13:46:54 -0500] "GET /BLA/boletinlegal/ HTTP/1.1" 200 49754
172.22.2.4 - - [01/May/2023:13:48:35 -0500] "GET /BLA/boletinlegal/Directivas/2011/Directiva%20No.%202%20del%2017%20de%20Mayo%20de%202011.pdf HTTP/1.1" 200 495382
172.22.2.4 - - [01/May/2023:13:47:13 -0500] "GET /BLA/boletinlegal/ HTTP/1.1" 200 53561
191.67.120.15 - - [01/May/2023:13:49:58 -0500] "GET /mujeres-que-reverdecen-secretaria-de-ambiente-anuncia-300-cupos-para-la-tercera-fase-del-programa.html HTTP/1.1" 200 823
201.245.192.253 - - [01/May/2023:13:50:26 -0500] "POST /kwsrmcab/Wsrmcab  HTTP/1.1" 200 41796
199.16.157.183 - - [01/May/2023:13:52:37 -0500] "GET /ciudadana-recu HTTP/1.1" 404 1034
199.16.157.181 - - [01/May/2023:13:52:40 -0500] "GET /ciudadana-recu HTTP/1.1" 404 1034
216.245.221.92 - - [01/May/2023:13:53:17 -0500] "HEAD / HTTP/1.1" 200 -
199.16.157.182 - - [01/May/2023:13:53:34 -0500] "GET /ciudadana-recu HTTP/1.1" 404 1034
199.16.157.181 - - [01/May/2023:13:53:41 -0500] "GET /ciudadana-recu HTTP/1.1" 404 1034
181.56.64.186 - - [01/May/2023:13:53:51 -0500] "GET /BLA/resoluciones/index.php?dir=AUTOS+2019%2F HTTP/1.1" 200 376732
173.252.95.10 - - [01/May/2023:13:53:52 -0500] "GET /images/WhatsApp%20Image%202023-04-05%20at%2013.54.41.jpeg HTTP/1.1" 200 210747
173.252.95.23 - - [01/May/2023:13:53:52 -0500] "GET /images/Adopcion-gatos-y-perros-en-bogota-abril-23.jpeg HTTP/1.1" 200 68661
173.252.95.11 - - [01/May/2023:13:53:52 -0500] "GET /images/atencion-al-ciudadano-abril.jpg HTTP/1.1" 200 116523
173.252.95.23 - - [01/May/2023:13:53:52 -0500] "GET /images/mejora-la-calidad-del-aire-en-bogota-5-abril.jpeg HTTP/1.1" 200 44341
173.252.95.15 - - [01/May/2023:13:53:52 -0500] "GET /images/incautan-animales-semana-santa-2023.jpeg HTTP/1.1" 200 36611
172.22.2.4 - - [01/May/2023:13:52:12 -0500] "HEAD /BLA/boletinlegal/ HTTP/1.1" 200 -
173.252.95.120 - - [01/May/2023:13:53:52 -0500] "GET /images/Fauna-silvestre-jornada-sensibilizacion-semana-santa.jpeg HTTP/1.1" 200 50019
199.16.157.182 - - [01/May/2023:13:53:54 -0500] "GET /ciudadana-recu HTTP/1.1" 404 1034
173.252.95.21 - - [01/May/2023:13:53:56 -0500] "GET /images/palma-de-cera-1-abril_optimized.jpeg HTTP/1.1" 200 171987
173.252.95.10 - - [01/May/2023:13:53:57 -0500] "GET /images/rendicion-de-cuentas-post-01-02-(1)_optimized.jpg HTTP/1.1" 200 121430
173.252.95.19 - - [01/May/2023:13:53:57 -0500] "GET /images/semana-bosques-1_optimized.1.jpg HTTP/1.1" 200 102892
69.171.249.13 - - [01/May/2023:13:54:08 -0500] "GET /ciudadana-recu%E2%80%A6 HTTP/1.1" 404 1034
173.252.95.119 - - [01/May/2023:13:54:09 -0500] "GET /ciudadana-recu HTTP/1.1" 404 1034
173.252.95.13 - - [01/May/2023:13:54:12 -0500] "GET /ciudadana-recu HTTP/1.1" 404 1034
173.252.95.4 - - [01/May/2023:13:54:13 -0500] "GET /ciudadana-recu HTTP/1.1" 404 1034
173.252.95.7 - - [01/May/2023:13:54:13 -0500] "GET /ciudadana-recu HTTP/1.1" 404 1034
173.252.95.23 - - [01/May/2023:13:54:14 -0500] "GET /ciudadana-recu HTTP/1.1" 404 1034
173.252.95.19 - - [01/May/2023:13:54:14 -0500] "GET /ciudadana-recu HTTP/1.1" 404 1034
173.252.95.10 - - [01/May/2023:13:54:14 -0500] "GET /ciudadana-recu HTTP/1.1" 404 1034
173.252.95.11 - - [01/May/2023:13:54:14 -0500] "GET /ciudadana-recu HTTP/1.1" 404 1034
173.252.95.10 - - [01/May/2023:13:54:15 -0500] "GET /ciudadana-recu HTTP/1.1" 404 1034
173.252.95.7 - - [01/May/2023:13:54:17 -0500] "GET /ciudadana-recu HTTP/1.1" 404 1034
173.252.95.6 - - [01/May/2023:13:54:17 -0500] "GET /ciudadana-recu HTTP/1.1" 404 1034
186.84.89.200 - - [01/May/2023:13:54:17 -0500] "GET /ciudadana-recu?fbclid=IwAR1VTMj0UJ6Sku9JpeKjH76pQEL4RGri0ziLzykz1snKrs3eBLSdZpO-FUk HTTP/1.1" 404 1260
186.84.89.200 - - [01/May/2023:13:54:19 -0500] "GET /ciudadana-recu?fbclid=IwAR1VTMj0UJ6Sku9JpeKjH76pQEL4RGri0ziLzykz1snKrs3eBLSdZpO-FUk HTTP/1.1" 404 1260
66.220.149.13 - - [01/May/2023:13:54:20 -0500] "GET /ciudadana-recu HTTP/1.1" 404 1034
172.22.2.4 - - [01/May/2023:13:54:29 -0500] "GET /BLA/boletinlegal/actos.php HTTP/1.1" 200 9682
186.84.89.200 - - [01/May/2023:13:54:32 -0500] "GET /ciudadana-recu HTTP/1.1" 404 1264
66.220.149.4 - - [01/May/2023:13:54:37 -0500] "GET /ciudadana-recu?fbclid=IwAR1i0I0-DHrHp5Ae5y83lvywbk9wQSDtlYE24W4TUPuR1lZ0F0ldPvITY8A HTTP/1.1" 404 1034
66.220.149.20 - - [01/May/2023:13:54:37 -0500] "GET /favicon.ico HTTP/1.1" 404 1368
172.22.2.4 - - [01/May/2023:13:54:39 -0500] "GET /BLA/boletinlegal/consulta_actos.php?tipo=autos&no=1804&usuario=&sector=&fecha=2019&resuelve= HTTP/1.1" 200 626
181.56.64.186 - - [01/May/2023:13:54:42 -0500] "GET /BLA/resoluciones/ HTTP/1.1" 200 13502
172.22.2.4 - - [01/May/2023:13:53:03 -0500] "GET /BLA/boletinlegal/ HTTP/1.1" 200 54808
181.56.64.186 - - [01/May/2023:13:54:46 -0500] "GET /BLA/resoluciones/index.php?dir=AUTOS+2019%2F HTTP/1.1" 200 376732
173.252.95.120 - - [01/May/2023:13:54:50 -0500] "GET /alista-tu-camara-y-participa-en-el-reto-naturalista-2023.html?fbclid=IwAR0oSOctCV309q_XJ6jvR004e61SgVDoc389v2sLlcVh51QBTaIqNCY8cY4 HTTP/1.1" 200 743
186.84.89.200 - - [01/May/2023:13:55:01 -0500] "GET /ciudadana-recupera-en-vias-de-cundinamarca-halcon-herido-y-lo-entrega-a-las-autoridades-en-bogota.html HTTP/1.1" 200 739
35.236.230.103 - - [01/May/2023:13:55:03 -0500] "GET /ciudadana-recu HTTP/1.0" 404 1034
35.236.230.103 - - [01/May/2023:13:55:03 -0500] "GET /ciudadana-recu HTTP/1.0" 404 1034
172.22.2.4 - - [01/May/2023:13:54:27 -0500] "GET /BLA/boletinlegal/ HTTP/1.1" 200 24523
31.13.127.12 - - [01/May/2023:13:55:09 -0500] "GET /ciudadana-recu HTTP/1.1" 404 1034
201.245.192.253 - - [01/May/2023:13:55:25 -0500] "POST /kwsrmcab/Wsrmcab  HTTP/1.1" 200 41796
116.202.35.119 - - [01/May/2023:13:55:33 -0500] "GET /ciudadana-recu HTTP/1.1" 404 1034
216.245.221.92 - - [01/May/2023:13:58:17 -0500] "HEAD / HTTP/1.1" 200 -
157.55.39.224 - - [01/May/2023:13:58:18 -0500] "GET /BLA/resoluciones/AUTOS%202019/4772.pdf HTTP/1.1" 200 332405
116.202.33.241 - - [01/May/2023:13:58:21 -0500] "GET /ciudadana-recu HTTP/1.1" 404 1034
172.22.2.4 - - [01/May/2023:13:57:40 -0500] "GET /BLA/boletinlegal/ HTTP/1.1" 200 36811
186.84.90.26 - - [01/May/2023:13:59:12 -0500] "GET /ciudadana-recu HTTP/1.1" 404 1264
172.22.2.4 - - [01/May/2023:13:58:02 -0500] "HEAD /BLA/boletinlegal/ HTTP/1.1" 200 -
201.245.192.253 - - [01/May/2023:14:00:23 -0500] "POST /kwsrmcab/Wsrmcab  HTTP/1.1" 200 41796
172.22.2.4 - - [01/May/2023:13:58:52 -0500] "GET /BLA/boletinlegal/ HTTP/1.1" 200 57151
173.23.55.62 - - [01/May/2023:14:00:47 -0500] "GET http://190.27.245.106:80/pma/scripts/setup.php HTTP/1.0" 404 1018
173.23.55.62 - - [01/May/2023:14:00:47 -0500] "GET http://190.27.245.106:80/webadmin/scripts/setup.php HTTP/1.0" 404 1018
173.23.55.62 - - [01/May/2023:14:00:47 -0500] "GET http://190.27.245.106:80/sqlweb/scripts/setup.php HTTP/1.0" 404 1018
173.23.55.62 - - [01/May/2023:14:00:47 -0500] "GET http://190.27.245.106:80/phpMyAdmin-2.5.5/scripts/setup.php HTTP/1.0" 403 1165
173.23.55.62 - - [01/May/2023:14:00:47 -0500] "GET http://190.27.245.106:80/mysqlmanager/scripts/setup.php HTTP/1.0" 404 1018
173.23.55.62 - - [01/May/2023:14:00:47 -0500] "GET http://190.27.245.106:80/phpma/scripts/setup.php HTTP/1.0" 404 1018
173.23.55.62 - - [01/May/2023:14:00:48 -0500] "GET http://190.27.245.106:80/phpMyAdmin-2.11.7/scripts/setup.php HTTP/1.0" 403 1165
173.23.55.62 - - [01/May/2023:14:00:48 -0500] "GET http://190.27.245.106:80/db/scripts/setup.php HTTP/1.0" 404 1018
173.23.55.62 - - [01/May/2023:14:00:48 -0500] "GET http://190.27.245.106:80/phpMyAdmin-2.11.9.2/scripts/setup.php HTTP/1.0" 403 1165
173.23.55.62 - - [01/May/2023:14:00:50 -0500] "GET http://190.27.245.106:80/phpMyAdmin-2.10.2/scripts/setup.php HTTP/1.0" 403 1165
173.23.55.62 - - [01/May/2023:14:00:50 -0500] "GET http://190.27.245.106:80/phpmyadmin/scripts/setup.php HTTP/1.0" 403 1165
173.252.83.8 - - [01/May/2023:14:02:12 -0500] "GET /images/reciclaton-mayo-3-mayo.jpg HTTP/1.1" 200 278453
173.252.95.13 - - [01/May/2023:14:02:21 -0500] "GET /construcciones-sostenibles-estas-son-sus-principales-caracteristicas.html HTTP/1.1" 206 939
173.252.95.5 - - [01/May/2023:14:02:21 -0500] "GET /bogota-esta-incorporando-energias-limpias-en-su-sistema-electrico.html HTTP/1.1" 206 1032
173.252.95.20 - - [01/May/2023:14:02:22 -0500] "GET /images/Energias1.jpg HTTP/1.1" 200 139652
173.252.79.24 - - [01/May/2023:14:02:23 -0500] "GET /images/empresas-27-septiembre.jpeg HTTP/1.1" 200 66691
173.252.95.120 - - [01/May/2023:14:02:28 -0500] "GET /bogota-tendra-una-nueva-reciclaton-empresarial.html HTTP/1.1" 206 886
173.252.95.119 - - [01/May/2023:14:02:35 -0500] "GET /bogota-se-alista-para-la-feria-de-emprendimiento-verde.html HTTP/1.1" 206 862
66.220.149.24 - - [01/May/2023:14:02:47 -0500] "GET /images/mercados-campesinos-5-mayo.jpg HTTP/1.1" 200 95848
216.245.221.92 - - [01/May/2023:14:03:17 -0500] "HEAD / HTTP/1.1" 200 -
66.249.66.39 - - [01/May/2023:14:05:05 -0500] "-" 408 -
172.22.2.4 - - [01/May/2023:14:03:52 -0500] "HEAD /BLA/boletinlegal/ HTTP/1.1" 200 -
201.245.192.253 - - [01/May/2023:14:05:26 -0500] "POST /kwsrmcab/Wsrmcab  HTTP/1.1" 200 41796
186.102.97.236 - - [01/May/2023:14:05:35 -0500] "GET /ciudadana-recu HTTP/1.1" 404 1264
186.102.97.236 - - [01/May/2023:14:05:42 -0500] "GET /ciudadana-recu HTTP/1.1" 404 1264
186.102.97.236 - - [01/May/2023:14:05:43 -0500] "GET / HTTP/1.1" 200 4720
186.102.97.236 - - [01/May/2023:14:05:43 -0500] "GET /js/url.js HTTP/1.1" 404 1294
186.102.97.236 - - [01/May/2023:14:05:43 -0500] "GET /fonts/icomoon/style.css HTTP/1.1" 200 79820
186.102.97.236 - - [01/May/2023:14:05:43 -0500] "GET /css/style.css HTTP/1.1" 200 3473
186.102.97.236 - - [01/May/2023:14:05:43 -0500] "GET /css/bootstrap.min.css HTTP/1.1" 200 178212
190.26.158.75 - - [01/May/2023:14:05:45 -0500] "GET /que-tal-una-caminata-ecologica-conoce-la-programacion-que-en-mayo-la-secretaria-de-ambiente-tiene-para-ti.html HTTP/1.1" 206 821
190.26.158.75 - - [01/May/2023:14:05:45 -0500] "GET /images/caminatas-05-1.jpg HTTP/1.1" 206 65034
172.22.2.4 - - [01/May/2023:14:04:43 -0500] "GET /BLA/boletinlegal/ HTTP/1.1" 200 59656
40.77.167.86 - - [01/May/2023:14:07:53 -0500] "GET /BLA/resoluciones/index.php?dir=RESOLUCIONES+2022%2F HTTP/1.1" 200 300901
216.245.221.92 - - [01/May/2023:14:08:17 -0500] "HEAD / HTTP/1.1" 200 -
186.102.85.42 - - [01/May/2023:14:08:46 -0500] "GET /appsia/controlador HTTP/1.1" 200 4799
186.102.85.42 - - [01/May/2023:14:08:47 -0500] "GET /appsia/scripts/validarIngreso.js HTTP/1.1" 200 851
186.102.85.42 - - [01/May/2023:14:08:47 -0500] "GET /appsia/css/estilos.css HTTP/1.1" 200 4804
186.102.85.42 - - [01/May/2023:14:08:47 -0500] "GET /appsia/images/logo_bogota_p.png HTTP/1.1" 200 14951
186.102.85.42 - - [01/May/2023:14:08:47 -0500] "GET /appsia/images/cabezoteHojaVida.png HTTP/1.1" 200 32493
186.102.85.42 - - [01/May/2023:14:08:47 -0500] "GET /favicon.ico HTTP/1.1" 200 7782
186.102.85.42 - - [01/May/2023:14:08:51 -0500] "POST /appsia/controlador HTTP/1.1" 200 5437
186.102.85.42 - - [01/May/2023:14:08:55 -0500] "POST /appsia/controlador HTTP/1.1" 200 7783
186.102.85.42 - - [01/May/2023:14:09:12 -0500] "POST /appsia/controlador HTTP/1.1" 200 6648
186.102.85.42 - - [01/May/2023:14:09:14 -0500] "POST /appsia/controlador HTTP/1.1" 200 12148
181.234.176.202 - - [01/May/2023:14:09:53 -0500] "GET /BLA/resoluciones/ HTTP/1.1" 200 13502
181.234.176.202 - - [01/May/2023:14:09:59 -0500] "GET /BLA/resoluciones/index.php?dir=AUTOS+2016%2F HTTP/1.1" 200 329666
181.234.176.202 - - [01/May/2023:14:10:15 -0500] "GET /BLA/resoluciones/AUTOS%202016/1532.pdf HTTP/1.1" 200 1615050
201.245.192.253 - - [01/May/2023:14:10:26 -0500] "POST /kwsrmcab/Wsrmcab  HTTP/1.1" 200 41796
186.102.85.42 - - [01/May/2023:14:10:30 -0500] "POST /appsia/controlador HTTP/1.1" 200 7783
186.102.85.42 - - [01/May/2023:14:10:37 -0500] "POST /appsia/controlador HTTP/1.1" 200 5242
186.102.85.42 - - [01/May/2023:14:10:43 -0500] "GET /appsia/controlador?comando=regresar&id=19390129&funcionario=MARCO+FIDEL+SUAREZ+BUITRAGO&desde=19390129&hasta=19390129&version=19390129 HTTP/1.1" 200 7783
186.102.85.42 - - [01/May/2023:14:11:05 -0500] "POST /appsia/controlador HTTP/1.1" 200 6648
186.102.85.42 - - [01/May/2023:14:11:07 -0500] "POST /appsia/controlador HTTP/1.1" 200 12148
186.102.85.42 - - [01/May/2023:14:11:18 -0500] "POST /appsia/controlador HTTP/1.1" 200 7783
172.22.2.4 - - [01/May/2023:14:09:42 -0500] "HEAD /BLA/boletinlegal/ HTTP/1.1" 200 -
186.102.85.42 - - [01/May/2023:14:11:29 -0500] "POST /appsia/controlador HTTP/1.1" 200 6648
186.102.85.42 - - [01/May/2023:14:11:31 -0500] "POST /appsia/controlador HTTP/1.1" 200 11414
186.102.85.42 - - [01/May/2023:14:11:39 -0500] "POST /appsia/controlador HTTP/1.1" 200 7783
186.102.85.42 - - [01/May/2023:14:11:58 -0500] "POST /appsia/controlador HTTP/1.1" 200 6648
186.102.85.42 - - [01/May/2023:14:11:59 -0500] "POST /appsia/controlador HTTP/1.1" 200 10575
186.102.85.42 - - [01/May/2023:14:12:04 -0500] "POST /appsia/controlador HTTP/1.1" 200 7783
172.22.2.4 - - [01/May/2023:14:10:32 -0500] "GET /BLA/boletinlegal/ HTTP/1.1" 200 54808
186.102.85.42 - - [01/May/2023:14:12:16 -0500] "POST /appsia/controlador HTTP/1.1" 200 6648
186.102.85.42 - - [01/May/2023:14:12:18 -0500] "POST /appsia/controlador HTTP/1.1" 200 12877
34.141.188.115 - - [01/May/2023:14:12:44 -0500] "GET /inventario-de-emisiones-2020-transporte-publico-sitp-redujo-emisiones-de-pm-2-5-en-un-37.html HTTP/1.1" 200 925
34.147.68.38 - - [01/May/2023:14:12:56 -0500] "GET /inventario-de-emisiones-2020-transporte-publico-sitp-redujo-emisiones-de-pm-2-5-en-un-37.html HTTP/1.1" 200 925
172.22.2.4 - - [01/May/2023:14:13:16 -0500] "GET /BLA/boletinlegal/actos.php HTTP/1.1" 200 9682
216.245.221.92 - - [01/May/2023:14:13:17 -0500] "HEAD / HTTP/1.1" 200 -
172.22.2.4 - - [01/May/2023:14:13:56 -0500] "GET /BLA/boletinlegal/actos.php HTTP/1.1" 200 9682
172.22.2.4 - - [01/May/2023:14:13:56 -0500] "GET /BLA/boletinlegal/styles2.css HTTP/1.1" 200 1838
172.22.2.4 - - [01/May/2023:14:13:56 -0500] "GET /BLA/boletinlegal/js/ajax_actos.js HTTP/1.1" 200 1322
172.22.2.4 - - [01/May/2023:14:13:56 -0500] "GET /BLA/boletinlegal/niceforms-default.css HTTP/1.1" 200 6694
172.22.2.4 - - [01/May/2023:14:13:56 -0500] "GET /BLA/boletinlegal/style.css HTTP/1.1" 200 9406
172.22.2.4 - - [01/May/2023:14:13:56 -0500] "GET /BLA/boletinlegal/niceforms.js HTTP/1.1" 200 22876
172.22.2.4 - - [01/May/2023:14:13:56 -0500] "GET /BLA/boletinlegal/js/lib.js HTTP/1.1" 200 6474
172.22.2.4 - - [01/May/2023:14:13:56 -0500] "GET /BLA/boletinlegal/js/popup.js HTTP/1.1" 200 1270
172.22.2.4 - - [01/May/2023:14:13:56 -0500] "GET /BLA/boletinlegal/js/jquery1.js HTTP/1.1" 200 29846
172.22.2.4 - - [01/May/2023:14:13:56 -0500] "GET /BLA/boletinlegal/images/subscribe-icon-big.png HTTP/1.1" 200 47702
172.22.2.4 - - [01/May/2023:14:13:56 -0500] "GET /BLA/boletinlegal/images/historia.png HTTP/1.1" 200 52775
172.22.2.4 - - [01/May/2023:14:13:56 -0500] "GET /BLA/boletinlegal/images/cabezote%20BLEGAL.jpg HTTP/1.1" 200 118164
172.22.2.4 - - [01/May/2023:14:13:56 -0500] "GET /BLA/boletinlegal/images/green-yellow-blue-pink-th.png HTTP/1.1" 200 7394
172.22.2.4 - - [01/May/2023:14:13:56 -0500] "GET /BLA/boletinlegal/images/tel.png HTTP/1.1" 200 14477
172.22.2.4 - - [01/May/2023:14:13:56 -0500] "GET /BLA/boletinlegal/images/registro-usuarios.png HTTP/1.1" 200 8106
172.22.2.4 - - [01/May/2023:14:13:56 -0500] "GET /BLA/boletinlegal/images/icono-email.png HTTP/1.1" 200 5544
172.22.2.4 - - [01/May/2023:14:13:56 -0500] "GET /BLA/boletinlegal/images/body_bg.jpg HTTP/1.1" 200 1601
172.22.2.4 - - [01/May/2023:14:13:56 -0500] "GET /BLA/boletinlegal/images/menu_lft.gif HTTP/1.1" 200 1713
172.22.2.4 - - [01/May/2023:14:13:56 -0500] "GET /BLA/boletinlegal/images/menu_rght.gif HTTP/1.1" 200 1627
