181.56.171.197 - - [01/May/2023:19:47:52 -0500] "GET /sipse/faces/javax.faces.resource/jquery/jquery.js?ln=primefaces&v=4.0 HTTP/1.1" 304 -
181.56.171.197 - - [01/May/2023:19:47:52 -0500] "GET /sipse/faces/javax.faces.resource/primefaces.css?ln=primefaces&v=4.0 HTTP/1.1" 304 -
181.56.171.197 - - [01/May/2023:19:47:52 -0500] "GET /sipse/faces/javax.faces.resource/jquery/jquery-plugins.js?ln=primefaces&v=4.0 HTTP/1.1" 304 -
181.56.171.197 - - [01/May/2023:19:47:52 -0500] "GET /sipse/faces/javax.faces.resource/primefaces.js?ln=primefaces&v=4.0 HTTP/1.1" 304 -
181.56.171.197 - - [01/May/2023:19:47:52 -0500] "GET /sipse/faces/javax.faces.resource/layout/layout.js?ln=primefaces&v=4.0 HTTP/1.1" 304 -
181.56.171.197 - - [01/May/2023:19:47:54 -0500] "POST /sipse/faces/presentacion/financiero/solicitudProceso/consultar.xhtml HTTP/1.1" 200 12748
181.56.171.197 - - [01/May/2023:19:48:00 -0500] "POST /sipse/faces/presentacion/financiero/solicitudProceso/consultar.xhtml HTTP/1.1" 200 123029
181.56.171.197 - - [01/May/2023:19:48:00 -0500] "GET /sipse/faces/javax.faces.resource/theme.css?ln=primefaces-sipse HTTP/1.1" 304 -
181.56.171.197 - - [01/May/2023:19:48:00 -0500] "GET /sipse/faces/javax.faces.resource/layout/layout.css?ln=primefaces&v=4.0 HTTP/1.1" 304 -
181.56.171.197 - - [01/May/2023:19:48:00 -0500] "GET /sipse/faces/javax.faces.resource/primefaces.css?ln=primefaces&v=4.0 HTTP/1.1" 304 -
181.56.171.197 - - [01/May/2023:19:48:01 -0500] "GET /sipse/faces/javax.faces.resource/jquery/jquery.js?ln=primefaces&v=4.0 HTTP/1.1" 304 -
181.56.171.197 - - [01/May/2023:19:48:01 -0500] "GET /sipse/faces/javax.faces.resource/jquery/jquery-plugins.js?ln=primefaces&v=4.0 HTTP/1.1" 304 -
181.56.171.197 - - [01/May/2023:19:48:01 -0500] "GET /sipse/faces/javax.faces.resource/primefaces.js?ln=primefaces&v=4.0 HTTP/1.1" 304 -
181.56.171.197 - - [01/May/2023:19:48:01 -0500] "GET /sipse/faces/javax.faces.resource/layout/layout.js?ln=primefaces&v=4.0 HTTP/1.1" 304 -
181.56.171.197 - - [01/May/2023:19:48:01 -0500] "GET /sipse/faces/javax.faces.resource/dynamiccontent.properties?ln=primefaces&pfdrid=XjOR5%2F%2FfPAZAuY9TpWQeCiM0BhlXxYRBGKi%2FQcXXfeA%3D&pfdrid_c=false HTTP/1.1" 500 383
172.22.2.4 - - [01/May/2023:19:48:16 -0500] "GET /BLA/boletinlegal/Circulares/2021/CIRCULAR%20No.%2000009%20DEL%2001%20DE%20OCTUBRE%20DEL%202021.pdf HTTP/1.1" 304 -
216.245.221.92 - - [01/May/2023:19:48:16 -0500] "HEAD / HTTP/1.1" 200 -
64.124.8.23 - - [01/May/2023:19:48:43 -0500] "GET /siipev/Diseno%20de%20Elementos%20de%20Mobiliario%20Urbano/Acciones%20Populares/AccionesPopulares.html HTTP/1.1" 200 18301
172.22.2.4 - - [01/May/2023:19:48:02 -0500] "HEAD /BLA/boletinlegal/ HTTP/1.1" 200 -
34.91.177.4 - - [01/May/2023:19:50:12 -0500] "GET /inventario-de-emisiones-2020-transporte-publico-sitp-redujo-emisiones-de-pm-2-5-en-un-37.html HTTP/1.1" 200 925
172.22.2.4 - - [01/May/2023:19:48:53 -0500] "GET /BLA/boletinlegal/ HTTP/1.1" 200 57151
201.245.192.253 - - [01/May/2023:19:50:45 -0500] "POST /kwsrmcab/Wsrmcab  HTTP/1.1" 200 41796
172.22.2.4 - - [01/May/2023:19:51:27 -0500] "GET /BLA/boletinlegal/actos.php HTTP/1.1" 200 9682
66.249.66.77 - - [01/May/2023:19:53:09 -0500] "-" 408 -
216.245.221.92 - - [01/May/2023:19:53:16 -0500] "HEAD / HTTP/1.1" 200 -
157.55.39.224 - - [01/May/2023:19:54:53 -0500] "GET /BLA/resoluciones/AUTOS%202022/8553.pdf HTTP/1.1" 200 410234
172.22.2.4 - - [01/May/2023:19:53:52 -0500] "HEAD /BLA/boletinlegal/ HTTP/1.1" 200 -
201.245.192.253 - - [01/May/2023:19:55:43 -0500] "POST /kwsrmcab/Wsrmcab  HTTP/1.1" 200 41796
172.22.2.4 - - [01/May/2023:19:54:43 -0500] "GET /BLA/boletinlegal/ HTTP/1.1" 200 57151
181.237.182.158 - - [01/May/2023:19:56:43 -0500] "GET /bogota-se-prepara-para-tres-fines-de-semana-de-adopciones.html HTTP/1.1" 200 821
186.84.90.74 - - [01/May/2023:19:57:43 -0500] "GET /kwssiamovil/sm/acme/a?s=U2FsdGVkX19cjZh6746jMow8EiZHpwDhkValI/nqbtwfc6bzVTaf0jSDiEHecRp2bs3KZSyfYGftGTsNAU1Ipe4zV8lFYQ+Njp75QMaqm77/raG5LyrZ3IVU+KxCZKknGzJvfJMITuga07HhhXcdz7lMlh0lU+9PQWXooZg+FVoczRgjLTq+c6uY1b8Ft5nakyiZMvt3NtyajTfbxAo9qz/A9ekfs1jgOL71Qh8gFUwe10fwSUKEN/32P8TSCrJSyubPZ7q/GNBidwHfeRanFw==&u=U2FsdGVkX19H33NsZ085tuEmgnb/ywGr98qvVtdMK1c=&y=U2FsdGVkX18iwMVb8saXcAalMZ8x7xSEw1ax07dTVBr524JCvu+V3UXp2eWbiWta HTTP/1.1" 200 26
186.84.90.74 - - [01/May/2023:19:57:44 -0500] "GET /kwssiamovil/sm/acme/a?s=U2FsdGVkX19/u6IxA12nlj15Jkd2cnM6vq2TWlKq/0OFUz8UmMczaS4/Wz9pzXV1bBwf2F6WbxCGad+u9TJvkkjTleOqA6LvWkdsKHVxd43O4fQKB+5kAlUDd/oUHJRDyRU6rj06HyWdY2LaKEXH+kBURO6cQwsijFhkgu1ePz01gIdNYFLHjN4VQCnr6qtrhAafE7zjZsd+Y7cJ4DVp91Jz6ij3jMa0d53jnKJEckMmO0vkd3ofM1lrwGlGY8lztKK0lKg8zrM7VNq5A7xOiLWTnRK1pTh870TILa6apehw1XvsJJR6S+m3zx/U1nup3gSbfB9UzCNhOJb4ncfnj2157fgTEbP0BiGtNgXQebdzyr+sUnINCTNaPD+PfzfpCoJns8ttYPwkH0k4YB6CfWq+53VNAzJ+lyNn+PQ6IPoIYjhfst9hvIhhoMHqbeIU91auOTuGffeTHTU7aSwGzUiv8kjYkUMF4ndeecvkqsRNcjSh/X4WwL0U/ZdO0MFy44rppUM38HEHE9yBQumdspigDnv4FDP8ZQwQa/Bs3u+x0uNzib7jmwREyXeUn7t6rwqxuUpY8Pl/AGbx25LKe7J644jYeShA4+DcXwAZ0IimWFYuni4AV+HMooB+1c9CQdxFHhbdJ7bqvV+tWgUcr8wmHVdPSTLqytl4+ZkXv0reEKZw6iO7RUMu63kzPW2FaEezRJF72i7n6RhD3jS8CkXFd43FcXdIlNkeIkaXMbfqvzW+hd25jXYgM9aIrqc3NTP5lLH0JrJ4I7DikgJVe+hZYXBmBHvWugmzGmwPx99J49e5netH2WNBda+/WxcqUNv8wnv9qh5QozQdN0LKvjoRK2Jhxf0LrcnoNnng5vWJhmHaSs+M/LpEVEpMM/JOsEP1QyMM1pVL8J/U1s77ob8lgNkhUg7OYQhXwhoScU1lVCCEYvCbHkW35p8mWlulBOQOx6BMGUhDEd8mTZ459ZYj9Q/cpwirT2IKcLqE3WX+qMAQGP2+SUJZXs8wGJcYiCTPJtTn9QneB4ziaCrTokjNc+6/T2Kb9prjYRuEpodHVCp7RlIy8QzXxuFExCV8E8e2P8XTaZyV1US9jHE8Oe8jdqhg2ipwO2VSmTaCCkSKDSGTMLAzyknnx4qgtmQTd5HDbXmii03hfcbbbsihtyiJNFjvOpUxM+Rqt1OlmvFnBkKxJmmXzZtCL52Hsfz8PDj3CjmUMZbbRlEi4rwIlF4te5W4Gp48Nn6Aswc2ZlqTYTXrLrCqyD+KPrKHQfQoKPKaCyvXG8YSQUz00VdQLtb3ysaBAC8+kbCTrdDAMla2/67gsxFIkpwdHCRYbDt4skWND2255gRqc5MkOQ7uWpCYts3fWlkpgk4VO9YboPmBifZEFWuA6Z6RC9FFIoJDjSf4NM+4k3zyd/t3q0wNT1BkdxShl3vG9XV1DD4xeUYkYX8IZ2SEXou5UouzDVX6tYG8bUT7j2vmuveBxNuLsXYVmHfeR1KHPUQbovXNCGxlxfeybHVd5kKGm/uQIca2I8OC5FZT86pYc9oQpKQWoEIxWZn/WXF/eFeuQ8oFBrt48Ry2lfCkz7N640JWCPrrG5DOnlfm1npxopE2M49kEmaB+pnWNhB0kdzOOOJNAfQ0KGKXlth5qO7O6Ii88AtQpaevhoyK3lloRtj/VuJeddKSZ2pBV4f4XiW6cL1+HKgcaLmokAKlVaEME79a8CXyBZZHTZA6KDQ85kEd+WYmfuIvn7AEgjo80xE1g6mXJDRbjFh+aOfXGteKJjscXLYuuWjaW27nuEDkkjQlrLdMLJLGDMmNYR8Idf8yc+kjWxNeKFsoLiWNhgo/kTaM60lXFvU0mFaoiSqnNkWrVcFPBIpkEsrPKcl9U29TuKyPGzs1pTZ0J+fTRJNPP9KIjssSHCD078k3f6gjdpN0uTwfITKmWH5jzgNjiOXIlgio+jQab8RoS+z+Gg3KzP1WfAQ6YB7/EfgGezRfcwhIYt2SEnTsY3ZKWHMDGUyzJWhp4JJrYesaGjPJdjKK9YVyPN+BQDtqGu1K+5IlkWuCRPjxkj5jH+e3KCs8wARmN/VZrLUzAeuIW7SBqPkPsu/VZKBnHLVmfwgG5nbLPVV1faNuCO5W1vsEc1jo/E5TxRKzVOM1pyyinic4sQkYg1aUxLKUjkSc/ueC8TPRBSqTAySXgHstc8HWIiMzL5srY2BnEyeue1bzltyh3jM4hxvHsrZ4O1JRZrFaTVHAAt3elKYa7v0rPjA+b8xrV64NGHIuB9kGPO05k76pEI5Aeg+Z/cVK6bUO45lZiaNJwAAGXi3jfsozItCbYb3KoLdGTLPXAbYBfozNQqSdw9UDrUYSkxGyUztt7yz7xOr75LdYieWwxBpDFriDAbJ9Yd/nBVRRldQKiwE3q5MDUgWU8Z5fq5kiipCfcuPMxW9lpuJc2LpJ5E5lKDVKhSbcH0ncLpw+9tIrYfLN6Ns7/laBd6a9azYSW9iv9LDeLV/q7l3S4spauu5ClvIxC71F/cI7bY5dLPyGe8TeV7TF1v3RJEfjFuyDxnEJqVz1a8xPHHmZW5wdkYvZAXljzJ1paLZEY4KaRrtvnc63x1qXszZbl41sjUELLzIUKN5mw4wrY1Zi41eJHMyi1NmZmXHPL8cYPKFR82s1XlvmpRRewp8PMeBxnKx52+qiWzUR1WdcNppEatE4TneJKwZA5qVAf8U8h33+CVKDVcg497IFsaqLaAS9HBLYsCdh21d4hO0vx8ZZCSgoRcnuPLf5SKQx2RIXAcixsXfUPRmtQyr88s2P7ZKIjLVXklTlFU7hE56lLo5lNzjMCYdkRz8TOghYbMygkIks0GgmY5YTpkR9QLVRIOGQE78qpW4EPyg8jhYgMc08+yOYSU3Q3QdUKOEgFectgGLU+B12gCYzIk7FjMEpb10j5ltPBr0pZXWbViRvjb6WULRhd1X7Ktzkn+seohi3G2HEjSyRTRZXI0FBwvmWHkVnuLD3SiXGWB+A5N3vPSFiHhd45AWmm+Hx/LeMOSWlBmtMBvLBGh3tE9zyBa7pmwhct9XDpg/ekLwKptbnKnMCIMYdhQy34y1FBuZjGqNa2cfbGlp/g+mZvcIDWnxZCRFtx9DOZI926XjBv30pBzYl54tragJDyEH/yO0ULxjK34bdRR486tE2RalrT1WU65ZV0tC3THoTn4Yw7KaE2mSAPuYmjqhiioldgwcru8ZyJU4DwrKDcQEXZC/kl66lVYS/2ZCRRA0kd6C3ZN97g5sHuIn3zfg1aeGiwbV2oKTP7XD9ElylqE80z/qnesJcDGCz/qcI3PhbNef117hqmF3DdeK5lO2mBN2Q6tYfuBB83/8JGIqS11XE2IqW0WDWBpogg9j+OEXyqZkVt55wK5PUeE8BWE/EKYkvxEHYYNiQZf1HAn1ZApPAsmAPcwuS5v3Cjt0r381vrGb+PCA/1/VQbclLA9BNxCgnQTIS/M23oSZqnEVnYMNBTAAr77KeJIrZ/r3f&u=U2FsdGVkX19H33NsZ085tuEmgnb/ywGr98qvVtdMK1c=&y=U2FsdGVkX18iwMVb8saXcAalMZ8x7xSEw1ax07dTVBr524JCvu+V3UXp2eWbiWta HTTP/1.1" 200 26
186.84.90.74 - - [01/May/2023:19:57:44 -0500] "GET /kwssiamovil/sm/acme/a?s=U2FsdGVkX19xxhb1PhEwu05BDk8PTtZDzuTqiNsqSpOwbKD5Xad+AB4lFSRwFbq/ta9xleF4pWGpnEr9HJWbnJ3OMqa3qB+gW1soIJDUlCj7R4uQZmzFSeYHGbKGHCcOWt1RiVCiZRW0kgAe9P5mMRy0m2iEdiZDjNXTG10R5rw=&u=U2FsdGVkX19H33NsZ085tuEmgnb/ywGr98qvVtdMK1c=&y=U2FsdGVkX18iwMVb8saXcAalMZ8x7xSEw1ax07dTVBr524JCvu+V3UXp2eWbiWta HTTP/1.1" 200 26
186.84.90.74 - - [01/May/2023:19:57:44 -0500] "GET /kwssiamovil/sm/acme/a?s=U2FsdGVkX1/WQ3Wf0FH3gDjZ/pjO02mzqOV1a/8AEX90G4JUgZeNxPy3Ts05y56xw0My7uK3IwM2i5mJK2oFr+zuauzu+VQ8agCsF0Bii69jtCn09YAE74+/hpcR5tfJpi50MHb9MV9yHvAARuLhzU2SECoq3SiQEG3O+PypRKw=&u=U2FsdGVkX19H33NsZ085tuEmgnb/ywGr98qvVtdMK1c=&y=U2FsdGVkX18iwMVb8saXcAalMZ8x7xSEw1ax07dTVBr524JCvu+V3UXp2eWbiWta HTTP/1.1" 200 26
186.84.90.74 - - [01/May/2023:19:57:44 -0500] "GET /kwssiamovil/sm/acme/a?s=U2FsdGVkX1/ha32lmKOQWwdNu6ZKkf8Bz0Nf5qEbzKdPFSPCLmyBeQfkAXHSIDJYNooQJCN2BHBN/Zum6FQiydR/42gyEDYDRUNSGNOaz38VlQmRg25Dv3O6oR8XorPZi7cd0SlVMGKgixO9Nl0vdrErqi76cmKL46l6e1Ub4AU=&u=U2FsdGVkX19H33NsZ085tuEmgnb/ywGr98qvVtdMK1c=&y=U2FsdGVkX18iwMVb8saXcAalMZ8x7xSEw1ax07dTVBr524JCvu+V3UXp2eWbiWta HTTP/1.1" 200 26
186.84.90.74 - - [01/May/2023:19:57:45 -0500] "GET /kwssiamovil/sm/acme/a?s=U2FsdGVkX19Z9DDURMIJaE5Xs8ramrr0sMBy3YYNu/wZochOmzL1PDTXaGlPyGKdRcNydgRIw7GFNWlL0uoqaSamjc4pNPLpbZ3y+OGgT/TgjgM1sNRHjopcQQoI6cn+pv2tth2iCrAVUpcFQ4IvzXkt+A1PDYhE6xGfUvtOeND3qKoqiYrQMJOXzhPVE2ekUsRWInLAMyfoRVPmmtSlMg==&u=U2FsdGVkX19H33NsZ085tuEmgnb/ywGr98qvVtdMK1c=&y=U2FsdGVkX18iwMVb8saXcAalMZ8x7xSEw1ax07dTVBr524JCvu+V3UXp2eWbiWta HTTP/1.1" 200 26
216.245.221.92 - - [01/May/2023:19:58:16 -0500] "HEAD / HTTP/1.1" 200 -
34.91.177.4 - - [01/May/2023:19:58:51 -0500] "GET /inventario-de-emisiones-2020-transporte-publico-sitp-redujo-emisiones-de-pm-2-5-en-un-37.html HTTP/1.1" 200 925
172.22.2.4 - - [01/May/2023:19:59:18 -0500] "GET /BLA/boletinlegal/consulta_actos.php?tipo=autos&no=3334&usuario=&sector=&fecha=2019&resuelve= HTTP/1.1" 200 1065
181.58.60.135 - - [01/May/2023:19:59:21 -0500] "GET /BLA/resoluciones/AUTOS%202019/3334.pdf HTTP/1.1" 200 305912
201.245.192.253 - - [01/May/2023:20:00:42 -0500] "POST /kwsrmcab/Wsrmcab  HTTP/1.1" 200 41796
172.22.2.4 - - [01/May/2023:19:59:42 -0500] "HEAD /BLA/boletinlegal/ HTTP/1.1" 200 -
172.22.2.4 - - [01/May/2023:20:00:33 -0500] "GET /BLA/boletinlegal/ HTTP/1.1" 200 53924
216.245.221.92 - - [01/May/2023:20:03:16 -0500] "HEAD / HTTP/1.1" 200 -
168.119.51.200 - - [01/May/2023:20:04:10 -0500] "GET / HTTP/1.1" 200 319
201.245.192.253 - - [01/May/2023:20:05:41 -0500] "POST /kwsrmcab/Wsrmcab  HTTP/1.1" 200 41796
172.22.2.4 - - [01/May/2023:20:05:07 -0500] "GET /BLA/boletinlegal/ HTTP/1.1" 200 50283
38.156.13.51 - - [01/May/2023:20:06:54 -0500] "GET /mujeres-que-reverdecen-secretaria-de-ambiente-anuncia-300-cupos-para-la-tercera-fase-del-programa.html HTTP/1.1" 304 -
172.22.2.4 - - [01/May/2023:20:05:32 -0500] "HEAD /BLA/boletinlegal/ HTTP/1.1" 200 -
66.249.66.39 - - [01/May/2023:20:07:24 -0500] "-" 408 -
172.22.2.4 - - [01/May/2023:20:06:23 -0500] "GET /BLA/boletinlegal/ HTTP/1.1" 200 57945
216.245.221.92 - - [01/May/2023:20:08:16 -0500] "HEAD / HTTP/1.1" 200 -
192.210.200.4 - - [01/May/2023:20:08:33 -0500] "GET / HTTP/1.1" 200 319
172.22.2.4 - - [01/May/2023:20:10:10 -0500] "GET /BLA/boletinlegal/style.css HTTP/1.1" 200 9406
172.22.2.4 - - [01/May/2023:20:10:10 -0500] "GET /BLA/boletinlegal/styles2.css HTTP/1.1" 200 1838
172.22.2.4 - - [01/May/2023:20:10:10 -0500] "GET /BLA/boletinlegal/js/jquery.js HTTP/1.1" 200 57254
172.22.2.4 - - [01/May/2023:20:10:10 -0500] "GET /BLA/boletinlegal/js/jquery.scrollShow.js HTTP/1.1" 200 4586
172.22.2.4 - - [01/May/2023:20:10:10 -0500] "GET /BLA/boletinlegal/js/jquery.scrollTo-min.js HTTP/1.1" 200 1150
172.22.2.4 - - [01/May/2023:20:10:10 -0500] "GET /BLA/boletinlegal/images/cabezote%20BLEGAL.jpg HTTP/1.1" 200 118164
172.22.2.4 - - [01/May/2023:20:10:10 -0500] "GET /BLA/boletinlegal/images/subscribe-icon-big.png HTTP/1.1" 200 47702
172.22.2.4 - - [01/May/2023:20:10:10 -0500] "GET /BLA/boletinlegal/images/historia.png HTTP/1.1" 200 52775
172.22.2.4 - - [01/May/2023:20:10:10 -0500] "GET /BLA/boletinlegal/images/arr_l.jpg HTTP/1.1" 200 1979
172.22.2.4 - - [01/May/2023:20:10:10 -0500] "GET /BLA/boletinlegal/images/registro-usuarios.png HTTP/1.1" 200 8106
172.22.2.4 - - [01/May/2023:20:10:10 -0500] "GET /BLA/boletinlegal/images/menu_lft.gif HTTP/1.1" 200 1713
172.22.2.4 - - [01/May/2023:20:10:10 -0500] "GET /BLA/boletinlegal/images/body_bg.jpg HTTP/1.1" 200 1601
172.22.2.4 - - [01/May/2023:20:10:10 -0500] "GET /BLA/boletinlegal/images/menu_rght.gif HTTP/1.1" 200 1627
172.22.2.4 - - [01/May/2023:20:10:10 -0500] "GET /BLA/boletinlegal/images/hover.jpg HTTP/1.1" 200 640
172.22.2.4 - - [01/May/2023:20:10:10 -0500] "GET /BLA/boletinlegal/images/bg_top.jpg HTTP/1.1" 200 522
172.22.2.4 - - [01/May/2023:20:10:10 -0500] "GET /BLA/boletinlegal/images/menu_bg.jpg HTTP/1.1" 200 620
172.22.2.4 - - [01/May/2023:20:10:10 -0500] "GET /BLA/boletinlegal/images/text.jpg HTTP/1.1" 200 568
172.22.2.4 - - [01/May/2023:20:10:10 -0500] "GET /BLA/boletinlegal/images/screen_1.png HTTP/1.1" 200 202547
172.22.2.4 - - [01/May/2023:20:10:10 -0500] "GET /BLA/boletinlegal/images/launch.jpg HTTP/1.1" 200 14577
172.22.2.4 - - [01/May/2023:20:10:14 -0500] "GET /BLA/boletinlegal/actos.php HTTP/1.1" 200 9682
172.22.2.4 - - [01/May/2023:20:10:14 -0500] "GET /BLA/boletinlegal/js/ajax_actos.js HTTP/1.1" 200 1322
172.22.2.4 - - [01/May/2023:20:10:14 -0500] "GET /BLA/boletinlegal/niceforms.js HTTP/1.1" 200 22876
172.22.2.4 - - [01/May/2023:20:10:14 -0500] "GET /BLA/boletinlegal/js/lib.js HTTP/1.1" 200 6474
172.22.2.4 - - [01/May/2023:20:10:14 -0500] "GET /BLA/boletinlegal/js/popup.js HTTP/1.1" 200 1270
172.22.2.4 - - [01/May/2023:20:10:14 -0500] "GET /BLA/boletinlegal/niceforms-default.css HTTP/1.1" 200 6694
172.22.2.4 - - [01/May/2023:20:10:14 -0500] "GET /BLA/boletinlegal/js/jquery1.js HTTP/1.1" 200 29846
172.22.2.4 - - [01/May/2023:20:10:14 -0500] "GET /BLA/boletinlegal/images/green-yellow-blue-pink-th.png HTTP/1.1" 200 7394
172.22.2.4 - - [01/May/2023:20:10:14 -0500] "GET /BLA/boletinlegal/images/tel.png HTTP/1.1" 200 14477
172.22.2.4 - - [01/May/2023:20:10:14 -0500] "GET /BLA/boletinlegal/images/icono-email.png HTTP/1.1" 200 5544
172.22.2.4 - - [01/May/2023:20:10:14 -0500] "GET /BLA/boletinlegal/images/footer_bg.jpg HTTP/1.1" 200 586
172.22.2.4 - - [01/May/2023:20:10:14 -0500] "GET /BLA/boletinlegal/images/footer_bg_l.jpg HTTP/1.1" 200 776
172.22.2.4 - - [01/May/2023:20:10:14 -0500] "GET /BLA/boletinlegal/img/0.png HTTP/1.1" 200 110
172.22.2.4 - - [01/May/2023:20:10:14 -0500] "GET /BLA/boletinlegal/img/select-left.png HTTP/1.1" 200 263
172.22.2.4 - - [01/May/2023:20:10:14 -0500] "GET /BLA/boletinlegal/img/select-right.png HTTP/1.1" 200 44019
172.22.2.4 - - [01/May/2023:20:10:14 -0500] "GET /BLA/boletinlegal/img/button-left.png HTTP/1.1" 200 57071
172.22.2.4 - - [01/May/2023:20:10:14 -0500] "GET /BLA/boletinlegal/img/button-right.png HTTP/1.1" 200 57878
172.22.2.4 - - [01/May/2023:20:10:14 -0500] "GET /BLA/boletinlegal/img/button.png HTTP/1.1" 200 43241
172.22.2.4 - - [01/May/2023:20:10:14 -0500] "GET /BLA/boletinlegal/favicon.ico HTTP/1.1" 404 1326
172.22.2.4 - - [01/May/2023:20:10:19 -0500] "GET /BLA/boletinlegal/consulta_actos.php?tipo=autos&no=&usuario=&sector=VERTIMIENTOS&fecha=2023&resuelve= HTTP/1.1" 200 10869
172.22.2.4 - - [01/May/2023:20:10:19 -0500] "GET /BLA/boletinlegal/images/pdf.gif HTTP/1.1" 200 567
172.22.2.4 - - [01/May/2023:20:10:19 -0500] "GET /BLA/boletinlegal/images/background.gif HTTP/1.1" 200 -
15.235.198.56 - - [01/May/2023:20:10:30 -0500] "GET / HTTP/1.1" 200 319
172.22.2.4 - - [01/May/2023:20:10:38 -0500] "GET /BLA/boletinlegal/consulta_actos.php?tipo=autos&no=&usuario=&sector=VERTIMIENTOS&fecha=2022&resuelve= HTTP/1.1" 200 296259
201.245.192.253 - - [01/May/2023:20:10:41 -0500] "POST /kwsrmcab/Wsrmcab  HTTP/1.1" 200 41796
172.22.2.4 - - [01/May/2023:20:10:09 -0500] "GET /BLA/boletinlegal/ HTTP/1.1" 200 24523
186.86.34.9 - - [01/May/2023:20:11:07 -0500] "GET /BLA/resoluciones/AUTOS%202022/6384.pdf HTTP/1.1" 200 563798
186.86.34.9 - - [01/May/2023:20:11:08 -0500] "GET /favicon.ico HTTP/1.1" 200 7782
173.252.87.118 - - [01/May/2023:20:11:40 -0500] "GET /dos-guacamayas-fueron-entregadas-en-bogota.html HTTP/1.1" 206 742
172.22.2.4 - - [01/May/2023:20:11:51 -0500] "GET /BLA/boletinlegal/consulta_actos.php?tipo=autos&no=&usuario=&sector=RUIDO&fecha=2022&resuelve= HTTP/1.1" 200 36447
186.86.34.9 - - [01/May/2023:20:11:58 -0500] "GET /BLA/resoluciones/AUTOS%202022/8132.pdf HTTP/1.1" 200 399465
64.124.8.23 - - [01/May/2023:20:12:07 -0500] "GET /BLA/boletinlegal/jurisprudencia/analisis/analisis%20sentencia%20C-596-10.doc HTTP/1.1" 304 -
40.77.189.82 - - [01/May/2023:20:12:33 -0500] "GET /galeria/galeria/jquery.fancybox.js?v=2.1.5 HTTP/1.1" 200 48706
172.22.2.4 - - [01/May/2023:20:11:22 -0500] "HEAD /BLA/boletinlegal/ HTTP/1.1" 200 -
216.245.221.92 - - [01/May/2023:20:13:16 -0500] "HEAD / HTTP/1.1" 200 -
172.22.2.4 - - [01/May/2023:20:12:13 -0500] "GET /BLA/boletinlegal/ HTTP/1.1" 200 55934
66.249.66.2 - - [01/May/2023:20:14:11 -0500] "-" 408 -
201.245.192.253 - - [01/May/2023:20:15:39 -0500] "POST /kwsrmcab/Wsrmcab  HTTP/1.1" 200 41796
172.22.2.4 - - [01/May/2023:20:17:25 -0500] "GET /BLA/boletinlegal/consulta_actos.php?tipo=autos&no=2433&usuario=&sector=&fecha=2019&resuelve= HTTP/1.1" 200 1081
181.58.60.135 - - [01/May/2023:20:17:43 -0500] "GET /BLA/resoluciones/AUTOS%202019/2433.pdf HTTP/1.1" 200 365037
216.245.221.92 - - [01/May/2023:20:18:16 -0500] "HEAD / HTTP/1.1" 200 -
172.22.2.4 - - [01/May/2023:20:17:12 -0500] "HEAD /BLA/boletinlegal/ HTTP/1.1" 200 -
172.22.2.4 - - [01/May/2023:20:19:16 -0500] "GET /BLA/boletinlegal/consulta_actos.php?tipo=autos&no=&usuario=&sector=RUIDO&fecha=2023&resuelve= HTTP/1.1" 200 2912
201.245.192.253 - - [01/May/2023:20:19:09 -0500] "POST /kwsrmcab/Wsrmcab HTTP/1.1" 200 43274
172.22.2.4 - - [01/May/2023:20:19:21 -0500] "GET /BLA/boletinlegal/consulta_actos.php?tipo=autos&no=&usuario=&sector=PEV&fecha=2023&resuelve= HTTP/1.1" 200 19317
201.245.192.253 - - [01/May/2023:20:19:20 -0500] "POST /kwsrmcab/Wsrmcab HTTP/1.1" 200 43589
172.22.2.4 - - [01/May/2023:20:19:33 -0500] "GET /BLA/boletinlegal/consulta_actos.php?tipo=autos&no=&usuario=&sector=PEV&fecha=2022&resuelve= HTTP/1.1" 200 389071
64.124.8.23 - - [01/May/2023:20:19:37 -0500] "GET /Residuos/lavanderias/lavanderias.html HTTP/1.1" 304 -
172.22.2.4 - - [01/May/2023:20:19:41 -0500] "OPTIONS /BLA/boletinlegal/images/arr_l.jpg HTTP/1.1" 200 -
172.22.2.4 - - [01/May/2023:20:19:41 -0500] "OPTIONS /BLA/boletinlegal/images/subscribe-icon-big.png HTTP/1.1" 200 -
172.22.2.4 - - [01/May/2023:20:19:41 -0500] "OPTIONS /BLA/boletinlegal/images/cabezote%20BLEGAL.jpg HTTP/1.1" 200 -
172.22.2.4 - - [01/May/2023:20:19:41 -0500] "OPTIONS /BLA/boletinlegal/images/registro-usuarios.png HTTP/1.1" 200 -
172.22.2.4 - - [01/May/2023:20:19:41 -0500] "OPTIONS /BLA/boletinlegal/images/historia.png HTTP/1.1" 200 -
172.22.2.4 - - [01/May/2023:20:19:41 -0500] "OPTIONS /BLA/boletinlegal/images/screen_1.png HTTP/1.1" 200 -
172.22.2.4 - - [01/May/2023:20:19:41 -0500] "OPTIONS /BLA/boletinlegal/images/menu_rght.gif HTTP/1.1" 200 -
172.22.2.4 - - [01/May/2023:20:19:41 -0500] "OPTIONS /BLA/boletinlegal/images/launch.jpg HTTP/1.1" 200 -
172.22.2.4 - - [01/May/2023:20:19:41 -0500] "OPTIONS /BLA/boletinlegal/images/menu_lft.gif HTTP/1.1" 200 -
172.22.2.4 - - [01/May/2023:20:19:41 -0500] "OPTIONS /BLA/boletinlegal/images/bg_top.jpg HTTP/1.1" 200 -
172.22.2.4 - - [01/May/2023:20:19:41 -0500] "OPTIONS /BLA/boletinlegal/images/body_bg.jpg HTTP/1.1" 200 -
172.22.2.4 - - [01/May/2023:20:19:41 -0500] "OPTIONS /BLA/boletinlegal/images/menu_bg.jpg HTTP/1.1" 200 -
172.22.2.4 - - [01/May/2023:20:19:41 -0500] "OPTIONS /BLA/boletinlegal/images/text.jpg HTTP/1.1" 200 -
172.22.2.4 - - [01/May/2023:20:19:41 -0500] "OPTIONS /BLA/boletinlegal/images/hover.jpg HTTP/1.1" 200 -
172.22.2.4 - - [01/May/2023:20:19:42 -0500] "GET /BLA/boletinlegal/actos.php HTTP/1.1" 200 9682
172.22.2.4 - - [01/May/2023:20:19:43 -0500] "OPTIONS /BLA/boletinlegal/js/ajax_actos.js HTTP/1.1" 200 -
172.22.2.4 - - [01/May/2023:20:19:43 -0500] "OPTIONS /BLA/boletinlegal/niceforms.js HTTP/1.1" 200 -
172.22.2.4 - - [01/May/2023:20:19:43 -0500] "OPTIONS /BLA/boletinlegal/js/popup.js HTTP/1.1" 200 -
172.22.2.4 - - [01/May/2023:20:19:43 -0500] "OPTIONS /BLA/boletinlegal/js/lib.js HTTP/1.1" 200 -
172.22.2.4 - - [01/May/2023:20:19:43 -0500] "OPTIONS /BLA/boletinlegal/js/jquery1.js HTTP/1.1" 200 -
172.22.2.4 - - [01/May/2023:20:19:43 -0500] "OPTIONS /BLA/boletinlegal/niceforms-default.css HTTP/1.1" 200 -
172.22.2.4 - - [01/May/2023:20:19:43 -0500] "OPTIONS /BLA/boletinlegal/images/green-yellow-blue-pink-th.png HTTP/1.1" 200 -
172.22.2.4 - - [01/May/2023:20:18:03 -0500] "GET /BLA/boletinlegal/ HTTP/1.1" 200 57151
172.22.2.4 - - [01/May/2023:20:20:03 -0500] "GET /BLA/boletinlegal/consulta_actos.php?tipo=autos&no=2433&usuario=&sector=&fecha=2019&resuelve= HTTP/1.1" 200 1081
181.58.60.135 - - [01/May/2023:20:20:07 -0500] "GET /BLA/resoluciones/AUTOS%202019/2433.pdf HTTP/1.1" 206 1
181.58.60.135 - - [01/May/2023:20:20:07 -0500] "GET /BLA/resoluciones/AUTOS%202019/2433.pdf HTTP/1.1" 206 337569
172.22.2.4 - - [01/May/2023:20:20:12 -0500] "GET /BLA/boletinlegal/consulta_actos.php?tipo=autos&no=&usuario=&sector=PEV&fecha=2021&resuelve= HTTP/1.1" 200 78032
172.22.2.4 - - [01/May/2023:20:19:40 -0500] "GET /BLA/boletinlegal/ HTTP/1.1" 200 24523
172.22.2.4 - - [01/May/2023:20:20:30 -0500] "GET /BLA/boletinlegal/consulta_actos.php?tipo=autos&no=&usuario=&sector=PEV&fecha=2018&resuelve= HTTP/1.1" 200 130380
172.22.2.4 - - [01/May/2023:20:20:33 -0500] "GET /BLA/boletinlegal/consulta_actos.php?tipo=autos&no=&usuario=&sector=PEV&fecha=2018&resuelve= HTTP/1.1" 200 130380
172.22.2.4 - - [01/May/2023:20:20:34 -0500] "GET /BLA/boletinlegal/consulta_actos.php?tipo=autos&no=&usuario=&sector=PEV&fecha=2018&resuelve= HTTP/1.1" 200 130380
172.22.2.4 - - [01/May/2023:20:20:35 -0500] "GET /BLA/boletinlegal/actos.php HTTP/1.1" 200 9682
201.245.192.253 - - [01/May/2023:20:20:38 -0500] "POST /kwsrmcab/Wsrmcab  HTTP/1.1" 200 41796
172.22.2.4 - - [01/May/2023:20:20:42 -0500] "GET /BLA/boletinlegal/consulta_actos.php?tipo=autos&no=&usuario=&sector=PEV&fecha=2018&resuelve= HTTP/1.1" 200 130380
172.22.2.4 - - [01/May/2023:20:20:58 -0500] "GET /BLA/boletinlegal/actos.php HTTP/1.1" 200 9682
172.22.2.4 - - [01/May/2023:20:21:07 -0500] "GET /BLA/boletinlegal/consulta_actos.php?tipo=autos&no=&usuario=&sector=&fecha=2023&resuelve=FORMULACI%D3N%20DE%20CARGOS HTTP/1.1" 200 626
172.22.2.4 - - [01/May/2023:20:21:14 -0500] "GET /BLA/boletinlegal/consulta_actos.php?tipo=autos&no=&usuario=&sector=&fecha=2020&resuelve=FORMULACI%D3N%20DE%20CARGOS HTTP/1.1" 200 626
172.22.2.4 - - [01/May/2023:20:21:32 -0500] "GET /BLA/boletinlegal/consulta_actos.php?tipo=autos&no=&usuario=&sector=&fecha=2022&resuelve=PRUEBAS HTTP/1.1" 200 74840
172.22.2.4 - - [01/May/2023:20:21:41 -0500] "GET /BLA/boletinlegal/consulta_actos.php?tipo=autos&no=&usuario=&sector=&fecha=2022&resuelve=SANCI%D3N HTTP/1.1" 200 1238214
186.86.34.9 - - [01/May/2023:20:22:45 -0500] "GET /BLA/resoluciones/AUTOS%202022/7929.pdf HTTP/1.1" 200 430130
216.245.221.92 - - [01/May/2023:20:23:16 -0500] "HEAD / HTTP/1.1" 200 -
172.22.2.4 - - [01/May/2023:20:24:12 -0500] "GET /BLA/boletinlegal/consulta_actos.php?tipo=autos&no=&usuario=&sector=&fecha=2016&resuelve=SANCI%D3N HTTP/1.1" 200 431414
172.22.2.4 - - [01/May/2023:20:23:02 -0500] "HEAD /BLA/boletinlegal/ HTTP/1.1" 200 -
172.22.2.4 - - [01/May/2023:20:25:03 -0500] "GET /BLA/boletinlegal/consulta_actos.php?tipo=autos&no=&usuario=&sector=&fecha=2022&resuelve=FINALIZA%20PROCEDIMIENTO HTTP/1.1" 200 626
172.22.2.4 - - [01/May/2023:20:25:06 -0500] "GET /BLA/boletinlegal/consulta_actos.php?tipo=autos&no=&usuario=&sector=&fecha=2022&resuelve= HTTP/1.1" 200 1758473
172.22.2.4 - - [01/May/2023:20:25:09 -0500] "GET /BLA/boletinlegal/consulta_actos.php?tipo=autos&no=&usuario=&sector=&fecha=2022&resuelve= HTTP/1.1" 200 1758473
172.22.2.4 - - [01/May/2023:20:23:53 -0500] "GET /BLA/boletinlegal/ HTTP/1.1" 200 57561
172.22.2.4 - - [01/May/2023:20:25:33 -0500] "GET /BLA/boletinlegal/jurisprudencia/analisis/Analisis%20jurisprudencial%20Sentencia%20C-366-11.doc HTTP/1.1" 304 -
201.245.192.253 - - [01/May/2023:20:25:37 -0500] "POST /kwsrmcab/Wsrmcab  HTTP/1.1" 200 41796
172.22.2.4 - - [01/May/2023:20:25:43 -0500] "GET /BLA/boletinlegal/jurisprudencia/analisis/CUADRO%20ANALISIS%20SENTENCIA%20T-411%20DE%201992.doc HTTP/1.1" 200 41984
172.22.2.4 - - [01/May/2023:20:26:15 -0500] "GET /BLA/boletinlegal/consulta_actos.php?tipo=resoluciones&no=&usuario=&sector=&fecha=2022&resuelve= HTTP/1.1" 200 4922611
172.22.2.4 - - [01/May/2023:20:26:29 -0500] "GET /BLA/boletinlegal/consulta_actos.php?tipo=resoluciones&no=&usuario=&sector=RUIDO&fecha=2022&resuelve= HTTP/1.1" 200 35360
186.86.34.9 - - [01/May/2023:20:26:38 -0500] "GET /BLA/resoluciones/RESOLUCIONES%202022/2699.pdf HTTP/1.1" 200 387353
181.61.206.215 - - [01/May/2023:20:26:55 -0500] "GET /galeria/galeria/jquery.fancybox.css?v=2.1.5 HTTP/1.1" 200 4895
181.61.206.215 - - [01/May/2023:20:26:55 -0500] "GET /BLA/boletinlegal/js/jquery.scrollShow.js HTTP/1.1" 200 4586
181.61.206.215 - - [01/May/2023:20:26:55 -0500] "GET /galeria/galeria/jquery.fancybox.js?v=2.1.5 HTTP/1.1" 200 48706
172.22.2.4 - - [01/May/2023:20:27:08 -0500] "GET /BLA/boletinlegal/images/cabezote%20BLEGAL.jpg HTTP/1.1" 200 118164
216.245.221.92 - - [01/May/2023:20:28:16 -0500] "HEAD / HTTP/1.1" 200 -
186.102.39.96 - - [01/May/2023:20:28:58 -0500] "GET /kwssiamovil/sm/ldap/au?x=U2FsdGVkX19B3jm7egcYvGILl/eIsWDsiEg8IJ2Ra2uoo8eFGiRRsY2gJmYJArDQ&y=U2FsdGVkX19mCjEX6veE2MdaBh4tYMtBOREqwB9hLGoyeAyij7BD2+HQnbGFnfBx HTTP/1.1" 200 31
186.102.39.96 - - [01/May/2023:20:29:08 -0500] "GET /kwssiamovil/sm/ldap/au?x=U2FsdGVkX1/sTbOqMYkj/4uP8T/bfWTn+DlBcVqzUP+0x7LpuYrIMtCjSyzOkS2d&y=U2FsdGVkX1+MExsSNoW1BREAqWXA0yNGcnyZjElOaDHvbD+XTIUKW9lWvu8qbj+X HTTP/1.1" 200 30
186.102.39.96 - - [01/May/2023:20:29:08 -0500] "GET /kwssiamovil/sm/acme/s?s=U2FsdGVkX1/peNnD3Dv7W/9M9ApmWWdVASXBOH5qBVJ/CHfSjPcnjzHa4q317CZlPLZhOL4F1cjzrDn9OzBuhNkid0onLlqlg2sx0JtAumg=&u=U2FsdGVkX19kLc22AgvvpJXLuIfoiRWYlqGmWTi4iLwXI+84X5lyki9Jw3TJOv1d&y=U2FsdGVkX1+MExsSNoW1BREAqWXA0yNGcnyZjElOaDHvbD+XTIUKW9lWvu8qbj+X HTTP/1.1" 200 97
186.102.39.96 - - [01/May/2023:20:29:08 -0500] "GET /kwssiamovil/sm/acme/s?s=U2FsdGVkX19G65BOODpe7Kg3iEprqminJyoIJy5J95rSNQfyQuQ+2q6aKaRNVae4tJAbxA1bxjqSku+duj6TPWK1UrFKihpa0kBLkDNaQRAQ3QzOW+zeK+Gh05h2TpldrRFdhSvQCNZE6D1wXGY8rHTu9719WSkpcYATEsHJ6Mh7nxnkX3BI15CFkhP6uzNgp3iN1XD3QXRvbc1DnUcjvikAXIg6HlDQZyyLiLupqmZ/gSN7Et3HfA5t0YhrSS94e9bO1mFETx0X9jhzxU/ZG+ZGLPUeS4X9mAeTPFSrLsZRQuWHolt6U+Ylbv8QNVAJiP0diB8IjLokAgMzhgshjFuYAC8BxgINU0LE4/5cb0KIk8uG5DwgqBsLZGsYncnUtdhSQ5YnRs7KomjdAiyPcwtUq22bmXZMaZGOmHTKl3rgeHs52sIl6xb4xcfWuXwWT0b6Cdh9SS4Rlpd7IY7qzAbFREOvIrPozyQ2TdaJeaxPG/ggxyuujtwwVpi2Hgmj3af4OJx8PVZstK41m1XwnfUgGIx+1s33ymLNk1FyXS8l087IHp/JaIMDqCraQBUjRAgNOnd+aUMcsCxUWCl6KsTu0ae3gh12UhQ4eklli0OYjdDwadFoFXwtS384i3PUXJeLfW1BqFsi0oBOWxAiqPXLK0BUtG3zuxEHHY95l7wiTZ77pYGA9id9Wm1fPZbUSBbK9Pkci05NOLH9W24IuowI4+iFL/pslTF5vG57ose16Pd/lGbrFwfkVVdZZsuGKhySR5PIr1Bc4lqCeo7nm92ayKndgFV9FxraefZ2ARc9nBNI8Pw6dVXENIrff0xDqUCoFX6Rw49qZHdQqnPyz/jQxDg/y4UEfXiJb00Na+IShBegbbEeLvwasEdUf4+1V+UdfBa7PcerOfoW5eQqdan7F0Pxiw17CV7igfL3refrNMnXflsOZ5Z71B9hxZVjeVHrBejOwn/qocryBw8dI/jj+maDNx1c4tFkr8eL2CzegS9eAywXaTOwJ1QCP50XvfoP2/Gy7RdpS+gULm26ubbpHcZIDwtSereZ2RbTguRvhDnqOKvn+5GD8+fAwXeLxPRScY/9K7WSraremoL3FA7AjOh993EI+pouXUqzXWno80OPwO7Gf5wiZJKYFfmuVNYUfAbT+jOpeTVW1BgM4xSwO/G+tJWLmxig4AY7ivCVC3IHkCXanr0pqKRQ6g0Tp6UvbeD2B9yOekKvc/xi4SjpDZYV/rJcv9uBXiVTez8JCEfshkDFpUkhgpj4jN9BWV1MC6FQyjJ6Hd4J5eOusnZsL6szPku+BM/TWhmQ2J3D/pstyYiVQgpcttv3tQmSEOb3CTeQ0TFaRdGoWWoL20Jzo7C1KD3IFFeuoRJWJswXWJEReqa9xCs3HzJhG7ILEhh3jtARMWMUoJnh1ceMYdLWUjkp6NrntRiGhmMXrSc=&u=U2FsdGVkX19kLc22AgvvpJXLuIfoiRWYlqGmWTi4iLwXI+84X5lyki9Jw3TJOv1d&y=U2FsdGVkX1+MExsSNoW1BREAqWXA0yNGcnyZjElOaDHvbD+XTIUKW9lWvu8qbj+X HTTP/1.1" 200 2609
186.102.39.96 - - [01/May/2023:20:29:08 -0500] "GET /kwssiamovil/sm/acme/s?s=U2FsdGVkX18hN4YuB5DXhhlCIvHvFeRRj7BwTXVhpuvB1c4v1CC0TxVzLSmJi7mJj3owPNKtukqPTYxxqWCHOVNqXsuoEghHYXqudbyyMbk2KyM3PMkL1NycmOb6bcp14xLCcJjarXHqPfdMv5XNCb9x95bLBUnjgdcxflQ+7rhKHN3Gb8H0csEryOTLBXwRjLfWw4e/nlboiVQZuwBCzLCLei5SYJIjwQ1C7p0rBw2wpTRNUVNfp2SpKiZjvhAjVOnbiB4d/ZpxXC4Gs37TrW1OdSjvmlJO0qj5I16Y1VntGM8U9k/oinMX8VzvGdDATjrzwJFDvS6kEaFyLfKRGvWsj0nXluwfFNFYQjhI5b4=&u=U2FsdGVkX19kLc22AgvvpJXLuIfoiRWYlqGmWTi4iLwXI+84X5lyki9Jw3TJOv1d&y=U2FsdGVkX1+MExsSNoW1BREAqWXA0yNGcnyZjElOaDHvbD+XTIUKW9lWvu8qbj+X HTTP/1.1" 200 196
186.102.39.96 - - [01/May/2023:20:29:09 -0500] "GET /kwssiamovil/sm/cjson/pre?f=1&x=U2FsdGVkX1/sTbOqMYkj/4uP8T/bfWTn+DlBcVqzUP+0x7LpuYrIMtCjSyzOkS2d HTTP/1.1" 200 31032
201.245.192.253 - - [01/May/2023:20:29:09 -0500] "POST /kwsrmcab/Wsrmcab HTTP/1.1" 200 43274
201.245.192.253 - - [01/May/2023:20:29:12 -0500] "POST /kwsrmcab/Wsrmcab HTTP/1.1" 200 43589
31.13.115.7 - - [01/May/2023:20:29:18 -0500] "GET /distrito-recupera-cerca-de-30-kilos-de-laurel-de-cera-e-invita-a-no-usar-esta-planta-para-la-celebracion-de-la-santa-cruz.html?fbclid=IwAR03WjLyUuocpkOuP8fGXxX8XzFrKXEi2vVOpPyRcjpjfzPWS_Z7miJBVWI HTTP/1.1" 200 829
172.22.2.4 - - [01/May/2023:20:28:52 -0500] "HEAD /BLA/boletinlegal/ HTTP/1.1" 200 -
201.245.192.253 - - [01/May/2023:20:30:36 -0500] "POST /kwsrmcab/Wsrmcab  HTTP/1.1" 200 41796
40.77.167.94 - - [01/May/2023:20:30:40 -0500] "GET /transparencia/financiera/Desagregado%20con%20modificaciones/Vigencia%20actual/modificaciones%20pptales%202022.02.28.xlsx HTTP/1.1" 404 1018
172.22.2.4 - - [01/May/2023:20:29:43 -0500] "GET /BLA/boletinlegal/ HTTP/1.1" 200 53114
40.77.167.86 - - [01/May/2023:20:32:05 -0500] "GET /BLA/resoluciones/index.php?dir=RESOLUCIONES+2022%2F HTTP/1.1" 200 300901
216.245.221.92 - - [01/May/2023:20:33:16 -0500] "HEAD / HTTP/1.1" 200 -
173.252.111.117 - - [01/May/2023:20:33:16 -0500] "GET /semana-santa-dias-y-horarios-para-visitar-el-camino-guadalupe-aguanoso.html HTTP/1.1" 206 943
172.22.2.4 - - [01/May/2023:20:32:55 -0500] "GET /BLA/boletinlegal/ HTTP/1.1" 200 62212
201.245.192.253 - - [01/May/2023:20:35:35 -0500] "POST /kwsrmcab/Wsrmcab  HTTP/1.1" 200 41796
186.155.172.246 - - [01/May/2023:20:36:21 -0500] "GET /galeria/galeria/jquery.fancybox.css?v=2.1.5 HTTP/1.1" 200 4895
172.22.2.4 - - [01/May/2023:20:34:42 -0500] "HEAD /BLA/boletinlegal/ HTTP/1.1" 200 -
186.155.172.246 - - [01/May/2023:20:36:27 -0500] "GET /BLA/boletinlegal/js/jquery.scrollShow.js HTTP/1.1" 200 4586
186.155.172.246 - - [01/May/2023:20:36:29 -0500] "GET /galeria/galeria/jquery.fancybox.js?v=2.1.5 HTTP/1.1" 200 48706
172.22.2.4 - - [01/May/2023:20:36:51 -0500] "GET /BLA/boletinlegal/Circulares/2019/.pdf HTTP/1.1" 404 1218
172.22.2.4 - - [01/May/2023:20:37:00 -0500] "GET /BLA/boletinlegal/Circulares/2012/Circular%20No.%2010%20del%2026%20de%20Enero%20de%202012.pdf HTTP/1.1" 404 1218
172.22.2.4 - - [01/May/2023:20:35:33 -0500] "GET /BLA/boletinlegal/ HTTP/1.1" 200 54424
186.86.34.9 - - [01/May/2023:20:37:22 -0500] "GET /BLA/resoluciones/RESOLUCIONES%202022/2324.pdf HTTP/1.1" 200 539109
172.22.2.4 - - [01/May/2023:20:37:42 -0500] "GET /BLA/boletinlegal/consulta_actos.php?tipo=resoluciones&no=&usuario=&sector=VERTIMIENTOS&fecha=2023&resuelve= HTTP/1.1" 200 2052
172.22.2.4 - - [01/May/2023:20:37:50 -0500] "GET /BLA/boletinlegal/consulta_actos.php?tipo=resoluciones&no=&usuario=&sector=VERTIMIENTOS&fecha=2022&resuelve= HTTP/1.1" 200 47846
172.22.2.4 - - [01/May/2023:20:36:13 -0500] "GET /BLA/boletinlegal/ HTTP/1.1" 200 58307
186.86.34.9 - - [01/May/2023:20:37:54 -0500] "GET /BLA/resoluciones/RESOLUCIONES%202022/5253.pdf HTTP/1.1" 200 527228
216.245.221.92 - - [01/May/2023:20:38:16 -0500] "HEAD / HTTP/1.1" 200 -
186.155.18.34 - - [01/May/2023:20:38:31 -0500] "GET /sipse/faces/faces/autenticacion.xhtml HTTP/1.1" 200 12497
186.155.18.34 - - [01/May/2023:20:38:32 -0500] "GET /sipse/js/disable_browser_buttons.js HTTP/1.1" 304 -
186.155.18.34 - - [01/May/2023:20:38:32 -0500] "GET /sipse/js/funciones.js HTTP/1.1" 304 -
186.155.18.34 - - [01/May/2023:20:38:32 -0500] "GET /sipse/css/custom_css_sg_prime_login.css HTTP/1.1" 304 -
186.155.18.34 - - [01/May/2023:20:38:32 -0500] "GET /sipse/css/custom_css_sg.css HTTP/1.1" 304 -
186.155.18.34 - - [01/May/2023:20:38:32 -0500] "GET /sipse/faces/javax.faces.resource/theme.css?ln=primefaces-sipse HTTP/1.1" 304 -
186.155.18.34 - - [01/May/2023:20:38:32 -0500] "GET /sipse/faces/javax.faces.resource/layout/layout.css;jsessionid=bDi6J6sQ3k3L7-hKf8mEyHKJ.undefined?ln=primefaces&v=4.0 HTTP/1.1" 200 542
186.155.18.34 - - [01/May/2023:20:38:32 -0500] "GET /sipse/faces/javax.faces.resource/layout/layout.js;jsessionid=bDi6J6sQ3k3L7-hKf8mEyHKJ.undefined?ln=primefaces&v=4.0 HTTP/1.1" 200 87560
186.155.18.34 - - [01/May/2023:20:38:32 -0500] "GET /sipse/faces/javax.faces.resource/primefaces.css;jsessionid=bDi6J6sQ3k3L7-hKf8mEyHKJ.undefined?ln=primefaces&v=4.0 HTTP/1.1" 200 53295
186.155.18.34 - - [01/May/2023:20:38:32 -0500] "GET /sipse/faces/javax.faces.resource/jquery/jquery.js;jsessionid=bDi6J6sQ3k3L7-hKf8mEyHKJ.undefined?ln=primefaces&v=4.0 HTTP/1.1" 200 105384
186.155.18.34 - - [01/May/2023:20:38:32 -0500] "GET /sipse/faces/javax.faces.resource/primefaces.js;jsessionid=bDi6J6sQ3k3L7-hKf8mEyHKJ.undefined?ln=primefaces&v=4.0 HTTP/1.1" 200 276924
186.155.18.34 - - [01/May/2023:20:38:32 -0500] "GET /sipse/faces/javax.faces.resource/jquery/jquery-plugins.js;jsessionid=bDi6J6sQ3k3L7-hKf8mEyHKJ.undefined?ln=primefaces&v=4.0 HTTP/1.1" 200 220526
186.155.18.34 - - [01/May/2023:20:38:35 -0500] "GET /sipse/css/imagen/logoSDG.png HTTP/1.1" 304 -
186.155.18.34 - - [01/May/2023:20:38:35 -0500] "GET /sipse/css/imagen/loginimg.png HTTP/1.1" 304 -
186.155.18.34 - - [01/May/2023:20:38:35 -0500] "GET /sipse/faces/javax.faces.resource/images/ui-icons_898989_256x240.png?ln=primefaces-aristo HTTP/1.1" 304 -
186.155.18.34 - - [01/May/2023:20:38:35 -0500] "GET /favicon.ico HTTP/1.1" 200 7782
186.155.18.34 - - [01/May/2023:20:38:35 -0500] "GET /sipse/faces/faces/index.xhtml HTTP/1.1" 200 677
186.155.18.34 - - [01/May/2023:20:38:35 -0500] "GET /sipse/faces/javax.faces.resource/theme.css?ln=primefaces-sipse HTTP/1.1" 304 -
186.155.18.34 - - [01/May/2023:20:38:36 -0500] "GET /sipse/faces/faces/faces/autenticacion.xhtml HTTP/1.1" 200 12175
186.155.18.34 - - [01/May/2023:20:38:36 -0500] "GET /sipse/faces/javax.faces.resource/primefaces.css?ln=primefaces&v=4.0 HTTP/1.1" 304 -
186.155.18.34 - - [01/May/2023:20:38:36 -0500] "GET /sipse/faces/javax.faces.resource/layout/layout.css?ln=primefaces&v=4.0 HTTP/1.1" 304 -
186.155.18.34 - - [01/May/2023:20:38:36 -0500] "GET /sipse/faces/javax.faces.resource/jquery/jquery.js?ln=primefaces&v=4.0 HTTP/1.1" 304 -
186.155.18.34 - - [01/May/2023:20:38:36 -0500] "GET /sipse/faces/javax.faces.resource/jquery/jquery-plugins.js?ln=primefaces&v=4.0 HTTP/1.1" 304 -
186.155.18.34 - - [01/May/2023:20:38:36 -0500] "GET /sipse/faces/javax.faces.resource/theme.css?ln=primefaces-sipse HTTP/1.1" 304 -
186.155.18.34 - - [01/May/2023:20:38:36 -0500] "GET /sipse/faces/javax.faces.resource/layout/layout.js?ln=primefaces&v=4.0 HTTP/1.1" 304 -
186.155.18.34 - - [01/May/2023:20:38:36 -0500] "GET /sipse/faces/javax.faces.resource/primefaces.js?ln=primefaces&v=4.0 HTTP/1.1" 304 -
186.155.18.34 - - [01/May/2023:20:38:36 -0500] "GET /sipse/faces/javax.faces.resource/images/ui-icons_898989_256x240.png?ln=primefaces-aristo HTTP/1.1" 304 -
186.155.18.34 - - [01/May/2023:20:38:38 -0500] "POST /sipse/faces/autenticacion.xhtml HTTP/1.1" 200 2224
186.155.18.34 - - [01/May/2023:20:38:38 -0500] "GET /sipse/faces/javax.faces.resource/messages/messages.png?ln=primefaces&v=4.0 HTTP/1.1" 200 27209
66.249.66.5 - - [01/May/2023:20:38:39 -0500] "-" 408 -
186.155.18.34 - - [01/May/2023:20:38:39 -0500] "POST /sipse/faces/autenticacion.xhtml HTTP/1.1" 200 16371
186.155.18.34 - - [01/May/2023:20:38:40 -0500] "GET /sipse/css/custom_css_sg_prime.css HTTP/1.1" 200 5201
186.155.18.34 - - [01/May/2023:20:38:40 -0500] "GET /sipse/js/jquery.min.js HTTP/1.1" 200 85582
186.155.18.34 - - [01/May/2023:20:38:40 -0500] "GET /sipse/faces/javax.faces.resource/jquery/jquery.js?ln=primefaces&v=4.0 HTTP/1.1" 304 -
186.155.18.34 - - [01/May/2023:20:38:40 -0500] "GET /sipse/faces/javax.faces.resource/jquery/jquery-plugins.js?ln=primefaces&v=4.0 HTTP/1.1" 304 -
186.155.18.34 - - [01/May/2023:20:38:40 -0500] "GET /sipse/faces/javax.faces.resource/primefaces.js?ln=primefaces&v=4.0 HTTP/1.1" 304 -
186.155.18.34 - - [01/May/2023:20:38:40 -0500] "GET /sipse/faces/javax.faces.resource/layout/layout.js?ln=primefaces&v=4.0 HTTP/1.1" 304 -
186.155.18.34 - - [01/May/2023:20:38:40 -0500] "GET /sipse/imagenes/logoAplicacion.jpg HTTP/1.1" 304 -
186.155.18.34 - - [01/May/2023:20:38:40 -0500] "GET /sipse/css/imagen/contrasena.png HTTP/1.1" 404 383
186.155.18.34 - - [01/May/2023:20:38:40 -0500] "GET /sipse/imagenes/cargando.gif HTTP/1.1" 200 36959
186.155.18.34 - - [01/May/2023:20:38:42 -0500] "GET /sipse/faces/javax.faces.resource/images/ui-bg_flat_0_2d5972_40x100.png?ln=primefaces-aristo HTTP/1.1" 304 -
186.155.18.34 - - [01/May/2023:20:38:42 -0500] "POST /sipse/faces/bienvenido.xhtml HTTP/1.1" 200 2658
186.155.18.34 - - [01/May/2023:20:38:42 -0500] "POST /sipse/faces/bienvenido.xhtml HTTP/1.1" 200 184
186.155.18.34 - - [01/May/2023:20:38:43 -0500] "GET /sipse/faces/presentacion/financiero/solicitudAnulacion/solicitudAnulacion.xhtml HTTP/1.1" 200 36500
186.155.18.34 - - [01/May/2023:20:38:43 -0500] "GET /sipse/faces/javax.faces.resource/theme.css?ln=primefaces-sipse HTTP/1.1" 304 -
186.155.18.34 - - [01/May/2023:20:38:43 -0500] "GET /sipse/faces/javax.faces.resource/primefaces.css?ln=primefaces&v=4.0 HTTP/1.1" 304 -
186.155.18.34 - - [01/May/2023:20:38:43 -0500] "GET /sipse/faces/javax.faces.resource/layout/layout.css?ln=primefaces&v=4.0 HTTP/1.1" 304 -
186.155.18.34 - - [01/May/2023:20:38:43 -0500] "GET /sipse/faces/javax.faces.resource/layout/layout.js?ln=primefaces&v=4.0 HTTP/1.1" 304 -
186.155.18.34 - - [01/May/2023:20:38:43 -0500] "GET /sipse/faces/javax.faces.resource/primefaces.js?ln=primefaces&v=4.0 HTTP/1.1" 304 -
186.155.18.34 - - [01/May/2023:20:38:43 -0500] "GET /sipse/faces/javax.faces.resource/jquery/jquery.js?ln=primefaces&v=4.0 HTTP/1.1" 304 -
186.155.18.34 - - [01/May/2023:20:38:43 -0500] "GET /sipse/faces/javax.faces.resource/jquery/jquery-plugins.js?ln=primefaces&v=4.0 HTTP/1.1" 304 -
186.155.18.34 - - [01/May/2023:20:38:43 -0500] "GET /sipse/faces/javax.faces.resource/images/ui-icons_898989_256x240.png?ln=primefaces-aristo HTTP/1.1" 304 -
186.155.18.34 - - [01/May/2023:20:38:43 -0500] "GET /sipse/faces/javax.faces.resource/images/ui-bg_flat_0_2d5972_40x100.png?ln=primefaces-aristo HTTP/1.1" 304 -
186.155.18.34 - - [01/May/2023:20:38:43 -0500] "POST /sipse/faces/presentacion/financiero/solicitudAnulacion/solicitudAnulacion.xhtml HTTP/1.1" 200 14758
201.245.192.253 - - [01/May/2023:20:39:09 -0500] "POST /kwsrmcab/Wsrmcab HTTP/1.1" 200 43274
201.245.192.253 - - [01/May/2023:20:39:11 -0500] "POST /kwsrmcab/Wsrmcab HTTP/1.1" 200 43589
34.91.177.4 - - [01/May/2023:20:39:14 -0500] "GET /inventario-de-emisiones-2020-transporte-publico-sitp-redujo-emisiones-de-pm-2-5-en-un-37.html HTTP/1.1" 200 925
186.84.90.74 - - [01/May/2023:20:39:50 -0500] "GET /kwssiamovil/sm/acme/a?s=U2FsdGVkX1/+H5UeK+rCARHs1TSHTExNfxg7XF6HQyp+ZQDrZCIGU6/RYdVTfhZF9z3BSKRwgjVMEjS19FVbG+0r5G4yMm8YvR0TjoBEDtFx6r2XJlj5KXsZ27T1nobr//tokQjcQzxClXQ+yvcaUkwgalcf0YzjW+sC6u82WulYIdaIX7+ibRaNnDi16fY341+G7x33xdaEGSAunJfI5Q9Vkc8NTS0O8mQm1L8RQ/FU7egWgy3JK5GGTbMEKHVx4/ndYPZz92PLEyxKA58AUg==&u=U2FsdGVkX19H33NsZ085tuEmgnb/ywGr98qvVtdMK1c=&y=U2FsdGVkX18iwMVb8saXcAalMZ8x7xSEw1ax07dTVBr524JCvu+V3UXp2eWbiWta HTTP/1.1" 200 26
186.84.90.74 - - [01/May/2023:20:39:50 -0500] "GET /kwssiamovil/sm/acme/a?s=U2FsdGVkX19MSxgiuBjyZVERf4tnf1J4jHgQfXJVA0O1tcP8i1RgBcSG6x1O5Vtn72aSPYu7JrL7oSf0cmSju3q3rcdMXWQNlpRtI6c/Oob2FA2RJ5MKfbP8ZxdgTmXx093SleFkOuEjnOWkD4UjUkoaNqyzo290mrYPdgbJ9eIOLvW6FmFg9cjpC7fa7u2NhX+YlyHhQGCkGNzXBD88CvibLRWyIK1ATCef4PXNE8tRIkjRQE0Jsdd7QiVEGggpOC6gGfDdoKUDRmjKOqu4llRh+YmaSBh481qFGhGkmW2SwsVK4/Lq2DEPrN18jBC2UegN0TrObLpvUM9J/nPWkWX01Tx0NcD7sT/BamaDzQHnhDccVw0dzCiXue4UuEbKiCgqsnal/ybBxTAt/W0nR+UFvvkox9hOqbcERO2XvyRdMmmKjmsG1nm2Y5pSqV8Yt82M2FIueAiZLVsegzvqFtJ2GV/9H2MuDPzV/xLYDE6LBGrXenT/SmkFM0qNqVKrW92qlFj0GbDsDAnfQpiykqSAY0c1IILnEKLgvWa3KZTxWj2PANdC+VqRLxeWZAi2CnQHVJBgunq2HFsk6NdUMGV72oke460EKLwObqyotQY2djrvZRpjXO50TvMRlnn/HkFafCSXjAJRnKB393N2bGNGka/k4FH72c8//ayFTj308UkF9UHD0eH2LGCYqGY6BgF1x19hQS+rzrL/NTgFql8QeUnsNgdapaSRJCVCk7tW/zgG/H5sNZjiu/j450chjjgQLoKF0CY/PV3x1exebStvWSmiO0bJbTWV0eZ+VLNezbf7r8zRurzgpxJhvdqL0wRFv9ffVI9+QKuYj+Ev4bjr/U8Mi6TEuwoe4Gzw2coG4IMH3NSGAGnP1QIpmfOVexTjCJh9Z8Uch59W4F7cUUyUD2gOUo3RrnGnLpTKWlvv1GZElvCXaDys4Kq+l/AteHLR/Sxguw23DFRgnDjyFSjlzVBCs27oHD2tIQ/XRxTg3KbfaxcqDVvC7H7SkqcgmYtTChDgLrlk+XgxKulVyTd7cZLSXpatsIA+DZtI6rzJl3TYK1oUk+xBpsLlPyhp05VnKD7aNUz7WsecJ72sgbIISl9nPU6tFYkiuxWtusrcuyTZDCVCb1PZ9h138yazgHS4kOW2yE9t0SayVM+ovV+z8C+3UDlU8hStn0cd/n4Fg5WUSDm4+Np1w1s3HLDC6ovLQWWJqUMbUJad+D7Xoy+6Phk8TuZb7PfxRg+VWQpO+l/BZlHHMk3vbZCXyLiKihRBUOCpkDyQy5+K5PRrIJA9HTg6pTIe7pMW7eR/+NP6AaBQxZ1H7xMAQb4bBx0uQskYmlcV5E4E4tdzIXWF3R8bVUiMbzM5b2xtQAJfaCzULyPu7SicBIEgJQ08fAebQ14bPkfmH9oDLPUqWlJfm+DTefYTJnRWQCM8m2HtSM4FoaFfM+OHb+GBkp6AtxauJNdzkY5xL0pLRegHs7023a53Xd1CYNMm7xyi4p9G2uWszum8cUBMZpx/VAa1P999wK6NfAw+5VxQquC7LunqnDvUvQHQaDDfHXLI4eEIQ++ic8rbZ/JAa+BfY6XW59ozA3iMR94Bl5rxcoW28xf7ckPFavKwVJCvJVbqqEBhP7MXEiyid43rDIUTE2KPHwmsnVYb2REVsOxWy1jr3qzpjm+IbVWF58SD6a+MHoCG2eYEHk1UP7FIgqBK1YqhzUmiTZXfjCDQfro9jot8vHui+PCB9S4UTfQij3tH+szcjmRfQHj6EpGkaEoNj/3uDjPzmnzKt5BlpMrp9dof56PRRRHFoDZBmQgVRKzpJ/s3JErn6Np3Im/wcKWVSlmopq2yaOA4mLwnaWRtmaroLvibuCFKOfyEENt83mJzTLCg39gd8IcGSKfXAkJCD3OxJlamqBI8fBNXc7o3BKn1+6DnnJMQXAZmEIyMTwhFC1OTDHRlbh9b6aG2/Mdx9WQhfhqUYopzCNpf6RYVWln07/YKTvisHc4lgYl4O2KH2Zq0FyqnI9ddtuaHuiU4vnxLT+b9jW5gQ186l9EZabh9hEM7d1sVwI9Vs4vgqwItMDIdeNAFesXwYUrWFR/N+kcOVwdRN2YqjSVZ6KsLnqioUUDCauu1y/qKw8TEifGY1iWK8TtP7bHr8xnxE+ECIe/xtDMDkdruE//3TAbz+SpZG2hqec1FPa6kkHYAnAUzuM0fLNnChFL7HK2dQ56BuR3RZ3haY1o7bW1PGqDWkV62RQaYoyoKH4ZDq+XGpI5iaGq9pXnXpL6+VB+a7p40TQXiZ0c5vLjCqPU+6JLhfgETa7oMqDSvitPLHHfzlpR+P1/De/erYbLgCnNRd5ple0xNENW+T9dEZ78WH0st0cn5iE8UbmZ6qGOM4+tAylcQMfbmHjo7J6fAMzaGbp4HD9J2LkkINns6G156ta/hkMmb+K97XFovnd7cenr/47WxGfvKbeVhCc20EHnPfQWu27yV8XVNkjozmX2GJ2UTcS2PDcaP1kVO3lzCBA1RPbm0BkVuBzQLYVagBvN94244JJ/ktMWnkJMu1Kw5fExUZUb6FykktgPigCT/zPUN3NEHWUAmhIKwVuf0XKzMspMRziTglbelMQAZV8agL9les/qd1qmD5xBsVEjbwRNaKuUzKd3uzS6m/66kGWv6kMAQ4tsb3oRsuJ/mOQqbFP9dqoZ5oxqhp5VoElrRQCmUFayUYFwKnkuuz7NMzHkPeEEjjOwYjNSWtRwY0Ggj2claSyceWWHuWSVypJBXVsahyww6pOZnbHddeMx7FTJvLwLR8AjtKdH1kDoH1B+W+Ji5V/P4KOKuePIImlaQ2ErHiFPUnOIRBujZI1nzl+5g4VVBVPFdnwMUkOzJU4j+Gbj27WVLejNOMBPLWjCFL+AoJ4d+sHcOPup1kcQftf/VmbasPlQPM51ZXFLSDIrTwGYZEygvpKP17wLm257zsEo+A/nEEf7O9fxyR30QMuFMDm16U0mK26s3o6Yi7VBJlOYPF39ciKl1PcFGcKPVK/gl6ip50rbjeKerf18Sw/4EGFYcAY2lZtqcQTtefpFPTiY9ngpedurrwNvGynugS5o6s/F8UZQI84X0fwPc9OGh8EmCpVzLPgUfiPC44hGa2NROXmJz6RChA1viw48L1GDRHIWM43oVx1QcevKSHx3ZAac7kgOu2a4UZLnvr5HjoR6oIfULGcOVpAo7aKn8/viUmf3xs+6HnGqgs5O00Av0TxgWZnlLT5zajxktXZ+vXzWr15eYNV1wsTCXsmcK9KQeNdQ7iBtzZ10wPHYHKEIsUpPM30tYMeRyZGeR2V4Zc51l7Rfpvd9+aalKrbCHIOooULVO9ggAKjZt7xTb+RL3Pj0BP5cVlc+dYbNZOQbby5eMcnf/PIoJ0EoT/Y3Ivoh0IM97ZT0x5MkvdzTXoP/4zzEcEv9EvMsN4UgkenMSUi7okGb7iBbCOtaKRCWM4KyzuqH1tNjs7CBsR2zTubqbKr7zk5hDOwosY1driHKb+UpksL5XR2lWC6l+sv/CG3m9k5FN8FeRDvk3KWNNVbtkwJ/0XnxKE+4c8S9l1GykZAxyjr/j19UTCbxJ4mR0E8xeYUTgee5x7O0NxKG0M8hep2QrGmLAJtOPoQi+cSxq2HBUDL6h7xhQVdBq8GzmTEKaj2t2AR7niRhEvLdF2ruOvG3hzfCBFvK4/RiTRafK1poF4h7+r6WLpXou52ARxa0Ho6C/J2yr8VRdBZMJpGPUiVGxpjObjlDO5eAVeK7SW/SzSD2AVz8y21Jbi6pAy6l8CeeSOhC+jNGYKmwwhBaGOcYz6GBer9fCeuT9j8eSFDUBsjOfotee9F9otbjMiWolqYRxJWhxIsgH8aga1up7RsyJksexjNcELitqY8nQhCbcOJFpwAePhIPqjGplp4PUjrfCPrtjm0HZJ7VkD+226vVys69gC+tS&u=U2FsdGVkX19H33NsZ085tuEmgnb/ywGr98qvVtdMK1c=&y=U2FsdGVkX18iwMVb8saXcAalMZ8x7xSEw1ax07dTVBr524JCvu+V3UXp2eWbiWta HTTP/1.1" 200 26
186.84.90.74 - - [01/May/2023:20:39:50 -0500] "GET /kwssiamovil/sm/acme/a?s=U2FsdGVkX1+c+Lon7ki0/2ZSzRJNzO6pz8QhIl/nvUtyMNCLKOvbxsx9X+LplCTK1dw3n+WIqaIybU3i11jYYcd0t8T1AtRoh3OOO4OT9Sq/LojWkHxDgnGmSYQ4V7cyBewHoTQB06NXo4vchc6IZOb14xJ3NOBbT3wY+5JoCHg=&u=U2FsdGVkX19H33NsZ085tuEmgnb/ywGr98qvVtdMK1c=&y=U2FsdGVkX18iwMVb8saXcAalMZ8x7xSEw1ax07dTVBr524JCvu+V3UXp2eWbiWta HTTP/1.1" 200 26
186.84.90.74 - - [01/May/2023:20:39:51 -0500] "GET /kwssiamovil/sm/acme/a?s=U2FsdGVkX1+MTndwvv/ccV4Rozht7C2NSdojVzHyNPSAhtuM8jMoynU+qm4N3JvY6QCBhDYqKWds/3lHh+cZ1/1a6ZOXtSc7Oxa79yISopCbNN3F9O1Ean83mAPSWavVyU5pv8gItfsLGPJd3NmKFA0BfBEF3cldpVNJ/eD8q7U=&u=U2FsdGVkX19H33NsZ085tuEmgnb/ywGr98qvVtdMK1c=&y=U2FsdGVkX18iwMVb8saXcAalMZ8x7xSEw1ax07dTVBr524JCvu+V3UXp2eWbiWta HTTP/1.1" 200 26
186.84.90.74 - - [01/May/2023:20:39:51 -0500] "GET /kwssiamovil/sm/acme/a?s=U2FsdGVkX1/vAJUCO2x8lERg01t//SBTOUXpeR699aarywZ0iA78RzsxkofXVDDfk1Vc/qrIUsgL3jkFcTIOVVxJMzUFtxWTXm9Ym01fsecF9cFGCDmNHExDfHNKkrVXxmVbk+zue9vu7nrqbuEZtENi1toTcAXhzJBzdiviLvo=&u=U2FsdGVkX19H33NsZ085tuEmgnb/ywGr98qvVtdMK1c=&y=U2FsdGVkX18iwMVb8saXcAalMZ8x7xSEw1ax07dTVBr524JCvu+V3UXp2eWbiWta HTTP/1.1" 200 26
186.84.90.74 - - [01/May/2023:20:39:51 -0500] "GET /kwssiamovil/sm/acme/a?s=U2FsdGVkX1+Rwv+7shZPojDwxPq4bS4D86SjvJwlQoScwWoS5GKI/E3sEPZcpI2ptR6ZiOAIaABjFyxT/7P0cWTfSEIGM/Z6FfB1IIAFzcgdUfn8dsm0OrocbFNSIaSQgO45gra5wUmpdoKKP3VCfdjaqb9+5R10CfbaqPQfS5pvrjm6KWeSY+0kgyA/94/FxPF9ZmUyQON1iSYY4UHvuA==&u=U2FsdGVkX19H33NsZ085tuEmgnb/ywGr98qvVtdMK1c=&y=U2FsdGVkX18iwMVb8saXcAalMZ8x7xSEw1ax07dTVBr524JCvu+V3UXp2eWbiWta HTTP/1.1" 200 26
172.22.2.4 - - [01/May/2023:20:38:37 -0500] "GET /BLA/boletinlegal/ HTTP/1.1" 200 57291
172.22.2.4 - - [01/May/2023:20:40:15 -0500] "GET /BLA/boletinlegal/consulta_actos.php?tipo=autos&no=1633&usuario=&sector=&fecha=2020&resuelve= HTTP/1.1" 200 1117
181.58.60.135 - - [01/May/2023:20:40:33 -0500] "GET /BLA/resoluciones/AUTOS%202020/1633.pdf HTTP/1.1" 200 573235
201.245.192.253 - - [01/May/2023:20:40:34 -0500] "POST /kwsrmcab/Wsrmcab  HTTP/1.1" 200 41796
3.231.219.126 - - [01/May/2023:20:40:53 -0500] "GET / HTTP/1.1" 200 319
186.154.36.159 - - [01/May/2023:20:41:17 -0500] "GET /galeria/mapa/3MapaBogot%C3%A1.jpg HTTP/1.1" 200 688183
40.77.167.120 - - [01/May/2023:20:41:56 -0500] "GET / HTTP/1.1" 200 319
172.22.2.4 - - [01/May/2023:20:40:32 -0500] "HEAD /BLA/boletinlegal/ HTTP/1.1" 200 -
172.22.2.4 - - [01/May/2023:20:41:23 -0500] "GET /BLA/boletinlegal/ HTTP/1.1" 200 57151
216.245.221.92 - - [01/May/2023:20:43:16 -0500] "HEAD / HTTP/1.1" 200 -
181.56.171.197 - - [01/May/2023:20:43:34 -0500] "POST /sipse/faces/presentacion/financiero/solicitudProceso/consultarSolicitudProceso.xhtml HTTP/1.1" 200 42065
181.56.171.197 - - [01/May/2023:20:43:35 -0500] "GET /sipse/css/custom_css_sg.css HTTP/1.1" 200 9694
181.56.171.197 - - [01/May/2023:20:43:35 -0500] "GET /sipse/css/custom_css_sg_prime.css HTTP/1.1" 200 5201
181.56.171.197 - - [01/May/2023:20:43:35 -0500] "GET /sipse/js/disable_browser_buttons.js HTTP/1.1" 200 3230
181.56.171.197 - - [01/May/2023:20:43:35 -0500] "GET /sipse/faces/javax.faces.resource/layout/layout.css?ln=primefaces&v=4.0 HTTP/1.1" 200 542
181.56.171.197 - - [01/May/2023:20:43:35 -0500] "GET /sipse/faces/javax.faces.resource/primefaces.css?ln=primefaces&v=4.0 HTTP/1.1" 200 53295
181.56.171.197 - - [01/May/2023:20:43:35 -0500] "GET /sipse/faces/javax.faces.resource/theme.css?ln=primefaces-sipse HTTP/1.1" 200 50058
181.56.171.197 - - [01/May/2023:20:43:35 -0500] "GET /sipse/js/jquery.min.js HTTP/1.1" 200 85582
181.56.171.197 - - [01/May/2023:20:43:35 -0500] "GET /sipse/js/funciones.js HTTP/1.1" 200 12592
181.56.171.197 - - [01/May/2023:20:43:35 -0500] "GET /sipse/faces/javax.faces.resource/jquery/jquery.js?ln=primefaces&v=4.0 HTTP/1.1" 200 105384
181.56.171.197 - - [01/May/2023:20:43:35 -0500] "GET /sipse/faces/javax.faces.resource/jquery/jquery-plugins.js?ln=primefaces&v=4.0 HTTP/1.1" 200 220526
181.56.171.197 - - [01/May/2023:20:43:37 -0500] "GET /sipse/faces/javax.faces.resource/primefaces.js?ln=primefaces&v=4.0 HTTP/1.1" 200 276924
181.56.171.197 - - [01/May/2023:20:43:37 -0500] "GET /sipse/faces/javax.faces.resource/layout/layout.js?ln=primefaces&v=4.0 HTTP/1.1" 200 87560
181.56.171.197 - - [01/May/2023:20:43:37 -0500] "GET /sipse/imagenes/cargando.gif HTTP/1.1" 200 36959
181.56.171.197 - - [01/May/2023:20:43:37 -0500] "GET /sipse/css/imagen/contrasena.png HTTP/1.1" 404 383
181.56.171.197 - - [01/May/2023:20:43:37 -0500] "GET /sipse/faces/javax.faces.resource/images/ui-icons_898989_256x240.png?ln=primefaces-aristo HTTP/1.1" 200 5355
181.56.171.197 - - [01/May/2023:20:43:37 -0500] "POST /sipse/faces/presentacion/financiero/solicitudProceso/consultar.xhtml HTTP/1.1" 200 35364
181.56.171.197 - - [01/May/2023:20:43:37 -0500] "GET /sipse/css/imagen/logoSDG.png HTTP/1.1" 200 53064
181.56.171.197 - - [01/May/2023:20:43:37 -0500] "GET /sipse/faces/javax.faces.resource/images/ui-bg_flat_0_2d5972_40x100.png?ln=primefaces-aristo HTTP/1.1" 200 183
181.56.171.197 - - [01/May/2023:20:43:37 -0500] "POST /sipse/faces/presentacion/financiero/solicitudProceso/consultar.xhtml HTTP/1.1" 200 35364
181.56.171.197 - - [01/May/2023:20:43:39 -0500] "POST /sipse/faces/presentacion/financiero/solicitudProceso/consultar.xhtml HTTP/1.1" 200 23085
181.56.171.197 - - [01/May/2023:20:43:43 -0500] "POST /sipse/faces/presentacion/financiero/solicitudProceso/consultar.xhtml HTTP/1.1" 200 12781
181.56.171.197 - - [01/May/2023:20:43:47 -0500] "POST /sipse/faces/presentacion/financiero/solicitudProceso/consultar.xhtml HTTP/1.1" 200 156282
181.56.171.197 - - [01/May/2023:20:43:49 -0500] "GET /sipse/faces/javax.faces.resource/theme.css?ln=primefaces-sipse HTTP/1.1" 304 -
181.56.171.197 - - [01/May/2023:20:43:49 -0500] "GET /sipse/faces/javax.faces.resource/layout/layout.css?ln=primefaces&v=4.0 HTTP/1.1" 304 -
181.56.171.197 - - [01/May/2023:20:43:49 -0500] "GET /sipse/faces/javax.faces.resource/primefaces.css?ln=primefaces&v=4.0 HTTP/1.1" 304 -
