135.181.40.3 - - [01/May/2023:08:10:31 -0500] "GET /portaldeninos/wp-includes/js/wp-emoji-release.min.js?ver=4.9.8 HTTP/1.1" 200 12026
135.181.40.3 - - [01/May/2023:08:10:29 -0500] "GET /portaldeninos/ HTTP/1.1" 200 110197
135.181.40.3 - - [01/May/2023:08:10:32 -0500] "GET /portaldeninos/wp-content/plugins/gallery-videos/JS/modernizr.custom.js?ver=4.9.8 HTTP/1.1" 200 9019
135.181.40.3 - - [01/May/2023:08:10:31 -0500] "GET /portaldeninos/wp-content/plugins/google-analytics-for-wordpress/assets/js/frontend-gtag.min.js?ver=8.5.0 HTTP/1.1" 200 11801
135.181.40.3 - - [01/May/2023:08:10:32 -0500] "GET /portaldeninos/wp-content/plugins/gallery-videos/JS/Total-Soft-Gallery-Video-Widget.js?ver=4.9.8 HTTP/1.1" 200 80264
135.181.40.3 - - [01/May/2023:08:10:32 -0500] "GET /portaldeninos/wp-includes/js/jquery/ui/widget.min.js?ver=1.11.4 HTTP/1.1" 200 6908
135.181.40.3 - - [01/May/2023:08:10:33 -0500] "GET /portaldeninos/wp-includes/js/jquery/ui/mouse.min.js?ver=1.11.4 HTTP/1.1" 200 3148
135.181.40.3 - - [01/May/2023:08:10:31 -0500] "GET /portaldeninos/wp-includes/js/jquery/jquery.js?ver=1.12.4 HTTP/1.1" 200 97184
135.181.40.3 - - [01/May/2023:08:10:33 -0500] "GET /portaldeninos/wp-includes/js/jquery/ui/accordion.min.js?ver=1.11.4 HTTP/1.1" 200 8584
135.181.40.3 - - [01/May/2023:08:10:33 -0500] "GET /portaldeninos/wp-content/themes/betheme/assets/animations/animations.min.js?ver=20.9.6 HTTP/1.1" 200 1896
135.181.40.3 - - [01/May/2023:08:10:33 -0500] "GET /portaldeninos/wp-content/themes/betheme/js/menu.js?ver=20.9.6 HTTP/1.1" 200 2449
135.181.40.3 - - [01/May/2023:08:10:33 -0500] "GET /portaldeninos/wp-includes/js/jquery/ui/tabs.min.js?ver=1.11.4 HTTP/1.1" 200 12110
135.181.40.3 - - [01/May/2023:08:10:33 -0500] "GET /portaldeninos/wp-includes/js/jquery/ui/sortable.min.js?ver=1.11.4 HTTP/1.1" 200 24899
135.181.40.3 - - [01/May/2023:08:10:33 -0500] "GET /portaldeninos/wp-includes/js/jquery/ui/position.min.js?ver=1.11.4 HTTP/1.1" 200 6527
135.181.40.3 - - [01/May/2023:08:10:33 -0500] "GET /portaldeninos/wp-includes/js/wp-embed.min.js?ver=4.9.8 HTTP/1.1" 200 1398
172.22.2.4 - - [01/May/2023:08:08:53 -0500] "GET /BLA/boletinlegal/ HTTP/1.1" 200 59306
135.181.40.3 - - [01/May/2023:08:10:33 -0500] "GET /portaldeninos/wp-content/themes/betheme/js/scripts.js?ver=20.9.6 HTTP/1.1" 200 77162
135.181.40.3 - - [01/May/2023:08:10:33 -0500] "GET /portaldeninos/wp-content/themes/betheme/assets/jplayer/jplayer.min.js?ver=20.9.6 HTTP/1.1" 200 52702
135.181.40.3 - - [01/May/2023:08:10:33 -0500] "GET /portaldeninos/wp-content/plugins/popup-maker/assets/js/site.min.js?defer&ver=1.8.14 HTTP/1.1" 200 48457
135.181.40.3 - - [01/May/2023:08:10:33 -0500] "GET /portaldeninos/wp-content/themes/betheme/js/plugins.js?ver=20.9.6 HTTP/1.1" 200 197151
201.245.192.253 - - [01/May/2023:08:10:57 -0500] "POST /kwsrmcab/Wsrmcab  HTTP/1.1" 200 41796
172.22.2.4 - - [01/May/2023:08:11:34 -0500] "GET /BLA/boletinlegal/actos.php HTTP/1.1" 200 9682
172.22.2.4 - - [01/May/2023:08:11:34 -0500] "GET /BLA/boletinlegal/favicon.ico HTTP/1.1" 404 1326
190.145.240.34 - - [01/May/2023:08:11:36 -0500] "GET /BLA/resoluciones/ HTTP/1.1" 200 13502
190.145.240.34 - - [01/May/2023:08:11:40 -0500] "GET /BLA/resoluciones/index.php?dir=RESOLUCIONES+2021%2F HTTP/1.1" 200 40907
190.145.240.34 - - [01/May/2023:08:11:41 -0500] "GET /BLA/resoluciones/index.php?dir=RESOLUCIONES+2021%2F HTTP/1.1" 200 439476
190.145.240.34 - - [01/May/2023:08:11:55 -0500] "GET /BLA/resoluciones/RESOLUCIONES%202021/2477.pdf HTTP/1.1" 200 525714
172.22.2.4 - - [01/May/2023:08:11:32 -0500] "GET /BLA/boletinlegal/ HTTP/1.1" 200 24523
66.249.66.42 - - [01/May/2023:08:13:08 -0500] "-" 408 -
216.245.221.92 - - [01/May/2023:08:13:18 -0500] "HEAD / HTTP/1.1" 200 -
40.77.167.94 - - [01/May/2023:08:13:34 -0500] "GET /BLA/resoluciones/RESOLUCIONES%202022/0320.pdf HTTP/1.1" 304 -
172.22.2.4 - - [01/May/2023:08:14:00 -0500] "GET /BLA/boletinlegal/actos.php HTTP/1.1" 200 9682
74.80.208.70 - - [01/May/2023:08:14:37 -0500] "GET /Residuos/textiles/textiles.html HTTP/1.1" 304 -
40.77.167.101 - - [01/May/2023:08:15:13 -0500] "-" 408 -
172.22.2.4 - - [01/May/2023:08:13:53 -0500] "HEAD /BLA/boletinlegal/ HTTP/1.1" 200 -
201.245.192.253 - - [01/May/2023:08:15:56 -0500] "POST /kwsrmcab/Wsrmcab  HTTP/1.1" 200 41796
172.22.2.4 - - [01/May/2023:08:14:43 -0500] "GET /BLA/boletinlegal/ HTTP/1.1" 200 52730
185.180.143.141 - - [01/May/2023:08:18:15 -0500] "GET / HTTP/1.1" 200 319
216.245.221.92 - - [01/May/2023:08:18:18 -0500] "HEAD / HTTP/1.1" 200 -
66.249.66.6 - - [01/May/2023:08:18:18 -0500] "-" 408 -
185.180.143.141 - - [01/May/2023:08:18:33 -0500] "GET /solr/ HTTP/1.1" 404 1018
185.180.143.141 - - [01/May/2023:08:18:52 -0500] "HEAD /icons/sphere1.png HTTP/1.1" 200 -
185.180.143.141 - - [01/May/2023:08:18:52 -0500] "HEAD /icons/.%%32%65/.%%32%65/apache2/icons/non-existant-image.png HTTP/1.1" 400 -
185.180.143.141 - - [01/May/2023:08:18:53 -0500] "HEAD /icons/.%%32%65/.%%32%65/apache2/icons/sphere1.png HTTP/1.1" 400 -
185.180.143.141 - - [01/May/2023:08:18:53 -0500] "HEAD /icons/.%2e/%2e%2e/apache2/icons/sphere1.png HTTP/1.1" 400 -
185.180.143.141 - - [01/May/2023:08:18:54 -0500] "GET / HTTP/1.1" 200 319
185.180.143.141 - - [01/May/2023:08:18:54 -0500] "GET /admin/ HTTP/1.1" 404 1018
185.180.143.141 - - [01/May/2023:08:18:54 -0500] "GET /webfig/ HTTP/1.1" 404 1018
185.180.143.141 - - [01/May/2023:08:19:12 -0500] "GET / HTTP/1.1" 200 319
201.245.192.253 - - [01/May/2023:08:19:11 -0500] "POST /kwsrmcab/Wsrmcab HTTP/1.1" 200 37588
201.245.192.253 - - [01/May/2023:08:19:14 -0500] "POST /kwsrmcab/Wsrmcab HTTP/1.1" 200 43187
201.245.192.253 - - [01/May/2023:08:20:55 -0500] "POST /kwsrmcab/Wsrmcab  HTTP/1.1" 200 41796
172.22.2.4 - - [01/May/2023:08:19:43 -0500] "HEAD /BLA/boletinlegal/ HTTP/1.1" 200 -
172.22.2.4 - - [01/May/2023:08:20:33 -0500] "GET /BLA/boletinlegal/ HTTP/1.1" 200 58307
216.245.221.92 - - [01/May/2023:08:23:18 -0500] "HEAD / HTTP/1.1" 200 -
87.121.221.49 - - [01/May/2023:08:23:24 -0500] "POST /boaform/admin/formLogin HTTP/1.1" 404 1186
40.77.167.94 - - [01/May/2023:08:23:34 -0500] "GET /BLA/boletinlegal/notificaciones.php HTTP/1.1" 200 3351
52.151.201.131 - - [01/May/2023:08:23:53 -0500] "GET /images/Foto%20Di%C3%8C%C2%81a%20Mundial%20del%20Agua%20(1)%20(1).jpeg HTTP/1.1" 200 41770
136.243.228.198 - - [01/May/2023:08:24:09 -0500] "GET /catalogoisis/ HTTP/1.1" 200 8575
136.243.228.198 - - [01/May/2023:08:24:25 -0500] "GET /BLA/resoluciones/ HTTP/1.1" 200 13502
136.243.228.179 - - [01/May/2023:08:24:26 -0500] "GET /portaldeninos/humedal-la-vaca-2/ HTTP/1.1" 200 87837
136.243.228.179 - - [01/May/2023:08:24:35 -0500] "GET /portaldeninos/humedal-juan-amarillo-2/ HTTP/1.1" 200 88155
136.243.228.179 - - [01/May/2023:08:24:43 -0500] "GET /portaldeninos/publicidad/ HTTP/1.1" 200 87569
136.243.228.179 - - [01/May/2023:08:24:52 -0500] "GET /portaldeninos/aula-ambiental-artistica-itinerante-auambari/ HTTP/1.1" 200 89306
136.243.228.179 - - [01/May/2023:08:25:01 -0500] "GET /portaldeninos/relatos-urbanos-de-los-ecosistemas-bogotanos-2/ HTTP/1.1" 200 88374
136.243.228.179 - - [01/May/2023:08:25:09 -0500] "GET /portaldeninos/agua-y-estructura-ecologica-principal HTTP/1.1" 301 -
136.243.228.179 - - [01/May/2023:08:25:15 -0500] "GET /portaldeninos/parque-mirador-de-los-nevados/ HTTP/1.1" 200 89855
136.243.228.179 - - [01/May/2023:08:25:23 -0500] "GET /portaldeninos/humedal-capellania-2/ HTTP/1.1" 200 87949
136.243.228.179 - - [01/May/2023:08:25:30 -0500] "GET /portaldeninos/parque-ecologico-distrital-humedal-santa-maria-del-lago/ HTTP/1.1" 200 90199
136.243.228.179 - - [01/May/2023:08:25:47 -0500] "GET /portaldeninos/aulas-ambientales/aula-ambiental-sorotama/ HTTP/1.1" 200 89596
201.245.192.253 - - [01/May/2023:08:25:55 -0500] "POST /kwsrmcab/Wsrmcab  HTTP/1.1" 200 41796
136.243.228.179 - - [01/May/2023:08:26:06 -0500] "GET /portaldeninos/contactanos/ HTTP/1.1" 200 88135
136.243.228.179 - - [01/May/2023:08:26:24 -0500] "GET /portaldeninos/tipos-de-arboles-en-bogota/ HTTP/1.1" 200 109802
136.243.228.179 - - [01/May/2023:08:26:52 -0500] "GET /portaldeninos/corresponsal-ambiental/ HTTP/1.1" 200 93768
136.243.228.179 - - [01/May/2023:08:27:09 -0500] "-" 408 -
172.22.2.4 - - [01/May/2023:08:25:33 -0500] "HEAD /BLA/boletinlegal/ HTTP/1.1" 200 -
136.243.228.179 - - [01/May/2023:08:27:16 -0500] "GET /portaldeninos/gestion-del-riesgo-incendios-forestales HTTP/1.1" 301 -
136.243.228.179 - - [01/May/2023:08:27:36 -0500] "GET /portaldeninos/aulas-ambientales/ HTTP/1.1" 200 88416
40.77.167.94 - - [01/May/2023:08:27:45 -0500] "GET /BLA/boletinlegal/js/jquery.scrollShow.js HTTP/1.1" 200 4586
172.22.2.4 - - [01/May/2023:08:27:48 -0500] "GET /BLA/boletinlegal/autodiscover/autodiscover.json?@zdi/Powershell HTTP/1.1" 404 1018
136.243.228.179 - - [01/May/2023:08:27:57 -0500] "GET /portaldeninos/los-arboles/ HTTP/1.1" 200 87546
172.22.2.4 - - [01/May/2023:08:26:23 -0500] "GET /BLA/boletinlegal/ HTTP/1.1" 200 59306
216.245.221.92 - - [01/May/2023:08:28:18 -0500] "HEAD / HTTP/1.1" 200 -
136.243.228.179 - - [01/May/2023:08:28:17 -0500] "GET /portaldeninos/humedal-cordoba-2/ HTTP/1.1" 200 88041
136.243.228.179 - - [01/May/2023:08:28:38 -0500] "GET /portaldeninos/humedal-el-burro-2/ HTTP/1.1" 200 87926
136.243.228.179 - - [01/May/2023:08:28:59 -0500] "GET /portaldeninos/que-es-cambio-climatico HTTP/1.1" 301 -
201.245.192.253 - - [01/May/2023:08:29:11 -0500] "POST /kwsrmcab/Wsrmcab HTTP/1.1" 200 37588
136.243.228.179 - - [01/May/2023:08:29:16 -0500] "GET /portaldeninos/biodiversidad HTTP/1.1" 301 -
201.245.192.253 - - [01/May/2023:08:29:14 -0500] "POST /kwsrmcab/Wsrmcab HTTP/1.1" 200 43187
40.77.167.86 - - [01/May/2023:08:29:23 -0500] "GET /BLA/resoluciones/index.php?dir=RESOLUCIONES+2022%2F HTTP/1.1" 200 300901
136.243.228.179 - - [01/May/2023:08:29:32 -0500] "GET /portaldeninos/residuos HTTP/1.1" 301 -
136.243.228.179 - - [01/May/2023:08:29:48 -0500] "GET /portaldeninos/humedal-jaboque-2/ HTTP/1.1" 200 87846
136.243.228.179 - - [01/May/2023:08:30:06 -0500] "GET /portaldeninos/aulas-ambientales-2/parque-ecologico-distrital-de-montana-entrenubes/ HTTP/1.1" 200 90406
136.243.228.179 - - [01/May/2023:08:30:23 -0500] "GET /portaldeninos/fauna/ HTTP/1.1" 200 88429
136.243.228.179 - - [01/May/2023:08:30:40 -0500] "GET /portaldeninos/humedal-torca-y-guaymaral-2/ HTTP/1.1" 200 88086
201.245.192.253 - - [01/May/2023:08:30:53 -0500] "POST /kwsrmcab/Wsrmcab  HTTP/1.1" 200 41796
136.243.228.179 - - [01/May/2023:08:30:59 -0500] "GET /portaldeninos/humedal-el-tunjo/ HTTP/1.1" 200 87661
31.148.130.98 - - [01/May/2023:08:31:10 -0500] "GET /BLA/resoluciones/AUTOS%202021/6238.pdf HTTP/1.1" 200 357059
136.243.228.179 - - [01/May/2023:08:31:17 -0500] "GET /portaldeninos/humedales-ramsar/ HTTP/1.1" 200 89255
136.243.228.179 - - [01/May/2023:08:31:33 -0500] "GET /portaldeninos/glosario/ HTTP/1.1" 200 97198
136.243.228.179 - - [01/May/2023:08:31:48 -0500] "GET /portaldeninos/ruido/ HTTP/1.1" 200 88494
136.243.228.179 - - [01/May/2023:08:32:02 -0500] "GET /portaldeninos/humedal-la-conejera-2/ HTTP/1.1" 200 88020
136.243.228.179 - - [01/May/2023:08:32:18 -0500] "GET /portaldeninos/los-arboles/tips/ HTTP/1.1" 200 87677
136.243.228.179 - - [01/May/2023:08:32:32 -0500] "GET /portaldeninos/aire/ HTTP/1.1" 200 88215
136.243.228.179 - - [01/May/2023:08:32:47 -0500] "GET /portaldeninos/humedal-tibanica-2/ HTTP/1.1" 200 87771
172.22.2.4 - - [01/May/2023:08:32:49 -0500] "GET /BLA/boletinlegal/norma_menu.php HTTP/1.1" 200 6328
172.22.2.4 - - [01/May/2023:08:31:23 -0500] "HEAD /BLA/boletinlegal/ HTTP/1.1" 200 -
136.243.228.179 - - [01/May/2023:08:33:02 -0500] "GET /portaldeninos/humedal-santa-maria-del-lago/ HTTP/1.1" 200 88988
216.245.221.92 - - [01/May/2023:08:33:18 -0500] "HEAD / HTTP/1.1" 200 -
172.22.2.4 - - [01/May/2023:08:32:13 -0500] "GET /BLA/boletinlegal/ HTTP/1.1" 200 57561
201.245.192.253 - - [01/May/2023:08:35:52 -0500] "POST /kwsrmcab/Wsrmcab  HTTP/1.1" 200 41796
173.252.79.118 - - [01/May/2023:08:35:56 -0500] "GET /images/caminatas-ecol\xc3\xb3gicas-marzo---1920x1080_optimized.jpg HTTP/1.1" 404 1034
74.80.208.70 - - [01/May/2023:08:36:37 -0500] "-" 408 -
40.77.167.84 - - [01/May/2023:08:37:47 -0500] "GET /ciudadana-recupera-en-vias-de-cundinamarca-halcon-herido-y-lo-entrega-a-las-autoridades-en-bogota.html HTTP/1.1" 200 739
216.245.221.92 - - [01/May/2023:08:38:18 -0500] "HEAD / HTTP/1.1" 200 -
172.22.2.4 - - [01/May/2023:08:37:13 -0500] "HEAD /BLA/boletinlegal/ HTTP/1.1" 200 -
201.245.192.253 - - [01/May/2023:08:39:11 -0500] "POST /kwsrmcab/Wsrmcab HTTP/1.1" 200 37588
201.245.192.253 - - [01/May/2023:08:39:14 -0500] "GET /kwsrmcab/Wsrmcab?wsdl HTTP/1.1" 200 6948
201.245.192.253 - - [01/May/2023:08:39:16 -0500] "POST /kwsrmcab/Wsrmcab HTTP/1.1" 200 43187
132.255.20.234 - - [01/May/2023:08:39:29 -0500] "GET /guadalupe-aguanoso-un-nuevo-tramo-de-camino-para-disfrutar-en-los-cerros-orientales.html?fbclid=IwAR14oKfFaRW8X09byAFvo03aW1iqzxYMhUD64VeT7A6scsxxoyhV-0wy-x8 HTTP/1.1" 200 795
40.77.188.22 - - [01/May/2023:08:39:38 -0500] "GET /BLA/boletinlegal/styles2.css HTTP/1.1" 200 1838
40.77.189.206 - - [01/May/2023:08:39:38 -0500] "GET /BLA/boletinlegal/js/jquery.scrollTo-min.js HTTP/1.1" 200 1150
40.77.188.22 - - [01/May/2023:08:39:39 -0500] "GET /BLA/boletinlegal/js/jquery.js HTTP/1.1" 200 57254
172.22.2.4 - - [01/May/2023:08:38:03 -0500] "GET /BLA/boletinlegal/ HTTP/1.1" 200 48260
201.245.192.253 - - [01/May/2023:08:40:51 -0500] "POST /kwsrmcab/Wsrmcab  HTTP/1.1" 200 41796
216.245.221.92 - - [01/May/2023:08:43:18 -0500] "HEAD / HTTP/1.1" 200 -
186.102.46.135 - - [01/May/2023:08:43:35 -0500] "GET /kwssiamovil/sm/acme/u?s=U2FsdGVkX18/VItn5QWAPj8jU9k5AQ6kE3KJ1EvrO6rzE6tST3uMmqQjgnpheF9uyV99xgJbDJdLHW01hLJxBisf2fw9zjC1h97TdeUIbHai4NBCymK9T1fk6uLXf/jUiI102Iss0hJFIcF0mRRTN/AJ1LErmMoGsYYEtso1pik=&u=U2FsdGVkX1/RiDDBHlSwE/jSaXPelkDi/XMQUp+hUVk=&y=U2FsdGVkX1/B0AL6XdX3Vv0Q38txTbhnLBhacecxlr92J0FOnf51UYxmO3Fl9I5J HTTP/1.1" 200 60
74.80.208.97 - - [01/May/2023:08:43:52 -0500] "GET /portaldeninos/humedal-santa-maria-del-lago/ HTTP/1.1" 200 88988
66.249.66.84 - - [01/May/2023:08:44:08 -0500] "-" 408 -
74.80.208.70 - - [01/May/2023:08:44:29 -0500] "-" 408 -
172.22.2.4 - - [01/May/2023:08:43:03 -0500] "HEAD /BLA/boletinlegal/ HTTP/1.1" 200 -
172.22.2.4 - - [01/May/2023:08:43:53 -0500] "GET /BLA/boletinlegal/ HTTP/1.1" 200 59306
201.245.192.253 - - [01/May/2023:08:45:50 -0500] "POST /kwsrmcab/Wsrmcab  HTTP/1.1" 200 41796
172.22.2.4 - - [01/May/2023:08:47:28 -0500] "GET /BLA/boletinlegal/actos.php HTTP/1.1" 200 9682
74.80.208.24 - - [01/May/2023:08:48:15 -0500] "GET /BLA/boletinlegal/jurisprudencia.php HTTP/1.1" 200 17583
216.245.221.92 - - [01/May/2023:08:48:18 -0500] "HEAD / HTTP/1.1" 200 -
172.22.2.4 - - [01/May/2023:08:48:46 -0500] "GET /BLA/boletinlegal/Circulares/2011/Circular%20No.%207%20del%2023%20de%20Diciembre%20de%202011.pdf HTTP/1.1" 304 -
172.22.2.4 - - [01/May/2023:08:48:53 -0500] "HEAD /BLA/boletinlegal/ HTTP/1.1" 200 -
201.245.192.253 - - [01/May/2023:08:50:49 -0500] "POST /kwsrmcab/Wsrmcab  HTTP/1.1" 200 41796
172.22.2.4 - - [01/May/2023:08:49:43 -0500] "GET /BLA/boletinlegal/ HTTP/1.1" 200 52730
34.91.35.60 - - [01/May/2023:08:52:29 -0500] "GET /inventario-de-emisiones-2020-transporte-publico-sitp-redujo-emisiones-de-pm-2-5-en-un-37.html HTTP/1.1" 200 925
216.245.221.92 - - [01/May/2023:08:53:18 -0500] "HEAD / HTTP/1.1" 200 -
186.102.46.135 - - [01/May/2023:08:53:43 -0500] "OPTIONS /kwssiamovil/sm/setfile/f? HTTP/1.1" 200 13
172.22.2.4 - - [01/May/2023:08:54:27 -0500] "GET /BLA/boletinlegal/actos.php HTTP/1.1" 200 9682
186.102.46.135 - - [01/May/2023:08:53:43 -0500] "POST /kwssiamovil/sm/setfile/f? HTTP/1.1" 200 381
136.243.228.198 - - [01/May/2023:08:54:50 -0500] "GET /BLA/resoluciones/index.php?dir=&sort=date&order=asc HTTP/1.1" 200 13502
172.22.2.4 - - [01/May/2023:08:54:52 -0500] "GET /BLA/boletinlegal/actos.php HTTP/1.1" 200 9682
74.80.208.24 - - [01/May/2023:08:54:56 -0500] "GET /BLA/boletinlegal/jurisprudencia/analisis/G__Jurisp.%20Junio%202014_JURISPRUDENIA%2005-10-213%20CERROS%20BOGOTA.docx HTTP/1.1" 404 1049
172.22.2.4 - - [01/May/2023:08:55:10 -0500] "GET /BLA/boletinlegal/actos.php HTTP/1.1" 200 9682
136.243.228.198 - - [01/May/2023:08:55:37 -0500] "GET /BLA/resoluciones/index.php HTTP/1.1" 200 13502
201.245.192.253 - - [01/May/2023:08:55:48 -0500] "POST /kwsrmcab/Wsrmcab  HTTP/1.1" 200 41796
136.243.228.179 - - [01/May/2023:08:56:07 -0500] "GET /sitemap.xml HTTP/1.1" 404 1035
136.243.228.198 - - [01/May/2023:08:56:11 -0500] "GET /BLA/resoluciones/index.php?dir=&sort=size&order=asc HTTP/1.1" 200 13502
186.102.46.135 - - [01/May/2023:08:56:21 -0500] "GET /kwssiamovil/sm/acme/a?s=U2FsdGVkX1+DzXYTLu9La9Mr01DEmelU5D3sxwE3UjyrMVdkhsmkfeoKGlzJqC3TWeCN7+qDyPdm42HN8Pnrj+92K9G45Q4p84zzSQHiYrEPAMCdxFebs6G4KfuriJwbInZjsaLgDWLxDhHd6CD5QGrm/E7+QJLSbsXFiPXHx7587uSsT6zuWGUOXor7OFHcBR1gFJ1zwczO2NJuaY2s9reVF8GM/D6mM4A8XNjh6jWSMpqraDRwRcvSQT9TRQVRh+QYAvgaImSc6Z7ZLYJ9vQ==&u=U2FsdGVkX1/RiDDBHlSwE/jSaXPelkDi/XMQUp+hUVk=&y=U2FsdGVkX1/B0AL6XdX3Vv0Q38txTbhnLBhacecxlr92J0FOnf51UYxmO3Fl9I5J HTTP/1.1" 200 26
186.102.46.135 - - [01/May/2023:08:56:21 -0500] "GET /kwssiamovil/sm/acme/a?s=U2FsdGVkX19bMDLWfyc7ydHqe+lGQO6Yg7sFg1DR8Vk0qk/nfJO6/mleicXv0dCGCzDA+4hS1XgA7y5bCXyDKJYWX0f5iu2I6JCuQ2sZO1YgE+IKzFYxFdna/vVxqBuk+VE7BTaTqjb8u/+O8aRq8tl+FickRUhe0kH1NtA8WiOBvfMDMYwPqtvf6arMNbW4Vj4pRjISbuYjHHbQ0rgVPIv+xVYXtSRKYR5KVl+BdWRlIW9j9ihgSM6D0F4AoUtuwGLB7OE1aLWD4EfTWEhfMaPgdy1pH3P9gIC3KpP7MEFf+G1AjHCVsTK2llofKX6O2LaPIMPuubXWgHFvD55iOLEMDjd/Yh0aA/D0tHpxO6V1bEuebIA4OgcryGAk7oB16HzU5OfSHp7jAdQK1MY3Cd2BTQ/fV7C4icfpND77AusQ2yNzC2SBZxuB7zyBsy6GWqJ7W4AqmJhfFKG+DZDJWW0Wm86KAn6DuyogXkS3o7pTSks0vhQQELkexpnc53vMSisBSsgc4VPlYA/r/XNuOyj7v1/MUit343fjryU35y1oWYCYK1t9gP/Y30VGIh1uV5oHlD1p4S7Uq4+kkPiX0X0ruWIpQmitfHkqfKCjIjyJorube9AB9fE0y7mvVI6vHk97t803VfPDm/KRa01JfR5g79Wgnv/qEGn4opWu43l479aslzKoT47Vs5RSveb6qxk/mXhQKdL70yb940HiN93BPCYs6K52sPmPl6+4AgLI3CKpWy/eoC1/wt3fwfd8hVIczgF0uX/az4oSe4bS/H4yNBSZg6ch0qnqCC3d5cf+navDPdA6eZgEHJMbg7qpZ5jTqB40oWGPDz6asv0bNS/Y6i5rdchBAECLokwdXDuoV5/6E9qGFjvNdlxFKdypUUy+kwtDNbidum8cLt2niWP3dwphj/yLcj8p0RJLc5PtMdS71BSc528hTvqxfEoLgpaePELHoZ52zmSaBTGe2HbVtpXuU0oLLT38K9C2THWfesbw7FB/FuOHhdYZ2/fBjg4hlC6YO8MD9g3Xv3sKkeZFW/GS4miUVqjN0fevqYaRlszBJQ/vekFIPxos+zpfGqRC0ysr/NzOYJ+zHSnEO7willQanIBndo2k22lohSEXKYkjnZh22fka/9Iyw6MNCG2niKIVyKZgdVA7sDZAjdNuBr5kx48/AOewnZ53VKqcFPEDT76ThzhrFsDgt0H/wszCa10As2JNCQ+jQ5De40d63EuFClMqJ2VeFossfo8IQCf+dPSSJDfnTDB4YZhtYJMW93foYc29IB+opWQyqjeJMDirYk9gxCMoV/DqLMIXph4/M+B94ga+GrxQt0dEZRm5g2eiYF6WH+ffTv6mV8Paqzr89JXW93DO2yGnLgM0WTgVyNIAw23I6T62eHM3sK2NhdTqtKfdPev2/qfX683+HWPEGmciluAjjMTUjSugETHDKAnBEhckGYa2+B6gxmEw7M2DbouWh+s4M22PNrGHlTuETIx4JPN0imAxHynv0l3r49iYfat0RHVf8W3rqTMG7XJHXQ/ANdD53vcarDkvCbjwFLFFcPSWy7A5k8I=&u=U2FsdGVkX1/RiDDBHlSwE/jSaXPelkDi/XMQUp+hUVk=&y=U2FsdGVkX1/B0AL6XdX3Vv0Q38txTbhnLBhacecxlr92J0FOnf51UYxmO3Fl9I5J HTTP/1.1" 200 26
186.102.46.135 - - [01/May/2023:08:56:21 -0500] "GET /kwssiamovil/sm/acme/a?s=U2FsdGVkX1+tWbP5uv2lC5sxnk7EGN0vXI4hEEYWtjhqYe/RCJUeLSUYwqB/ag9rzYl2QYSBZFefmvYbm80aD/5aZTEHuNnJMi8y+mSAozp1163dgHTYdmNI6WZuwJ+Lho+hj8YYOE2SrDtMr3JfqnZqR9MnDzpWJfjyLVrKhPQ=&u=U2FsdGVkX1/RiDDBHlSwE/jSaXPelkDi/XMQUp+hUVk=&y=U2FsdGVkX1/B0AL6XdX3Vv0Q38txTbhnLBhacecxlr92J0FOnf51UYxmO3Fl9I5J HTTP/1.1" 200 26
186.102.46.135 - - [01/May/2023:08:56:22 -0500] "GET /kwssiamovil/sm/acme/a?s=U2FsdGVkX18dUiQGxJp+hwBo8X/HakrSrJ8qMd/bpykHD6zmANRacsfW62dXqJXSwMaagsYKsu1mr4CsKbhANrOH1xASqLw1k5f+0hr4t8cVfO7B8BTIkxDTShr11ihck83oFiCzBYZYIwPM0eMo6m/SeWFHjkGH1yO+VOfsV7g=&u=U2FsdGVkX1/RiDDBHlSwE/jSaXPelkDi/XMQUp+hUVk=&y=U2FsdGVkX1/B0AL6XdX3Vv0Q38txTbhnLBhacecxlr92J0FOnf51UYxmO3Fl9I5J HTTP/1.1" 200 26
186.102.46.135 - - [01/May/2023:08:56:22 -0500] "GET /kwssiamovil/sm/acme/a?s=U2FsdGVkX1+gwzCgK3FF5l+88fNPyzqgjjSxGLXn0aUFhxc0QgT8f7ElhgVLRGZIeJ2g2j6mfbwHvD7bWdWsrsy3dEO3UeLbfG2Y+9KZGW28AiH80zL3VSGSRX3yS3IALftokR8Cldbx6kWXgqJzUxmNgrtcpIy5hMqumk6bUw8=&u=U2FsdGVkX1/RiDDBHlSwE/jSaXPelkDi/XMQUp+hUVk=&y=U2FsdGVkX1/B0AL6XdX3Vv0Q38txTbhnLBhacecxlr92J0FOnf51UYxmO3Fl9I5J HTTP/1.1" 200 26
186.102.46.135 - - [01/May/2023:08:56:22 -0500] "GET /kwssiamovil/sm/acme/a?s=U2FsdGVkX18wYKHSleWQvfKEXa6AkQr5z5HSP8Jw57hQ7bIeZupFvjaJwRdu2u0mi82rjHJKu7UWtcMsQMzFVjSIzRlExIiqkY5pthDi51cOlwQVO/a1ewRvReXMCrhaiLVY4t4WWjnKJw0lPtyWiBGf4cCUse10FXQabekj33dLD/tOCjaOjzGJZVUO7Zd8&u=U2FsdGVkX1/RiDDBHlSwE/jSaXPelkDi/XMQUp+hUVk=&y=U2FsdGVkX1/B0AL6XdX3Vv0Q38txTbhnLBhacecxlr92J0FOnf51UYxmO3Fl9I5J HTTP/1.1" 200 26
186.102.46.135 - - [01/May/2023:08:56:22 -0500] "GET /kwssiamovil/sm/acme/a?s=U2FsdGVkX18TUcJ7jqv2GaJ0gKqyhfdD4F+cac+HNKBo0KlepxWN0SnyKFUNWoJOUQoadZRuTj81ZwTLpFh5L7NbxaqZqbwLGrDSXApODjvy/nKyF3otDjlIQbRP8KcPf3SnNdJ1jzYEtWIKma0wk4CvyyQD6lfss/Eb/Kh7dabq8L4h7G6iRaILylT9kxeMJL3me5NiSfgDrZNReTRduUqtEUIzl5xpL+8t4VT2ISZt7HLPowhF4cptRVwmo2CnsCZVjkRD8cYDh8BRXHqvcL+RQHYp/nS6UIFyrmqUWSMVp602CE2MWl4VYKkQtLdp76jEbtbvqcaSjEr/TdY8KfC03j+AZmE488gZp8zITUSoVY55/a4ngKXaOoDvPdaHpnINiY3x3wArm5yRLj1sN5GXB1+zz+6FPj31XiYEjTo=&u=U2FsdGVkX1/RiDDBHlSwE/jSaXPelkDi/XMQUp+hUVk=&y=U2FsdGVkX1/B0AL6XdX3Vv0Q38txTbhnLBhacecxlr92J0FOnf51UYxmO3Fl9I5J HTTP/1.1" 200 25
186.102.46.135 - - [01/May/2023:08:56:23 -0500] "GET /kwssiamovil/sm/acme/a?s=U2FsdGVkX1/Uo9KRpo2ldFhB7S7q+kym4/sZG5aeGIvkH3Ql3++mAAJchIpPkaovKiIGPVaGIbeBJx5D32K19IOsw2S4PylN/RpZMe6QE3l5L6Hl7ZEmsRqDVR2HR6ysS6JGJKUWJgw2JwlgRSX8D0n/tRrEvRQ6MhoCL5hqthI5mhLGv+nRKl+AjSP+I+8KidvNMSHX2aiOt8/VCDJGqOXD1jUZcopXHyEZxZG/z+gcIMpbib/GwS4AQ3dP9a0yB48a+nmfu3+263OkQ+ZP7hO2PBpZvABXWafUvVBGXzR1kK+K/1mfXKQXkw2/i10JEeCakMWmXTwfheE4m42q3Eprswb4zKEOJclUX+Z0q/R/wGgD347F6gufQu93mykd&u=U2FsdGVkX1/RiDDBHlSwE/jSaXPelkDi/XMQUp+hUVk=&y=U2FsdGVkX1/B0AL6XdX3Vv0Q38txTbhnLBhacecxlr92J0FOnf51UYxmO3Fl9I5J HTTP/1.1" 200 25
172.22.2.4 - - [01/May/2023:08:54:43 -0500] "HEAD /BLA/boletinlegal/ HTTP/1.1" 200 -
136.243.228.198 - - [01/May/2023:08:56:41 -0500] "GET /BLA/resoluciones/index.php?dir=&sort=name&order=desc HTTP/1.1" 200 13501
136.243.228.198 - - [01/May/2023:08:57:11 -0500] "GET /BLA/resoluciones/index.php?dir=RESOLUCIONES+2007%2F HTTP/1.1" 200 35450
172.22.2.4 - - [01/May/2023:08:55:33 -0500] "GET /BLA/boletinlegal/ HTTP/1.1" 200 54808
74.80.208.70 - - [01/May/2023:08:57:21 -0500] "-" 408 -
136.243.228.198 - - [01/May/2023:08:57:53 -0500] "GET /BLA/resoluciones/index.php?dir=RESOLUCIONES+2014%2F HTTP/1.1" 200 334019
216.245.221.92 - - [01/May/2023:08:58:18 -0500] "HEAD / HTTP/1.1" 200 -
136.243.228.198 - - [01/May/2023:08:58:33 -0500] "GET /BLA/resoluciones/index.php?dir=AUTOS+2020%2F HTTP/1.1" 200 328449
136.243.228.198 - - [01/May/2023:08:59:10 -0500] "GET /BLA/resoluciones/index.php?dir=AUTOS+2012%2F HTTP/1.1" 200 276152
136.243.228.198 - - [01/May/2023:08:59:46 -0500] "GET /BLA/resoluciones/index.php?dir=RESOLUCIONES+2017%2F HTTP/1.1" 200 285807
191.95.56.186 - - [01/May/2023:08:59:49 -0500] "GET /BLA/resoluciones/AUTOS%202022/6268.pdf HTTP/1.1" 304 -
191.95.56.186 - - [01/May/2023:08:59:50 -0500] "GET /BLA/resoluciones/AUTOS%202022/6268.pdf HTTP/1.1" 206 577217
136.243.228.198 - - [01/May/2023:09:00:22 -0500] "GET /BLA/resoluciones/index.php?dir=RESOLUCIONES+2021%2F HTTP/1.1" 200 439476
201.245.192.253 - - [01/May/2023:09:00:47 -0500] "POST /kwsrmcab/Wsrmcab  HTTP/1.1" 200 41796
136.243.228.198 - - [01/May/2023:09:00:59 -0500] "GET /BLA/resoluciones/index.php?dir=AUTOS+2008%2F HTTP/1.1" 200 569644
136.243.228.179 - - [01/May/2023:09:01:04 -0500] "GET /portaldeninos/biodiversidad/ HTTP/1.1" 200 86633
136.243.228.198 - - [01/May/2023:09:01:14 -0500] "GET /BLA/resoluciones/index.php?dir=RESOLUCIONES+2001%2F HTTP/1.1" 200 24983
136.243.228.198 - - [01/May/2023:09:01:46 -0500] "GET /BLA/resoluciones/index.php?dir=RESOLUCIONES+2019%2F HTTP/1.1" 200 251196
173.252.107.118 - - [01/May/2023:09:02:01 -0500] "GET /images/atencion-al-ciudadano-abril.jpg HTTP/1.1" 200 116523
173.252.107.2 - - [01/May/2023:09:02:01 -0500] "GET /images/caminos-de-los-cerros-1_optimized.jpeg HTTP/1.1" 200 49537
173.252.107.19 - - [01/May/2023:09:02:01 -0500] "GET /images/mejora-la-calidad-del-aire-en-bogota-5-abril.jpeg HTTP/1.1" 200 44341
173.252.107.1 - - [01/May/2023:09:02:01 -0500] "GET /images/WhatsApp%20Image%202023-04-05%20at%2013.54.41.jpeg HTTP/1.1" 200 210747
173.252.107.22 - - [01/May/2023:09:02:01 -0500] "GET /images/Adopcion-gatos-y-perros-en-bogota-abril-23.jpeg HTTP/1.1" 200 68661
173.252.107.23 - - [01/May/2023:09:02:01 -0500] "GET /images/incautan-animales-semana-santa-2023.jpeg HTTP/1.1" 200 36611
173.252.107.22 - - [01/May/2023:09:02:01 -0500] "GET /images/Fauna-silvestre-jornada-sensibilizacion-semana-santa.jpeg HTTP/1.1" 200 50019
173.252.107.22 - - [01/May/2023:09:02:04 -0500] "GET /images/palma-de-cera-1-abril_optimized.jpeg HTTP/1.1" 200 171987
173.252.107.5 - - [01/May/2023:09:02:05 -0500] "GET /images/rendicion-de-cuentas-post-01-02-(1)_optimized.jpg HTTP/1.1" 200 121430
173.252.107.18 - - [01/May/2023:09:02:05 -0500] "GET /images/semana-bosques-1_optimized.1.jpg HTTP/1.1" 200 102892
172.22.2.4 - - [01/May/2023:09:00:33 -0500] "HEAD /BLA/boletinlegal/ HTTP/1.1" 200 -
136.243.228.198 - - [01/May/2023:09:02:19 -0500] "GET /BLA/resoluciones/index.php?dir=AUTOS+2007%2F HTTP/1.1" 200 628423
173.252.95.9 - - [01/May/2023:09:02:29 -0500] "GET /images/WhatsApp%20Image%202023-04-05%20at%2013.54.41.jpeg HTTP/1.1" 200 210747
173.252.95.3 - - [01/May/2023:09:02:29 -0500] "GET /images/mejora-la-calidad-del-aire-en-bogota-5-abril.jpeg HTTP/1.1" 200 44341
173.252.95.119 - - [01/May/2023:09:02:29 -0500] "GET /images/incautan-animales-semana-santa-2023.jpeg HTTP/1.1" 200 36611
173.252.95.17 - - [01/May/2023:09:02:29 -0500] "GET /images/atencion-al-ciudadano-abril.jpg HTTP/1.1" 200 116523
173.252.95.119 - - [01/May/2023:09:02:29 -0500] "GET /images/Adopcion-gatos-y-perros-en-bogota-abril-23.jpeg HTTP/1.1" 200 68661
173.252.95.3 - - [01/May/2023:09:02:29 -0500] "GET /images/Fauna-silvestre-jornada-sensibilizacion-semana-santa.jpeg HTTP/1.1" 200 50019
136.243.228.198 - - [01/May/2023:09:02:52 -0500] "GET /BLA/resoluciones/index.php?dir=RESOLUCIONES+1993%2F HTTP/1.1" 200 2879
172.22.2.4 - - [01/May/2023:09:01:23 -0500] "GET /BLA/boletinlegal/ HTTP/1.1" 200 57561
216.245.221.92 - - [01/May/2023:09:03:18 -0500] "HEAD / HTTP/1.1" 200 -
136.243.228.198 - - [01/May/2023:09:03:24 -0500] "GET /BLA/resoluciones/index.php?dir=RESOLUCIONES+1999%2F HTTP/1.1" 200 10377
173.252.87.20 - - [01/May/2023:09:03:48 -0500] "GET /alista-tu-camara-y-participa-en-el-reto-naturalista-2023.html?fbclid=IwAR3KryF7zl0BrljJQL1q3bCnWMcQIhKgaSBIbMaJuukuiA2oIyrgAsqv2o4 HTTP/1.1" 200 743
136.243.228.198 - - [01/May/2023:09:03:57 -0500] "GET /BLA/resoluciones/index.php?dir=RESOLUCIONES+2009%2F HTTP/1.1" 200 1694101
136.243.228.198 - - [01/May/2023:09:04:39 -0500] "GET /BLA/resoluciones/index.php?dir=2018%2F HTTP/1.1" 200 1608
136.243.228.179 - - [01/May/2023:09:04:40 -0500] "GET /portaldeninos/residuos/ HTTP/1.1" 200 87443
136.243.228.198 - - [01/May/2023:09:04:50 -0500] "GET /BLA/resoluciones/index.php?dir=RESOLUCIONES+2013%2F HTTP/1.1" 200 238278
179.19.78.126 - - [01/May/2023:09:04:55 -0500] "GET /appsia/controlador HTTP/1.1" 200 4799
179.19.78.126 - - [01/May/2023:09:04:56 -0500] "GET /appsia/css/estilos.css HTTP/1.1" 200 4804
179.19.78.126 - - [01/May/2023:09:04:56 -0500] "GET /appsia/scripts/validarIngreso.js HTTP/1.1" 200 851
179.19.78.126 - - [01/May/2023:09:04:56 -0500] "GET /appsia/images/cabezoteHojaVida.png HTTP/1.1" 200 32493
179.19.78.126 - - [01/May/2023:09:04:56 -0500] "GET /appsia/images/logo_bogota_p.png HTTP/1.1" 200 14951
179.19.78.126 - - [01/May/2023:09:04:56 -0500] "GET /favicon.ico HTTP/1.1" 200 7782
172.22.2.4 - - [01/May/2023:09:04:33 -0500] "GET /BLA/boletinlegal/ HTTP/1.1" 200 20427
179.19.78.126 - - [01/May/2023:09:05:00 -0500] "POST /appsia/controlador HTTP/1.1" 200 5437
179.19.78.126 - - [01/May/2023:09:05:07 -0500] "POST /appsia/controlador HTTP/1.1" 200 7781
136.243.228.198 - - [01/May/2023:09:05:21 -0500] "GET /BLA/resoluciones/index.php?dir=RESOLUCIONES+1994%2F HTTP/1.1" 200 2479
179.19.78.126 - - [01/May/2023:09:05:26 -0500] "POST /appsia/controlador HTTP/1.1" 200 6646
179.19.78.126 - - [01/May/2023:09:05:31 -0500] "POST /appsia/controlador HTTP/1.1" 200 11320
201.245.192.253 - - [01/May/2023:09:05:46 -0500] "POST /kwsrmcab/Wsrmcab  HTTP/1.1" 200 41796
136.243.228.198 - - [01/May/2023:09:05:51 -0500] "GET /BLA/resoluciones/index.php?dir=RESOLUCIONES+2012%2F HTTP/1.1" 200 140066
136.243.228.198 - - [01/May/2023:09:06:23 -0500] "GET /BLA/resoluciones/index.php?dir=RESOLUCIONES+2006%2F HTTP/1.1" 200 38542
206.189.236.133 - - [01/May/2023:09:06:26 -0500] "GET /portaldeninos/ HTTP/1.1" 200 110197
179.19.29.181 - - [01/May/2023:09:06:41 -0500] "GET /laurel-de-cera-distrito-intensifica-labores-para-prevenir-trafico-de-esta-especie-en-la-celebracion-de-la-cruz-de-mayo.html?fbclid=PAAaY8rtf36_hKtgp9O7xqB6hJJ-Ka2-W-GDlOUhIwlUBE5tud741G5nOmIoQ HTTP/1.1" 200 842
136.243.228.198 - - [01/May/2023:09:06:53 -0500] "GET /BLA/resoluciones/index.php?dir=AUTOS+2017%2F HTTP/1.1" 200 468320
179.19.78.126 - - [01/May/2023:09:07:08 -0500] "GET /appsia/controlador HTTP/1.1" 200 5437
136.243.228.198 - - [01/May/2023:09:07:29 -0500] "GET /BLA/resoluciones/index.php?dir=AUTOS+2005%2F HTTP/1.1" 200 2791
136.243.228.179 - - [01/May/2023:09:07:30 -0500] "GET /portaldeninos/gestion-del-riesgo-incendios-forestales/ HTTP/1.1" 200 86825
136.243.228.198 - - [01/May/2023:09:07:40 -0500] "GET /BLA/resoluciones/index.php?dir=AUTOS+2022%2F HTTP/1.1" 200 486117
172.22.2.4 - - [01/May/2023:09:06:23 -0500] "HEAD /BLA/boletinlegal/ HTTP/1.1" 200 -
136.243.228.198 - - [01/May/2023:09:08:09 -0500] "GET /BLA/resoluciones/index.php?dir=AUTOS+2004%2F HTTP/1.1" 200 2786
216.245.221.92 - - [01/May/2023:09:08:18 -0500] "HEAD / HTTP/1.1" 200 -
136.243.228.198 - - [01/May/2023:09:08:36 -0500] "GET /BLA/resoluciones/index.php?dir=AUTOS+2015%2F HTTP/1.1" 200 581560
172.22.2.4 - - [01/May/2023:09:07:13 -0500] "GET /BLA/boletinlegal/ HTTP/1.1" 200 57151
136.243.228.198 - - [01/May/2023:09:09:07 -0500] "GET /BLA/resoluciones/index.php?dir=RESOLUCIONES+2004%2F HTTP/1.1" 200 31994
136.243.228.198 - - [01/May/2023:09:09:36 -0500] "GET /BLA/resoluciones/index.php?dir=AUTOS+2023%2F HTTP/1.1" 200 30371
136.243.228.198 - - [01/May/2023:09:10:03 -0500] "GET /BLA/resoluciones/index.php?dir=RESOLUCIONES+2016%2F HTTP/1.1" 200 171306
136.243.228.198 - - [01/May/2023:09:10:32 -0500] "GET /BLA/resoluciones/index.php?dir=RESOLUCIONES+1997%2F HTTP/1.1" 200 16815
201.245.192.253 - - [01/May/2023:09:10:45 -0500] "POST /kwsrmcab/Wsrmcab  HTTP/1.1" 200 41796
136.243.228.198 - - [01/May/2023:09:11:02 -0500] "GET /BLA/resoluciones/index.php?dir=RESOLUCIONES+2002%2F HTTP/1.1" 200 24741
74.80.208.70 - - [01/May/2023:09:11:07 -0500] "-" 408 -
190.157.72.99 - - [01/May/2023:09:11:14 -0500] "GET /catalogoisis/ HTTP/1.1" 200 8575
190.157.72.99 - - [01/May/2023:09:11:14 -0500] "GET /catalogoisis/Css/Busqueda.css HTTP/1.1" 200 1995
190.157.72.99 - - [01/May/2023:09:11:14 -0500] "GET /catalogoisis/Js/AceptarLimpiar.js HTTP/1.1" 200 331
190.157.72.99 - - [01/May/2023:09:11:14 -0500] "GET /catalogoisis/Js/CriterioCombinada.js HTTP/1.1" 200 1843
190.157.72.99 - - [01/May/2023:09:11:14 -0500] "GET /catalogoisis/Js/Numero.js HTTP/1.1" 200 398
190.157.72.99 - - [01/May/2023:09:11:14 -0500] "GET /catalogoisis/Js/Remote.js HTTP/1.1" 200 436
190.157.72.99 - - [01/May/2023:09:11:14 -0500] "GET /catalogoisis/Js/Cookies.js HTTP/1.1" 200 1369
190.157.72.99 - - [01/May/2023:09:11:14 -0500] "GET /catalogoisis/Js/Go.js HTTP/1.1" 200 364
190.157.72.99 - - [01/May/2023:09:11:14 -0500] "GET /catalogoisis/Js/LimpiarCombinada.js HTTP/1.1" 200 207
190.157.72.99 - - [01/May/2023:09:11:14 -0500] "GET /catalogoisis/Js/Enter.js HTTP/1.1" 200 1208
190.157.72.99 - - [01/May/2023:09:11:14 -0500] "GET /catalogoisis/imagenes/Turnbo1.gif HTTP/1.1" 200 227
190.157.72.99 - - [01/May/2023:09:11:14 -0500] "GET /catalogoisis/imagenes/br1c1.gif HTTP/1.1" 200 172
190.157.72.99 - - [01/May/2023:09:11:14 -0500] "GET /catalogoisis/imagenes/limpiar1.gif HTTP/1.1" 200 606
190.157.72.99 - - [01/May/2023:09:11:14 -0500] "GET /catalogoisis/imagenes/br1c3.gif HTTP/1.1" 200 302
190.157.72.99 - - [01/May/2023:09:11:14 -0500] "GET /catalogoisis/imagenes/aceptar1.gif HTTP/1.1" 200 604
190.157.72.99 - - [01/May/2023:09:11:14 -0500] "GET /catalogoisis/imagenes/br2c2.gif HTTP/1.1" 200 302
190.157.72.99 - - [01/May/2023:09:11:14 -0500] "GET /catalogoisis/imagenes/br1c2.gif HTTP/1.1" 200 297
190.157.72.99 - - [01/May/2023:09:11:14 -0500] "GET /catalogoisis/imagenes/br2c3.gif HTTP/1.1" 200 416
190.157.72.99 - - [01/May/2023:09:11:14 -0500] "GET /catalogoisis/imagenes/Header.gif HTTP/1.1" 200 30313
190.157.72.99 - - [01/May/2023:09:11:14 -0500] "GET /catalogoisis/imagenes/br3c2.gif HTTP/1.1" 200 285
190.157.72.99 - - [01/May/2023:09:11:14 -0500] "GET /catalogoisis/imagenes/br3c3.gif HTTP/1.1" 200 186
190.157.72.99 - - [01/May/2023:09:11:14 -0500] "GET /catalogoisis/imagenes/br2c1.gif HTTP/1.1" 200 297
190.157.72.99 - - [01/May/2023:09:11:14 -0500] "GET /catalogoisis/imagenes/br3c1.gif HTTP/1.1" 200 177
190.157.72.99 - - [01/May/2023:09:11:14 -0500] "GET /favicon.ico HTTP/1.1" 200 7782
136.243.228.198 - - [01/May/2023:09:11:33 -0500] "GET /BLA/resoluciones/index.php?dir=RESOLUCIONES+2015%2F HTTP/1.1" 200 130562
136.243.228.198 - - [01/May/2023:09:12:00 -0500] "GET /BLA/resoluciones/index.php?dir=Acuerdos%2F HTTP/1.1" 200 3396
136.243.228.198 - - [01/May/2023:09:12:25 -0500] "GET /BLA/resoluciones/index.php?dir=RESOLUCIONES+1996%2F HTTP/1.1" 200 8967
136.243.228.198 - - [01/May/2023:09:12:52 -0500] "GET /BLA/resoluciones/index.php?dir=RESOLUCIONES+2022%2F HTTP/1.1" 200 300901
216.245.221.92 - - [01/May/2023:09:13:18 -0500] "HEAD / HTTP/1.1" 200 -
136.243.228.198 - - [01/May/2023:09:13:20 -0500] "GET /BLA/resoluciones/index.php?dir=AUTOS+2002%2F HTTP/1.1" 200 1813
136.243.228.198 - - [01/May/2023:09:13:45 -0500] "GET /BLA/resoluciones/index.php?dir=AUTOS+2009%2F HTTP/1.1" 200 399860
172.22.2.4 - - [01/May/2023:09:12:13 -0500] "HEAD /BLA/boletinlegal/ HTTP/1.1" 200 -
66.249.66.1 - - [01/May/2023:09:14:08 -0500] "-" 408 -
136.243.228.198 - - [01/May/2023:09:14:13 -0500] "GET /BLA/resoluciones/index.php?dir=RESOLUCIONES+2018%2F HTTP/1.1" 200 274667
136.243.228.198 - - [01/May/2023:09:14:40 -0500] "GET /BLA/resoluciones/index.php?dir=AUTOS+2019%2F HTTP/1.1" 200 376732
172.22.2.4 - - [01/May/2023:09:13:03 -0500] "GET /BLA/boletinlegal/ HTTP/1.1" 200 59306
136.243.228.198 - - [01/May/2023:09:15:08 -0500] "GET /BLA/resoluciones/index.php?dir=AUTOS+2016%2F HTTP/1.1" 200 329666
136.243.228.198 - - [01/May/2023:09:15:36 -0500] "GET /BLA/resoluciones/index.php?dir=AUTOS+2013%2F HTTP/1.1" 200 407265
201.245.192.253 - - [01/May/2023:09:15:43 -0500] "POST /kwsrmcab/Wsrmcab  HTTP/1.1" 200 41796
136.243.228.198 - - [01/May/2023:09:16:04 -0500] "GET /BLA/resoluciones/index.php?dir=RESOLUCIONES+CONJUNTAS%2F HTTP/1.1" 200 4762
136.243.228.198 - - [01/May/2023:09:16:33 -0500] "GET /BLA/resoluciones/index.php?dir=RESOLUCIONES+2005%2F HTTP/1.1" 200 49518
136.243.228.198 - - [01/May/2023:09:16:58 -0500] "GET /BLA/resoluciones/index.php?dir=AUTOS+2006%2F HTTP/1.1" 200 9681
136.243.228.198 - - [01/May/2023:09:17:22 -0500] "GET /BLA/resoluciones/index.php?dir=AUTOS+1997%2F HTTP/1.1" 200 2025
69.171.249.8 - - [01/May/2023:09:17:23 -0500] "GET /images/WhatsApp%20Image%202023-04-05%20at%2013.54.41.jpeg HTTP/1.1" 200 210747
69.171.249.117 - - [01/May/2023:09:17:23 -0500] "GET /images/Fauna-silvestre-jornada-sensibilizacion-semana-santa.jpeg HTTP/1.1" 200 50019
69.171.249.4 - - [01/May/2023:09:17:23 -0500] "GET /images/Adopcion-gatos-y-perros-en-bogota-abril-23.jpeg HTTP/1.1" 200 68661
69.171.249.119 - - [01/May/2023:09:17:26 -0500] "GET /images/incautan-animales-semana-santa-2023.jpeg HTTP/1.1" 200 36611
69.171.249.3 - - [01/May/2023:09:17:27 -0500] "GET /images/atencion-al-ciudadano-abril.jpg HTTP/1.1" 200 116523
69.171.249.8 - - [01/May/2023:09:17:27 -0500] "GET /images/palma-de-cera-1-abril_optimized.jpeg HTTP/1.1" 200 171987
190.27.182.224 - - [01/May/2023:09:17:48 -0500] "GET /BLA/resoluciones/AUTOS%202017/1309.pdf HTTP/1.1" 200 1856413
136.243.228.198 - - [01/May/2023:09:17:48 -0500] "GET /BLA/resoluciones/index.php?dir=RESOLUCIONES+2008%2F HTTP/1.1" 200 976272
136.243.228.198 - - [01/May/2023:09:18:15 -0500] "GET /BLA/resoluciones/index.php?dir=Decretos%2F HTTP/1.1" 200 6804
216.245.221.92 - - [01/May/2023:09:18:18 -0500] "HEAD / HTTP/1.1" 200 -
136.243.228.198 - - [01/May/2023:09:18:41 -0500] "GET /BLA/resoluciones/index.php?dir=RESOLUCIONES+2011%2F HTTP/1.1" 200 746823
136.243.228.198 - - [01/May/2023:09:19:09 -0500] "GET /BLA/resoluciones/index.php?dir=RESOLUCIONES+2020%2F HTTP/1.1" 200 167864
201.245.192.253 - - [01/May/2023:09:19:11 -0500] "POST /kwsrmcab/Wsrmcab HTTP/1.1" 200 43211
201.245.192.253 - - [01/May/2023:09:19:14 -0500] "POST /kwsrmcab/Wsrmcab HTTP/1.1" 200 43203
136.243.228.198 - - [01/May/2023:09:19:37 -0500] "GET /BLA/resoluciones/index.php?dir=AUTOS+2011%2F HTTP/1.1" 200 636588
172.22.2.4 - - [01/May/2023:09:18:03 -0500] "HEAD /BLA/boletinlegal/ HTTP/1.1" 200 -
136.243.228.198 - - [01/May/2023:09:20:06 -0500] "GET /BLA/resoluciones/index.php?dir=AUTOS+2010%2F HTTP/1.1" 200 279719
74.80.208.97 - - [01/May/2023:09:20:17 -0500] "-" 408 -
136.243.228.198 - - [01/May/2023:09:20:32 -0500] "GET /BLA/resoluciones/index.php?dir=RESOLUCIONES+2000%2F HTTP/1.1" 200 27659
172.22.2.4 - - [01/May/2023:09:18:53 -0500] "GET /BLA/boletinlegal/ HTTP/1.1" 200 57561
201.245.192.253 - - [01/May/2023:09:20:42 -0500] "POST /kwsrmcab/Wsrmcab  HTTP/1.1" 200 41796
74.80.208.97 - - [01/May/2023:09:20:59 -0500] "GET /portaldeninos/los-animales/ HTTP/1.1" 404 75240
136.243.228.198 - - [01/May/2023:09:20:57 -0500] "GET /BLA/resoluciones/index.php?dir=AUTOS+2014%2F HTTP/1.1" 200 890036
136.243.228.179 - - [01/May/2023:09:21:01 -0500] "GET /portaldeninos/que-es-cambio-climatico/ HTTP/1.1" 200 86727
136.243.228.198 - - [01/May/2023:09:21:11 -0500] "GET /BLA/resoluciones/index.php?dir=Notificaciones%2F HTTP/1.1" 200 11228
136.243.228.198 - - [01/May/2023:09:21:38 -0500] "GET /BLA/resoluciones/index.php?dir=RESOLUCIONES+1995%2F HTTP/1.1" 200 12327
136.243.228.198 - - [01/May/2023:09:22:02 -0500] "GET /BLA/resoluciones/index.php?dir=AUTOS+2021%2F HTTP/1.1" 200 397891
136.243.228.198 - - [01/May/2023:09:22:29 -0500] "GET /BLA/resoluciones/index.php?dir=AUTOS+2018%2F HTTP/1.1" 200 457306
136.243.228.198 - - [01/May/2023:09:22:54 -0500] "GET /BLA/resoluciones/index.php?dir=RESOLUCIONES+1992%2F HTTP/1.1" 200 2871
216.245.221.92 - - [01/May/2023:09:23:18 -0500] "HEAD / HTTP/1.1" 200 -
136.243.228.198 - - [01/May/2023:09:23:17 -0500] "GET /BLA/resoluciones/index.php?dir=RESOLUCIONES+2023%2F HTTP/1.1" 200 16498
136.243.228.198 - - [01/May/2023:09:23:41 -0500] "GET /BLA/resoluciones/index.php?dir=RESOLUCIONES+2010%2F HTTP/1.1" 200 1307967
136.243.228.198 - - [01/May/2023:09:24:10 -0500] "GET /BLA/resoluciones/index.php?dir=RESOLUCIONES+2003%2F HTTP/1.1" 200 31404
136.243.228.198 - - [01/May/2023:09:24:34 -0500] "GET /BLA/resoluciones/index.php?dir=RESOLUCIONES+1998%2F HTTP/1.1" 200 13225
136.243.228.179 - - [01/May/2023:09:24:36 -0500] "GET /portaldeninos/agua-y-estructura-ecologica-principal/ HTTP/1.1" 200 87488
172.22.2.4 - - [01/May/2023:09:23:53 -0500] "HEAD /BLA/boletinlegal/ HTTP/1.1" 200 -
201.245.192.253 - - [01/May/2023:09:25:42 -0500] "POST /kwsrmcab/Wsrmcab  HTTP/1.1" 200 41796
74.80.208.70 - - [01/May/2023:09:26:19 -0500] "-" 408 -
172.22.2.4 - - [01/May/2023:09:24:43 -0500] "GET /BLA/boletinlegal/ HTTP/1.1" 200 59656
201.221.172.1 - - [01/May/2023:09:27:57 -0500] "GET /sipse/faces/index.xhtml HTTP/1.1" 200 677
201.221.172.1 - - [01/May/2023:09:28:14 -0500] "GET /sipse/faces/index.xhtml HTTP/1.1" 200 677
201.221.172.1 - - [01/May/2023:09:28:14 -0500] "GET /sipse/faces/javax.faces.resource/theme.css?ln=primefaces-sipse HTTP/1.1" 304 -
201.221.172.1 - - [01/May/2023:09:28:14 -0500] "GET /sipse/faces/faces/autenticacion.xhtml HTTP/1.1" 200 12175
201.221.172.1 - - [01/May/2023:09:28:14 -0500] "GET /sipse/js/disable_browser_buttons.js HTTP/1.1" 200 3230
201.221.172.1 - - [01/May/2023:09:28:14 -0500] "GET /sipse/js/funciones.js HTTP/1.1" 200 12592
201.221.172.1 - - [01/May/2023:09:28:14 -0500] "GET /sipse/faces/javax.faces.resource/theme.css?ln=primefaces-sipse HTTP/1.1" 304 -
201.221.172.1 - - [01/May/2023:09:28:15 -0500] "GET /sipse/faces/javax.faces.resource/jquery/jquery.js?ln=primefaces&v=4.0 HTTP/1.1" 304 -
201.221.172.1 - - [01/May/2023:09:28:14 -0500] "GET /sipse/css/custom_css_sg_prime_login.css HTTP/1.1" 200 443
201.221.172.1 - - [01/May/2023:09:28:15 -0500] "GET /sipse/faces/javax.faces.resource/jquery/jquery-plugins.js?ln=primefaces&v=4.0 HTTP/1.1" 304 -
201.221.172.1 - - [01/May/2023:09:28:14 -0500] "GET /sipse/faces/javax.faces.resource/layout/layout.css?ln=primefaces&v=4.0 HTTP/1.1" 200 542
201.221.172.1 - - [01/May/2023:09:28:15 -0500] "GET /sipse/faces/javax.faces.resource/primefaces.js?ln=primefaces&v=4.0 HTTP/1.1" 304 -
201.221.172.1 - - [01/May/2023:09:28:15 -0500] "GET /sipse/faces/javax.faces.resource/layout/layout.js?ln=primefaces&v=4.0 HTTP/1.1" 304 -
201.221.172.1 - - [01/May/2023:09:28:14 -0500] "GET /sipse/faces/javax.faces.resource/primefaces.css?ln=primefaces&v=4.0 HTTP/1.1" 200 53295
201.221.172.1 - - [01/May/2023:09:28:14 -0500] "GET /sipse/css/custom_css_sg.css HTTP/1.1" 200 9694
201.221.172.1 - - [01/May/2023:09:28:15 -0500] "GET /sipse/css/imagen/logoSDG.png HTTP/1.1" 200 53064
201.221.172.1 - - [01/May/2023:09:28:15 -0500] "GET /sipse/faces/javax.faces.resource/images/ui-icons_898989_256x240.png?ln=primefaces-aristo HTTP/1.1" 200 5355
201.221.172.1 - - [01/May/2023:09:28:15 -0500] "GET /sipse/css/imagen/loginimg.png HTTP/1.1" 200 71635
201.221.172.1 - - [01/May/2023:09:28:15 -0500] "GET /favicon.ico HTTP/1.1" 200 7782
216.245.221.92 - - [01/May/2023:09:28:18 -0500] "HEAD / HTTP/1.1" 200 -
201.221.172.1 - - [01/May/2023:09:28:21 -0500] "POST /sipse/faces/autenticacion.xhtml HTTP/1.1" 200 2221
201.221.172.1 - - [01/May/2023:09:28:26 -0500] "GET /sipse/faces/javax.faces.resource/messages/messages.png?ln=primefaces&v=4.0 HTTP/1.1" 304 -
201.221.172.1 - - [01/May/2023:09:28:26 -0500] "POST /sipse/faces/autenticacion.xhtml HTTP/1.1" 200 2225
201.221.172.1 - - [01/May/2023:09:28:28 -0500] "POST /sipse/faces/autenticacion.xhtml HTTP/1.1" 200 16362
201.221.172.1 - - [01/May/2023:09:28:30 -0500] "GET /sipse/css/custom_css_sg_prime.css HTTP/1.1" 200 5201
201.221.172.1 - - [01/May/2023:09:28:30 -0500] "GET /sipse/js/jquery.min.js HTTP/1.1" 200 85582
201.221.172.1 - - [01/May/2023:09:28:30 -0500] "GET /sipse/faces/javax.faces.resource/jquery/jquery.js?ln=primefaces&v=4.0 HTTP/1.1" 304 -
201.221.172.1 - - [01/May/2023:09:28:30 -0500] "GET /sipse/faces/javax.faces.resource/jquery/jquery-plugins.js?ln=primefaces&v=4.0 HTTP/1.1" 304 -
201.221.172.1 - - [01/May/2023:09:28:30 -0500] "GET /sipse/faces/javax.faces.resource/primefaces.js?ln=primefaces&v=4.0 HTTP/1.1" 304 -
201.221.172.1 - - [01/May/2023:09:28:30 -0500] "GET /sipse/faces/javax.faces.resource/layout/layout.js?ln=primefaces&v=4.0 HTTP/1.1" 304 -
201.221.172.1 - - [01/May/2023:09:28:31 -0500] "GET /sipse/imagenes/cargando.gif HTTP/1.1" 200 36959
201.221.172.1 - - [01/May/2023:09:28:31 -0500] "GET /sipse/imagenes/logoAplicacion.jpg HTTP/1.1" 200 155084
201.221.172.1 - - [01/May/2023:09:28:31 -0500] "GET /sipse/css/imagen/contrasena.png HTTP/1.1" 404 383
201.221.172.1 - - [01/May/2023:09:28:32 -0500] "GET /sipse/faces/javax.faces.resource/images/ui-bg_flat_0_2d5972_40x100.png?ln=primefaces-aristo HTTP/1.1" 304 -
201.221.172.1 - - [01/May/2023:09:28:32 -0500] "POST /sipse/faces/bienvenido.xhtml HTTP/1.1" 200 2658
201.221.172.1 - - [01/May/2023:09:28:34 -0500] "POST /sipse/faces/bienvenido.xhtml HTTP/1.1" 200 184
201.221.172.1 - - [01/May/2023:09:28:36 -0500] "POST /sipse/faces/bienvenido.xhtml HTTP/1.1" 200 184
201.221.172.1 - - [01/May/2023:09:28:36 -0500] "POST /sipse/faces/bienvenido.xhtml HTTP/1.1" 200 184
201.221.172.1 - - [01/May/2023:09:28:37 -0500] "POST /sipse/faces/bienvenido.xhtml HTTP/1.1" 200 184
201.221.172.1 - - [01/May/2023:09:28:37 -0500] "GET /sipse/faces/presentacion/financiero/solicitudAnulacion/solicitudAnulacion.xhtml HTTP/1.1" 200 29629
201.221.172.1 - - [01/May/2023:09:28:36 -0500] "GET /sipse/faces/presentacion/financiero/solicitudAnulacion/solicitudAnulacion.xhtml HTTP/1.1" 200 20277
201.221.172.1 - - [01/May/2023:09:28:38 -0500] "POST /sipse/faces/bienvenido.xhtml HTTP/1.1" 200 184
201.221.172.1 - - [01/May/2023:09:28:34 -0500] "GET /sipse/faces/presentacion/financiero/solicitudAnulacion/solicitudAnulacion.xhtml HTTP/1.1" 200 16805
201.221.172.1 - - [01/May/2023:09:28:37 -0500] "GET /sipse/faces/presentacion/financiero/solicitudAnulacion/solicitudAnulacion.xhtml HTTP/1.1" 200 15757
201.221.172.1 - - [01/May/2023:09:28:38 -0500] "GET /sipse/faces/presentacion/financiero/solicitudAnulacion/solicitudAnulacion.xhtml HTTP/1.1" 200 34202
201.221.172.1 - - [01/May/2023:09:28:39 -0500] "GET /sipse/faces/javax.faces.resource/primefaces.css?ln=primefaces&v=4.0 HTTP/1.1" 304 -
201.221.172.1 - - [01/May/2023:09:28:39 -0500] "GET /sipse/faces/javax.faces.resource/theme.css?ln=primefaces-sipse HTTP/1.1" 304 -
201.221.172.1 - - [01/May/2023:09:28:39 -0500] "GET /sipse/faces/javax.faces.resource/jquery/jquery.js?ln=primefaces&v=4.0 HTTP/1.1" 304 -
201.221.172.1 - - [01/May/2023:09:28:39 -0500] "GET /sipse/faces/javax.faces.resource/primefaces.js?ln=primefaces&v=4.0 HTTP/1.1" 304 -
201.221.172.1 - - [01/May/2023:09:28:39 -0500] "GET /sipse/faces/javax.faces.resource/jquery/jquery-plugins.js?ln=primefaces&v=4.0 HTTP/1.1" 304 -
201.221.172.1 - - [01/May/2023:09:28:39 -0500] "GET /sipse/faces/javax.faces.resource/layout/layout.js?ln=primefaces&v=4.0 HTTP/1.1" 304 -
201.221.172.1 - - [01/May/2023:09:28:39 -0500] "GET /sipse/faces/javax.faces.resource/layout/layout.css?ln=primefaces&v=4.0 HTTP/1.1" 304 -
201.221.172.1 - - [01/May/2023:09:28:39 -0500] "GET /sipse/faces/javax.faces.resource/images/ui-icons_898989_256x240.png?ln=primefaces-aristo HTTP/1.1" 304 -
201.221.172.1 - - [01/May/2023:09:28:39 -0500] "GET /sipse/faces/javax.faces.resource/images/ui-bg_flat_0_2d5972_40x100.png?ln=primefaces-aristo HTTP/1.1" 304 -
201.221.172.1 - - [01/May/2023:09:28:39 -0500] "POST /sipse/faces/presentacion/financiero/solicitudAnulacion/solicitudAnulacion.xhtml HTTP/1.1" 200 12485
201.221.172.1 - - [01/May/2023:09:28:43 -0500] "POST /sipse/faces/presentacion/financiero/solicitudAnulacion/solicitudAnulacion.xhtml HTTP/1.1" 200 184
201.221.172.1 - - [01/May/2023:09:28:43 -0500] "GET /sipse/faces/presentacion/financiero/solicitudAnulacion/solicitudAnulacion.xhtml HTTP/1.1" 200 34202
201.221.172.1 - - [01/May/2023:09:28:44 -0500] "GET /sipse/faces/javax.faces.resource/primefaces.css?ln=primefaces&v=4.0 HTTP/1.1" 304 -
201.221.172.1 - - [01/May/2023:09:28:44 -0500] "GET /sipse/faces/javax.faces.resource/theme.css?ln=primefaces-sipse HTTP/1.1" 304 -
201.221.172.1 - - [01/May/2023:09:28:44 -0500] "GET /sipse/faces/javax.faces.resource/primefaces.js?ln=primefaces&v=4.0 HTTP/1.1" 304 -
201.221.172.1 - - [01/May/2023:09:28:44 -0500] "GET /sipse/faces/javax.faces.resource/layout/layout.js?ln=primefaces&v=4.0 HTTP/1.1" 304 -
201.221.172.1 - - [01/May/2023:09:28:44 -0500] "GET /sipse/faces/javax.faces.resource/jquery/jquery.js?ln=primefaces&v=4.0 HTTP/1.1" 304 -
201.221.172.1 - - [01/May/2023:09:28:44 -0500] "GET /sipse/faces/javax.faces.resource/jquery/jquery-plugins.js?ln=primefaces&v=4.0 HTTP/1.1" 304 -
201.221.172.1 - - [01/May/2023:09:28:44 -0500] "GET /sipse/faces/javax.faces.resource/layout/layout.css?ln=primefaces&v=4.0 HTTP/1.1" 304 -
201.221.172.1 - - [01/May/2023:09:28:45 -0500] "GET /sipse/faces/javax.faces.resource/images/ui-icons_898989_256x240.png?ln=primefaces-aristo HTTP/1.1" 304 -
201.221.172.1 - - [01/May/2023:09:28:45 -0500] "GET /sipse/faces/javax.faces.resource/images/ui-bg_flat_0_2d5972_40x100.png?ln=primefaces-aristo HTTP/1.1" 304 -
201.221.172.1 - - [01/May/2023:09:28:45 -0500] "POST /sipse/faces/presentacion/financiero/solicitudAnulacion/solicitudAnulacion.xhtml HTTP/1.1" 200 12485
201.221.172.1 - - [01/May/2023:09:28:39 -0500] "POST /sipse/faces/bienvenido.xhtml HTTP/1.1" 200 16384
201.221.172.1 - - [01/May/2023:09:28:47 -0500] "POST /sipse/faces/presentacion/financiero/solicitudAnulacion/solicitudAnulacion.xhtml HTTP/1.1" 200 31368
201.221.172.1 - - [01/May/2023:09:28:48 -0500] "GET /sipse/faces/javax.faces.resource/jquery/jquery.js?ln=primefaces&v=4.0 HTTP/1.1" 304 -
201.221.172.1 - - [01/May/2023:09:28:48 -0500] "GET /sipse/faces/javax.faces.resource/jquery/jquery-plugins.js?ln=primefaces&v=4.0 HTTP/1.1" 304 -
201.221.172.1 - - [01/May/2023:09:28:48 -0500] "GET /sipse/faces/javax.faces.resource/primefaces.js?ln=primefaces&v=4.0 HTTP/1.1" 304 -
201.221.172.1 - - [01/May/2023:09:28:48 -0500] "GET /sipse/faces/javax.faces.resource/layout/layout.js?ln=primefaces&v=4.0 HTTP/1.1" 304 -
52.49.45.57 - - [01/May/2023:09:28:49 -0500] "HEAD / HTTP/1.1" 200 -
201.221.172.1 - - [01/May/2023:09:28:54 -0500] "POST /sipse/faces/presentacion/financiero/solicitudProceso/solicitudProcesoOtrosPagos.xhtml HTTP/1.1" 200 64307
201.221.172.1 - - [01/May/2023:09:28:56 -0500] "GET /sipse/faces/javax.faces.resource/jquery/jquery.js?ln=primefaces&v=4.0 HTTP/1.1" 304 -
201.221.172.1 - - [01/May/2023:09:28:56 -0500] "GET /sipse/faces/javax.faces.resource/jquery/jquery-plugins.js?ln=primefaces&v=4.0 HTTP/1.1" 304 -
201.221.172.1 - - [01/May/2023:09:28:56 -0500] "GET /sipse/faces/javax.faces.resource/primefaces.js?ln=primefaces&v=4.0 HTTP/1.1" 304 -
201.221.172.1 - - [01/May/2023:09:28:56 -0500] "GET /sipse/faces/javax.faces.resource/layout/layout.js?ln=primefaces&v=4.0 HTTP/1.1" 304 -
201.221.172.1 - - [01/May/2023:09:28:56 -0500] "POST /sipse/faces/presentacion/financiero/solicitudProceso/listarSolicitudProceso.xhtml HTTP/1.1" 200 57573
201.221.172.1 - - [01/May/2023:09:28:57 -0500] "POST /sipse/faces/presentacion/financiero/solicitudProceso/listarSolicitudProceso.xhtml HTTP/1.1" 200 1556
