172.22.2.4 - - [01/May/2023:14:13:56 -0500] "GET /BLA/boletinlegal/images/bg_top.jpg HTTP/1.1" 200 522
172.22.2.4 - - [01/May/2023:14:13:56 -0500] "GET /BLA/boletinlegal/images/menu_bg.jpg HTTP/1.1" 200 620
172.22.2.4 - - [01/May/2023:14:13:56 -0500] "GET /BLA/boletinlegal/images/footer_bg.jpg HTTP/1.1" 200 586
172.22.2.4 - - [01/May/2023:14:13:56 -0500] "GET /BLA/boletinlegal/images/hover.jpg HTTP/1.1" 200 640
172.22.2.4 - - [01/May/2023:14:13:56 -0500] "GET /BLA/boletinlegal/images/text.jpg HTTP/1.1" 200 568
172.22.2.4 - - [01/May/2023:14:13:56 -0500] "GET /BLA/boletinlegal/images/footer_bg_l.jpg HTTP/1.1" 200 776
172.22.2.4 - - [01/May/2023:14:13:56 -0500] "GET /BLA/boletinlegal/img/0.png HTTP/1.1" 200 110
172.22.2.4 - - [01/May/2023:14:13:56 -0500] "GET /BLA/boletinlegal/img/select-left.png HTTP/1.1" 200 263
172.22.2.4 - - [01/May/2023:14:13:56 -0500] "GET /BLA/boletinlegal/img/button-left.png HTTP/1.1" 200 57071
172.22.2.4 - - [01/May/2023:14:13:56 -0500] "GET /BLA/boletinlegal/img/select-right.png HTTP/1.1" 200 44019
172.22.2.4 - - [01/May/2023:14:13:56 -0500] "GET /BLA/boletinlegal/img/button.png HTTP/1.1" 200 43241
172.22.2.4 - - [01/May/2023:14:13:56 -0500] "GET /BLA/boletinlegal/img/button-right.png HTTP/1.1" 200 57878
172.22.2.4 - - [01/May/2023:14:13:56 -0500] "GET /BLA/boletinlegal/favicon.ico HTTP/1.1" 404 1326
172.22.2.4 - - [01/May/2023:14:13:56 -0500] "GET /BLA/boletinlegal/images/cabezote%20BLEGAL.jpg HTTP/1.1" 200 118164
172.22.2.4 - - [01/May/2023:14:14:02 -0500] "GET /BLA/boletinlegal/consulta_actos.php?tipo=autos&no=&usuario=&sector=&fecha=2023&resuelve=pread HTTP/1.1" 200 626
172.22.2.4 - - [01/May/2023:14:14:04 -0500] "GET /BLA/boletinlegal/consulta_actos.php?tipo=autos&no=&usuario=&sector=&fecha=2023&resuelve=pread HTTP/1.1" 200 626
172.22.2.4 - - [01/May/2023:14:14:05 -0500] "GET /BLA/boletinlegal/consulta_actos.php?tipo=autos&no=&usuario=&sector=&fecha=2023&resuelve=pread HTTP/1.1" 200 626
172.22.2.4 - - [01/May/2023:14:14:09 -0500] "GET /BLA/boletinlegal/consulta_actos.php?tipo=resoluciones&no=&usuario=&sector=&fecha=2023&resuelve=pread HTTP/1.1" 200 626
172.22.2.4 - - [01/May/2023:14:14:14 -0500] "GET /BLA/boletinlegal/consulta_actos.php?tipo=resoluciones&no=&usuario=&sector=&fecha=2022&resuelve=pread HTTP/1.1" 200 1186
172.22.2.4 - - [01/May/2023:14:14:14 -0500] "GET /BLA/boletinlegal/images/pdf.gif HTTP/1.1" 200 567
172.22.2.4 - - [01/May/2023:14:14:23 -0500] "GET /BLA/boletinlegal/images/screen_2.png HTTP/1.1" 200 362502
172.22.2.4 - - [01/May/2023:14:14:23 -0500] "GET /BLA/boletinlegal/images/screen_3.png HTTP/1.1" 200 210620
172.22.2.4 - - [01/May/2023:14:14:23 -0500] "GET /BLA/boletinlegal/images/screen_5.png HTTP/1.1" 200 368876
172.22.2.4 - - [01/May/2023:14:14:23 -0500] "GET /BLA/boletinlegal/images/arr_r.jpg HTTP/1.1" 200 1998
172.22.2.4 - - [01/May/2023:14:14:24 -0500] "GET /BLA/boletinlegal/consulta_actos.php?tipo=resoluciones&no=&usuario=&sector=&fecha=2020&resuelve=pread HTTP/1.1" 200 1143
200.118.60.97 - - [01/May/2023:14:14:26 -0500] "GET /BLA/resoluciones/RESOLUCIONES%202020/0662.pdf HTTP/1.1" 200 318857
200.118.60.97 - - [01/May/2023:14:14:26 -0500] "GET /favicon.ico HTTP/1.1" 200 7782
172.22.2.4 - - [01/May/2023:14:14:28 -0500] "GET /BLA/boletinlegal/actos.php HTTP/1.1" 200 9682
172.22.2.4 - - [01/May/2023:14:14:29 -0500] "GET /BLA/boletinlegal/actos.php HTTP/1.1" 200 9682
172.22.2.4 - - [01/May/2023:14:14:29 -0500] "GET /BLA/boletinlegal/favicon.ico HTTP/1.1" 404 1326
172.22.2.4 - - [01/May/2023:14:14:32 -0500] "GET /BLA/boletinlegal/consulta_actos.php?tipo=resoluciones&no=&usuario=&sector=&fecha=2021&resuelve=pread HTTP/1.1" 200 2180
172.22.2.4 - - [01/May/2023:14:14:32 -0500] "GET /BLA/boletinlegal/images/background.gif HTTP/1.1" 200 -
200.118.60.97 - - [01/May/2023:14:14:37 -0500] "GET /BLA/resoluciones/RESOLUCIONES%202021/0218.pdf HTTP/1.1" 200 444276
201.185.97.236 - - [01/May/2023:14:14:47 -0500] "GET /BLA/resoluciones/ HTTP/1.1" 200 13502
34.141.201.27 - - [01/May/2023:14:14:49 -0500] "GET /inventario-de-emisiones-2020-transporte-publico-sitp-redujo-emisiones-de-pm-2-5-en-un-37.html HTTP/1.1" 200 925
172.22.2.4 - - [01/May/2023:14:14:15 -0500] "GET /BLA/boletinlegal/ HTTP/1.1" 200 28619
201.185.97.236 - - [01/May/2023:14:14:58 -0500] "GET /BLA/resoluciones/dlf/unknown.png HTTP/1.1" 200 266
201.185.97.236 - - [01/May/2023:14:14:58 -0500] "GET /BLA/resoluciones/index.php?dir=AUTOS+2021%2F HTTP/1.1" 200 397891
172.22.2.4 - - [01/May/2023:14:15:00 -0500] "GET /BLA/boletinlegal/actos.php HTTP/1.1" 200 9682
186.155.74.126 - - [01/May/2023:14:15:01 -0500] "GET /galeria/galeria/jquery.fancybox.css?v=2.1.5 HTTP/1.1" 200 4895
186.155.74.126 - - [01/May/2023:14:15:01 -0500] "GET /BLA/boletinlegal/js/jquery.scrollShow.js HTTP/1.1" 200 4586
186.155.74.126 - - [01/May/2023:14:15:01 -0500] "GET /galeria/galeria/jquery.fancybox.js?v=2.1.5 HTTP/1.1" 200 48706
201.245.192.253 - - [01/May/2023:14:15:24 -0500] "POST /kwsrmcab/Wsrmcab  HTTP/1.1" 200 41796
35.204.84.149 - - [01/May/2023:14:15:36 -0500] "GET /inventario-de-emisiones-2020-transporte-publico-sitp-redujo-emisiones-de-pm-2-5-en-un-37.html HTTP/1.1" 200 925
201.244.227.217 - - [01/May/2023:14:16:54 -0500] "GET /BLA/resoluciones/index.php?dir=RESOLUCIONES+2021%2F HTTP/1.1" 200 439476
201.244.227.217 - - [01/May/2023:14:16:59 -0500] "GET /BLA/resoluciones/RESOLUCIONES%202021/3231.pdf HTTP/1.1" 200 5781643
172.22.2.4 - - [01/May/2023:14:15:33 -0500] "HEAD /BLA/boletinlegal/ HTTP/1.1" 200 -
34.141.188.115 - - [01/May/2023:14:17:32 -0500] "GET /inventario-de-emisiones-2020-transporte-publico-sitp-redujo-emisiones-de-pm-2-5-en-un-37.html HTTP/1.1" 200 925
201.244.227.217 - - [01/May/2023:14:17:39 -0500] "GET /BLA/resoluciones/RESOLUCIONES%202021/3234.pdf HTTP/1.1" 200 1130253
34.91.254.233 - - [01/May/2023:14:17:52 -0500] "GET /inventario-de-emisiones-2020-transporte-publico-sitp-redujo-emisiones-de-pm-2-5-en-un-37.html HTTP/1.1" 200 925
172.22.2.4 - - [01/May/2023:14:16:23 -0500] "GET /BLA/boletinlegal/ HTTP/1.1" 200 57561
216.245.221.92 - - [01/May/2023:14:18:17 -0500] "HEAD / HTTP/1.1" 200 -
74.80.208.24 - - [01/May/2023:14:18:54 -0500] "-" 408 -
172.22.2.4 - - [01/May/2023:14:18:57 -0500] "GET /BLA/boletinlegal/actos.php HTTP/1.1" 200 9682
66.249.66.71 - - [01/May/2023:14:19:04 -0500] "-" 408 -
201.245.192.253 - - [01/May/2023:14:19:10 -0500] "POST /kwsrmcab/Wsrmcab HTTP/1.1" 200 42865
201.245.192.253 - - [01/May/2023:14:19:13 -0500] "POST /kwsrmcab/Wsrmcab HTTP/1.1" 200 43618
34.141.188.115 - - [01/May/2023:14:19:38 -0500] "GET /inventario-de-emisiones-2020-transporte-publico-sitp-redujo-emisiones-de-pm-2-5-en-un-37.html HTTP/1.1" 200 925
34.91.254.233 - - [01/May/2023:14:19:58 -0500] "GET /inventario-de-emisiones-2020-transporte-publico-sitp-redujo-emisiones-de-pm-2-5-en-un-37.html HTTP/1.1" 200 925
201.245.192.253 - - [01/May/2023:14:20:22 -0500] "POST /kwsrmcab/Wsrmcab  HTTP/1.1" 200 41796
35.204.84.149 - - [01/May/2023:14:20:50 -0500] "GET /inventario-de-emisiones-2020-transporte-publico-sitp-redujo-emisiones-de-pm-2-5-en-un-37.html HTTP/1.1" 200 925
213.186.1.245 - - [01/May/2023:14:21:50 -0500] "GET /ciudadana-recu HTTP/1.1" 404 1034
173.252.111.16 - - [01/May/2023:14:21:54 -0500] "GET /images/WhatsApp%20Image%202023-04-05%20at%2013.54.41.jpeg HTTP/1.1" 200 210747
173.252.111.116 - - [01/May/2023:14:21:54 -0500] "GET /images/Adopcion-gatos-y-perros-en-bogota-abril-23.jpeg HTTP/1.1" 200 68661
173.252.111.13 - - [01/May/2023:14:21:57 -0500] "GET /images/incautan-animales-semana-santa-2023.jpeg HTTP/1.1" 200 36611
173.252.111.15 - - [01/May/2023:14:21:57 -0500] "GET /images/mejora-la-calidad-del-aire-en-bogota-5-abril.jpeg HTTP/1.1" 200 44341
173.252.111.18 - - [01/May/2023:14:21:57 -0500] "GET /images/caminos-de-los-cerros-1_optimized.jpeg HTTP/1.1" 200 49537
173.252.111.16 - - [01/May/2023:14:21:57 -0500] "GET /images/atencion-al-ciudadano-abril.jpg HTTP/1.1" 200 116523
172.22.2.4 - - [01/May/2023:14:21:39 -0500] "GET /BLA/boletinlegal/ HTTP/1.1" 200 24523
186.29.234.252 - - [01/May/2023:14:22:21 -0500] "GET /BLA/boletinlegal/js/jquery.scrollShow.js HTTP/1.1" 200 4586
186.29.234.252 - - [01/May/2023:14:22:21 -0500] "GET /galeria/galeria/jquery.fancybox.js?v=2.1.5 HTTP/1.1" 200 48706
186.29.234.252 - - [01/May/2023:14:22:21 -0500] "GET /galeria/galeria/jquery.fancybox.css?v=2.1.5 HTTP/1.1" 200 4895
186.29.234.252 - - [01/May/2023:14:22:21 -0500] "GET /galeria/carrusel/Carrusel/jquery-ui-1.8.13.custom.min.js HTTP/1.1" 200 10800
186.29.234.252 - - [01/May/2023:14:22:21 -0500] "GET /galeria/carrusel/Carrusel/jquery.thumbnailScroller.css HTTP/1.1" 200 2066
186.29.234.252 - - [01/May/2023:14:22:21 -0500] "GET /galeria/carrusel/Carrusel/jquery.thumbnailScroller.js HTTP/1.1" 200 8157
186.29.234.252 - - [01/May/2023:14:22:22 -0500] "GET /galeria/nivo-slider/demo/banner.html HTTP/1.1" 200 5446
186.29.234.252 - - [01/May/2023:14:22:22 -0500] "GET /galeria/nivo-slider/themes/pascal/pascal.css HTTP/1.1" 200 2258
186.29.234.252 - - [01/May/2023:14:22:22 -0500] "GET /galeria/nivo-slider/themes/default/default.css HTTP/1.1" 200 1569
186.29.234.252 - - [01/May/2023:14:22:22 -0500] "GET /galeria/nivo-slider/themes/orman/orman.css HTTP/1.1" 200 2152
186.29.234.252 - - [01/May/2023:14:22:22 -0500] "GET /galeria/nivo-slider/nivo-slider.css HTTP/1.1" 200 1507
186.29.234.252 - - [01/May/2023:14:22:22 -0500] "GET /galeria/nivo-slider/demo/style.css HTTP/1.1" 200 2222
186.29.234.252 - - [01/May/2023:14:22:22 -0500] "GET /galeria/nivo-slider/jquery.nivo.slider.pack.js HTTP/1.1" 200 11561
186.29.234.252 - - [01/May/2023:14:22:22 -0500] "GET /galeria/nivo-slider/demo/scripts/jquery-1.7.1.min.js HTTP/1.1" 200 93868
186.29.234.252 - - [01/May/2023:14:22:22 -0500] "GET /galeria/nivo-slider/demo/images/bannertortuga_optimized.jpg HTTP/1.1" 200 39066
186.29.234.252 - - [01/May/2023:14:22:22 -0500] "GET /galeria/nivo-slider/demo/images/Bannermujeresquereverdecen.jpg HTTP/1.1" 200 46558
186.29.234.252 - - [01/May/2023:14:22:22 -0500] "GET /galeria/nivo-slider/demo/images/bannertrafico_optimized.jpg HTTP/1.1" 200 42578
186.29.234.252 - - [01/May/2023:14:22:22 -0500] "GET /galeria/nivo-slider/demo/images/Bannersedeelectronica.jpg HTTP/1.1" 200 40383
186.29.234.252 - - [01/May/2023:14:22:22 -0500] "GET /galeria/nivo-slider/demo/images/bannerrutaesperanza.jpg HTTP/1.1" 200 55560
186.29.234.252 - - [01/May/2023:14:22:22 -0500] "GET /galeria/nivo-slider/demo/images/banneraire2021.jpg HTTP/1.1" 200 265101
186.29.234.252 - - [01/May/2023:14:22:22 -0500] "GET /galeria/nivo-slider/demo/images/Bannerplasticosseptiembre.jpg HTTP/1.1" 200 45633
186.29.234.252 - - [01/May/2023:14:22:22 -0500] "GET /galeria/nivo-slider/demo/images/bannerresiduoshospitalariosagosto.jpg HTTP/1.1" 200 36499
186.29.234.252 - - [01/May/2023:14:22:22 -0500] "GET /galeria/nivo-slider/demo/images/banneraccionpopularcrr68.jpg HTTP/1.1" 200 51887
186.29.234.252 - - [01/May/2023:14:22:22 -0500] "GET /galeria/nivo-slider/demo/images/banneraccionpopular.jpeg HTTP/1.1" 200 41707
186.29.234.252 - - [01/May/2023:14:22:22 -0500] "GET /galeria/nivo-slider/demo/images/bannerclases2021.jpg HTTP/1.1" 200 68230
186.29.234.252 - - [01/May/2023:14:22:22 -0500] "GET /galeria/nivo-slider/demo/images/bannercapacitacionesbogota.jpg HTTP/1.1" 200 42416
186.29.234.252 - - [01/May/2023:14:22:22 -0500] "GET /galeria/nivo-slider/demo/images/Bannerenvases.jpg HTTP/1.1" 200 37316
186.29.234.252 - - [01/May/2023:14:22:22 -0500] "GET /galeria/nivo-slider/demo/images/Bannervirtualescanales.jpg HTTP/1.1" 200 174544
186.29.234.252 - - [01/May/2023:14:22:22 -0500] "GET /galeria/nivo-slider/demo/images/4Simple_Slider.png HTTP/1.1" 200 11722
186.29.234.252 - - [01/May/2023:14:22:22 -0500] "GET /galeria/nivo-slider/themes/default/loading.gif HTTP/1.1" 200 1737
186.29.234.252 - - [01/May/2023:14:22:22 -0500] "GET /galeria/nivo-slider/themes/default/bullets.png HTTP/1.1" 200 1281
186.29.234.252 - - [01/May/2023:14:22:22 -0500] "GET /galeria/nivo-slider/themes/default/arrows.png HTTP/1.1" 200 824
172.22.2.4 - - [01/May/2023:14:21:23 -0500] "HEAD /BLA/boletinlegal/ HTTP/1.1" 200 -
216.245.221.92 - - [01/May/2023:14:23:17 -0500] "HEAD / HTTP/1.1" 200 -
172.22.2.4 - - [01/May/2023:14:22:13 -0500] "GET /BLA/boletinlegal/ HTTP/1.1" 200 56287
51.158.126.21 - - [01/May/2023:14:24:21 -0500] "GET /BLA/boletinlegal/js/jquery.scrollShow.js HTTP/1.1" 200 4586
51.158.126.21 - - [01/May/2023:14:24:21 -0500] "GET /galeria/galeria/jquery.fancybox.js?v=2.1.5 HTTP/1.1" 200 48706
74.80.208.70 - - [01/May/2023:14:25:17 -0500] "-" 408 -
201.245.192.253 - - [01/May/2023:14:25:22 -0500] "POST /kwsrmcab/Wsrmcab  HTTP/1.1" 200 41796
74.80.208.24 - - [01/May/2023:14:27:19 -0500] "-" 408 -
216.245.221.92 - - [01/May/2023:14:28:17 -0500] "HEAD / HTTP/1.1" 200 -
198.235.24.87 - - [01/May/2023:14:28:45 -0500] "GET / HTTP/1.1" 200 319
172.22.2.4 - - [01/May/2023:14:27:13 -0500] "HEAD /BLA/boletinlegal/ HTTP/1.1" 200 -
201.245.192.253 - - [01/May/2023:14:29:10 -0500] "POST /kwsrmcab/Wsrmcab HTTP/1.1" 200 42865
201.245.192.253 - - [01/May/2023:14:29:13 -0500] "POST /kwsrmcab/Wsrmcab HTTP/1.1" 200 43618
181.53.12.173 - - [01/May/2023:14:29:35 -0500] "GET /mujeres-que-reverdec HTTP/1.1" 404 1136
181.53.12.173 - - [01/May/2023:14:29:37 -0500] "GET /favicon.ico HTTP/1.1" 404 1334
66.249.66.37 - - [01/May/2023:14:29:41 -0500] "-" 408 -
172.22.2.4 - - [01/May/2023:14:28:03 -0500] "GET /BLA/boletinlegal/ HTTP/1.1" 200 52730
201.245.192.253 - - [01/May/2023:14:30:21 -0500] "POST /kwsrmcab/Wsrmcab  HTTP/1.1" 200 41796
157.55.39.224 - - [01/May/2023:14:31:01 -0500] "GET / HTTP/1.1" 200 319
216.245.221.92 - - [01/May/2023:14:33:17 -0500] "HEAD / HTTP/1.1" 200 -
181.53.12.173 - - [01/May/2023:14:33:23 -0500] "GET /favicon.ico HTTP/1.1" 404 1334
173.252.83.7 - - [01/May/2023:14:33:30 -0500] "GET /ciudad-bolivar-recibe-la-feria-de-servicios.html HTTP/1.1" 206 726
181.53.12.173 - - [01/May/2023:14:33:46 -0500] "GET /favicon.ico HTTP/1.1" 404 1334
181.53.12.173 - - [01/May/2023:14:33:46 -0500] "GET /mujeres-que-reverdec HTTP/1.1" 404 1136
172.22.2.4 - - [01/May/2023:14:33:03 -0500] "HEAD /BLA/boletinlegal/ HTTP/1.1" 200 -
40.77.167.94 - - [01/May/2023:14:34:58 -0500] "GET /galeria/galeria/fotos/Humedal-la-Isla3G.jpg HTTP/1.1" 200 202764
201.245.192.253 - - [01/May/2023:14:35:21 -0500] "POST /kwsrmcab/Wsrmcab  HTTP/1.1" 200 41796
172.22.2.4 - - [01/May/2023:14:33:53 -0500] "GET /BLA/boletinlegal/ HTTP/1.1" 200 57561
186.159.17.82 - - [01/May/2023:14:35:47 -0500] "GET /galeria/galeria/jquery.fancybox.css?v=2.1.5 HTTP/1.1" 200 4895
186.159.17.82 - - [01/May/2023:14:35:48 -0500] "GET /BLA/boletinlegal/js/jquery.scrollShow.js HTTP/1.1" 200 4586
186.159.17.82 - - [01/May/2023:14:35:48 -0500] "GET /galeria/galeria/jquery.fancybox.js?v=2.1.5 HTTP/1.1" 200 48706
216.245.221.92 - - [01/May/2023:14:38:17 -0500] "HEAD / HTTP/1.1" 200 -
172.22.2.4 - - [01/May/2023:14:38:55 -0500] "GET /BLA/boletinlegal/robots.txt HTTP/1.1" 404 1038
172.22.2.4 - - [01/May/2023:14:38:56 -0500] "GET /BLA/boletinlegal/Circulares/2013/Circular%20No.%206%20del%2019%20de%20julio%20de%202013.pdf HTTP/1.1" 200 4210437
201.245.192.253 - - [01/May/2023:14:39:10 -0500] "POST /kwsrmcab/Wsrmcab HTTP/1.1" 200 42865
201.245.192.253 - - [01/May/2023:14:39:13 -0500] "POST /kwsrmcab/Wsrmcab HTTP/1.1" 200 43618
35.236.230.103 - - [01/May/2023:14:39:19 -0500] "GET /ciudadana-recu HTTP/1.0" 404 1034
35.236.230.103 - - [01/May/2023:14:39:19 -0500] "GET /ciudadana-recu HTTP/1.0" 404 1034
40.77.167.84 - - [01/May/2023:14:39:58 -0500] "GET /ciudadana-recu HTTP/1.1" 404 1034
201.245.192.253 - - [01/May/2023:14:40:19 -0500] "POST /kwsrmcab/Wsrmcab  HTTP/1.1" 200 41796
172.22.2.4 - - [01/May/2023:14:38:53 -0500] "HEAD /BLA/boletinlegal/ HTTP/1.1" 200 -
168.119.33.47 - - [01/May/2023:14:40:55 -0500] "GET /ciudadana-recu HTTP/1.1" 404 1034
172.22.2.4 - - [01/May/2023:14:40:57 -0500] "GET /BLA/boletinlegal/images/cabezote%20BLEGAL.jpg HTTP/1.1" 200 118164
172.22.2.4 - - [01/May/2023:14:40:58 -0500] "GET /BLA/boletinlegal/images/subscribe-icon-big.png HTTP/1.1" 200 47702
172.22.2.4 - - [01/May/2023:14:40:58 -0500] "GET /BLA/boletinlegal/images/historia.png HTTP/1.1" 200 52775
172.22.2.4 - - [01/May/2023:14:40:58 -0500] "GET /BLA/boletinlegal/images/screen_1.png HTTP/1.1" 200 202547
172.22.2.4 - - [01/May/2023:14:40:59 -0500] "GET /BLA/boletinlegal/actos.php HTTP/1.1" 200 9682
172.22.2.4 - - [01/May/2023:14:40:59 -0500] "GET /BLA/boletinlegal/img/button-left.png HTTP/1.1" 200 57071
172.22.2.4 - - [01/May/2023:14:40:59 -0500] "GET /BLA/boletinlegal/img/button-right.png HTTP/1.1" 200 57878
172.22.2.4 - - [01/May/2023:14:40:59 -0500] "GET /BLA/boletinlegal/favicon.ico HTTP/1.1" 404 1326
186.84.21.244 - - [01/May/2023:14:41:02 -0500] "GET /BLA/resoluciones/ HTTP/1.1" 200 13502
186.84.21.244 - - [01/May/2023:14:41:14 -0500] "GET /BLA/resoluciones/index.php?dir=AUTOS+2016%2F HTTP/1.1" 200 329666
172.22.2.4 - - [01/May/2023:14:39:44 -0500] "GET /BLA/boletinlegal/ HTTP/1.1" 200 51977
172.22.2.4 - - [01/May/2023:14:40:57 -0500] "GET /BLA/boletinlegal/ HTTP/1.1" 200 24523
216.245.221.92 - - [01/May/2023:14:43:17 -0500] "HEAD / HTTP/1.1" 200 -
165.225.222.172 - - [01/May/2023:14:43:06 -0500] "GET /BLA/boletinlegal/ HTTP/1.1" 200 28619
152.203.175.246 - - [01/May/2023:14:44:20 -0500] "GET /kwssiamovil/sm/acme/u?s=U2FsdGVkX18Xm7AqBuMj4HjK4tM+zloDMjXfBQ+jxpGDnW7ETiVqwbg0PyeORq63BENwiod0Jj+/ijcUUbFrepPDPtceeM7Lz2eMQT2KagltsUs7+d5SRX3sL42wdntwANwwdhuNRDdNwBYy1U3rQcULE+stCbzkFj+Wa2oiNAI=&u=U2FsdGVkX1/UjnvpKYbi9B/9eN4ISloEe2aL6Vu708c+QzxhUjyN4of9Jt9DJqBX&y=U2FsdGVkX19mRf2eeZv8+1/CECQk0E9IlK7MCMWgGk14bjH9XaQ18hAvWuh14cos HTTP/1.1" 200 60
152.203.175.246 - - [01/May/2023:14:45:17 -0500] "GET /kwssiamovil/sm/acme/u?s=U2FsdGVkX18QXXZdQMxuqQiWzflJA7jkXprca5357SbfYYUPZHOcQ704kdKC3zn7vzUWUwBMlKPhh1IjSbhyBN5T5Vs+7+krztxFNXxlj9UEZ4VvFe0AGUMPBbJVUFqZyZD+otA59GJLp5EUFRKGK2J8GMdMT+5s4gezimY+zV4=&u=U2FsdGVkX1/UjnvpKYbi9B/9eN4ISloEe2aL6Vu708c+QzxhUjyN4of9Jt9DJqBX&y=U2FsdGVkX19mRf2eeZv8+1/CECQk0E9IlK7MCMWgGk14bjH9XaQ18hAvWuh14cos HTTP/1.1" 200 60
201.245.192.253 - - [01/May/2023:14:45:19 -0500] "POST /kwsrmcab/Wsrmcab  HTTP/1.1" 200 41796
172.22.2.4 - - [01/May/2023:14:44:43 -0500] "HEAD /BLA/boletinlegal/ HTTP/1.1" 200 -
69.171.231.5 - - [01/May/2023:14:46:32 -0500] "GET /images/WhatsApp%20Image%202023-04-26%20at%2011.09.07%20AM.jpeg HTTP/1.1" 200 152382
172.22.2.4 - - [01/May/2023:14:45:34 -0500] "GET /BLA/boletinlegal/ HTTP/1.1" 200 57151
190.27.129.231 - - [01/May/2023:14:47:36 -0500] "GET / HTTP/1.1" 200 4720
190.27.129.231 - - [01/May/2023:14:47:37 -0500] "GET /js/url.js HTTP/1.1" 404 1294
172.22.2.4 - - [01/May/2023:14:47:39 -0500] "GET /BLA/boletinlegal/jurisprudencia.php HTTP/1.1" 200 17583
152.203.175.246 - - [01/May/2023:14:47:51 -0500] "OPTIONS /kwssiamovil/sm/setfile/f? HTTP/1.1" 200 13
152.203.175.246 - - [01/May/2023:14:47:52 -0500] "POST /kwssiamovil/sm/setfile/f? HTTP/1.1" 200 381
152.203.175.246 - - [01/May/2023:14:47:55 -0500] "OPTIONS /kwssiamovil/sm/setfile/f? HTTP/1.1" 200 13
152.203.175.246 - - [01/May/2023:14:47:55 -0500] "POST /kwssiamovil/sm/setfile/f? HTTP/1.1" 200 381
152.203.175.246 - - [01/May/2023:14:47:58 -0500] "OPTIONS /kwssiamovil/sm/setfile/f? HTTP/1.1" 200 13
172.22.2.4 - - [01/May/2023:14:47:58 -0500] "GET /BLA/boletinlegal/js/lib.js HTTP/1.1" 200 6474
152.203.175.246 - - [01/May/2023:14:47:58 -0500] "POST /kwssiamovil/sm/setfile/f? HTTP/1.1" 200 381
152.203.175.246 - - [01/May/2023:14:48:00 -0500] "OPTIONS /kwssiamovil/sm/setfile/f? HTTP/1.1" 200 13
172.22.2.4 - - [01/May/2023:14:48:03 -0500] "GET /BLA/boletinlegal/js/jquery1.js HTTP/1.1" 200 29846
172.22.2.4 - - [01/May/2023:14:48:03 -0500] "GET /BLA/boletinlegal/js/popup.js HTTP/1.1" 200 1270
152.203.175.246 - - [01/May/2023:14:48:00 -0500] "POST /kwssiamovil/sm/setfile/f? HTTP/1.1" 200 381
152.203.175.246 - - [01/May/2023:14:48:11 -0500] "GET /kwssiamovil/sm/acme/a?s=U2FsdGVkX18PRC6imqi1M7KilaslBKdg08Y2LAFyDlpyYRQ6hk75pE2CiyiegAghyFM0Vd93uon+1muYYoi0TMaH7BZLw7pjKjs1hf/QfM1JKmWshx0GAfPauCgisqSaek4BTnyNdRt+ZEPHXrCQopcGUy1UhFdH4u1q3CklGLaXiLZVN79cDe1nCSnIRnPNLDQbJPl9hvRjPjPAAmVHzeup60tkwe5evOaCzuL0LKb8pV73nrYfuEnB6Bc35gP6GmqIe4/awySmUAv6sEgAHg==&u=U2FsdGVkX1/UjnvpKYbi9B/9eN4ISloEe2aL6Vu708c+QzxhUjyN4of9Jt9DJqBX&y=U2FsdGVkX19mRf2eeZv8+1/CECQk0E9IlK7MCMWgGk14bjH9XaQ18hAvWuh14cos HTTP/1.1" 200 26
152.203.175.246 - - [01/May/2023:14:48:12 -0500] "GET /kwssiamovil/sm/acme/a?s=U2FsdGVkX18Mx/IF+lsfGkfFAYUshILC1DzPMnTnfEkCIkxW6kn15sQkCTZS7rtpeOodljUIZ2cdVUt8AqglE2RwhYzrdPJCp9Nyu5OceOIl20IvIE1+kqUeNTFGtLDt9MsoB3UNWVyjiA+zyigMzWS2WUFDTSdod2ubV3XYNy8uNKEt/X7u+wlYltF6M/qxmBzwqEK+0X3uvjPBj5Ltacu/TEtSWKt05n144b9Akl3c2pfPAMeZ7Mp2ARd7h1s15A5hbro2k/3kQoYBFxJZ7SEXFXD+CHR7ZHNa3Eo1lHg/iUpIWgQ1PFtX8V6nWHuYF1DLJmaRW4rl2txoOiBEkSrDzfzPVuSsElDMu5feDrBuqusNW3sX6/2v1pE/pP16Erl9Na5YnHPv1yUEhBOgCyFjN0Jv9NyyPfv5ewBNacFxL+8ah3Qt4aeJDJvRovNWQJisl1+3TglKYohJy5yoK61UKty3iinZHxsdmybVg2UK752LpTY5byzqbmpckYytbHpIgr9kaE6Cqou2S6IrfhiZeilCWN2cTWtCk1qGVFYN1nGzb6fyF8tWXh8mldqDkc0672G99ZDUuWpkbUZ+e61sNMMmUKqSAEiGePcR4cvMvZElVzFRywKtJUE/vq5EsxDHpbjTJi9OCjiiZaV1b6UUiGnjn1tBjdRy5VTqYSByJdend2+ofUMJ4+w1+RbsSMC8sTu9T02FgYNN40dZn3k/lRllMwdpIJELgVCyvfckksCK/LwvEbtmCv0WXydyYCG64II3cgElL8J+OPbgTUrbtgdHbPVpFfTthgSehJjBS5JsnwL5vRI47ejvCMgpdsfvM5phKUM1n7Hq89Tpyyo1W8CFTU7H/gbKqlzKN7qUT8W7TaSb2XEFAP0D6tJnM+5C9Ghs32wGB3eqB2953m2UWza02965dPcMx2rxDiluZajblJ7JEAB+oFdPsc8l7V464g1CjIL07jHuDQdMEbnx9fKJsVx3frsdu1gYafajglG0i4HCzv7QeVhPHEm2ZzrnTLRsYP7uCcUCa+XaaLhOo4crG0ALgqPiu8yLl1m138XO46JEgqwXeZslTBG0g3vbJu97NA1FT5h0OFeNgPAgrYul/Ijk11F1HeJ5OW+JbNOXLbj/BSt/wcuqus5qkNx11lznezXwfatsP4zy3Rg0Dfn0ZYXKBFX5FZj/raPxpnpVURgvDRTwWYwNMeeW8Yq0l04QxY4pDyDnn/5jsQXdSThhlVYIJUMn7gWlmLKSacgOWd2s5P7tmQJI0yxBzsPXRRS3CGK/zQO6HQ4j9JNVnzylyUUYncImTJpvWZONr4M4xEVQqkfezeEwPJdpCqns2rEe3Ju+KCx9XjsaqR47ZMBA+0VQm200zPK+3J1rY9VXhjiaWGbwAykrv/nBNyu3HwN+BJh/vqMw0W2LJ5KJ0MpOR9uqKYAAPrsk/42Ls5nV3gOlqg2Uroq9aBw8TcLFqbYq2EYhdOp3E1f84sdV2lHu/SpUeDLCB+rkT2LSQaXC6HKZxfA1tK9guVnVEyRGH4rL3jEi+rBV+u3LgySgCDm8nylZ5aqbrkPOsfnhifoAY4Lrvh1EUAFK0oLOgkgjP7lAiZtvwL3McD6AWa93gSVwuvoMVJBvfnk2SBZQWlUg0JAGJwyMNv9FJZ1mzS9RcxJhtF3bIQlcGFSg6yUbXbMWxeHwHt99778Y1uUPft6t46AcFu2pNIbb9kO7NgLpdRi8KGc81nWbL6g46hj9W94awq/zxYgqkSIMyZk=&u=U2FsdGVkX1/UjnvpKYbi9B/9eN4ISloEe2aL6Vu708c+QzxhUjyN4of9Jt9DJqBX&y=U2FsdGVkX19mRf2eeZv8+1/CECQk0E9IlK7MCMWgGk14bjH9XaQ18hAvWuh14cos HTTP/1.1" 200 26
152.203.175.246 - - [01/May/2023:14:48:12 -0500] "GET /kwssiamovil/sm/acme/a?s=U2FsdGVkX19kWAWKOEMvrVGmdXS+1tA7+q0eV/llRCjCbaF8HSsAozlArjHNelY/g7M1WGjLJ+/fTPIzqs5+3Mginz/p5kaAHNtzRef5KiAz8zZ1KEgDmWenn1+0NoKdDqhAM5I9eZz8V9BMgBlbYxN8Kbwtj0I8daTgugOszyY=&u=U2FsdGVkX1/UjnvpKYbi9B/9eN4ISloEe2aL6Vu708c+QzxhUjyN4of9Jt9DJqBX&y=U2FsdGVkX19mRf2eeZv8+1/CECQk0E9IlK7MCMWgGk14bjH9XaQ18hAvWuh14cos HTTP/1.1" 200 26
152.203.175.246 - - [01/May/2023:14:48:12 -0500] "GET /kwssiamovil/sm/acme/a?s=U2FsdGVkX19gx0JpDGzVhcDZdgJ1MKwinE2EgVJ4eqmMbYD2AkpB6twx1Q7vjSZL+YcgKSv70MyZc745Joc8GKyvzkwr3suVc6nWoBpdHYKbnNqIcGpJSatSF7wsT5PhEqssWvCuChs45qLPauG5JVcnzM2aot2RJb8BwEwG5N4=&u=U2FsdGVkX1/UjnvpKYbi9B/9eN4ISloEe2aL6Vu708c+QzxhUjyN4of9Jt9DJqBX&y=U2FsdGVkX19mRf2eeZv8+1/CECQk0E9IlK7MCMWgGk14bjH9XaQ18hAvWuh14cos HTTP/1.1" 200 26
152.203.175.246 - - [01/May/2023:14:48:13 -0500] "GET /kwssiamovil/sm/acme/a?s=U2FsdGVkX18NnYEBBV9e/a8emgj1ZZy/A4HqSlVIANh+BHkwJHpKBsTULRNFe/kBIvajp3BxZAmxB3SagLrexZZ34hDtiwtjClJGoj8NFHvba07rd09Xj7yCrx0T7CbG9+I0Uq71tAAxfHCEtnj4cfQJ/4Doc7O+4PPZb5QeKRM=&u=U2FsdGVkX1/UjnvpKYbi9B/9eN4ISloEe2aL6Vu708c+QzxhUjyN4of9Jt9DJqBX&y=U2FsdGVkX19mRf2eeZv8+1/CECQk0E9IlK7MCMWgGk14bjH9XaQ18hAvWuh14cos HTTP/1.1" 200 26
152.203.175.246 - - [01/May/2023:14:48:13 -0500] "GET /kwssiamovil/sm/acme/a?s=U2FsdGVkX18Eql3qOZpr9aLd2PjT/YMYMeiSMaqIDaTIRcgNSM3oD5hdLCz2xzJdUQ/s3hThm7LDmmhJgKqqnWA9O0TaTxgEOxR+JY2nN9q1YQj7OuM9cNhN0Bt4IkLtm3+/waz7wUVXEtRdYbS3WhsAVRozhZy8yIAxf9nSk7gCBvz6q2AumyFL38xIBHB5CTbED2/ppmufR3dzvK5VRg==&u=U2FsdGVkX1/UjnvpKYbi9B/9eN4ISloEe2aL6Vu708c+QzxhUjyN4of9Jt9DJqBX&y=U2FsdGVkX19mRf2eeZv8+1/CECQk0E9IlK7MCMWgGk14bjH9XaQ18hAvWuh14cos HTTP/1.1" 200 26
152.203.175.246 - - [01/May/2023:14:48:13 -0500] "GET /kwssiamovil/sm/acme/a?s=U2FsdGVkX1+PdEdnfu+4DlbVfIExU7Ge+4tvah8x++EZTrSJaiFyJxO668os2PTLGvNI+tUg5ZhLKqGcDT/OPLWBVyEL1ge25UAcuw5Qi1PscxEZQBu6th3M6Tos3ZKlZPI/LtHDFOxMeT40iCx+k/lNhhHonvniOQlaETiD6QIMtn4B5698flNTZw16vcE+MZlOTctHvgYYY3oVbeo7lw==&u=U2FsdGVkX1/UjnvpKYbi9B/9eN4ISloEe2aL6Vu708c+QzxhUjyN4of9Jt9DJqBX&y=U2FsdGVkX19mRf2eeZv8+1/CECQk0E9IlK7MCMWgGk14bjH9XaQ18hAvWuh14cos HTTP/1.1" 200 26
152.203.175.246 - - [01/May/2023:14:48:13 -0500] "GET /kwssiamovil/sm/acme/a?s=U2FsdGVkX18fhNILN17lQOv52gKydAXN1/eTsOgjdzwlhmRwyoT+iUO83lYYvcdTBvoEnf3RA5p0LYSFiIzRSpTydNNWKAWGG8lPOz49O4k6UJlz90c1BECkrcFrzFBFd900ppbxvxNVXCjJ5rUCpLLr0GLPEwlIq4NZ18OJbmdVP8WcTKaMO+1/PLjRhvQk&u=U2FsdGVkX1/UjnvpKYbi9B/9eN4ISloEe2aL6Vu708c+QzxhUjyN4of9Jt9DJqBX&y=U2FsdGVkX19mRf2eeZv8+1/CECQk0E9IlK7MCMWgGk14bjH9XaQ18hAvWuh14cos HTTP/1.1" 200 26
152.203.175.246 - - [01/May/2023:14:48:14 -0500] "GET /kwssiamovil/sm/acme/a?s=U2FsdGVkX1+P3+H6zHQHS/ieV54d1pgrmtzIwD0ZNIunulOaATWyuNzT5kfn/1Ho/v/Y7Z5nTTWbxlGnztKPG0iE1F5kg+tU7jesA3FOsmmMwFsGo4Yh8pol96oyHKx+nExLfBwHSAD+z+6Wo7gcS41yrhWWLtYSwGGKvqZIhhJl0dmlJX5yrsYgEfu0HUOD+CBBaipnjOX+JOJYfaM8oQ==&u=U2FsdGVkX1/UjnvpKYbi9B/9eN4ISloEe2aL6Vu708c+QzxhUjyN4of9Jt9DJqBX&y=U2FsdGVkX19mRf2eeZv8+1/CECQk0E9IlK7MCMWgGk14bjH9XaQ18hAvWuh14cos HTTP/1.1" 200 26
152.203.175.246 - - [01/May/2023:14:48:14 -0500] "GET /kwssiamovil/sm/acme/a?s=U2FsdGVkX1/uy+M1fQo9vhnL5vlcEvRbB4EHIagZT3G2+dQSC20isDMhTq9IlciuVsTGs75DnKb6Zis8ZAyfaT9dy3HN8OY7YSYI8lGjDe9n0cUyPYFZ0TanvhnZfeSEtg18UhMHab/2uh4tpseNJ7/DeY/UjoW8A52+i5kXMWNxIdvc0YW+D3rm3CZ7k2Ja&u=U2FsdGVkX1/UjnvpKYbi9B/9eN4ISloEe2aL6Vu708c+QzxhUjyN4of9Jt9DJqBX&y=U2FsdGVkX19mRf2eeZv8+1/CECQk0E9IlK7MCMWgGk14bjH9XaQ18hAvWuh14cos HTTP/1.1" 200 26
152.203.175.246 - - [01/May/2023:14:48:14 -0500] "GET /kwssiamovil/sm/acme/a?s=U2FsdGVkX1/lVGO/v2jt1SDEFT9ixSS5nJdhapF/Y6HLBukPChxr0jc47usz0c5NYyckoIINd8jtsjeI5YBde9G67eka2IGfchkDVJjrTiTRgSkegee7BfmmY3VgrxyKcAvpUEWI4JwuIZjG7AEHSaLywwBHygSa6q5bt4ELctQNeCqHLzH5eah0QN/67GfQ4Wmt7kNV+cAavZdjmt2+yQ==&u=U2FsdGVkX1/UjnvpKYbi9B/9eN4ISloEe2aL6Vu708c+QzxhUjyN4of9Jt9DJqBX&y=U2FsdGVkX19mRf2eeZv8+1/CECQk0E9IlK7MCMWgGk14bjH9XaQ18hAvWuh14cos HTTP/1.1" 200 26
152.203.175.246 - - [01/May/2023:14:48:14 -0500] "GET /kwssiamovil/sm/acme/a?s=U2FsdGVkX1/xANtxPX87O8WEOLmrGxxkZ9k/8hOEHJtbgQ22YyIKqyA8FMbLDydIh9KkdrObwcUxmjLZ+GDwu3dVgihofwJsL635dY0fS09E+3He0LK05ve9Puvh7XXrHmQ5QYJJQCOSPSN2QcOtgLBssG7eEUsi4TWvdh7jf6GyiCkMabpwGu6tHVxm+PmX&u=U2FsdGVkX1/UjnvpKYbi9B/9eN4ISloEe2aL6Vu708c+QzxhUjyN4of9Jt9DJqBX&y=U2FsdGVkX19mRf2eeZv8+1/CECQk0E9IlK7MCMWgGk14bjH9XaQ18hAvWuh14cos HTTP/1.1" 200 26
152.203.175.246 - - [01/May/2023:14:48:14 -0500] "GET /kwssiamovil/sm/acme/a?s=U2FsdGVkX19H+LWR4TY30ykNM8MWeiTyqOkm0Qy3Q11FVnmBlNaL0zwbKH+fHCN5I647uZsSB8zeavtzzEl80vqWYsBrl0rgwb86b5pmDqXYRakFXaXP+doTuSkEnl0He+KwUm7MNEg7z6ujviEzhw93QD6t6LXksmmaOTNZEzBlhMxz+rGnCtuqwtgJdIpYMZN6VsHZVRTxFw5XaRbcyw==&u=U2FsdGVkX1/UjnvpKYbi9B/9eN4ISloEe2aL6Vu708c+QzxhUjyN4of9Jt9DJqBX&y=U2FsdGVkX19mRf2eeZv8+1/CECQk0E9IlK7MCMWgGk14bjH9XaQ18hAvWuh14cos HTTP/1.1" 200 26
152.203.175.246 - - [01/May/2023:14:48:15 -0500] "GET /kwssiamovil/sm/acme/a?s=U2FsdGVkX1+IbV6OE7pTyO3COPzO8+tYhy0JMxfK7POtqcBmA3mthyyoEI6rK7LdpKV5Hqkd0Kq31DoMDftCJ/cWq+F6Gk+ktCeiKUiSIyYRfvammMeaK/ugrhjUpMzgm/miaLHHHuPpqr30UmM5XDf2QMubn62EoOSpOfj8yT3HJbJ/yWbJ6hMmakcLkHPN2qe8Dxgf9XC7fe4QPUSzRQ==&u=U2FsdGVkX1/UjnvpKYbi9B/9eN4ISloEe2aL6Vu708c+QzxhUjyN4of9Jt9DJqBX&y=U2FsdGVkX19mRf2eeZv8+1/CECQk0E9IlK7MCMWgGk14bjH9XaQ18hAvWuh14cos HTTP/1.1" 200 26
216.245.221.92 - - [01/May/2023:14:48:17 -0500] "HEAD / HTTP/1.1" 200 -
190.27.129.231 - - [01/May/2023:14:48:52 -0500] "POST /procesar.php HTTP/1.1" 200 1040
172.22.2.4 - - [01/May/2023:14:49:24 -0500] "GET /BLA/boletinlegal/ab2g HTTP/1.1" 404 1018
172.22.2.4 - - [01/May/2023:14:49:25 -0500] "GET /BLA/boletinlegal/ab2h HTTP/1.1" 404 1018
172.22.2.4 - - [01/May/2023:14:49:29 -0500] "GET /BLA/boletinlegal/ HTTP/1.1" 200 28619
201.245.192.253 - - [01/May/2023:14:50:18 -0500] "POST /kwsrmcab/Wsrmcab  HTTP/1.1" 200 41796
74.80.208.70 - - [01/May/2023:14:50:37 -0500] "-" 408 -
186.155.113.225 - - [01/May/2023:14:51:59 -0500] "GET /BLA/boletinlegal/js/jquery.scrollShow.js HTTP/1.1" 200 4586
186.155.113.225 - - [01/May/2023:14:51:59 -0500] "GET /galeria/galeria/jquery.fancybox.css?v=2.1.5 HTTP/1.1" 200 4895
186.155.113.225 - - [01/May/2023:14:51:59 -0500] "GET /galeria/galeria/jquery.fancybox.js?v=2.1.5 HTTP/1.1" 200 48706
186.155.113.225 - - [01/May/2023:14:51:59 -0500] "GET /galeria/carrusel/Carrusel/jquery.thumbnailScroller.css HTTP/1.1" 200 2066
186.155.113.225 - - [01/May/2023:14:51:59 -0500] "GET /galeria/carrusel/Carrusel/jquery-ui-1.8.13.custom.min.js HTTP/1.1" 200 10800
186.155.113.225 - - [01/May/2023:14:51:59 -0500] "GET /galeria/carrusel/Carrusel/jquery.thumbnailScroller.js HTTP/1.1" 200 8157
186.155.113.225 - - [01/May/2023:14:51:59 -0500] "GET /galeria/nivo-slider/demo/banner.html HTTP/1.1" 200 5446
186.155.113.225 - - [01/May/2023:14:51:59 -0500] "GET /galeria/nivo-slider/themes/default/default.css HTTP/1.1" 200 1569
186.155.113.225 - - [01/May/2023:14:51:59 -0500] "GET /galeria/nivo-slider/themes/pascal/pascal.css HTTP/1.1" 200 2258
186.155.113.225 - - [01/May/2023:14:51:59 -0500] "GET /galeria/nivo-slider/themes/orman/orman.css HTTP/1.1" 200 2152
186.155.113.225 - - [01/May/2023:14:51:59 -0500] "GET /galeria/nivo-slider/nivo-slider.css HTTP/1.1" 200 1507
186.155.113.225 - - [01/May/2023:14:51:59 -0500] "GET /galeria/nivo-slider/demo/style.css HTTP/1.1" 200 2222
186.155.113.225 - - [01/May/2023:14:51:59 -0500] "GET /galeria/nivo-slider/demo/scripts/jquery-1.7.1.min.js HTTP/1.1" 200 93868
186.155.113.225 - - [01/May/2023:14:51:59 -0500] "GET /galeria/nivo-slider/jquery.nivo.slider.pack.js HTTP/1.1" 200 11561
186.155.113.225 - - [01/May/2023:14:51:59 -0500] "GET /galeria/nivo-slider/demo/images/bannertortuga_optimized.jpg HTTP/1.1" 200 39066
186.155.113.225 - - [01/May/2023:14:51:59 -0500] "GET /galeria/nivo-slider/demo/images/Bannermujeresquereverdecen.jpg HTTP/1.1" 200 46558
186.155.113.225 - - [01/May/2023:14:51:59 -0500] "GET /galeria/nivo-slider/demo/images/bannertrafico_optimized.jpg HTTP/1.1" 200 42578
186.155.113.225 - - [01/May/2023:14:51:59 -0500] "GET /galeria/nivo-slider/demo/images/Bannersedeelectronica.jpg HTTP/1.1" 200 40383
186.155.113.225 - - [01/May/2023:14:51:59 -0500] "GET /galeria/nivo-slider/demo/images/bannerrutaesperanza.jpg HTTP/1.1" 200 55560
186.155.113.225 - - [01/May/2023:14:51:59 -0500] "GET /galeria/nivo-slider/demo/images/banneraire2021.jpg HTTP/1.1" 200 265101
186.155.113.225 - - [01/May/2023:14:51:59 -0500] "GET /galeria/nivo-slider/themes/default/loading.gif HTTP/1.1" 200 1737
186.155.113.225 - - [01/May/2023:14:51:59 -0500] "GET /galeria/nivo-slider/demo/images/bannerresiduoshospitalariosagosto.jpg HTTP/1.1" 200 36499
186.155.113.225 - - [01/May/2023:14:51:59 -0500] "GET /galeria/nivo-slider/demo/images/banneraccionpopularcrr68.jpg HTTP/1.1" 200 51887
186.155.113.225 - - [01/May/2023:14:51:59 -0500] "GET /galeria/nivo-slider/demo/images/Bannerplasticosseptiembre.jpg HTTP/1.1" 200 45633
186.155.113.225 - - [01/May/2023:14:52:00 -0500] "GET /galeria/nivo-slider/demo/images/4Simple_Slider.png HTTP/1.1" 200 11722
186.155.113.225 - - [01/May/2023:14:52:00 -0500] "GET /galeria/nivo-slider/demo/images/banneraccionpopular.jpeg HTTP/1.1" 200 41707
186.155.113.225 - - [01/May/2023:14:52:00 -0500] "GET /galeria/nivo-slider/demo/images/bannerclases2021.jpg HTTP/1.1" 200 68230
186.155.113.225 - - [01/May/2023:14:52:00 -0500] "GET /galeria/nivo-slider/demo/images/bannercapacitacionesbogota.jpg HTTP/1.1" 200 42416
186.155.113.225 - - [01/May/2023:14:52:00 -0500] "GET /galeria/nivo-slider/demo/images/Bannerenvases.jpg HTTP/1.1" 200 37316
186.155.113.225 - - [01/May/2023:14:52:00 -0500] "GET /galeria/nivo-slider/demo/images/Bannervirtualescanales.jpg HTTP/1.1" 200 174544
186.155.113.225 - - [01/May/2023:14:52:00 -0500] "GET /galeria/nivo-slider/themes/default/arrows.png HTTP/1.1" 200 824
186.155.113.225 - - [01/May/2023:14:52:00 -0500] "GET /galeria/nivo-slider/themes/default/bullets.png HTTP/1.1" 200 1281
173.252.95.24 - - [01/May/2023:14:52:07 -0500] "GET /con-liberacion-de-fauna-plantaciones-de-arboles-recorridos-interpretativos-y-de-educacion-bogota-celebra-el-dia-mundial-de-los-humedales.html HTTP/1.1" 206 885
172.22.2.4 - - [01/May/2023:14:50:33 -0500] "HEAD /BLA/boletinlegal/ HTTP/1.1" 200 -
172.22.2.4 - - [01/May/2023:14:51:24 -0500] "GET /BLA/boletinlegal/ HTTP/1.1" 200 59306
216.245.221.92 - - [01/May/2023:14:53:17 -0500] "HEAD / HTTP/1.1" 200 -
186.31.150.219 - - [01/May/2023:14:54:43 -0500] "GET /distrito-recupera-cerca-de-30-kilos-de-laurel-de-cera-e-invita-a-no-usar-esta-planta-para-la-celebracion-de-la-santa-cruz.html HTTP/1.1" 206 829
186.31.150.219 - - [01/May/2023:14:54:43 -0500] "GET /distrito-recupera-cerca-de-30-kilos-de-laurel-de-cera-e-invita-a-no-usar-esta-planta-para-la-celebracion-de-la-santa-cruz.html HTTP/1.1" 206 829
186.31.150.219 - - [01/May/2023:14:54:43 -0500] "GET /distrito-recupera-cerca-de-30-kilos-de-laurel-de-cera-e-invita-a-no-usar-esta-planta-para-la-celebracion-de-la-santa-cruz.html HTTP/1.1" 206 829
186.31.150.219 - - [01/May/2023:14:54:43 -0500] "GET /distrito-recupera-cerca-de-30-kilos-de-laurel-de-cera-e-invita-a-no-usar-esta-planta-para-la-celebracion-de-la-santa-cruz.html HTTP/1.1" 206 829
186.31.150.219 - - [01/May/2023:14:54:43 -0500] "GET /images/Distrito-recupera-laurel-de-cera.jpg HTTP/1.1" 206 74268
186.31.150.219 - - [01/May/2023:14:54:43 -0500] "GET /images/Distrito-recupera-laurel-de-cera.jpg HTTP/1.1" 206 74268
186.31.150.219 - - [01/May/2023:14:54:43 -0500] "GET /images/Distrito-recupera-laurel-de-cera.jpg HTTP/1.1" 206 74268
186.31.150.219 - - [01/May/2023:14:54:43 -0500] "GET /images/Distrito-recupera-laurel-de-cera.jpg HTTP/1.1" 206 74268
186.31.150.219 - - [01/May/2023:14:54:43 -0500] "GET /dis7trito-recupera-cerca-de-30-kilos-de-laurel-de-cera-e-invita-a-no-usar-esta-planta-para-la-celebracion-de-la-santa-cruz.html HTTP/1.1" 404 1136
201.245.192.253 - - [01/May/2023:14:55:17 -0500] "POST /kwsrmcab/Wsrmcab  HTTP/1.1" 200 41796
157.55.39.224 - - [01/May/2023:14:55:24 -0500] "GET /BLA/resoluciones/AUTOS%202021/5397.pdf HTTP/1.1" 200 373674
157.55.39.224 - - [01/May/2023:14:55:43 -0500] "GET /Publicaciones/2023EE63300.pdf HTTP/1.1" 404 227
40.77.167.84 - - [01/May/2023:14:55:49 -0500] "GET /ciudadana-recu HTTP/1.1" 404 1034
186.86.34.17 - - [01/May/2023:14:56:04 -0500] "GET /distrito-recupera-cerca-de-30-kilos-de-laurel-de-cera-e-invita-a-no-usar-esta-planta-para-la-celebracion-de-la-santa-cruz.html HTTP/1.1" 200 829
186.102.49.236 - - [01/May/2023:14:56:41 -0500] "GET /ciudadana-recu HTTP/1.1" 404 1264
40.77.167.86 - - [01/May/2023:14:56:58 -0500] "GET /BLA/resoluciones/index.php?dir=RESOLUCIONES+2022%2F HTTP/1.1" 200 300901
173.252.79.13 - - [01/May/2023:14:57:51 -0500] "GET /images/mercados-campesinos-5-mayo.jpg HTTP/1.1" 200 95848
172.22.2.4 - - [01/May/2023:14:56:23 -0500] "HEAD /BLA/boletinlegal/ HTTP/1.1" 200 -
216.245.221.92 - - [01/May/2023:14:58:17 -0500] "HEAD / HTTP/1.1" 200 -
172.22.2.4 - - [01/May/2023:14:57:13 -0500] "GET /BLA/boletinlegal/ HTTP/1.1" 200 52730
201.245.192.253 - - [01/May/2023:15:00:17 -0500] "POST /kwsrmcab/Wsrmcab  HTTP/1.1" 200 41796
216.245.221.92 - - [01/May/2023:15:03:17 -0500] "HEAD / HTTP/1.1" 200 -
172.22.2.4 - - [01/May/2023:15:03:19 -0500] "GET /BLA/boletinlegal/style.css HTTP/1.1" 200 9406
172.22.2.4 - - [01/May/2023:15:03:19 -0500] "GET /BLA/boletinlegal/styles2.css HTTP/1.1" 200 1838
172.22.2.4 - - [01/May/2023:15:03:19 -0500] "GET /BLA/boletinlegal/js/jquery.js HTTP/1.1" 200 57254
172.22.2.4 - - [01/May/2023:15:03:19 -0500] "GET /BLA/boletinlegal/js/jquery.scrollTo-min.js HTTP/1.1" 200 1150
172.22.2.4 - - [01/May/2023:15:03:19 -0500] "GET /BLA/boletinlegal/js/jquery.scrollShow.js HTTP/1.1" 200 4586
172.22.2.4 - - [01/May/2023:15:03:19 -0500] "GET /BLA/boletinlegal/images/cabezote%20BLEGAL.jpg HTTP/1.1" 200 118164
172.22.2.4 - - [01/May/2023:15:03:19 -0500] "GET /BLA/boletinlegal/images/subscribe-icon-big.png HTTP/1.1" 200 47702
172.22.2.4 - - [01/May/2023:15:03:19 -0500] "GET /BLA/boletinlegal/images/historia.png HTTP/1.1" 200 52775
172.22.2.4 - - [01/May/2023:15:03:19 -0500] "GET /BLA/boletinlegal/images/registro-usuarios.png HTTP/1.1" 200 8106
172.22.2.4 - - [01/May/2023:15:03:19 -0500] "GET /BLA/boletinlegal/images/arr_l.jpg HTTP/1.1" 200 1979
172.22.2.4 - - [01/May/2023:15:03:19 -0500] "GET /BLA/boletinlegal/images/screen_1.png HTTP/1.1" 200 202547
172.22.2.4 - - [01/May/2023:15:03:19 -0500] "GET /BLA/boletinlegal/images/launch.jpg HTTP/1.1" 200 14577
172.22.2.4 - - [01/May/2023:15:03:19 -0500] "GET /BLA/boletinlegal/images/screen_2.png HTTP/1.1" 200 362502
172.22.2.4 - - [01/May/2023:15:03:19 -0500] "GET /BLA/boletinlegal/images/body_bg.jpg HTTP/1.1" 200 1601
172.22.2.4 - - [01/May/2023:15:03:19 -0500] "GET /BLA/boletinlegal/images/menu_lft.gif HTTP/1.1" 200 1713
172.22.2.4 - - [01/May/2023:15:03:19 -0500] "GET /BLA/boletinlegal/images/menu_rght.gif HTTP/1.1" 200 1627
172.22.2.4 - - [01/May/2023:15:03:19 -0500] "GET /BLA/boletinlegal/images/bg_top.jpg HTTP/1.1" 200 522
172.22.2.4 - - [01/May/2023:15:03:19 -0500] "GET /BLA/boletinlegal/images/menu_bg.jpg HTTP/1.1" 200 620
172.22.2.4 - - [01/May/2023:15:03:19 -0500] "GET /BLA/boletinlegal/images/screen_5.png HTTP/1.1" 200 368876
172.22.2.4 - - [01/May/2023:15:03:19 -0500] "GET /BLA/boletinlegal/images/text.jpg HTTP/1.1" 200 568
172.22.2.4 - - [01/May/2023:15:03:19 -0500] "GET /BLA/boletinlegal/images/footer_bg.jpg HTTP/1.1" 200 586
172.22.2.4 - - [01/May/2023:15:03:19 -0500] "GET /BLA/boletinlegal/images/arr_r.jpg HTTP/1.1" 200 1998
172.22.2.4 - - [01/May/2023:15:03:19 -0500] "GET /BLA/boletinlegal/images/screen_3.png HTTP/1.1" 200 210620
172.22.2.4 - - [01/May/2023:15:03:19 -0500] "GET /BLA/boletinlegal/images/hover.jpg HTTP/1.1" 200 640
172.22.2.4 - - [01/May/2023:15:03:33 -0500] "GET /BLA/boletinlegal/images/pdf.gif HTTP/1.1" 200 567
172.22.2.4 - - [01/May/2023:15:03:33 -0500] "GET /BLA/boletinlegal/actos.php HTTP/1.1" 200 9682
172.22.2.4 - - [01/May/2023:15:03:33 -0500] "GET /BLA/boletinlegal/js/ajax_actos.js HTTP/1.1" 200 1322
172.22.2.4 - - [01/May/2023:15:03:33 -0500] "GET /BLA/boletinlegal/niceforms-default.css HTTP/1.1" 200 6694
172.22.2.4 - - [01/May/2023:15:03:33 -0500] "GET /BLA/boletinlegal/niceforms.js HTTP/1.1" 200 22876
172.22.2.4 - - [01/May/2023:15:03:33 -0500] "GET /BLA/boletinlegal/js/lib.js HTTP/1.1" 200 6474
172.22.2.4 - - [01/May/2023:15:03:33 -0500] "GET /BLA/boletinlegal/js/jquery1.js HTTP/1.1" 200 29846
172.22.2.4 - - [01/May/2023:15:03:33 -0500] "GET /BLA/boletinlegal/js/popup.js HTTP/1.1" 200 1270
172.22.2.4 - - [01/May/2023:15:03:33 -0500] "GET /BLA/boletinlegal/images/green-yellow-blue-pink-th.png HTTP/1.1" 200 7394
172.22.2.4 - - [01/May/2023:15:03:33 -0500] "GET /BLA/boletinlegal/images/tel.png HTTP/1.1" 200 14477
172.22.2.4 - - [01/May/2023:15:03:33 -0500] "GET /BLA/boletinlegal/images/icono-email.png HTTP/1.1" 200 5544
172.22.2.4 - - [01/May/2023:15:03:33 -0500] "GET /BLA/boletinlegal/images/footer_bg_l.jpg HTTP/1.1" 200 776
172.22.2.4 - - [01/May/2023:15:03:33 -0500] "GET /BLA/boletinlegal/img/0.png HTTP/1.1" 200 110
172.22.2.4 - - [01/May/2023:15:03:33 -0500] "GET /BLA/boletinlegal/img/select-left.png HTTP/1.1" 200 263
172.22.2.4 - - [01/May/2023:15:03:33 -0500] "GET /BLA/boletinlegal/img/select-right.png HTTP/1.1" 200 44019
172.22.2.4 - - [01/May/2023:15:03:33 -0500] "GET /BLA/boletinlegal/img/button-left.png HTTP/1.1" 200 57071
172.22.2.4 - - [01/May/2023:15:03:33 -0500] "GET /BLA/boletinlegal/img/button-right.png HTTP/1.1" 200 57878
172.22.2.4 - - [01/May/2023:15:03:33 -0500] "GET /BLA/boletinlegal/img/button.png HTTP/1.1" 200 43241
172.22.2.4 - - [01/May/2023:15:03:33 -0500] "GET /BLA/boletinlegal/favicon.ico HTTP/1.1" 404 1326
190.156.187.69 - - [01/May/2023:15:03:46 -0500] "GET /BLA/resoluciones/ HTTP/1.1" 200 13502
190.156.187.69 - - [01/May/2023:15:03:46 -0500] "GET /BLA/resoluciones/dlf/styles.css HTTP/1.1" 200 3049
190.156.187.69 - - [01/May/2023:15:03:46 -0500] "GET /BLA/resoluciones/dlf/folder.png HTTP/1.1" 200 410
190.156.187.69 - - [01/May/2023:15:03:46 -0500] "GET /BLA/resoluciones/dlf/bg.gif HTTP/1.1" 200 54
190.156.187.69 - - [01/May/2023:15:03:46 -0500] "GET /favicon.ico HTTP/1.1" 200 7782
172.22.2.4 - - [01/May/2023:15:02:13 -0500] "HEAD /BLA/boletinlegal/ HTTP/1.1" 200 -
190.156.187.69 - - [01/May/2023:15:04:09 -0500] "GET /BLA/resoluciones/index.php?dir=AUTOS+2020%2F HTTP/1.1" 200 328449
190.156.187.69 - - [01/May/2023:15:04:10 -0500] "GET /BLA/resoluciones/dlf/dirup.png HTTP/1.1" 200 644
190.156.187.69 - - [01/May/2023:15:04:10 -0500] "GET /BLA/resoluciones/dlf/pdf.gif HTTP/1.1" 200 272
200.118.60.252 - - [01/May/2023:15:04:41 -0500] "GET /favicon.ico HTTP/1.1" 200 7782
200.118.61.16 - - [01/May/2023:15:04:43 -0500] "GET /alista-tu-camara-y-participa-en-el-reto-naturalista-2023.html HTTP/1.1" 200 743
172.22.2.4 - - [01/May/2023:15:03:03 -0500] "GET /BLA/boletinlegal/ HTTP/1.1" 200 44635
172.22.2.4 - - [01/May/2023:15:03:08 -0500] "GET /BLA/boletinlegal/ HTTP/1.1" 200 45144
201.245.192.253 - - [01/May/2023:15:05:15 -0500] "POST /kwsrmcab/Wsrmcab  HTTP/1.1" 200 14501
201.245.192.253 - - [01/May/2023:15:06:24 -0500] "POST /kwsrmcab/Wsrmcab  HTTP/1.1" 200 41796
157.55.39.224 - - [01/May/2023:15:07:15 -0500] "GET /BLA/resoluciones/AUTOS%202013/0408.pdf HTTP/1.1" 200 902005
201.245.192.253 - - [01/May/2023:15:07:27 -0500] "POST /kwsrmcab/Wsrmcab  HTTP/1.1" 200 41796
216.245.221.92 - - [01/May/2023:15:08:17 -0500] "HEAD / HTTP/1.1" 200 -
190.156.187.69 - - [01/May/2023:15:09:14 -0500] "GET /BLA/resoluciones/AUTOS%202020/0605.pdf HTTP/1.1" 200 271482
172.22.2.4 - - [01/May/2023:15:08:03 -0500] "HEAD /BLA/boletinlegal/ HTTP/1.1" 200 -
172.22.2.4 - - [01/May/2023:15:08:54 -0500] "GET /BLA/boletinlegal/ HTTP/1.1" 200 59306
52.167.144.33 - - [01/May/2023:15:10:44 -0500] "GET /images/humedal-tingua-azul-ecosistema-20-enero.jpg HTTP/1.1" 200 188709
40.77.167.94 - - [01/May/2023:15:11:12 -0500] "GET /forest/ HTTP/1.1" 200 12041
40.77.167.94 - - [01/May/2023:15:11:13 -0500] "GET /sipse/faces/index.xhtml HTTP/1.1" 200 677
172.22.2.4 - - [01/May/2023:15:11:55 -0500] "GET /BLA/boletinlegal/consulta_actos.php?tipo=resoluciones&no=2075&usuario=&sector=&fecha=2019&resuelve= HTTP/1.1" 200 1338
191.156.181.197 - - [01/May/2023:15:12:20 -0500] "GET /BLA/resoluciones/RESOLUCIONES%202019/2075.pdf HTTP/1.1" 200 400765
201.245.192.253 - - [01/May/2023:15:12:26 -0500] "POST /kwsrmcab/Wsrmcab  HTTP/1.1" 200 41796
216.245.221.92 - - [01/May/2023:15:13:17 -0500] "HEAD / HTTP/1.1" 200 -
66.249.66.40 - - [01/May/2023:15:14:10 -0500] "-" 408 -
69.63.184.5 - - [01/May/2023:15:14:51 -0500] "GET /images/caminos-de-los-cerros-1_optimized.jpeg HTTP/1.1" 200 49537
172.22.2.4 - - [01/May/2023:15:13:53 -0500] "HEAD /BLA/boletinlegal/ HTTP/1.1" 200 -
172.22.2.4 - - [01/May/2023:15:14:43 -0500] "GET /BLA/boletinlegal/ HTTP/1.1" 200 57151
201.245.192.253 - - [01/May/2023:15:17:25 -0500] "POST /kwsrmcab/Wsrmcab  HTTP/1.1" 200 41796
74.80.208.70 - - [01/May/2023:15:17:55 -0500] "-" 408 -
190.26.39.16 - - [01/May/2023:15:17:56 -0500] "GET /mesa/contrasena.pdf HTTP/1.1" 200 443199
190.26.39.16 - - [01/May/2023:15:17:57 -0500] "GET /mesa/contrasena.pdf HTTP/1.1" 206 1
190.26.39.16 - - [01/May/2023:15:17:57 -0500] "GET /mesa/contrasena.pdf HTTP/1.1" 206 1071
216.245.221.92 - - [01/May/2023:15:18:17 -0500] "HEAD / HTTP/1.1" 200 -
201.245.192.253 - - [01/May/2023:15:19:09 -0500] "POST /kwsrmcab/Wsrmcab HTTP/1.1" 200 43028
201.245.192.253 - - [01/May/2023:15:19:12 -0500] "POST /kwsrmcab/Wsrmcab HTTP/1.1" 200 43453
66.249.66.6 - - [01/May/2023:15:19:18 -0500] "-" 408 -
172.22.2.4 - - [01/May/2023:15:19:51 -0500] "GET /BLA/boletinlegal/normativa.php HTTP/1.1" 200 8343
172.22.2.4 - - [01/May/2023:15:19:52 -0500] "GET /BLA/boletinlegal/favicon.ico HTTP/1.1" 404 1334
172.22.2.4 - - [01/May/2023:15:19:54 -0500] "GET /BLA/boletinlegal/actos.php HTTP/1.1" 200 9682
74.80.208.24 - - [01/May/2023:15:20:16 -0500] "-" 408 -
179.51.119.130 - - [01/May/2023:15:20:24 -0500] "GET /mujeres-que-reverdecen-secretaria-de-ambiente-anuncia-300-cupos-para-la-tercera-fase-del-programa.html HTTP/1.1" 200 823
179.51.119.130 - - [01/May/2023:15:21:12 -0500] "GET /mujeres-que-reverdecen-secretaria-de-ambiente-anuncia-el-inicio-de-la-tercera-fase.html HTTP/1.1" 200 954
172.22.2.4 - - [01/May/2023:15:19:43 -0500] "HEAD /BLA/boletinlegal/ HTTP/1.1" 200 -
172.22.2.4 - - [01/May/2023:15:21:35 -0500] "GET /BLA/boletinlegal/consulta_actos.php?tipo=resoluciones&no=&usuario=&sector=RUIDO&fecha=2023&resuelve= HTTP/1.1" 200 1533
173.252.127.15 - - [01/May/2023:15:21:43 -0500] "GET /images/incautan-animales-semana-santa-2023.jpeg HTTP/1.1" 200 36611
186.30.51.48 - - [01/May/2023:15:21:45 -0500] "GET /BLA/resoluciones/RESOLUCIONES%202023/0188.pdf HTTP/1.1" 200 559926
186.30.51.48 - - [01/May/2023:15:21:45 -0500] "GET /BLA/resoluciones/RESOLUCIONES%202023/0188.pdf HTTP/1.1" 206 1025
186.30.51.48 - - [01/May/2023:15:21:45 -0500] "GET /BLA/resoluciones/RESOLUCIONES%202023/0188.pdf HTTP/1.1" 200 559926
173.252.95.11 - - [01/May/2023:15:21:59 -0500] "GET /incautadas-cuatro-aves-y-mas-9-mil-gramos-de-productos-de-fauna-silvestre.html HTTP/1.1" 206 884
172.22.2.4 - - [01/May/2023:15:20:33 -0500] "GET /BLA/boletinlegal/ HTTP/1.1" 200 59306
201.245.192.253 - - [01/May/2023:15:22:24 -0500] "POST /kwsrmcab/Wsrmcab  HTTP/1.1" 200 41796
40.77.167.94 - - [01/May/2023:15:22:43 -0500] "GET /Publicaciones/2023EE65591.pdf HTTP/1.1" 404 227
181.63.235.185 - - [01/May/2023:15:23:14 -0500] "GET /galeria/galeria/jquery.fancybox.css?v=2.1.5 HTTP/1.1" 200 4895
181.63.235.185 - - [01/May/2023:15:23:14 -0500] "GET /galeria/galeria/jquery.fancybox.js?v=2.1.5 HTTP/1.1" 200 48706
181.63.235.185 - - [01/May/2023:15:23:14 -0500] "GET /BLA/boletinlegal/js/jquery.scrollShow.js HTTP/1.1" 200 4586
216.245.221.92 - - [01/May/2023:15:23:17 -0500] "HEAD / HTTP/1.1" 200 -
40.77.167.94 - - [01/May/2023:15:26:32 -0500] "GET /images/mujeres-reverdecen-kennedy-10-febrero.jpg HTTP/1.1" 200 50287
52.167.144.33 - - [01/May/2023:15:27:06 -0500] "GET / HTTP/1.1" 200 4720
172.22.2.4 - - [01/May/2023:15:25:33 -0500] "HEAD /BLA/boletinlegal/ HTTP/1.1" 200 -
201.245.192.253 - - [01/May/2023:15:27:24 -0500] "POST /kwsrmcab/Wsrmcab  HTTP/1.1" 200 41796
172.22.2.4 - - [01/May/2023:15:28:02 -0500] "GET /BLA/boletinlegal/actos.php HTTP/1.1" 200 9682
172.22.2.4 - - [01/May/2023:15:28:02 -0500] "GET /BLA/boletinlegal/favicon.ico HTTP/1.1" 404 1326
172.22.2.4 - - [01/May/2023:15:26:23 -0500] "GET /BLA/boletinlegal/ HTTP/1.1" 200 51977
216.245.221.92 - - [01/May/2023:15:28:17 -0500] "HEAD / HTTP/1.1" 200 -
172.22.2.4 - - [01/May/2023:15:28:31 -0500] "GET /BLA/boletinlegal/consulta_actos.php?tipo=autos&no=0459&usuario=&sector=&fecha=2019&resuelve= HTTP/1.1" 200 1532
172.22.2.4 - - [01/May/2023:15:28:31 -0500] "GET /BLA/boletinlegal/images/background.gif HTTP/1.1" 200 -
172.22.2.4 - - [01/May/2023:15:27:59 -0500] "GET /BLA/boletinlegal/ HTTP/1.1" 200 24523
186.28.17.186 - - [01/May/2023:15:28:38 -0500] "GET /appsia/controlador HTTP/1.1" 200 4799
186.28.17.186 - - [01/May/2023:15:28:38 -0500] "GET /appsia/css/estilos.css HTTP/1.1" 304 -
186.28.17.186 - - [01/May/2023:15:28:38 -0500] "GET /appsia/scripts/validarIngreso.js HTTP/1.1" 304 -
186.28.17.186 - - [01/May/2023:15:28:38 -0500] "GET /appsia/images/cabezoteHojaVida.png HTTP/1.1" 304 -
186.28.17.186 - - [01/May/2023:15:28:38 -0500] "GET /appsia/images/logo_bogota_p.png HTTP/1.1" 304 -
191.156.235.141 - - [01/May/2023:15:28:45 -0500] "GET /BLA/resoluciones/ HTTP/1.1" 200 13502
157.55.39.224 - - [01/May/2023:15:28:48 -0500] "GET /sipse/faces/presentacion/sistema/anexos/cargarAnexoSolicitudProceso.xhtml HTTP/1.1" 302 -
157.55.39.224 - - [01/May/2023:15:28:48 -0500] "GET /sipse/faces/autenticacion.xhtml HTTP/1.1" 200 12175
186.28.17.186 - - [01/May/2023:15:28:51 -0500] "POST /appsia/controlador HTTP/1.1" 200 5437
186.28.17.186 - - [01/May/2023:15:28:54 -0500] "POST /appsia/controlador HTTP/1.1" 200 7775
186.28.17.186 - - [01/May/2023:15:29:03 -0500] "POST /appsia/controlador HTTP/1.1" 200 6636
186.28.17.186 - - [01/May/2023:15:29:04 -0500] "POST /appsia/controlador HTTP/1.1" 200 10612
191.156.235.141 - - [01/May/2023:15:28:56 -0500] "GET /BLA/resoluciones/index.php?dir=AUTOS+2020%2F HTTP/1.1" 200 328449
201.245.192.253 - - [01/May/2023:15:29:09 -0500] "POST /kwsrmcab/Wsrmcab HTTP/1.1" 200 43028
201.245.192.253 - - [01/May/2023:15:29:12 -0500] "POST /kwsrmcab/Wsrmcab HTTP/1.1" 200 43453
74.80.208.97 - - [01/May/2023:15:29:28 -0500] "GET /portaldeninos/2021/05/30/cambio-climatico/feed/ HTTP/1.1" 200 922
186.28.17.186 - - [01/May/2023:15:29:14 -0500] "POST /appsia/controlador HTTP/1.1" 200 75889
186.28.17.186 - - [01/May/2023:15:29:28 -0500] "POST /appsia/controlador HTTP/1.1" 200 75889
191.67.120.15 - - [01/May/2023:15:29:58 -0500] "-" 408 -
66.249.66.71 - - [01/May/2023:15:30:18 -0500] "-" 408 -
201.245.192.253 - - [01/May/2023:15:32:22 -0500] "POST /kwsrmcab/Wsrmcab  HTTP/1.1" 200 41796
186.28.17.186 - - [01/May/2023:15:32:59 -0500] "POST /appsia/controlador HTTP/1.1" 200 7775
186.28.17.186 - - [01/May/2023:15:33:01 -0500] "POST /appsia/controlador HTTP/1.1" 200 5437
186.28.17.186 - - [01/May/2023:15:33:02 -0500] "POST /appsia/controlador HTTP/1.1" 200 4799
172.22.2.4 - - [01/May/2023:15:31:23 -0500] "HEAD /BLA/boletinlegal/ HTTP/1.1" 200 -
172.22.2.4 - - [01/May/2023:15:33:16 -0500] "GET /BLA/boletinlegal/actos.php HTTP/1.1" 200 9682
172.22.2.4 - - [01/May/2023:15:33:16 -0500] "GET /BLA/boletinlegal/styles2.css HTTP/1.1" 200 1838
172.22.2.4 - - [01/May/2023:15:33:16 -0500] "GET /BLA/boletinlegal/js/popup.js HTTP/1.1" 200 1270
172.22.2.4 - - [01/May/2023:15:33:16 -0500] "GET /BLA/boletinlegal/js/jquery1.js HTTP/1.1" 200 29846
172.22.2.4 - - [01/May/2023:15:33:16 -0500] "GET /BLA/boletinlegal/style.css HTTP/1.1" 200 9406
