136.243.228.198 - - [01/May/2023:10:41:51 -0500] "GET /BLA/resoluciones/index.php?dir=RESOLUCIONES+2002%2FRES+2002+1151-1200%2F HTTP/1.1" 200 12144
129.153.25.174 - - [01/May/2023:10:42:06 -0500] "GET /galeria/galeria/fotos/diaSC6Peq.jpg HTTP/1.1" 200 17665
172.22.2.4 - - [01/May/2023:10:40:33 -0500] "GET /BLA/boletinlegal/ HTTP/1.1" 200 57151
136.243.228.198 - - [01/May/2023:10:42:16 -0500] "GET /BLA/resoluciones/index.php?dir=RESOLUCIONES+2004%2FRES+2004+301-350%2F HTTP/1.1" 200 12062
152.200.181.59 - - [01/May/2023:10:42:35 -0500] "GET /mujeres-que-reverdecen-secretaria-de-ambiente-anuncia-el-inicio-de-la-tercera-fase.html HTTP/1.1" 200 954
136.243.228.198 - - [01/May/2023:10:42:38 -0500] "GET /BLA/resoluciones/index.php?dir=RESOLUCIONES+2006%2FRES+2006+1951-2000%2F HTTP/1.1" 200 12349
136.243.228.198 - - [01/May/2023:10:43:01 -0500] "GET /BLA/resoluciones/index.php?dir=RESOLUCIONES+2002%2FRES+2002+501-550%2F HTTP/1.1" 200 12510
216.245.221.92 - - [01/May/2023:10:43:17 -0500] "HEAD / HTTP/1.1" 200 -
136.243.228.198 - - [01/May/2023:10:43:23 -0500] "GET /BLA/resoluciones/index.php?dir=RESOLUCIONES+2004%2FRES+2004+401-450%2F HTTP/1.1" 200 12039
136.243.228.198 - - [01/May/2023:10:43:45 -0500] "GET /BLA/resoluciones/index.php?dir=RESOLUCIONES%202004/&sort=name&order=desc HTTP/1.1" 200 31993
136.243.228.198 - - [01/May/2023:10:44:07 -0500] "GET /BLA/resoluciones/index.php?dir=RESOLUCIONES+2004%2FRES+2004+1301-1350%2F HTTP/1.1" 200 12341
136.243.228.198 - - [01/May/2023:10:44:31 -0500] "GET /BLA/resoluciones/index.php?dir=RESOLUCIONES+2004%2FRES+2004+2351-2401%2F HTTP/1.1" 200 12572
51.15.233.64 - - [01/May/2023:10:44:40 -0500] "GET /BLA/boletinlegal/js/jquery.scrollShow.js HTTP/1.1" 200 4586
51.15.233.64 - - [01/May/2023:10:44:41 -0500] "GET /galeria/galeria/jquery.fancybox.js?v=2.1.5 HTTP/1.1" 200 48706
136.243.228.198 - - [01/May/2023:10:44:53 -0500] "GET /BLA/resoluciones/index.php?dir=RESOLUCIONES+2002%2FRES+2002+301-350%2F HTTP/1.1" 200 12274
136.243.228.198 - - [01/May/2023:10:45:15 -0500] "GET /BLA/resoluciones/index.php?dir=RESOLUCIONES+2006%2FRES+2006+2101-2150%2F HTTP/1.1" 200 12369
201.245.192.253 - - [01/May/2023:10:45:22 -0500] "POST /kwsrmcab/Wsrmcab  HTTP/1.1" 200 41796
136.243.228.198 - - [01/May/2023:10:45:38 -0500] "GET /BLA/resoluciones/index.php?dir=RESOLUCIONES+2002%2FRES+2002+1451-1500%2F HTTP/1.1" 200 12146
136.243.228.198 - - [01/May/2023:10:46:00 -0500] "GET /BLA/resoluciones/index.php?dir=RESOLUCIONES+2004%2FRES+2004+1451-1500%2F HTTP/1.1" 200 12353
136.243.228.198 - - [01/May/2023:10:46:22 -0500] "GET /BLA/resoluciones/index.php?dir=RESOLUCIONES+2002%2FRES+2002+551-600%2F HTTP/1.1" 200 12948
172.22.2.4 - - [01/May/2023:10:46:39 -0500] "GET /BLA/boletinlegal/jurisprudencia/analisis/analisis%20sentencia%20C%20401%20de%202010.doc HTTP/1.1" 304 -
136.243.228.198 - - [01/May/2023:10:46:45 -0500] "GET /BLA/resoluciones/index.php?dir=RESOLUCIONES+2004%2FRES+2004+551-600%2F HTTP/1.1" 200 12047
136.243.228.198 - - [01/May/2023:10:47:06 -0500] "GET /BLA/resoluciones/index.php?dir=RESOLUCIONES+2004%2FRES+2004+201-250%2F HTTP/1.1" 200 12050
172.22.2.4 - - [01/May/2023:10:45:32 -0500] "HEAD /BLA/boletinlegal/ HTTP/1.1" 200 -
136.243.228.198 - - [01/May/2023:10:47:29 -0500] "GET /BLA/resoluciones/index.php?dir=RESOLUCIONES+2002%2FRES+2002+1901-1950%2F HTTP/1.1" 200 12149
74.80.208.70 - - [01/May/2023:10:47:51 -0500] "GET /BLA/boletinlegal/jurisprudencia/analisis/G__Jurisp.%20Junio%202014_JURISPRUDENIA%2005-10-213%20CERROS%20BOGOTA.docx HTTP/1.1" 404 1018
136.243.228.198 - - [01/May/2023:10:47:54 -0500] "GET /BLA/resoluciones/index.php?dir=RESOLUCIONES+2004%2FRES+2004+101-150%2F HTTP/1.1" 200 12033
172.22.2.4 - - [01/May/2023:10:46:23 -0500] "GET /BLA/boletinlegal/ HTTP/1.1" 200 52730
172.22.2.4 - - [01/May/2023:10:48:09 -0500] "GET /BLA/boletinlegal/jurisprudencia/analisis/CUADRO%20ANALISIS%20SENTENCIA%20T-411%20DE%201992.doc HTTP/1.1" 200 41984
172.22.2.4 - - [01/May/2023:10:47:43 -0500] "GET /BLA/boletinlegal/ HTTP/1.1" 200 20427
216.245.221.92 - - [01/May/2023:10:48:17 -0500] "HEAD / HTTP/1.1" 200 -
136.243.228.198 - - [01/May/2023:10:48:18 -0500] "GET /BLA/resoluciones/index.php?dir=RESOLUCIONES+2002%2FRES+2002+151-200%2F HTTP/1.1" 200 12570
136.243.228.198 - - [01/May/2023:10:48:41 -0500] "GET /BLA/resoluciones/index.php?dir=RESOLUCIONES%202002/&sort=name&order=desc HTTP/1.1" 200 24740
136.243.228.198 - - [01/May/2023:10:49:05 -0500] "GET /BLA/resoluciones/index.php?dir=RESOLUCIONES+2004%2FRES+2004+2101-2150%2F HTTP/1.1" 200 12359
136.243.228.198 - - [01/May/2023:10:49:26 -0500] "GET /BLA/resoluciones/index.php?dir=RESOLUCIONES+2002%2FRES+2002+701-750%2F HTTP/1.1" 200 12223
136.243.228.198 - - [01/May/2023:10:49:49 -0500] "GET /BLA/resoluciones/index.php?dir=RESOLUCIONES+2004%2FRES+2004+51-100%2F HTTP/1.1" 200 11980
136.243.228.198 - - [01/May/2023:10:50:09 -0500] "GET /BLA/resoluciones/index.php?dir=RESOLUCIONES+2004%2FRES+2004+1501-1550%2F HTTP/1.1" 200 12358
93.174.95.106 - - [01/May/2023:10:50:10 -0500] "GET / HTTP/1.1" 200 319
93.174.95.106 - - [01/May/2023:10:50:16 -0500] "GET /sitemap.xml HTTP/1.1" 404 1018
93.174.95.106 - - [01/May/2023:10:50:16 -0500] "GET /.well-known/security.txt HTTP/1.1" 404 1018
93.174.95.106 - - [01/May/2023:10:50:17 -0500] "GET /favicon.ico HTTP/1.1" 200 7782
162.55.175.142 - - [01/May/2023:10:50:25 -0500] "GET / HTTP/1.1" 200 319
201.245.192.253 - - [01/May/2023:10:50:21 -0500] "POST /kwsrmcab/Wsrmcab  HTTP/1.1" 200 41796
136.243.228.198 - - [01/May/2023:10:50:31 -0500] "GET /BLA/resoluciones/index.php?dir=RESOLUCIONES+2004%2FRES+2004+1401-1450%2F HTTP/1.1" 200 12371
136.243.228.198 - - [01/May/2023:10:50:53 -0500] "GET /BLA/resoluciones/index.php?dir=RESOLUCIONES+2004%2FRES+2004+1201-1250%2F HTTP/1.1" 200 12361
136.243.228.198 - - [01/May/2023:10:51:13 -0500] "GET /BLA/resoluciones/index.php?dir=RESOLUCIONES+2004%2FRES+2004+701-750%2F HTTP/1.1" 200 12059
199.16.157.181 - - [01/May/2023:10:51:15 -0500] "GET /images/imagen-palomas_optimized.jpg HTTP/1.1" 200 184069
136.243.228.198 - - [01/May/2023:10:52:16 -0500] "GET /BLA/resoluciones/index.php?dir=RESOLUCIONES+2004%2FRES+2004+2251-2300%2F HTTP/1.1" 200 12363
136.243.228.198 - - [01/May/2023:10:52:35 -0500] "GET /BLA/resoluciones/index.php?dir=RESOLUCIONES+2004%2FRES+2004+1001-1050%2F HTTP/1.1" 200 12169
136.243.228.198 - - [01/May/2023:10:52:56 -0500] "GET /BLA/resoluciones/index.php?dir=RESOLUCIONES+2004%2FRES+2004+501-550%2F HTTP/1.1" 200 12048
172.22.2.4 - - [01/May/2023:10:51:23 -0500] "HEAD /BLA/boletinlegal/ HTTP/1.1" 200 -
172.22.2.4 - - [01/May/2023:10:53:05 -0500] "GET /BLA/boletinlegal/robots.txt HTTP/1.1" 404 1038
136.243.228.198 - - [01/May/2023:10:53:17 -0500] "GET /BLA/resoluciones/index.php?dir=RESOLUCIONES+2004%2FRES+2004+351-400%2F HTTP/1.1" 200 12050
216.245.221.92 - - [01/May/2023:10:53:17 -0500] "HEAD / HTTP/1.1" 200 -
136.243.228.198 - - [01/May/2023:10:53:36 -0500] "GET /BLA/resoluciones/index.php?dir=RESOLUCIONES+2002%2FRES+2002+01-50%2F HTTP/1.1" 200 13729
34.141.188.115 - - [01/May/2023:10:53:41 -0500] "GET /inventario-de-emisiones-2020-transporte-publico-sitp-redujo-emisiones-de-pm-2-5-en-un-37.html HTTP/1.1" 200 925
172.22.2.4 - - [01/May/2023:10:52:13 -0500] "GET /BLA/boletinlegal/ HTTP/1.1" 200 46827
136.243.228.198 - - [01/May/2023:10:53:56 -0500] "GET /BLA/resoluciones/index.php?dir=RESOLUCIONES+2002%2FRES+2002+1351-1400%2F HTTP/1.1" 200 12141
136.243.228.198 - - [01/May/2023:10:54:16 -0500] "GET /BLA/resoluciones/index.php?dir=RESOLUCIONES+2006%2FRES+2006+1701-1751%2F HTTP/1.1" 200 12369
136.243.228.198 - - [01/May/2023:10:54:35 -0500] "GET /BLA/resoluciones/index.php?dir=RESOLUCIONES+2002%2FRES+2002+251-300%2F HTTP/1.1" 200 12034
172.22.2.4 - - [01/May/2023:10:53:05 -0500] "GET /BLA/boletinlegal/ HTTP/1.1" 200 55934
172.22.2.4 - - [01/May/2023:10:54:45 -0500] "GET /BLA/boletinlegal/Directivas/2017/Directiva%20No.%2001%20del%2017%20de%20Enero%20de%202017.pdf HTTP/1.1" 304 -
136.243.228.198 - - [01/May/2023:10:54:55 -0500] "GET /BLA/resoluciones/index.php?dir=RESOLUCIONES+2002%2FRES+2002+801-850%2F HTTP/1.1" 200 12225
40.77.167.86 - - [01/May/2023:10:54:55 -0500] "GET /BLA/resoluciones/index.php?dir=RESOLUCIONES+2022%2F HTTP/1.1" 200 300901
186.102.78.135 - - [01/May/2023:10:55:00 -0500] "GET /kwssiamovil/sm/acme/u?s=U2FsdGVkX18T3rNtjggFVhL7BdSReFuEp4OrfA67db95wdqfdiGCW1oS2fDmXiuV9E0d+p+uVRcPzfNLWT9W2YeC7NC2lziPizMQT5CwhrHkHfPlfuLEXcb+DlF2aLwGuzZolB48QbWqFDVyI+iTtat4aoKlIVPf09k8K4b/ClU=&u=U2FsdGVkX1/RiDDBHlSwE/jSaXPelkDi/XMQUp+hUVk=&y=U2FsdGVkX1/B0AL6XdX3Vv0Q38txTbhnLBhacecxlr92J0FOnf51UYxmO3Fl9I5J HTTP/1.1" 200 60
172.22.2.4 - - [01/May/2023:10:55:02 -0500] "GET /BLA/boletinlegal/js/jquery.scrollTo-min.js HTTP/1.1" 200 1150
136.243.228.198 - - [01/May/2023:10:55:15 -0500] "GET /BLA/resoluciones/index.php?dir=RESOLUCIONES+2002%2FRES+2002+901-950%2F HTTP/1.1" 200 12468
201.245.192.253 - - [01/May/2023:10:55:20 -0500] "POST /kwsrmcab/Wsrmcab  HTTP/1.1" 200 41796
136.243.228.198 - - [01/May/2023:10:55:35 -0500] "GET /BLA/resoluciones/index.php?dir=RESOLUCIONES+2004%2FRES+2004+951-1000%2F HTTP/1.1" 200 12101
136.243.228.198 - - [01/May/2023:10:55:54 -0500] "GET /BLA/resoluciones/index.php?dir=RESOLUCIONES+2004%2FRES+2004+2151-2200%2F HTTP/1.1" 200 12359
173.252.95.13 - - [01/May/2023:10:56:01 -0500] "GET /distrito-declara-alerta-preventiva-en-el-suroccidente-de-la-ciudad-por-mala-calidad-del-aire.html HTTP/1.1" 206 1065
173.252.95.7 - - [01/May/2023:10:56:05 -0500] "GET /distrito-declara-alerta-preventiva-en-el-suroccidente-de-la-ciudad-por-mala-calidad-del-aire.html HTTP/1.1" 206 1065
136.243.228.198 - - [01/May/2023:10:56:12 -0500] "GET /BLA/resoluciones/index.php?dir=RESOLUCIONES%202004/&sort=date&order=asc HTTP/1.1" 200 31994
136.243.228.198 - - [01/May/2023:10:56:29 -0500] "GET /BLA/resoluciones/index.php?dir=RESOLUCIONES+2004%2FRES+2004+01-+50%2F HTTP/1.1" 200 11966
136.243.228.198 - - [01/May/2023:10:56:48 -0500] "GET /BLA/resoluciones/index.php?dir=AUTOS%202004/&sort=name&order=desc HTTP/1.1" 200 2785
136.243.228.198 - - [01/May/2023:10:57:05 -0500] "GET /BLA/resoluciones/index.php?dir=RESOLUCIONES+2004%2FRES+2004+1851-1900%2F HTTP/1.1" 200 12369
136.243.228.198 - - [01/May/2023:10:57:24 -0500] "GET /BLA/resoluciones/index.php?dir=RESOLUCIONES+2002%2FRES+2002+1651-1700%2F HTTP/1.1" 200 12155
136.243.228.198 - - [01/May/2023:10:57:41 -0500] "GET /BLA/resoluciones/index.php?dir=AUTOS%202005/&sort=name&order=desc HTTP/1.1" 200 2790
136.243.228.198 - - [01/May/2023:10:57:57 -0500] "GET /BLA/resoluciones/index.php?dir=RESOLUCIONES+2004%2FRES+2004+1151-1200%2F HTTP/1.1" 200 12176
186.102.78.135 - - [01/May/2023:10:58:08 -0500] "GET /kwssiamovil/sm/acme/a?s=U2FsdGVkX1+RNPK56BLi7Unsec0fK/h7jUkf3x8DSF5ToFvdON1zgyuTfcnzDJaetGMtz1eeQ/+5wOZ1vOyk9iG0LFVMvXFZPK+lfUEs4mCqcJJo+pSygD5XMn/Fn64ofeaPb02GA7BQZY8TasCnE40nBUOZu/SS4q006/yNpRgwhzyj+5VfnR7wu3B6gWcKmTBuurE0vc39qt7H38dSqDOy1BUslU3ZbC+V9+CmK5l+Uzw9Ti5/caX93gRMAavdG7YSEHvKXe/RWqIZpiSvAA==&u=U2FsdGVkX1/RiDDBHlSwE/jSaXPelkDi/XMQUp+hUVk=&y=U2FsdGVkX1/B0AL6XdX3Vv0Q38txTbhnLBhacecxlr92J0FOnf51UYxmO3Fl9I5J HTTP/1.1" 200 26
186.102.78.135 - - [01/May/2023:10:58:09 -0500] "GET /kwssiamovil/sm/acme/a?s=U2FsdGVkX19zdZ+PiDor7lmzZjzovVguKJIq+Yh6iPPXQlr/TB7nKCFieHg+Lc5ItXNK6Zf1RO6fBhRpiO3O6mqGrW7kOYSPBfPFxvVI/4Nr4Cn+Pn+WIHQjUaTwknCxVClzub4DPyCC6I9HcIvDqnKzd2/j9y0da818r+6GpH38GYmf2pVprzWIa+DV9FpaMoBQMfsC7kZYV6Ruter7Ix3AWsTt+f2WjPrT6jbvz8sv15lgT+lxmjZRpWxphh4iHXyuXffbaQ5ezVwXZ6klfbYFhFDymq1VGa/NMGulm4WRhKcGI+xyYYzLpR37Pd1293dMJ0/SDwSDYXR1Xt7kbAagbTPi6uKfCGXOnNq+1yF7i41FUE9jPrxfwcYLm5UXIfkC9Dbg8U31mOB2RSiG6orX4ZfZsK4xZ8dQ4p28SeDunlQ1BqIWHs/IwOHt87Zol0Fg+TcZmqBUuwWcpgUvaa8YK1TEAunM57RsiVdalbJmIb+/AFDEZ11YUXZvBuDOJURpvhmd13SZUPcOnJvfisVqKcgrw3vKdEMWxrlbHV/wx+SJXUz2XpAzG33HAzbx1fd6x+E3IVRLY+Vr1Hz+sB3iT95jr1h2gSF96FEXumVreFucP1PM0fm1FRjh9mILdMyAfI/f6ad9L7tpDhNGRomVHUqNCJ8M1fGmZNRjHqSaOkJEg2IpxMjQUEixb5af01XytuaM1to2Xf1JxRx13L2FwRIdamxn/eY7b3cxD88OAU83hzTxXJxlUHhuYCD38RCc+bJfEpZAoMum1Ry4ia/hyMe+++ENqyEn2Gu1qowERb96Sca0Uz+52bufYDTygPpE62VXCsEY7UqiX1HVmGSCcZtoc5lLJR1cNwPmLKkweBGFDMFjOrEitftqY/LPunRcFx5fwmK6/pn8RFrngukK+rcVVrFbl015Opqsir3P3eLVsbYqOey/YBofLLdDv93zrJ0EEQHpTqOHIChm2TqSH5hsBdBKD3zexmoo8EbpxsmxoKByuoBEuHbnbwaEhYjeGsZEvVLxUWcz0bLvOzieRWO1CZ5pXsdHpFHCDr1ks9dJuYuvqYnczhdt2xoQUV/T/kDfjCU9QVRrmgaACCrya2pp2Q+8OhjZvGZ6BfPt8wY4hGYK8CU0E/P5DI2XHx76RsWzv4kHNZ002PWoB9J/4doKb+KV8wzheSLBwPqYAi7C8jMQZOQpx9Wj08Laysfl864jz4J9AFid+I0gF8vpf3wDl19gsXVSAsgv5PIaFKoovMeVDku7Y9H9UavCKMAHf3Q+xD2LLrkPbKY0HFNO1tu0k7O3V0fUjWimyUgiqMVDNUXpHcEtyuOAXuTxTDyC8wcBC9Fy7iklADy91zKzHiCMq0oRRyFVs0QGoR0GDhRHDZq/QorSxmjYXaEP&u=U2FsdGVkX1/RiDDBHlSwE/jSaXPelkDi/XMQUp+hUVk=&y=U2FsdGVkX1/B0AL6XdX3Vv0Q38txTbhnLBhacecxlr92J0FOnf51UYxmO3Fl9I5J HTTP/1.1" 200 26
186.102.78.135 - - [01/May/2023:10:58:09 -0500] "GET /kwssiamovil/sm/acme/a?s=U2FsdGVkX1/LbLc+C+4YfiLl909AdUrb5lROEdoDJKQLSD1aTUxXsdzrxbWuy9sTQ5+ynDlDRRBOxxvCxKOQbHJYyKa9yzBHAP2CmNG0o8p3Tl2ZczxX/rIMwh+PSPc1mneREa4tHbdEdBmV0LwqW5+94n/3nhZIGn2aRC34kXE=&u=U2FsdGVkX1/RiDDBHlSwE/jSaXPelkDi/XMQUp+hUVk=&y=U2FsdGVkX1/B0AL6XdX3Vv0Q38txTbhnLBhacecxlr92J0FOnf51UYxmO3Fl9I5J HTTP/1.1" 200 26
186.102.78.135 - - [01/May/2023:10:58:09 -0500] "GET /kwssiamovil/sm/acme/a?s=U2FsdGVkX18Pi5Xln173ktj4CbntI/ES9Zw0krOa4dcFRiVdbfVNhfAwtdCalI4VYazVE8H3Q/tj8AI12iyV9eR43lt6w4HLRymraPQkJvDzFV2+fExYtWVwoMFL9e4Na8FIB3DwNtANExtUPk8Xn9nPkpEgUGpLcTPTBe3f6NE=&u=U2FsdGVkX1/RiDDBHlSwE/jSaXPelkDi/XMQUp+hUVk=&y=U2FsdGVkX1/B0AL6XdX3Vv0Q38txTbhnLBhacecxlr92J0FOnf51UYxmO3Fl9I5J HTTP/1.1" 200 26
186.102.78.135 - - [01/May/2023:10:58:10 -0500] "GET /kwssiamovil/sm/acme/a?s=U2FsdGVkX1/Of+yc74FNqT6BzW9Q3FiylHBBAcd6dbn8CmtKJY7DfEjHSw6ISPSDThIZkSkjTGOLeZDv2cWTo+03qyBWwZxt1KMtpx8v1fO22STBaHe+Fmq5V0+/ey8mdrAc1fRB6HYFWAFTrKBntExtV0qnzeH2zEIe5HEMTgI=&u=U2FsdGVkX1/RiDDBHlSwE/jSaXPelkDi/XMQUp+hUVk=&y=U2FsdGVkX1/B0AL6XdX3Vv0Q38txTbhnLBhacecxlr92J0FOnf51UYxmO3Fl9I5J HTTP/1.1" 200 26
186.102.78.135 - - [01/May/2023:10:58:10 -0500] "GET /kwssiamovil/sm/acme/a?s=U2FsdGVkX18ypocgvMtKcYcJ8w+cZJpFkRT+oY9CWECkJjQ2zDew8pUt72OVzK1iplJ69lP2eyns0jbMbv7PeoLozcMZdz6/iqaOyyUVStqE52ci/rKNOvRwNXagZL0XzTVrxx5Afp4pdJ2Z3HtSMu8vJEb6JocVc8O0GmfwjNUYb7xfngyV15xAe2Mg7vJw&u=U2FsdGVkX1/RiDDBHlSwE/jSaXPelkDi/XMQUp+hUVk=&y=U2FsdGVkX1/B0AL6XdX3Vv0Q38txTbhnLBhacecxlr92J0FOnf51UYxmO3Fl9I5J HTTP/1.1" 200 26
136.243.228.198 - - [01/May/2023:10:58:13 -0500] "GET /BLA/resoluciones/index.php?dir=RESOLUCIONES+2004%2FRES+2004+1901-1950%2F HTTP/1.1" 200 12350
216.245.221.92 - - [01/May/2023:10:58:17 -0500] "HEAD / HTTP/1.1" 200 -
136.243.228.198 - - [01/May/2023:10:58:27 -0500] "GET /BLA/resoluciones/index.php?dir=RESOLUCIONES+2006%2FRES+2006++3001-3054%2F HTTP/1.1" 200 13210
168.119.100.88 - - [01/May/2023:10:58:36 -0500] "GET / HTTP/1.1" 200 319
136.243.228.198 - - [01/May/2023:10:58:43 -0500] "GET /BLA/resoluciones/index.php?dir=RESOLUCIONES+2002%2FRES+2002+1401-1450%2F HTTP/1.1" 200 12162
157.90.251.233 - - [01/May/2023:10:58:47 -0500] "GET / HTTP/1.1" 200 319
172.22.2.4 - - [01/May/2023:10:57:12 -0500] "HEAD /BLA/boletinlegal/ HTTP/1.1" 200 -
136.243.228.198 - - [01/May/2023:10:58:56 -0500] "GET /BLA/resoluciones/index.php?dir=RESOLUCIONES+2002%2FRES+2002+851-900%2F HTTP/1.1" 200 12703
136.243.228.198 - - [01/May/2023:10:59:07 -0500] "GET /BLA/resoluciones/index.php?dir=RESOLUCIONES+2002%2FRES+2002+1101-1150%2F HTTP/1.1" 200 12347
136.243.228.198 - - [01/May/2023:10:59:19 -0500] "GET /BLA/resoluciones/index.php?dir=RESOLUCIONES+2004%2FRES+2004+1951-2000%2F HTTP/1.1" 200 12355
136.243.228.198 - - [01/May/2023:10:59:30 -0500] "GET /BLA/resoluciones/index.php?dir=RESOLUCIONES+2006%2FRES+2006+2601-2650%2F HTTP/1.1" 200 11939
136.243.228.198 - - [01/May/2023:10:59:42 -0500] "GET /BLA/resoluciones/index.php?dir=RESOLUCIONES+2006%2FRES+2006+451-500%2F HTTP/1.1" 200 12244
172.22.2.4 - - [01/May/2023:10:58:03 -0500] "GET /BLA/boletinlegal/ HTTP/1.1" 200 53924
136.243.228.198 - - [01/May/2023:10:59:54 -0500] "GET /BLA/resoluciones/index.php?dir=RESOLUCIONES+2002%2FRES+2002+1501-1550%2F HTTP/1.1" 200 12147
136.243.228.198 - - [01/May/2023:11:00:06 -0500] "GET /BLA/resoluciones/index.php?dir=RESOLUCIONES+2004%2FRES+2004+851-900%2F HTTP/1.1" 200 12040
172.22.2.4 - - [01/May/2023:11:00:09 -0500] "GET /BLA/boletinlegal/jurisprudencia/analisis/AnalisisT-095-16.docx HTTP/1.1" 304 -
136.243.228.198 - - [01/May/2023:11:00:16 -0500] "GET /BLA/resoluciones/index.php?dir=RESOLUCIONES+2004%2FRES+2004+1751-1800%2F HTTP/1.1" 200 12363
201.245.192.253 - - [01/May/2023:11:00:19 -0500] "POST /kwsrmcab/Wsrmcab  HTTP/1.1" 200 41796
136.243.228.198 - - [01/May/2023:11:00:28 -0500] "GET /BLA/resoluciones/index.php?dir=RESOLUCIONES+2004%2FRES+2004+1651-1700%2F HTTP/1.1" 200 12370
136.243.228.198 - - [01/May/2023:11:00:39 -0500] "GET /BLA/resoluciones/index.php?dir=RESOLUCIONES+2004%2FRES+2004+1051-1100%2F HTTP/1.1" 200 12164
136.243.228.198 - - [01/May/2023:11:00:48 -0500] "GET /BLA/resoluciones/index.php?dir=RESOLUCIONES+2002%2FRES+2002+1751-1800%2F HTTP/1.1" 200 12156
74.80.208.97 - - [01/May/2023:11:00:49 -0500] "-" 408 -
172.22.2.4 - - [01/May/2023:11:00:53 -0500] "GET /BLA/boletinlegal/actos.php HTTP/1.1" 200 9682
172.22.2.4 - - [01/May/2023:11:00:56 -0500] "GET /BLA/boletinlegal/jurisprudencia/analisis/analisis%20sentencia%20C-1007-2011-1.doc HTTP/1.1" 304 -
136.243.228.198 - - [01/May/2023:11:00:59 -0500] "GET /BLA/resoluciones/index.php?dir=RESOLUCIONES+2002%2FRES+2002+601-650%2F HTTP/1.1" 200 12037
136.243.228.198 - - [01/May/2023:11:01:10 -0500] "GET /BLA/resoluciones/index.php?dir=RESOLUCIONES+2004%2FRES+2004+2001-2050%2F HTTP/1.1" 200 12347
136.243.228.198 - - [01/May/2023:11:01:53 -0500] "GET /BLA/resoluciones/index.php?dir=RESOLUCIONES+2002%2FRES+2002+1851-1900%2F HTTP/1.1" 200 12150
66.249.66.71 - - [01/May/2023:11:02:00 -0500] "-" 408 -
136.243.228.198 - - [01/May/2023:11:02:23 -0500] "GET /BLA/resoluciones/index.php?dir=RESOLUCIONES+2002%2FRES+2002+1551-1600%2F HTTP/1.1" 200 12155
136.243.228.198 - - [01/May/2023:11:02:59 -0500] "GET /BLA/resoluciones/index.php?dir=RESOLUCIONES+2006%2FRES+2006++2951-3000%2F HTTP/1.1" 200 12390
216.245.221.92 - - [01/May/2023:11:03:17 -0500] "HEAD / HTTP/1.1" 200 -
186.102.78.135 - - [01/May/2023:11:03:26 -0500] "GET /kwssiamovil/sm/acme/u?s=U2FsdGVkX19+XF+67afx59ZIwQyFry+JOMUOltyM8GYrBftY/sL0o6WTz/+DMWMtJcwhead/QoeB5qH3AqNOibU2SFRrhcv/8qbC013lDGJubVgdZSGKrmj+eYsn/TvVgCs/LAFyiPYs1Y+YXekAKW5cvBolELAVAYTSK1GGtRY=&u=U2FsdGVkX1/RiDDBHlSwE/jSaXPelkDi/XMQUp+hUVk=&y=U2FsdGVkX1/B0AL6XdX3Vv0Q38txTbhnLBhacecxlr92J0FOnf51UYxmO3Fl9I5J HTTP/1.1" 200 60
136.243.228.198 - - [01/May/2023:11:03:30 -0500] "GET /BLA/resoluciones/index.php?dir=RESOLUCIONES+2002%2FRES+2002+1001-1050%2F HTTP/1.1" 200 12610
136.243.228.198 - - [01/May/2023:11:04:01 -0500] "GET /BLA/resoluciones/index.php?dir=RESOLUCIONES%201997/&sort=date&order=asc HTTP/1.1" 200 16815
114.119.141.9 - - [01/May/2023:11:04:23 -0500] "-" 408 -
136.243.228.198 - - [01/May/2023:11:04:31 -0500] "GET /BLA/resoluciones/index.php?dir=AUTOS%202004/&sort=size&order=asc HTTP/1.1" 200 2786
172.22.2.4 - - [01/May/2023:11:03:02 -0500] "HEAD /BLA/boletinlegal/ HTTP/1.1" 200 -
136.243.228.198 - - [01/May/2023:11:05:00 -0500] "GET /BLA/resoluciones/index.php?dir=RESOLUCIONES%202002/&sort=size&order=asc HTTP/1.1" 200 24741
201.245.192.253 - - [01/May/2023:11:05:17 -0500] "POST /kwsrmcab/Wsrmcab  HTTP/1.1" 200 41796
136.243.228.198 - - [01/May/2023:11:05:30 -0500] "GET /BLA/resoluciones/index.php?dir=AUTOS%202004/&sort=date&order=asc HTTP/1.1" 200 2786
172.22.2.4 - - [01/May/2023:11:03:53 -0500] "GET /BLA/boletinlegal/ HTTP/1.1" 200 52730
136.243.228.198 - - [01/May/2023:11:05:59 -0500] "GET /BLA/resoluciones/index.php?dir=RESOLUCIONES+2006%2FRES+2006+1851-1900%2F HTTP/1.1" 200 12364
136.243.228.198 - - [01/May/2023:11:06:28 -0500] "GET /BLA/resoluciones/index.php?dir=RESOLUCIONES+2002%2FRES+2002+1701-1750%2F HTTP/1.1" 200 12141
136.243.228.198 - - [01/May/2023:11:06:57 -0500] "GET /BLA/resoluciones/index.php?dir=RESOLUCIONES+2004%2FRES+2004+901-950%2F HTTP/1.1" 200 12049
136.243.228.198 - - [01/May/2023:11:07:25 -0500] "GET /BLA/resoluciones/index.php?dir=RESOLUCIONES+2006%2FRES+2006++2851-2900%2F HTTP/1.1" 200 12177
136.243.228.198 - - [01/May/2023:11:07:53 -0500] "GET /BLA/resoluciones/index.php?dir=RESOLUCIONES+2004%2FRES+2004+751-800%2F HTTP/1.1" 200 12053
52.167.144.132 - - [01/May/2023:11:07:56 -0500] "-" 408 -
216.245.221.92 - - [01/May/2023:11:08:17 -0500] "HEAD / HTTP/1.1" 200 -
136.243.228.198 - - [01/May/2023:11:08:18 -0500] "GET /BLA/resoluciones/index.php?dir=RESOLUCIONES+2002%2FRES+2002+451-500%2F HTTP/1.1" 200 12051
35.204.84.149 - - [01/May/2023:11:08:32 -0500] "GET /inventario-de-emisiones-2020-transporte-publico-sitp-redujo-emisiones-de-pm-2-5-en-un-37.html HTTP/1.1" 200 925
136.243.228.198 - - [01/May/2023:11:08:44 -0500] "GET /BLA/resoluciones/index.php?dir=RESOLUCIONES+2004%2FRES+2004+451-500%2F HTTP/1.1" 200 12037
136.243.228.198 - - [01/May/2023:11:09:12 -0500] "GET /BLA/resoluciones/index.php?dir=RESOLUCIONES+2006%2FRES+2006+951-1000%2F HTTP/1.1" 200 12308
136.243.228.198 - - [01/May/2023:11:09:40 -0500] "GET /BLA/resoluciones/index.php?dir=RESOLUCIONES+2002%2FRES+2002+1201-1250%2F HTTP/1.1" 200 12151
192.133.77.16 - - [01/May/2023:11:10:06 -0500] "GET /images/cronica-amanda-rodriguez-30-abril.jpg HTTP/1.1" 200 26304
199.16.157.183 - - [01/May/2023:11:10:06 -0500] "GET /images/cronica-amanda-rodriguez-30-abril.jpg HTTP/1.1" 200 26304
136.243.228.198 - - [01/May/2023:11:10:07 -0500] "GET /BLA/resoluciones/index.php?dir=RESOLUCIONES+2002%2FRES+2002+951-1000%2F HTTP/1.1" 200 12521
201.245.192.253 - - [01/May/2023:11:10:17 -0500] "POST /kwsrmcab/Wsrmcab  HTTP/1.1" 200 41796
172.22.2.4 - - [01/May/2023:11:08:52 -0500] "HEAD /BLA/boletinlegal/ HTTP/1.1" 200 -
136.243.228.198 - - [01/May/2023:11:10:32 -0500] "GET /BLA/resoluciones/index.php?dir=RESOLUCIONES+2006%2FRES+2006+2201-2250%2F HTTP/1.1" 200 12366
136.243.228.198 - - [01/May/2023:11:11:00 -0500] "GET /BLA/resoluciones/index.php?dir=RESOLUCIONES+2004%2FRES+2004+2301-2350%2F HTTP/1.1" 200 12356
172.22.2.4 - - [01/May/2023:11:11:03 -0500] "GET /BLA/boletinlegal/actos.php HTTP/1.1" 200 9682
172.22.2.4 - - [01/May/2023:11:09:43 -0500] "GET /BLA/boletinlegal/ HTTP/1.1" 200 57561
136.243.228.198 - - [01/May/2023:11:11:26 -0500] "GET /BLA/resoluciones/index.php?dir=RESOLUCIONES%201997/&sort=name&order=desc HTTP/1.1" 200 16814
136.243.228.198 - - [01/May/2023:11:11:52 -0500] "GET /BLA/resoluciones/index.php?dir=RESOLUCIONES%202004/&sort=size&order=asc HTTP/1.1" 200 31994
40.77.167.120 - - [01/May/2023:11:12:10 -0500] "GET / HTTP/1.1" 200 319
172.22.2.4 - - [01/May/2023:11:12:18 -0500] "GET /BLA/boletinlegal/actos.php HTTP/1.1" 200 9682
172.22.2.4 - - [01/May/2023:11:12:18 -0500] "GET /BLA/boletinlegal/actos.php HTTP/1.1" 200 9682
136.243.228.198 - - [01/May/2023:11:12:18 -0500] "GET /BLA/resoluciones/index.php?dir=RESOLUCIONES+2002%2FRES+2002+101-150%2F HTTP/1.1" 200 12339
172.22.2.4 - - [01/May/2023:11:12:30 -0500] "GET /BLA/boletinlegal/consulta_actos.php?tipo=resoluciones&no=2487&usuario=&sector=&fecha=2019&resuelve= HTTP/1.1" 200 1075
136.243.228.198 - - [01/May/2023:11:12:44 -0500] "GET /BLA/resoluciones/index.php?dir=RESOLUCIONES+2002%2FRES+2002+651-700%2F HTTP/1.1" 200 12213
172.22.2.4 - - [01/May/2023:11:12:15 -0500] "GET /BLA/boletinlegal/ HTTP/1.1" 200 24523
136.243.228.198 - - [01/May/2023:11:13:09 -0500] "GET /BLA/resoluciones/index.php?dir=RESOLUCIONES+2004%2FRES+2004+1101-1150%2F HTTP/1.1" 200 12172
216.245.221.92 - - [01/May/2023:11:13:17 -0500] "HEAD / HTTP/1.1" 200 -
172.22.2.4 - - [01/May/2023:11:13:20 -0500] "GET /BLA/boletinlegal/actos.php HTTP/1.1" 200 9682
66.249.66.84 - - [01/May/2023:11:13:25 -0500] "-" 408 -
136.243.228.198 - - [01/May/2023:11:13:32 -0500] "GET /BLA/resoluciones/index.php?dir=RESOLUCIONES+2004%2FRES+2004+1801-1850%2F HTTP/1.1" 200 12358
172.22.2.4 - - [01/May/2023:11:13:36 -0500] "GET /BLA/boletinlegal/consulta_actos.php?tipo=resoluciones&no=2527&usuario=&sector=&fecha=2019&resuelve= HTTP/1.1" 200 1050
136.243.228.198 - - [01/May/2023:11:13:57 -0500] "GET /BLA/resoluciones/index.php?dir=RESOLUCIONES%202006/&sort=size&order=asc HTTP/1.1" 200 38542
40.77.167.94 - - [01/May/2023:11:14:01 -0500] "GET /BLA/resoluciones/AUTOS%202007/3714.pdf HTTP/1.1" 200 162809
136.243.228.198 - - [01/May/2023:11:14:20 -0500] "GET /BLA/resoluciones/index.php?dir=RESOLUCIONES+2004%2FRES+2004+651-700%2F HTTP/1.1" 200 12049
136.243.228.198 - - [01/May/2023:11:14:46 -0500] "GET /BLA/resoluciones/index.php?dir=RESOLUCIONES+2002%2FRES+2002+1051-1100%2F HTTP/1.1" 200 12143
40.77.167.86 - - [01/May/2023:11:15:08 -0500] "GET /bla/resoluciones/autos%202020/3443.pdf HTTP/1.1" 200 341646
136.243.228.198 - - [01/May/2023:11:15:11 -0500] "GET /BLA/resoluciones/index.php?dir=RESOLUCIONES+2004%2FRES+2004+1551-1600%2F HTTP/1.1" 200 12345
201.245.192.253 - - [01/May/2023:11:15:15 -0500] "POST /kwsrmcab/Wsrmcab  HTTP/1.1" 200 41796
136.243.228.198 - - [01/May/2023:11:15:33 -0500] "GET /BLA/resoluciones/index.php?dir=RESOLUCIONES+2006%2FRES+2006+101-150%2F HTTP/1.1" 200 12241
136.243.228.198 - - [01/May/2023:11:15:56 -0500] "GET /BLA/resoluciones/index.php?dir=RESOLUCIONES+2005%2FRES+2005+251-300%2F HTTP/1.1" 200 12254
136.243.228.198 - - [01/May/2023:11:16:21 -0500] "GET /BLA/resoluciones/index.php?dir=AUTOS+2006%2FAUTOS+2006+2001+-+2100%2F HTTP/1.1" 200 22199
172.22.2.4 - - [01/May/2023:11:14:42 -0500] "HEAD /BLA/boletinlegal/ HTTP/1.1" 200 -
136.243.228.198 - - [01/May/2023:11:16:45 -0500] "GET /BLA/resoluciones/index.php?dir=RESOLUCIONES+2005%2FRES+2005+2001-2050%2F HTTP/1.1" 200 12358
185.132.81.97 - - [01/May/2023:11:16:49 -0500] "GET / HTTP/1.1" 200 319
136.243.228.198 - - [01/May/2023:11:17:11 -0500] "GET /BLA/resoluciones/index.php?dir=RESOLUCIONES+2005%2FANEXO+RES+2643-2005%2F HTTP/1.1" 200 2446
172.22.2.4 - - [01/May/2023:11:15:33 -0500] "GET /BLA/boletinlegal/ HTTP/1.1" 200 57945
136.243.228.198 - - [01/May/2023:11:17:33 -0500] "GET /BLA/resoluciones/index.php?dir=RESOLUCIONES%201996/&sort=name&order=desc HTTP/1.1" 200 8966
172.22.2.4 - - [01/May/2023:11:17:54 -0500] "GET /BLA/boletinlegal/actos.php HTTP/1.1" 200 9682
172.22.2.4 - - [01/May/2023:11:17:54 -0500] "GET /BLA/boletinlegal/favicon.ico HTTP/1.1" 404 1326
136.243.228.198 - - [01/May/2023:11:17:56 -0500] "GET /BLA/resoluciones/index.php?dir=AUTOS+2006%2FAUTOS+2006+1601+-+1700%2F HTTP/1.1" 200 22248
216.245.221.92 - - [01/May/2023:11:18:17 -0500] "HEAD / HTTP/1.1" 200 -
136.243.228.198 - - [01/May/2023:11:18:19 -0500] "GET /BLA/resoluciones/index.php?dir=RESOLUCIONES+2005%2FRES+2005+3101-3150%2F HTTP/1.1" 200 12367
172.22.2.4 - - [01/May/2023:11:18:32 -0500] "GET /BLA/boletinlegal/consulta_actos.php?tipo=autos&no=3894&usuario=&sector=&fecha=2018&resuelve= HTTP/1.1" 200 1119
74.80.208.70 - - [01/May/2023:11:18:33 -0500] "GET /BLA/boletinlegal/jurisprudencia/analisis/analisis%20C-595-2010.doc HTTP/1.1" 304 -
136.243.228.198 - - [01/May/2023:11:18:42 -0500] "GET /BLA/resoluciones/index.php?dir=RESOLUCIONES+2005%2FRES+2005+1001-1050%2F HTTP/1.1" 200 12364
181.55.68.56 - - [01/May/2023:11:18:46 -0500] "GET /BLA/resoluciones/AUTOS%202018/3894.pdf HTTP/1.1" 200 289440
136.243.228.198 - - [01/May/2023:11:19:05 -0500] "GET /BLA/resoluciones/index.php?dir=RESOLUCIONES+2002%2FRES+2002+1951-1971%2F HTTP/1.1" 200 6225
172.22.2.4 - - [01/May/2023:11:19:09 -0500] "GET /BLA/boletinlegal/jurisprudencia.php HTTP/1.1" 200 17583
201.245.192.253 - - [01/May/2023:11:19:10 -0500] "POST /kwsrmcab/Wsrmcab HTTP/1.1" 200 42496
201.245.192.253 - - [01/May/2023:11:19:13 -0500] "POST /kwsrmcab/Wsrmcab HTTP/1.1" 200 43461
136.243.228.198 - - [01/May/2023:11:19:29 -0500] "GET /BLA/resoluciones/index.php?dir=AUTOS%202002/&sort=size&order=asc HTTP/1.1" 200 1813
172.22.2.4 - - [01/May/2023:11:19:29 -0500] "GET /BLA/boletinlegal/js/lib.js HTTP/1.1" 200 6474
172.22.2.4 - - [01/May/2023:11:17:51 -0500] "GET /BLA/boletinlegal/ HTTP/1.1" 200 62212
172.22.2.4 - - [01/May/2023:11:19:33 -0500] "GET /BLA/boletinlegal/js/jquery1.js HTTP/1.1" 200 29846
172.22.2.4 - - [01/May/2023:11:19:34 -0500] "GET /BLA/boletinlegal/style.css HTTP/1.1" 200 9406
172.22.2.4 - - [01/May/2023:11:19:43 -0500] "GET /BLA/boletinlegal/js/popup.js HTTP/1.1" 200 1270
136.243.228.198 - - [01/May/2023:11:19:50 -0500] "GET /BLA/resoluciones/index.php?dir=AUTOS+2006%2FAUTOS+2006+2601+-+2700%2F HTTP/1.1" 200 22189
136.243.228.198 - - [01/May/2023:11:20:12 -0500] "GET /BLA/resoluciones/index.php?dir=RESOLUCIONES+2005%2FRES+2005+1951-2000%2F HTTP/1.1" 200 12359
201.245.192.253 - - [01/May/2023:11:20:14 -0500] "POST /kwsrmcab/Wsrmcab  HTTP/1.1" 200 41796
136.243.228.198 - - [01/May/2023:11:20:34 -0500] "GET /BLA/resoluciones/index.php?dir=AUTOS%202002/&sort=date&order=asc HTTP/1.1" 200 1813
172.22.2.4 - - [01/May/2023:11:20:46 -0500] "GET /BLA/boletinlegal/consulta_actos.php?tipo=resoluciones&no=3894&usuario=&sector=&fecha=2018&resuelve= HTTP/1.1" 200 626
181.55.68.56 - - [01/May/2023:11:20:54 -0500] "GET /BLA/resoluciones/ HTTP/1.1" 200 13502
181.55.68.56 - - [01/May/2023:11:20:54 -0500] "GET /BLA/resoluciones/dlf/styles.css HTTP/1.1" 200 3049
181.55.68.56 - - [01/May/2023:11:20:54 -0500] "GET /BLA/resoluciones/dlf/folder.png HTTP/1.1" 200 410
181.55.68.56 - - [01/May/2023:11:20:54 -0500] "GET /BLA/resoluciones/dlf/bg.gif HTTP/1.1" 200 54
136.243.228.198 - - [01/May/2023:11:20:55 -0500] "GET /BLA/resoluciones/index.php?dir=RESOLUCIONES+2002%2FRES+2002+401-450%2F HTTP/1.1" 200 12024
181.55.68.56 - - [01/May/2023:11:21:06 -0500] "GET /BLA/resoluciones/dlf/dirup.png HTTP/1.1" 200 644
181.55.68.56 - - [01/May/2023:11:21:06 -0500] "GET /BLA/resoluciones/dlf/pdf.gif HTTP/1.1" 200 272
181.55.68.56 - - [01/May/2023:11:21:06 -0500] "GET /BLA/resoluciones/index.php?dir=RESOLUCIONES+2018%2F HTTP/1.1" 200 274667
136.243.228.198 - - [01/May/2023:11:21:18 -0500] "GET /BLA/resoluciones/index.php?dir=AUTOS+2006%2FAUTOS+2006+3101+-+3200%2F HTTP/1.1" 200 22189
136.243.228.198 - - [01/May/2023:11:21:40 -0500] "GET /BLA/resoluciones/index.php?dir=RESOLUCIONES+2005%2FRES+2005+1401-1450%2F HTTP/1.1" 200 12365
172.22.2.4 - - [01/May/2023:11:21:52 -0500] "GET /BLA/boletinlegal/actos.php HTTP/1.1" 200 9682
136.243.228.198 - - [01/May/2023:11:22:03 -0500] "GET /BLA/resoluciones/index.php?dir=RESOLUCIONES+2005%2FRES+2005+1051-1100%2F HTTP/1.1" 200 3976
172.22.2.4 - - [01/May/2023:11:20:32 -0500] "HEAD /BLA/boletinlegal/ HTTP/1.1" 200 -
172.22.2.4 - - [01/May/2023:11:22:16 -0500] "GET /BLA/boletinlegal/consulta_actos.php?tipo=autos&no=6607&usuario=&sector=&fecha=2021&resuelve= HTTP/1.1" 200 626
172.22.2.4 - - [01/May/2023:11:22:23 -0500] "GET /BLA/boletinlegal/consulta_actos.php?tipo=autos&no=6607&usuario=&sector=&fecha=2021&resuelve= HTTP/1.1" 200 626
172.22.2.4 - - [01/May/2023:11:22:24 -0500] "GET /BLA/boletinlegal/consulta_actos.php?tipo=autos&no=6607&usuario=&sector=&fecha=2021&resuelve= HTTP/1.1" 200 626
172.22.2.4 - - [01/May/2023:11:22:25 -0500] "GET /BLA/boletinlegal/consulta_actos.php?tipo=autos&no=6607&usuario=&sector=&fecha=2021&resuelve= HTTP/1.1" 200 626
172.22.2.4 - - [01/May/2023:11:22:25 -0500] "GET /BLA/boletinlegal/consulta_actos.php?tipo=autos&no=6607&usuario=&sector=&fecha=2021&resuelve= HTTP/1.1" 200 626
172.22.2.4 - - [01/May/2023:11:22:25 -0500] "GET /BLA/boletinlegal/consulta_actos.php?tipo=autos&no=6607&usuario=&sector=&fecha=2021&resuelve= HTTP/1.1" 200 626
172.22.2.4 - - [01/May/2023:11:22:25 -0500] "GET /BLA/boletinlegal/consulta_actos.php?tipo=autos&no=6607&usuario=&sector=&fecha=2021&resuelve= HTTP/1.1" 200 626
172.22.2.4 - - [01/May/2023:11:22:25 -0500] "GET /BLA/boletinlegal/consulta_actos.php?tipo=autos&no=6607&usuario=&sector=&fecha=2021&resuelve= HTTP/1.1" 200 626
172.22.2.4 - - [01/May/2023:11:22:26 -0500] "GET /BLA/boletinlegal/consulta_actos.php?tipo=autos&no=6607&usuario=&sector=&fecha=2021&resuelve= HTTP/1.1" 200 626
136.243.228.198 - - [01/May/2023:11:22:25 -0500] "GET /BLA/resoluciones/index.php?dir=RESOLUCIONES+2005%2FRES+2005+51-100%2F HTTP/1.1" 200 12192
172.22.2.4 - - [01/May/2023:11:22:26 -0500] "GET /BLA/boletinlegal/consulta_actos.php?tipo=autos&no=6607&usuario=&sector=&fecha=2021&resuelve= HTTP/1.1" 200 626
181.55.68.56 - - [01/May/2023:11:22:28 -0500] "GET /BLA/resoluciones/ HTTP/1.1" 200 13502
181.55.68.56 - - [01/May/2023:11:22:30 -0500] "GET /BLA/resoluciones/dlf/unknown.png HTTP/1.1" 200 266
181.55.68.56 - - [01/May/2023:11:22:30 -0500] "GET /BLA/resoluciones/index.php?dir=AUTOS+2021%2F HTTP/1.1" 200 397891
172.22.2.4 - - [01/May/2023:11:22:40 -0500] "GET /BLA/boletinlegal/jurisprudencia/analisis/G__Jurisp.%20Junio%202014_Sent%20Tutela%20Drumond.docx HTTP/1.1" 304 -
136.243.228.198 - - [01/May/2023:11:22:47 -0500] "GET /BLA/resoluciones/index.php?dir=AUTOS+2006%2FAUTOS+2006+2201+-+2300%2F HTTP/1.1" 200 22194
172.22.2.4 - - [01/May/2023:11:21:23 -0500] "GET /BLA/boletinlegal/ HTTP/1.1" 200 57151
136.243.228.198 - - [01/May/2023:11:23:08 -0500] "GET /BLA/resoluciones/index.php?dir=RESOLUCIONES+2005%2FRES+2005+1-50%2F HTTP/1.1" 200 12563
216.245.221.92 - - [01/May/2023:11:23:17 -0500] "HEAD / HTTP/1.1" 200 -
136.243.228.198 - - [01/May/2023:11:23:31 -0500] "GET /BLA/resoluciones/index.php?dir=RESOLUCIONES+2005%2FRES+2005+901-950%2F HTTP/1.1" 200 12245
190.24.16.29 - - [01/May/2023:11:23:43 -0500] "GET /dos-guacamayas-fueron-entregadas-en-bogota.html HTTP/1.1" 200 742
40.77.167.94 - - [01/May/2023:11:23:43 -0500] "GET /BLA/resoluciones/AUTOS%202019/4668.pdf HTTP/1.1" 200 314716
136.243.228.198 - - [01/May/2023:11:23:52 -0500] "GET /BLA/resoluciones/index.php?dir=RESOLUCIONES+2005%2FRES+2005+1451-1500%2F HTTP/1.1" 200 12368
136.243.228.198 - - [01/May/2023:11:24:15 -0500] "GET /BLA/resoluciones/index.php?dir=RESOLUCIONES+2005%2FRES+2005+1751-1800%2F HTTP/1.1" 200 12368
136.243.228.198 - - [01/May/2023:11:24:37 -0500] "GET /BLA/resoluciones/index.php?dir=AUTOS+2006%2FAUTOS+2006+1501+-+1600%2F HTTP/1.1" 200 22232
66.249.66.15 - - [01/May/2023:11:24:41 -0500] "-" 408 -
136.243.228.198 - - [01/May/2023:11:24:58 -0500] "GET /BLA/resoluciones/index.php?dir=RESOLUCIONES+2005%2FRES+2005+2451-2500%2F HTTP/1.1" 200 12370
201.245.192.253 - - [01/May/2023:11:25:13 -0500] "POST /kwsrmcab/Wsrmcab  HTTP/1.1" 200 41796
136.243.228.198 - - [01/May/2023:11:25:22 -0500] "GET /BLA/resoluciones/index.php?dir=AUTOS+2006%2FAUTOS+2006+1801-+1900%2F HTTP/1.1" 200 22159
136.243.228.198 - - [01/May/2023:11:25:44 -0500] "GET /BLA/resoluciones/index.php?dir=RESOLUCIONES+2005%2FRES+2005+651-700%2F HTTP/1.1" 200 12232
136.243.228.198 - - [01/May/2023:11:26:05 -0500] "GET /BLA/resoluciones/index.php?dir=AUTOS+2006%2FAUTOS+2006+2401+-+2500%2F HTTP/1.1" 200 22199
136.243.228.198 - - [01/May/2023:11:26:25 -0500] "GET /BLA/resoluciones/index.php?dir=AUTOS%202002/&sort=name&order=desc HTTP/1.1" 200 1812
136.243.228.198 - - [01/May/2023:11:26:45 -0500] "GET /BLA/resoluciones/index.php?dir=AUTOS+2006%2FAUTOS+2006+1101-1200%2F HTTP/1.1" 200 21976
136.243.228.198 - - [01/May/2023:11:27:07 -0500] "GET /BLA/resoluciones/index.php?dir=AUTOS+2006%2FAUTOS+2006+2101+-+2200%2F HTTP/1.1" 200 22204
136.243.228.198 - - [01/May/2023:11:27:28 -0500] "GET /BLA/resoluciones/index.php?dir=RESOLUCIONES%201996/&sort=date&order=asc HTTP/1.1" 200 8967
172.22.2.4 - - [01/May/2023:11:27:34 -0500] "GET /BLA/boletinlegal/actos.php HTTP/1.1" 200 9682
136.243.228.198 - - [01/May/2023:11:27:48 -0500] "GET /BLA/resoluciones/index.php?dir=RESOLUCIONES+2005%2FRES+2005++1651-1700%2F HTTP/1.1" 200 12423
172.22.2.4 - - [01/May/2023:11:26:22 -0500] "HEAD /BLA/boletinlegal/ HTTP/1.1" 200 -
136.243.228.198 - - [01/May/2023:11:28:07 -0500] "GET /BLA/resoluciones/index.php?dir=RESOLUCIONES+2005%2FRES+2005+2201-2250%2F HTTP/1.1" 200 12363
216.245.221.92 - - [01/May/2023:11:28:17 -0500] "HEAD / HTTP/1.1" 200 -
136.243.228.198 - - [01/May/2023:11:28:27 -0500] "GET /BLA/resoluciones/index.php?dir=RESOLUCIONES+2005%2FRES+2005+2901-2950%2F HTTP/1.1" 200 12331
136.243.228.198 - - [01/May/2023:11:28:47 -0500] "GET /BLA/resoluciones/index.php?dir=Acuerdos/&sort=size&order=asc HTTP/1.1" 200 3396
172.22.2.4 - - [01/May/2023:11:27:13 -0500] "GET /BLA/boletinlegal/ HTTP/1.1" 200 56287
136.243.228.198 - - [01/May/2023:11:29:06 -0500] "GET /BLA/resoluciones/index.php?dir=RESOLUCIONES+2005%2FRES+2005+501-550%2F HTTP/1.1" 200 12244
40.77.167.86 - - [01/May/2023:11:29:09 -0500] "GET /BLA/resoluciones/AUTOS%202021/5786.pdf HTTP/1.1" 200 349752
201.245.192.253 - - [01/May/2023:11:29:10 -0500] "POST /kwsrmcab/Wsrmcab HTTP/1.1" 200 42496
201.245.192.253 - - [01/May/2023:11:29:13 -0500] "POST /kwsrmcab/Wsrmcab HTTP/1.1" 200 43461
136.243.228.198 - - [01/May/2023:11:29:28 -0500] "GET /BLA/resoluciones/index.php?dir=AUTOS+2006%2FAUTOS+2006+401-500%2F HTTP/1.1" 200 21769
66.249.66.38 - - [01/May/2023:11:29:36 -0500] "-" 408 -
136.243.228.198 - - [01/May/2023:11:29:49 -0500] "GET /BLA/resoluciones/index.php?dir=RESOLUCIONES+2005%2FRES+2005+1851-1900%2F HTTP/1.1" 200 12356
136.243.228.198 - - [01/May/2023:11:30:08 -0500] "GET /BLA/resoluciones/index.php?dir=RESOLUCIONES+2005%2FRES+2005++1701-1750%2F HTTP/1.1" 200 12210
201.245.192.253 - - [01/May/2023:11:30:12 -0500] "POST /kwsrmcab/Wsrmcab  HTTP/1.1" 200 41796
136.243.228.198 - - [01/May/2023:11:30:28 -0500] "GET /BLA/resoluciones/index.php?dir=RESOLUCIONES%202005/&sort=size&order=asc HTTP/1.1" 200 49518
74.80.208.70 - - [01/May/2023:11:30:38 -0500] "-" 408 -
136.243.228.198 - - [01/May/2023:11:30:49 -0500] "GET /BLA/resoluciones/index.php?dir=RESOLUCIONES+2005%2FRES+2005+751-800%2F HTTP/1.1" 200 12254
66.249.66.84 - - [01/May/2023:11:31:08 -0500] "-" 408 -
136.243.228.198 - - [01/May/2023:11:31:09 -0500] "GET /BLA/resoluciones/index.php?dir=AUTOS+2006%2FAUTOS+2006+1901+-+2000%2F HTTP/1.1" 200 22186
34.147.93.45 - - [01/May/2023:11:31:28 -0500] "GET /inventario-de-emisiones-2020-transporte-publico-sitp-redujo-emisiones-de-pm-2-5-en-un-37.html HTTP/1.1" 200 925
136.243.228.198 - - [01/May/2023:11:31:30 -0500] "GET /BLA/resoluciones/index.php?dir=RESOLUCIONES+2005%2FRES+2005+451-500%2F HTTP/1.1" 200 12244
136.243.228.198 - - [01/May/2023:11:31:50 -0500] "GET /BLA/resoluciones/index.php?dir=RESOLUCIONES+2005%2FRES+2005+2301-2350%2F HTTP/1.1" 200 12369
136.243.228.198 - - [01/May/2023:11:32:11 -0500] "GET /BLA/resoluciones/index.php?dir=AUTOS+2006%2FAUTOS+2006+3301+-+3418%2F HTTP/1.1" 200 25807
136.243.228.198 - - [01/May/2023:11:32:30 -0500] "GET /BLA/resoluciones/index.php?dir=RESOLUCIONES+2005%2FRES+2005+1151-1200%2F HTTP/1.1" 200 12362
74.80.208.70 - - [01/May/2023:11:32:39 -0500] "-" 408 -
136.243.228.198 - - [01/May/2023:11:32:49 -0500] "GET /BLA/resoluciones/index.php?dir=RESOLUCIONES+2005%2FRES+2005+3151-3180%2F HTTP/1.1" 200 8263
74.80.208.97 - - [01/May/2023:11:32:52 -0500] "-" 408 -
136.243.228.198 - - [01/May/2023:11:33:07 -0500] "GET /BLA/resoluciones/index.php?dir=RESOLUCIONES+2005%2FRES+2005+1901-1950%2F HTTP/1.1" 200 12364
216.245.221.92 - - [01/May/2023:11:33:17 -0500] "HEAD / HTTP/1.1" 200 -
136.243.228.198 - - [01/May/2023:11:33:24 -0500] "GET /BLA/resoluciones/index.php?dir=RESOLUCIONES+2005%2FRES+2005+301-351%2F HTTP/1.1" 200 12252
172.22.2.4 - - [01/May/2023:11:33:37 -0500] "GET /BLA/boletinlegal/consulta_actos.php?tipo=resoluciones&no=4024&usuario=&sector=&fecha=2018&resuelve= HTTP/1.1" 200 626
136.243.228.198 - - [01/May/2023:11:33:41 -0500] "GET /BLA/resoluciones/index.php?dir=Acuerdos/&sort=name&order=desc HTTP/1.1" 200 3395
172.22.2.4 - - [01/May/2023:11:32:12 -0500] "HEAD /BLA/boletinlegal/ HTTP/1.1" 200 -
186.144.233.66 - - [01/May/2023:11:33:55 -0500] "GET /laurel-de-cera-distrito-intensifica-labores-para-prevenir-trafico-de-esta-especie-en-la-celebracion-de-la-cruz-de-mayo.html?fbclid=PAAabi6IqX67kr46Czjmi-GRILOUJewnsn8CR5KJGeiyaOsNW_B3OGvvdu_WI HTTP/1.1" 200 842
136.243.228.198 - - [01/May/2023:11:33:59 -0500] "GET /BLA/resoluciones/index.php?dir=AUTOS+2006%2FAUTOS+2006+1701+-+1800%2F HTTP/1.1" 200 22247
136.243.228.198 - - [01/May/2023:11:34:16 -0500] "GET /BLA/resoluciones/index.php?dir=AUTOS+2006%2FAUTOS+2006+101-200%2F HTTP/1.1" 200 21758
136.243.228.198 - - [01/May/2023:11:34:34 -0500] "GET /BLA/resoluciones/index.php?dir=RESOLUCIONES+2005%2FRES+2005+1101-1150%2F HTTP/1.1" 200 12363
172.22.2.4 - - [01/May/2023:11:33:03 -0500] "GET /BLA/boletinlegal/ HTTP/1.1" 200 52326
136.243.228.198 - - [01/May/2023:11:34:50 -0500] "GET /BLA/resoluciones/index.php?dir=RESOLUCIONES+2002%2FRES+2002+1301-1350%2F HTTP/1.1" 200 12634
136.243.228.198 - - [01/May/2023:11:35:06 -0500] "GET /BLA/resoluciones/index.php?dir=RESOLUCIONES+2005%2FRES+2005+701-750%2F HTTP/1.1" 200 12247
193.32.162.159 - - [01/May/2023:11:35:13 -0500] "GET / HTTP/1.1" 200 319
201.245.192.253 - - [01/May/2023:11:35:12 -0500] "POST /kwsrmcab/Wsrmcab  HTTP/1.1" 200 41796
136.243.228.198 - - [01/May/2023:11:35:21 -0500] "GET /BLA/resoluciones/index.php?dir=RESOLUCIONES+2005%2FRES+2005+1301-1350%2F HTTP/1.1" 200 12344
193.32.162.159 - - [01/May/2023:11:35:23 -0500] "GET /dispatch.asp HTTP/1.1" 404 1018
136.243.228.198 - - [01/May/2023:11:35:37 -0500] "GET /BLA/resoluciones/index.php?dir=RESOLUCIONES+2005%2FRES+2005+1351-1400%2F HTTP/1.1" 200 12356
49.7.20.149 - - [01/May/2023:11:35:40 -0500] "GET / HTTP/1.1" 200 319
173.252.95.14 - - [01/May/2023:11:35:52 -0500] "GET /con-camaras-trampa-y-otras-metodologias-secretaria-de-ambiente-evalua-la-fauna-y-flora-de-bogota.html HTTP/1.1" 206 1096
136.243.228.198 - - [01/May/2023:11:35:52 -0500] "GET /BLA/resoluciones/index.php?dir=AUTOS%202006/&sort=name&order=desc HTTP/1.1" 200 9680
172.22.2.4 - - [01/May/2023:11:35:54 -0500] "GET /BLA/boletinlegal/actos.php HTTP/1.1" 200 9682
136.243.228.198 - - [01/May/2023:11:36:04 -0500] "GET /BLA/resoluciones/index.php?dir=AUTOS+2006%2FAUTOS+2006+701-800%2F HTTP/1.1" 200 21969
136.243.228.198 - - [01/May/2023:11:36:17 -0500] "GET /BLA/resoluciones/index.php?dir=RESOLUCIONES+2005%2FRES+2005+3001-3050%2F HTTP/1.1" 200 12364
136.243.228.198 - - [01/May/2023:11:36:30 -0500] "GET /BLA/resoluciones/index.php?dir=RESOLUCIONES+2005%2FRES+2005+201-250%2F HTTP/1.1" 200 12248
136.243.228.198 - - [01/May/2023:11:36:41 -0500] "GET /BLA/resoluciones/index.php?dir=RESOLUCIONES+2005%2FRES+2005+2251-2300%2F HTTP/1.1" 200 12353
136.243.228.198 - - [01/May/2023:11:36:52 -0500] "GET /BLA/resoluciones/index.php?dir=RESOLUCIONES+2005%2FRES+2005+401-450%2F HTTP/1.1" 200 12254
136.243.228.198 - - [01/May/2023:11:37:01 -0500] "GET /BLA/resoluciones/index.php?dir=AUTOS+2006%2FAUTOS+2006+2901+-+3000%2F HTTP/1.1" 200 22191
66.249.66.40 - - [01/May/2023:11:37:04 -0500] "-" 408 -
136.243.228.198 - - [01/May/2023:11:37:11 -0500] "GET /BLA/resoluciones/index.php?dir=RESOLUCIONES+2005%2FRES+2005+151-200%2F HTTP/1.1" 200 12230
136.243.228.198 - - [01/May/2023:11:37:21 -0500] "GET /BLA/resoluciones/index.php?dir=RESOLUCIONES+2005%2FRES+2005+2051-2100%2F HTTP/1.1" 200 12352
190.27.30.10 - - [01/May/2023:11:37:25 -0500] "GET /galeria/galeria/jquery.fancybox.js?v=2.1.5 HTTP/1.1" 200 48706
190.27.30.10 - - [01/May/2023:11:37:25 -0500] "GET /BLA/boletinlegal/js/jquery.scrollShow.js HTTP/1.1" 200 4586
190.27.30.10 - - [01/May/2023:11:37:25 -0500] "GET /galeria/galeria/jquery.fancybox.css?v=2.1.5 HTTP/1.1" 200 4895
74.80.208.24 - - [01/May/2023:11:37:26 -0500] "-" 408 -
136.243.228.198 - - [01/May/2023:11:37:31 -0500] "GET /BLA/resoluciones/index.php?dir=RESOLUCIONES+2005%2FRES+2005+2651-2700%2F HTTP/1.1" 200 12369
136.243.228.198 - - [01/May/2023:11:37:40 -0500] "GET /BLA/resoluciones/index.php?dir=AUTOS+2006%2FAUTOS+2006+1201-1300%2F HTTP/1.1" 200 22013
136.243.228.198 - - [01/May/2023:11:37:51 -0500] "GET /BLA/resoluciones/index.php?dir=AUTOS+2006%2FAUTOS+2006+301-400%2F HTTP/1.1" 200 21781
136.243.228.198 - - [01/May/2023:11:38:00 -0500] "GET /BLA/resoluciones/index.php?dir=AUTOS%201997/&sort=date&order=asc HTTP/1.1" 200 2025
136.243.228.198 - - [01/May/2023:11:38:09 -0500] "GET /BLA/resoluciones/index.php?dir=RESOLUCIONES+2005%2FRES+2005+1251-1300%2F HTTP/1.1" 200 12362
216.245.221.92 - - [01/May/2023:11:38:17 -0500] "HEAD / HTTP/1.1" 200 -
136.243.228.198 - - [01/May/2023:11:38:22 -0500] "GET /BLA/resoluciones/index.php?dir=AUTOS%201997/&sort=name&order=desc HTTP/1.1" 200 2024
136.243.228.198 - - [01/May/2023:11:39:03 -0500] "GET /BLA/resoluciones/index.php?dir=AUTOS+2006%2FAUTOS+2006+1-100%2F HTTP/1.1" 200 21539
186.154.39.253 - - [01/May/2023:11:39:07 -0500] "GET /mujeres-que-reverdecen-secretaria-de-ambiente-anuncia-el-inicio-de-la-tercera-fase.html HTTP/1.1" 200 954
173.252.95.1 - - [01/May/2023:11:39:08 -0500] "GET /asi-las-mujeres-que-reverdecen-cuidan-los-arboles-para-la-restauracion-ecologica-de-bogota.html HTTP/1.1" 206 911
136.243.228.198 - - [01/May/2023:11:39:31 -0500] "GET /BLA/resoluciones/index.php?dir=RESOLUCIONES+2005%2FRES+2005+2101-2150%2F HTTP/1.1" 200 12346
40.77.167.94 - - [01/May/2023:11:39:33 -0500] "GET /BLA/resoluciones/AUTOS%202019/4510.pdf HTTP/1.1" 200 339319
172.22.2.4 - - [01/May/2023:11:39:40 -0500] "GET /BLA/boletinlegal/favicon.ico HTTP/1.1" 404 1018
74.80.208.70 - - [01/May/2023:11:39:41 -0500] "-" 408 -
172.22.2.4 - - [01/May/2023:11:38:02 -0500] "HEAD /BLA/boletinlegal/ HTTP/1.1" 200 -
172.22.2.4 - - [01/May/2023:11:39:24 -0500] "GET /BLA/boletinlegal/ HTTP/1.1" 200 20427
136.243.228.198 - - [01/May/2023:11:40:03 -0500] "GET /BLA/resoluciones/index.php?dir=AUTOS+2006%2FAUTOS+2006+3201+-+3300%2F HTTP/1.1" 200 22209
172.22.2.4 - - [01/May/2023:11:39:24 -0500] "GET /BLA/boletinlegal/ HTTP/1.1" 200 28619
172.22.2.4 - - [01/May/2023:11:38:53 -0500] "GET /BLA/boletinlegal/ HTTP/1.1" 200 50664
136.243.228.198 - - [01/May/2023:11:40:33 -0500] "GET /BLA/resoluciones/index.php?dir=AUTOS+2006%2FAUTOS+2006+601-700%2F HTTP/1.1" 200 21776
66.249.66.4 - - [01/May/2023:11:40:59 -0500] "-" 408 -
136.243.228.198 - - [01/May/2023:11:41:00 -0500] "GET /BLA/resoluciones/index.php?dir=AUTOS+2006%2FAUTOS+2006+801-900%2F HTTP/1.1" 200 21775
201.245.192.253 - - [01/May/2023:11:40:10 -0500] "POST /kwsrmcab/Wsrmcab HTTP/1.1" 500 233
201.245.192.253 - - [01/May/2023:11:40:10 -0500] "POST /kwsrmcab/Wsrmcab  HTTP/1.1" 500 233
201.245.192.253 - - [01/May/2023:11:41:19 -0500] "POST /kwsrmcab/Wsrmcab  HTTP/1.1" 500 233
136.243.228.198 - - [01/May/2023:11:41:32 -0500] "GET /BLA/resoluciones/index.php?dir=RESOLUCIONES+2005%2FRES+2005+2751-2800%2F HTTP/1.1" 200 12345
40.77.167.86 - - [01/May/2023:11:41:49 -0500] "GET /BLA/resoluciones/index.php?dir=RESOLUCIONES+2022%2F HTTP/1.1" 200 300901
136.243.228.198 - - [01/May/2023:11:42:00 -0500] "GET /BLA/resoluciones/index.php?dir=RESOLUCIONES+2005%2FRES+2005+2151-2200%2F HTTP/1.1" 200 12146
201.245.192.253 - - [01/May/2023:11:42:21 -0500] "POST /kwsrmcab/Wsrmcab  HTTP/1.1" 500 233
136.243.228.198 - - [01/May/2023:11:42:27 -0500] "GET /BLA/resoluciones/index.php?dir=RESOLUCIONES+2005%2FRES+2005+551-600%2F HTTP/1.1" 200 12249
136.243.228.198 - - [01/May/2023:11:42:54 -0500] "GET /BLA/resoluciones/index.php?dir=RESOLUCIONES+2005%2FRES+2005+951-1000%2F HTTP/1.1" 200 12304
74.80.208.24 - - [01/May/2023:11:43:06 -0500] "-" 408 -
66.249.66.15 - - [01/May/2023:11:43:09 -0500] "-" 408 -
216.245.221.92 - - [01/May/2023:11:43:17 -0500] "HEAD / HTTP/1.1" 200 -
136.243.228.198 - - [01/May/2023:11:43:22 -0500] "GET /BLA/resoluciones/index.php?dir=RESOLUCIONES+2005%2FRES+2005+851-900%2F HTTP/1.1" 200 12242
201.245.192.253 - - [01/May/2023:11:43:22 -0500] "POST /kwsrmcab/Wsrmcab  HTTP/1.1" 500 233
190.27.182.224 - - [01/May/2023:11:43:40 -0500] "GET /BLA/resoluciones/AUTOS%202017/0873.pdf HTTP/1.1" 200 603084
136.243.228.198 - - [01/May/2023:11:43:48 -0500] "GET /BLA/resoluciones/index.php?dir=RESOLUCIONES+2005%2FRES+2005+2851-2900%2F HTTP/1.1" 200 12156
45.238.182.70 - - [01/May/2023:11:43:54 -0500] "GET /mujeres-que-reverdecen-secretaria-de-ambiente-anuncia-el-inicio-de-la-tercera-fase.html HTTP/1.1" 200 954
136.243.228.198 - - [01/May/2023:11:44:14 -0500] "GET /BLA/resoluciones/index.php?dir=RESOLUCIONES+2005%2FRES+2005+801-850%2F HTTP/1.1" 200 12246
136.243.228.198 - - [01/May/2023:11:44:40 -0500] "GET /BLA/resoluciones/index.php?dir=AUTOS+2006%2FAUTOS+2006+1301-1400%2F HTTP/1.1" 200 22002
136.243.228.198 - - [01/May/2023:11:45:04 -0500] "GET /BLA/resoluciones/index.php?dir=RESOLUCIONES+2005%2FRES+2005+2401-2450%2F HTTP/1.1" 200 12361
201.245.192.253 - - [01/May/2023:11:44:24 -0500] "POST /kwsrmcab/Wsrmcab  HTTP/1.1" 500 233
136.243.228.198 - - [01/May/2023:11:45:30 -0500] "GET /BLA/resoluciones/index.php?dir=RESOLUCIONES+2005%2FRES+2005+2351-2400%2F HTTP/1.1" 200 12366
172.22.2.4 - - [01/May/2023:11:43:52 -0500] "HEAD /BLA/boletinlegal/ HTTP/1.1" 200 -
136.243.228.198 - - [01/May/2023:11:45:55 -0500] "GET /BLA/resoluciones/index.php?dir=Acuerdos/&sort=date&order=asc HTTP/1.1" 200 3396
136.243.228.198 - - [01/May/2023:11:46:17 -0500] "GET /BLA/resoluciones/index.php?dir=RESOLUCIONES+2005%2FRES+2005+2501-2550%2F HTTP/1.1" 200 12365
172.22.2.4 - - [01/May/2023:11:44:43 -0500] "GET /BLA/boletinlegal/ HTTP/1.1" 200 52326
136.243.228.198 - - [01/May/2023:11:46:43 -0500] "GET /BLA/resoluciones/index.php?dir=RESOLUCIONES%202005/&sort=name&order=desc HTTP/1.1" 200 49517
201.245.192.253 - - [01/May/2023:11:39:10 -0500] "POST /kwsrmcab/Wsrmcab HTTP/1.1" 200 14506
136.243.228.198 - - [01/May/2023:11:47:09 -0500] "GET /BLA/resoluciones/index.php?dir=RESOLUCIONES%20CONJUNTAS/&sort=name&order=desc HTTP/1.1" 200 4761
190.27.182.224 - - [01/May/2023:11:47:16 -0500] "GET /BLA/resoluciones/ HTTP/1.1" 200 13502
190.27.182.224 - - [01/May/2023:11:47:20 -0500] "GET /BLA/resoluciones/dlf/folder.png HTTP/1.1" 200 410
190.27.182.224 - - [01/May/2023:11:47:26 -0500] "GET /BLA/resoluciones/index.php?dir=AUTOS+2015%2F HTTP/1.1" 200 581560
190.27.182.224 - - [01/May/2023:11:47:28 -0500] "GET /BLA/resoluciones/dlf/unknown.png HTTP/1.1" 200 266
136.243.228.198 - - [01/May/2023:11:47:32 -0500] "GET /BLA/resoluciones/index.php?dir=RESOLUCIONES%201996/&sort=size&order=asc HTTP/1.1" 200 8967
190.27.182.224 - - [01/May/2023:11:47:50 -0500] "GET /BLA/resoluciones/AUTOS%202015/3394.pdf HTTP/1.1" 200 478608
