!C99Shell v. 1.0 pre-release build #13!

Software: Apache. PHP/5.5.15 

uname -a: Windows NT SVR-DMZ 6.1 build 7600 (Windows Server 2008 R2 Enterprise Edition) i586 

SYSTEM 

Safe-mode: OFF (not secure)

E:\nuevo\apache\logs\   drwxrwxrwx
Free 9.41 GB of 239.26 GB (3.93%)
Detected drives: [ a ] [ c ] [ d ] [ e ] [ f ]
Home    Back    Forward    UPDIR    Refresh    Search    Buffer    Encoder    Tools    Proc.    FTP brute    Sec.    SQL    PHP-code    Update    Feedback    Self remove    Logout    


Viewing file:     access.2023.05.01.log (842.35 KB)      -rw-rw-rw-
Select action/file-type:
(+) | (+) | (+) | Code (+) | Session (+) | (+) | SDB (+) | (+) | (+) | (+) | (+) | (+) |
172.22.2.4 - - [30/Apr/2023:23:58:32 -0500] "HEAD /BLA/boletinlegal/ HTTP/1.1" 200 -
162.55.165.184 - - [01/May/2023:00:00:48 -0500] "GET / HTTP/1.1" 200 319
172.22.2.4 - - [30/Apr/2023:23:59:23 -0500] "GET /BLA/boletinlegal/ HTTP/1.1" 200 57151
201.245.192.253 - - [01/May/2023:00:01:29 -0500] "POST /kwsrmcab/Wsrmcab  HTTP/1.1" 200 41796
200.118.60.129 - - [01/May/2023:00:02:15 -0500] "GET /laurel-de-cera-distrito-intensifica-labores-para-prevenir-trafico-de-esta-especie-en-la-celebracion-de-la-cruz-de-mayo.html?fbclid=PAAab5IiLWSAR8YS4LjGaL_p9w2r5LXuYhB9V57v2BRya4tK5q2jcBoacZEqw HTTP/1.1" 200 842
173.252.79.2 - - [01/May/2023:00:02:24 -0500] "GET /semana-santa-dias-y-horarios-para-visitar-el-camino-guadalupe-aguanoso.html HTTP/1.1" 206 943
216.245.221.92 - - [01/May/2023:00:03:19 -0500] "HEAD / HTTP/1.1" 200 -
162.221.192.26 - - [01/May/2023:00:03:58 -0500] "GET / HTTP/1.1" 200 319
172.22.2.4 - - [01/May/2023:00:04:58 -0500] "GET /BLA/boletinlegal/ HTTP/1.1" 200 28619
172.22.2.4 - - [01/May/2023:00:04:22 -0500] "HEAD /BLA/boletinlegal/ HTTP/1.1" 200 -
201.245.192.253 - - [01/May/2023:00:06:27 -0500] "POST /kwsrmcab/Wsrmcab  HTTP/1.1" 200 41796
172.22.2.4 - - [01/May/2023:00:05:13 -0500] "GET /BLA/boletinlegal/ HTTP/1.1" 200 54424
199.16.157.182 - - [01/May/2023:00:07:24 -0500] "GET /images/evento-wef-1_optimized.jpeg HTTP/1.1" 200 138129
216.245.221.92 - - [01/May/2023:00:08:19 -0500] "HEAD / HTTP/1.1" 200 -
31.148.130.251 - - [01/May/2023:00:10:40 -0500] "GET /BLA/resoluciones/RESOLUCIONES%202022/4036.pdf HTTP/1.1" 200 447107
201.245.192.253 - - [01/May/2023:00:11:25 -0500] "POST /kwsrmcab/Wsrmcab  HTTP/1.1" 200 41796
172.22.2.4 - - [01/May/2023:00:10:12 -0500] "HEAD /BLA/boletinlegal/ HTTP/1.1" 200 -
172.22.2.4 - - [01/May/2023:00:11:03 -0500] "GET /BLA/boletinlegal/ HTTP/1.1" 200 57561
216.245.221.92 - - [01/May/2023:00:13:19 -0500] "HEAD / HTTP/1.1" 200 -
66.249.79.107 - - [01/May/2023:00:14:07 -0500] "-" 408 -
199.16.157.180 - - [01/May/2023:00:14:13 -0500] "GET /images/cr%C3%B3nica-29-nov-1_optimized.jpeg HTTP/1.1" 404 1034
201.245.192.253 - - [01/May/2023:00:16:24 -0500] "POST /kwsrmcab/Wsrmcab  HTTP/1.1" 200 41796
172.22.2.4 - - [01/May/2023:00:16:02 -0500] "HEAD /BLA/boletinlegal/ HTTP/1.1" 200 -
216.245.221.92 - - [01/May/2023:00:18:19 -0500] "HEAD / HTTP/1.1" 200 -
172.22.2.4 - - [01/May/2023:00:16:53 -0500] "GET /BLA/boletinlegal/ HTTP/1.1" 200 58307
201.245.192.253 - - [01/May/2023:00:19:13 -0500] "POST /kwsrmcab/Wsrmcab HTTP/1.1" 200 43158
201.245.192.253 - - [01/May/2023:00:19:16 -0500] "POST /kwsrmcab/Wsrmcab HTTP/1.1" 200 43316
172.22.2.4 - - [01/May/2023:00:19:31 -0500] "GET /BLA/boletinlegal/.git/config HTTP/1.1" 404 1043
201.245.192.253 - - [01/May/2023:00:21:23 -0500] "POST /kwsrmcab/Wsrmcab  HTTP/1.1" 200 41796
216.245.221.92 - - [01/May/2023:00:23:19 -0500] "HEAD / HTTP/1.1" 200 -
40.77.167.184 - - [01/May/2023:00:23:27 -0500] "-" 408 -
172.22.2.4 - - [01/May/2023:00:21:52 -0500] "HEAD /BLA/boletinlegal/ HTTP/1.1" 200 -
172.22.2.4 - - [01/May/2023:00:22:43 -0500] "GET /BLA/boletinlegal/ HTTP/1.1" 200 54424
201.245.192.253 - - [01/May/2023:00:26:21 -0500] "POST /kwsrmcab/Wsrmcab  HTTP/1.1" 200 41796
181.56.235.113 - - [01/May/2023:00:26:34 -0500] "GET /BLA/resoluciones/ HTTP/1.1" 200 13502
40.77.167.86 - - [01/May/2023:00:27:29 -0500] "GET /galeria/carrusel/Carrusel/jquery.thumbnailScroller.js HTTP/1.1" 200 8157
157.55.39.224 - - [01/May/2023:00:27:38 -0500] "GET /galeria/carrusel/Carrusel/jquery-ui-1.8.13.custom.min.js HTTP/1.1" 200 10800
157.55.39.224 - - [01/May/2023:00:27:38 -0500] "GET /galeria/carrusel/Carrusel/jquery.thumbnailScroller.css HTTP/1.1" 200 2066
157.55.39.224 - - [01/May/2023:00:27:39 -0500] "GET /galeria/nivo-slider/demo/banner.html HTTP/1.1" 200 5446
216.245.221.92 - - [01/May/2023:00:28:19 -0500] "HEAD / HTTP/1.1" 200 -
172.22.2.4 - - [01/May/2023:00:26:43 -0500] "GET /BLA/boletinlegal/ HTTP/1.1" 200 57945
191.106.213.147 - - [01/May/2023:00:28:24 -0500] "GET /kwssiamovil/sm/acme/u?s=U2FsdGVkX1+Ro9uIaKwwOZv3cLLLqBz39LCIa3LopqUBlsm8LsOSbx/5aoQeTGlqpaw8P4zCg1ck3OjejLPkgDGiqwolKj5xqPhI+vprjJGf97F919owgaxnD23xswVXdMox/F997AMrPiyJaZgSaDFNogwtrcYPwHbqSn7UTvM=&u=U2FsdGVkX1/2CXGVZo6/C3uox/PwmgTaONHlrojZzfB3HLsiGvuU6iqjENQXQgpc&y=U2FsdGVkX1+qBfVY4cTtRRDrF32ocJVRVyU/xeXh2lGpQvPvSSZgh8Md1Gs0iNZK HTTP/1.1" 200 60
191.106.213.147 - - [01/May/2023:00:28:57 -0500] "GET /kwssiamovil/sm/ldap/au?x=U2FsdGVkX18sadah2+GMBVCJ+//IJvN86hIWSbIsy3GMy349H2JBPAU95tcbEoSP&y=U2FsdGVkX19NJs6qAj/0tf++g4oxIXDdGvyCU9GbqpG5Zx7uKES9K437WUoTuzUU HTTP/1.1" 200 30
191.106.213.147 - - [01/May/2023:00:28:57 -0500] "GET /kwssiamovil/sm/acme/s?s=U2FsdGVkX1+GAGBQSCexZyiLQvFO/wBparLwiwShFzB8KAH/LzN5auW/ZJvhZiW2sNVh6o9eMGz5Ntr/f3Nl3EX8Ukc7KHFb8aUgB2LJD5w=&u=U2FsdGVkX1+PODKoJ4xnPnr0XA13q6xbbvv6WLVbtLez71aIsRBDO7T3m4XE5b9H&y=U2FsdGVkX19NJs6qAj/0tf++g4oxIXDdGvyCU9GbqpG5Zx7uKES9K437WUoTuzUU HTTP/1.1" 200 97
191.106.213.147 - - [01/May/2023:00:28:58 -0500] "GET /kwssiamovil/sm/acme/s?s=U2FsdGVkX1/G22X/U+q7W7YMU3NW+MVBUVcpVdTuqTjZBJhu+mRRisGH356OrBaiax8BcL8PZtiWQ/L2+XYTH66G4J/e6pTUNIrReLch1G3ZJ4GDVOGzwd0yPIOwqSSgAEYrbRS7LRWK3dHaGTvZRxwn+BDfU4cFU+KKaLbO556TUQZVXigBLyhIOEMv7iQMT5m+0NUuHEgTxJnTt9UpRajnwwZ9m8pWm3oxLlLCTF8m1gySq1nrUaNj6FTxa7j5bZFjL2/BHwIWUYhA67ek+LB3xezHz9//RJwOInh0NEhP4/Nl9HEMD9eBoWwzTnWYtR8VFNujQ4B3v2ZJf09jxv2qf7IExH2lIQmO6cUFhsATZYZPgw3K49UDjUmBg/K+FQ3rbfBIf0hWLTsog+ACOZWJuPUZHuCoIqAPJzRV9l2UzKVfDY/NSnE5k8NrM5GQILK5WK9Putl64A6iNr+ARkTWPkz/XrO5oaVTEFCo8MAkRiAdJS5mdvUkTEnuulFziOtJzlnTMpzR98fTeu0SiLSuHseUMxCAWXZEvrs6kHUgIc4cdlH89MxLtLpF+ilayV3EEuggE4AeqRuPt4JsHDPOChbvPfQ6mzPAjCOIJ+pSnaFiOJXRxGy2FvL9305hlqyWiHezYWADpQTpSaNTvWYDhZdB7Wt7C0lzOc06RTct5WuccSjdtOedbke+LOhqikWx05gqsBLebtWirJIqQC+pPnaT/Rq03S3YOZ8LGRSvUiHTHFhMEG2P1ym2rS2yzdBOHTVcvmlV2js2zI5kO/VIJCkgviix//W3VBuylACLuEjfNmCC4SB464nyKqoGE6zevA46g6QhHA2GJaT4Wmkp3PXed0Mc/lqMsCphBQBU3QExw9dZuYl0ow7xYGkXeDo9tYqElToXqYYUFKGkb/wdyCWJ/EQzZXtokHzleH3dZ63gLqo3MiAIiNKLh1k1IfpTNB/n8QkI7YlA+XgxyPnjaHZiV01JOkukJnryzxmQlL+2vQpsztafWJMAngX1FLwYwQHIDEcTLcVKkIt3qR6BZzKFhS3j5TZRapvuR8jFstIqRgS+pFEQJDDNCA5bWpDlg0Wi0H3v3MJstBAFG9SB6VWN+E53RNdWPgXYmOY/xms05vVAcyZXlpijqzGg/1iub1NoiD6NhiLuCmFo7yA6h4pkbU30Ech5U3PWtfeptVrDQku8/PxdcbdT49VUxlriiwDEx2RGX4gK9mFM92Qhy9nHDZJRbL0gOegPppBb0C4ctFXas26z/Gtg0Ym1dGNdu9u1hwr+zurItZZtTEHuw37ewKYNAyxIcuUwu71/HG47fKVk/+xxYtkxp443JjkKsobCTZ0jRvj+F1+eDNkWca18tczlHZ92Hlutg2D6H5XAMof3cIzJXYA6yJHOxHb8lbdqSFNFFBquOZZ2l2bHaLwVx7U0SGL2K4Qdz88=&u=U2FsdGVkX1+PODKoJ4xnPnr0XA13q6xbbvv6WLVbtLez71aIsRBDO7T3m4XE5b9H&y=U2FsdGVkX19NJs6qAj/0tf++g4oxIXDdGvyCU9GbqpG5Zx7uKES9K437WUoTuzUU HTTP/1.1" 200 365
191.106.213.147 - - [01/May/2023:00:28:58 -0500] "GET /kwssiamovil/sm/acme/s?s=U2FsdGVkX18RqH34aUqBpqsxvl4P1tf+am1kQZiN6pVARH1PrgipemrSEs271I94mrky8rhsX0PIbPNXSaTCGyqXv8QmemHkRroNT1B1OL6Za+GxpeTO5LPu5iPNiqyl9/F11jc3vweNVcyd9iZSHuh2yA6jh8hV4D/qrurLjFiAZuQ7Bg+EZ4mlSzeWZ2jvUNsKuVxpUVmacvGgeFzHNtjQKket0QFnAknYCR6q0nQONPVXux7Qt0vL8ZNIljEeJQk61FEbbc9yqDCcX8QRMc6rgJyZEyOxtJGduyVZchA97vHl9baV5Q8MJ5L45cjqUFTNV+tESaToAu3x1Ik0/vZ/r/L0TvXTN3FMSeKdfKI=&u=U2FsdGVkX1+PODKoJ4xnPnr0XA13q6xbbvv6WLVbtLez71aIsRBDO7T3m4XE5b9H&y=U2FsdGVkX19NJs6qAj/0tf++g4oxIXDdGvyCU9GbqpG5Zx7uKES9K437WUoTuzUU HTTP/1.1" 200 196
191.106.213.147 - - [01/May/2023:00:28:58 -0500] "GET /kwssiamovil/sm/cjson/pre?f=1&x=U2FsdGVkX18sadah2+GMBVCJ+//IJvN86hIWSbIsy3GMy349H2JBPAU95tcbEoSP HTTP/1.1" 200 31032
201.245.192.253 - - [01/May/2023:00:29:12 -0500] "POST /kwsrmcab/Wsrmcab HTTP/1.1" 200 43158
201.245.192.253 - - [01/May/2023:00:29:15 -0500] "POST /kwsrmcab/Wsrmcab HTTP/1.1" 200 43316
172.22.2.4 - - [01/May/2023:00:27:42 -0500] "HEAD /BLA/boletinlegal/ HTTP/1.1" 200 -
172.22.2.4 - - [01/May/2023:00:28:32 -0500] "GET /BLA/boletinlegal/ HTTP/1.1" 200 57561
201.245.192.253 - - [01/May/2023:00:31:20 -0500] "POST /kwsrmcab/Wsrmcab  HTTP/1.1" 200 41796
40.77.167.86 - - [01/May/2023:00:32:09 -0500] "GET /BLA/resoluciones/index.php?dir=RESOLUCIONES+2022%2F HTTP/1.1" 200 300901
216.245.221.92 - - [01/May/2023:00:33:19 -0500] "HEAD / HTTP/1.1" 200 -
172.22.2.4 - - [01/May/2023:00:33:47 -0500] "GET /BLA/boletinlegal/Directivas/2018/Directiva%20No.%2027%20del%2028%20de%20diciembre%20de%202018.pdf HTTP/1.1" 304 -
191.106.213.147 - - [01/May/2023:00:34:01 -0500] "GET /kwssiamovil/sm/acme/u?s=U2FsdGVkX1+TVJYlXqXPagQyPbUwlwQbJRvVeCTKs1P/tVFnnaAUFumCvi8L/TfYyurggUMycjy45nGy2N2SDZiu5X+zJDSegs/gbbf2zgeYABT3yQHSvZ7yH5Tn4FNe1y2Vz4Km2ce2V5UUPOKx3tzF6yRx+0uSoXG3UGBj/rRF0lVJWb6fInNN3WW3ttWtWpQ31HafWjsK/YdHRB8fBsW5Is52Z0lOWu1JzAoT2kyNWjbEnVI7iXAXc16qLZPg&u=U2FsdGVkX1+PODKoJ4xnPnr0XA13q6xbbvv6WLVbtLez71aIsRBDO7T3m4XE5b9H&y=U2FsdGVkX19NJs6qAj/0tf++g4oxIXDdGvyCU9GbqpG5Zx7uKES9K437WUoTuzUU HTTP/1.1" 200 60
152.61.192.232 - - [01/May/2023:00:34:50 -0500] "GET / HTTP/1.1" 200 319
172.22.2.4 - - [01/May/2023:00:33:32 -0500] "HEAD /BLA/boletinlegal/ HTTP/1.1" 200 -
172.22.2.4 - - [01/May/2023:00:34:22 -0500] "GET /BLA/boletinlegal/ HTTP/1.1" 200 57561
181.56.235.113 - - [01/May/2023:00:36:04 -0500] "GET /BLA/resoluciones/index.php?dir=AUTOS+2015%2F HTTP/1.1" 200 12235
181.56.235.113 - - [01/May/2023:00:36:04 -0500] "GET /BLA/resoluciones/index.php?dir=AUTOS+2015%2F HTTP/1.1" 200 581560
40.77.167.94 - - [01/May/2023:00:36:03 -0500] "GET /sipse/faces/faces/autenticacion.xhtml HTTP/1.1" 200 12497
201.245.192.253 - - [01/May/2023:00:36:20 -0500] "POST /kwsrmcab/Wsrmcab  HTTP/1.1" 200 41796
74.80.208.52 - - [01/May/2023:00:36:38 -0500] "-" 408 -
191.106.213.147 - - [01/May/2023:00:37:27 -0500] "GET /kwssiamovil/sm/ldap/au?x=U2FsdGVkX1+TsoK9lAglsHIAv6cPxI9oZk/40w0a7LJ+zctGyG6BFvaNH0q9Gi0Y&y=U2FsdGVkX19XfIGutXlvNR8JKsk0V3U/IfUMZ/gebp0CkfhQl9PV4ADhSYjEFFzh HTTP/1.1" 200 30
191.106.213.147 - - [01/May/2023:00:37:27 -0500] "GET /kwssiamovil/sm/acme/s?s=U2FsdGVkX19+vV4cBkHTOYeXEG/grSEVl77nfGW1EnZRFa0OHbTycKoXVIBSoaAJbil6683ZWodn13s/t1mB+87HWVnCcfzVcC65jPDH0DM=&u=U2FsdGVkX1/N2E5mUZNsmD5/iGL2I6DHBAKHDk5jd/zgQ3YhfcpyeGVvZimshaZt&y=U2FsdGVkX19XfIGutXlvNR8JKsk0V3U/IfUMZ/gebp0CkfhQl9PV4ADhSYjEFFzh HTTP/1.1" 200 97
191.106.213.147 - - [01/May/2023:00:37:27 -0500] "GET /kwssiamovil/sm/acme/s?s=U2FsdGVkX1/YvFAyCRydrWJ9HO13dUCOoI7BdBY9hCQyoAkAVJGpve8nHXf3kJeZGlzjx5z/emTM7ARLacbW4e7/PXMYN81fbX+m9B0SCS/xg9usld994SvxtPpfNznoAKNkD1TfOyKt3OKnRglI6AxTV+UaZ/8DN83AYy5tQGR3Kj9Mk3/SCm1sD+f7dbXkN+MnjxCvTgdkwuwKc0Mxo+yc3RXmxOcMj3oaxm0HqwNbOMVuTAzpu0WtUFAV64BqFFyn4LwnZr/g8UZ1h57fQ9xPwR3tsURwVKI8VE/hEw3wOAlwYcFKCzulLuw0zK1PyUm88bygC2Hmt2F+NkLq5PsRkwvTZrMSGMzoAT5kBeqL7OWa9VG1DPXp5NiVEptlFEEWC+xOYf3+8IP4e5pyOIso/0q2u/1z9/H3NU+maoriDFHCnqi8x3+g08+2tSJZn88wesTlvcqmEUghBBvpCpYRg9hrgdF+ZpZZBmaBdWM+g3/eolz08fBAGVH8vW1sS7WTDFbqwX8vvGlQE5l3a3L/w1k2kC0on0XvxpgMIPPvSXIhSYv/qs4hnWUv65hclU5waecEczxJhNJr3hfUrLNLB6xeuLJ4B0QW8NOfyFqSFIFjHO4EiAmy0tshF6wukmbAz3M7waqbcabvuV5yHoOC3/9jhFcL+wuIMbq17QYO/cedmtff/3zGW9mYMJjJX+XmlimqMBzupj8JwdZO0h725s9KfyY56uFBHHbjNLZc+wtHoX4+4LCECEMuFdRcUg1n4IvWvsV3p/GbLoSFFOyJakmcOfGKmzaPMRmgSAwsKNXY1t3AzzGYetHwroPxYfNHHQh47kAN4geSzogSZ8N7OXMIWxE4fqNU2uJHsDVCQG3JCFQ788i6Id5A0naHyf0OwUFKcdL6ttxqMv1Oh2a4TdB19EVTbsSo6bRq7Jj76eZkDC8jXRgu7SllJJm9HGIXXocSzT4nzTID7foJRoU9B2laHp2sId2DCfgU1fo0OWU156RAOyHeL4PBDQdBQm5BEIEYZc+blRCfsTKFlitQM7s5SA+h9Nu3lBml708xrzuvHJs2rmTycYuTbhaBauyHinOViaUMdmel2XbeAncFkUlUtweGHuhvoirEwnuiUs2Zg+Ojw5BC2Pj074Z4pWmAkdoIiqTEwFj5rrM36z/2xx0Xi+VSqseH4Ev6Zj0JYP/YyVX5+3tUddg9GFD3uBiMIzQAOpiFgMTry4WUHjqkG1CWVwuJuneBW6qJEMkSFnerfzZSwGMRPRmrevyygerk9ubshoJbrDU0ANuU0qkDNIu1yxN7sP5Bz5NomgYkUFlVcNYSxhbIn3WPc6IBfPmb6MwNUufC06LgKnMwi0mtYQImkYa+fzz6Iw4re7fsQIwrHfT9XtkS3hriIB6HtIrs1coHnac5zMy6zf+pOkQ6o4/7nwEZgHthO7lMFkc=&u=U2FsdGVkX1/N2E5mUZNsmD5/iGL2I6DHBAKHDk5jd/zgQ3YhfcpyeGVvZimshaZt&y=U2FsdGVkX19XfIGutXlvNR8JKsk0V3U/IfUMZ/gebp0CkfhQl9PV4ADhSYjEFFzh HTTP/1.1" 200 365
191.106.213.147 - - [01/May/2023:00:37:28 -0500] "GET /kwssiamovil/sm/acme/s?s=U2FsdGVkX1+NclIdT0Ql0bvx6QoiVXbpG9olp01ld4Khp0V5HSCSyVqw85Es044tYh1lfWCiHLzd/GPfrMuayrXKYUL0RADdtnO8vbR91mIYpcIpIrYlSto7vBNDj9jzKch0wAqqFyB0Rq9nM0C1xErkFMWxldRTeDFS1pgnOSDQ3/0vzqf9erbs465KcLuO8wrwS/lvH/HAL8qihQCOIpq1L74MfPmU/rQv237mtj7ZMeJDNqclM36AvzxjPGJnYw3rHvFnCeYl451NG4Io1ZQLbDW50DbBL48XVN4SnIWlkIIVyqWcr7gs6ik3yWVAUYFoTUgtH/KImGOz5ksdp5TS1LG6AzEUDWRv4vuVjhQ=&u=U2FsdGVkX1/N2E5mUZNsmD5/iGL2I6DHBAKHDk5jd/zgQ3YhfcpyeGVvZimshaZt&y=U2FsdGVkX19XfIGutXlvNR8JKsk0V3U/IfUMZ/gebp0CkfhQl9PV4ADhSYjEFFzh HTTP/1.1" 200 196
191.106.213.147 - - [01/May/2023:00:37:28 -0500] "GET /kwssiamovil/sm/cjson/pre?f=1&x=U2FsdGVkX1+TsoK9lAglsHIAv6cPxI9oZk/40w0a7LJ+zctGyG6BFvaNH0q9Gi0Y HTTP/1.1" 200 31032
216.245.221.92 - - [01/May/2023:00:38:19 -0500] "HEAD / HTTP/1.1" 200 -
201.245.192.253 - - [01/May/2023:00:39:13 -0500] "POST /kwsrmcab/Wsrmcab HTTP/1.1" 200 43158
201.245.192.253 - - [01/May/2023:00:39:16 -0500] "POST /kwsrmcab/Wsrmcab HTTP/1.1" 200 43316
152.61.128.50 - - [01/May/2023:00:40:35 -0500] "GET / HTTP/1.1" 200 319
172.22.2.4 - - [01/May/2023:00:39:22 -0500] "HEAD /BLA/boletinlegal/ HTTP/1.1" 200 -
201.245.192.253 - - [01/May/2023:00:41:19 -0500] "POST /kwsrmcab/Wsrmcab  HTTP/1.1" 200 41796
172.22.2.4 - - [01/May/2023:00:40:12 -0500] "GET /BLA/boletinlegal/ HTTP/1.1" 200 58307
191.106.213.147 - - [01/May/2023:00:43:09 -0500] "OPTIONS /kwssiamovil/sm/setfile/f? HTTP/1.1" 200 13
191.106.213.147 - - [01/May/2023:00:43:10 -0500] "POST /kwssiamovil/sm/setfile/f? HTTP/1.1" 200 381
216.245.221.92 - - [01/May/2023:00:43:19 -0500] "HEAD / HTTP/1.1" 200 -
191.106.213.147 - - [01/May/2023:00:43:28 -0500] "GET /kwssiamovil/sm/acme/a?s=U2FsdGVkX18rhvTGZBiak5KCdu0FDoZvWyWR3GVojs43arv7H/NArJwYBZH9TPWi8LEyQoy32p01hUY8805AQAu73m5Yfg1+1AdaEjrDAeR/nw5HpBix8QEUdQUvW67KpcRrvN4AI3J2FUXG/UB2HYMulC/WbnqjPJ2K5g6mdwGyIeaf6KVvkmfv96QBLm+FSE5ptT43KFx9dPHUPAyScyGkHqRHAsTfkIwzIR3KqR4oLfJL+K2Fa/dv3WzjUZPTsXvXBP/XpActu04Oh5rrGw==&u=U2FsdGVkX1/N2E5mUZNsmD5/iGL2I6DHBAKHDk5jd/zgQ3YhfcpyeGVvZimshaZt&y=U2FsdGVkX19XfIGutXlvNR8JKsk0V3U/IfUMZ/gebp0CkfhQl9PV4ADhSYjEFFzh HTTP/1.1" 200 26
191.106.213.147 - - [01/May/2023:00:43:29 -0500] "GET /kwssiamovil/sm/acme/a?s=U2FsdGVkX1/VaBd63oNpVWLGZGVmWOxsqAMrhidTWB4kK+mYZn8RJ70UfiDAT56PDV8tyQc1am8Gqnvdw/8HCrGl6xoHhn+OoxXzTXLLIzS+oIHZ4nXwMfHmBd5bUHeUIY6lIGVtMy9clXlIBRQ7cg+KaVN1qHSIa1LmBeM07CLH9h857i+HJz0W3baFwcqHVBPPh582bDQ/r99OPWw5+BBsqXuyIqo6bqllVIri7OMVx9eg1alK43JDr+s6qykVNGSH35IaQxZvhCs9dcfXTsPTTxfZuvAeUQpjw5nZT2gPS6nda0dWYExRmRboayMic5xs0VtV28mi7HToYWIaO0X1wut+SiiAwzpmwnQsA2CyBaryIFXADIl6sa0FFtA+COHw67XTOpQZ0WgKJxLceIV0cXdC2FJb77CmkAu1UJ57k19P/HPOFI+O6quQGr/GqVbuE4y8T7iL916JOcE3vEbpgtuELLtjCI4BD2eBtBB+XD6eDv974NijcfIlDYmG79kHmG3aSp3GGKit3e1zDptVseEH9rtZZkzJuHZal1AS8lFn11K6uPpNzqyptiPNoBIXZVUPp4dJCGLXoUVynSjvaohF1HcEfoaBVKTQvprh9dn337ulGwETXJjvkPnA6b2NWCXxOMotKIBojaILfzciYD+qDB30ejWyOFqvk0h8cbRifQ1XIKfROSqsL/vbegXp+0dN8SkDWWnOwnukeMr4hkI1/f32ZfoaJLmeMCiJH99EtY8g80X9acDH/o/N62ryeZmpQt73girRAMMDaqHyeaUFUsFxAfwW6w9939/hNIJ/5PXcXio6rAuB3B6a4npcrwwa3T5CpabKzSYe0nIsTxBGZrR/rP3sDAl9m2o79g+PuAWK/6Uv2IlIlgEmAMiERhn00eFjo/JQsLVSJQ==&u=U2FsdGVkX1/N2E5mUZNsmD5/iGL2I6DHBAKHDk5jd/zgQ3YhfcpyeGVvZimshaZt&y=U2FsdGVkX19XfIGutXlvNR8JKsk0V3U/IfUMZ/gebp0CkfhQl9PV4ADhSYjEFFzh HTTP/1.1" 200 26
191.106.213.147 - - [01/May/2023:00:43:30 -0500] "GET /kwssiamovil/sm/acme/a?s=U2FsdGVkX1970jmhNWdG3Hg2p1Qlab/n0jm85/D6ycG5cqPrzvWGNf9loYzCV54iYrM7vJ6SptY8iwVFwYAKmRx9oAKhSBRSFsjkj4Mx+zKefRvTk/ts7oLi7F8aWG+uGiAQUm4IhPvLleQM+BYwtp0GliCq52YqxxlCJsM8RqU=&u=U2FsdGVkX1/N2E5mUZNsmD5/iGL2I6DHBAKHDk5jd/zgQ3YhfcpyeGVvZimshaZt&y=U2FsdGVkX19XfIGutXlvNR8JKsk0V3U/IfUMZ/gebp0CkfhQl9PV4ADhSYjEFFzh HTTP/1.1" 200 26
40.77.139.78 - - [01/May/2023:00:43:30 -0500] "GET /galeria/nivo-slider/themes/pascal/pascal.css HTTP/1.1" 200 2258
191.106.213.147 - - [01/May/2023:00:43:30 -0500] "GET /kwssiamovil/sm/acme/a?s=U2FsdGVkX1+y3k8W66EFaJkhK1pK8rkQexuXL2u4jPzzB0wi6e/j6vQQF6zMNgIIUuSa10M5KpEORxGt0ShQ1Z/nRLm4Tqd7NvyO0MC2DJhTEp0pMlXw8Od7kZ4pMsaIqgKF/CCyR7rbEzlITGO2ojVyMxmbvxIlmHeoqS2N70E=&u=U2FsdGVkX1/N2E5mUZNsmD5/iGL2I6DHBAKHDk5jd/zgQ3YhfcpyeGVvZimshaZt&y=U2FsdGVkX19XfIGutXlvNR8JKsk0V3U/IfUMZ/gebp0CkfhQl9PV4ADhSYjEFFzh HTTP/1.1" 200 26
40.77.139.78 - - [01/May/2023:00:43:30 -0500] "GET /galeria/nivo-slider/themes/default/default.css HTTP/1.1" 200 1569
40.77.139.78 - - [01/May/2023:00:43:30 -0500] "GET /galeria/nivo-slider/nivo-slider.css HTTP/1.1" 200 1507
40.77.139.78 - - [01/May/2023:00:43:30 -0500] "GET /galeria/nivo-slider/themes/orman/orman.css HTTP/1.1" 200 2152
40.77.139.78 - - [01/May/2023:00:43:30 -0500] "GET /galeria/nivo-slider/demo/scripts/jquery-1.7.1.min.js HTTP/1.1" 200 93868
40.77.139.78 - - [01/May/2023:00:43:30 -0500] "GET /galeria/nivo-slider/jquery.nivo.slider.pack.js HTTP/1.1" 200 11561
191.106.213.147 - - [01/May/2023:00:43:31 -0500] "GET /kwssiamovil/sm/acme/a?s=U2FsdGVkX19lEqq+GiymJe6Nz8e9i5jcGyrUUcR+ni71BipdqGYEM4vDWRI39hhi1Y/7VeWH670tT4ElelhgaXsdtOAWUah3OO5A26pqA5L+VTxQMycVFAiJUkvvbCHaubPdQNCZhJXCq/b8sIQaCciHFcI2te+DVjbffnUMvCQ=&u=U2FsdGVkX1/N2E5mUZNsmD5/iGL2I6DHBAKHDk5jd/zgQ3YhfcpyeGVvZimshaZt&y=U2FsdGVkX19XfIGutXlvNR8JKsk0V3U/IfUMZ/gebp0CkfhQl9PV4ADhSYjEFFzh HTTP/1.1" 200 26
40.77.139.78 - - [01/May/2023:00:43:31 -0500] "GET /galeria/nivo-slider/demo/style.css HTTP/1.1" 200 2222
191.106.213.147 - - [01/May/2023:00:43:31 -0500] "GET /kwssiamovil/sm/acme/a?s=U2FsdGVkX182cp1RiCZdC/tjG3KB0hF1EX1I6JvWGuEcSa0QQ9vg2nVXMdDk09iniv1IsByzzz6uyojEAf+KhxTA9ES4qx5TCnjEARCosdzXzD8rwI/boPko8MBZX2SERLEL50dkICwFDcd9MOUmcPC+8N6uYz3sk02I3dDepqA3xMb/jmpgbep3jMeL5lCtiSVVHGK2otPCULh/ZhdNPg==&u=U2FsdGVkX1/N2E5mUZNsmD5/iGL2I6DHBAKHDk5jd/zgQ3YhfcpyeGVvZimshaZt&y=U2FsdGVkX19XfIGutXlvNR8JKsk0V3U/IfUMZ/gebp0CkfhQl9PV4ADhSYjEFFzh HTTP/1.1" 200 26
191.106.213.147 - - [01/May/2023:00:43:31 -0500] "GET /kwssiamovil/sm/acme/a?s=U2FsdGVkX1/8YJc5tbDIgkwWN+qp6iEyVY6LLgO9mxKdLKGWNAzHxxM1MSATuaXvn2ntWNMTVF7nTszes/PEFrfW55XrJuY6s8qP9LtkdOH7SbjUn5UNREXUYMq6pIabToOgJpnrKm0xWe3SXHni1+X1YNAeEytwyXG/HNiw71vIJyPl1NjQwvif2RbVznjDkfIG26+EqyUW2JlOAJ6momLxo7NQE2qBDQ1DedA6w7eVe6A6f5fSk66B/h6n3Wq+AnqYtquSbQ43MLgcsgu0PBlt6hHpW8cmVASiCiz5rVrb2BycrBtamEkeFqLQSWPEXK66WQM9VRvsB9I/UAWBprIkr7F2nBJ5L3CzAysWHiGGsjJ/Mx05/a9/nfX7QK3Swy0gByKe3DDDQmtwjkNObeNyeOlJUbbbOXtJbzyw/mI+sK+hmOeNspYV1f9EbeKotYOlKs3XhHBqsO5qC+OewzvyXeya0m0TdiYqnR7Cfh5KUsQgHZpH7un6lrNzya6i&u=U2FsdGVkX1/N2E5mUZNsmD5/iGL2I6DHBAKHDk5jd/zgQ3YhfcpyeGVvZimshaZt&y=U2FsdGVkX19XfIGutXlvNR8JKsk0V3U/IfUMZ/gebp0CkfhQl9PV4ADhSYjEFFzh HTTP/1.1" 200 25
191.106.213.147 - - [01/May/2023:00:43:32 -0500] "GET /kwssiamovil/sm/acme/a?s=U2FsdGVkX1+2u3bFFy02EydYmhx6xlaYi5DUZAJrdYc05nE01zAtpvR5DieBSMhtn5tvZaFdjNoTEqiNr+NoMqYWpoPH6nspdbPo46inC6UwIeneNUr9QXdm8t8sy8oEKOGl7z8ZrhY/WHRafTwIS3/IDPCLv68xC4BAOj+L8FwsYQ9OkZvMrXBrSrRzLnzQAHKDa2wfRHdoHOYXCK4byoMJvlBUVDNQmcDoCTUpI1l1+lahTmybtDHrsfolsbH6fU+8RjPb10/lDXH/M383jKsEiBgUWlR8vP5ig9HpQHpT5WuCxMgxu0AuCjO2ZQdJJuaNSmyeMcMHEtDWlq2RIjiJ/b94q7ZtE9Tg1V3y4SC4kRd6N4pPQDyUurqXj5y7IJ75afFCl7lfBSefvJXidZ+hzhI58nwdWfcMNGrQSNnmcuwzVzjs5r7tD9qmwTOhcoRWnvW0XdhvunC3ZxQhiQFEkRrXvkb0KOvvy1LFB8o=&u=U2FsdGVkX1/N2E5mUZNsmD5/iGL2I6DHBAKHDk5jd/zgQ3YhfcpyeGVvZimshaZt&y=U2FsdGVkX19XfIGutXlvNR8JKsk0V3U/IfUMZ/gebp0CkfhQl9PV4ADhSYjEFFzh HTTP/1.1" 200 25
172.22.2.4 - - [01/May/2023:00:43:56 -0500] "GET /BLA/boletinlegal/Public/home/js/check.js HTTP/1.1" 404 1018
172.22.2.4 - - [01/May/2023:00:43:58 -0500] "GET /BLA/boletinlegal/static/admin/javascript/hetong.js HTTP/1.1" 404 1018
172.22.2.4 - - [01/May/2023:00:42:26 -0500] "GET /BLA/boletinlegal/ HTTP/1.1" 200 61759
201.245.192.253 - - [01/May/2023:00:46:19 -0500] "POST /kwsrmcab/Wsrmcab  HTTP/1.1" 200 41796
157.55.39.224 - - [01/May/2023:00:46:49 -0500] "GET /BLA/resoluciones/AUTOS%202021/3271.pdf HTTP/1.1" 304 -
172.22.2.4 - - [01/May/2023:00:45:12 -0500] "HEAD /BLA/boletinlegal/ HTTP/1.1" 200 -
172.22.2.4 - - [01/May/2023:00:46:02 -0500] "GET /BLA/boletinlegal/ HTTP/1.1" 200 53561
172.22.2.4 - - [01/May/2023:00:47:15 -0500] "GET /BLA/boletinlegal/ HTTP/1.1" 200 28619
40.77.167.94 - - [01/May/2023:00:48:05 -0500] "GET /BLA/resoluciones/index.php?dir=AUTOS+2012%2F HTTP/1.1" 200 276152
216.245.221.92 - - [01/May/2023:00:48:19 -0500] "HEAD / HTTP/1.1" 200 -
200.118.60.119 - - [01/May/2023:00:49:27 -0500] "GET /BLA/resoluciones/dlf/styles.css HTTP/1.1" 200 3049
200.118.60.119 - - [01/May/2023:00:49:27 -0500] "GET /BLA/resoluciones/dlf/dirup.png HTTP/1.1" 200 644
200.118.60.119 - - [01/May/2023:00:49:27 -0500] "GET /BLA/resoluciones/dlf/pdf.gif HTTP/1.1" 200 272
200.118.60.119 - - [01/May/2023:00:49:27 -0500] "GET /BLA/resoluciones/dlf/bg.gif HTTP/1.1" 200 54
200.118.60.119 - - [01/May/2023:00:49:26 -0500] "GET /BLA/resoluciones/index.php?dir=AUTOS+2019%2F HTTP/1.1" 200 376732
200.118.60.119 - - [01/May/2023:00:49:29 -0500] "GET /BLA/resoluciones/ HTTP/1.1" 200 13502
200.118.60.119 - - [01/May/2023:00:49:29 -0500] "GET /BLA/resoluciones/dlf/folder.png HTTP/1.1" 200 410
200.118.60.119 - - [01/May/2023:00:49:32 -0500] "GET /BLA/resoluciones/index.php?dir=AUTOS+2017%2F HTTP/1.1" 200 73675
200.118.60.119 - - [01/May/2023:00:49:32 -0500] "GET /BLA/resoluciones/index.php?dir=AUTOS+2017%2F HTTP/1.1" 200 468320
40.77.167.94 - - [01/May/2023:00:50:44 -0500] "GET /BLA/resoluciones/AUTOS%202016/2926.pdf HTTP/1.1" 200 397274
201.245.192.253 - - [01/May/2023:00:51:18 -0500] "POST /kwsrmcab/Wsrmcab  HTTP/1.1" 200 41796
172.22.2.4 - - [01/May/2023:00:51:02 -0500] "HEAD /BLA/boletinlegal/ HTTP/1.1" 200 -
66.249.69.239 - - [01/May/2023:00:53:02 -0500] "-" 408 -
40.77.167.86 - - [01/May/2023:00:53:02 -0500] "GET /BLA/resoluciones/RESOLUCIONES%202009/0045.pdf HTTP/1.1" 200 553219
216.245.221.92 - - [01/May/2023:00:53:19 -0500] "HEAD / HTTP/1.1" 200 -
172.22.2.4 - - [01/May/2023:00:51:52 -0500] "GET /BLA/boletinlegal/ HTTP/1.1" 200 57151
172.22.2.4 - - [01/May/2023:00:54:55 -0500] "GET /BLA/boletinlegal/circulares/2018/circular%20no.%2011%20del%2024%20de%20septiembre%20de%202018.pdf HTTP/1.1" 200 169541
201.245.192.253 - - [01/May/2023:00:56:18 -0500] "POST /kwsrmcab/Wsrmcab  HTTP/1.1" 200 41796
40.77.167.86 - - [01/May/2023:00:57:52 -0500] "GET /galeria/galeria/fotos/Humedal-techo1G.jpg HTTP/1.1" 200 396540
216.245.221.92 - - [01/May/2023:00:58:19 -0500] "HEAD / HTTP/1.1" 200 -
172.22.2.4 - - [01/May/2023:00:56:52 -0500] "HEAD /BLA/boletinlegal/ HTTP/1.1" 200 -
172.22.2.4 - - [01/May/2023:00:57:43 -0500] "GET /BLA/boletinlegal/ HTTP/1.1" 200 55221
17.246.15.218 - - [01/May/2023:00:59:40 -0500] "-" 408 -
186.84.90.9 - - [01/May/2023:00:59:42 -0500] "GET /catalogoisis/Css/Busqueda.css HTTP/1.1" 200 1995
186.84.90.9 - - [01/May/2023:00:59:42 -0500] "GET /catalogoisis/ HTTP/1.1" 200 8575
186.84.90.9 - - [01/May/2023:00:59:42 -0500] "GET /catalogoisis/Js/AceptarLimpiar.js HTTP/1.1" 200 331
186.84.90.9 - - [01/May/2023:00:59:42 -0500] "GET /catalogoisis/Js/LimpiarCombinada.js HTTP/1.1" 200 207
186.84.90.9 - - [01/May/2023:00:59:42 -0500] "GET /catalogoisis/Js/Cookies.js HTTP/1.1" 200 1369
186.84.90.9 - - [01/May/2023:00:59:42 -0500] "GET /catalogoisis/Js/Remote.js HTTP/1.1" 200 436
186.84.90.9 - - [01/May/2023:00:59:42 -0500] "GET /catalogoisis/Js/CriterioCombinada.js HTTP/1.1" 200 1843
186.84.90.9 - - [01/May/2023:00:59:42 -0500] "GET /catalogoisis/Js/Go.js HTTP/1.1" 200 364
186.84.90.9 - - [01/May/2023:00:59:42 -0500] "GET /catalogoisis/Js/Numero.js HTTP/1.1" 200 398
186.84.90.9 - - [01/May/2023:00:59:42 -0500] "GET /catalogoisis/Js/Enter.js HTTP/1.1" 200 1208
186.84.90.9 - - [01/May/2023:00:59:42 -0500] "GET /catalogoisis/imagenes/br1c3.gif HTTP/1.1" 200 302
186.84.90.9 - - [01/May/2023:00:59:42 -0500] "GET /catalogoisis/imagenes/br1c1.gif HTTP/1.1" 200 172
186.84.90.9 - - [01/May/2023:00:59:42 -0500] "GET /catalogoisis/imagenes/limpiar1.gif HTTP/1.1" 200 606
186.84.90.9 - - [01/May/2023:00:59:42 -0500] "GET /catalogoisis/imagenes/Turnbo1.gif HTTP/1.1" 200 227
186.84.90.9 - - [01/May/2023:00:59:42 -0500] "GET /catalogoisis/imagenes/aceptar1.gif HTTP/1.1" 200 604
186.84.90.9 - - [01/May/2023:00:59:42 -0500] "GET /catalogoisis/imagenes/br2c2.gif HTTP/1.1" 200 302
186.84.90.9 - - [01/May/2023:00:59:42 -0500] "GET /catalogoisis/imagenes/br1c2.gif HTTP/1.1" 200 297
186.84.90.9 - - [01/May/2023:00:59:42 -0500] "GET /catalogoisis/imagenes/br2c1.gif HTTP/1.1" 200 297
186.84.90.9 - - [01/May/2023:00:59:42 -0500] "GET /catalogoisis/imagenes/br2c3.gif HTTP/1.1" 200 416
186.84.90.9 - - [01/May/2023:00:59:42 -0500] "GET /catalogoisis/imagenes/br3c1.gif HTTP/1.1" 200 177
186.84.90.9 - - [01/May/2023:00:59:42 -0500] "GET /catalogoisis/imagenes/br3c2.gif HTTP/1.1" 200 285
186.84.90.9 - - [01/May/2023:00:59:42 -0500] "GET /catalogoisis/imagenes/br3c3.gif HTTP/1.1" 200 186
186.84.90.9 - - [01/May/2023:00:59:42 -0500] "GET /catalogoisis/imagenes/Header.gif HTTP/1.1" 200 30313
186.84.90.9 - - [01/May/2023:00:59:42 -0500] "GET /favicon.ico HTTP/1.1" 200 7782
201.245.192.253 - - [01/May/2023:01:01:17 -0500] "POST /kwsrmcab/Wsrmcab  HTTP/1.1" 200 41796
172.22.2.4 - - [01/May/2023:01:02:45 -0500] "GET /BLA/boletinlegal/actos.php HTTP/1.1" 200 9682
40.77.167.120 - - [01/May/2023:01:03:13 -0500] "GET / HTTP/1.1" 200 319
216.245.221.92 - - [01/May/2023:01:03:19 -0500] "HEAD / HTTP/1.1" 200 -
172.22.2.4 - - [01/May/2023:01:02:56 -0500] "GET /BLA/boletinlegal/ HTTP/1.1" 200 24523
172.22.2.4 - - [01/May/2023:01:02:42 -0500] "HEAD /BLA/boletinlegal/ HTTP/1.1" 200 -
172.22.2.4 - - [01/May/2023:01:03:32 -0500] "GET /BLA/boletinlegal/ HTTP/1.1" 200 55221
172.22.2.4 - - [01/May/2023:01:05:30 -0500] "GET /BLA/boletinlegal/actos.php HTTP/1.1" 200 9682
201.245.192.253 - - [01/May/2023:01:06:16 -0500] "POST /kwsrmcab/Wsrmcab  HTTP/1.1" 200 41796
157.55.39.224 - - [01/May/2023:01:06:23 -0500] "GET / HTTP/1.1" 200 319
193.32.162.159 - - [01/May/2023:01:07:07 -0500] "GET / HTTP/1.1" 200 319
193.32.162.159 - - [01/May/2023:01:07:18 -0500] "GET /dispatch.asp HTTP/1.1" 404 1018
172.22.2.4 - - [01/May/2023:01:06:29 -0500] "GET /BLA/boletinlegal/ HTTP/1.1" 200 40907
216.245.221.92 - - [01/May/2023:01:08:19 -0500] "HEAD / HTTP/1.1" 200 -
146.75.208.3 - - [01/May/2023:01:08:29 -0500] "GET /images/Foto%20Di%C3%8C%C2%81a%20Mundial%20del%20Agua%20(1)%20(1).jpeg HTTP/1.1" 200 41770
172.22.2.4 - - [01/May/2023:01:08:32 -0500] "HEAD /BLA/boletinlegal/ HTTP/1.1" 200 -
172.22.2.4 - - [01/May/2023:01:09:22 -0500] "GET /BLA/boletinlegal/ HTTP/1.1" 200 59306
201.245.192.253 - - [01/May/2023:01:11:16 -0500] "POST /kwsrmcab/Wsrmcab  HTTP/1.1" 200 41796
186.155.19.91 - - [01/May/2023:01:11:34 -0500] "GET /BLA/resoluciones/AUTOS%202023/0138.pdf HTTP/1.1" 200 345014
216.245.221.92 - - [01/May/2023:01:13:19 -0500] "HEAD / HTTP/1.1" 200 -
152.61.192.232 - - [01/May/2023:01:13:27 -0500] "GET /arcgis/services/Calidad_del_Agua_WQI/MapServer/WMSServer?request=GetCapabilities&service=WMS HTTP/1.1" 503 1020
152.61.192.232 - - [01/May/2023:01:13:29 -0500] "GET /arcgis/services/Calidad_del_Agua_WQI/MapServer/WMSServer?SERVICE=WMS&REQUEST=GetCapabilities HTTP/1.1" 503 1020
152.61.192.232 - - [01/May/2023:01:13:29 -0500] "GET /arcgis/services/Calidad_del_Agua_WQI/MapServer/WMSServer?WMTVER=1.0.0&REQUEST=capabilities HTTP/1.1" 503 1020
173.252.83.120 - - [01/May/2023:01:14:57 -0500] "GET /images/Acuerdos%2001%20(1)%20(1).jpeg HTTP/1.1" 200 32884
74.125.218.24 - - [01/May/2023:01:15:26 -0500] "GET / HTTP/1.1" 200 4720
172.22.2.4 - - [01/May/2023:01:14:22 -0500] "HEAD /BLA/boletinlegal/ HTTP/1.1" 200 -
201.245.192.253 - - [01/May/2023:01:16:14 -0500] "POST /kwsrmcab/Wsrmcab  HTTP/1.1" 200 41796
172.22.2.4 - - [01/May/2023:01:15:12 -0500] "GET /BLA/boletinlegal/ HTTP/1.1" 200 57561
172.22.2.4 - - [01/May/2023:01:17:09 -0500] "GET /BLA/boletinlegal/ HTTP/1.1" 200 24523
40.77.167.86 - - [01/May/2023:01:18:04 -0500] "GET /BLA/resoluciones/AUTOS%202018/3003.pdf HTTP/1.1" 200 264917
216.245.221.92 - - [01/May/2023:01:18:19 -0500] "HEAD / HTTP/1.1" 200 -
201.245.192.253 - - [01/May/2023:01:19:12 -0500] "POST /kwsrmcab/Wsrmcab HTTP/1.1" 200 42835
201.245.192.253 - - [01/May/2023:01:19:16 -0500] "POST /kwsrmcab/Wsrmcab HTTP/1.1" 200 43146
172.22.2.4 - - [01/May/2023:01:19:38 -0500] "GET /BLA/boletinlegal/robots.txt HTTP/1.1" 404 1038
172.22.2.4 - - [01/May/2023:01:19:46 -0500] "GET /BLA/boletinlegal/actos.php HTTP/1.1" 200 9682
40.77.167.86 - - [01/May/2023:01:20:44 -0500] "GET /BLA/resoluciones/index.php?dir=RESOLUCIONES+2022%2F HTTP/1.1" 200 300901
40.77.167.94 - - [01/May/2023:01:20:49 -0500] "GET /galeria/galeria/jquery.fancybox.css?v=2.1.5 HTTP/1.1" 200 4895
201.245.192.253 - - [01/May/2023:01:21:13 -0500] "POST /kwsrmcab/Wsrmcab  HTTP/1.1" 200 41796
172.22.2.4 - - [01/May/2023:01:20:12 -0500] "HEAD /BLA/boletinlegal/ HTTP/1.1" 200 -
172.22.2.4 - - [01/May/2023:01:21:02 -0500] "GET /BLA/boletinlegal/ HTTP/1.1" 200 55221
172.22.2.4 - - [01/May/2023:01:23:11 -0500] "GET /BLA/boletinlegal/actos.php HTTP/1.1" 200 9682
190.0.241.186 - - [01/May/2023:01:23:13 -0500] "GET /BLA/resoluciones/ HTTP/1.1" 200 13502
190.0.241.186 - - [01/May/2023:01:23:17 -0500] "GET /BLA/resoluciones/index.php?dir=RESOLUCIONES+2022%2F HTTP/1.1" 200 300901
216.245.221.92 - - [01/May/2023:01:23:19 -0500] "HEAD / HTTP/1.1" 200 -
118.184.177.50 - - [01/May/2023:01:23:51 -0500] "GET / HTTP/1.1" 200 319
152.61.128.50 - - [01/May/2023:01:24:56 -0500] "GET /arcgis/services/Calidad_del_Agua_WQI/MapServer/WMSServer?request=GetCapabilities&service=WMS HTTP/1.1" 503 1020
152.61.128.50 - - [01/May/2023:01:24:57 -0500] "GET /arcgis/services/Calidad_del_Agua_WQI/MapServer/WMSServer?SERVICE=WMS&REQUEST=GetCapabilities HTTP/1.1" 503 1020
152.61.128.50 - - [01/May/2023:01:24:57 -0500] "GET /arcgis/services/Calidad_del_Agua_WQI/MapServer/WMSServer?WMTVER=1.0.0&REQUEST=capabilities HTTP/1.1" 503 1020
199.16.157.182 - - [01/May/2023:01:25:16 -0500] "GET /si-tienes-ropa-y-calzado-que-ya-no-usas-aca-te-presentamos-seis-puntos-a-donde-los-puedes-llevar.html HTTP/1.1" 200 872
199.16.157.183 - - [01/May/2023:01:25:16 -0500] "GET /images/prendas-1_optimized.jpeg HTTP/1.1" 200 65869
201.245.192.253 - - [01/May/2023:01:26:12 -0500] "POST /kwsrmcab/Wsrmcab  HTTP/1.1" 200 41796
172.22.2.4 - - [01/May/2023:01:26:02 -0500] "HEAD /BLA/boletinlegal/ HTTP/1.1" 200 -
216.245.221.92 - - [01/May/2023:01:28:19 -0500] "HEAD / HTTP/1.1" 200 -
172.22.2.4 - - [01/May/2023:01:26:52 -0500] "GET /BLA/boletinlegal/ HTTP/1.1" 200 57561
201.245.192.253 - - [01/May/2023:01:29:13 -0500] "POST /kwsrmcab/Wsrmcab HTTP/1.1" 200 42835
201.245.192.253 - - [01/May/2023:01:29:16 -0500] "POST /kwsrmcab/Wsrmcab HTTP/1.1" 200 43146
52.167.144.33 - - [01/May/2023:01:29:39 -0500] "GET /animales-recuperados-en-san-cristobal-y-ciudad-bolivar-son-atendidos-en-el-centro-de-flora-de-la-secretaria-de-ambiente.html HTTP/1.1" 200 1056
172.22.2.4 - - [01/May/2023:01:30:01 -0500] "GET /BLA/boletinlegal/actuator/gateway/routes HTTP/1.1" 404 1018
52.167.144.33 - - [01/May/2023:01:30:09 -0500] "GET /distrito-levanta-alerta-fase-1-por-calidad-del-aire-en-bogota-llamado-a-no-bajar-la-guardia-y-seguir-reduciendo-emisiones.html HTTP/1.1" 304 -
201.245.192.253 - - [01/May/2023:01:31:11 -0500] "POST /kwsrmcab/Wsrmcab  HTTP/1.1" 200 41796
172.22.2.4 - - [01/May/2023:01:31:19 -0500] "GET /BLA/boletinlegal/actos.php HTTP/1.1" 200 9682
190.0.241.186 - - [01/May/2023:01:31:20 -0500] "GET /BLA/resoluciones/ HTTP/1.1" 200 13502
172.22.2.4 - - [01/May/2023:01:31:26 -0500] "GET /BLA/boletinlegal/actos.php HTTP/1.1" 200 9682
190.0.241.186 - - [01/May/2023:01:31:28 -0500] "GET /BLA/resoluciones/ HTTP/1.1" 200 13502
190.0.241.186 - - [01/May/2023:01:31:34 -0500] "GET /BLA/resoluciones/index.php?dir=RESOLUCIONES+2004%2F HTTP/1.1" 200 31994
190.0.241.186 - - [01/May/2023:01:31:36 -0500] "GET /BLA/resoluciones/index.php?dir=RESOLUCIONES+2004%2F HTTP/1.1" 200 31994
190.0.241.186 - - [01/May/2023:01:31:36 -0500] "GET /favicon.ico HTTP/1.1" 200 7782
190.0.241.186 - - [01/May/2023:01:31:41 -0500] "GET /BLA/resoluciones/index.php?dir=RESOLUCIONES+2004%2FRES+2004+51-100%2F HTTP/1.1" 200 11980
190.0.241.186 - - [01/May/2023:01:31:41 -0500] "GET /BLA/resoluciones/dlf/unknown.png HTTP/1.1" 200 266
190.0.241.186 - - [01/May/2023:01:31:44 -0500] "GET /BLA/resoluciones/RESOLUCIONES%202004/RES%202004%2051-100/00000080.tif HTTP/1.1" 200 1926760
190.0.241.186 - - [01/May/2023:01:32:22 -0500] "GET /BLA/resoluciones/index.php?dir=RESOLUCIONES+2004%2FRES+2004+1301-1350%2F HTTP/1.1" 200 12341
190.0.241.186 - - [01/May/2023:01:32:26 -0500] "GET /BLA/resoluciones/RESOLUCIONES%202004/RES%202004%201301-1350/00001342.tif HTTP/1.1" 200 710852
190.0.241.186 - - [01/May/2023:01:32:48 -0500] "GET /BLA/resoluciones/index.php?dir=RESOLUCIONES+2004%2FRES+2004+251-300%2F HTTP/1.1" 200 12044
190.0.241.186 - - [01/May/2023:01:32:50 -0500] "GET /BLA/resoluciones/RESOLUCIONES%202004/RES%202004%20251-300/00000300.tif HTTP/1.1" 200 197882
190.0.241.186 - - [01/May/2023:01:33:14 -0500] "GET /BLA/resoluciones/index.php?dir=RESOLUCIONES+2004%2FRES+2004+701-750%2F HTTP/1.1" 200 12059
190.0.241.186 - - [01/May/2023:01:33:15 -0500] "GET /BLA/resoluciones/RESOLUCIONES%202004/RES%202004%20701-750/00000715.tif HTTP/1.1" 200 128154
216.245.221.92 - - [01/May/2023:01:33:19 -0500] "HEAD / HTTP/1.1" 200 -
190.0.241.186 - - [01/May/2023:01:33:28 -0500] "GET /BLA/resoluciones/index.php?dir=RESOLUCIONES+2005%2F HTTP/1.1" 200 49518
190.0.241.186 - - [01/May/2023:01:33:36 -0500] "GET /BLA/resoluciones/index.php?dir=RESOLUCIONES+2005%2FRES+2005++1601-1650%2F HTTP/1.1" 200 12426
190.0.241.186 - - [01/May/2023:01:33:41 -0500] "GET /BLA/resoluciones/RESOLUCIONES%202005/RES%202005%20%201601-1650/00001637.tif HTTP/1.1" 200 203788
172.22.2.4 - - [01/May/2023:01:32:12 -0500] "GET /BLA/boletinlegal/ HTTP/1.1" 200 61759
190.0.241.186 - - [01/May/2023:01:34:18 -0500] "GET /BLA/resoluciones/index.php?dir=RESOLUCIONES+2005%2F HTTP/1.1" 200 49518
190.0.241.186 - - [01/May/2023:01:34:28 -0500] "GET /BLA/resoluciones/index.php?dir=RESOLUCIONES+2005%2FRES+2005+2751-2800%2F HTTP/1.1" 200 12345
190.0.241.186 - - [01/May/2023:01:34:31 -0500] "GET /BLA/resoluciones/RESOLUCIONES%202005/RES%202005%202751-2800/00002794.tif HTTP/1.1" 200 332214
190.0.241.186 - - [01/May/2023:01:34:43 -0500] "GET /BLA/resoluciones/index.php?dir=RESOLUCIONES+2006%2F HTTP/1.1" 200 38542
190.0.241.186 - - [01/May/2023:01:34:44 -0500] "GET /BLA/resoluciones/index.php?dir=RESOLUCIONES+2006%2FRES+2006+1-50%2F HTTP/1.1" 200 11867
190.0.241.186 - - [01/May/2023:01:34:45 -0500] "GET /BLA/resoluciones/RESOLUCIONES%202006/RES%202006%201-50/00000002.tif HTTP/1.1" 200 164722
190.0.241.186 - - [01/May/2023:01:34:48 -0500] "GET /BLA/resoluciones/RESOLUCIONES%202006/RES%202006%201-50/00000001.tif HTTP/1.1" 200 273806
190.0.241.186 - - [01/May/2023:01:35:18 -0500] "GET /BLA/resoluciones/index.php?dir=RESOLUCIONES+2006%2FRES+2006+251-300%2F HTTP/1.1" 200 12236
190.0.241.186 - - [01/May/2023:01:35:21 -0500] "GET /BLA/resoluciones/RESOLUCIONES%202006/RES%202006%20251-300/00000300.tif HTTP/1.1" 200 235992
190.0.241.186 - - [01/May/2023:01:35:33 -0500] "GET /BLA/resoluciones/index.php?dir=RESOLUCIONES+2006%2FRES+2006+1851-1900%2F HTTP/1.1" 200 12364
190.0.241.186 - - [01/May/2023:01:35:37 -0500] "GET /BLA/resoluciones/RESOLUCIONES%202006/RES%202006%201851-1900/00001895.tif HTTP/1.1" 200 383234
190.0.241.186 - - [01/May/2023:01:36:00 -0500] "GET /BLA/resoluciones/index.php?dir=RESOLUCIONES+2011%2F HTTP/1.1" 200 746823
190.0.241.186 - - [01/May/2023:01:36:04 -0500] "GET /BLA/resoluciones/RESOLUCIONES%202011/2305.pdf HTTP/1.1" 200 379268
190.0.241.186 - - [01/May/2023:01:36:07 -0500] "GET /BLA/resoluciones/RESOLUCIONES%202011/2307.pdf HTTP/1.1" 200 503041
201.245.192.253 - - [01/May/2023:01:36:13 -0500] "POST /kwsrmcab/Wsrmcab  HTTP/1.1" 503 1020
201.245.192.253 - - [01/May/2023:01:37:13 -0500] "POST /kwsrmcab/Wsrmcab  HTTP/1.1" 503 1020
216.245.221.92 - - [01/May/2023:01:38:19 -0500] "HEAD / HTTP/1.1" 200 -
172.22.2.4 - - [01/May/2023:01:37:12 -0500] "HEAD /BLA/boletinlegal/ HTTP/1.1" 200 -
201.245.192.253 - - [01/May/2023:01:38:12 -0500] "POST /kwsrmcab/Wsrmcab  HTTP/1.1" 200 17965
201.245.192.253 - - [01/May/2023:01:39:13 -0500] "POST /kwsrmcab/Wsrmcab HTTP/1.1" 200 42835
201.245.192.253 - - [01/May/2023:01:39:16 -0500] "POST /kwsrmcab/Wsrmcab HTTP/1.1" 200 43146
201.245.192.253 - - [01/May/2023:01:39:21 -0500] "POST /kwsrmcab/Wsrmcab  HTTP/1.1" 200 41796
172.22.2.4 - - [01/May/2023:01:38:02 -0500] "GET /BLA/boletinlegal/ HTTP/1.1" 200 53114
201.245.192.253 - - [01/May/2023:01:40:20 -0500] "POST /kwsrmcab/Wsrmcab  HTTP/1.1" 200 41796
40.77.167.94 - - [01/May/2023:01:42:18 -0500] "GET /forest/ HTTP/1.1" 200 12041
172.22.2.4 - - [01/May/2023:01:42:25 -0500] "GET /BLA/boletinlegal/actos.php HTTP/1.1" 200 9682
40.77.167.94 - - [01/May/2023:01:42:31 -0500] "GET /BLA/resoluciones/AUTOS%202019/4420.pdf HTTP/1.1" 200 273683
216.245.221.92 - - [01/May/2023:01:43:19 -0500] "HEAD / HTTP/1.1" 200 -
31.13.103.24 - - [01/May/2023:01:43:49 -0500] "GET /semana-santa-dias-y-horarios-para-visitar-el-camino-guadalupe-aguanoso.html HTTP/1.1" 206 943
66.249.79.107 - - [01/May/2023:01:44:07 -0500] "-" 408 -
172.22.2.4 - - [01/May/2023:01:43:02 -0500] "HEAD /BLA/boletinlegal/ HTTP/1.1" 200 -
201.245.192.253 - - [01/May/2023:01:45:18 -0500] "POST /kwsrmcab/Wsrmcab  HTTP/1.1" 200 41796
172.22.2.4 - - [01/May/2023:01:43:53 -0500] "GET /BLA/boletinlegal/ HTTP/1.1" 200 59306
216.245.221.92 - - [01/May/2023:01:48:19 -0500] "HEAD / HTTP/1.1" 200 -
52.167.144.33 - - [01/May/2023:01:49:31 -0500] "GET / HTTP/1.1" 200 4720
201.245.192.253 - - [01/May/2023:01:50:17 -0500] "POST /kwsrmcab/Wsrmcab  HTTP/1.1" 200 41796
172.22.2.4 - - [01/May/2023:01:48:52 -0500] "HEAD /BLA/boletinlegal/ HTTP/1.1" 200 -
172.22.2.4 - - [01/May/2023:01:49:42 -0500] "GET /BLA/boletinlegal/ HTTP/1.1" 200 57151
216.245.221.92 - - [01/May/2023:01:53:19 -0500] "HEAD / HTTP/1.1" 200 -
69.63.184.118 - - [01/May/2023:01:53:22 -0500] "GET /calidad-del-aire-de-bogota-en-condiciones-moderadas-y-regulares.html HTTP/1.1" 206 898
138.197.40.83 - - [01/May/2023:01:53:29 -0500] "\x16\x03\x01" 400 226
138.197.40.83 - - [01/May/2023:01:53:29 -0500] "GET / HTTP/1.1" 200 319
138.197.40.83 - - [01/May/2023:01:53:29 -0500] "GET /client/get_targets HTTP/1.1" 404 1018
138.197.40.83 - - [01/May/2023:01:53:29 -0500] "GET /upl.php HTTP/1.1" 404 1018
138.197.40.83 - - [01/May/2023:01:53:30 -0500] "\x16\x03\x01" 400 226
138.197.40.83 - - [01/May/2023:01:53:30 -0500] "GET /geoip/ HTTP/1.1" 404 1018
138.197.40.83 - - [01/May/2023:01:53:30 -0500] "GET / HTTP/1.1" 200 319
138.197.40.83 - - [01/May/2023:01:53:30 -0500] "GET /favicon.ico HTTP/1.1" 200 7782
199.16.157.180 - - [01/May/2023:01:54:09 -0500] "-" 408 -
201.245.192.253 - - [01/May/2023:01:55:17 -0500] "POST /kwsrmcab/Wsrmcab  HTTP/1.1" 200 41796
192.241.195.46 - - [01/May/2023:01:55:52 -0500] "GET /druid/index.html HTTP/1.1" 404 1018
172.22.2.4 - - [01/May/2023:01:54:42 -0500] "HEAD /BLA/boletinlegal/ HTTP/1.1" 200 -
172.22.2.4 - - [01/May/2023:01:55:32 -0500] "GET /BLA/boletinlegal/ HTTP/1.1" 200 52326
186.155.19.91 - - [01/May/2023:01:57:42 -0500] "GET /BLA/resoluciones/index.php?dir=AUTOS+2023%2F HTTP/1.1" 200 30371
186.155.19.91 - - [01/May/2023:01:57:45 -0500] "GET /BLA/resoluciones/index.php HTTP/1.1" 200 13502
186.155.19.91 - - [01/May/2023:01:57:47 -0500] "GET /BLA/resoluciones/index.php?dir=AUTOS+2022%2F HTTP/1.1" 200 12235
186.155.19.91 - - [01/May/2023:01:57:47 -0500] "GET /BLA/resoluciones/index.php?dir=AUTOS+2022%2F HTTP/1.1" 200 486117
216.245.221.92 - - [01/May/2023:01:58:19 -0500] "HEAD / HTTP/1.1" 200 -
201.245.192.253 - - [01/May/2023:02:00:16 -0500] "POST /kwsrmcab/Wsrmcab  HTTP/1.1" 200 41796
172.22.2.4 - - [01/May/2023:02:00:32 -0500] "HEAD /BLA/boletinlegal/ HTTP/1.1" 200 -
172.22.2.4 - - [01/May/2023:02:01:22 -0500] "GET /BLA/boletinlegal/ HTTP/1.1" 200 55934
216.245.221.92 - - [01/May/2023:02:03:19 -0500] "HEAD / HTTP/1.1" 200 -
172.22.2.4 - - [01/May/2023:02:02:41 -0500] "HEAD /BLA/boletinlegal/ HTTP/1.1" 200 -
181.56.235.113 - - [01/May/2023:02:05:02 -0500] "GET /BLA/resoluciones/index.php HTTP/1.1" 200 13502
181.56.235.113 - - [01/May/2023:02:05:05 -0500] "GET /BLA/resoluciones/index.php?dir=AUTOS+2016%2F HTTP/1.1" 200 329666
201.245.192.253 - - [01/May/2023:02:05:15 -0500] "POST /kwsrmcab/Wsrmcab  HTTP/1.1" 200 41796
185.111.138.27 - - [01/May/2023:02:07:08 -0500] "GET / HTTP/1.1" 200 319
74.80.208.97 - - [01/May/2023:02:07:27 -0500] "GET /portaldeninos/aulas-ambientales/ HTTP/1.1" 200 88416
172.22.2.4 - - [01/May/2023:02:06:22 -0500] "HEAD /BLA/boletinlegal/ HTTP/1.1" 200 -
216.245.221.92 - - [01/May/2023:02:08:19 -0500] "HEAD / HTTP/1.1" 200 -
52.167.144.33 - - [01/May/2023:02:08:43 -0500] "GET / HTTP/1.1" 200 4720
172.22.2.4 - - [01/May/2023:02:07:12 -0500] "GET /BLA/boletinlegal/ HTTP/1.1" 200 59306
40.77.167.86 - - [01/May/2023:02:08:59 -0500] "GET /BLA/resoluciones/index.php?dir=RESOLUCIONES+2022%2F HTTP/1.1" 200 300901
40.77.167.94 - - [01/May/2023:02:10:02 -0500] "GET /forest/ HTTP/1.1" 200 12041
172.22.2.4 - - [01/May/2023:02:10:16 -0500] "GET /BLA/boletinlegal/actos.php HTTP/1.1" 200 9682
201.245.192.253 - - [01/May/2023:02:10:14 -0500] "POST /kwsrmcab/Wsrmcab  HTTP/1.1" 200 41796
172.22.2.4 - - [01/May/2023:02:10:41 -0500] "GET /BLA/boletinlegal/actos.php HTTP/1.1" 200 9682
200.118.60.119 - - [01/May/2023:02:10:41 -0500] "GET /BLA/resoluciones/index.php?dir=AUTOS+2016%2F HTTP/1.1" 200 329666
66.249.77.24 - - [01/May/2023:02:11:00 -0500] "-" 408 -
40.77.167.86 - - [01/May/2023:02:12:08 -0500] "GET /BLA/resoluciones/AUTOS%202013/2041.pdf HTTP/1.1" 200 1909478
172.22.2.4 - - [01/May/2023:02:11:55 -0500] "GET /BLA/boletinlegal/ HTTP/1.1" 200 20427
216.245.221.92 - - [01/May/2023:02:13:19 -0500] "HEAD / HTTP/1.1" 200 -
172.22.2.4 - - [01/May/2023:02:12:12 -0500] "HEAD /BLA/boletinlegal/ HTTP/1.1" 200 -
66.249.79.109 - - [01/May/2023:02:14:07 -0500] "-" 408 -
172.22.2.4 - - [01/May/2023:02:13:02 -0500] "GET /BLA/boletinlegal/ HTTP/1.1" 200 59306
201.245.192.253 - - [01/May/2023:02:15:13 -0500] "POST /kwsrmcab/Wsrmcab  HTTP/1.1" 200 41796
167.248.133.125 - - [01/May/2023:02:16:11 -0500] "GET / HTTP/1.1" 200 319
167.248.133.125 - - [01/May/2023:02:16:11 -0500] "GET / HTTP/1.1" 200 319
167.248.133.125 - - [01/May/2023:02:16:12 -0500] "PRI * HTTP/2.0" 400 946
167.248.133.125 - - [01/May/2023:02:16:12 -0500] "GET /favicon.ico HTTP/1.1" 200 7782
181.59.3.30 - - [01/May/2023:02:16:17 -0500] "GET /BLA/resoluciones/AUTOS%202020/0481.pdf HTTP/1.1" 200 309485
216.245.221.92 - - [01/May/2023:02:18:19 -0500] "HEAD / HTTP/1.1" 200 -
201.245.192.253 - - [01/May/2023:02:19:12 -0500] "POST /kwsrmcab/Wsrmcab HTTP/1.1" 200 43168
201.245.192.253 - - [01/May/2023:02:19:15 -0500] "POST /kwsrmcab/Wsrmcab HTTP/1.1" 200 43323
172.22.2.4 - - [01/May/2023:02:18:02 -0500] "HEAD /BLA/boletinlegal/ HTTP/1.1" 200 -
201.245.192.253 - - [01/May/2023:02:20:12 -0500] "POST /kwsrmcab/Wsrmcab  HTTP/1.1" 200 41796
172.22.2.4 - - [01/May/2023:02:18:52 -0500] "GET /BLA/boletinlegal/ HTTP/1.1" 200 51977
157.55.39.224 - - [01/May/2023:02:22:59 -0500] "GET /BLA/resoluciones/AUTOS%202013/2431.pdf HTTP/1.1" 200 1834581
216.245.221.92 - - [01/May/2023:02:23:19 -0500] "HEAD / HTTP/1.1" 200 -
40.77.167.86 - - [01/May/2023:02:23:30 -0500] "GET /BLA/resoluciones/AUTOS%202014/2371.pdf HTTP/1.1" 304 -
201.245.192.253 - - [01/May/2023:02:25:10 -0500] "POST /kwsrmcab/Wsrmcab  HTTP/1.1" 200 41796
172.22.2.4 - - [01/May/2023:02:23:52 -0500] "HEAD /BLA/boletinlegal/ HTTP/1.1" 200 -
172.22.2.4 - - [01/May/2023:02:24:42 -0500] "GET /BLA/boletinlegal/ HTTP/1.1" 200 59306
181.56.235.113 - - [01/May/2023:02:27:46 -0500] "GET /BLA/resoluciones/index.php HTTP/1.1" 200 13502
181.56.235.113 - - [01/May/2023:02:27:48 -0500] "GET /BLA/resoluciones/index.php?dir=AUTOS+2018%2F HTTP/1.1" 200 457306
181.56.235.113 - - [01/May/2023:02:28:18 -0500] "GET /BLA/resoluciones/AUTOS%202018/6499.pdf HTTP/1.1" 200 763630
216.245.221.92 - - [01/May/2023:02:28:19 -0500] "HEAD / HTTP/1.1" 200 -
181.56.235.113 - - [01/May/2023:02:28:41 -0500] "GET /BLA/resoluciones/AUTOS%202018/6754.pdf HTTP/1.1" 200 387230
201.245.192.253 - - [01/May/2023:02:29:12 -0500] "POST /kwsrmcab/Wsrmcab HTTP/1.1" 200 43168
201.245.192.253 - - [01/May/2023:02:29:15 -0500] "POST /kwsrmcab/Wsrmcab HTTP/1.1" 200 43323
201.245.192.253 - - [01/May/2023:02:30:09 -0500] "POST /kwsrmcab/Wsrmcab  HTTP/1.1" 200 14501
201.245.192.253 - - [01/May/2023:02:31:18 -0500] "POST /kwsrmcab/Wsrmcab  HTTP/1.1" 200 41796
172.22.2.4 - - [01/May/2023:02:29:42 -0500] "HEAD /BLA/boletinlegal/ HTTP/1.1" 200 -
172.22.2.4 - - [01/May/2023:02:30:32 -0500] "GET /BLA/boletinlegal/ HTTP/1.1" 200 53924
201.245.192.253 - - [01/May/2023:02:32:19 -0500] "POST /kwsrmcab/Wsrmcab  HTTP/1.1" 200 41796
216.245.221.92 - - [01/May/2023:02:33:19 -0500] "HEAD / HTTP/1.1" 200 -
40.77.167.94 - - [01/May/2023:02:35:05 -0500] "GET /transparencia/financiera/Ejecucion%20Presupuestal/Vigencia%20actual/3.%20EJECUCION%20DE%20VIGENCIAS%20MARZO%202022.pdf HTTP/1.1" 404 1018
172.22.2.4 - - [01/May/2023:02:35:32 -0500] "HEAD /BLA/boletinlegal/ HTTP/1.1" 200 -
201.245.192.253 - - [01/May/2023:02:37:16 -0500] "POST /kwsrmcab/Wsrmcab  HTTP/1.1" 200 41796
172.22.2.4 - - [01/May/2023:02:36:22 -0500] "GET /BLA/boletinlegal/ HTTP/1.1" 200 52326
216.245.221.92 - - [01/May/2023:02:38:19 -0500] "HEAD / HTTP/1.1" 200 -
201.245.192.253 - - [01/May/2023:02:39:13 -0500] "POST /kwsrmcab/Wsrmcab HTTP/1.1" 200 43168
201.245.192.253 - - [01/May/2023:02:39:16 -0500] "POST /kwsrmcab/Wsrmcab HTTP/1.1" 200 43323
172.22.2.4 - - [01/May/2023:02:38:52 -0500] "GET /BLA/boletinlegal/ HTTP/1.1" 200 28619
201.245.192.253 - - [01/May/2023:02:42:13 -0500] "POST /kwsrmcab/Wsrmcab  HTTP/1.1" 200 41796
40.77.167.86 - - [01/May/2023:02:42:32 -0500] "GET /BLA/resoluciones/AUTOS%202022/1293.pdf HTTP/1.1" 200 476415
172.22.2.4 - - [01/May/2023:02:41:22 -0500] "HEAD /BLA/boletinlegal/ HTTP/1.1" 200 -
20.15.133.172 - - [01/May/2023:02:43:10 -0500] "GET /BLA/resoluciones/AUTOS%202022/1790.pdf HTTP/1.1" 200 465774
216.245.221.92 - - [01/May/2023:02:43:19 -0500] "HEAD / HTTP/1.1" 200 -
66.249.79.107 - - [01/May/2023:02:43:26 -0500] "-" 408 -
172.22.2.4 - - [01/May/2023:02:42:12 -0500] "GET /BLA/boletinlegal/ HTTP/1.1" 200 57945
172.22.2.4 - - [01/May/2023:02:46:33 -0500] "GET /BLA/boletinlegal/ HTTP/1.1" 200 20427
201.245.192.253 - - [01/May/2023:02:47:11 -0500] "POST /kwsrmcab/Wsrmcab  HTTP/1.1" 200 41796
216.245.221.92 - - [01/May/2023:02:48:19 -0500] "HEAD / HTTP/1.1" 200 -
172.22.2.4 - - [01/May/2023:02:47:12 -0500] "HEAD /BLA/boletinlegal/ HTTP/1.1" 200 -
172.22.2.4 - - [01/May/2023:02:48:02 -0500] "GET /BLA/boletinlegal/ HTTP/1.1" 200 57561
157.55.39.224 - - [01/May/2023:02:50:21 -0500] "GET /Publicaciones/2022EE236692.pdf HTTP/1.1" 404 228
201.245.192.253 - - [01/May/2023:02:52:09 -0500] "POST /kwsrmcab/Wsrmcab  HTTP/1.1" 200 41796
216.245.221.92 - - [01/May/2023:02:53:19 -0500] "HEAD / HTTP/1.1" 200 -
186.102.12.108 - - [01/May/2023:02:53:24 -0500] "GET /mujeres-que-reverdecen-secretaria-de-ambiente-anuncia-300-cupos-para-la-tercera-fase-del-programa.html HTTP/1.1" 200 823
172.22.2.4 - - [01/May/2023:02:53:02 -0500] "HEAD /BLA/boletinlegal/ HTTP/1.1" 200 -
172.22.2.4 - - [01/May/2023:02:53:52 -0500] "GET /BLA/boletinlegal/ HTTP/1.1" 200 53114
172.22.2.4 - - [01/May/2023:02:54:22 -0500] "GET /BLA/boletinlegal/ HTTP/1.1" 200 55221
40.77.167.86 - - [01/May/2023:02:56:03 -0500] "GET /BLA/resoluciones/index.php?dir=RESOLUCIONES+2022%2F HTTP/1.1" 200 300901
120.85.113.51 - - [01/May/2023:02:56:27 -0500] "POST /HNAP1/ HTTP/1.0" 400 945
201.245.192.253 - - [01/May/2023:02:57:08 -0500] "POST /kwsrmcab/Wsrmcab  HTTP/1.1" 200 41796
172.22.2.4 - - [01/May/2023:02:57:27 -0500] "GET /BLA/boletinlegal/robots.txt HTTP/1.1" 404 1037
172.22.2.4 - - [01/May/2023:02:57:27 -0500] "GET /BLA/boletinlegal/Circulares/2022/CIRCULAR%20No.%2000009%20DEL%2010%20DE%20OCTUBRE%20DEL%202022.pdf HTTP/1.1" 200 292772
172.22.2.4 - - [01/May/2023:02:57:32 -0500] "GET /BLA/boletinlegal/robots.txt HTTP/1.1" 404 1018
172.22.2.4 - - [01/May/2023:02:57:54 -0500] "GET /BLA/boletinlegal/js/jquery.scrollTo-min.js HTTP/1.1" 200 1150
172.22.2.4 - - [01/May/2023:02:57:56 -0500] "GET /BLA/boletinlegal/js/jquery.scrollShow.js HTTP/1.1" 200 4586
216.245.221.92 - - [01/May/2023:02:58:19 -0500] "HEAD / HTTP/1.1" 200 -
181.56.235.113 - - [01/May/2023:02:58:28 -0500] "GET /BLA/resoluciones/index.php HTTP/1.1" 200 13502
181.56.235.113 - - [01/May/2023:02:58:30 -0500] "GET /BLA/resoluciones/index.php?dir=AUTOS+2016%2F HTTP/1.1" 200 329666
181.56.235.113 - - [01/May/2023:02:58:45 -0500] "GET /BLA/resoluciones/AUTOS%202016/1485.pdf HTTP/1.1" 200 378269
172.22.2.4 - - [01/May/2023:02:58:52 -0500] "HEAD /BLA/boletinlegal/ HTTP/1.1" 200 -
172.22.2.4 - - [01/May/2023:02:59:42 -0500] "GET /BLA/boletinlegal/ HTTP/1.1" 200 55571
201.245.192.253 - - [01/May/2023:03:02:06 -0500] "POST /kwsrmcab/Wsrmcab  HTTP/1.1" 200 41796
216.245.221.92 - - [01/May/2023:03:03:19 -0500] "HEAD / HTTP/1.1" 200 -
40.77.167.94 - - [01/May/2023:03:05:16 -0500] "GET /appsia/controlador HTTP/1.1" 200 4799
40.77.167.86 - - [01/May/2023:03:05:34 -0500] "GET /appsia/scripts/validarIngreso.js HTTP/1.1" 200 851
157.55.39.224 - - [01/May/2023:03:05:42 -0500] "GET /appsia/css/estilos.css HTTP/1.1" 200 4804
172.22.2.4 - - [01/May/2023:03:04:42 -0500] "HEAD /BLA/boletinlegal/ HTTP/1.1" 200 -
201.245.192.253 - - [01/May/2023:03:07:06 -0500] "POST /kwsrmcab/Wsrmcab  HTTP/1.1" 200 41796
172.22.2.4 - - [01/May/2023:03:05:32 -0500] "GET /BLA/boletinlegal/ HTTP/1.1" 200 57561
216.245.221.92 - - [01/May/2023:03:08:19 -0500] "HEAD / HTTP/1.1" 200 -
172.22.2.4 - - [01/May/2023:03:10:39 -0500] "GET /BLA/boletinlegal/jurisprudencia/analisis/CUADRO%20ANALISIS%20SENTENCIA%20T-411%20DE%201992.doc HTTP/1.1" 304 -
