201.221.172.1 - - [01/May/2023:09:28:59 -0500] "POST /sipse/faces/presentacion/financiero/solicitudProceso/listarSolicitudProceso.xhtml HTTP/1.1" 200 1548
201.245.192.253 - - [01/May/2023:09:29:11 -0500] "POST /kwsrmcab/Wsrmcab HTTP/1.1" 200 43211
201.245.192.253 - - [01/May/2023:09:29:14 -0500] "POST /kwsrmcab/Wsrmcab HTTP/1.1" 200 43203
34.91.38.70 - - [01/May/2023:09:29:31 -0500] "GET /inventario-de-emisiones-2020-transporte-publico-sitp-redujo-emisiones-de-pm-2-5-en-un-37.html HTTP/1.1" 200 925
201.245.192.253 - - [01/May/2023:09:30:41 -0500] "POST /kwsrmcab/Wsrmcab  HTTP/1.1" 200 41796
172.22.2.4 - - [01/May/2023:09:30:59 -0500] "GET /BLA/boletinlegal/actos.php HTTP/1.1" 200 9682
172.22.2.4 - - [01/May/2023:09:29:43 -0500] "HEAD /BLA/boletinlegal/ HTTP/1.1" 200 -
181.53.12.70 - - [01/May/2023:09:31:22 -0500] "GET /sipse/faces/index.xhtml HTTP/1.1" 200 677
181.53.12.70 - - [01/May/2023:09:31:23 -0500] "GET /sipse/faces/javax.faces.resource/theme.css?ln=primefaces-sipse HTTP/1.1" 304 -
181.53.12.70 - - [01/May/2023:09:31:23 -0500] "GET /sipse/faces/faces/autenticacion.xhtml HTTP/1.1" 200 12175
181.53.12.70 - - [01/May/2023:09:31:24 -0500] "GET /sipse/js/disable_browser_buttons.js HTTP/1.1" 200 3230
181.53.12.70 - - [01/May/2023:09:31:24 -0500] "GET /sipse/css/custom_css_sg.css HTTP/1.1" 200 9694
181.53.12.70 - - [01/May/2023:09:31:24 -0500] "GET /sipse/faces/javax.faces.resource/primefaces.css?ln=primefaces&v=4.0 HTTP/1.1" 304 -
181.53.12.70 - - [01/May/2023:09:31:24 -0500] "GET /sipse/css/custom_css_sg_prime_login.css HTTP/1.1" 200 443
181.53.12.70 - - [01/May/2023:09:31:24 -0500] "GET /sipse/faces/javax.faces.resource/layout/layout.css?ln=primefaces&v=4.0 HTTP/1.1" 304 -
181.53.12.70 - - [01/May/2023:09:31:24 -0500] "GET /sipse/faces/javax.faces.resource/jquery/jquery.js?ln=primefaces&v=4.0 HTTP/1.1" 304 -
181.53.12.70 - - [01/May/2023:09:31:24 -0500] "GET /sipse/js/funciones.js HTTP/1.1" 200 12592
181.53.12.70 - - [01/May/2023:09:31:24 -0500] "GET /sipse/faces/javax.faces.resource/jquery/jquery-plugins.js?ln=primefaces&v=4.0 HTTP/1.1" 304 -
181.53.12.70 - - [01/May/2023:09:31:24 -0500] "GET /sipse/faces/javax.faces.resource/primefaces.js?ln=primefaces&v=4.0 HTTP/1.1" 304 -
181.53.12.70 - - [01/May/2023:09:31:24 -0500] "GET /sipse/faces/javax.faces.resource/layout/layout.js?ln=primefaces&v=4.0 HTTP/1.1" 304 -
181.53.12.70 - - [01/May/2023:09:31:24 -0500] "GET /sipse/faces/javax.faces.resource/theme.css?ln=primefaces-sipse HTTP/1.1" 304 -
181.53.12.70 - - [01/May/2023:09:31:24 -0500] "GET /sipse/faces/javax.faces.resource/images/ui-icons_898989_256x240.png?ln=primefaces-aristo HTTP/1.1" 304 -
181.53.12.70 - - [01/May/2023:09:31:24 -0500] "GET /sipse/css/imagen/logoSDG.png HTTP/1.1" 200 53064
181.53.12.70 - - [01/May/2023:09:31:24 -0500] "GET /sipse/css/imagen/loginimg.png HTTP/1.1" 200 71635
181.53.12.70 - - [01/May/2023:09:31:34 -0500] "POST /sipse/faces/autenticacion.xhtml HTTP/1.1" 200 2183
181.53.12.70 - - [01/May/2023:09:31:35 -0500] "GET /sipse/faces/javax.faces.resource/messages/messages.png?ln=primefaces&v=4.0 HTTP/1.1" 304 -
181.53.12.70 - - [01/May/2023:09:31:46 -0500] "POST /sipse/faces/autenticacion.xhtml HTTP/1.1" 200 16191
181.53.12.70 - - [01/May/2023:09:31:49 -0500] "GET /sipse/css/custom_css_sg_prime.css HTTP/1.1" 200 5201
181.53.12.70 - - [01/May/2023:09:31:49 -0500] "GET /sipse/faces/javax.faces.resource/primefaces.css?ln=primefaces&v=4.0 HTTP/1.1" 304 -
181.53.12.70 - - [01/May/2023:09:31:49 -0500] "GET /sipse/faces/javax.faces.resource/layout/layout.css?ln=primefaces&v=4.0 HTTP/1.1" 304 -
181.53.12.70 - - [01/May/2023:09:31:49 -0500] "GET /sipse/faces/javax.faces.resource/theme.css?ln=primefaces-sipse HTTP/1.1" 304 -
66.249.66.71 - - [01/May/2023:09:32:00 -0500] "-" 408 -
181.53.12.70 - - [01/May/2023:09:32:01 -0500] "GET /sipse/faces/index.xhtml HTTP/1.1" 200 677
181.53.12.70 - - [01/May/2023:09:31:49 -0500] "GET /sipse/js/jquery.min.js HTTP/1.1" 200 85582
181.53.12.70 - - [01/May/2023:09:32:04 -0500] "GET /sipse/faces/javax.faces.resource/jquery/jquery.js?ln=primefaces&v=4.0 HTTP/1.1" 304 -
181.53.12.70 - - [01/May/2023:09:32:04 -0500] "GET /sipse/faces/javax.faces.resource/jquery/jquery-plugins.js?ln=primefaces&v=4.0 HTTP/1.1" 304 -
181.53.12.70 - - [01/May/2023:09:32:04 -0500] "GET /sipse/faces/javax.faces.resource/primefaces.js?ln=primefaces&v=4.0 HTTP/1.1" 304 -
181.53.12.70 - - [01/May/2023:09:32:04 -0500] "GET /sipse/faces/javax.faces.resource/layout/layout.js?ln=primefaces&v=4.0 HTTP/1.1" 304 -
181.53.12.70 - - [01/May/2023:09:32:04 -0500] "GET /sipse/css/imagen/contrasena.png HTTP/1.1" 404 383
181.53.12.70 - - [01/May/2023:09:32:04 -0500] "GET /sipse/imagenes/cargando.gif HTTP/1.1" 200 36959
181.53.12.70 - - [01/May/2023:09:32:04 -0500] "GET /sipse/faces/javax.faces.resource/theme.css?ln=primefaces-sipse HTTP/1.1" 304 -
181.53.12.70 - - [01/May/2023:09:32:04 -0500] "GET /sipse/imagenes/logoAplicacion.jpg HTTP/1.1" 200 155084
181.53.12.70 - - [01/May/2023:09:32:04 -0500] "GET /sipse/faces/faces/autenticacion.xhtml HTTP/1.1" 200 12181
181.53.12.70 - - [01/May/2023:09:32:05 -0500] "GET /sipse/faces/javax.faces.resource/theme.css?ln=primefaces-sipse HTTP/1.1" 304 -
181.53.12.70 - - [01/May/2023:09:32:05 -0500] "GET /sipse/faces/javax.faces.resource/layout/layout.css?ln=primefaces&v=4.0 HTTP/1.1" 304 -
181.53.12.70 - - [01/May/2023:09:32:05 -0500] "GET /sipse/faces/javax.faces.resource/primefaces.css?ln=primefaces&v=4.0 HTTP/1.1" 304 -
181.53.12.70 - - [01/May/2023:09:32:05 -0500] "GET /sipse/faces/javax.faces.resource/jquery/jquery-plugins.js?ln=primefaces&v=4.0 HTTP/1.1" 304 -
181.53.12.70 - - [01/May/2023:09:32:05 -0500] "GET /sipse/faces/javax.faces.resource/primefaces.js?ln=primefaces&v=4.0 HTTP/1.1" 304 -
181.53.12.70 - - [01/May/2023:09:32:05 -0500] "GET /sipse/faces/javax.faces.resource/layout/layout.js?ln=primefaces&v=4.0 HTTP/1.1" 304 -
181.53.12.70 - - [01/May/2023:09:32:05 -0500] "GET /sipse/faces/javax.faces.resource/jquery/jquery.js?ln=primefaces&v=4.0 HTTP/1.1" 304 -
181.53.12.70 - - [01/May/2023:09:32:05 -0500] "GET /sipse/faces/javax.faces.resource/images/ui-icons_898989_256x240.png?ln=primefaces-aristo HTTP/1.1" 304 -
172.22.2.4 - - [01/May/2023:09:30:33 -0500] "GET /BLA/boletinlegal/ HTTP/1.1" 200 58307
181.53.12.70 - - [01/May/2023:09:32:17 -0500] "POST /sipse/faces/autenticacion.xhtml HTTP/1.1" 200 16191
181.53.12.70 - - [01/May/2023:09:32:18 -0500] "GET /sipse/faces/javax.faces.resource/theme.css?ln=primefaces-sipse HTTP/1.1" 304 -
181.53.12.70 - - [01/May/2023:09:32:18 -0500] "GET /sipse/faces/javax.faces.resource/primefaces.css?ln=primefaces&v=4.0 HTTP/1.1" 304 -
181.53.12.70 - - [01/May/2023:09:32:18 -0500] "GET /sipse/faces/javax.faces.resource/layout/layout.css?ln=primefaces&v=4.0 HTTP/1.1" 304 -
181.53.12.70 - - [01/May/2023:09:32:18 -0500] "GET /sipse/faces/javax.faces.resource/jquery/jquery.js?ln=primefaces&v=4.0 HTTP/1.1" 304 -
181.53.12.70 - - [01/May/2023:09:32:18 -0500] "GET /sipse/faces/javax.faces.resource/jquery/jquery-plugins.js?ln=primefaces&v=4.0 HTTP/1.1" 304 -
181.53.12.70 - - [01/May/2023:09:32:18 -0500] "GET /sipse/faces/javax.faces.resource/primefaces.js?ln=primefaces&v=4.0 HTTP/1.1" 304 -
181.53.12.70 - - [01/May/2023:09:32:18 -0500] "GET /sipse/faces/javax.faces.resource/layout/layout.js?ln=primefaces&v=4.0 HTTP/1.1" 304 -
181.53.12.70 - - [01/May/2023:09:32:19 -0500] "GET /sipse/css/imagen/contrasena.png HTTP/1.1" 404 383
181.53.12.70 - - [01/May/2023:09:32:18 -0500] "GET /sipse/imagenes/logoAplicacion.jpg HTTP/1.1" 206 1
181.53.12.70 - - [01/May/2023:09:32:19 -0500] "GET /sipse/faces/javax.faces.resource/messages/messages.png?ln=primefaces&v=4.0 HTTP/1.1" 304 -
181.53.12.70 - - [01/May/2023:09:32:19 -0500] "GET /sipse/imagenes/logoAplicacion.jpg HTTP/1.1" 206 100505
181.53.12.70 - - [01/May/2023:09:32:50 -0500] "POST /sipse/faces/bienvenido.xhtml HTTP/1.1" 200 9145
181.53.12.70 - - [01/May/2023:09:32:51 -0500] "POST /sipse/faces/bienvenido.xhtml HTTP/1.1" 200 1473
181.53.12.70 - - [01/May/2023:09:32:50 -0500] "GET /sipse/faces/javax.faces.resource/images/ui-bg_flat_0_2d5972_40x100.png?ln=primefaces-aristo HTTP/1.1" 304 -
181.53.12.70 - - [01/May/2023:09:32:53 -0500] "POST /sipse/faces/bienvenido.xhtml HTTP/1.1" 200 37892
181.53.12.70 - - [01/May/2023:09:32:58 -0500] "GET /sipse/faces/javax.faces.resource/theme.css?ln=primefaces-sipse HTTP/1.1" 304 -
181.53.12.70 - - [01/May/2023:09:32:58 -0500] "GET /sipse/faces/javax.faces.resource/primefaces.css?ln=primefaces&v=4.0 HTTP/1.1" 304 -
181.53.12.70 - - [01/May/2023:09:32:58 -0500] "GET /sipse/faces/javax.faces.resource/jquery/jquery.js?ln=primefaces&v=4.0 HTTP/1.1" 304 -
181.53.12.70 - - [01/May/2023:09:32:58 -0500] "GET /sipse/faces/javax.faces.resource/layout/layout.css?ln=primefaces&v=4.0 HTTP/1.1" 304 -
181.53.12.70 - - [01/May/2023:09:32:58 -0500] "GET /sipse/faces/javax.faces.resource/jquery/jquery-plugins.js?ln=primefaces&v=4.0 HTTP/1.1" 304 -
181.53.12.70 - - [01/May/2023:09:32:58 -0500] "GET /sipse/faces/javax.faces.resource/primefaces.js?ln=primefaces&v=4.0 HTTP/1.1" 304 -
181.53.12.70 - - [01/May/2023:09:32:58 -0500] "GET /sipse/faces/javax.faces.resource/layout/layout.js?ln=primefaces&v=4.0 HTTP/1.1" 304 -
181.53.12.70 - - [01/May/2023:09:33:03 -0500] "POST /sipse/faces/presentacion/financiero/solicitudProceso/consultar.xhtml HTTP/1.1" 200 13010
216.245.221.92 - - [01/May/2023:09:33:18 -0500] "HEAD / HTTP/1.1" 200 -
181.53.12.70 - - [01/May/2023:09:33:21 -0500] "POST /sipse/faces/presentacion/financiero/solicitudProceso/consultar.xhtml HTTP/1.1" 200 23093
181.53.12.70 - - [01/May/2023:09:33:26 -0500] "POST /sipse/faces/presentacion/financiero/solicitudProceso/consultar.xhtml HTTP/1.1" 200 13018
172.22.2.4 - - [01/May/2023:09:33:46 -0500] "GET /BLA/boletinlegal/Circulares/2023/CIRCULAR%20No.%2000002%20DEL%2020%20DE%20FEBRERO%20DEL%202023.pdf HTTP/1.1" 200 333231
201.245.192.253 - - [01/May/2023:09:35:40 -0500] "POST /kwsrmcab/Wsrmcab  HTTP/1.1" 200 41796
172.22.2.4 - - [01/May/2023:09:35:33 -0500] "HEAD /BLA/boletinlegal/ HTTP/1.1" 200 -
172.22.2.4 - - [01/May/2023:09:36:23 -0500] "GET /BLA/boletinlegal/ HTTP/1.1" 200 57151
216.245.221.92 - - [01/May/2023:09:38:18 -0500] "HEAD / HTTP/1.1" 200 -
201.221.172.1 - - [01/May/2023:09:38:25 -0500] "POST /sipse/faces/presentacion/financiero/solicitudProceso/listarSolicitudProceso.xhtml HTTP/1.1" 200 5950
201.221.172.1 - - [01/May/2023:09:38:32 -0500] "POST /sipse/faces/presentacion/financiero/solicitudProceso/listarSolicitudProceso.xhtml HTTP/1.1" 200 184
201.221.172.1 - - [01/May/2023:09:38:33 -0500] "POST /sipse/faces/presentacion/financiero/solicitudProceso/listarSolicitudProceso.xhtml HTTP/1.1" 200 184
201.221.172.1 - - [01/May/2023:09:38:33 -0500] "POST /sipse/faces/presentacion/financiero/solicitudProceso/listarSolicitudProceso.xhtml HTTP/1.1" 200 184
201.221.172.1 - - [01/May/2023:09:38:33 -0500] "GET /sipse/faces/presentacion/financiero/solicitudAnulacion/solicitudAnulacion.xhtml HTTP/1.1" 200 16113
201.221.172.1 - - [01/May/2023:09:38:33 -0500] "GET /sipse/faces/presentacion/financiero/solicitudAnulacion/solicitudAnulacion.xhtml HTTP/1.1" 200 17805
201.221.172.1 - - [01/May/2023:09:38:33 -0500] "GET /sipse/faces/presentacion/financiero/solicitudAnulacion/solicitudAnulacion.xhtml HTTP/1.1" 200 34202
201.221.172.1 - - [01/May/2023:09:38:35 -0500] "GET /sipse/faces/javax.faces.resource/layout/layout.css?ln=primefaces&v=4.0 HTTP/1.1" 304 -
201.221.172.1 - - [01/May/2023:09:38:35 -0500] "GET /sipse/faces/javax.faces.resource/layout/layout.js?ln=primefaces&v=4.0 HTTP/1.1" 304 -
201.221.172.1 - - [01/May/2023:09:38:35 -0500] "GET /sipse/faces/javax.faces.resource/primefaces.js?ln=primefaces&v=4.0 HTTP/1.1" 304 -
201.221.172.1 - - [01/May/2023:09:38:35 -0500] "GET /sipse/faces/javax.faces.resource/theme.css?ln=primefaces-sipse HTTP/1.1" 304 -
201.221.172.1 - - [01/May/2023:09:38:35 -0500] "GET /sipse/faces/javax.faces.resource/jquery/jquery.js?ln=primefaces&v=4.0 HTTP/1.1" 304 -
201.221.172.1 - - [01/May/2023:09:38:35 -0500] "GET /sipse/faces/javax.faces.resource/primefaces.css?ln=primefaces&v=4.0 HTTP/1.1" 304 -
201.221.172.1 - - [01/May/2023:09:38:35 -0500] "GET /sipse/faces/javax.faces.resource/jquery/jquery-plugins.js?ln=primefaces&v=4.0 HTTP/1.1" 304 -
201.221.172.1 - - [01/May/2023:09:38:35 -0500] "GET /sipse/faces/javax.faces.resource/images/ui-icons_898989_256x240.png?ln=primefaces-aristo HTTP/1.1" 304 -
201.221.172.1 - - [01/May/2023:09:38:35 -0500] "GET /sipse/faces/javax.faces.resource/images/ui-bg_flat_0_2d5972_40x100.png?ln=primefaces-aristo HTTP/1.1" 304 -
201.221.172.1 - - [01/May/2023:09:38:35 -0500] "POST /sipse/faces/presentacion/financiero/solicitudAnulacion/solicitudAnulacion.xhtml HTTP/1.1" 200 12485
201.221.172.1 - - [01/May/2023:09:38:38 -0500] "POST /sipse/faces/presentacion/financiero/solicitudAnulacion/solicitudAnulacion.xhtml HTTP/1.1" 200 36186
201.221.172.1 - - [01/May/2023:09:38:42 -0500] "GET /sipse/faces/javax.faces.resource/fileupload/fileupload.css?ln=primefaces&v=4.0 HTTP/1.1" 304 -
201.221.172.1 - - [01/May/2023:09:38:42 -0500] "GET /sipse/faces/javax.faces.resource/jquery/jquery.js?ln=primefaces&v=4.0 HTTP/1.1" 304 -
201.221.172.1 - - [01/May/2023:09:38:42 -0500] "GET /sipse/faces/javax.faces.resource/jquery/jquery-plugins.js?ln=primefaces&v=4.0 HTTP/1.1" 304 -
201.221.172.1 - - [01/May/2023:09:38:42 -0500] "GET /sipse/faces/javax.faces.resource/primefaces.js?ln=primefaces&v=4.0 HTTP/1.1" 304 -
201.221.172.1 - - [01/May/2023:09:38:43 -0500] "GET /sipse/faces/javax.faces.resource/layout/layout.js?ln=primefaces&v=4.0 HTTP/1.1" 304 -
201.221.172.1 - - [01/May/2023:09:38:43 -0500] "GET /sipse/faces/javax.faces.resource/fileupload/fileupload.js?ln=primefaces&v=4.0 HTTP/1.1" 304 -
201.221.172.1 - - [01/May/2023:09:38:47 -0500] "POST /sipse/faces/presentacion/financiero/solicitudAnulacion/registrarSolicitudAnulacion.xhtml HTTP/1.1" 200 19443
201.221.172.1 - - [01/May/2023:09:38:49 -0500] "POST /sipse/faces/presentacion/financiero/solicitudAnulacion/registrarSolicitudAnulacion.xhtml HTTP/1.1" 200 19465
201.221.172.1 - - [01/May/2023:09:39:06 -0500] "POST /sipse/faces/presentacion/financiero/solicitudAnulacion/registrarSolicitudAnulacion.xhtml HTTP/1.1" 200 3944
201.245.192.253 - - [01/May/2023:09:39:11 -0500] "POST /kwsrmcab/Wsrmcab HTTP/1.1" 200 43211
201.221.172.1 - - [01/May/2023:09:39:12 -0500] "POST /sipse/faces/presentacion/financiero/solicitudAnulacion/registrarSolicitudAnulacion.xhtml HTTP/1.1" 200 40886
201.221.172.1 - - [01/May/2023:09:39:13 -0500] "GET /sipse/faces/javax.faces.resource/jquery/jquery.js?ln=primefaces&v=4.0 HTTP/1.1" 304 -
201.221.172.1 - - [01/May/2023:09:39:13 -0500] "GET /sipse/faces/javax.faces.resource/jquery/jquery-plugins.js?ln=primefaces&v=4.0 HTTP/1.1" 304 -
201.221.172.1 - - [01/May/2023:09:39:14 -0500] "GET /sipse/faces/javax.faces.resource/primefaces.js?ln=primefaces&v=4.0 HTTP/1.1" 304 -
201.221.172.1 - - [01/May/2023:09:39:14 -0500] "GET /sipse/faces/javax.faces.resource/layout/layout.js?ln=primefaces&v=4.0 HTTP/1.1" 304 -
201.245.192.253 - - [01/May/2023:09:39:13 -0500] "POST /kwsrmcab/Wsrmcab HTTP/1.1" 200 43203
201.221.172.1 - - [01/May/2023:09:39:18 -0500] "POST /sipse/faces/presentacion/financiero/solicitudProceso/consultar.xhtml HTTP/1.1" 200 12800
201.221.172.1 - - [01/May/2023:09:39:27 -0500] "POST /sipse/faces/presentacion/financiero/solicitudProceso/consultar.xhtml HTTP/1.1" 200 51241
201.221.172.1 - - [01/May/2023:09:39:39 -0500] "GET /sipse/faces/javax.faces.resource/jquery/jquery.js?ln=primefaces&v=4.0 HTTP/1.1" 304 -
201.221.172.1 - - [01/May/2023:09:39:40 -0500] "GET /sipse/faces/javax.faces.resource/jquery/jquery-plugins.js?ln=primefaces&v=4.0 HTTP/1.1" 304 -
201.221.172.1 - - [01/May/2023:09:39:40 -0500] "GET /sipse/faces/javax.faces.resource/primefaces.js?ln=primefaces&v=4.0 HTTP/1.1" 304 -
201.221.172.1 - - [01/May/2023:09:39:40 -0500] "GET /sipse/faces/javax.faces.resource/layout/layout.js?ln=primefaces&v=4.0 HTTP/1.1" 304 -
201.221.172.1 - - [01/May/2023:09:39:40 -0500] "GET /sipse/faces/javax.faces.resource/fileupload/fileupload.js?ln=primefaces&v=4.0 HTTP/1.1" 304 -
52.167.144.139 - - [01/May/2023:09:39:50 -0500] "GET /images/caminatas-ecol%C3%B3gicas-marzo---1920x1080_optimized.jpg HTTP/1.1" 404 1034
201.221.172.1 - - [01/May/2023:09:39:52 -0500] "POST /sipse/faces/presentacion/financiero/solicitudAnulacion/registrarSolicitudAnulacion.xhtml HTTP/1.1" 200 10184
201.221.172.1 - - [01/May/2023:09:39:59 -0500] "POST /sipse/faces/presentacion/financiero/solicitudAnulacion/registrarSolicitudAnulacion.xhtml HTTP/1.1" 200 8151
201.221.172.1 - - [01/May/2023:09:40:07 -0500] "POST /sipse/faces/presentacion/financiero/solicitudAnulacion/registrarSolicitudAnulacion.xhtml HTTP/1.1" 200 59670
201.221.172.1 - - [01/May/2023:09:40:11 -0500] "GET /sipse/faces/javax.faces.resource/layout/layout.css?ln=primefaces&v=4.0 HTTP/1.1" 304 -
201.221.172.1 - - [01/May/2023:09:40:11 -0500] "GET /sipse/faces/javax.faces.resource/jquery/jquery-plugins.js?ln=primefaces&v=4.0 HTTP/1.1" 304 -
201.221.172.1 - - [01/May/2023:09:40:11 -0500] "GET /sipse/faces/javax.faces.resource/primefaces.css?ln=primefaces&v=4.0 HTTP/1.1" 304 -
201.221.172.1 - - [01/May/2023:09:40:11 -0500] "GET /sipse/faces/javax.faces.resource/fileupload/fileupload.css?ln=primefaces&v=4.0 HTTP/1.1" 304 -
201.221.172.1 - - [01/May/2023:09:40:11 -0500] "GET /sipse/faces/javax.faces.resource/layout/layout.js?ln=primefaces&v=4.0 HTTP/1.1" 304 -
201.221.172.1 - - [01/May/2023:09:40:11 -0500] "GET /sipse/faces/javax.faces.resource/fileupload/fileupload.js?ln=primefaces&v=4.0 HTTP/1.1" 304 -
201.221.172.1 - - [01/May/2023:09:40:11 -0500] "GET /sipse/faces/javax.faces.resource/primefaces.js?ln=primefaces&v=4.0 HTTP/1.1" 304 -
201.221.172.1 - - [01/May/2023:09:40:11 -0500] "GET /sipse/faces/javax.faces.resource/theme.css?ln=primefaces-sipse HTTP/1.1" 304 -
201.221.172.1 - - [01/May/2023:09:40:11 -0500] "GET /sipse/faces/javax.faces.resource/jquery/jquery.js?ln=primefaces&v=4.0 HTTP/1.1" 304 -
201.221.172.1 - - [01/May/2023:09:40:12 -0500] "GET /sipse/faces/javax.faces.resource/images/ui-icons_898989_256x240.png?ln=primefaces-aristo HTTP/1.1" 304 -
201.221.172.1 - - [01/May/2023:09:40:17 -0500] "GET /sipse/faces/javax.faces.resource/images/ui-bg_flat_0_2d5972_40x100.png?ln=primefaces-aristo HTTP/1.1" 304 -
201.221.172.1 - - [01/May/2023:09:40:17 -0500] "POST /sipse/faces/presentacion/financiero/solicitudAnulacion/registrarSolicitudAnulacion.xhtml HTTP/1.1" 200 29321
201.221.172.1 - - [01/May/2023:09:40:26 -0500] "GET /sipse/faces/javax.faces.resource/jquery/jquery.js?ln=primefaces&v=4.0 HTTP/1.1" 304 -
201.221.172.1 - - [01/May/2023:09:40:29 -0500] "GET /sipse/faces/javax.faces.resource/jquery/jquery-plugins.js?ln=primefaces&v=4.0 HTTP/1.1" 304 -
201.221.172.1 - - [01/May/2023:09:40:29 -0500] "GET /sipse/faces/javax.faces.resource/primefaces.js?ln=primefaces&v=4.0 HTTP/1.1" 304 -
201.221.172.1 - - [01/May/2023:09:40:30 -0500] "GET /sipse/faces/javax.faces.resource/layout/layout.js?ln=primefaces&v=4.0 HTTP/1.1" 304 -
201.221.172.1 - - [01/May/2023:09:40:30 -0500] "GET /sipse/faces/javax.faces.resource/messages/messages.png?ln=primefaces&v=4.0 HTTP/1.1" 200 27209
201.221.172.1 - - [01/May/2023:09:40:30 -0500] "POST /sipse/faces/presentacion/financiero/solicitudAnulacion/solicitudAnulacion.xhtml HTTP/1.1" 200 14778
201.221.172.1 - - [01/May/2023:09:40:33 -0500] "POST /sipse/faces/presentacion/financiero/solicitudAnulacion/solicitudAnulacion.xhtml HTTP/1.1" 200 51910
201.221.172.1 - - [01/May/2023:09:40:36 -0500] "GET /sipse/faces/javax.faces.resource/jquery/jquery.js?ln=primefaces&v=4.0 HTTP/1.1" 304 -
201.221.172.1 - - [01/May/2023:09:40:36 -0500] "GET /sipse/faces/javax.faces.resource/jquery/jquery-plugins.js?ln=primefaces&v=4.0 HTTP/1.1" 304 -
201.221.172.1 - - [01/May/2023:09:40:37 -0500] "GET /sipse/faces/javax.faces.resource/primefaces.js?ln=primefaces&v=4.0 HTTP/1.1" 304 -
201.221.172.1 - - [01/May/2023:09:40:37 -0500] "GET /sipse/faces/javax.faces.resource/layout/layout.js?ln=primefaces&v=4.0 HTTP/1.1" 304 -
201.221.172.1 - - [01/May/2023:09:40:37 -0500] "GET /sipse/faces/javax.faces.resource/fileupload/fileupload.js?ln=primefaces&v=4.0 HTTP/1.1" 304 -
201.245.192.253 - - [01/May/2023:09:40:39 -0500] "POST /kwsrmcab/Wsrmcab  HTTP/1.1" 200 41796
201.221.172.1 - - [01/May/2023:09:40:43 -0500] "POST /sipse/faces/presentacion/financiero/solicitudAnulacion/registrarSolicitudAnulacion.xhtml HTTP/1.1" 200 3477
136.243.228.198 - - [01/May/2023:09:40:51 -0500] "GET /BLA/resoluciones/index.php?dir=RESOLUCIONES+2007%2FRES+2007+4301+AL+4352%2F HTTP/1.1" 200 14905
201.221.172.1 - - [01/May/2023:09:40:52 -0500] "POST /sipse/faces/presentacion/financiero/solicitudAnulacion/registrarSolicitudAnulacion.xhtml HTTP/1.1" 200 3140
199.16.157.181 - - [01/May/2023:09:40:54 -0500] "GET /conoce-las-medidas-de-prevencion-y-mitigacion-contempladas-en-la-alerta-fase-1-por-calidad-del-aire.html HTTP/1.1" 200 917
199.16.157.183 - - [01/May/2023:09:40:55 -0500] "GET /images/Red%20de%20Monitoreo%20febrero%2025.png HTTP/1.1" 200 93489
201.221.172.1 - - [01/May/2023:09:40:55 -0500] "POST /sipse/faces/presentacion/financiero/solicitudAnulacion/registrarSolicitudAnulacion.xhtml HTTP/1.1" 200 33531
201.221.172.1 - - [01/May/2023:09:40:57 -0500] "GET /sipse/faces/javax.faces.resource/jquery/jquery.js?ln=primefaces&v=4.0 HTTP/1.1" 304 -
201.221.172.1 - - [01/May/2023:09:40:57 -0500] "GET /sipse/faces/javax.faces.resource/jquery/jquery-plugins.js?ln=primefaces&v=4.0 HTTP/1.1" 304 -
201.221.172.1 - - [01/May/2023:09:40:57 -0500] "GET /sipse/faces/javax.faces.resource/primefaces.js?ln=primefaces&v=4.0 HTTP/1.1" 304 -
201.221.172.1 - - [01/May/2023:09:40:57 -0500] "GET /sipse/faces/javax.faces.resource/layout/layout.js?ln=primefaces&v=4.0 HTTP/1.1" 304 -
201.221.172.1 - - [01/May/2023:09:40:57 -0500] "POST /sipse/faces/presentacion/financiero/solicitudAnulacion/solicitudAnulacion.xhtml HTTP/1.1" 200 14778
74.80.208.70 - - [01/May/2023:09:41:06 -0500] "-" 408 -
201.221.172.1 - - [01/May/2023:09:41:00 -0500] "POST /sipse/faces/presentacion/financiero/solicitudAnulacion/solicitudAnulacion.xhtml HTTP/1.1" 200 51910
201.221.172.1 - - [01/May/2023:09:41:06 -0500] "GET /sipse/faces/javax.faces.resource/jquery/jquery.js?ln=primefaces&v=4.0 HTTP/1.1" 304 -
201.221.172.1 - - [01/May/2023:09:41:07 -0500] "GET /sipse/faces/javax.faces.resource/jquery/jquery-plugins.js?ln=primefaces&v=4.0 HTTP/1.1" 304 -
201.221.172.1 - - [01/May/2023:09:41:07 -0500] "GET /sipse/faces/javax.faces.resource/primefaces.js?ln=primefaces&v=4.0 HTTP/1.1" 304 -
201.221.172.1 - - [01/May/2023:09:41:07 -0500] "GET /sipse/faces/javax.faces.resource/layout/layout.js?ln=primefaces&v=4.0 HTTP/1.1" 304 -
201.221.172.1 - - [01/May/2023:09:41:07 -0500] "GET /sipse/faces/javax.faces.resource/fileupload/fileupload.js?ln=primefaces&v=4.0 HTTP/1.1" 304 -
201.221.172.1 - - [01/May/2023:09:41:11 -0500] "POST /sipse/faces/presentacion/financiero/solicitudAnulacion/registrarSolicitudAnulacion.xhtml HTTP/1.1" 200 3132
201.221.172.1 - - [01/May/2023:09:41:16 -0500] "POST /sipse/faces/presentacion/financiero/solicitudAnulacion/registrarSolicitudAnulacion.xhtml HTTP/1.1" 200 29362
201.221.172.1 - - [01/May/2023:09:41:21 -0500] "GET /sipse/faces/javax.faces.resource/jquery/jquery.js?ln=primefaces&v=4.0 HTTP/1.1" 304 -
201.221.172.1 - - [01/May/2023:09:41:21 -0500] "GET /sipse/faces/javax.faces.resource/jquery/jquery-plugins.js?ln=primefaces&v=4.0 HTTP/1.1" 304 -
201.221.172.1 - - [01/May/2023:09:41:21 -0500] "GET /sipse/faces/javax.faces.resource/primefaces.js?ln=primefaces&v=4.0 HTTP/1.1" 304 -
201.221.172.1 - - [01/May/2023:09:41:21 -0500] "GET /sipse/faces/javax.faces.resource/layout/layout.js?ln=primefaces&v=4.0 HTTP/1.1" 304 -
201.221.172.1 - - [01/May/2023:09:41:21 -0500] "POST /sipse/faces/presentacion/financiero/solicitudAnulacion/solicitudAnulacion.xhtml HTTP/1.1" 200 14783
136.243.228.198 - - [01/May/2023:09:41:31 -0500] "GET /BLA/resoluciones/index.php?dir=RESOLUCIONES+2007%2FRES+2007+601+AL+700%2F HTTP/1.1" 200 26655
172.22.2.4 - - [01/May/2023:09:41:39 -0500] "GET /BLA/boletinlegal/Circulares/2017/Circular%20No.%20011%20del%2005%20de%20julio%20de%202017.pdf HTTP/1.1" 200 965526
172.22.2.4 - - [01/May/2023:09:41:39 -0500] "GET /BLA/boletinlegal/Circulares/2017/Circular%20No.%20011%20del%2005%20de%20julio%20de%202017.pdf HTTP/1.1" 206 1025
172.22.2.4 - - [01/May/2023:09:41:39 -0500] "GET /BLA/boletinlegal/Circulares/2017/Circular%20No.%20011%20del%2005%20de%20julio%20de%202017.pdf HTTP/1.1" 200 965526
136.243.228.198 - - [01/May/2023:09:42:13 -0500] "GET /BLA/resoluciones/index.php?dir=RESOLUCIONES+2007%2FRES+2007+2701+AL+2800%2F HTTP/1.1" 200 26889
191.156.182.228 - - [01/May/2023:09:42:28 -0500] "GET /mujeres-que-reverdecen-secretaria-de-ambiente-anuncia-300-cupos-para-la-tercera-fase-del-programa.html HTTP/1.1" 200 823
190.27.194.170 - - [01/May/2023:09:42:49 -0500] "GET /alista-tu-camara-y-participa-en-el-reto-naturalista-2023.html HTTP/1.1" 200 743
136.243.228.198 - - [01/May/2023:09:42:50 -0500] "GET /BLA/resoluciones/index.php?dir=2018/&sort=name&order=desc HTTP/1.1" 200 1607
172.22.2.4 - - [01/May/2023:09:41:23 -0500] "HEAD /BLA/boletinlegal/ HTTP/1.1" 200 -
66.249.66.1 - - [01/May/2023:09:43:07 -0500] "-" 408 -
216.245.221.92 - - [01/May/2023:09:43:18 -0500] "HEAD / HTTP/1.1" 200 -
136.243.228.198 - - [01/May/2023:09:43:24 -0500] "GET /BLA/resoluciones/index.php?dir=2018/&sort=date&order=asc HTTP/1.1" 200 1608
172.22.2.4 - - [01/May/2023:09:42:13 -0500] "GET /BLA/boletinlegal/ HTTP/1.1" 200 55934
136.243.228.198 - - [01/May/2023:09:43:58 -0500] "GET /BLA/resoluciones/index.php?dir=RESOLUCIONES+2007%2FRES+2007+3901+AL+4000%2F HTTP/1.1" 200 26851
181.55.161.200 - - [01/May/2023:09:44:06 -0500] "GET /laurel-de-cera-distrito-intensifica-labores-para-prevenir-trafico-de-esta-especie-en-la-celebracion-de-la-cruz-de-mayo.html?fbclid=PAAaadziOf6gnn7AoLfH8yvaik1MY0KHzcVbpTt3ZdVNf8ZO2OFvbNVGP7seo HTTP/1.1" 200 842
40.77.167.94 - - [01/May/2023:09:44:13 -0500] "GET /BLA/resoluciones/AUTOS%202020/4089.pdf HTTP/1.1" 200 362331
136.243.228.198 - - [01/May/2023:09:44:30 -0500] "GET /BLA/resoluciones/index.php?dir=RESOLUCIONES+2007%2FRES+2007+101+AL+200%2F HTTP/1.1" 200 26931
136.243.228.198 - - [01/May/2023:09:45:03 -0500] "GET /BLA/resoluciones/index.php?dir=RESOLUCIONES+2006%2FRES+2006+701-750%2F HTTP/1.1" 200 12251
40.77.167.86 - - [01/May/2023:09:45:05 -0500] "GET /BLA/resoluciones/RESOLUCIONES%202019/2413.pdf HTTP/1.1" 200 285660
40.77.167.86 - - [01/May/2023:09:45:07 -0500] "GET /BLA/resoluciones/AUTOS%202013/2595.pdf HTTP/1.1" 200 903273
40.77.167.86 - - [01/May/2023:09:45:09 -0500] "GET /BLA/boletinlegal/documentos-importantes.php HTTP/1.1" 200 4829
40.77.167.86 - - [01/May/2023:09:45:29 -0500] "GET /BLA/boletinlegal/niceforms-default.css HTTP/1.1" 200 6694
40.77.167.86 - - [01/May/2023:09:45:29 -0500] "GET /BLA/boletinlegal/niceforms.js HTTP/1.1" 200 22876
157.55.39.224 - - [01/May/2023:09:45:33 -0500] "GET /BLA/boletinlegal/js/ajax_documentos.js HTTP/1.1" 200 1155
136.243.228.198 - - [01/May/2023:09:45:33 -0500] "GET /BLA/resoluciones/index.php?dir=RESOLUCIONES+2007%2FRES+2007+1901+AL+2000%2F HTTP/1.1" 200 26856
40.77.167.94 - - [01/May/2023:09:45:34 -0500] "GET /BLA/boletinlegal/style.css HTTP/1.1" 200 9406
201.245.192.253 - - [01/May/2023:09:45:38 -0500] "POST /kwsrmcab/Wsrmcab  HTTP/1.1" 200 41796
201.244.227.217 - - [01/May/2023:09:45:45 -0500] "GET /BLA/resoluciones/index.php?dir= HTTP/1.1" 200 13502
201.244.227.217 - - [01/May/2023:09:45:45 -0500] "GET /favicon.ico HTTP/1.1" 200 7782
40.77.167.86 - - [01/May/2023:09:45:55 -0500] "GET /BLA/boletinlegal/ajax.js HTTP/1.1" 200 577
136.243.228.198 - - [01/May/2023:09:46:06 -0500] "GET /BLA/resoluciones/index.php?dir= HTTP/1.1" 200 13502
172.22.2.4 - - [01/May/2023:09:46:16 -0500] "GET /BLA/boletinlegal/actos.php HTTP/1.1" 200 9682
172.22.2.4 - - [01/May/2023:09:46:16 -0500] "GET /BLA/boletinlegal/styles2.css HTTP/1.1" 200 1838
172.22.2.4 - - [01/May/2023:09:46:16 -0500] "GET /BLA/boletinlegal/js/popup.js HTTP/1.1" 200 1270
172.22.2.4 - - [01/May/2023:09:46:16 -0500] "GET /BLA/boletinlegal/js/ajax_actos.js HTTP/1.1" 200 1322
172.22.2.4 - - [01/May/2023:09:46:16 -0500] "GET /BLA/boletinlegal/js/jquery1.js HTTP/1.1" 200 29846
172.22.2.4 - - [01/May/2023:09:46:16 -0500] "GET /BLA/boletinlegal/niceforms.js HTTP/1.1" 200 22876
172.22.2.4 - - [01/May/2023:09:46:16 -0500] "GET /BLA/boletinlegal/niceforms-default.css HTTP/1.1" 200 6694
172.22.2.4 - - [01/May/2023:09:46:16 -0500] "GET /BLA/boletinlegal/js/lib.js HTTP/1.1" 200 6474
172.22.2.4 - - [01/May/2023:09:46:16 -0500] "GET /BLA/boletinlegal/style.css HTTP/1.1" 200 9406
172.22.2.4 - - [01/May/2023:09:46:16 -0500] "GET /BLA/boletinlegal/images/cabezote%20BLEGAL.jpg HTTP/1.1" 200 118164
172.22.2.4 - - [01/May/2023:09:46:16 -0500] "GET /BLA/boletinlegal/images/subscribe-icon-big.png HTTP/1.1" 200 47702
172.22.2.4 - - [01/May/2023:09:46:16 -0500] "GET /BLA/boletinlegal/images/body_bg.jpg HTTP/1.1" 200 1601
172.22.2.4 - - [01/May/2023:09:46:16 -0500] "GET /BLA/boletinlegal/images/tel.png HTTP/1.1" 200 14477
172.22.2.4 - - [01/May/2023:09:46:16 -0500] "GET /BLA/boletinlegal/images/menu_rght.gif HTTP/1.1" 200 1627
172.22.2.4 - - [01/May/2023:09:46:16 -0500] "GET /BLA/boletinlegal/images/menu_bg.jpg HTTP/1.1" 200 620
172.22.2.4 - - [01/May/2023:09:46:17 -0500] "GET /BLA/boletinlegal/images/hover.jpg HTTP/1.1" 200 640
172.22.2.4 - - [01/May/2023:09:46:17 -0500] "GET /BLA/boletinlegal/images/icono-email.png HTTP/1.1" 200 5544
172.22.2.4 - - [01/May/2023:09:46:17 -0500] "GET /BLA/boletinlegal/images/green-yellow-blue-pink-th.png HTTP/1.1" 200 7394
172.22.2.4 - - [01/May/2023:09:46:17 -0500] "GET /BLA/boletinlegal/images/footer_bg.jpg HTTP/1.1" 200 586
172.22.2.4 - - [01/May/2023:09:46:17 -0500] "GET /BLA/boletinlegal/images/historia.png HTTP/1.1" 200 52775
172.22.2.4 - - [01/May/2023:09:46:17 -0500] "GET /BLA/boletinlegal/images/registro-usuarios.png HTTP/1.1" 200 8106
172.22.2.4 - - [01/May/2023:09:46:18 -0500] "GET /BLA/boletinlegal/images/bg_top.jpg HTTP/1.1" 200 522
172.22.2.4 - - [01/May/2023:09:46:18 -0500] "GET /BLA/boletinlegal/images/footer_bg_l.jpg HTTP/1.1" 200 776
172.22.2.4 - - [01/May/2023:09:46:18 -0500] "GET /BLA/boletinlegal/images/text.jpg HTTP/1.1" 200 568
172.22.2.4 - - [01/May/2023:09:46:18 -0500] "GET /BLA/boletinlegal/images/menu_lft.gif HTTP/1.1" 200 1713
172.22.2.4 - - [01/May/2023:09:46:18 -0500] "GET /BLA/boletinlegal/img/0.png HTTP/1.1" 200 110
172.22.2.4 - - [01/May/2023:09:46:18 -0500] "GET /BLA/boletinlegal/img/select-left.png HTTP/1.1" 200 263
172.22.2.4 - - [01/May/2023:09:46:18 -0500] "GET /BLA/boletinlegal/img/button.png HTTP/1.1" 200 43241
172.22.2.4 - - [01/May/2023:09:46:18 -0500] "GET /BLA/boletinlegal/img/button-left.png HTTP/1.1" 200 57071
172.22.2.4 - - [01/May/2023:09:46:18 -0500] "GET /BLA/boletinlegal/img/select-right.png HTTP/1.1" 200 44019
172.22.2.4 - - [01/May/2023:09:46:18 -0500] "GET /BLA/boletinlegal/img/button-right.png HTTP/1.1" 200 57878
172.22.2.4 - - [01/May/2023:09:46:18 -0500] "GET /BLA/boletinlegal/favicon.ico HTTP/1.1" 404 1326
172.22.2.4 - - [01/May/2023:09:46:26 -0500] "GET /BLA/boletinlegal/jurisprudencia.php HTTP/1.1" 200 17583
172.22.2.4 - - [01/May/2023:09:46:27 -0500] "GET /BLA/boletinlegal/images/jurisprudencia.png HTTP/1.1" 200 66721
172.22.2.4 - - [01/May/2023:09:46:27 -0500] "GET /BLA/boletinlegal/images/sub_ul_li.gif HTTP/1.1" 200 343
172.22.2.4 - - [01/May/2023:09:46:36 -0500] "GET /BLA/boletinlegal/conceptos.php HTTP/1.1" 200 7496
172.22.2.4 - - [01/May/2023:09:46:36 -0500] "GET /BLA/boletinlegal/js/ajax_conceptos.js HTTP/1.1" 200 1326
136.243.228.198 - - [01/May/2023:09:46:38 -0500] "GET /BLA/resoluciones/index.php?dir=RESOLUCIONES+2006%2FRES+2006+751-800%2F HTTP/1.1" 200 12235
172.22.2.4 - - [01/May/2023:09:46:41 -0500] "GET /BLA/boletinlegal/consulta_conceptos.php?no=&solicitante=&radicado_entrada=&fecha_concepto=2023&objeto= HTTP/1.1" 200 12574
172.22.2.4 - - [01/May/2023:09:46:41 -0500] "GET /BLA/boletinlegal/images/pdf.gif HTTP/1.1" 200 567
172.22.2.4 - - [01/May/2023:09:46:42 -0500] "GET /BLA/boletinlegal/images/background.gif HTTP/1.1" 200 -
136.243.228.198 - - [01/May/2023:09:47:07 -0500] "GET /BLA/resoluciones/index.php?dir=RESOLUCIONES+2007%2FRES+2007+401+AL+500%2F HTTP/1.1" 200 26642
136.243.228.198 - - [01/May/2023:09:47:38 -0500] "GET /BLA/resoluciones/index.php?dir=RESOLUCIONES+2006%2FRES+2006+2401-2450%2F HTTP/1.1" 200 12370
136.243.228.198 - - [01/May/2023:09:48:08 -0500] "GET /BLA/resoluciones/index.php?dir=RESOLUCIONES+2007%2FRES+2007+2301+AL+2400%2F HTTP/1.1" 200 26611
181.206.33.144 - - [01/May/2023:09:48:10 -0500] "GET /laurel-de-cera-distrito-intensifica-labores-para-prevenir-trafico-de-esta-especie-en-la-celebracion-de-la-cruz-de-mayo.html?fbclid=PAAaYVAnolhR6NGi4jrC56Q4ZTUj8Y0RMpbARbTLX0EoFJieR-w5mI-GrkAbU HTTP/1.1" 200 842
216.245.221.92 - - [01/May/2023:09:48:18 -0500] "HEAD / HTTP/1.1" 200 -
186.154.16.87 - - [01/May/2023:09:48:32 -0500] "GET /laurel-de-cera-distrito-intensifica-labores-para-prevenir-trafico-de-esta-especie-en-la-celebracion-de-la-cruz-de-mayo.html?fbclid=PAAaaqFGNjsD_b1RUP35Mcko5QZUsUlINSTra3h-J0-3oItHZSsnhE-WTOv6g HTTP/1.1" 200 842
136.243.228.198 - - [01/May/2023:09:48:38 -0500] "GET /BLA/resoluciones/index.php?dir=RESOLUCIONES+2006%2FRES+2006+551-600%2F HTTP/1.1" 200 12250
172.22.2.4 - - [01/May/2023:09:47:13 -0500] "HEAD /BLA/boletinlegal/ HTTP/1.1" 200 -
136.243.228.198 - - [01/May/2023:09:49:08 -0500] "GET /BLA/resoluciones/index.php?dir=Notificaciones/&sort=size&order=asc HTTP/1.1" 200 11228
136.243.228.198 - - [01/May/2023:09:49:39 -0500] "GET /BLA/resoluciones/index.php?dir=RESOLUCIONES+2007%2FRES+2007+3601+AL+3700%2F HTTP/1.1" 200 26855
172.22.2.4 - - [01/May/2023:09:48:03 -0500] "GET /BLA/boletinlegal/ HTTP/1.1" 200 53924
136.243.228.198 - - [01/May/2023:09:50:08 -0500] "GET /BLA/resoluciones/index.php?dir=RESOLUCIONES+2006%2FRES+2006+2701-2750%2F HTTP/1.1" 200 12367
201.245.192.253 - - [01/May/2023:09:50:37 -0500] "POST /kwsrmcab/Wsrmcab  HTTP/1.1" 200 41796
136.243.228.198 - - [01/May/2023:09:50:39 -0500] "GET /BLA/resoluciones/index.php?dir=RESOLUCIONES+2007%2FRES+2007+701+AL+800%2F HTTP/1.1" 200 26639
74.80.208.70 - - [01/May/2023:09:50:48 -0500] "GET /transparencia/financiera/Desagregado%20con%20modificaciones/Historico/Modificaciones%20Pptales%202021.xlsx HTTP/1.1" 404 1018
136.243.228.198 - - [01/May/2023:09:51:07 -0500] "GET /BLA/resoluciones/index.php?dir=RESOLUCIONES+2007%2FRES+2007+2601+AL+2700%2F HTTP/1.1" 200 26865
136.243.228.198 - - [01/May/2023:09:51:37 -0500] "GET /BLA/resoluciones/index.php?dir=RESOLUCIONES%202007/&sort=name&order=desc HTTP/1.1" 200 35449
201.244.227.217 - - [01/May/2023:09:51:57 -0500] "GET /BLA/resoluciones/index.php?dir=AUTOS+2016%2F HTTP/1.1" 200 329666
136.243.228.198 - - [01/May/2023:09:52:05 -0500] "GET /BLA/resoluciones/index.php?dir=RESOLUCIONES+2006%2FRES+2006+801-850%2F HTTP/1.1" 200 12230
136.243.228.198 - - [01/May/2023:09:52:34 -0500] "GET /BLA/resoluciones/index.php?dir=RESOLUCIONES+2006%2FRES+2006+2351-2400%2F HTTP/1.1" 200 12357
74.80.208.70 - - [01/May/2023:09:52:48 -0500] "GET /Residuos/farmaceutica/farmaceutica.html HTTP/1.1" 200 1967
74.80.208.97 - - [01/May/2023:09:53:02 -0500] "GET /portaldeninos/wp-json/ HTTP/1.1" 200 60134
136.243.228.198 - - [01/May/2023:09:53:03 -0500] "GET /BLA/resoluciones/index.php?dir=RESOLUCIONES+2006%2FRES+2006+2651-2700%2F HTTP/1.1" 200 12365
216.245.221.92 - - [01/May/2023:09:53:18 -0500] "HEAD / HTTP/1.1" 200 -
136.243.228.198 - - [01/May/2023:09:53:30 -0500] "GET /BLA/resoluciones/index.php?dir=RESOLUCIONES+2007%2FRES+2007+3801+AL+3900%2F HTTP/1.1" 200 26637
51.159.194.199 - - [01/May/2023:09:53:37 -0500] "GET /dia-nacional-del-arbol-atributos-y-caracteristicas-de-las-especies-representativas-de-bogota.html HTTP/1.1" 200 809
51.159.194.199 - - [01/May/2023:09:53:37 -0500] "GET /images/Secretaria-d%C3%ADa-del-arbol-2023-abril.jpg HTTP/1.1" 404 1034
136.243.228.198 - - [01/May/2023:09:53:58 -0500] "GET /BLA/resoluciones/index.php?dir=RESOLUCIONES+2007%2FRES+2007+3401+AL+3500%2F HTTP/1.1" 200 26618
74.80.208.70 - - [01/May/2023:09:54:27 -0500] "-" 408 -
136.243.228.198 - - [01/May/2023:09:54:29 -0500] "GET /BLA/resoluciones/index.php?dir=Notificaciones/&sort=name&order=desc HTTP/1.1" 200 11227
172.22.2.4 - - [01/May/2023:09:53:03 -0500] "HEAD /BLA/boletinlegal/ HTTP/1.1" 200 -
186.84.90.18 - - [01/May/2023:09:54:44 -0500] "GET /BLA/resoluciones/index.php?dir= HTTP/1.1" 200 13502
186.84.90.18 - - [01/May/2023:09:54:53 -0500] "GET /BLA/resoluciones/index.php?dir=AUTOS+2017%2F HTTP/1.1" 200 468320
136.243.228.198 - - [01/May/2023:09:54:55 -0500] "GET /BLA/resoluciones/index.php?dir=RESOLUCIONES%202001/&sort=name&order=desc HTTP/1.1" 200 24982
172.22.2.4 - - [01/May/2023:09:55:04 -0500] "GET /BLA/boletinlegal/actos.php HTTP/1.1" 200 9682
172.22.2.4 - - [01/May/2023:09:55:04 -0500] "GET /BLA/boletinlegal/actos.php HTTP/1.1" 200 9682
45.238.181.117 - - [01/May/2023:09:55:20 -0500] "GET /mujeres-que-reverdecen-secretaria-de-ambiente-anuncia-300-cupos-para-la-tercera-fase-del-programa.html HTTP/1.1" 200 823
136.243.228.198 - - [01/May/2023:09:55:22 -0500] "GET /BLA/resoluciones/index.php?dir=RESOLUCIONES+2006%2FRES+2006+2151-2200%2F HTTP/1.1" 200 12368
172.22.2.4 - - [01/May/2023:09:53:53 -0500] "GET /BLA/boletinlegal/ HTTP/1.1" 200 59306
201.245.192.253 - - [01/May/2023:09:55:35 -0500] "POST /kwsrmcab/Wsrmcab  HTTP/1.1" 200 41796
136.243.228.198 - - [01/May/2023:09:55:47 -0500] "GET /BLA/resoluciones/index.php?dir=RESOLUCIONES+2006%2FRES+2006+1001-1050%2F HTTP/1.1" 200 12341
136.243.228.198 - - [01/May/2023:09:56:15 -0500] "GET /BLA/resoluciones/index.php?dir=RESOLUCIONES+2006%2FRES+2006+2751-2800%2F HTTP/1.1" 200 12358
186.84.90.17 - - [01/May/2023:09:56:32 -0500] "GET /alista-tu-camara-y-participa-en-el-reto-naturalista-2023.html HTTP/1.1" 200 743
136.243.228.198 - - [01/May/2023:09:56:42 -0500] "GET /BLA/resoluciones/index.php?dir=AUTOS%202023/&sort=name&order=desc HTTP/1.1" 200 30370
136.243.228.198 - - [01/May/2023:09:57:08 -0500] "GET /BLA/resoluciones/index.php?dir=RESOLUCIONES+2007%2FRES+2007+1001+AL+1100%2F HTTP/1.1" 200 26838
74.80.208.24 - - [01/May/2023:09:57:35 -0500] "GET /BLA/boletinlegal/jurisprudencia/analisis/ANALISIST-046-99.docx HTTP/1.1" 304 -
136.243.228.198 - - [01/May/2023:09:57:35 -0500] "GET /BLA/resoluciones/index.php?dir=RESOLUCIONES%201999/&sort=name&order=desc HTTP/1.1" 200 10376
136.243.228.198 - - [01/May/2023:09:58:01 -0500] "GET /BLA/resoluciones/index.php?dir=RESOLUCIONES+2007%2FRES+2007+2101+AL+2200%2F HTTP/1.1" 200 26622
216.245.221.92 - - [01/May/2023:09:58:18 -0500] "HEAD / HTTP/1.1" 200 -
136.243.228.198 - - [01/May/2023:09:58:26 -0500] "GET /BLA/resoluciones/index.php?dir=RESOLUCIONES%201993/&sort=name&order=desc HTTP/1.1" 200 2878
136.243.228.198 - - [01/May/2023:09:58:51 -0500] "GET /BLA/resoluciones/index.php?dir=RESOLUCIONES+2006%2FRES+2006+1601-1650%2F HTTP/1.1" 200 12235
74.80.208.70 - - [01/May/2023:09:59:51 -0500] "GET /BLA/boletinlegal/jurisprudencia/analisis/G__Jurisp.%20Junio%202014_Sent%20Tutela%20Drumond.docx HTTP/1.1" 200 25380
136.243.228.198 - - [01/May/2023:10:00:02 -0500] "GET /BLA/resoluciones/index.php?dir=RESOLUCIONES+2007%2FRES+2007+3701+AL+3800%2F HTTP/1.1" 200 26851
136.243.228.198 - - [01/May/2023:10:00:27 -0500] "GET /BLA/resoluciones/index.php?dir=RESOLUCIONES%201994/&sort=size&order=asc HTTP/1.1" 200 2479
172.22.2.4 - - [01/May/2023:09:58:53 -0500] "HEAD /BLA/boletinlegal/ HTTP/1.1" 200 -
201.245.192.253 - - [01/May/2023:10:00:35 -0500] "POST /kwsrmcab/Wsrmcab  HTTP/1.1" 200 41796
136.243.228.198 - - [01/May/2023:10:00:52 -0500] "GET /BLA/resoluciones/index.php?dir=RESOLUCIONES+2007%2FRES+2007+1601+AL+1725%2F HTTP/1.1" 200 7202
136.243.228.198 - - [01/May/2023:10:01:19 -0500] "GET /BLA/resoluciones/index.php?dir=RESOLUCIONES+2007%2FRES+2007+4201+AL+4300%2F HTTP/1.1" 200 26607
172.22.2.4 - - [01/May/2023:09:59:43 -0500] "GET /BLA/boletinlegal/ HTTP/1.1" 200 57151
136.243.228.198 - - [01/May/2023:10:01:44 -0500] "GET /BLA/resoluciones/index.php?dir=RESOLUCIONES+2007%2FRES+2007+4001+AL+4100%2F HTTP/1.1" 200 26864
136.243.228.198 - - [01/May/2023:10:02:07 -0500] "GET /BLA/resoluciones/index.php?dir=RESOLUCIONES+2006%2FRES+2006+1651-1700%2F HTTP/1.1" 200 12354
136.243.228.198 - - [01/May/2023:10:02:31 -0500] "GET /BLA/resoluciones/index.php?dir=RESOLUCIONES+2006%2FRES+2006+1551-1600%2F HTTP/1.1" 200 12369
136.243.228.198 - - [01/May/2023:10:02:55 -0500] "GET /BLA/resoluciones/index.php?dir=RESOLUCIONES+2006%2FRES+2006+1501-1550%2F HTTP/1.1" 200 12370
136.243.228.198 - - [01/May/2023:10:03:10 -0500] "-" 408 -
74.80.208.24 - - [01/May/2023:10:03:15 -0500] "GET /www.ambientebogota.gov.co/web/web-ninos/inicio HTTP/1.1" 404 1049
216.245.221.92 - - [01/May/2023:10:03:18 -0500] "HEAD / HTTP/1.1" 200 -
136.243.228.198 - - [01/May/2023:10:03:20 -0500] "GET /BLA/resoluciones/index.php?dir=Notificaciones/&sort=date&order=asc HTTP/1.1" 200 11228
136.243.228.198 - - [01/May/2023:10:03:47 -0500] "GET /BLA/resoluciones/index.php?dir=&sort=date&order=desc HTTP/1.1" 200 13501
136.243.228.198 - - [01/May/2023:10:04:11 -0500] "GET /BLA/resoluciones/index.php?dir=RESOLUCIONES+2007%2FRES+2007+801+AL+900%2F HTTP/1.1" 200 26642
40.77.167.86 - - [01/May/2023:10:04:31 -0500] "GET /BLA/resoluciones/AUTOS%202022/2037.pdf HTTP/1.1" 200 379424
136.243.228.198 - - [01/May/2023:10:04:37 -0500] "GET /BLA/resoluciones/index.php?dir=RESOLUCIONES+2006%2FRES+2006+151-200%2F HTTP/1.1" 200 12238
136.243.228.198 - - [01/May/2023:10:04:59 -0500] "GET /BLA/resoluciones/index.php?dir=RESOLUCIONES+2006%2FRES+2006+1451-1500%2F HTTP/1.1" 200 12370
136.243.228.198 - - [01/May/2023:10:05:24 -0500] "GET /BLA/resoluciones/index.php?dir=RESOLUCIONES+2007%2FRES+2007+201+AL+300%2F HTTP/1.1" 200 27110
201.245.192.253 - - [01/May/2023:10:05:36 -0500] "POST /kwsrmcab/Wsrmcab  HTTP/1.1" 200 41796
136.243.228.198 - - [01/May/2023:10:05:50 -0500] "GET /BLA/resoluciones/index.php?dir=RESOLUCIONES+2007%2FRES+2007+3001+AL+3100%2F HTTP/1.1" 200 26891
40.77.167.86 - - [01/May/2023:10:06:11 -0500] "GET /BLA/resoluciones/index.php?dir=RESOLUCIONES+2022%2F HTTP/1.1" 200 300901
136.243.228.198 - - [01/May/2023:10:06:13 -0500] "GET /BLA/resoluciones/index.php?dir=RESOLUCIONES+2007%2FRES+2007+301+AL+400%2F HTTP/1.1" 200 26381
172.22.2.4 - - [01/May/2023:10:04:43 -0500] "HEAD /BLA/boletinlegal/ HTTP/1.1" 200 -
190.84.172.92 - - [01/May/2023:10:06:29 -0500] "GET /sipse/js/disable_browser_buttons.js HTTP/1.1" 304 -
190.84.172.92 - - [01/May/2023:10:06:28 -0500] "GET /sipse/faces/faces/autenticacion.xhtml HTTP/1.1" 200 12497
190.84.172.92 - - [01/May/2023:10:06:29 -0500] "GET /sipse/css/custom_css_sg.css HTTP/1.1" 200 9694
190.84.172.92 - - [01/May/2023:10:06:29 -0500] "GET /sipse/faces/javax.faces.resource/layout/layout.css;jsessionid=INKeM9WFsSQzb8Kk3iRWovkt.undefined?ln=primefaces&v=4.0 HTTP/1.1" 200 542
190.84.172.92 - - [01/May/2023:10:06:29 -0500] "GET /sipse/css/custom_css_sg_prime_login.css HTTP/1.1" 200 443
190.84.172.92 - - [01/May/2023:10:06:29 -0500] "GET /sipse/faces/javax.faces.resource/layout/layout.js;jsessionid=INKeM9WFsSQzb8Kk3iRWovkt.undefined?ln=primefaces&v=4.0 HTTP/1.1" 200 87560
190.84.172.92 - - [01/May/2023:10:06:29 -0500] "GET /sipse/js/funciones.js HTTP/1.1" 304 -
190.84.172.92 - - [01/May/2023:10:06:29 -0500] "GET /sipse/faces/javax.faces.resource/jquery/jquery-plugins.js;jsessionid=INKeM9WFsSQzb8Kk3iRWovkt.undefined?ln=primefaces&v=4.0 HTTP/1.1" 200 220526
190.84.172.92 - - [01/May/2023:10:06:29 -0500] "GET /sipse/faces/javax.faces.resource/jquery/jquery.js;jsessionid=INKeM9WFsSQzb8Kk3iRWovkt.undefined?ln=primefaces&v=4.0 HTTP/1.1" 200 105384
190.84.172.92 - - [01/May/2023:10:06:29 -0500] "GET /sipse/faces/javax.faces.resource/primefaces.css;jsessionid=INKeM9WFsSQzb8Kk3iRWovkt.undefined?ln=primefaces&v=4.0 HTTP/1.1" 200 53295
190.84.172.92 - - [01/May/2023:10:06:29 -0500] "GET /sipse/faces/javax.faces.resource/theme.css?ln=primefaces-sipse HTTP/1.1" 200 50058
190.84.172.92 - - [01/May/2023:10:06:29 -0500] "GET /sipse/faces/javax.faces.resource/primefaces.js;jsessionid=INKeM9WFsSQzb8Kk3iRWovkt.undefined?ln=primefaces&v=4.0 HTTP/1.1" 200 276924
190.84.172.92 - - [01/May/2023:10:06:30 -0500] "GET /sipse/css/imagen/logoSDG.png HTTP/1.1" 304 -
190.84.172.92 - - [01/May/2023:10:06:30 -0500] "GET /sipse/faces/javax.faces.resource/images/ui-icons_898989_256x240.png?ln=primefaces-aristo HTTP/1.1" 200 5355
190.84.172.92 - - [01/May/2023:10:06:30 -0500] "GET /sipse/css/imagen/loginimg.png HTTP/1.1" 200 71635
190.84.172.92 - - [01/May/2023:10:06:30 -0500] "GET /favicon.ico HTTP/1.1" 200 7782
190.84.172.92 - - [01/May/2023:10:06:31 -0500] "GET /sipse/faces/faces/index.xhtml HTTP/1.1" 200 677
190.84.172.92 - - [01/May/2023:10:06:31 -0500] "GET /sipse/faces/javax.faces.resource/theme.css?ln=primefaces-sipse HTTP/1.1" 304 -
190.84.172.92 - - [01/May/2023:10:06:31 -0500] "GET /sipse/faces/faces/faces/autenticacion.xhtml HTTP/1.1" 200 12175
190.84.172.92 - - [01/May/2023:10:06:32 -0500] "GET /sipse/faces/javax.faces.resource/theme.css?ln=primefaces-sipse HTTP/1.1" 304 -
190.84.172.92 - - [01/May/2023:10:06:32 -0500] "GET /sipse/faces/javax.faces.resource/primefaces.css?ln=primefaces&v=4.0 HTTP/1.1" 304 -
190.84.172.92 - - [01/May/2023:10:06:32 -0500] "GET /sipse/faces/javax.faces.resource/layout/layout.css?ln=primefaces&v=4.0 HTTP/1.1" 200 542
190.84.172.92 - - [01/May/2023:10:06:32 -0500] "GET /sipse/faces/javax.faces.resource/jquery/jquery-plugins.js?ln=primefaces&v=4.0 HTTP/1.1" 304 -
190.84.172.92 - - [01/May/2023:10:06:32 -0500] "GET /sipse/faces/javax.faces.resource/jquery/jquery.js?ln=primefaces&v=4.0 HTTP/1.1" 304 -
190.84.172.92 - - [01/May/2023:10:06:32 -0500] "GET /sipse/faces/javax.faces.resource/primefaces.js?ln=primefaces&v=4.0 HTTP/1.1" 304 -
190.84.172.92 - - [01/May/2023:10:06:32 -0500] "GET /sipse/faces/javax.faces.resource/layout/layout.js?ln=primefaces&v=4.0 HTTP/1.1" 304 -
190.84.172.92 - - [01/May/2023:10:06:32 -0500] "GET /sipse/faces/javax.faces.resource/images/ui-icons_898989_256x240.png?ln=primefaces-aristo HTTP/1.1" 304 -
136.243.228.198 - - [01/May/2023:10:06:36 -0500] "GET /BLA/resoluciones/index.php?dir=RESOLUCIONES%202023/&sort=name&order=desc HTTP/1.1" 200 16497
190.84.172.92 - - [01/May/2023:10:06:36 -0500] "POST /sipse/faces/autenticacion.xhtml HTTP/1.1" 200 2223
190.84.172.92 - - [01/May/2023:10:06:38 -0500] "GET /sipse/faces/javax.faces.resource/messages/messages.png?ln=primefaces&v=4.0 HTTP/1.1" 200 27209
190.84.172.92 - - [01/May/2023:10:06:40 -0500] "POST /sipse/faces/autenticacion.xhtml HTTP/1.1" 200 16358
190.84.172.92 - - [01/May/2023:10:06:41 -0500] "GET /sipse/css/custom_css_sg_prime.css HTTP/1.1" 200 5201
190.84.172.92 - - [01/May/2023:10:06:41 -0500] "GET /sipse/js/jquery.min.js HTTP/1.1" 304 -
190.84.172.92 - - [01/May/2023:10:06:41 -0500] "GET /sipse/faces/javax.faces.resource/jquery/jquery.js?ln=primefaces&v=4.0 HTTP/1.1" 304 -
190.84.172.92 - - [01/May/2023:10:06:41 -0500] "GET /sipse/faces/javax.faces.resource/jquery/jquery-plugins.js?ln=primefaces&v=4.0 HTTP/1.1" 304 -
190.84.172.92 - - [01/May/2023:10:06:41 -0500] "GET /sipse/faces/javax.faces.resource/primefaces.js?ln=primefaces&v=4.0 HTTP/1.1" 304 -
190.84.172.92 - - [01/May/2023:10:06:41 -0500] "GET /sipse/faces/javax.faces.resource/layout/layout.js?ln=primefaces&v=4.0 HTTP/1.1" 304 -
190.84.172.92 - - [01/May/2023:10:06:41 -0500] "GET /sipse/imagenes/cargando.gif HTTP/1.1" 304 -
190.84.172.92 - - [01/May/2023:10:06:41 -0500] "GET /sipse/imagenes/logoAplicacion.jpg HTTP/1.1" 304 -
190.84.172.92 - - [01/May/2023:10:06:41 -0500] "GET /sipse/css/imagen/contrasena.png HTTP/1.1" 404 383
190.84.172.92 - - [01/May/2023:10:06:44 -0500] "GET /sipse/faces/javax.faces.resource/images/ui-bg_flat_0_2d5972_40x100.png?ln=primefaces-aristo HTTP/1.1" 304 -
190.84.172.92 - - [01/May/2023:10:06:44 -0500] "POST /sipse/faces/bienvenido.xhtml HTTP/1.1" 200 2658
190.84.172.92 - - [01/May/2023:10:06:46 -0500] "POST /sipse/faces/bienvenido.xhtml HTTP/1.1" 200 64502
190.84.172.92 - - [01/May/2023:10:06:49 -0500] "GET /sipse/faces/javax.faces.resource/jquery/jquery.js?ln=primefaces&v=4.0 HTTP/1.1" 304 -
190.84.172.92 - - [01/May/2023:10:06:49 -0500] "GET /sipse/faces/javax.faces.resource/jquery/jquery-plugins.js?ln=primefaces&v=4.0 HTTP/1.1" 304 -
190.84.172.92 - - [01/May/2023:10:06:49 -0500] "GET /sipse/faces/javax.faces.resource/primefaces.js?ln=primefaces&v=4.0 HTTP/1.1" 304 -
190.84.172.92 - - [01/May/2023:10:06:49 -0500] "GET /sipse/faces/javax.faces.resource/layout/layout.js?ln=primefaces&v=4.0 HTTP/1.1" 304 -
190.84.172.92 - - [01/May/2023:10:06:50 -0500] "POST /sipse/faces/presentacion/financiero/solicitudProceso/listarSolicitudProceso.xhtml HTTP/1.1" 200 1556
199.16.157.183 - - [01/May/2023:10:06:58 -0500] "GET /images/Red%20de%20Monitoreo%20febrero%2025.png HTTP/1.1" 200 93489
136.243.228.198 - - [01/May/2023:10:07:00 -0500] "GET /BLA/resoluciones/index.php?dir=RESOLUCIONES+2007%2FRES+2007+1501+AL+1600%2F HTTP/1.1" 200 26868
190.84.172.92 - - [01/May/2023:10:07:08 -0500] "POST /sipse/faces/presentacion/financiero/solicitudProceso/listarSolicitudProceso.xhtml HTTP/1.1" 200 33980
190.84.172.92 - - [01/May/2023:10:07:09 -0500] "POST /sipse/faces/presentacion/financiero/solicitudProceso/listarSolicitudProceso.xhtml HTTP/1.1" 200 33996
190.84.172.92 - - [01/May/2023:10:07:10 -0500] "POST /sipse/faces/presentacion/financiero/solicitudProceso/listarSolicitudProceso.xhtml HTTP/1.1" 200 33984
190.84.172.92 - - [01/May/2023:10:07:10 -0500] "POST /sipse/faces/presentacion/financiero/solicitudProceso/listarSolicitudProceso.xhtml HTTP/1.1" 200 33996
190.84.172.92 - - [01/May/2023:10:07:11 -0500] "POST /sipse/faces/presentacion/financiero/solicitudProceso/listarSolicitudProceso.xhtml HTTP/1.1" 200 33980
