136.243.228.198 - - [01/May/2023:11:47:57 -0500] "GET /BLA/resoluciones/index.php?dir=RESOLUCIONES+2005%2FRES+2005+2701+-2750%2F HTTP/1.1" 200 12404
216.245.221.92 - - [01/May/2023:11:48:17 -0500] "HEAD / HTTP/1.1" 200 -
136.243.228.198 - - [01/May/2023:11:48:22 -0500] "GET /BLA/resoluciones/index.php?dir=RESOLUCIONES+2005%2FRES+2005+2951-3000%2F HTTP/1.1" 200 11937
74.80.208.70 - - [01/May/2023:11:48:26 -0500] "-" 408 -
136.243.228.198 - - [01/May/2023:11:48:48 -0500] "GET /BLA/resoluciones/index.php?dir=AUTOS+2006%2FAUTOS+2006+2301+-+2400%2F HTTP/1.1" 200 22197
136.243.228.198 - - [01/May/2023:11:49:11 -0500] "GET /BLA/resoluciones/index.php?dir=AUTOS+2006%2FAUTOS+2006+1001-1100%2F HTTP/1.1" 200 21966
136.243.228.198 - - [01/May/2023:11:49:36 -0500] "GET /BLA/resoluciones/index.php?dir=RESOLUCIONES+2005%2FRES+2005+2551-2600%2F HTTP/1.1" 200 12367
201.245.192.253 - - [01/May/2023:11:49:32 -0500] "POST /kwsrmcab/Wsrmcab  HTTP/1.1" 200 14501
136.243.228.198 - - [01/May/2023:11:50:01 -0500] "GET /BLA/resoluciones/index.php?dir=AUTOS+2006%2FAUTOS+2006+2501+-+2600%2F HTTP/1.1" 200 22209
136.243.228.198 - - [01/May/2023:11:50:27 -0500] "GET /BLA/resoluciones/index.php?dir=AUTOS+2006%2FAUTOS+2006+501-600%2F HTTP/1.1" 200 21780
66.249.66.40 - - [01/May/2023:11:50:37 -0500] "-" 408 -
74.80.208.97 - - [01/May/2023:11:50:40 -0500] "-" 408 -
136.243.228.198 - - [01/May/2023:11:50:52 -0500] "GET /BLA/resoluciones/index.php?dir=RESOLUCIONES%20CONJUNTAS/&sort=size&order=asc HTTP/1.1" 200 4762
74.80.208.70 - - [01/May/2023:11:50:56 -0500] "GET /BLA/boletinlegal/jurisprudencia/analisis/Analisis%20Jurisprudencia%20Sent%202000-00005-01.doc HTTP/1.1" 200 52736
136.243.228.198 - - [01/May/2023:11:51:16 -0500] "GET /BLA/resoluciones/index.php?dir=RESOLUCIONES+2005%2FRES+2005+1201-1250%2F HTTP/1.1" 200 12369
172.22.2.4 - - [01/May/2023:11:49:42 -0500] "HEAD /BLA/boletinlegal/ HTTP/1.1" 200 -
136.243.228.198 - - [01/May/2023:11:51:39 -0500] "GET /BLA/resoluciones/index.php?dir=RESOLUCIONES%202005/&sort=date&order=asc HTTP/1.1" 200 49518
200.118.80.20 - - [01/May/2023:11:51:41 -0500] "GET /BLA/resoluciones/index.php?dir= HTTP/1.1" 200 13502
172.22.2.4 - - [01/May/2023:11:50:06 -0500] "GET /BLA/boletinlegal/ HTTP/1.1" 200 48260
136.243.228.198 - - [01/May/2023:11:52:02 -0500] "GET /BLA/resoluciones/index.php?dir=AUTOS+2006%2FAUTOS+2006+2701+-+2800%2F HTTP/1.1" 200 22410
172.22.2.4 - - [01/May/2023:11:50:33 -0500] "GET /BLA/boletinlegal/ HTTP/1.1" 200 51032
128.14.136.18 - - [01/May/2023:11:52:19 -0500] "GET /portaldeninos/ HTTP/1.1" 200 110197
136.243.228.198 - - [01/May/2023:11:52:25 -0500] "GET /BLA/resoluciones/index.php?dir=RESOLUCIONES+2005%2FRES+2005+2601-2650%2F HTTP/1.1" 200 12161
136.243.228.198 - - [01/May/2023:11:52:49 -0500] "GET /BLA/resoluciones/index.php?dir=AUTOS+2006%2FAUTOS+2006+901-1000%2F HTTP/1.1" 200 21877
181.59.148.14 - - [01/May/2023:11:53:11 -0500] "GET /alista-tu-camara-y-participa-en-el-reto-naturalista-2023.html HTTP/1.1" 200 743
136.243.228.198 - - [01/May/2023:11:53:13 -0500] "GET /BLA/resoluciones/index.php?dir=RESOLUCIONES+2005%2FRES+2005++1601-1650%2F HTTP/1.1" 200 12426
216.245.221.92 - - [01/May/2023:11:53:17 -0500] "HEAD / HTTP/1.1" 200 -
136.243.228.198 - - [01/May/2023:11:53:35 -0500] "GET /BLA/resoluciones/index.php?dir=AUTOS+2006%2FAUTOS+2006+2801+-+2900%2F HTTP/1.1" 200 22229
172.22.2.4 - - [01/May/2023:11:53:40 -0500] "GET /BLA/boletinlegal/style.css HTTP/1.1" 200 9406
172.22.2.4 - - [01/May/2023:11:53:40 -0500] "GET /BLA/boletinlegal/styles2.css HTTP/1.1" 200 1838
172.22.2.4 - - [01/May/2023:11:53:40 -0500] "GET /BLA/boletinlegal/js/jquery.scrollTo-min.js HTTP/1.1" 200 1150
172.22.2.4 - - [01/May/2023:11:53:40 -0500] "GET /BLA/boletinlegal/js/jquery.scrollShow.js HTTP/1.1" 200 4586
172.22.2.4 - - [01/May/2023:11:53:40 -0500] "GET /BLA/boletinlegal/js/jquery.js HTTP/1.1" 200 57254
172.22.2.4 - - [01/May/2023:11:53:40 -0500] "GET /BLA/boletinlegal/images/cabezote%20BLEGAL.jpg HTTP/1.1" 200 118164
172.22.2.4 - - [01/May/2023:11:53:40 -0500] "GET /BLA/boletinlegal/images/subscribe-icon-big.png HTTP/1.1" 200 47702
172.22.2.4 - - [01/May/2023:11:53:40 -0500] "GET /BLA/boletinlegal/images/historia.png HTTP/1.1" 200 52775
172.22.2.4 - - [01/May/2023:11:53:40 -0500] "GET /BLA/boletinlegal/images/arr_l.jpg HTTP/1.1" 200 1979
172.22.2.4 - - [01/May/2023:11:53:40 -0500] "GET /BLA/boletinlegal/images/registro-usuarios.png HTTP/1.1" 200 8106
172.22.2.4 - - [01/May/2023:11:53:40 -0500] "GET /BLA/boletinlegal/images/screen_1.png HTTP/1.1" 200 202547
172.22.2.4 - - [01/May/2023:11:53:40 -0500] "GET /BLA/boletinlegal/images/launch.jpg HTTP/1.1" 200 14577
172.22.2.4 - - [01/May/2023:11:53:40 -0500] "GET /BLA/boletinlegal/images/body_bg.jpg HTTP/1.1" 200 1601
172.22.2.4 - - [01/May/2023:11:53:40 -0500] "GET /BLA/boletinlegal/images/menu_rght.gif HTTP/1.1" 200 1627
172.22.2.4 - - [01/May/2023:11:53:40 -0500] "GET /BLA/boletinlegal/images/menu_lft.gif HTTP/1.1" 200 1713
172.22.2.4 - - [01/May/2023:11:53:40 -0500] "GET /BLA/boletinlegal/images/bg_top.jpg HTTP/1.1" 200 522
172.22.2.4 - - [01/May/2023:11:53:40 -0500] "GET /BLA/boletinlegal/images/menu_bg.jpg HTTP/1.1" 200 620
172.22.2.4 - - [01/May/2023:11:53:40 -0500] "GET /BLA/boletinlegal/images/text.jpg HTTP/1.1" 200 568
172.22.2.4 - - [01/May/2023:11:53:40 -0500] "GET /BLA/boletinlegal/images/hover.jpg HTTP/1.1" 200 640
172.22.2.4 - - [01/May/2023:11:53:42 -0500] "GET /BLA/boletinlegal/images/screen_2.png HTTP/1.1" 200 362502
172.22.2.4 - - [01/May/2023:11:53:42 -0500] "GET /BLA/boletinlegal/images/screen_3.png HTTP/1.1" 200 210620
172.22.2.4 - - [01/May/2023:11:53:42 -0500] "GET /BLA/boletinlegal/images/screen_5.png HTTP/1.1" 200 368876
172.22.2.4 - - [01/May/2023:11:53:42 -0500] "GET /BLA/boletinlegal/images/arr_r.jpg HTTP/1.1" 200 1998
172.22.2.4 - - [01/May/2023:11:53:50 -0500] "GET /BLA/boletinlegal/images/pdf.gif HTTP/1.1" 200 567
136.243.228.198 - - [01/May/2023:11:53:55 -0500] "GET /BLA/resoluciones/index.php?dir=RESOLUCIONES+2005%2FRES+2005+1551-1600%2F HTTP/1.1" 200 12364
136.243.228.198 - - [01/May/2023:11:54:19 -0500] "GET /BLA/resoluciones/index.php?dir=RESOLUCIONES+2005%2FRES+2005+1801-1850%2F HTTP/1.1" 200 12362
136.243.228.198 - - [01/May/2023:11:54:43 -0500] "GET /BLA/resoluciones/index.php?dir=AUTOS%202006/&sort=date&order=asc HTTP/1.1" 200 9681
201.245.192.253 - - [01/May/2023:11:54:32 -0500] "POST /kwsrmcab/Wsrmcab  HTTP/1.1" 200 14501
172.22.2.4 - - [01/May/2023:11:55:04 -0500] "GET /BLA/boletinlegal/images/footer_bg.jpg HTTP/1.1" 200 586
136.243.228.198 - - [01/May/2023:11:55:05 -0500] "GET /BLA/resoluciones/index.php?dir=RESOLUCIONES+2005%2FRES+2005+1501-1550%2F HTTP/1.1" 200 12365
172.22.2.4 - - [01/May/2023:11:55:12 -0500] "GET /BLA/boletinlegal/documentos-importantes.php HTTP/1.1" 200 4829
172.22.2.4 - - [01/May/2023:11:55:12 -0500] "GET /BLA/boletinlegal/niceforms-default.css HTTP/1.1" 200 6694
172.22.2.4 - - [01/May/2023:11:55:12 -0500] "GET /BLA/boletinlegal/js/ajax_documentos.js HTTP/1.1" 200 1155
172.22.2.4 - - [01/May/2023:11:55:12 -0500] "GET /BLA/boletinlegal/niceforms.js HTTP/1.1" 200 22876
172.22.2.4 - - [01/May/2023:11:55:12 -0500] "GET /BLA/boletinlegal/ajax.js HTTP/1.1" 200 577
172.22.2.4 - - [01/May/2023:11:55:12 -0500] "GET /BLA/boletinlegal/images/nuevo.gif HTTP/1.1" 200 26475
172.22.2.4 - - [01/May/2023:11:55:12 -0500] "GET /BLA/boletinlegal/images/footer_bg_l.jpg HTTP/1.1" 200 776
172.22.2.4 - - [01/May/2023:11:55:13 -0500] "GET /BLA/boletinlegal/img/textarea-tr.png HTTP/1.1" 200 488
172.22.2.4 - - [01/May/2023:11:55:13 -0500] "GET /BLA/boletinlegal/img/0.png HTTP/1.1" 200 110
172.22.2.4 - - [01/May/2023:11:55:13 -0500] "GET /BLA/boletinlegal/img/textarea-tl.png HTTP/1.1" 200 269
172.22.2.4 - - [01/May/2023:11:55:13 -0500] "GET /BLA/boletinlegal/img/textarea-r-off.png HTTP/1.1" 200 266
172.22.2.4 - - [01/May/2023:11:55:13 -0500] "GET /BLA/boletinlegal/img/textarea-bl.png HTTP/1.1" 200 265
172.22.2.4 - - [01/May/2023:11:55:13 -0500] "GET /BLA/boletinlegal/img/button-left.png HTTP/1.1" 200 57071
172.22.2.4 - - [01/May/2023:11:55:13 -0500] "GET /BLA/boletinlegal/img/button.png HTTP/1.1" 200 43241
172.22.2.4 - - [01/May/2023:11:55:13 -0500] "GET /BLA/boletinlegal/img/button-right.png HTTP/1.1" 200 57878
172.22.2.4 - - [01/May/2023:11:55:13 -0500] "GET /BLA/boletinlegal/favicon.ico HTTP/1.1" 404 1360
172.22.2.4 - - [01/May/2023:11:55:13 -0500] "GET /BLA/boletinlegal/img/textarea-br.png HTTP/1.1" 200 488
172.22.2.4 - - [01/May/2023:11:55:13 -0500] "GET /BLA/boletinlegal/img/textarea-l-off.png HTTP/1.1" 200 168
172.22.2.4 - - [01/May/2023:11:53:34 -0500] "GET /BLA/boletinlegal/ HTTP/1.1" 200 61759
172.22.2.4 - - [01/May/2023:11:55:16 -0500] "GET /BLA/boletinlegal/img/textarea-r-over.png HTTP/1.1" 200 270
172.22.2.4 - - [01/May/2023:11:55:16 -0500] "GET /BLA/boletinlegal/img/textarea-l-over.png HTTP/1.1" 200 167
136.243.228.198 - - [01/May/2023:11:55:27 -0500] "GET /BLA/resoluciones/index.php?dir=RESOLUCIONES+2005%2FRES+2005+2801-2850%2F HTTP/1.1" 200 11939
136.243.228.198 - - [01/May/2023:11:55:50 -0500] "GET /BLA/resoluciones/index.php?dir=AUTOS+2006%2FAUTOS+2006+1401+-+1500%2F HTTP/1.1" 200 13545
172.22.2.4 - - [01/May/2023:11:55:18 -0500] "GET /BLA/boletinlegal/ HTTP/1.1" 200 24523
136.243.228.198 - - [01/May/2023:11:56:12 -0500] "GET /BLA/resoluciones/index.php?dir=AUTOS+2006%2FAUTOS+2006+201-300%2F HTTP/1.1" 200 21766
200.21.181.24 - - [01/May/2023:11:56:22 -0500] "GET /mujeres-que-reverdecen-secretaria-de-ambiente-anuncia-300-cupos-para-la-tercera-fase-del-programa.html HTTP/1.1" 200 823
136.243.228.198 - - [01/May/2023:11:56:35 -0500] "GET /BLA/resoluciones/index.php?dir=AUTOS%202006/&sort=size&order=asc HTTP/1.1" 200 9681
136.243.228.198 - - [01/May/2023:11:56:55 -0500] "GET /BLA/resoluciones/index.php?dir=RESOLUCIONES+2005%2FRES+2005+601-650%2F HTTP/1.1" 200 12246
172.22.2.4 - - [01/May/2023:11:55:32 -0500] "HEAD /BLA/boletinlegal/ HTTP/1.1" 200 -
136.243.228.198 - - [01/May/2023:11:57:21 -0500] "GET /BLA/resoluciones/index.php?dir=RESOLUCIONES%20CONJUNTAS/&sort=date&order=asc HTTP/1.1" 200 4762
74.80.208.97 - - [01/May/2023:11:57:21 -0500] "-" 408 -
136.243.228.198 - - [01/May/2023:11:57:44 -0500] "GET /BLA/resoluciones/index.php?dir=RESOLUCIONES+2005%2FRES+2005+3051-3100%2F HTTP/1.1" 200 12360
172.22.2.4 - - [01/May/2023:11:56:23 -0500] "GET /BLA/boletinlegal/ HTTP/1.1" 200 57945
136.243.228.198 - - [01/May/2023:11:58:06 -0500] "GET /BLA/resoluciones/index.php?dir=RESOLUCIONES+2005%2FRES+2005+351-400%2F HTTP/1.1" 200 12243
216.245.221.92 - - [01/May/2023:11:58:17 -0500] "HEAD / HTTP/1.1" 200 -
172.22.2.4 - - [01/May/2023:11:58:24 -0500] "GET /BLA/boletinlegal/actos.php HTTP/1.1" 200 9682
172.22.2.4 - - [01/May/2023:11:58:27 -0500] "GET /BLA/boletinlegal/favicon.ico HTTP/1.1" 404 1326
136.243.228.198 - - [01/May/2023:11:58:28 -0500] "GET /BLA/resoluciones/index.php?dir=Notificaciones%2FAUTOS+2017%2F HTTP/1.1" 200 140025
136.243.228.198 - - [01/May/2023:11:58:51 -0500] "GET /BLA/resoluciones/index.php?dir=Notificaciones%2FDISCIPLINARIOS+2019%2F HTTP/1.1" 200 3553
172.22.2.4 - - [01/May/2023:11:58:21 -0500] "GET /BLA/boletinlegal/ HTTP/1.1" 200 24523
172.22.2.4 - - [01/May/2023:11:59:12 -0500] "GET /BLA/boletinlegal/consulta_actos.php?tipo=autos&no=&usuario=&sector=SILVICULTURA&fecha=2022&resuelve=FLORA HTTP/1.1" 200 626
136.243.228.198 - - [01/May/2023:11:59:13 -0500] "GET /BLA/resoluciones/index.php?dir=RESOLUCIONES+2003%2FRES+2003+1101-1150%2F HTTP/1.1" 200 11572
172.22.2.4 - - [01/May/2023:11:59:24 -0500] "GET /BLA/boletinlegal/consulta_actos.php?tipo=autos&no=&usuario=&sector=SILVICULTURA&fecha=2022&resuelve= HTTP/1.1" 200 239892
172.22.2.4 - - [01/May/2023:11:59:25 -0500] "GET /BLA/boletinlegal/images/background.gif HTTP/1.1" 200 -
201.245.192.253 - - [01/May/2023:11:59:30 -0500] "POST /kwsrmcab/Wsrmcab  HTTP/1.1" 200 41796
136.243.228.198 - - [01/May/2023:11:59:36 -0500] "GET /BLA/resoluciones/index.php?dir=RESOLUCIONES+2003%2FRES+2003+1801-1850%2F HTTP/1.1" 200 12154
186.154.33.195 - - [01/May/2023:12:00:01 -0500] "GET /BLA/resoluciones/AUTOS%202022/7231.pdf HTTP/1.1" 200 377673
54.39.104.60 - - [01/May/2023:12:00:45 -0500] "GET / HTTP/1.1" 200 319
136.243.228.198 - - [01/May/2023:11:59:59 -0500] "GET /BLA/resoluciones/index.php?dir=Notificaciones%2FAUTOS+2016%2F HTTP/1.1" 200 12235
136.243.228.198 - - [01/May/2023:12:01:03 -0500] "GET /BLA/resoluciones/index.php?dir=RESOLUCIONES+2003%2FRES+2003+751-800%2F HTTP/1.1" 200 11302
136.243.228.198 - - [01/May/2023:12:01:25 -0500] "GET /BLA/resoluciones/index.php?dir=RESOLUCIONES+2003%2FRES+2003+801-850%2F HTTP/1.1" 200 11308
186.154.33.195 - - [01/May/2023:12:01:30 -0500] "GET /BLA/resoluciones/ HTTP/1.1" 200 13502
136.243.228.198 - - [01/May/2023:12:01:47 -0500] "GET /BLA/resoluciones/index.php?dir=RESOLUCIONES+2003%2FRES+2003+051-100%2F HTTP/1.1" 200 11998
136.243.228.198 - - [01/May/2023:12:02:07 -0500] "GET /BLA/resoluciones/index.php?dir=RESOLUCIONES+2003%2FRES+2003+351-400%2F HTTP/1.1" 200 11305
186.154.33.195 - - [01/May/2023:12:02:12 -0500] "GET /BLA/resoluciones/AUTOS%202022/6033.pdf HTTP/1.1" 200 369516
136.243.228.198 - - [01/May/2023:12:02:28 -0500] "GET /BLA/resoluciones/index.php?dir=RESOLUCIONES+2003%2FRES+2003+1701-1750%2F HTTP/1.1" 200 12147
66.249.66.40 - - [01/May/2023:12:02:33 -0500] "-" 408 -
136.243.228.198 - - [01/May/2023:12:02:49 -0500] "GET /BLA/resoluciones/index.php?dir=RESOLUCIONES%201998/&sort=name&order=desc HTTP/1.1" 200 13224
172.22.2.4 - - [01/May/2023:12:01:22 -0500] "HEAD /BLA/boletinlegal/ HTTP/1.1" 200 -
136.243.228.198 - - [01/May/2023:12:03:09 -0500] "GET /BLA/resoluciones/index.php?dir=Notificaciones%2FAUTOS+1988%2F HTTP/1.1" 200 2205
216.245.221.92 - - [01/May/2023:12:03:17 -0500] "HEAD / HTTP/1.1" 200 -
136.243.228.198 - - [01/May/2023:12:03:31 -0500] "GET /BLA/resoluciones/index.php?dir=RESOLUCIONES+2003%2FRES+2003+501-550%2F HTTP/1.1" 200 11308
136.243.228.198 - - [01/May/2023:12:03:52 -0500] "GET /BLA/resoluciones/index.php?dir=RESOLUCIONES+2003%2FRES+2003+1751-1800%2F HTTP/1.1" 200 12151
172.22.2.4 - - [01/May/2023:12:02:13 -0500] "GET /BLA/boletinlegal/ HTTP/1.1" 200 54808
136.243.228.198 - - [01/May/2023:12:04:14 -0500] "GET /BLA/resoluciones/index.php?dir=Notificaciones%2FAUTOS+2018%2F HTTP/1.1" 200 98973
168.119.253.6 - - [01/May/2023:12:04:21 -0500] "GET / HTTP/1.1" 200 319
162.55.38.160 - - [01/May/2023:12:04:28 -0500] "GET / HTTP/1.1" 200 319
136.243.228.198 - - [01/May/2023:12:04:35 -0500] "GET /BLA/resoluciones/index.php?dir=Notificaciones%2FREGISTROS+2015%2F HTTP/1.1" 200 19557
201.245.192.253 - - [01/May/2023:12:04:35 -0500] "POST /kwsrmcab/Wsrmcab  HTTP/1.1" 200 41796
136.243.228.198 - - [01/May/2023:12:05:00 -0500] "GET /BLA/resoluciones/index.php?dir=RESOLUCIONES+2003%2FRES+2003+101-150%2F HTTP/1.1" 200 12355
136.243.228.198 - - [01/May/2023:12:05:19 -0500] "GET /BLA/resoluciones/index.php?dir=Notificaciones%2FREGISTROS+2017%2F HTTP/1.1" 200 9178
136.243.228.198 - - [01/May/2023:12:05:40 -0500] "GET /BLA/resoluciones/index.php?dir=RESOLUCIONES%201995/&sort=size&order=asc HTTP/1.1" 200 12327
136.243.228.198 - - [01/May/2023:12:06:00 -0500] "GET /BLA/resoluciones/index.php?dir=Notificaciones%2FAUTOS+2014%2F HTTP/1.1" 200 307884
74.80.208.70 - - [01/May/2023:12:06:17 -0500] "-" 408 -
179.19.207.119 - - [01/May/2023:12:06:21 -0500] "GET /mujeres-que-reverdecen-secretaria-de-ambiente-anuncia-el-inicio-de-la-tercera-fase.html HTTP/1.1" 200 954
136.243.228.198 - - [01/May/2023:12:06:21 -0500] "GET /BLA/resoluciones/index.php?dir=Notificaciones%2FREGISTROS+2018%2F HTTP/1.1" 200 21644
136.243.228.198 - - [01/May/2023:12:06:41 -0500] "GET /BLA/resoluciones/index.php?dir=Notificaciones%2FREGISTROS+2013%2F HTTP/1.1" 200 2053
136.243.228.198 - - [01/May/2023:12:07:00 -0500] "GET /BLA/resoluciones/index.php?dir=RESOLUCIONES%201995/&sort=date&order=asc HTTP/1.1" 200 12327
136.243.228.198 - - [01/May/2023:12:07:19 -0500] "GET /BLA/resoluciones/index.php?dir=RESOLUCIONES+2003%2FRES+2003+551-600%2F HTTP/1.1" 200 11305
136.243.228.198 - - [01/May/2023:12:07:38 -0500] "GET /BLA/resoluciones/index.php?dir=RESOLUCIONES+2003%2FRES+2003+1001-1050%2F HTTP/1.1" 200 11566
136.243.228.198 - - [01/May/2023:12:07:58 -0500] "GET /BLA/resoluciones/index.php?dir=Notificaciones%2FREGISTROS+2023%2F HTTP/1.1" 200 2053
136.243.228.198 - - [01/May/2023:12:08:16 -0500] "GET /BLA/resoluciones/index.php?dir=RESOLUCIONES+2003%2FRES+2003+651-700%2F HTTP/1.1" 200 11300
216.245.221.92 - - [01/May/2023:12:08:17 -0500] "HEAD / HTTP/1.1" 200 -
40.77.167.86 - - [01/May/2023:12:08:22 -0500] "GET /BLA/resoluciones/AUTOS%202022/6713.pdf HTTP/1.1" 200 408559
40.77.167.94 - - [01/May/2023:12:08:26 -0500] "GET /BLA/resoluciones/AUTOS%202022/7231.pdf HTTP/1.1" 200 377673
66.249.66.84 - - [01/May/2023:12:08:32 -0500] "-" 408 -
136.243.228.198 - - [01/May/2023:12:08:35 -0500] "GET /BLA/resoluciones/index.php?dir=Notificaciones%2FRESOLUCIONES+2014%2F HTTP/1.1" 200 13932
172.22.2.4 - - [01/May/2023:12:07:12 -0500] "HEAD /BLA/boletinlegal/ HTTP/1.1" 200 -
136.243.228.198 - - [01/May/2023:12:08:53 -0500] "GET /BLA/resoluciones/index.php?dir=Notificaciones%2FREGISTROS+2016%2F HTTP/1.1" 200 17179
172.22.2.4 - - [01/May/2023:12:09:06 -0500] "GET /BLA/boletinlegal/documentos-importantes.php HTTP/1.1" 200 4829
136.243.228.198 - - [01/May/2023:12:09:11 -0500] "GET /BLA/resoluciones/index.php?dir=RESOLUCIONES+2003%2FRES+2003+1301-1350%2F HTTP/1.1" 200 12156
136.243.228.198 - - [01/May/2023:12:09:29 -0500] "GET /BLA/resoluciones/index.php?dir=Notificaciones%2FREGISTROS+0218%2F HTTP/1.1" 200 1871
172.22.2.4 - - [01/May/2023:12:08:03 -0500] "GET /BLA/boletinlegal/ HTTP/1.1" 200 55571
136.243.228.198 - - [01/May/2023:12:09:46 -0500] "GET /BLA/resoluciones/index.php?dir=RESOLUCIONES+2003%2FRES+2003+1651-1700%2F HTTP/1.1" 200 12148
172.22.2.4 - - [01/May/2023:12:09:54 -0500] "GET /BLA/boletinlegal/normativa.php HTTP/1.1" 200 8343
172.22.2.4 - - [01/May/2023:12:09:54 -0500] "GET /BLA/boletinlegal/styles2.css HTTP/1.1" 200 1838
172.22.2.4 - - [01/May/2023:12:09:54 -0500] "GET /BLA/boletinlegal/js/ajax_normativa.js HTTP/1.1" 200 1154
172.22.2.4 - - [01/May/2023:12:09:54 -0500] "GET /BLA/boletinlegal/niceforms-default.css HTTP/1.1" 200 6694
172.22.2.4 - - [01/May/2023:12:09:54 -0500] "GET /BLA/boletinlegal/style.css HTTP/1.1" 200 9406
172.22.2.4 - - [01/May/2023:12:09:54 -0500] "GET /BLA/boletinlegal/niceforms.js HTTP/1.1" 200 22876
172.22.2.4 - - [01/May/2023:12:09:54 -0500] "GET /BLA/boletinlegal/images/cabezote%20BLEGAL.jpg HTTP/1.1" 200 118164
172.22.2.4 - - [01/May/2023:12:09:54 -0500] "GET /BLA/boletinlegal/images/subscribe-icon-big.png HTTP/1.1" 200 47702
172.22.2.4 - - [01/May/2023:12:09:54 -0500] "GET /BLA/boletinlegal/images/historia.png HTTP/1.1" 200 52775
172.22.2.4 - - [01/May/2023:12:09:54 -0500] "GET /BLA/boletinlegal/images/registro-usuarios.png HTTP/1.1" 200 8106
172.22.2.4 - - [01/May/2023:12:09:54 -0500] "GET /BLA/boletinlegal/images/tel.png HTTP/1.1" 200 14477
172.22.2.4 - - [01/May/2023:12:09:54 -0500] "GET /BLA/boletinlegal/images/body_bg.jpg HTTP/1.1" 200 1601
172.22.2.4 - - [01/May/2023:12:09:54 -0500] "GET /BLA/boletinlegal/images/icono-email.png HTTP/1.1" 200 5544
172.22.2.4 - - [01/May/2023:12:09:54 -0500] "GET /BLA/boletinlegal/images/menu_lft.gif HTTP/1.1" 200 1713
172.22.2.4 - - [01/May/2023:12:09:54 -0500] "GET /BLA/boletinlegal/images/bg_top.jpg HTTP/1.1" 200 522
172.22.2.4 - - [01/May/2023:12:09:54 -0500] "GET /BLA/boletinlegal/images/menu_rght.gif HTTP/1.1" 200 1627
172.22.2.4 - - [01/May/2023:12:09:54 -0500] "GET /BLA/boletinlegal/images/menu_bg.jpg HTTP/1.1" 200 620
172.22.2.4 - - [01/May/2023:12:09:54 -0500] "GET /BLA/boletinlegal/images/hover.jpg HTTP/1.1" 200 640
172.22.2.4 - - [01/May/2023:12:09:54 -0500] "GET /BLA/boletinlegal/images/text.jpg HTTP/1.1" 200 568
172.22.2.4 - - [01/May/2023:12:09:54 -0500] "GET /BLA/boletinlegal/images/footer_bg.jpg HTTP/1.1" 200 586
172.22.2.4 - - [01/May/2023:12:09:54 -0500] "GET /BLA/boletinlegal/images/footer_bg_l.jpg HTTP/1.1" 200 776
172.22.2.4 - - [01/May/2023:12:09:54 -0500] "GET /BLA/boletinlegal/img/0.png HTTP/1.1" 200 110
172.22.2.4 - - [01/May/2023:12:09:54 -0500] "GET /BLA/boletinlegal/img/button-left.png HTTP/1.1" 200 57071
172.22.2.4 - - [01/May/2023:12:09:54 -0500] "GET /BLA/boletinlegal/img/select-right.png HTTP/1.1" 200 44019
172.22.2.4 - - [01/May/2023:12:09:54 -0500] "GET /BLA/boletinlegal/img/select-left.png HTTP/1.1" 200 263
172.22.2.4 - - [01/May/2023:12:09:54 -0500] "GET /BLA/boletinlegal/img/button.png HTTP/1.1" 200 43241
172.22.2.4 - - [01/May/2023:12:09:54 -0500] "GET /BLA/boletinlegal/img/button-right.png HTTP/1.1" 200 57878
172.22.2.4 - - [01/May/2023:12:09:54 -0500] "GET /BLA/boletinlegal/favicon.ico HTTP/1.1" 404 1334
201.245.192.253 - - [01/May/2023:12:09:34 -0500] "POST /kwsrmcab/Wsrmcab  HTTP/1.1" 200 14501
136.243.228.198 - - [01/May/2023:12:10:04 -0500] "GET /BLA/resoluciones/index.php?dir=RESOLUCIONES+2003%2FRES+2003+1501-1550%2F HTTP/1.1" 200 12137
136.243.228.198 - - [01/May/2023:12:10:21 -0500] "GET /BLA/resoluciones/index.php?dir=RESOLUCIONES+2003%2FRES+2003+1251-1300%2F HTTP/1.1" 200 12202
172.22.2.4 - - [01/May/2023:12:10:25 -0500] "GET /BLA/boletinlegal/consulta_normativa.php?tipo=&sector=humedales&ano=&resuelve= HTTP/1.1" 200 10251
172.22.2.4 - - [01/May/2023:12:10:25 -0500] "GET /BLA/boletinlegal/images/docs.png HTTP/1.1" 200 10288
172.22.2.4 - - [01/May/2023:12:10:25 -0500] "GET /BLA/boletinlegal/images/background.gif HTTP/1.1" 200 -
181.234.208.173 - - [01/May/2023:12:10:28 -0500] "GET /como-obtener-el-certificado-de-estado-de-conservacion-ambiental-ceca.html HTTP/1.1" 200 873
136.243.228.198 - - [01/May/2023:12:10:39 -0500] "GET /BLA/resoluciones/index.php?dir=RESOLUCIONES+2003%2FRES+2003+1201-1250%2F HTTP/1.1" 200 12626
136.243.228.198 - - [01/May/2023:12:10:54 -0500] "GET /BLA/resoluciones/index.php?dir=RESOLUCIONES%202000/&sort=size&order=asc HTTP/1.1" 200 27659
201.245.192.253 - - [01/May/2023:12:10:42 -0500] "POST /kwsrmcab/Wsrmcab  HTTP/1.1" 200 14501
136.243.228.198 - - [01/May/2023:12:11:10 -0500] "GET /BLA/resoluciones/index.php?dir=RESOLUCIONES+2003%2FRES+2003+451-500%2F HTTP/1.1" 200 11311
66.249.66.4 - - [01/May/2023:12:11:14 -0500] "-" 408 -
136.243.228.198 - - [01/May/2023:12:11:24 -0500] "GET /BLA/resoluciones/index.php?dir=RESOLUCIONES+2003%2FRES+2003+1951-2000%2F HTTP/1.1" 200 12149
172.22.2.4 - - [01/May/2023:12:11:28 -0500] "GET /BLA/boletinlegal/actos.php HTTP/1.1" 200 9682
136.243.228.198 - - [01/May/2023:12:11:39 -0500] "GET /BLA/resoluciones/index.php?dir=Notificaciones%2FAUTOS+2013%2F HTTP/1.1" 200 39422
136.243.228.198 - - [01/May/2023:12:11:51 -0500] "GET /BLA/resoluciones/index.php?dir=Notificaciones%2FREGISTROS+2021%2F HTTP/1.1" 200 23530
201.245.192.253 - - [01/May/2023:12:11:51 -0500] "POST /kwsrmcab/Wsrmcab  HTTP/1.1" 200 41796
136.243.228.198 - - [01/May/2023:12:12:04 -0500] "GET /BLA/resoluciones/index.php?dir=Notificaciones%2FAUTOS+2019%2F HTTP/1.1" 200 108744
34.141.201.27 - - [01/May/2023:12:12:14 -0500] "GET /inventario-de-emisiones-2020-transporte-publico-sitp-redujo-emisiones-de-pm-2-5-en-un-37.html HTTP/1.1" 200 925
136.243.228.198 - - [01/May/2023:12:12:16 -0500] "GET /BLA/resoluciones/index.php?dir=RESOLUCIONES+2003%2FRES+2003+1901-1950%2F HTTP/1.1" 200 12158
136.243.228.198 - - [01/May/2023:12:12:26 -0500] "GET /BLA/resoluciones/index.php?dir=Notificaciones%2FAUTOS+2015%2F HTTP/1.1" 200 102197
136.243.228.198 - - [01/May/2023:12:12:38 -0500] "GET /BLA/resoluciones/index.php?dir=Notificaciones%2FRESOLUCIONES+2012%2F HTTP/1.1" 200 2077
136.243.228.198 - - [01/May/2023:12:12:47 -0500] "GET /BLA/resoluciones/index.php?dir=RESOLUCIONES+2003%2FRES+2003+851-900%2F HTTP/1.1" 200 11302
136.243.228.198 - - [01/May/2023:12:12:57 -0500] "GET /BLA/resoluciones/index.php?dir=Decretos/&sort=name&order=desc HTTP/1.1" 200 6803
201.245.192.253 - - [01/May/2023:12:12:58 -0500] "POST /kwsrmcab/Wsrmcab  HTTP/1.1" 200 41796
136.243.228.198 - - [01/May/2023:12:13:07 -0500] "GET /BLA/resoluciones/index.php?dir=Notificaciones%2FREGISTROS+2020%2F HTTP/1.1" 200 20179
136.243.228.198 - - [01/May/2023:12:13:17 -0500] "GET /BLA/resoluciones/index.php?dir=RESOLUCIONES+2003%2FRES+2003+2051-2100%2F HTTP/1.1" 200 12152
216.245.221.92 - - [01/May/2023:12:13:17 -0500] "HEAD / HTTP/1.1" 200 -
136.243.228.198 - - [01/May/2023:12:13:26 -0500] "GET /BLA/resoluciones/index.php?dir=RESOLUCIONES%202003/&sort=date&order=asc HTTP/1.1" 200 31404
173.252.79.19 - - [01/May/2023:12:13:33 -0500] "GET /images/caminatas-ecol\xc3\xb3gicas-marzo---1920x1080_optimized.jpg HTTP/1.1" 404 1034
136.243.228.198 - - [01/May/2023:12:13:37 -0500] "GET /BLA/resoluciones/index.php?dir=RESOLUCIONES+2003%2FRES+2003+151-200%2F HTTP/1.1" 200 12346
136.243.228.198 - - [01/May/2023:12:13:47 -0500] "GET /BLA/resoluciones/index.php?dir=Notificaciones%2FRESOLUCIONES+2018%2F HTTP/1.1" 200 19542
108.174.5.113 - - [01/May/2023:12:14:03 -0500] "GET /soratama-en-los-cerros-orientales-un-rincon-ideal-para-los-mamiferos.html HTTP/1.1" 206 804
66.249.66.40 - - [01/May/2023:12:14:09 -0500] "-" 408 -
136.243.228.198 - - [01/May/2023:12:14:24 -0500] "GET /BLA/resoluciones/index.php?dir=RESOLUCIONES%201992/&sort=name&order=desc HTTP/1.1" 200 2870
172.22.2.4 - - [01/May/2023:12:13:02 -0500] "HEAD /BLA/boletinlegal/ HTTP/1.1" 200 -
136.243.228.198 - - [01/May/2023:12:14:51 -0500] "GET /BLA/resoluciones/index.php?dir=RESOLUCIONES+2003%2FRES+2003+1601-1650%2F HTTP/1.1" 200 12152
136.243.228.198 - - [01/May/2023:12:15:22 -0500] "GET /BLA/resoluciones/index.php?dir=RESOLUCIONES+2003%2FRES+2003+1401-1450%2F HTTP/1.1" 200 12156
172.22.2.4 - - [01/May/2023:12:13:53 -0500] "GET /BLA/boletinlegal/ HTTP/1.1" 200 53561
3.231.219.126 - - [01/May/2023:12:15:38 -0500] "GET / HTTP/1.1" 200 319
136.243.228.198 - - [01/May/2023:12:15:51 -0500] "GET /BLA/resoluciones/index.php?dir=Decretos/&sort=date&order=asc HTTP/1.1" 200 6804
74.80.208.97 - - [01/May/2023:12:16:08 -0500] "-" 408 -
136.243.228.198 - - [01/May/2023:12:16:17 -0500] "GET /BLA/resoluciones/index.php?dir=Notificaciones%2FRESOLUCIONES+2013%2F HTTP/1.1" 200 2817
157.55.39.224 - - [01/May/2023:12:16:30 -0500] "GET /BLA/boletinlegal/actos.php HTTP/1.1" 200 9682
136.243.228.198 - - [01/May/2023:12:16:44 -0500] "GET /BLA/resoluciones/index.php?dir=RESOLUCIONES%201995/&sort=name&order=desc HTTP/1.1" 200 12326
40.77.167.94 - - [01/May/2023:12:16:46 -0500] "GET /BLA/boletinlegal/js/jquery1.js HTTP/1.1" 200 29846
40.77.167.94 - - [01/May/2023:12:16:46 -0500] "GET /BLA/boletinlegal/js/popup.js HTTP/1.1" 200 1270
157.55.39.224 - - [01/May/2023:12:16:51 -0500] "GET /BLA/boletinlegal/js/ajax_actos.js HTTP/1.1" 200 1322
40.77.167.86 - - [01/May/2023:12:16:55 -0500] "GET /BLA/boletinlegal/js/lib.js HTTP/1.1" 200 6474
136.243.228.198 - - [01/May/2023:12:17:10 -0500] "GET /BLA/resoluciones/index.php?dir=RESOLUCIONES+2003%2FRES+2003+901-950%2F HTTP/1.1" 200 11306
186.28.76.94 - - [01/May/2023:12:17:21 -0500] "GET /favicon.ico HTTP/1.1" 404 1334
136.243.228.198 - - [01/May/2023:12:17:40 -0500] "GET /BLA/resoluciones/index.php?dir=RESOLUCIONES+2003%2FRES+2003+251-300%2F HTTP/1.1" 200 11115
201.245.192.253 - - [01/May/2023:12:17:56 -0500] "POST /kwsrmcab/Wsrmcab  HTTP/1.1" 200 41796
136.243.228.198 - - [01/May/2023:12:18:07 -0500] "GET /BLA/resoluciones/index.php?dir=Notificaciones%2FRESOLUCIONES+2016%2F HTTP/1.1" 200 18211
34.91.177.4 - - [01/May/2023:12:18:08 -0500] "GET /inventario-de-emisiones-2020-transporte-publico-sitp-redujo-emisiones-de-pm-2-5-en-un-37.html HTTP/1.1" 200 925
216.245.221.92 - - [01/May/2023:12:18:17 -0500] "HEAD / HTTP/1.1" 200 -
136.243.228.198 - - [01/May/2023:12:18:31 -0500] "GET /BLA/resoluciones/index.php?dir=Notificaciones%2FAUTOS+2023%2F HTTP/1.1" 200 7598
136.243.228.198 - - [01/May/2023:12:18:56 -0500] "GET /BLA/resoluciones/index.php?dir=RESOLUCIONES+2003%2FRES+2003+1451-1500%2F HTTP/1.1" 200 12159
201.245.192.253 - - [01/May/2023:12:19:11 -0500] "POST /kwsrmcab/Wsrmcab HTTP/1.1" 200 43188
40.77.167.86 - - [01/May/2023:12:19:23 -0500] "GET /BLA/resoluciones/AUTOS%202013/0386.pdf HTTP/1.1" 200 221289
136.243.228.198 - - [01/May/2023:12:19:23 -0500] "GET /BLA/resoluciones/index.php?dir=RESOLUCIONES+2003%2FRES+2003+601-650%2F HTTP/1.1" 200 11292
201.245.192.253 - - [01/May/2023:12:19:23 -0500] "POST /kwsrmcab/Wsrmcab HTTP/1.1" 200 43313
136.243.228.198 - - [01/May/2023:12:19:47 -0500] "GET /BLA/resoluciones/index.php?dir=RESOLUCIONES+2003%2FRES+2003+1051-1100%2F HTTP/1.1" 200 11571
172.22.2.4 - - [01/May/2023:12:18:24 -0500] "GET /BLA/boletinlegal/ HTTP/1.1" 200 54424
136.243.228.198 - - [01/May/2023:12:20:12 -0500] "GET /BLA/resoluciones/index.php?dir=RESOLUCIONES+2003%2FRES+2003+1551-1601%2F HTTP/1.1" 200 12156
172.22.2.4 - - [01/May/2023:12:18:52 -0500] "HEAD /BLA/boletinlegal/ HTTP/1.1" 200 -
136.243.228.198 - - [01/May/2023:12:20:37 -0500] "GET /BLA/resoluciones/index.php?dir=RESOLUCIONES%201998/&sort=size&order=asc HTTP/1.1" 200 13225
66.249.66.84 - - [01/May/2023:12:20:40 -0500] "-" 408 -
136.243.228.198 - - [01/May/2023:12:21:03 -0500] "GET /BLA/resoluciones/index.php?dir=Notificaciones%2FAUTOS+2022%2F HTTP/1.1" 200 155062
172.22.2.4 - - [01/May/2023:12:19:43 -0500] "GET /BLA/boletinlegal/ HTTP/1.1" 200 57945
172.22.2.4 - - [01/May/2023:12:21:25 -0500] "GET /BLA/boletinlegal/actos.php HTTP/1.1" 200 9682
136.243.228.198 - - [01/May/2023:12:21:30 -0500] "GET /BLA/resoluciones/index.php?dir=RESOLUCIONES+2003%2FRES+2003+2151-2189%2F HTTP/1.1" 200 9915
172.22.2.4 - - [01/May/2023:12:21:45 -0500] "GET /BLA/boletinlegal/consulta_actos.php?tipo=resoluciones&no=4025&usuario=&sector=&fecha=2018&resuelve= HTTP/1.1" 200 626
172.22.2.4 - - [01/May/2023:12:21:46 -0500] "GET /BLA/boletinlegal/consulta_actos.php?tipo=resoluciones&no=4025&usuario=&sector=&fecha=2018&resuelve= HTTP/1.1" 200 626
136.243.228.198 - - [01/May/2023:12:21:54 -0500] "GET /BLA/resoluciones/index.php?dir=Notificaciones%2FRESOLUCIONES+2020%2F HTTP/1.1" 200 52991
172.22.2.4 - - [01/May/2023:12:21:23 -0500] "GET /BLA/boletinlegal/ HTTP/1.1" 200 24523
172.22.2.4 - - [01/May/2023:12:22:01 -0500] "GET /BLA/boletinlegal/consulta_actos.php?tipo=resoluciones&no=2487&usuario=&sector=&fecha=2019&resuelve= HTTP/1.1" 200 1075
40.77.167.86 - - [01/May/2023:12:22:03 -0500] "GET /BLA/resoluciones/AUTOS%202022/2710.pdf HTTP/1.1" 200 589476
191.156.187.183 - - [01/May/2023:12:22:06 -0500] "GET /BLA/resoluciones/RESOLUCIONES%202019/2487.pdf HTTP/1.1" 200 606934
136.243.228.198 - - [01/May/2023:12:22:17 -0500] "GET /BLA/resoluciones/index.php?dir=Notificaciones%2FRESOLUCIONES+2015%2F HTTP/1.1" 200 14394
136.243.228.198 - - [01/May/2023:12:22:40 -0500] "GET /BLA/resoluciones/index.php?dir=Notificaciones%2FAUTOS+2202%2F HTTP/1.1" 200 2022
172.22.2.4 - - [01/May/2023:12:22:51 -0500] "GET /BLA/boletinlegal/consulta_actos.php?tipo=autos&no=1291&usuario=&sector=&fecha=2021&resuelve= HTTP/1.1" 200 626
172.22.2.4 - - [01/May/2023:12:22:55 -0500] "GET /BLA/boletinlegal/consulta_actos.php?tipo=autos&no=1291&usuario=&sector=&fecha=2021&resuelve= HTTP/1.1" 200 626
172.22.2.4 - - [01/May/2023:12:22:55 -0500] "GET /BLA/boletinlegal/consulta_actos.php?tipo=autos&no=1291&usuario=&sector=&fecha=2021&resuelve= HTTP/1.1" 200 626
66.249.66.37 - - [01/May/2023:12:22:56 -0500] "-" 408 -
172.22.2.4 - - [01/May/2023:12:22:56 -0500] "GET /BLA/boletinlegal/consulta_actos.php?tipo=autos&no=1291&usuario=&sector=&fecha=2021&resuelve= HTTP/1.1" 200 626
172.22.2.4 - - [01/May/2023:12:22:56 -0500] "GET /BLA/boletinlegal/consulta_actos.php?tipo=autos&no=1291&usuario=&sector=&fecha=2021&resuelve= HTTP/1.1" 200 626
172.22.2.4 - - [01/May/2023:12:22:56 -0500] "GET /BLA/boletinlegal/consulta_actos.php?tipo=autos&no=1291&usuario=&sector=&fecha=2021&resuelve= HTTP/1.1" 200 626
172.22.2.4 - - [01/May/2023:12:22:59 -0500] "GET /BLA/boletinlegal/consulta_actos.php?tipo=resoluciones&no=1291&usuario=&sector=&fecha=2021&resuelve= HTTP/1.1" 200 1115
201.245.192.253 - - [01/May/2023:12:22:55 -0500] "POST /kwsrmcab/Wsrmcab  HTTP/1.1" 200 41796
181.55.68.56 - - [01/May/2023:12:23:01 -0500] "GET /BLA/resoluciones/RESOLUCIONES%202021/1291.pdf HTTP/1.1" 200 591740
179.32.28.63 - - [01/May/2023:12:22:53 -0500] "GET /sipse/faces/faces/autenticacion.xhtml HTTP/1.1" 200 12175
136.243.228.198 - - [01/May/2023:12:23:05 -0500] "GET /BLA/resoluciones/index.php?dir=RESOLUCIONES+2003%2FRES+2003+701-750%2F HTTP/1.1" 200 11298
179.32.28.63 - - [01/May/2023:12:23:05 -0500] "GET /sipse/faces/javax.faces.resource/theme.css?ln=primefaces-sipse HTTP/1.1" 304 -
179.32.28.63 - - [01/May/2023:12:23:06 -0500] "GET /sipse/js/funciones.js HTTP/1.1" 200 12592
179.32.28.63 - - [01/May/2023:12:23:06 -0500] "GET /sipse/faces/javax.faces.resource/primefaces.js?ln=primefaces&v=4.0 HTTP/1.1" 304 -
179.32.28.63 - - [01/May/2023:12:23:06 -0500] "GET /sipse/faces/javax.faces.resource/jquery/jquery-plugins.js?ln=primefaces&v=4.0 HTTP/1.1" 304 -
179.32.28.63 - - [01/May/2023:12:23:05 -0500] "GET /sipse/css/custom_css_sg_prime_login.css HTTP/1.1" 200 443
179.32.28.63 - - [01/May/2023:12:23:05 -0500] "GET /sipse/css/custom_css_sg.css HTTP/1.1" 200 9694
179.32.28.63 - - [01/May/2023:12:23:05 -0500] "GET /sipse/faces/javax.faces.resource/primefaces.css?ln=primefaces&v=4.0 HTTP/1.1" 304 -
179.32.28.63 - - [01/May/2023:12:23:06 -0500] "GET /sipse/faces/javax.faces.resource/layout/layout.js?ln=primefaces&v=4.0 HTTP/1.1" 304 -
179.32.28.63 - - [01/May/2023:12:23:05 -0500] "GET /sipse/faces/javax.faces.resource/layout/layout.css?ln=primefaces&v=4.0 HTTP/1.1" 304 -
179.32.28.63 - - [01/May/2023:12:23:06 -0500] "GET /sipse/faces/javax.faces.resource/jquery/jquery.js?ln=primefaces&v=4.0 HTTP/1.1" 304 -
179.32.28.63 - - [01/May/2023:12:23:05 -0500] "GET /sipse/js/disable_browser_buttons.js HTTP/1.1" 200 3230
179.32.28.63 - - [01/May/2023:12:23:06 -0500] "GET /sipse/css/imagen/logoSDG.png HTTP/1.1" 200 53064
179.32.28.63 - - [01/May/2023:12:23:07 -0500] "GET /sipse/css/imagen/loginimg.png HTTP/1.1" 200 71635
179.32.28.63 - - [01/May/2023:12:23:07 -0500] "GET /sipse/faces/javax.faces.resource/images/ui-icons_898989_256x240.png?ln=primefaces-aristo HTTP/1.1" 200 5355
172.22.2.4 - - [01/May/2023:12:23:07 -0500] "GET /BLA/boletinlegal/consulta_actos.php?tipo=resoluciones&no=2725&usuario=&sector=&fecha=2019&resuelve= HTTP/1.1" 200 1072
179.32.28.63 - - [01/May/2023:12:23:08 -0500] "GET /sipse/faces/faces/index.xhtml HTTP/1.1" 200 677
179.32.28.63 - - [01/May/2023:12:23:08 -0500] "GET /sipse/faces/javax.faces.resource/theme.css?ln=primefaces-sipse HTTP/1.1" 304 -
179.32.28.63 - - [01/May/2023:12:23:09 -0500] "GET /favicon.ico HTTP/1.1" 200 7782
179.32.28.63 - - [01/May/2023:12:23:09 -0500] "GET /sipse/faces/faces/faces/autenticacion.xhtml HTTP/1.1" 200 12175
179.32.28.63 - - [01/May/2023:12:23:09 -0500] "GET /sipse/faces/javax.faces.resource/layout/layout.css?ln=primefaces&v=4.0 HTTP/1.1" 304 -
179.32.28.63 - - [01/May/2023:12:23:09 -0500] "GET /sipse/faces/javax.faces.resource/primefaces.css?ln=primefaces&v=4.0 HTTP/1.1" 304 -
179.32.28.63 - - [01/May/2023:12:23:10 -0500] "GET /sipse/faces/javax.faces.resource/layout/layout.js?ln=primefaces&v=4.0 HTTP/1.1" 304 -
179.32.28.63 - - [01/May/2023:12:23:10 -0500] "GET /sipse/faces/javax.faces.resource/primefaces.js?ln=primefaces&v=4.0 HTTP/1.1" 304 -
179.32.28.63 - - [01/May/2023:12:23:09 -0500] "GET /sipse/faces/javax.faces.resource/theme.css?ln=primefaces-sipse HTTP/1.1" 304 -
179.32.28.63 - - [01/May/2023:12:23:09 -0500] "GET /sipse/faces/javax.faces.resource/jquery/jquery.js?ln=primefaces&v=4.0 HTTP/1.1" 304 -
179.32.28.63 - - [01/May/2023:12:23:09 -0500] "GET /sipse/faces/javax.faces.resource/jquery/jquery-plugins.js?ln=primefaces&v=4.0 HTTP/1.1" 304 -
191.156.180.221 - - [01/May/2023:12:23:13 -0500] "GET /BLA/resoluciones/RESOLUCIONES%202019/2725.pdf HTTP/1.1" 200 412431
179.32.28.63 - - [01/May/2023:12:23:13 -0500] "POST /sipse/faces/autenticacion.xhtml HTTP/1.1" 200 2223
179.32.28.63 - - [01/May/2023:12:23:16 -0500] "GET /sipse/faces/javax.faces.resource/messages/messages.png?ln=primefaces&v=4.0 HTTP/1.1" 200 27209
179.32.28.63 - - [01/May/2023:12:23:17 -0500] "GET /sipse/faces/javax.faces.resource/images/ui-icons_898989_256x240.png?ln=primefaces-aristo HTTP/1.1" 304 -
216.245.221.92 - - [01/May/2023:12:23:17 -0500] "HEAD / HTTP/1.1" 200 -
179.32.28.63 - - [01/May/2023:12:23:16 -0500] "POST /sipse/faces/autenticacion.xhtml HTTP/1.1" 200 2227
179.32.28.63 - - [01/May/2023:12:23:18 -0500] "POST /sipse/faces/autenticacion.xhtml HTTP/1.1" 200 16351
179.32.28.63 - - [01/May/2023:12:23:20 -0500] "GET /sipse/css/custom_css_sg_prime.css HTTP/1.1" 200 5201
179.32.28.63 - - [01/May/2023:12:23:20 -0500] "GET /sipse/faces/javax.faces.resource/theme.css?ln=primefaces-sipse HTTP/1.1" 304 -
179.32.28.63 - - [01/May/2023:12:23:20 -0500] "GET /sipse/faces/javax.faces.resource/layout/layout.css?ln=primefaces&v=4.0 HTTP/1.1" 304 -
179.32.28.63 - - [01/May/2023:12:23:20 -0500] "GET /sipse/faces/javax.faces.resource/primefaces.css?ln=primefaces&v=4.0 HTTP/1.1" 304 -
179.32.28.63 - - [01/May/2023:12:23:20 -0500] "GET /sipse/js/jquery.min.js HTTP/1.1" 200 85582
179.32.28.63 - - [01/May/2023:12:23:20 -0500] "GET /sipse/faces/javax.faces.resource/jquery/jquery.js?ln=primefaces&v=4.0 HTTP/1.1" 304 -
179.32.28.63 - - [01/May/2023:12:23:20 -0500] "GET /sipse/faces/javax.faces.resource/jquery/jquery-plugins.js?ln=primefaces&v=4.0 HTTP/1.1" 304 -
179.32.28.63 - - [01/May/2023:12:23:20 -0500] "GET /sipse/faces/javax.faces.resource/primefaces.js?ln=primefaces&v=4.0 HTTP/1.1" 304 -
179.32.28.63 - - [01/May/2023:12:23:20 -0500] "GET /sipse/faces/javax.faces.resource/layout/layout.js?ln=primefaces&v=4.0 HTTP/1.1" 304 -
179.32.28.63 - - [01/May/2023:12:23:20 -0500] "GET /sipse/imagenes/cargando.gif HTTP/1.1" 200 36959
179.32.28.63 - - [01/May/2023:12:23:20 -0500] "GET /sipse/imagenes/logoAplicacion.jpg HTTP/1.1" 200 155084
179.32.28.63 - - [01/May/2023:12:23:20 -0500] "GET /sipse/css/imagen/contrasena.png HTTP/1.1" 404 383
179.32.28.63 - - [01/May/2023:12:23:22 -0500] "GET /sipse/faces/javax.faces.resource/images/ui-bg_flat_0_2d5972_40x100.png?ln=primefaces-aristo HTTP/1.1" 200 183
179.32.28.63 - - [01/May/2023:12:23:22 -0500] "POST /sipse/faces/bienvenido.xhtml HTTP/1.1" 200 2073
179.32.28.63 - - [01/May/2023:12:23:24 -0500] "POST /sipse/faces/bienvenido.xhtml HTTP/1.1" 200 39092
136.243.228.198 - - [01/May/2023:12:23:27 -0500] "GET /BLA/resoluciones/index.php?dir=Notificaciones%2FRESOLUCIONES+2022%2F HTTP/1.1" 200 97648
179.32.28.63 - - [01/May/2023:12:23:28 -0500] "GET /sipse/faces/javax.faces.resource/theme.css?ln=primefaces-sipse HTTP/1.1" 304 -
179.32.28.63 - - [01/May/2023:12:23:28 -0500] "GET /sipse/faces/javax.faces.resource/primefaces.css?ln=primefaces&v=4.0 HTTP/1.1" 304 -
179.32.28.63 - - [01/May/2023:12:23:28 -0500] "GET /sipse/faces/javax.faces.resource/layout/layout.css?ln=primefaces&v=4.0 HTTP/1.1" 304 -
179.32.28.63 - - [01/May/2023:12:23:28 -0500] "GET /sipse/faces/javax.faces.resource/jquery/jquery.js?ln=primefaces&v=4.0 HTTP/1.1" 304 -
179.32.28.63 - - [01/May/2023:12:23:28 -0500] "GET /sipse/faces/javax.faces.resource/jquery/jquery-plugins.js?ln=primefaces&v=4.0 HTTP/1.1" 304 -
179.32.28.63 - - [01/May/2023:12:23:29 -0500] "GET /sipse/faces/javax.faces.resource/primefaces.js?ln=primefaces&v=4.0 HTTP/1.1" 304 -
179.32.28.63 - - [01/May/2023:12:23:29 -0500] "GET /sipse/faces/javax.faces.resource/layout/layout.js?ln=primefaces&v=4.0 HTTP/1.1" 304 -
179.32.28.63 - - [01/May/2023:12:23:33 -0500] "POST /sipse/faces/presentacion/financiero/solicitudProceso/consultar.xhtml HTTP/1.1" 200 12748
179.32.28.63 - - [01/May/2023:12:23:37 -0500] "POST /sipse/faces/presentacion/financiero/solicitudProceso/consultar.xhtml HTTP/1.1" 200 123025
179.32.28.63 - - [01/May/2023:12:23:48 -0500] "GET /sipse/faces/javax.faces.resource/layout/layout.css?ln=primefaces&v=4.0 HTTP/1.1" 304 -
179.32.28.63 - - [01/May/2023:12:23:48 -0500] "GET /sipse/faces/javax.faces.resource/primefaces.css?ln=primefaces&v=4.0 HTTP/1.1" 304 -
179.32.28.63 - - [01/May/2023:12:23:48 -0500] "GET /sipse/faces/javax.faces.resource/jquery/jquery.js?ln=primefaces&v=4.0 HTTP/1.1" 304 -
179.32.28.63 - - [01/May/2023:12:23:48 -0500] "GET /sipse/faces/javax.faces.resource/theme.css?ln=primefaces-sipse HTTP/1.1" 304 -
179.32.28.63 - - [01/May/2023:12:23:48 -0500] "GET /sipse/faces/javax.faces.resource/jquery/jquery-plugins.js?ln=primefaces&v=4.0 HTTP/1.1" 304 -
179.32.28.63 - - [01/May/2023:12:23:48 -0500] "GET /sipse/faces/javax.faces.resource/primefaces.js?ln=primefaces&v=4.0 HTTP/1.1" 304 -
179.32.28.63 - - [01/May/2023:12:23:48 -0500] "GET /sipse/faces/javax.faces.resource/layout/layout.js?ln=primefaces&v=4.0 HTTP/1.1" 304 -
179.32.28.63 - - [01/May/2023:12:23:49 -0500] "GET /sipse/faces/javax.faces.resource/dynamiccontent.properties?ln=primefaces&pfdrid=XjOR5%2F%2FfPAZAuY9TpWQeCiM0BhlXxYRBGKi%2FQcXXfeA%3D&pfdrid_c=false HTTP/1.1" 500 383
136.243.228.198 - - [01/May/2023:12:23:51 -0500] "GET /BLA/resoluciones/index.php?dir=RESOLUCIONES+2003%2FRES+2003+1351-1400%2F HTTP/1.1" 200 12157
172.22.2.4 - - [01/May/2023:12:24:02 -0500] "GET /BLA/boletinlegal/actos.php HTTP/1.1" 200 9682
172.22.2.4 - - [01/May/2023:12:24:03 -0500] "GET /BLA/boletinlegal/favicon.ico HTTP/1.1" 404 1326
186.154.33.195 - - [01/May/2023:12:24:04 -0500] "GET /BLA/resoluciones/AUTOS%202022/2909.pdf HTTP/1.1" 200 916090
136.243.228.198 - - [01/May/2023:12:24:14 -0500] "GET /BLA/resoluciones/index.php?dir=RESOLUCIONES%202000/&sort=date&order=asc HTTP/1.1" 200 27659
136.243.228.198 - - [01/May/2023:12:24:36 -0500] "GET /BLA/resoluciones/index.php?dir=RESOLUCIONES%201992/&sort=size&order=asc HTTP/1.1" 200 2871
136.243.228.198 - - [01/May/2023:12:25:00 -0500] "GET /BLA/resoluciones/index.php?dir=Notificaciones%2FREGISTROS+2014%2F HTTP/1.1" 200 15754
186.154.33.195 - - [01/May/2023:12:25:04 -0500] "GET /BLA/resoluciones/AUTOS%202022/3217.pdf HTTP/1.1" 200 1513389
136.243.228.198 - - [01/May/2023:12:25:23 -0500] "GET /BLA/resoluciones/index.php?dir=Notificaciones%2FRESOLUCIONES+0020%2F HTTP/1.1" 200 2077
172.22.2.4 - - [01/May/2023:12:25:44 -0500] "GET /BLA/boletinlegal/consulta_actos.php?tipo=autos&no=&usuario=&sector=SILVICULTURA&fecha=2022&resuelve=movilizacion HTTP/1.1" 200 626
136.243.228.198 - - [01/May/2023:12:25:46 -0500] "GET /BLA/resoluciones/index.php?dir=RESOLUCIONES%202003/&sort=size&order=asc HTTP/1.1" 200 31404
179.32.28.63 - - [01/May/2023:12:25:50 -0500] "POST /sipse/faces/presentacion/financiero/solicitudProceso/consultarSolicitudProceso.xhtml HTTP/1.1" 200 132760
172.22.2.4 - - [01/May/2023:12:25:56 -0500] "GET /BLA/boletinlegal/consulta_actos.php?tipo=autos&no=&usuario=&sector=SILVICULTURA&fecha=2022&resuelve=ORQUIDEA HTTP/1.1" 200 626
172.22.2.4 - - [01/May/2023:12:25:59 -0500] "GET /BLA/boletinlegal/consulta_actos.php?tipo=resoluciones&no=0652&usuario=&sector=&fecha=2021&resuelve= HTTP/1.1" 200 1110
172.22.2.4 - - [01/May/2023:12:26:00 -0500] "GET /BLA/boletinlegal/consulta_actos.php?tipo=autos&no=&usuario=&sector=SILVICULTURA&fecha=2022&resuelve=ORQUIDEA HTTP/1.1" 200 626
136.243.228.198 - - [01/May/2023:12:26:08 -0500] "GET /BLA/resoluciones/index.php?dir=RESOLUCIONES%202000/&sort=name&order=desc HTTP/1.1" 200 27658
191.156.181.197 - - [01/May/2023:12:26:12 -0500] "GET /BLA/resoluciones/RESOLUCIONES%202021/0652.pdf HTTP/1.1" 200 600855
172.22.2.4 - - [01/May/2023:12:24:42 -0500] "HEAD /BLA/boletinlegal/ HTTP/1.1" 200 -
136.243.228.198 - - [01/May/2023:12:26:31 -0500] "GET /BLA/resoluciones/index.php?dir=RESOLUCIONES+2003%2FRES+2003+2101-2150%2F HTTP/1.1" 200 12160
172.22.2.4 - - [01/May/2023:12:26:55 -0500] "GET /BLA/boletinlegal/consulta_actos.php?tipo=autos&no=2505&usuario=&sector=&fecha=2017&resuelve= HTTP/1.1" 200 1085
136.243.228.198 - - [01/May/2023:12:26:55 -0500] "GET /BLA/resoluciones/index.php?dir=Notificaciones%2FAUTOS+2020%2F HTTP/1.1" 200 119337
172.22.2.4 - - [01/May/2023:12:25:33 -0500] "GET /BLA/boletinlegal/ HTTP/1.1" 200 55221
172.22.2.4 - - [01/May/2023:12:27:13 -0500] "GET /BLA/boletinlegal/consulta_actos.php?tipo=autos&no=2005&usuario=&sector=&fecha=2017&resuelve= HTTP/1.1" 200 1074
136.243.228.198 - - [01/May/2023:12:27:19 -0500] "GET /BLA/resoluciones/index.php?dir=RESOLUCIONES+2003%2FRES+2003+951-1000%2F HTTP/1.1" 200 11179
172.22.2.4 - - [01/May/2023:12:27:20 -0500] "GET /BLA/boletinlegal/consulta_actos.php?tipo=resoluciones&no=1291&usuario=&sector=&fecha=2018&resuelve= HTTP/1.1" 200 626
172.22.2.4 - - [01/May/2023:12:27:22 -0500] "GET /BLA/boletinlegal/consulta_actos.php?tipo=resoluciones&no=1291&usuario=&sector=&fecha=2018&resuelve= HTTP/1.1" 200 626
172.22.2.4 - - [01/May/2023:12:27:22 -0500] "GET /BLA/boletinlegal/consulta_actos.php?tipo=resoluciones&no=1291&usuario=&sector=&fecha=2018&resuelve= HTTP/1.1" 200 626
172.22.2.4 - - [01/May/2023:12:27:22 -0500] "GET /BLA/boletinlegal/consulta_actos.php?tipo=resoluciones&no=1291&usuario=&sector=&fecha=2018&resuelve= HTTP/1.1" 200 626
172.22.2.4 - - [01/May/2023:12:27:23 -0500] "GET /BLA/boletinlegal/consulta_actos.php?tipo=resoluciones&no=1291&usuario=&sector=&fecha=2018&resuelve= HTTP/1.1" 200 626
172.22.2.4 - - [01/May/2023:12:27:23 -0500] "GET /BLA/boletinlegal/consulta_actos.php?tipo=resoluciones&no=1291&usuario=&sector=&fecha=2018&resuelve= HTTP/1.1" 200 626
172.22.2.4 - - [01/May/2023:12:27:23 -0500] "GET /BLA/boletinlegal/consulta_actos.php?tipo=resoluciones&no=1291&usuario=&sector=&fecha=2018&resuelve= HTTP/1.1" 200 626
74.80.208.70 - - [01/May/2023:12:27:42 -0500] "-" 408 -
136.243.228.198 - - [01/May/2023:12:27:42 -0500] "GET /BLA/resoluciones/index.php?dir=RESOLUCIONES+2003%2FANEXOS+RES+2048%2F HTTP/1.1" 200 7160
201.245.192.253 - - [01/May/2023:12:27:54 -0500] "POST /kwsrmcab/Wsrmcab  HTTP/1.1" 200 41796
136.243.228.198 - - [01/May/2023:12:28:04 -0500] "GET /BLA/resoluciones/index.php?dir=RESOLUCIONES%202003/&sort=name&order=desc HTTP/1.1" 200 31403
216.245.221.92 - - [01/May/2023:12:28:17 -0500] "HEAD / HTTP/1.1" 200 -
136.243.228.198 - - [01/May/2023:12:28:27 -0500] "GET /BLA/resoluciones/index.php?dir=RESOLUCIONES%201992/&sort=date&order=asc HTTP/1.1" 200 2871
3.140.11.254 - - [01/May/2023:12:28:39 -0500] "HEAD /alista-tu-camara-y-participa-en-el-reto-naturalista-2023.html HTTP/1.1" 200 -
136.243.228.198 - - [01/May/2023:12:28:49 -0500] "GET /BLA/resoluciones/index.php?dir=Notificaciones%2FRESOLUCIONES+0217%2F HTTP/1.1" 200 2268
66.249.66.84 - - [01/May/2023:12:29:02 -0500] "-" 408 -
136.243.228.198 - - [01/May/2023:12:29:11 -0500] "GET /BLA/resoluciones/index.php?dir=AUTOS%201997/&sort=size&order=asc HTTP/1.1" 200 2025
201.245.192.253 - - [01/May/2023:12:29:10 -0500] "POST /kwsrmcab/Wsrmcab HTTP/1.1" 200 43188
201.245.192.253 - - [01/May/2023:12:29:21 -0500] "POST /kwsrmcab/Wsrmcab HTTP/1.1" 200 43313
136.243.228.198 - - [01/May/2023:12:29:34 -0500] "GET /BLA/resoluciones/index.php?dir=RESOLUCIONES+2003%2FRES+2003+401-450%2F HTTP/1.1" 200 11312
136.243.228.198 - - [01/May/2023:12:29:56 -0500] "GET /BLA/resoluciones/index.php?dir=Notificaciones%2FRESOLUCIONES+2021%2F HTTP/1.1" 200 118394
93.174.95.106 - - [01/May/2023:12:30:11 -0500] "-" 408 -
136.243.228.198 - - [01/May/2023:12:30:18 -0500] "GET /BLA/resoluciones/index.php?dir=RESOLUCIONES+2003%2FRES+2003+301-350%2F HTTP/1.1" 200 11308
136.243.228.198 - - [01/May/2023:12:30:42 -0500] "GET /BLA/resoluciones/index.php?dir=Notificaciones%2FRESOLUCIONES+2017%2F HTTP/1.1" 200 13467
40.77.167.86 - - [01/May/2023:12:31:05 -0500] "GET /BLA/resoluciones/index.php?dir=RESOLUCIONES+2022%2F HTTP/1.1" 200 300901
136.243.228.198 - - [01/May/2023:12:31:04 -0500] "GET /BLA/resoluciones/index.php?dir=Notificaciones%2FAUTOS+2021%2F HTTP/1.1" 200 199888
136.243.228.198 - - [01/May/2023:12:31:29 -0500] "GET /BLA/resoluciones/index.php?dir=Notificaciones%2FREGISTROS+2019%2F HTTP/1.1" 200 18601
136.243.228.198 - - [01/May/2023:12:31:52 -0500] "GET /BLA/resoluciones/index.php?dir=Notificaciones%2FRESOLUCIONES+2019%2F HTTP/1.1" 200 39650
172.22.2.4 - - [01/May/2023:12:30:32 -0500] "HEAD /BLA/boletinlegal/ HTTP/1.1" 200 -
136.243.228.198 - - [01/May/2023:12:32:15 -0500] "GET /BLA/resoluciones/index.php?dir=Notificaciones%2FREGISTROS+0216%2F HTTP/1.1" 200 2241
136.243.228.198 - - [01/May/2023:12:32:34 -0500] "GET /BLA/resoluciones/index.php?dir=RESOLUCIONES%201998/&sort=date&order=asc HTTP/1.1" 200 13225
136.243.228.198 - - [01/May/2023:12:32:55 -0500] "GET /BLA/resoluciones/index.php?dir=Decretos/&sort=size&order=asc HTTP/1.1" 200 6804
201.245.192.253 - - [01/May/2023:12:32:54 -0500] "POST /kwsrmcab/Wsrmcab  HTTP/1.1" 200 41796
172.22.2.4 - - [01/May/2023:12:31:23 -0500] "GET /BLA/boletinlegal/ HTTP/1.1" 200 48260
136.243.228.198 - - [01/May/2023:12:33:15 -0500] "GET /BLA/resoluciones/index.php?dir=RESOLUCIONES+2003%2FRES+2003+1151-1200%2F HTTP/1.1" 200 11570
216.245.221.92 - - [01/May/2023:12:33:17 -0500] "HEAD / HTTP/1.1" 200 -
136.243.228.198 - - [01/May/2023:12:33:36 -0500] "GET /BLA/resoluciones/index.php?dir=RESOLUCIONES+2003%2FRES+2003+001-050%2F HTTP/1.1" 200 12161
136.243.228.198 - - [01/May/2023:12:33:56 -0500] "GET /BLA/resoluciones/index.php?dir=Notificaciones%2FAUTOS+2012%2F HTTP/1.1" 200 3092
136.243.228.198 - - [01/May/2023:12:34:18 -0500] "GET /BLA/resoluciones/index.php?dir=RESOLUCIONES+2003%2FRES+2003+201-250%2F HTTP/1.1" 200 12348
136.243.228.198 - - [01/May/2023:12:34:41 -0500] "GET /BLA/resoluciones/index.php?dir=RESOLUCIONES+2003%2FRES+2003+1851--1900%2F HTTP/1.1" 200 12206
136.243.228.198 - - [01/May/2023:12:35:04 -0500] "GET /BLA/resoluciones/index.php?dir=Notificaciones%2FAUTOS+1985%2F HTTP/1.1" 200 2733
66.249.66.4 - - [01/May/2023:12:35:06 -0500] "-" 408 -
136.243.228.198 - - [01/May/2023:12:35:25 -0500] "GET /BLA/resoluciones/index.php?dir=Notificaciones%2FREGISTROS+2022%2F HTTP/1.1" 200 14242
66.249.66.15 - - [01/May/2023:12:35:34 -0500] "-" 408 -
136.243.228.198 - - [01/May/2023:12:35:46 -0500] "GET /BLA/resoluciones/index.php?dir=Notificaciones%2FRESOLUCIONES+2023%2F HTTP/1.1" 200 4476
