201.245.192.253 - - [05/May/2023:12:35:06 -0500] "POST /sipse/faces/presentacion/financiero/solicitudProceso/consultarSolicitudProceso.xhtml HTTP/1.1" 200 45860
201.245.192.253 - - [05/May/2023:12:35:07 -0500] "GET /sipse/faces/javax.faces.resource/primefaces.css?ln=primefaces&v=4.0 HTTP/1.1" 200 53295
201.245.192.253 - - [05/May/2023:12:35:08 -0500] "GET /sipse/faces/javax.faces.resource/images/ui-icons_898989_256x240.png?ln=primefaces-aristo HTTP/1.1" 200 5355
201.245.192.253 - - [05/May/2023:12:35:08 -0500] "GET /favicon.ico HTTP/1.1" 200 7782
172.22.2.4 - - [05/May/2023:12:33:34 -0500] "HEAD /BLA/boletinlegal/ HTTP/1.1" 200 -
190.109.20.167 - - [05/May/2023:12:35:15 -0500] "POST /sipse/faces/presentacion/proyectos/proyecto/listarProyecto.xhtml HTTP/1.1" 200 4916
190.109.20.167 - - [05/May/2023:12:35:17 -0500] "POST /sipse/faces/presentacion/proyectos/proyecto/listarProyecto.xhtml HTTP/1.1" 200 163
190.109.20.167 - - [05/May/2023:12:35:19 -0500] "GET /sipse/faces/javax.faces.resource/primefaces.css?ln=primefaces&v=4.0 HTTP/1.1" 304 -
190.109.20.167 - - [05/May/2023:12:35:19 -0500] "GET /sipse/faces/javax.faces.resource/theme.css?ln=primefaces-sipse HTTP/1.1" 304 -
190.109.20.167 - - [05/May/2023:12:35:19 -0500] "GET /sipse/faces/javax.faces.resource/layout/layout.css?ln=primefaces&v=4.0 HTTP/1.1" 304 -
190.109.20.167 - - [05/May/2023:12:35:19 -0500] "GET /sipse/faces/javax.faces.resource/jquery/jquery.js?ln=primefaces&v=4.0 HTTP/1.1" 304 -
190.109.20.167 - - [05/May/2023:12:35:19 -0500] "GET /sipse/faces/javax.faces.resource/jquery/jquery-plugins.js?ln=primefaces&v=4.0 HTTP/1.1" 304 -
190.109.20.167 - - [05/May/2023:12:35:19 -0500] "GET /sipse/faces/javax.faces.resource/primefaces.js?ln=primefaces&v=4.0 HTTP/1.1" 304 -
190.109.20.167 - - [05/May/2023:12:35:19 -0500] "GET /sipse/faces/javax.faces.resource/layout/layout.js?ln=primefaces&v=4.0 HTTP/1.1" 304 -
190.109.20.167 - - [05/May/2023:12:35:19 -0500] "GET /sipse/faces/javax.faces.resource/images/ui-icons_898989_256x240.png?ln=primefaces-aristo HTTP/1.1" 304 -
190.109.20.167 - - [05/May/2023:12:35:18 -0500] "GET /sipse/faces/presentacion/proyectos/proyecto/proyecto.xhtml HTTP/1.1" 200 95029
190.109.20.167 - - [05/May/2023:12:35:19 -0500] "GET /sipse/faces/javax.faces.resource/images/ui-bg_flat_0_2d5972_40x100.png?ln=primefaces-aristo HTTP/1.1" 304 -
190.109.20.167 - - [05/May/2023:12:35:19 -0500] "POST /sipse/faces/presentacion/proyectos/proyecto/proyecto.xhtml HTTP/1.1" 200 3261
201.245.192.253 - - [05/May/2023:12:35:20 -0500] "GET /sipse/faces/javax.faces.resource/images/ui-bg_flat_0_2d5972_40x100.png?ln=primefaces-aristo HTTP/1.1" 200 183
201.245.192.253 - - [05/May/2023:12:35:20 -0500] "POST /sipse/faces/presentacion/financiero/solicitudProceso/consultarHistorialSolProceso.xhtml HTTP/1.1" 200 43139
201.245.192.253 - - [05/May/2023:12:35:21 -0500] "GET /sipse/faces/javax.faces.resource/jquery/jquery.js?ln=primefaces&v=4.0 HTTP/1.1" 304 -
201.245.192.253 - - [05/May/2023:12:35:21 -0500] "GET /sipse/faces/javax.faces.resource/jquery/jquery-plugins.js?ln=primefaces&v=4.0 HTTP/1.1" 304 -
201.245.192.253 - - [05/May/2023:12:35:21 -0500] "GET /sipse/faces/javax.faces.resource/primefaces.js?ln=primefaces&v=4.0 HTTP/1.1" 304 -
201.245.192.253 - - [05/May/2023:12:35:21 -0500] "GET /sipse/faces/javax.faces.resource/layout/layout.js?ln=primefaces&v=4.0 HTTP/1.1" 304 -
201.245.192.253 - - [05/May/2023:12:35:24 -0500] "POST /sipse/faces/presentacion/financiero/solicitudProceso/consultar.xhtml HTTP/1.1" 200 193
201.245.192.253 - - [05/May/2023:12:35:25 -0500] "POST /sipse/faces/presentacion/financiero/solicitudProceso/consultar.xhtml HTTP/1.1" 200 193
201.245.192.253 - - [05/May/2023:12:35:25 -0500] "GET /sipse/faces/presentacion/financiero/solicitudAnulacion/consultarSolicitudAnulacion.xhtml HTTP/1.1" 200 15757
201.245.192.253 - - [05/May/2023:12:35:25 -0500] "GET /sipse/faces/javax.faces.resource/theme.css?ln=primefaces-sipse HTTP/1.1" 304 -
201.245.192.253 - - [05/May/2023:12:35:25 -0500] "GET /sipse/faces/javax.faces.resource/layout/layout.css?ln=primefaces&v=4.0 HTTP/1.1" 200 542
201.245.192.253 - - [05/May/2023:12:35:25 -0500] "GET /sipse/faces/javax.faces.resource/jquery/jquery.js?ln=primefaces&v=4.0 HTTP/1.1" 304 -
201.245.192.253 - - [05/May/2023:12:35:25 -0500] "GET /sipse/faces/javax.faces.resource/jquery/jquery-plugins.js?ln=primefaces&v=4.0 HTTP/1.1" 304 -
201.245.192.253 - - [05/May/2023:12:35:25 -0500] "GET /sipse/faces/javax.faces.resource/primefaces.js?ln=primefaces&v=4.0 HTTP/1.1" 304 -
201.245.192.253 - - [05/May/2023:12:35:25 -0500] "GET /sipse/faces/javax.faces.resource/layout/layout.js?ln=primefaces&v=4.0 HTTP/1.1" 304 -
201.245.192.253 - - [05/May/2023:12:35:25 -0500] "GET /sipse/faces/javax.faces.resource/primefaces.css?ln=primefaces&v=4.0 HTTP/1.1" 200 53295
190.26.159.238 - - [05/May/2023:12:35:20 -0500] "GET /kwssiamovil/sm/des/cjson/pre?f=3&x=U2FsdGVkX19vpnVF0nGKqtyvKUUNkEhKq88669L91bXFJyEn1vsy1xIOXVn/GyYw HTTP/1.1" 200 62
201.245.192.253 - - [05/May/2023:12:35:25 -0500] "GET /sipse/faces/presentacion/financiero/solicitudAnulacion/consultarSolicitudAnulacion.xhtml HTTP/1.1" 200 44129
201.245.192.253 - - [05/May/2023:12:35:26 -0500] "GET /sipse/faces/javax.faces.resource/images/ui-icons_898989_256x240.png?ln=primefaces-aristo HTTP/1.1" 304 -
201.245.192.253 - - [05/May/2023:12:35:26 -0500] "GET /sipse/faces/javax.faces.resource/images/ui-bg_flat_0_2d5972_40x100.png?ln=primefaces-aristo HTTP/1.1" 304 -
201.245.192.253 - - [05/May/2023:12:35:26 -0500] "POST /sipse/faces/presentacion/financiero/solicitudAnulacion/consultarSolicitudAnulacion.xhtml HTTP/1.1" 200 10644
190.109.20.167 - - [05/May/2023:12:35:27 -0500] "POST /sipse/faces/presentacion/proyectos/proyecto/proyecto.xhtml HTTP/1.1" 200 43000
190.109.20.167 - - [05/May/2023:12:35:28 -0500] "GET /sipse/faces/javax.faces.resource/spacer/dot_clear.gif?ln=primefaces&v=4.0 HTTP/1.1" 304 -
190.109.20.167 - - [05/May/2023:12:35:29 -0500] "POST /sipse/faces/presentacion/proyectos/proyecto/proyecto.xhtml HTTP/1.1" 200 3951
201.245.192.253 - - [05/May/2023:12:35:31 -0500] "POST /sipse/faces/presentacion/financiero/solicitudAnulacion/consultarSolicitudAnulacion.xhtml HTTP/1.1" 200 17012
190.109.20.167 - - [05/May/2023:12:35:34 -0500] "POST /sipse/faces/presentacion/proyectos/proyecto/proyecto.xhtml HTTP/1.1" 200 70755
172.22.2.4 - - [05/May/2023:12:33:57 -0500] "GET /BLA/boletinlegal/ HTTP/1.1" 200 52326
172.22.2.4 - - [05/May/2023:12:35:38 -0500] "GET /BLA/boletinlegal/js/jquery.js HTTP/1.1" 200 57254
201.245.192.253 - - [05/May/2023:12:35:44 -0500] "POST /sipse/faces/presentacion/financiero/solicitudAnulacion/consultarSolicitudAnulacion.xhtml HTTP/1.1" 200 17008
201.245.192.253 - - [05/May/2023:12:35:50 -0500] "POST /sipse/faces/presentacion/financiero/solicitudAnulacion/consultarSolicitudAnulacion.xhtml HTTP/1.1" 200 17012
201.245.192.253 - - [05/May/2023:12:35:57 -0500] "POST /sipse/faces/presentacion/financiero/solicitudAnulacion/consultarSolicitudAnulacion.xhtml HTTP/1.1" 200 17008
201.245.192.253 - - [05/May/2023:12:36:03 -0500] "POST /sipse/faces/presentacion/financiero/solicitudAnulacion/consultarSolicitudAnulacion.xhtml HTTP/1.1" 200 17012
172.22.2.4 - - [05/May/2023:12:34:24 -0500] "GET /BLA/boletinlegal/ HTTP/1.1" 200 54424
201.245.192.253 - - [05/May/2023:12:36:10 -0500] "POST /sipse/faces/presentacion/financiero/solicitudAnulacion/consultarSolicitudAnulacion.xhtml HTTP/1.1" 200 17008
201.245.192.253 - - [05/May/2023:12:36:18 -0500] "POST /sipse/faces/presentacion/financiero/solicitudAnulacion/consultarSolicitudAnulacion.xhtml HTTP/1.1" 200 17008
201.245.192.253 - - [05/May/2023:12:36:25 -0500] "POST /sipse/faces/presentacion/financiero/solicitudAnulacion/consultarSolicitudAnulacion.xhtml HTTP/1.1" 200 17008
201.245.192.253 - - [05/May/2023:12:36:31 -0500] "POST /sipse/faces/presentacion/financiero/solicitudAnulacion/consultarSolicitudAnulacion.xhtml HTTP/1.1" 200 17012
201.245.192.253 - - [05/May/2023:12:36:39 -0500] "POST /sipse/faces/presentacion/financiero/solicitudAnulacion/consultarSolicitudAnulacion.xhtml HTTP/1.1" 200 17009
172.22.2.4 - - [05/May/2023:12:36:41 -0500] "GET /BLA/boletinlegal/consulta_actos.php?tipo=resoluciones&no=0368&usuario=&sector=&fecha=2020&resuelve= HTTP/1.1" 200 1156
201.245.192.253 - - [05/May/2023:12:36:41 -0500] "POST /kwsrmcab/Wsrmcab  HTTP/1.1" 200 213
201.245.192.253 - - [05/May/2023:12:36:45 -0500] "POST /sipse/faces/presentacion/financiero/solicitudAnulacion/consultarSolicitudAnulacion.xhtml HTTP/1.1" 200 17010
66.249.70.207 - - [05/May/2023:12:36:55 -0500] "-" 408 -
201.245.192.253 - - [05/May/2023:12:36:56 -0500] "POST /sipse/faces/presentacion/financiero/solicitudAnulacion/consultarSolicitudAnulacion.xhtml HTTP/1.1" 200 17009
190.26.159.238 - - [05/May/2023:12:36:55 -0500] "GET /kwssiamovil/sm/des/cjson/pre?f=3&x=U2FsdGVkX19vpnVF0nGKqtyvKUUNkEhKq88669L91bXFJyEn1vsy1xIOXVn/GyYw HTTP/1.1" 200 62
190.26.159.238 - - [05/May/2023:12:37:00 -0500] "GET /favicon.ico HTTP/1.1" 200 7782
172.22.2.4 - - [05/May/2023:12:37:00 -0500] "GET /BLA/boletinlegal/consulta_actos.php?tipo=resoluciones&no=0368&usuario=&sector=&fecha=2020&resuelve= HTTP/1.1" 200 1156
201.245.192.253 - - [05/May/2023:12:37:03 -0500] "POST /sipse/faces/presentacion/financiero/solicitudAnulacion/consultarSolicitudAnulacion.xhtml HTTP/1.1" 200 17012
191.156.231.234 - - [05/May/2023:12:37:10 -0500] "POST /sipse/faces/presentacion/financiero/solicitudProceso/consultarSolicitudProceso.xhtml HTTP/1.1" 200 4555
172.22.2.4 - - [05/May/2023:12:37:10 -0500] "GET /BLA/boletinlegal/consulta_actos.php?tipo=autos&no=0368&usuario=&sector=&fecha=2020&resuelve= HTTP/1.1" 200 1080
201.245.192.253 - - [05/May/2023:12:37:11 -0500] "POST /sipse/faces/presentacion/financiero/solicitudAnulacion/consultarSolicitudAnulacion.xhtml HTTP/1.1" 200 17008
191.156.231.234 - - [05/May/2023:12:37:17 -0500] "POST /sipse/faces/presentacion/financiero/solicitudProceso/consultarSolicitudProceso.xhtml HTTP/1.1" 200 34988
191.156.231.234 - - [05/May/2023:12:37:18 -0500] "GET /sipse/faces/javax.faces.resource/theme.css?ln=primefaces-sipse HTTP/1.1" 304 -
191.156.231.234 - - [05/May/2023:12:37:18 -0500] "GET /sipse/faces/javax.faces.resource/jquery/jquery.js?ln=primefaces&v=4.0 HTTP/1.1" 304 -
191.156.231.234 - - [05/May/2023:12:37:18 -0500] "GET /sipse/faces/javax.faces.resource/layout/layout.css?ln=primefaces&v=4.0 HTTP/1.1" 304 -
191.156.231.234 - - [05/May/2023:12:37:18 -0500] "GET /sipse/faces/javax.faces.resource/primefaces.css?ln=primefaces&v=4.0 HTTP/1.1" 304 -
201.245.192.253 - - [05/May/2023:12:37:18 -0500] "POST /sipse/faces/presentacion/financiero/solicitudAnulacion/consultarSolicitudAnulacion.xhtml HTTP/1.1" 200 17012
191.156.231.234 - - [05/May/2023:12:37:18 -0500] "GET /sipse/faces/javax.faces.resource/jquery/jquery-plugins.js?ln=primefaces&v=4.0 HTTP/1.1" 304 -
191.156.231.234 - - [05/May/2023:12:37:18 -0500] "GET /sipse/faces/javax.faces.resource/primefaces.js?ln=primefaces&v=4.0 HTTP/1.1" 304 -
191.156.231.234 - - [05/May/2023:12:37:18 -0500] "GET /sipse/faces/javax.faces.resource/layout/layout.js?ln=primefaces&v=4.0 HTTP/1.1" 304 -
191.156.231.234 - - [05/May/2023:12:37:19 -0500] "POST /sipse/faces/presentacion/financiero/solicitudProceso/listarSolicitudProceso.xhtml HTTP/1.1" 200 28264
191.156.231.234 - - [05/May/2023:12:37:19 -0500] "POST /sipse/faces/presentacion/financiero/solicitudProceso/listarSolicitudProceso.xhtml HTTP/1.1" 200 28264
191.156.231.234 - - [05/May/2023:12:37:20 -0500] "POST /sipse/faces/presentacion/financiero/solicitudProceso/listarSolicitudProceso.xhtml HTTP/1.1" 200 1392
191.156.231.234 - - [05/May/2023:12:37:20 -0500] "POST /sipse/faces/presentacion/financiero/solicitudProceso/listarSolicitudProceso.xhtml HTTP/1.1" 200 1400
191.156.231.234 - - [05/May/2023:12:37:20 -0500] "POST /sipse/faces/presentacion/financiero/solicitudProceso/listarSolicitudProceso.xhtml HTTP/1.1" 200 1400
201.245.192.253 - - [05/May/2023:12:37:24 -0500] "POST /sipse/faces/presentacion/financiero/solicitudAnulacion/consultarSolicitudAnulacion.xhtml HTTP/1.1" 200 17008
201.245.192.253 - - [05/May/2023:12:37:30 -0500] "POST /sipse/faces/presentacion/financiero/solicitudAnulacion/consultarSolicitudAnulacion.xhtml HTTP/1.1" 200 17012
201.245.192.253 - - [05/May/2023:12:37:36 -0500] "POST /sipse/faces/presentacion/financiero/solicitudAnulacion/consultarSolicitudAnulacion.xhtml HTTP/1.1" 200 17008
201.245.192.253 - - [05/May/2023:12:37:42 -0500] "POST /sipse/faces/presentacion/financiero/solicitudAnulacion/consultarSolicitudAnulacion.xhtml HTTP/1.1" 200 17012
172.22.2.4 - - [05/May/2023:12:37:46 -0500] "GET /BLA/boletinlegal/actos.php HTTP/1.1" 200 9682
201.245.192.253 - - [05/May/2023:12:37:50 -0500] "POST /sipse/faces/presentacion/financiero/solicitudAnulacion/consultarSolicitudAnulacion.xhtml HTTP/1.1" 200 17008
172.22.2.4 - - [05/May/2023:12:37:54 -0500] "GET /BLA/boletinlegal/consulta_actos.php?tipo=resoluciones&no=0707&usuario=&sector=&fecha=2023&resuelve= HTTP/1.1" 200 1758
186.86.33.205 - - [05/May/2023:12:37:56 -0500] "GET /BLA/resoluciones/RESOLUCIONES%202023/0707.pdf HTTP/1.1" 200 433336
186.86.33.205 - - [05/May/2023:12:37:56 -0500] "GET /BLA/resoluciones/RESOLUCIONES%202023/0707.pdf HTTP/1.1" 200 433336
186.86.33.205 - - [05/May/2023:12:37:56 -0500] "GET /BLA/resoluciones/RESOLUCIONES%202023/0707.pdf HTTP/1.1" 206 1025
201.245.192.253 - - [05/May/2023:12:37:57 -0500] "POST /sipse/faces/presentacion/financiero/solicitudAnulacion/consultarSolicitudAnulacion.xhtml HTTP/1.1" 200 17013
186.86.33.205 - - [05/May/2023:12:38:01 -0500] "GET /BLA/resoluciones/RESOLUCIONES%202023/0707.pdf HTTP/1.1" 206 64512
201.245.192.253 - - [05/May/2023:12:38:06 -0500] "POST /sipse/faces/presentacion/financiero/solicitudAnulacion/consultarSolicitudAnulacion.xhtml HTTP/1.1" 200 17005
191.156.231.234 - - [05/May/2023:12:38:09 -0500] "POST /sipse/faces/presentacion/financiero/solicitudProceso/listarSolicitudProceso.xhtml HTTP/1.1" 200 139537
190.109.20.167 - - [05/May/2023:12:38:10 -0500] "POST /sipse/faces/presentacion/proyectos/proyecto/proyecto.xhtml HTTP/1.1" 200 20596
191.156.231.234 - - [05/May/2023:12:38:11 -0500] "GET /sipse/faces/javax.faces.resource/theme.css?ln=primefaces-sipse HTTP/1.1" 304 -
191.156.231.234 - - [05/May/2023:12:38:11 -0500] "GET /sipse/faces/javax.faces.resource/jquery/jquery.js?ln=primefaces&v=4.0 HTTP/1.1" 304 -
191.156.231.234 - - [05/May/2023:12:38:11 -0500] "GET /sipse/faces/javax.faces.resource/primefaces.css?ln=primefaces&v=4.0 HTTP/1.1" 304 -
191.156.231.234 - - [05/May/2023:12:38:11 -0500] "GET /sipse/faces/javax.faces.resource/layout/layout.css?ln=primefaces&v=4.0 HTTP/1.1" 304 -
191.156.231.234 - - [05/May/2023:12:38:11 -0500] "GET /sipse/faces/javax.faces.resource/jquery/jquery-plugins.js?ln=primefaces&v=4.0 HTTP/1.1" 304 -
191.156.231.234 - - [05/May/2023:12:38:11 -0500] "GET /sipse/faces/javax.faces.resource/primefaces.js?ln=primefaces&v=4.0 HTTP/1.1" 304 -
191.156.231.234 - - [05/May/2023:12:38:11 -0500] "GET /sipse/faces/javax.faces.resource/layout/layout.js?ln=primefaces&v=4.0 HTTP/1.1" 304 -
201.245.192.253 - - [05/May/2023:12:38:12 -0500] "POST /sipse/faces/presentacion/financiero/solicitudAnulacion/consultarSolicitudAnulacion.xhtml HTTP/1.1" 200 17008
172.22.2.4 - - [05/May/2023:12:38:13 -0500] "GET /BLA/boletinlegal/consulta_actos.php?tipo=autos&no=0368&usuario=&sector=&fecha=2021&resuelve= HTTP/1.1" 200 626
172.22.2.4 - - [05/May/2023:12:38:17 -0500] "GET /BLA/boletinlegal/consulta_actos.php?tipo=resoluciones&no=0368&usuario=&sector=&fecha=2021&resuelve= HTTP/1.1" 200 1219
172.22.2.4 - - [05/May/2023:12:37:44 -0500] "GET /BLA/boletinlegal/ HTTP/1.1" 200 24523
201.245.192.253 - - [05/May/2023:12:38:18 -0500] "POST /sipse/faces/presentacion/financiero/solicitudAnulacion/consultarSolicitudAnulacion.xhtml HTTP/1.1" 200 17004
190.109.20.167 - - [05/May/2023:12:38:20 -0500] "POST /sipse/faces/presentacion/proyectos/proyecto/proyecto.xhtml HTTP/1.1" 200 143701
216.245.221.92 - - [05/May/2023:12:38:22 -0500] "HEAD / HTTP/1.1" 200 -
190.109.20.167 - - [05/May/2023:12:38:22 -0500] "GET /sipse/faces/javax.faces.resource/jquery/jquery.js?ln=primefaces&v=4.0 HTTP/1.1" 304 -
190.109.20.167 - - [05/May/2023:12:38:22 -0500] "GET /sipse/faces/javax.faces.resource/jquery/jquery-plugins.js?ln=primefaces&v=4.0 HTTP/1.1" 304 -
190.109.20.167 - - [05/May/2023:12:38:22 -0500] "GET /sipse/faces/javax.faces.resource/primefaces.js?ln=primefaces&v=4.0 HTTP/1.1" 304 -
190.109.20.167 - - [05/May/2023:12:38:22 -0500] "GET /sipse/faces/javax.faces.resource/layout/layout.js?ln=primefaces&v=4.0 HTTP/1.1" 304 -
201.245.192.253 - - [05/May/2023:12:38:28 -0500] "POST /sipse/faces/presentacion/financiero/solicitudAnulacion/consultarSolicitudAnulacion.xhtml HTTP/1.1" 200 17012
190.109.20.167 - - [05/May/2023:12:38:30 -0500] "POST /sipse/faces/presentacion/proyectos/proyecto/meta/meta.xhtml HTTP/1.1" 200 185227
190.109.20.167 - - [05/May/2023:12:38:31 -0500] "GET /sipse/faces/javax.faces.resource/jquery/jquery.js?ln=primefaces&v=4.0 HTTP/1.1" 304 -
190.109.20.167 - - [05/May/2023:12:38:31 -0500] "GET /sipse/faces/javax.faces.resource/jquery/jquery-plugins.js?ln=primefaces&v=4.0 HTTP/1.1" 304 -
190.109.20.167 - - [05/May/2023:12:38:31 -0500] "GET /sipse/faces/javax.faces.resource/primefaces.js?ln=primefaces&v=4.0 HTTP/1.1" 304 -
190.109.20.167 - - [05/May/2023:12:38:31 -0500] "GET /sipse/faces/javax.faces.resource/layout/layout.js?ln=primefaces&v=4.0 HTTP/1.1" 304 -
190.109.20.167 - - [05/May/2023:12:38:43 -0500] "POST /sipse/faces/presentacion/proyectos/proyecto/actividad/crearActividad.xhtml HTTP/1.1" 200 2540
190.109.20.167 - - [05/May/2023:12:38:46 -0500] "POST /sipse/faces/presentacion/proyectos/proyecto/actividad/crearActividad.xhtml HTTP/1.1" 200 2560
190.109.20.167 - - [05/May/2023:12:38:49 -0500] "POST /sipse/faces/presentacion/proyectos/proyecto/actividad/crearActividad.xhtml HTTP/1.1" 200 2584
201.245.192.253 - - [05/May/2023:12:38:53 -0500] "POST /sipse/faces/presentacion/financiero/solicitudAnulacion/consultarSolicitudAnulacion.xhtml HTTP/1.1" 200 14493
201.245.192.253 - - [05/May/2023:12:38:53 -0500] "POST /sipse/faces/presentacion/financiero/solicitudAnulacion/consultarSolicitudAnulacion.xhtml HTTP/1.1" 200 2526
201.245.192.253 - - [05/May/2023:12:38:54 -0500] "POST /sipse/faces/presentacion/financiero/solicitudAnulacion/consultarSolicitudAnulacion.xhtml HTTP/1.1" 200 17069
190.109.20.167 - - [05/May/2023:12:39:31 -0500] "POST /sipse/faces/presentacion/proyectos/proyecto/actividad/crearActividad.xhtml HTTP/1.1" 200 2608
191.156.231.234 - - [05/May/2023:12:39:33 -0500] "POST /sipse/faces/presentacion/financiero/solicitudProceso/consultarSolicitudProceso.xhtml HTTP/1.1" 200 41437
191.156.231.234 - - [05/May/2023:12:39:34 -0500] "GET /sipse/faces/javax.faces.resource/theme.css?ln=primefaces-sipse HTTP/1.1" 304 -
191.156.231.234 - - [05/May/2023:12:39:34 -0500] "GET /sipse/faces/javax.faces.resource/primefaces.css?ln=primefaces&v=4.0 HTTP/1.1" 304 -
191.156.231.234 - - [05/May/2023:12:39:35 -0500] "GET /sipse/faces/javax.faces.resource/jquery/jquery.js?ln=primefaces&v=4.0 HTTP/1.1" 304 -
191.156.231.234 - - [05/May/2023:12:39:35 -0500] "GET /sipse/faces/javax.faces.resource/layout/layout.css?ln=primefaces&v=4.0 HTTP/1.1" 304 -
191.156.231.234 - - [05/May/2023:12:39:35 -0500] "GET /sipse/faces/javax.faces.resource/jquery/jquery-plugins.js?ln=primefaces&v=4.0 HTTP/1.1" 304 -
191.156.231.234 - - [05/May/2023:12:39:36 -0500] "GET /sipse/faces/javax.faces.resource/primefaces.js?ln=primefaces&v=4.0 HTTP/1.1" 304 -
191.156.231.234 - - [05/May/2023:12:39:36 -0500] "GET /sipse/faces/javax.faces.resource/layout/layout.js?ln=primefaces&v=4.0 HTTP/1.1" 304 -
191.156.231.234 - - [05/May/2023:12:39:37 -0500] "POST /sipse/faces/presentacion/financiero/solicitudProceso/consultar.xhtml HTTP/1.1" 200 34739
191.156.231.234 - - [05/May/2023:12:39:39 -0500] "POST /sipse/faces/presentacion/financiero/solicitudProceso/consultar.xhtml HTTP/1.1" 200 34739
191.156.231.234 - - [05/May/2023:12:39:40 -0500] "POST /sipse/faces/presentacion/financiero/solicitudProceso/consultar.xhtml HTTP/1.1" 200 34739
190.109.20.167 - - [05/May/2023:12:39:41 -0500] "POST /sipse/faces/presentacion/proyectos/proyecto/actividad/crearActividad.xhtml HTTP/1.1" 200 2612
191.156.231.234 - - [05/May/2023:12:39:41 -0500] "POST /sipse/faces/presentacion/financiero/solicitudProceso/consultar.xhtml HTTP/1.1" 200 34739
191.156.231.234 - - [05/May/2023:12:39:47 -0500] "POST /sipse/faces/presentacion/financiero/solicitudProceso/consultar.xhtml HTTP/1.1" 200 12856
201.245.192.253 - - [05/May/2023:12:39:47 -0500] "GET /sipse/faces/index.xhtml HTTP/1.1" 200 677
201.245.192.253 - - [05/May/2023:12:39:48 -0500] "GET /sipse/faces/javax.faces.resource/theme.css?ln=primefaces-sipse HTTP/1.1" 304 -
201.245.192.253 - - [05/May/2023:12:39:48 -0500] "GET /sipse/faces/javax.faces.resource/theme.css?ln=primefaces-sipse HTTP/1.1" 304 -
201.245.192.253 - - [05/May/2023:12:39:48 -0500] "GET /sipse/faces/javax.faces.resource/primefaces.css?ln=primefaces&v=4.0 HTTP/1.1" 304 -
201.245.192.253 - - [05/May/2023:12:39:48 -0500] "GET /sipse/faces/javax.faces.resource/layout/layout.css?ln=primefaces&v=4.0 HTTP/1.1" 304 -
201.245.192.253 - - [05/May/2023:12:39:48 -0500] "GET /sipse/faces/javax.faces.resource/jquery/jquery.js?ln=primefaces&v=4.0 HTTP/1.1" 304 -
201.245.192.253 - - [05/May/2023:12:39:48 -0500] "GET /sipse/faces/faces/autenticacion.xhtml HTTP/1.1" 200 12177
201.245.192.253 - - [05/May/2023:12:39:48 -0500] "GET /sipse/faces/javax.faces.resource/jquery/jquery-plugins.js?ln=primefaces&v=4.0 HTTP/1.1" 304 -
201.245.192.253 - - [05/May/2023:12:39:48 -0500] "GET /sipse/faces/javax.faces.resource/primefaces.js?ln=primefaces&v=4.0 HTTP/1.1" 304 -
201.245.192.253 - - [05/May/2023:12:39:48 -0500] "GET /sipse/faces/javax.faces.resource/layout/layout.js?ln=primefaces&v=4.0 HTTP/1.1" 304 -
201.245.192.253 - - [05/May/2023:12:39:49 -0500] "GET /sipse/faces/javax.faces.resource/images/ui-icons_898989_256x240.png?ln=primefaces-aristo HTTP/1.1" 304 -
190.109.20.167 - - [05/May/2023:12:39:53 -0500] "POST /sipse/faces/presentacion/proyectos/proyecto/actividad/crearActividad.xhtml HTTP/1.1" 200 2624
201.245.192.253 - - [05/May/2023:12:39:52 -0500] "POST /kwsrmcab/Wsrmcab HTTP/1.1" 200 42087
190.109.20.167 - - [05/May/2023:12:39:55 -0500] "POST /sipse/faces/presentacion/proyectos/proyecto/actividad/crearActividad.xhtml HTTP/1.1" 200 7319
201.245.192.253 - - [05/May/2023:12:39:56 -0500] "POST /sipse/faces/autenticacion.xhtml HTTP/1.1" 200 16803
201.245.192.253 - - [05/May/2023:12:39:56 -0500] "GET /sipse/faces/javax.faces.resource/theme.css?ln=primefaces-sipse HTTP/1.1" 304 -
201.245.192.253 - - [05/May/2023:12:39:57 -0500] "GET /sipse/faces/javax.faces.resource/primefaces.css?ln=primefaces&v=4.0 HTTP/1.1" 304 -
201.245.192.253 - - [05/May/2023:12:39:57 -0500] "GET /sipse/faces/javax.faces.resource/layout/layout.css?ln=primefaces&v=4.0 HTTP/1.1" 304 -
201.245.192.253 - - [05/May/2023:12:39:57 -0500] "GET /sipse/faces/javax.faces.resource/jquery/jquery.js?ln=primefaces&v=4.0 HTTP/1.1" 304 -
201.245.192.253 - - [05/May/2023:12:39:57 -0500] "GET /sipse/faces/javax.faces.resource/jquery/jquery-plugins.js?ln=primefaces&v=4.0 HTTP/1.1" 304 -
201.245.192.253 - - [05/May/2023:12:39:57 -0500] "GET /sipse/faces/javax.faces.resource/primefaces.js?ln=primefaces&v=4.0 HTTP/1.1" 304 -
201.245.192.253 - - [05/May/2023:12:39:57 -0500] "GET /sipse/faces/javax.faces.resource/layout/layout.js?ln=primefaces&v=4.0 HTTP/1.1" 304 -
201.245.192.253 - - [05/May/2023:12:39:57 -0500] "GET /sipse/css/imagen/contrasena.png HTTP/1.1" 404 383
190.109.20.167 - - [05/May/2023:12:39:57 -0500] "POST /sipse/faces/presentacion/proyectos/proyecto/actividad/crearActividad.xhtml HTTP/1.1" 200 7334
201.245.192.253 - - [05/May/2023:12:39:57 -0500] "GET /sipse/faces/javax.faces.resource/messages/messages.png?ln=primefaces&v=4.0 HTTP/1.1" 304 -
201.245.192.253 - - [05/May/2023:12:39:55 -0500] "POST /kwsrmcab/Wsrmcab HTTP/1.1" 200 42672
190.109.20.167 - - [05/May/2023:12:39:58 -0500] "POST /sipse/faces/presentacion/proyectos/proyecto/actividad/crearActividad.xhtml HTTP/1.1" 200 7342
201.245.192.253 - - [05/May/2023:12:39:59 -0500] "GET /sipse/faces/javax.faces.resource/images/ui-bg_flat_0_2d5972_40x100.png?ln=primefaces-aristo HTTP/1.1" 304 -
201.245.192.253 - - [05/May/2023:12:39:59 -0500] "POST /sipse/faces/bienvenido.xhtml HTTP/1.1" 200 3255
190.109.20.167 - - [05/May/2023:12:39:59 -0500] "POST /sipse/faces/presentacion/proyectos/proyecto/actividad/crearActividad.xhtml HTTP/1.1" 200 53719
190.109.20.167 - - [05/May/2023:12:40:00 -0500] "GET /sipse/faces/javax.faces.resource/jquery/jquery.js?ln=primefaces&v=4.0 HTTP/1.1" 304 -
190.109.20.167 - - [05/May/2023:12:40:00 -0500] "GET /sipse/faces/javax.faces.resource/jquery/jquery-plugins.js?ln=primefaces&v=4.0 HTTP/1.1" 304 -
190.109.20.167 - - [05/May/2023:12:40:01 -0500] "GET /sipse/faces/javax.faces.resource/primefaces.js?ln=primefaces&v=4.0 HTTP/1.1" 304 -
190.109.20.167 - - [05/May/2023:12:40:01 -0500] "GET /sipse/faces/javax.faces.resource/layout/layout.js?ln=primefaces&v=4.0 HTTP/1.1" 304 -
201.245.192.253 - - [05/May/2023:12:40:01 -0500] "POST /sipse/faces/bienvenido.xhtml HTTP/1.1" 200 33748
201.245.192.253 - - [05/May/2023:12:40:01 -0500] "GET /sipse/faces/javax.faces.resource/theme.css?ln=primefaces-sipse HTTP/1.1" 304 -
201.245.192.253 - - [05/May/2023:12:40:01 -0500] "GET /sipse/faces/javax.faces.resource/primefaces.css?ln=primefaces&v=4.0 HTTP/1.1" 304 -
201.245.192.253 - - [05/May/2023:12:40:01 -0500] "GET /sipse/faces/javax.faces.resource/layout/layout.css?ln=primefaces&v=4.0 HTTP/1.1" 304 -
201.245.192.253 - - [05/May/2023:12:40:01 -0500] "GET /sipse/faces/javax.faces.resource/jquery/jquery.js?ln=primefaces&v=4.0 HTTP/1.1" 304 -
201.245.192.253 - - [05/May/2023:12:40:01 -0500] "GET /sipse/faces/javax.faces.resource/jquery/jquery-plugins.js?ln=primefaces&v=4.0 HTTP/1.1" 304 -
201.245.192.253 - - [05/May/2023:12:40:01 -0500] "GET /sipse/faces/javax.faces.resource/primefaces.js?ln=primefaces&v=4.0 HTTP/1.1" 304 -
201.245.192.253 - - [05/May/2023:12:40:01 -0500] "GET /sipse/faces/javax.faces.resource/layout/layout.js?ln=primefaces&v=4.0 HTTP/1.1" 304 -
201.245.192.253 - - [05/May/2023:12:40:02 -0500] "POST /sipse/faces/presentacion/financiero/solicitudProceso/listarSolicitudProceso.xhtml HTTP/1.1" 200 1376
201.245.192.253 - - [05/May/2023:12:40:05 -0500] "POST /sipse/faces/presentacion/financiero/solicitudProceso/listarSolicitudProceso.xhtml HTTP/1.1" 200 184
201.245.192.253 - - [05/May/2023:12:40:05 -0500] "POST /sipse/faces/presentacion/financiero/solicitudProceso/listarSolicitudProceso.xhtml HTTP/1.1" 200 184
201.245.192.253 - - [05/May/2023:12:40:05 -0500] "GET /sipse/faces/presentacion/financiero/solicitudAnulacion/solicitudAnulacion.xhtml HTTP/1.1" 200 17805
201.245.192.253 - - [05/May/2023:12:40:05 -0500] "GET /sipse/faces/javax.faces.resource/theme.css?ln=primefaces-sipse HTTP/1.1" 304 -
201.245.192.253 - - [05/May/2023:12:40:05 -0500] "GET /sipse/faces/javax.faces.resource/primefaces.css?ln=primefaces&v=4.0 HTTP/1.1" 304 -
201.245.192.253 - - [05/May/2023:12:40:05 -0500] "GET /sipse/faces/javax.faces.resource/jquery/jquery.js?ln=primefaces&v=4.0 HTTP/1.1" 304 -
201.245.192.253 - - [05/May/2023:12:40:05 -0500] "GET /sipse/faces/javax.faces.resource/layout/layout.css?ln=primefaces&v=4.0 HTTP/1.1" 304 -
201.245.192.253 - - [05/May/2023:12:40:05 -0500] "GET /sipse/faces/javax.faces.resource/jquery/jquery-plugins.js?ln=primefaces&v=4.0 HTTP/1.1" 304 -
201.245.192.253 - - [05/May/2023:12:40:05 -0500] "GET /sipse/faces/javax.faces.resource/primefaces.js?ln=primefaces&v=4.0 HTTP/1.1" 304 -
201.245.192.253 - - [05/May/2023:12:40:05 -0500] "GET /sipse/faces/javax.faces.resource/layout/layout.js?ln=primefaces&v=4.0 HTTP/1.1" 304 -
201.245.192.253 - - [05/May/2023:12:40:05 -0500] "GET /sipse/faces/presentacion/financiero/solicitudAnulacion/solicitudAnulacion.xhtml HTTP/1.1" 200 31856
201.245.192.253 - - [05/May/2023:12:40:05 -0500] "POST /sipse/faces/presentacion/financiero/solicitudAnulacion/solicitudAnulacion.xhtml HTTP/1.1" 200 10464
186.102.6.65 - - [05/May/2023:12:40:07 -0500] "GET /kwssiamovil/sm/ldap/au?x=U2FsdGVkX1+OxvPlrPjLAmvYv9bMmDK+1M57GUpxoQxXKwSIUjb4d3T9r6L9YpCX&y=U2FsdGVkX19EVKL3k4ytudhuBFtfyeUyV9zCpeAUX0+pnQwO3FstLGaoLM/Jl7aB HTTP/1.1" 200 30
201.245.192.253 - - [05/May/2023:12:40:07 -0500] "POST /sipse/faces/presentacion/financiero/solicitudAnulacion/solicitudAnulacion.xhtml HTTP/1.1" 200 33748
201.245.192.253 - - [05/May/2023:12:40:07 -0500] "GET /sipse/faces/javax.faces.resource/theme.css?ln=primefaces-sipse HTTP/1.1" 304 -
201.245.192.253 - - [05/May/2023:12:40:07 -0500] "GET /sipse/faces/javax.faces.resource/primefaces.css?ln=primefaces&v=4.0 HTTP/1.1" 304 -
201.245.192.253 - - [05/May/2023:12:40:07 -0500] "GET /sipse/faces/javax.faces.resource/layout/layout.css?ln=primefaces&v=4.0 HTTP/1.1" 304 -
201.245.192.253 - - [05/May/2023:12:40:07 -0500] "GET /sipse/faces/javax.faces.resource/jquery/jquery.js?ln=primefaces&v=4.0 HTTP/1.1" 304 -
201.245.192.253 - - [05/May/2023:12:40:07 -0500] "GET /sipse/faces/javax.faces.resource/jquery/jquery-plugins.js?ln=primefaces&v=4.0 HTTP/1.1" 304 -
201.245.192.253 - - [05/May/2023:12:40:07 -0500] "GET /sipse/faces/javax.faces.resource/primefaces.js?ln=primefaces&v=4.0 HTTP/1.1" 304 -
186.102.6.65 - - [05/May/2023:12:40:07 -0500] "GET /kwssiamovil/sm/acme/s?s=U2FsdGVkX1/2NrPWGqfRsyIba9Ybrb54hsVEZGhueMP8yMpSHf5kCy5c4cVuZdnEddyqjKIej0+UnHqjk1ZozFf6l007smAfOO2k5PWfrgc=&u=U2FsdGVkX1/Tocs7HDT4mG+Rm5yXjk3ifsMZYL30VJ8=&y=U2FsdGVkX19EVKL3k4ytudhuBFtfyeUyV9zCpeAUX0+pnQwO3FstLGaoLM/Jl7aB HTTP/1.1" 200 97
201.245.192.253 - - [05/May/2023:12:40:07 -0500] "GET /sipse/faces/javax.faces.resource/layout/layout.js?ln=primefaces&v=4.0 HTTP/1.1" 304 -
201.245.192.253 - - [05/May/2023:12:40:08 -0500] "POST /sipse/faces/presentacion/financiero/solicitudProceso/listarSolicitudProceso.xhtml HTTP/1.1" 200 1376
186.102.6.65 - - [05/May/2023:12:40:08 -0500] "GET /kwssiamovil/sm/acme/s?s=U2FsdGVkX19WmxKHn9Qmd1jhay3ebBR7ufvB++l97xSqiu+FHeBS+irHRMYAAYJ8o3mM88m1nnMdxI3e4MBGFZ8XkcmF6m/UmJ5k2YCEZN//EHxKMI81iMSbapk4do4wB5+09VlSTwuhz7KOoph2gLIW2pZklp1g9GqlciY+SITSShY7sTMZcMqCahN7gMGGhsNr7LSbtKwVk+tFt6/gFyaTPXjeV+o4tp/QPBPj/PJkwmgJrGPnymfuO+o6Llft2eIv6jNngTJXlWHV2TLkVNpkyBxwJjbyWra1/NriQEi5kQVlM+Gbj9Rvotx/pPbPxSEstNbFLpBxXQ7RxZsS65DbYJkIBBod9/ajtXDu0svN9rRh2E6lpgZHClMNczRw69iICciXstn/sXjllZcjhV4NjHvZjc3nIhgc/YbuH536QYY1JXBjGhHuhNd8CTMWcIXcg3fS/WJy8ZJVPYbcdBmXGxwfsx4Ibiy8w2LIVfjpewxe1wizVbSHD5FEKw6Gqy7GPavWUsRSgh/lIh2WrS8TQJ1cyyPD2kbodIlxWSuPA7Ok5cEJ8IBTt3KBgVgZz5qp3rz3oDXfI8zF5S2kXsH9pZP6447sTBjW09dhJQ03vjMIVmTKW4GD5zuxEl6ZiIBLETtcGrZ/BcPJbpeGB2n/j4Ikvnq6EB7WnbCjVOc38Bw3vD/A9DDkef92sSWoimV37SZhegivJNgyKUIwyJErX+PpbnFKnHYdD15ki6Giw8kvwmnZW7eMS9cHwn992N2UCdZEUoCtthZgq4IM5O9199cd2NJzcSBymLPs8zuPMsLBUKEoGuD1nPzE4FA+49HurxY4RuJ7FZZdqozBwDKLXXsplw7aRGiVs8x8CcqFb+jolheXqduqGsuFhqQE571sAeyiFesz8DdTMUdXS11G0R1ZF9DNdrmQZajr+xDGn0oXYWYfFVonIaeGhAXgOy9sOub2XT7qFa9mF4c3we5f/1blRscMAiJoXs0/Edv70jEQGo+VRFV/Wy3dUlJiXMcfy/JfkoQ/DG23UOz2RmR1US+YT4ETijf0i+diPYcDlJqQpiyOZC6sphGnGq11Dp/lTssOGBAKyHNTY83rWuEfveP9xrrW1d/Ta+U2S6qH3gCRpTMNYfxkPmUoU8yioOsuCgLORqp/J2S9EailiTJ3dqvKtliZKokUZlULxu3WMJS9mpTme+gMrkeUgYYJPnFxrDEkt7ZH1Qrky18bo7H24BAHTwmESVnvvVgzjt/yZ+/EUYHcw8vvH8cexNvDaSAbkveplYb30p2g76PTycN4zp9qq8feucByE6etZML7kb9QemygWHblvssD1DM+6aM6ggtL5g/mow0Uq0TO8r8MrYK5TB86Z+gxxMQ0NuaubxbdG7G8E27Pf6ouXPMxLpbNLH9uwSwXLStTvICQTdJhMFbtnlU4kjtD3ocHQ/A=&u=U2FsdGVkX1/Tocs7HDT4mG+Rm5yXjk3ifsMZYL30VJ8=&y=U2FsdGVkX19EVKL3k4ytudhuBFtfyeUyV9zCpeAUX0+pnQwO3FstLGaoLM/Jl7aB HTTP/1.1" 200 326
186.102.6.65 - - [05/May/2023:12:40:08 -0500] "GET /kwssiamovil/sm/acme/s?s=U2FsdGVkX1+0Jfhaz2GbV+PFPMcdw/oDJLPfDtjK/wj1O8rnVW9jaWlLterNu7AjmZRCVjDVAcBP9c7QtgPFXyJB6UnYExJJGQ0v9sdAhtLS4m8W34M4BhFFOpAwnCkz13J1vfC21KYAOdpoJoN/T1JCwAVUCl3G7KlrgUG3DNxSv3vkACvp+ojLpu7nuUGeKdwKNg8Rifk0DLZybKatZgMajo4Swpv6P2dX/5Vzcea276O5dLwzjTJcySIqEwrdKEw4uxw4nXa6c/QXzUYfXsMI9QAec7qBmW10/txgPIZjWMO9mWopJK1HA8o/YSI5wokNUvrfukoNtaBei1SisRMFihTVbG3UcvUEjehEpuw=&u=U2FsdGVkX1/Tocs7HDT4mG+Rm5yXjk3ifsMZYL30VJ8=&y=U2FsdGVkX19EVKL3k4ytudhuBFtfyeUyV9zCpeAUX0+pnQwO3FstLGaoLM/Jl7aB HTTP/1.1" 200 196
186.102.6.65 - - [05/May/2023:12:40:08 -0500] "GET /kwssiamovil/sm/cjson/pre?f=1&x=U2FsdGVkX1+OxvPlrPjLAmvYv9bMmDK+1M57GUpxoQxXKwSIUjb4d3T9r6L9YpCX HTTP/1.1" 200 31032
191.156.231.234 - - [05/May/2023:12:40:11 -0500] "POST /sipse/faces/presentacion/financiero/solicitudProceso/consultar.xhtml HTTP/1.1" 200 34988
191.156.231.234 - - [05/May/2023:12:40:15 -0500] "GET /sipse/faces/javax.faces.resource/theme.css?ln=primefaces-sipse HTTP/1.1" 304 -
191.156.231.234 - - [05/May/2023:12:40:15 -0500] "GET /sipse/faces/javax.faces.resource/jquery/jquery.js?ln=primefaces&v=4.0 HTTP/1.1" 304 -
191.156.231.234 - - [05/May/2023:12:40:15 -0500] "GET /sipse/faces/javax.faces.resource/layout/layout.css?ln=primefaces&v=4.0 HTTP/1.1" 304 -
191.156.231.234 - - [05/May/2023:12:40:15 -0500] "GET /sipse/faces/javax.faces.resource/primefaces.css?ln=primefaces&v=4.0 HTTP/1.1" 304 -
191.156.231.234 - - [05/May/2023:12:40:15 -0500] "GET /sipse/faces/javax.faces.resource/jquery/jquery-plugins.js?ln=primefaces&v=4.0 HTTP/1.1" 304 -
191.156.231.234 - - [05/May/2023:12:40:15 -0500] "GET /sipse/faces/javax.faces.resource/primefaces.js?ln=primefaces&v=4.0 HTTP/1.1" 304 -
191.156.231.234 - - [05/May/2023:12:40:15 -0500] "GET /sipse/faces/javax.faces.resource/layout/layout.js?ln=primefaces&v=4.0 HTTP/1.1" 304 -
191.156.231.234 - - [05/May/2023:12:40:15 -0500] "POST /sipse/faces/presentacion/financiero/solicitudProceso/listarSolicitudProceso.xhtml HTTP/1.1" 200 28264
191.156.231.234 - - [05/May/2023:12:40:16 -0500] "POST /sipse/faces/presentacion/financiero/solicitudProceso/listarSolicitudProceso.xhtml HTTP/1.1" 200 28264
191.156.231.234 - - [05/May/2023:12:40:17 -0500] "POST /sipse/faces/presentacion/financiero/solicitudProceso/listarSolicitudProceso.xhtml HTTP/1.1" 200 28264
191.156.231.234 - - [05/May/2023:12:40:17 -0500] "POST /sipse/faces/presentacion/financiero/solicitudProceso/listarSolicitudProceso.xhtml HTTP/1.1" 200 28264
191.156.231.234 - - [05/May/2023:12:40:18 -0500] "POST /sipse/faces/presentacion/financiero/solicitudProceso/listarSolicitudProceso.xhtml HTTP/1.1" 200 28264
191.156.231.234 - - [05/May/2023:12:40:18 -0500] "POST /sipse/faces/presentacion/financiero/solicitudProceso/listarSolicitudProceso.xhtml HTTP/1.1" 200 1392
191.156.231.234 - - [05/May/2023:12:40:18 -0500] "POST /sipse/faces/presentacion/financiero/solicitudProceso/listarSolicitudProceso.xhtml HTTP/1.1" 200 1400
191.156.231.234 - - [05/May/2023:12:40:18 -0500] "POST /sipse/faces/presentacion/financiero/solicitudProceso/listarSolicitudProceso.xhtml HTTP/1.1" 200 1400
191.156.231.234 - - [05/May/2023:12:40:19 -0500] "POST /sipse/faces/presentacion/financiero/solicitudProceso/listarSolicitudProceso.xhtml HTTP/1.1" 200 1400
191.156.231.234 - - [05/May/2023:12:40:19 -0500] "POST /sipse/faces/presentacion/financiero/solicitudProceso/listarSolicitudProceso.xhtml HTTP/1.1" 200 1400
191.156.231.234 - - [05/May/2023:12:40:20 -0500] "POST /sipse/faces/presentacion/financiero/solicitudProceso/listarSolicitudProceso.xhtml HTTP/1.1" 200 1400
87.236.176.125 - - [05/May/2023:12:40:23 -0500] "GET / HTTP/1.1" 200 319
191.156.231.234 - - [05/May/2023:12:40:40 -0500] "POST /sipse/faces/presentacion/financiero/solicitudProceso/listarSolicitudProceso.xhtml HTTP/1.1" 200 41532
191.156.231.234 - - [05/May/2023:12:40:40 -0500] "GET /sipse/faces/javax.faces.resource/theme.css?ln=primefaces-sipse HTTP/1.1" 304 -
191.156.231.234 - - [05/May/2023:12:40:40 -0500] "GET /sipse/faces/javax.faces.resource/primefaces.css?ln=primefaces&v=4.0 HTTP/1.1" 304 -
191.156.231.234 - - [05/May/2023:12:40:40 -0500] "GET /sipse/faces/javax.faces.resource/layout/layout.css?ln=primefaces&v=4.0 HTTP/1.1" 304 -
191.156.231.234 - - [05/May/2023:12:40:40 -0500] "GET /sipse/faces/javax.faces.resource/jquery/jquery.js?ln=primefaces&v=4.0 HTTP/1.1" 304 -
191.156.231.234 - - [05/May/2023:12:40:40 -0500] "GET /sipse/faces/javax.faces.resource/jquery/jquery-plugins.js?ln=primefaces&v=4.0 HTTP/1.1" 304 -
191.156.231.234 - - [05/May/2023:12:40:41 -0500] "GET /sipse/faces/javax.faces.resource/primefaces.js?ln=primefaces&v=4.0 HTTP/1.1" 304 -
191.156.231.234 - - [05/May/2023:12:40:41 -0500] "GET /sipse/faces/javax.faces.resource/layout/layout.js?ln=primefaces&v=4.0 HTTP/1.1" 304 -
191.156.231.234 - - [05/May/2023:12:40:41 -0500] "POST /sipse/faces/presentacion/financiero/solicitudProceso/consultar.xhtml HTTP/1.1" 200 34834
191.156.231.234 - - [05/May/2023:12:40:41 -0500] "POST /sipse/faces/presentacion/financiero/solicitudProceso/consultar.xhtml HTTP/1.1" 200 34834
191.156.231.234 - - [05/May/2023:12:40:41 -0500] "POST /sipse/faces/presentacion/financiero/solicitudProceso/consultar.xhtml HTTP/1.1" 200 34834
191.156.231.234 - - [05/May/2023:12:40:42 -0500] "POST /sipse/faces/presentacion/financiero/solicitudProceso/consultar.xhtml HTTP/1.1" 200 34834
191.156.231.234 - - [05/May/2023:12:40:42 -0500] "POST /sipse/faces/presentacion/financiero/solicitudProceso/consultar.xhtml HTTP/1.1" 200 34834
191.156.231.234 - - [05/May/2023:12:40:43 -0500] "POST /sipse/faces/presentacion/financiero/solicitudProceso/consultar.xhtml HTTP/1.1" 200 34834
172.22.2.4 - - [05/May/2023:12:39:24 -0500] "HEAD /BLA/boletinlegal/ HTTP/1.1" 200 -
191.156.231.234 - - [05/May/2023:12:41:05 -0500] "POST /sipse/faces/presentacion/financiero/solicitudProceso/consultar.xhtml HTTP/1.1" 200 12990
190.109.20.167 - - [05/May/2023:12:41:09 -0500] "POST /sipse/faces/presentacion/proyectos/proyecto/actividad/ponderacionVertical.xhtml HTTP/1.1" 200 30510
191.156.231.234 - - [05/May/2023:12:41:10 -0500] "POST /sipse/faces/presentacion/financiero/solicitudProceso/consultar.xhtml HTTP/1.1" 200 12998
190.109.20.167 - - [05/May/2023:12:41:12 -0500] "POST /sipse/faces/presentacion/proyectos/proyecto/actividad/ponderacionVertical.xhtml HTTP/1.1" 200 30516
191.156.231.234 - - [05/May/2023:12:41:12 -0500] "POST /sipse/faces/presentacion/financiero/solicitudProceso/consultar.xhtml HTTP/1.1" 200 12994
172.22.2.4 - - [05/May/2023:12:41:14 -0500] "GET /BLA/boletinlegal/consulta_actos.php?tipo=resoluciones&no=0368&usuario=&sector=&fecha=2020&resuelve= HTTP/1.1" 200 1156
190.109.20.167 - - [05/May/2023:12:41:14 -0500] "GET /sipse/faces/javax.faces.resource/theme.css?ln=primefaces-sipse HTTP/1.1" 304 -
190.109.20.167 - - [05/May/2023:12:41:14 -0500] "GET /sipse/faces/javax.faces.resource/primefaces.css?ln=primefaces&v=4.0 HTTP/1.1" 304 -
190.109.20.167 - - [05/May/2023:12:41:14 -0500] "GET /sipse/faces/javax.faces.resource/layout/layout.css?ln=primefaces&v=4.0 HTTP/1.1" 304 -
190.109.20.167 - - [05/May/2023:12:41:14 -0500] "GET /sipse/faces/javax.faces.resource/jquery/jquery-plugins.js?ln=primefaces&v=4.0 HTTP/1.1" 304 -
190.109.20.167 - - [05/May/2023:12:41:14 -0500] "GET /sipse/faces/javax.faces.resource/jquery/jquery.js?ln=primefaces&v=4.0 HTTP/1.1" 304 -
190.109.20.167 - - [05/May/2023:12:41:14 -0500] "GET /sipse/faces/javax.faces.resource/layout/layout.js?ln=primefaces&v=4.0 HTTP/1.1" 304 -
190.109.20.167 - - [05/May/2023:12:41:14 -0500] "GET /sipse/faces/javax.faces.resource/primefaces.js?ln=primefaces&v=4.0 HTTP/1.1" 304 -
190.109.20.167 - - [05/May/2023:12:41:14 -0500] "GET /sipse/faces/javax.faces.resource/images/ui-icons_898989_256x240.png?ln=primefaces-aristo HTTP/1.1" 304 -
190.109.20.167 - - [05/May/2023:12:41:14 -0500] "GET /sipse/faces/javax.faces.resource/messages/messages.png?ln=primefaces&v=4.0 HTTP/1.1" 304 -
190.109.20.167 - - [05/May/2023:12:41:13 -0500] "POST /sipse/faces/presentacion/proyectos/proyecto/actividad/ponderacionVertical.xhtml HTTP/1.1" 200 190888
190.109.20.167 - - [05/May/2023:12:41:15 -0500] "GET /sipse/faces/javax.faces.resource/spacer/dot_clear.gif?ln=primefaces&v=4.0 HTTP/1.1" 304 -
172.22.2.4 - - [05/May/2023:12:41:15 -0500] "GET /BLA/boletinlegal/consulta_actos.php?tipo=resoluciones&no=0368&usuario=&sector=&fecha=2020&resuelve= HTTP/1.1" 200 1156
173.252.95.21 - - [05/May/2023:12:41:18 -0500] "GET /bogota-se-la-juega-por-las-mujeres-emprendedoras-de-bogota-es-mi-huerta-y-mujeres-que-reverdecen-expusieron-sus-proyectos-productivos.html HTTP/1.1" 206 985
191.156.231.234 - - [05/May/2023:12:41:17 -0500] "POST /sipse/faces/presentacion/financiero/solicitudProceso/consultar.xhtml HTTP/1.1" 200 147737
191.156.231.234 - - [05/May/2023:12:41:19 -0500] "GET /sipse/faces/javax.faces.resource/theme.css?ln=primefaces-sipse HTTP/1.1" 304 -
191.156.231.234 - - [05/May/2023:12:41:19 -0500] "GET /sipse/faces/javax.faces.resource/jquery/jquery.js?ln=primefaces&v=4.0 HTTP/1.1" 304 -
191.156.231.234 - - [05/May/2023:12:41:20 -0500] "GET /sipse/faces/javax.faces.resource/primefaces.css?ln=primefaces&v=4.0 HTTP/1.1" 304 -
191.156.231.234 - - [05/May/2023:12:41:20 -0500] "GET /sipse/faces/javax.faces.resource/layout/layout.css?ln=primefaces&v=4.0 HTTP/1.1" 304 -
191.156.231.234 - - [05/May/2023:12:41:20 -0500] "GET /sipse/faces/javax.faces.resource/jquery/jquery-plugins.js?ln=primefaces&v=4.0 HTTP/1.1" 304 -
191.156.231.234 - - [05/May/2023:12:41:20 -0500] "GET /sipse/faces/javax.faces.resource/primefaces.js?ln=primefaces&v=4.0 HTTP/1.1" 304 -
191.156.231.234 - - [05/May/2023:12:41:20 -0500] "GET /sipse/faces/javax.faces.resource/layout/layout.js?ln=primefaces&v=4.0 HTTP/1.1" 304 -
190.109.20.167 - - [05/May/2023:12:41:41 -0500] "GET /sipse/faces/javax.faces.resource/images/ui-bg_flat_0_2d5972_40x100.png?ln=primefaces-aristo HTTP/1.1" 304 -
201.245.192.253 - - [05/May/2023:12:41:40 -0500] "POST /kwsrmcab/Wsrmcab  HTTP/1.1" 200 213
190.109.20.167 - - [05/May/2023:12:41:41 -0500] "POST /sipse/faces/presentacion/proyectos/proyecto/actividad/crearActividad.xhtml HTTP/1.1" 200 148493
190.109.20.167 - - [05/May/2023:12:41:44 -0500] "GET /sipse/faces/javax.faces.resource/jquery/jquery.js?ln=primefaces&v=4.0 HTTP/1.1" 304 -
190.109.20.167 - - [05/May/2023:12:41:44 -0500] "GET /sipse/faces/javax.faces.resource/jquery/jquery-plugins.js?ln=primefaces&v=4.0 HTTP/1.1" 304 -
190.109.20.167 - - [05/May/2023:12:41:44 -0500] "GET /sipse/faces/javax.faces.resource/primefaces.js?ln=primefaces&v=4.0 HTTP/1.1" 304 -
190.109.20.167 - - [05/May/2023:12:41:44 -0500] "GET /sipse/faces/javax.faces.resource/layout/layout.js?ln=primefaces&v=4.0 HTTP/1.1" 304 -
190.109.20.167 - - [05/May/2023:12:41:48 -0500] "POST /sipse/faces/presentacion/proyectos/proyecto/meta/meta.xhtml HTTP/1.1" 200 12293
191.156.231.234 - - [05/May/2023:12:41:48 -0500] "POST /sipse/faces/presentacion/financiero/solicitudProceso/consultarSolicitudProceso.xhtml HTTP/1.1" 200 84016
172.22.2.4 - - [05/May/2023:12:40:14 -0500] "GET /BLA/boletinlegal/ HTTP/1.1" 200 57151
186.86.32.196 - - [05/May/2023:12:42:04 -0500] "POST /sipse/faces/presentacion/financiero/estudioPrevio/personalSolicitado/expedirExperienciaIdoneidad.xhtml HTTP/1.1" 200 38771
45.238.183.189 - - [05/May/2023:12:42:04 -0500] "GET /sipse/faces/faces/autenticacion.xhtml HTTP/1.1" 200 12499
45.238.183.189 - - [05/May/2023:12:42:07 -0500] "GET /sipse/faces/javax.faces.resource/layout/layout.css;jsessionid=CuAbWZZtlCsk-4jumpXdjSb0.undefined?ln=primefaces&v=4.0 HTTP/1.1" 200 542
45.238.183.189 - - [05/May/2023:12:42:07 -0500] "GET /sipse/faces/javax.faces.resource/theme.css?ln=primefaces-sipse HTTP/1.1" 304 -
45.238.183.189 - - [05/May/2023:12:42:07 -0500] "GET /sipse/faces/javax.faces.resource/jquery/jquery.js;jsessionid=CuAbWZZtlCsk-4jumpXdjSb0.undefined?ln=primefaces&v=4.0 HTTP/1.1" 200 105384
45.238.183.189 - - [05/May/2023:12:42:07 -0500] "GET /sipse/faces/javax.faces.resource/layout/layout.js;jsessionid=CuAbWZZtlCsk-4jumpXdjSb0.undefined?ln=primefaces&v=4.0 HTTP/1.1" 200 87560
45.238.183.189 - - [05/May/2023:12:42:07 -0500] "GET /sipse/faces/javax.faces.resource/primefaces.js;jsessionid=CuAbWZZtlCsk-4jumpXdjSb0.undefined?ln=primefaces&v=4.0 HTTP/1.1" 200 276924
45.238.183.189 - - [05/May/2023:12:42:07 -0500] "GET /sipse/faces/javax.faces.resource/jquery/jquery-plugins.js;jsessionid=CuAbWZZtlCsk-4jumpXdjSb0.undefined?ln=primefaces&v=4.0 HTTP/1.1" 200 220526
45.238.183.189 - - [05/May/2023:12:42:07 -0500] "GET /sipse/faces/javax.faces.resource/primefaces.css;jsessionid=CuAbWZZtlCsk-4jumpXdjSb0.undefined?ln=primefaces&v=4.0 HTTP/1.1" 200 53295
45.238.183.189 - - [05/May/2023:12:42:11 -0500] "GET /sipse/faces/javax.faces.resource/images/ui-icons_898989_256x240.png?ln=primefaces-aristo HTTP/1.1" 304 -
45.238.183.189 - - [05/May/2023:12:42:11 -0500] "GET /sipse/faces/faces/index.xhtml HTTP/1.1" 200 677
45.238.183.189 - - [05/May/2023:12:42:11 -0500] "GET /sipse/faces/javax.faces.resource/theme.css?ln=primefaces-sipse HTTP/1.1" 304 -
45.238.183.189 - - [05/May/2023:12:42:12 -0500] "GET /sipse/faces/faces/faces/autenticacion.xhtml HTTP/1.1" 200 12177
45.238.183.189 - - [05/May/2023:12:42:12 -0500] "GET /sipse/faces/javax.faces.resource/theme.css?ln=primefaces-sipse HTTP/1.1" 304 -
45.238.183.189 - - [05/May/2023:12:42:12 -0500] "GET /sipse/faces/javax.faces.resource/jquery/jquery.js?ln=primefaces&v=4.0 HTTP/1.1" 304 -
45.238.183.189 - - [05/May/2023:12:42:12 -0500] "GET /sipse/faces/javax.faces.resource/layout/layout.css?ln=primefaces&v=4.0 HTTP/1.1" 304 -
45.238.183.189 - - [05/May/2023:12:42:12 -0500] "GET /sipse/faces/javax.faces.resource/primefaces.css?ln=primefaces&v=4.0 HTTP/1.1" 304 -
45.238.183.189 - - [05/May/2023:12:42:12 -0500] "GET /sipse/faces/javax.faces.resource/jquery/jquery-plugins.js?ln=primefaces&v=4.0 HTTP/1.1" 304 -
45.238.183.189 - - [05/May/2023:12:42:12 -0500] "GET /sipse/faces/javax.faces.resource/primefaces.js?ln=primefaces&v=4.0 HTTP/1.1" 304 -
45.238.183.189 - - [05/May/2023:12:42:12 -0500] "GET /sipse/faces/javax.faces.resource/layout/layout.js?ln=primefaces&v=4.0 HTTP/1.1" 304 -
186.86.32.196 - - [05/May/2023:12:42:13 -0500] "POST /sipse/faces/presentacion/financiero/estudioPrevio/personalSolicitado/expedirExperienciaIdoneidad.xhtml HTTP/1.1" 200 24005
186.86.32.196 - - [05/May/2023:12:42:13 -0500] "GET /sipse/faces/javax.faces.resource/theme.css?ln=primefaces-sipse HTTP/1.1" 304 -
186.86.32.196 - - [05/May/2023:12:42:13 -0500] "GET /sipse/faces/javax.faces.resource/primefaces.css?ln=primefaces&v=4.0 HTTP/1.1" 304 -
186.86.32.196 - - [05/May/2023:12:42:13 -0500] "GET /sipse/faces/javax.faces.resource/layout/layout.css?ln=primefaces&v=4.0 HTTP/1.1" 304 -
186.86.32.196 - - [05/May/2023:12:42:13 -0500] "GET /sipse/faces/javax.faces.resource/jquery/jquery.js?ln=primefaces&v=4.0 HTTP/1.1" 304 -
186.86.32.196 - - [05/May/2023:12:42:13 -0500] "GET /sipse/faces/javax.faces.resource/jquery/jquery-plugins.js?ln=primefaces&v=4.0 HTTP/1.1" 304 -
186.86.32.196 - - [05/May/2023:12:42:13 -0500] "GET /sipse/faces/javax.faces.resource/primefaces.js?ln=primefaces&v=4.0 HTTP/1.1" 304 -
186.86.32.196 - - [05/May/2023:12:42:13 -0500] "GET /sipse/faces/javax.faces.resource/layout/layout.js?ln=primefaces&v=4.0 HTTP/1.1" 304 -
45.238.183.189 - - [05/May/2023:12:42:20 -0500] "POST /sipse/faces/autenticacion.xhtml HTTP/1.1" 200 2221
45.238.183.189 - - [05/May/2023:12:42:20 -0500] "GET /sipse/faces/javax.faces.resource/messages/messages.png?ln=primefaces&v=4.0 HTTP/1.1" 304 -
190.26.159.238 - - [05/May/2023:12:42:36 -0500] "GET /kwssiamovil/sm/des/cjson/pre?f=3&x=U2FsdGVkX19vpnVF0nGKqtyvKUUNkEhKq88669L91bXFJyEn1vsy1xIOXVn/GyYw HTTP/1.1" 200 62
45.238.183.189 - - [05/May/2023:12:42:43 -0500] "GET /sipse/faces/javax.faces.resource/images/ui-icons_898989_256x240.png?ln=primefaces-aristo HTTP/1.1" 304 -
45.238.183.189 - - [05/May/2023:12:42:43 -0500] "POST /sipse/faces/autenticacion.xhtml HTTP/1.1" 200 16368
45.238.183.189 - - [05/May/2023:12:42:44 -0500] "GET /sipse/faces/javax.faces.resource/theme.css?ln=primefaces-sipse HTTP/1.1" 304 -
45.238.183.189 - - [05/May/2023:12:42:44 -0500] "GET /sipse/faces/javax.faces.resource/primefaces.css?ln=primefaces&v=4.0 HTTP/1.1" 304 -
45.238.183.189 - - [05/May/2023:12:42:44 -0500] "GET /sipse/faces/javax.faces.resource/layout/layout.css?ln=primefaces&v=4.0 HTTP/1.1" 304 -
45.238.183.189 - - [05/May/2023:12:42:44 -0500] "GET /sipse/faces/javax.faces.resource/jquery/jquery.js?ln=primefaces&v=4.0 HTTP/1.1" 304 -
45.238.183.189 - - [05/May/2023:12:42:44 -0500] "GET /sipse/faces/javax.faces.resource/jquery/jquery-plugins.js?ln=primefaces&v=4.0 HTTP/1.1" 304 -
45.238.183.189 - - [05/May/2023:12:42:45 -0500] "GET /sipse/faces/javax.faces.resource/primefaces.js?ln=primefaces&v=4.0 HTTP/1.1" 304 -
45.238.183.189 - - [05/May/2023:12:42:45 -0500] "GET /sipse/faces/javax.faces.resource/layout/layout.js?ln=primefaces&v=4.0 HTTP/1.1" 304 -
45.238.183.189 - - [05/May/2023:12:42:46 -0500] "GET /sipse/css/imagen/contrasena.png HTTP/1.1" 404 383
45.238.183.189 - - [05/May/2023:12:43:07 -0500] "GET /sipse/faces/javax.faces.resource/images/ui-bg_flat_0_2d5972_40x100.png?ln=primefaces-aristo HTTP/1.1" 304 -
45.238.183.189 - - [05/May/2023:12:43:07 -0500] "POST /sipse/faces/bienvenido.xhtml HTTP/1.1" 200 2060
66.249.70.207 - - [05/May/2023:12:43:07 -0500] "-" 408 -
181.63.180.200 - - [05/May/2023:12:43:08 -0500] "GET /empresas-con-impacto-ambiental-positivo-unanse-a-la-edicion-2023-de-negocios-verdes-mas-cerca-de-ti.html HTTP/1.1" 200 878
45.238.183.189 - - [05/May/2023:12:43:12 -0500] "POST /sipse/faces/bienvenido.xhtml HTTP/1.1" 200 2073
45.238.183.189 - - [05/May/2023:12:43:13 -0500] "POST /sipse/faces/bienvenido.xhtml HTTP/1.1" 200 40269
45.238.183.189 - - [05/May/2023:12:43:13 -0500] "GET /sipse/faces/javax.faces.resource/theme.css?ln=primefaces-sipse HTTP/1.1" 304 -
45.238.183.189 - - [05/May/2023:12:43:13 -0500] "GET /sipse/faces/javax.faces.resource/primefaces.css?ln=primefaces&v=4.0 HTTP/1.1" 304 -
45.238.183.189 - - [05/May/2023:12:43:13 -0500] "GET /sipse/faces/javax.faces.resource/layout/layout.css?ln=primefaces&v=4.0 HTTP/1.1" 304 -
