!C99Shell v. 1.0 pre-release build #13!

Software: Apache. PHP/5.5.15 

uname -a: Windows NT SVR-DMZ 6.1 build 7600 (Windows Server 2008 R2 Enterprise Edition) i586 

SYSTEM 

Safe-mode: OFF (not secure)

E:\nuevo\apache\logs\   drwxrwxrwx
Free 9.41 GB of 239.26 GB (3.93%)
Detected drives: [ a ] [ c ] [ d ] [ e ] [ f ]
Home    Back    Forward    UPDIR    Refresh    Search    Buffer    Encoder    Tools    Proc.    FTP brute    Sec.    SQL    PHP-code    Update    Feedback    Self remove    Logout    


Viewing file:     access.2023.05.05.log (2.88 MB)      -rw-rw-rw-
Select action/file-type:
(+) | (+) | (+) | Code (+) | Session (+) | (+) | SDB (+) | (+) | (+) | (+) | (+) | (+) |
172.22.2.4 - - [04/May/2023:23:58:26 -0500] "HEAD /BLA/boletinlegal/ HTTP/1.1" 200 -
40.77.167.84 - - [05/May/2023:00:00:16 -0500] "GET /images/secretaria-participantes.14-octubre.jpg HTTP/1.1" 200 102021
172.22.2.4 - - [04/May/2023:23:59:16 -0500] "GET /BLA/boletinlegal/ HTTP/1.1" 200 51977
216.245.221.92 - - [05/May/2023:00:01:22 -0500] "HEAD / HTTP/1.1" 200 -
172.22.2.4 - - [05/May/2023:00:01:51 -0500] "GET /BLA/boletinlegal/jurisprudencia/analisis/Analisis%20Sentencia%20T-1077,%202%20corregida.doc HTTP/1.1" 200 47616
172.22.2.4 - - [05/May/2023:00:01:57 -0500] "GET /BLA/boletinlegal/norma_menu.php HTTP/1.1" 200 6328
190.66.251.206 - - [05/May/2023:00:02:06 -0500] "GET /sipse/faces/faces/index.xhtml HTTP/1.1" 200 677
190.66.251.206 - - [05/May/2023:00:02:10 -0500] "GET /sipse/faces/javax.faces.resource/theme.css?ln=primefaces-sipse HTTP/1.1" 304 -
190.66.251.206 - - [05/May/2023:00:02:11 -0500] "GET /sipse/faces/faces/faces/autenticacion.xhtml HTTP/1.1" 200 12177
190.66.251.206 - - [05/May/2023:00:02:11 -0500] "GET /sipse/faces/javax.faces.resource/theme.css?ln=primefaces-sipse HTTP/1.1" 304 -
190.66.251.206 - - [05/May/2023:00:02:11 -0500] "GET /sipse/faces/javax.faces.resource/layout/layout.css?ln=primefaces&v=4.0 HTTP/1.1" 304 -
190.66.251.206 - - [05/May/2023:00:02:11 -0500] "GET /sipse/faces/javax.faces.resource/jquery/jquery-plugins.js?ln=primefaces&v=4.0 HTTP/1.1" 304 -
190.66.251.206 - - [05/May/2023:00:02:11 -0500] "GET /sipse/faces/javax.faces.resource/jquery/jquery.js?ln=primefaces&v=4.0 HTTP/1.1" 304 -
190.66.251.206 - - [05/May/2023:00:02:11 -0500] "GET /sipse/faces/javax.faces.resource/primefaces.js?ln=primefaces&v=4.0 HTTP/1.1" 304 -
190.66.251.206 - - [05/May/2023:00:02:11 -0500] "GET /sipse/faces/javax.faces.resource/layout/layout.js?ln=primefaces&v=4.0 HTTP/1.1" 304 -
190.66.251.206 - - [05/May/2023:00:02:11 -0500] "GET /sipse/faces/javax.faces.resource/primefaces.css?ln=primefaces&v=4.0 HTTP/1.1" 304 -
190.66.251.206 - - [05/May/2023:00:02:14 -0500] "GET /sipse/faces/javax.faces.resource/images/ui-icons_898989_256x240.png?ln=primefaces-aristo HTTP/1.1" 304 -
190.66.251.206 - - [05/May/2023:00:02:18 -0500] "POST /sipse/faces/autenticacion.xhtml HTTP/1.1" 200 16179
190.66.251.206 - - [05/May/2023:00:02:19 -0500] "GET /sipse/faces/javax.faces.resource/theme.css?ln=primefaces-sipse HTTP/1.1" 304 -
190.66.251.206 - - [05/May/2023:00:02:19 -0500] "GET /sipse/faces/javax.faces.resource/primefaces.css?ln=primefaces&v=4.0 HTTP/1.1" 304 -
190.66.251.206 - - [05/May/2023:00:02:19 -0500] "GET /sipse/faces/javax.faces.resource/layout/layout.css?ln=primefaces&v=4.0 HTTP/1.1" 304 -
190.66.251.206 - - [05/May/2023:00:02:19 -0500] "GET /sipse/faces/javax.faces.resource/jquery/jquery.js?ln=primefaces&v=4.0 HTTP/1.1" 304 -
190.66.251.206 - - [05/May/2023:00:02:19 -0500] "GET /sipse/faces/javax.faces.resource/jquery/jquery-plugins.js?ln=primefaces&v=4.0 HTTP/1.1" 304 -
190.66.251.206 - - [05/May/2023:00:02:19 -0500] "GET /sipse/faces/javax.faces.resource/primefaces.js?ln=primefaces&v=4.0 HTTP/1.1" 304 -
190.66.251.206 - - [05/May/2023:00:02:19 -0500] "GET /sipse/faces/javax.faces.resource/layout/layout.js?ln=primefaces&v=4.0 HTTP/1.1" 304 -
190.66.251.206 - - [05/May/2023:00:02:19 -0500] "GET /sipse/css/imagen/contrasena.png HTTP/1.1" 404 383
190.66.251.206 - - [05/May/2023:00:02:20 -0500] "GET /sipse/faces/javax.faces.resource/messages/messages.png?ln=primefaces&v=4.0 HTTP/1.1" 304 -
40.77.167.94 - - [05/May/2023:00:02:47 -0500] "GET /BLA/resoluciones/AUTOS%202021/5976.pdf HTTP/1.1" 304 -
172.22.2.4 - - [05/May/2023:00:02:59 -0500] "GET /BLA/boletinlegal/conceptos/2020/46.pdf HTTP/1.1" 200 350199
172.22.2.4 - - [05/May/2023:00:03:16 -0500] "GET /BLA/boletinlegal/actos.php HTTP/1.1" 200 9682
190.66.251.206 - - [05/May/2023:00:03:58 -0500] "GET /sipse/faces/javax.faces.resource/images/ui-bg_flat_0_2d5972_40x100.png?ln=primefaces-aristo HTTP/1.1" 304 -
190.66.251.206 - - [05/May/2023:00:03:58 -0500] "POST /sipse/faces/bienvenido.xhtml HTTP/1.1" 200 1473
190.66.251.206 - - [05/May/2023:00:04:00 -0500] "POST /sipse/faces/bienvenido.xhtml HTTP/1.1" 200 37881
190.66.251.206 - - [05/May/2023:00:04:01 -0500] "GET /sipse/faces/javax.faces.resource/primefaces.css?ln=primefaces&v=4.0 HTTP/1.1" 304 -
190.66.251.206 - - [05/May/2023:00:04:01 -0500] "GET /sipse/faces/javax.faces.resource/theme.css?ln=primefaces-sipse HTTP/1.1" 304 -
190.66.251.206 - - [05/May/2023:00:04:01 -0500] "GET /sipse/faces/javax.faces.resource/layout/layout.css?ln=primefaces&v=4.0 HTTP/1.1" 304 -
190.66.251.206 - - [05/May/2023:00:04:01 -0500] "GET /sipse/faces/javax.faces.resource/jquery/jquery.js?ln=primefaces&v=4.0 HTTP/1.1" 304 -
190.66.251.206 - - [05/May/2023:00:04:01 -0500] "GET /sipse/faces/javax.faces.resource/jquery/jquery-plugins.js?ln=primefaces&v=4.0 HTTP/1.1" 304 -
190.66.251.206 - - [05/May/2023:00:04:01 -0500] "GET /sipse/faces/javax.faces.resource/primefaces.js?ln=primefaces&v=4.0 HTTP/1.1" 304 -
190.66.251.206 - - [05/May/2023:00:04:01 -0500] "GET /sipse/faces/javax.faces.resource/layout/layout.js?ln=primefaces&v=4.0 HTTP/1.1" 304 -
190.66.251.206 - - [05/May/2023:00:04:06 -0500] "POST /sipse/faces/presentacion/financiero/solicitudProceso/consultar.xhtml HTTP/1.1" 200 12905
190.66.251.206 - - [05/May/2023:00:04:08 -0500] "POST /sipse/faces/presentacion/financiero/solicitudProceso/consultar.xhtml HTTP/1.1" 200 151656
190.66.251.206 - - [05/May/2023:00:04:09 -0500] "GET /sipse/faces/javax.faces.resource/theme.css?ln=primefaces-sipse HTTP/1.1" 304 -
190.66.251.206 - - [05/May/2023:00:04:09 -0500] "GET /sipse/faces/javax.faces.resource/layout/layout.css?ln=primefaces&v=4.0 HTTP/1.1" 304 -
190.66.251.206 - - [05/May/2023:00:04:09 -0500] "GET /sipse/faces/javax.faces.resource/primefaces.css?ln=primefaces&v=4.0 HTTP/1.1" 304 -
190.66.251.206 - - [05/May/2023:00:04:09 -0500] "GET /sipse/faces/javax.faces.resource/jquery/jquery.js?ln=primefaces&v=4.0 HTTP/1.1" 304 -
190.66.251.206 - - [05/May/2023:00:04:09 -0500] "GET /sipse/faces/javax.faces.resource/jquery/jquery-plugins.js?ln=primefaces&v=4.0 HTTP/1.1" 304 -
190.66.251.206 - - [05/May/2023:00:04:10 -0500] "GET /sipse/faces/javax.faces.resource/primefaces.js?ln=primefaces&v=4.0 HTTP/1.1" 304 -
190.66.251.206 - - [05/May/2023:00:04:10 -0500] "GET /sipse/faces/javax.faces.resource/layout/layout.js?ln=primefaces&v=4.0 HTTP/1.1" 304 -
190.66.251.206 - - [05/May/2023:00:04:11 -0500] "GET /sipse/faces/javax.faces.resource/dynamiccontent.properties?ln=primefaces&pfdrid=XjOR5%2F%2FfPAZAuY9TpWQeCiM0BhlXxYRBGKi%2FQcXXfeA%3D&pfdrid_c=false HTTP/1.1" 500 383
201.245.192.253 - - [05/May/2023:00:04:28 -0500] "POST /kwsrmcab/Wsrmcab  HTTP/1.1" 200 213
172.22.2.4 - - [05/May/2023:00:04:31 -0500] "GET /BLA/boletinlegal/actas/463597.pdf HTTP/1.1" 200 250044
172.22.2.4 - - [05/May/2023:00:04:46 -0500] "GET /BLA/boletinlegal/Directivas/2017/Directiva%20No.%2004%20del%2028%20de%20Abril%20de%202017.pdf HTTP/1.1" 200 8194919
172.22.2.4 - - [05/May/2023:00:04:16 -0500] "HEAD /BLA/boletinlegal/ HTTP/1.1" 200 -
172.22.2.4 - - [05/May/2023:00:06:03 -0500] "GET /BLA/boletinlegal/Directivas/2014/Directiva%20No.%201%20del%2010%20de%20Abril%20de%202014.pdf HTTP/1.1" 200 258865
181.53.12.42 - - [05/May/2023:00:06:18 -0500] "GET /galeria/galeria/jquery.fancybox.css?v=2.1.5 HTTP/1.1" 200 4895
181.53.12.42 - - [05/May/2023:00:06:18 -0500] "GET /BLA/boletinlegal/js/jquery.scrollShow.js HTTP/1.1" 200 4586
181.53.12.42 - - [05/May/2023:00:06:18 -0500] "GET /galeria/galeria/jquery.fancybox.js?v=2.1.5 HTTP/1.1" 200 48706
181.53.12.42 - - [05/May/2023:00:06:18 -0500] "GET /galeria/carrusel/Carrusel/jquery.thumbnailScroller.css HTTP/1.1" 200 2066
181.53.12.42 - - [05/May/2023:00:06:18 -0500] "GET /galeria/carrusel/Carrusel/jquery-ui-1.8.13.custom.min.js HTTP/1.1" 200 10800
181.53.12.42 - - [05/May/2023:00:06:18 -0500] "GET /galeria/carrusel/Carrusel/jquery.thumbnailScroller.js HTTP/1.1" 200 8157
172.22.2.4 - - [05/May/2023:00:06:19 -0500] "GET /BLA/boletinlegal/Directivas/2014/Directiva%20No.%204%20del%2006%20de%20Junio%20de%202014.pdf HTTP/1.1" 200 236794
181.53.12.42 - - [05/May/2023:00:06:19 -0500] "GET /galeria/nivo-slider/demo/banner.html HTTP/1.1" 200 5446
181.53.12.42 - - [05/May/2023:00:06:19 -0500] "GET /galeria/nivo-slider/themes/default/default.css HTTP/1.1" 200 1569
181.53.12.42 - - [05/May/2023:00:06:19 -0500] "GET /galeria/nivo-slider/demo/scripts/jquery-1.7.1.min.js HTTP/1.1" 200 93868
181.53.12.42 - - [05/May/2023:00:06:19 -0500] "GET /galeria/nivo-slider/themes/orman/orman.css HTTP/1.1" 200 2152
181.53.12.42 - - [05/May/2023:00:06:19 -0500] "GET /galeria/nivo-slider/themes/pascal/pascal.css HTTP/1.1" 200 2258
181.53.12.42 - - [05/May/2023:00:06:19 -0500] "GET /galeria/nivo-slider/nivo-slider.css HTTP/1.1" 200 1507
181.53.12.42 - - [05/May/2023:00:06:19 -0500] "GET /galeria/nivo-slider/demo/style.css HTTP/1.1" 200 2222
181.53.12.42 - - [05/May/2023:00:06:19 -0500] "GET /galeria/nivo-slider/jquery.nivo.slider.pack.js HTTP/1.1" 200 11561
181.53.12.42 - - [05/May/2023:00:06:20 -0500] "GET /galeria/nivo-slider/demo/images/Bannermujeresquereverdecen.jpg HTTP/1.1" 200 46558
181.53.12.42 - - [05/May/2023:00:06:20 -0500] "GET /galeria/nivo-slider/demo/images/bannertortuga_optimized.jpg HTTP/1.1" 200 39066
181.53.12.42 - - [05/May/2023:00:06:20 -0500] "GET /galeria/nivo-slider/demo/images/bannertrafico_optimized.jpg HTTP/1.1" 200 42578
181.53.12.42 - - [05/May/2023:00:06:20 -0500] "GET /galeria/nivo-slider/demo/images/Bannersedeelectronica.jpg HTTP/1.1" 200 40383
181.53.12.42 - - [05/May/2023:00:06:20 -0500] "GET /galeria/nivo-slider/demo/images/bannerrutaesperanza.jpg HTTP/1.1" 200 55560
181.53.12.42 - - [05/May/2023:00:06:20 -0500] "GET /galeria/nivo-slider/demo/images/banneraire2021.jpg HTTP/1.1" 200 265101
181.53.12.42 - - [05/May/2023:00:06:20 -0500] "GET /galeria/nivo-slider/demo/images/4Simple_Slider.png HTTP/1.1" 200 11722
181.53.12.42 - - [05/May/2023:00:06:20 -0500] "GET /galeria/nivo-slider/themes/default/loading.gif HTTP/1.1" 200 1737
181.53.12.42 - - [05/May/2023:00:06:20 -0500] "GET /galeria/nivo-slider/demo/images/Bannerplasticosseptiembre.jpg HTTP/1.1" 200 45633
181.53.12.42 - - [05/May/2023:00:06:20 -0500] "GET /galeria/nivo-slider/demo/images/bannerresiduoshospitalariosagosto.jpg HTTP/1.1" 200 36499
181.53.12.42 - - [05/May/2023:00:06:20 -0500] "GET /galeria/nivo-slider/demo/images/banneraccionpopularcrr68.jpg HTTP/1.1" 200 51887
181.53.12.42 - - [05/May/2023:00:06:20 -0500] "GET /galeria/nivo-slider/demo/images/banneraccionpopular.jpeg HTTP/1.1" 200 41707
181.53.12.42 - - [05/May/2023:00:06:20 -0500] "GET /galeria/nivo-slider/demo/images/bannerclases2021.jpg HTTP/1.1" 200 68230
181.53.12.42 - - [05/May/2023:00:06:20 -0500] "GET /galeria/nivo-slider/demo/images/Bannerenvases.jpg HTTP/1.1" 200 37316
181.53.12.42 - - [05/May/2023:00:06:20 -0500] "GET /galeria/nivo-slider/demo/images/bannercapacitacionesbogota.jpg HTTP/1.1" 200 42416
181.53.12.42 - - [05/May/2023:00:06:20 -0500] "GET /galeria/nivo-slider/demo/images/Bannervirtualescanales.jpg HTTP/1.1" 200 174544
181.53.12.42 - - [05/May/2023:00:06:21 -0500] "GET /galeria/nivo-slider/themes/default/arrows.png HTTP/1.1" 200 824
181.53.12.42 - - [05/May/2023:00:06:21 -0500] "GET /galeria/nivo-slider/themes/default/bullets.png HTTP/1.1" 200 1281
216.245.221.92 - - [05/May/2023:00:06:22 -0500] "HEAD / HTTP/1.1" 200 -
172.22.2.4 - - [05/May/2023:00:06:40 -0500] "GET /BLA/boletinlegal/Directivas/2009/Directiva%20No.%20del%2023%20de%20Diciembre%20de%202009.pdf HTTP/1.1" 200 1636862
172.22.2.4 - - [05/May/2023:00:05:06 -0500] "GET /BLA/boletinlegal/ HTTP/1.1" 200 54424
190.66.251.206 - - [05/May/2023:00:06:50 -0500] "POST /sipse/faces/presentacion/financiero/solicitudProceso/consultarSolicitudProceso.xhtml HTTP/1.1" 200 4679
190.66.251.206 - - [05/May/2023:00:06:51 -0500] "POST /sipse/faces/presentacion/financiero/solicitudProceso/consultarSolicitudProceso.xhtml HTTP/1.1" 200 38100
190.66.251.206 - - [05/May/2023:00:06:52 -0500] "GET /sipse/faces/javax.faces.resource/theme.css?ln=primefaces-sipse HTTP/1.1" 304 -
190.66.251.206 - - [05/May/2023:00:06:52 -0500] "GET /sipse/faces/javax.faces.resource/primefaces.css?ln=primefaces&v=4.0 HTTP/1.1" 304 -
190.66.251.206 - - [05/May/2023:00:06:52 -0500] "GET /sipse/faces/javax.faces.resource/layout/layout.css?ln=primefaces&v=4.0 HTTP/1.1" 304 -
190.66.251.206 - - [05/May/2023:00:06:52 -0500] "GET /sipse/faces/javax.faces.resource/jquery/jquery.js?ln=primefaces&v=4.0 HTTP/1.1" 304 -
190.66.251.206 - - [05/May/2023:00:06:52 -0500] "GET /sipse/faces/javax.faces.resource/jquery/jquery-plugins.js?ln=primefaces&v=4.0 HTTP/1.1" 304 -
190.66.251.206 - - [05/May/2023:00:06:52 -0500] "GET /sipse/faces/javax.faces.resource/primefaces.js?ln=primefaces&v=4.0 HTTP/1.1" 304 -
190.66.251.206 - - [05/May/2023:00:06:52 -0500] "GET /sipse/faces/javax.faces.resource/layout/layout.js?ln=primefaces&v=4.0 HTTP/1.1" 304 -
190.66.251.206 - - [05/May/2023:00:06:52 -0500] "POST /sipse/faces/presentacion/financiero/solicitudProceso/listarSolicitudProceso.xhtml HTTP/1.1" 200 31379
190.66.251.206 - - [05/May/2023:00:06:53 -0500] "POST /sipse/faces/presentacion/financiero/solicitudProceso/listarSolicitudProceso.xhtml HTTP/1.1" 200 31379
190.66.251.206 - - [05/May/2023:00:06:53 -0500] "POST /sipse/faces/presentacion/financiero/solicitudProceso/listarSolicitudProceso.xhtml HTTP/1.1" 200 1420
190.66.251.206 - - [05/May/2023:00:06:53 -0500] "POST /sipse/faces/presentacion/financiero/solicitudProceso/listarSolicitudProceso.xhtml HTTP/1.1" 200 1420
190.66.251.206 - - [05/May/2023:00:06:54 -0500] "POST /sipse/faces/presentacion/financiero/solicitudProceso/listarSolicitudProceso.xhtml HTTP/1.1" 200 1424
172.22.2.4 - - [05/May/2023:00:07:22 -0500] "GET /BLA/boletinlegal/Circulares/2017/Circular%20No.%201%20del%2030%20de%20Marzo%20de%202017.pdf HTTP/1.1" 200 668532
190.66.251.206 - - [05/May/2023:00:07:56 -0500] "POST /sipse/faces/presentacion/financiero/solicitudProceso/listarSolicitudProceso.xhtml HTTP/1.1" 200 143539
190.66.251.206 - - [05/May/2023:00:07:57 -0500] "GET /sipse/faces/javax.faces.resource/theme.css?ln=primefaces-sipse HTTP/1.1" 304 -
190.66.251.206 - - [05/May/2023:00:07:57 -0500] "GET /sipse/faces/javax.faces.resource/primefaces.css?ln=primefaces&v=4.0 HTTP/1.1" 304 -
190.66.251.206 - - [05/May/2023:00:07:57 -0500] "GET /sipse/faces/javax.faces.resource/layout/layout.css?ln=primefaces&v=4.0 HTTP/1.1" 304 -
190.66.251.206 - - [05/May/2023:00:07:58 -0500] "GET /sipse/faces/javax.faces.resource/jquery/jquery.js?ln=primefaces&v=4.0 HTTP/1.1" 304 -
190.66.251.206 - - [05/May/2023:00:07:58 -0500] "GET /sipse/faces/javax.faces.resource/jquery/jquery-plugins.js?ln=primefaces&v=4.0 HTTP/1.1" 304 -
190.66.251.206 - - [05/May/2023:00:07:58 -0500] "GET /sipse/faces/javax.faces.resource/primefaces.js?ln=primefaces&v=4.0 HTTP/1.1" 304 -
190.66.251.206 - - [05/May/2023:00:07:58 -0500] "GET /sipse/faces/javax.faces.resource/layout/layout.js?ln=primefaces&v=4.0 HTTP/1.1" 304 -
190.66.251.206 - - [05/May/2023:00:08:00 -0500] "GET /sipse/faces/javax.faces.resource/dynamiccontent.properties?ln=primefaces&pfdrid=XjOR5%2F%2FfPAZAuY9TpWQeCiM0BhlXxYRBGKi%2FQcXXfeA%3D&pfdrid_c=false HTTP/1.1" 500 383
172.22.2.4 - - [05/May/2023:00:08:05 -0500] "GET /BLA/boletinlegal/Circulares/2011/Circular%20003%20de%20Febrero%20de%202011.pdf HTTP/1.1" 200 224758
190.66.251.206 - - [05/May/2023:00:08:48 -0500] "POST /sipse/faces/presentacion/financiero/solicitudProceso/consultarSolicitudProceso.xhtml HTTP/1.1" 200 19990
190.66.251.206 - - [05/May/2023:00:08:49 -0500] "GET /sipse/faces/javax.faces.resource/theme.css?ln=primefaces-sipse HTTP/1.1" 304 -
190.66.251.206 - - [05/May/2023:00:08:49 -0500] "GET /sipse/faces/javax.faces.resource/primefaces.css?ln=primefaces&v=4.0 HTTP/1.1" 304 -
190.66.251.206 - - [05/May/2023:00:08:49 -0500] "GET /sipse/faces/javax.faces.resource/layout/layout.css?ln=primefaces&v=4.0 HTTP/1.1" 304 -
190.66.251.206 - - [05/May/2023:00:08:49 -0500] "GET /sipse/faces/javax.faces.resource/fileupload/fileupload.css?ln=primefaces&v=4.0 HTTP/1.1" 304 -
190.66.251.206 - - [05/May/2023:00:08:49 -0500] "GET /sipse/faces/javax.faces.resource/jquery/jquery-plugins.js?ln=primefaces&v=4.0 HTTP/1.1" 304 -
190.66.251.206 - - [05/May/2023:00:08:49 -0500] "GET /sipse/faces/javax.faces.resource/jquery/jquery.js?ln=primefaces&v=4.0 HTTP/1.1" 304 -
190.66.251.206 - - [05/May/2023:00:08:49 -0500] "GET /sipse/faces/javax.faces.resource/primefaces.js?ln=primefaces&v=4.0 HTTP/1.1" 304 -
190.66.251.206 - - [05/May/2023:00:08:49 -0500] "GET /sipse/faces/javax.faces.resource/layout/layout.js?ln=primefaces&v=4.0 HTTP/1.1" 304 -
190.66.251.206 - - [05/May/2023:00:08:49 -0500] "GET /sipse/faces/javax.faces.resource/fileupload/fileupload.js?ln=primefaces&v=4.0 HTTP/1.1" 304 -
190.66.251.206 - - [05/May/2023:00:09:04 -0500] "GET /sipse/faces/javax.faces.resource/primefaces.css?ln=primefaces&v=4.0 HTTP/1.1" 304 -
190.66.251.206 - - [05/May/2023:00:09:04 -0500] "GET /sipse/faces/javax.faces.resource/theme.css?ln=primefaces-sipse HTTP/1.1" 304 -
190.66.251.206 - - [05/May/2023:00:09:04 -0500] "GET /sipse/faces/javax.faces.resource/layout/layout.css?ln=primefaces&v=4.0 HTTP/1.1" 304 -
190.66.251.206 - - [05/May/2023:00:09:04 -0500] "GET /sipse/faces/javax.faces.resource/jquery/jquery.js?ln=primefaces&v=4.0 HTTP/1.1" 304 -
190.66.251.206 - - [05/May/2023:00:09:04 -0500] "GET /sipse/faces/javax.faces.resource/jquery/jquery-plugins.js?ln=primefaces&v=4.0 HTTP/1.1" 304 -
190.66.251.206 - - [05/May/2023:00:09:04 -0500] "GET /sipse/faces/javax.faces.resource/primefaces.js?ln=primefaces&v=4.0 HTTP/1.1" 304 -
190.66.251.206 - - [05/May/2023:00:09:04 -0500] "GET /sipse/faces/javax.faces.resource/layout/layout.js?ln=primefaces&v=4.0 HTTP/1.1" 304 -
190.66.251.206 - - [05/May/2023:00:09:03 -0500] "POST /sipse/faces/presentacion/sistema/anexos/cargarAnexoSolicitudProceso.xhtml HTTP/1.1" 200 191764
190.66.251.206 - - [05/May/2023:00:09:07 -0500] "GET /sipse/faces/javax.faces.resource/dynamiccontent.properties?ln=primefaces&pfdrid=XjOR5%2F%2FfPAZAuY9TpWQeCiM0BhlXxYRBGKi%2FQcXXfeA%3D&pfdrid_c=false HTTP/1.1" 500 383
201.245.192.253 - - [05/May/2023:00:09:27 -0500] "POST /kwsrmcab/Wsrmcab  HTTP/1.1" 200 213
190.66.251.206 - - [05/May/2023:00:10:19 -0500] "POST /sipse/faces/presentacion/financiero/solicitudProceso/consultarSolicitudProceso.xhtml HTTP/1.1" 200 19990
190.66.251.206 - - [05/May/2023:00:10:19 -0500] "GET /sipse/faces/javax.faces.resource/theme.css?ln=primefaces-sipse HTTP/1.1" 304 -
190.66.251.206 - - [05/May/2023:00:10:19 -0500] "GET /sipse/faces/javax.faces.resource/primefaces.css?ln=primefaces&v=4.0 HTTP/1.1" 304 -
190.66.251.206 - - [05/May/2023:00:10:19 -0500] "GET /sipse/faces/javax.faces.resource/layout/layout.css?ln=primefaces&v=4.0 HTTP/1.1" 304 -
190.66.251.206 - - [05/May/2023:00:10:19 -0500] "GET /sipse/faces/javax.faces.resource/fileupload/fileupload.css?ln=primefaces&v=4.0 HTTP/1.1" 304 -
190.66.251.206 - - [05/May/2023:00:10:19 -0500] "GET /sipse/faces/javax.faces.resource/jquery/jquery-plugins.js?ln=primefaces&v=4.0 HTTP/1.1" 304 -
190.66.251.206 - - [05/May/2023:00:10:19 -0500] "GET /sipse/faces/javax.faces.resource/jquery/jquery.js?ln=primefaces&v=4.0 HTTP/1.1" 304 -
190.66.251.206 - - [05/May/2023:00:10:19 -0500] "GET /sipse/faces/javax.faces.resource/primefaces.js?ln=primefaces&v=4.0 HTTP/1.1" 304 -
190.66.251.206 - - [05/May/2023:00:10:19 -0500] "GET /sipse/faces/javax.faces.resource/layout/layout.js?ln=primefaces&v=4.0 HTTP/1.1" 304 -
190.66.251.206 - - [05/May/2023:00:10:19 -0500] "GET /sipse/faces/javax.faces.resource/fileupload/fileupload.js?ln=primefaces&v=4.0 HTTP/1.1" 304 -
190.66.251.206 - - [05/May/2023:00:10:29 -0500] "GET /sipse/faces/javax.faces.resource/theme.css?ln=primefaces-sipse HTTP/1.1" 304 -
190.66.251.206 - - [05/May/2023:00:10:29 -0500] "GET /sipse/faces/javax.faces.resource/primefaces.css?ln=primefaces&v=4.0 HTTP/1.1" 304 -
190.66.251.206 - - [05/May/2023:00:10:29 -0500] "GET /sipse/faces/javax.faces.resource/layout/layout.css?ln=primefaces&v=4.0 HTTP/1.1" 304 -
190.66.251.206 - - [05/May/2023:00:10:29 -0500] "GET /sipse/faces/javax.faces.resource/jquery/jquery.js?ln=primefaces&v=4.0 HTTP/1.1" 304 -
190.66.251.206 - - [05/May/2023:00:10:29 -0500] "GET /sipse/faces/javax.faces.resource/jquery/jquery-plugins.js?ln=primefaces&v=4.0 HTTP/1.1" 304 -
190.66.251.206 - - [05/May/2023:00:10:29 -0500] "GET /sipse/faces/javax.faces.resource/primefaces.js?ln=primefaces&v=4.0 HTTP/1.1" 304 -
190.66.251.206 - - [05/May/2023:00:10:28 -0500] "POST /sipse/faces/presentacion/sistema/anexos/cargarAnexoSolicitudProceso.xhtml HTTP/1.1" 200 194127
190.66.251.206 - - [05/May/2023:00:10:29 -0500] "GET /sipse/faces/javax.faces.resource/layout/layout.js?ln=primefaces&v=4.0 HTTP/1.1" 304 -
190.66.251.206 - - [05/May/2023:00:10:30 -0500] "GET /sipse/faces/javax.faces.resource/dynamiccontent.properties?ln=primefaces&pfdrid=XjOR5%2F%2FfPAZAuY9TpWQeCiM0BhlXxYRBGKi%2FQcXXfeA%3D&pfdrid_c=false HTTP/1.1" 500 383
190.66.251.206 - - [05/May/2023:00:10:36 -0500] "POST /sipse/faces/presentacion/financiero/solicitudProceso/consultarSolicitudProceso.xhtml HTTP/1.1" 200 19990
190.66.251.206 - - [05/May/2023:00:10:36 -0500] "GET /sipse/faces/javax.faces.resource/theme.css?ln=primefaces-sipse HTTP/1.1" 304 -
190.66.251.206 - - [05/May/2023:00:10:36 -0500] "GET /sipse/faces/javax.faces.resource/primefaces.css?ln=primefaces&v=4.0 HTTP/1.1" 304 -
190.66.251.206 - - [05/May/2023:00:10:36 -0500] "GET /sipse/faces/javax.faces.resource/layout/layout.css?ln=primefaces&v=4.0 HTTP/1.1" 304 -
190.66.251.206 - - [05/May/2023:00:10:36 -0500] "GET /sipse/faces/javax.faces.resource/jquery/jquery.js?ln=primefaces&v=4.0 HTTP/1.1" 304 -
190.66.251.206 - - [05/May/2023:00:10:36 -0500] "GET /sipse/faces/javax.faces.resource/jquery/jquery-plugins.js?ln=primefaces&v=4.0 HTTP/1.1" 304 -
190.66.251.206 - - [05/May/2023:00:10:36 -0500] "GET /sipse/faces/javax.faces.resource/fileupload/fileupload.css?ln=primefaces&v=4.0 HTTP/1.1" 304 -
190.66.251.206 - - [05/May/2023:00:10:36 -0500] "GET /sipse/faces/javax.faces.resource/primefaces.js?ln=primefaces&v=4.0 HTTP/1.1" 304 -
190.66.251.206 - - [05/May/2023:00:10:36 -0500] "GET /sipse/faces/javax.faces.resource/fileupload/fileupload.js?ln=primefaces&v=4.0 HTTP/1.1" 304 -
190.66.251.206 - - [05/May/2023:00:10:36 -0500] "GET /sipse/faces/javax.faces.resource/layout/layout.js?ln=primefaces&v=4.0 HTTP/1.1" 304 -
190.66.251.206 - - [05/May/2023:00:10:51 -0500] "GET /sipse/faces/javax.faces.resource/theme.css?ln=primefaces-sipse HTTP/1.1" 304 -
190.66.251.206 - - [05/May/2023:00:10:51 -0500] "GET /sipse/faces/javax.faces.resource/primefaces.css?ln=primefaces&v=4.0 HTTP/1.1" 304 -
190.66.251.206 - - [05/May/2023:00:10:51 -0500] "GET /sipse/faces/javax.faces.resource/layout/layout.css?ln=primefaces&v=4.0 HTTP/1.1" 304 -
190.66.251.206 - - [05/May/2023:00:10:51 -0500] "GET /sipse/faces/javax.faces.resource/jquery/jquery-plugins.js?ln=primefaces&v=4.0 HTTP/1.1" 304 -
190.66.251.206 - - [05/May/2023:00:10:51 -0500] "GET /sipse/faces/javax.faces.resource/jquery/jquery.js?ln=primefaces&v=4.0 HTTP/1.1" 304 -
190.66.251.206 - - [05/May/2023:00:10:51 -0500] "GET /sipse/faces/javax.faces.resource/primefaces.js?ln=primefaces&v=4.0 HTTP/1.1" 304 -
190.66.251.206 - - [05/May/2023:00:10:50 -0500] "POST /sipse/faces/presentacion/sistema/anexos/cargarAnexoSolicitudProceso.xhtml HTTP/1.1" 200 196507
190.66.251.206 - - [05/May/2023:00:10:51 -0500] "GET /sipse/faces/javax.faces.resource/layout/layout.js?ln=primefaces&v=4.0 HTTP/1.1" 304 -
190.66.251.206 - - [05/May/2023:00:10:52 -0500] "GET /sipse/faces/javax.faces.resource/dynamiccontent.properties?ln=primefaces&pfdrid=XjOR5%2F%2FfPAZAuY9TpWQeCiM0BhlXxYRBGKi%2FQcXXfeA%3D&pfdrid_c=false HTTP/1.1" 500 383
190.66.251.206 - - [05/May/2023:00:10:57 -0500] "POST /sipse/faces/presentacion/financiero/solicitudProceso/consultarSolicitudProceso.xhtml HTTP/1.1" 200 19990
190.66.251.206 - - [05/May/2023:00:10:57 -0500] "GET /sipse/faces/javax.faces.resource/theme.css?ln=primefaces-sipse HTTP/1.1" 304 -
190.66.251.206 - - [05/May/2023:00:10:57 -0500] "GET /sipse/faces/javax.faces.resource/primefaces.css?ln=primefaces&v=4.0 HTTP/1.1" 304 -
190.66.251.206 - - [05/May/2023:00:10:57 -0500] "GET /sipse/faces/javax.faces.resource/jquery/jquery.js?ln=primefaces&v=4.0 HTTP/1.1" 304 -
190.66.251.206 - - [05/May/2023:00:10:57 -0500] "GET /sipse/faces/javax.faces.resource/layout/layout.css?ln=primefaces&v=4.0 HTTP/1.1" 304 -
190.66.251.206 - - [05/May/2023:00:10:57 -0500] "GET /sipse/faces/javax.faces.resource/jquery/jquery-plugins.js?ln=primefaces&v=4.0 HTTP/1.1" 304 -
190.66.251.206 - - [05/May/2023:00:10:57 -0500] "GET /sipse/faces/javax.faces.resource/fileupload/fileupload.css?ln=primefaces&v=4.0 HTTP/1.1" 304 -
190.66.251.206 - - [05/May/2023:00:10:57 -0500] "GET /sipse/faces/javax.faces.resource/primefaces.js?ln=primefaces&v=4.0 HTTP/1.1" 304 -
190.66.251.206 - - [05/May/2023:00:10:57 -0500] "GET /sipse/faces/javax.faces.resource/layout/layout.js?ln=primefaces&v=4.0 HTTP/1.1" 304 -
190.66.251.206 - - [05/May/2023:00:10:57 -0500] "GET /sipse/faces/javax.faces.resource/fileupload/fileupload.js?ln=primefaces&v=4.0 HTTP/1.1" 304 -
190.66.251.206 - - [05/May/2023:00:11:07 -0500] "GET /sipse/faces/javax.faces.resource/theme.css?ln=primefaces-sipse HTTP/1.1" 304 -
190.66.251.206 - - [05/May/2023:00:11:07 -0500] "GET /sipse/faces/javax.faces.resource/layout/layout.css?ln=primefaces&v=4.0 HTTP/1.1" 304 -
190.66.251.206 - - [05/May/2023:00:11:07 -0500] "GET /sipse/faces/javax.faces.resource/jquery/jquery.js?ln=primefaces&v=4.0 HTTP/1.1" 304 -
190.66.251.206 - - [05/May/2023:00:11:07 -0500] "GET /sipse/faces/javax.faces.resource/primefaces.css?ln=primefaces&v=4.0 HTTP/1.1" 304 -
190.66.251.206 - - [05/May/2023:00:11:07 -0500] "GET /sipse/faces/javax.faces.resource/jquery/jquery-plugins.js?ln=primefaces&v=4.0 HTTP/1.1" 304 -
190.66.251.206 - - [05/May/2023:00:11:07 -0500] "GET /sipse/faces/javax.faces.resource/primefaces.js?ln=primefaces&v=4.0 HTTP/1.1" 304 -
190.66.251.206 - - [05/May/2023:00:11:07 -0500] "GET /sipse/faces/javax.faces.resource/layout/layout.js?ln=primefaces&v=4.0 HTTP/1.1" 304 -
190.66.251.206 - - [05/May/2023:00:11:06 -0500] "POST /sipse/faces/presentacion/sistema/anexos/cargarAnexoSolicitudProceso.xhtml HTTP/1.1" 200 198907
17.241.219.36 - - [05/May/2023:00:11:07 -0500] "-" 408 -
190.66.251.206 - - [05/May/2023:00:11:09 -0500] "GET /sipse/faces/javax.faces.resource/dynamiccontent.properties?ln=primefaces&pfdrid=XjOR5%2F%2FfPAZAuY9TpWQeCiM0BhlXxYRBGKi%2FQcXXfeA%3D&pfdrid_c=false HTTP/1.1" 500 383
190.66.251.206 - - [05/May/2023:00:11:21 -0500] "GET /sipse/faces/javax.faces.resource/theme.css?ln=primefaces-sipse HTTP/1.1" 304 -
190.66.251.206 - - [05/May/2023:00:11:21 -0500] "GET /sipse/faces/javax.faces.resource/jquery/jquery.js?ln=primefaces&v=4.0 HTTP/1.1" 304 -
190.66.251.206 - - [05/May/2023:00:11:21 -0500] "GET /sipse/faces/javax.faces.resource/primefaces.css?ln=primefaces&v=4.0 HTTP/1.1" 304 -
190.66.251.206 - - [05/May/2023:00:11:21 -0500] "GET /sipse/faces/javax.faces.resource/layout/layout.css?ln=primefaces&v=4.0 HTTP/1.1" 304 -
190.66.251.206 - - [05/May/2023:00:11:21 -0500] "GET /sipse/faces/javax.faces.resource/jquery/jquery-plugins.js?ln=primefaces&v=4.0 HTTP/1.1" 304 -
190.66.251.206 - - [05/May/2023:00:11:20 -0500] "POST /sipse/faces/presentacion/financiero/solicitudProceso/consultarSolicitudProceso.xhtml HTTP/1.1" 200 199503
190.66.251.206 - - [05/May/2023:00:11:21 -0500] "GET /sipse/faces/javax.faces.resource/primefaces.js?ln=primefaces&v=4.0 HTTP/1.1" 304 -
190.66.251.206 - - [05/May/2023:00:11:21 -0500] "GET /sipse/faces/javax.faces.resource/layout/layout.js?ln=primefaces&v=4.0 HTTP/1.1" 304 -
216.245.221.92 - - [05/May/2023:00:11:22 -0500] "HEAD / HTTP/1.1" 200 -
190.66.251.206 - - [05/May/2023:00:11:23 -0500] "GET /sipse/faces/javax.faces.resource/dynamiccontent.properties?ln=primefaces&pfdrid=XjOR5%2F%2FfPAZAuY9TpWQeCiM0BhlXxYRBGKi%2FQcXXfeA%3D&pfdrid_c=false HTTP/1.1" 500 383
64.125.238.74 - - [05/May/2023:00:11:24 -0500] "GET /galeria/galeria/fotos/2GuaymaralTorcaG2.jpg HTTP/1.1" 200 28916
162.55.175.143 - - [05/May/2023:00:11:38 -0500] "GET / HTTP/1.1" 200 319
172.22.2.4 - - [05/May/2023:00:10:06 -0500] "HEAD /BLA/boletinlegal/ HTTP/1.1" 200 -
190.66.251.206 - - [05/May/2023:00:11:51 -0500] "POST /sipse/faces/presentacion/financiero/solicitudProceso/consultarSolicitudProceso.xhtml HTTP/1.1" 200 35595
190.66.251.206 - - [05/May/2023:00:11:54 -0500] "GET /sipse/faces/javax.faces.resource/theme.css?ln=primefaces-sipse HTTP/1.1" 304 -
190.66.251.206 - - [05/May/2023:00:11:54 -0500] "GET /sipse/faces/javax.faces.resource/primefaces.css?ln=primefaces&v=4.0 HTTP/1.1" 304 -
190.66.251.206 - - [05/May/2023:00:11:54 -0500] "GET /sipse/faces/javax.faces.resource/layout/layout.css?ln=primefaces&v=4.0 HTTP/1.1" 304 -
190.66.251.206 - - [05/May/2023:00:11:55 -0500] "GET /sipse/faces/javax.faces.resource/jquery/jquery.js?ln=primefaces&v=4.0 HTTP/1.1" 304 -
190.66.251.206 - - [05/May/2023:00:11:55 -0500] "GET /sipse/faces/javax.faces.resource/jquery/jquery-plugins.js?ln=primefaces&v=4.0 HTTP/1.1" 304 -
190.66.251.206 - - [05/May/2023:00:11:55 -0500] "GET /sipse/faces/javax.faces.resource/primefaces.js?ln=primefaces&v=4.0 HTTP/1.1" 304 -
190.66.251.206 - - [05/May/2023:00:11:56 -0500] "GET /sipse/faces/javax.faces.resource/layout/layout.js?ln=primefaces&v=4.0 HTTP/1.1" 304 -
190.66.251.206 - - [05/May/2023:00:11:56 -0500] "POST /sipse/faces/presentacion/financiero/solicitudProceso/listarSolicitudProceso.xhtml HTTP/1.1" 200 1392
172.22.2.4 - - [05/May/2023:00:10:56 -0500] "GET /BLA/boletinlegal/ HTTP/1.1" 200 52730
71.6.134.230 - - [05/May/2023:00:13:46 -0500] "GET / HTTP/1.1" 200 319
201.245.192.253 - - [05/May/2023:00:14:26 -0500] "POST /kwsrmcab/Wsrmcab  HTTP/1.1" 200 213
71.6.134.230 - - [05/May/2023:00:15:44 -0500] "\x16\x03\x01" 400 226
216.245.221.92 - - [05/May/2023:00:16:22 -0500] "HEAD / HTTP/1.1" 200 -
172.22.2.4 - - [05/May/2023:00:15:56 -0500] "HEAD /BLA/boletinlegal/ HTTP/1.1" 200 -
172.22.2.4 - - [05/May/2023:00:16:46 -0500] "GET /BLA/boletinlegal/ HTTP/1.1" 200 57561
201.245.192.253 - - [05/May/2023:00:19:25 -0500] "POST /kwsrmcab/Wsrmcab  HTTP/1.1" 200 213
201.245.192.253 - - [05/May/2023:00:19:54 -0500] "POST /kwsrmcab/Wsrmcab HTTP/1.1" 200 42376
201.245.192.253 - - [05/May/2023:00:19:59 -0500] "POST /kwsrmcab/Wsrmcab HTTP/1.1" 200 43151
31.13.127.7 - - [05/May/2023:00:20:19 -0500] "GET /images/empresas-alertas_optimized.jpeg HTTP/1.1" 200 142365
31.13.127.7 - - [05/May/2023:00:20:19 -0500] "GET /images/idpyba-4-marzo-1_optimized.jpeg HTTP/1.1" 200 115318
200.118.80.29 - - [05/May/2023:00:21:06 -0500] "GET /galeria/galeria/jquery.fancybox.css?v=2.1.5 HTTP/1.1" 200 4895
200.118.80.29 - - [05/May/2023:00:21:06 -0500] "GET /BLA/boletinlegal/js/jquery.scrollShow.js HTTP/1.1" 200 4586
200.118.80.29 - - [05/May/2023:00:21:06 -0500] "GET /galeria/galeria/jquery.fancybox.js?v=2.1.5 HTTP/1.1" 200 48706
216.245.221.92 - - [05/May/2023:00:21:22 -0500] "HEAD / HTTP/1.1" 200 -
66.249.73.76 - - [05/May/2023:00:22:38 -0500] "-" 408 -
40.77.167.86 - - [05/May/2023:00:23:21 -0500] "GET /bla/resoluciones/resoluciones%202022/4354.pdf HTTP/1.1" 200 586758
172.22.2.4 - - [05/May/2023:00:21:46 -0500] "HEAD /BLA/boletinlegal/ HTTP/1.1" 200 -
172.22.2.4 - - [05/May/2023:00:22:36 -0500] "GET /BLA/boletinlegal/ HTTP/1.1" 200 57151
201.245.192.253 - - [05/May/2023:00:24:24 -0500] "POST /kwsrmcab/Wsrmcab  HTTP/1.1" 200 213
40.77.167.84 - - [05/May/2023:00:24:38 -0500] "GET /portaldeninos/wp-content/uploads/2020/01/Tierra-escenario.jpg HTTP/1.1" 200 181491
172.22.2.4 - - [05/May/2023:00:25:32 -0500] "GET /BLA/boletinlegal/actos.php HTTP/1.1" 200 9682
172.22.2.4 - - [05/May/2023:00:25:32 -0500] "GET /BLA/boletinlegal/favicon.ico HTTP/1.1" 404 1326
172.22.2.4 - - [05/May/2023:00:25:54 -0500] "GET /BLA/boletinlegal/consulta_actos.php?tipo=resoluciones&no=0653&usuario=&sector=&fecha=2023&resuelve= HTTP/1.1" 200 1360
216.245.221.92 - - [05/May/2023:00:26:22 -0500] "HEAD / HTTP/1.1" 200 -
172.22.2.4 - - [05/May/2023:00:27:36 -0500] "HEAD /BLA/boletinlegal/ HTTP/1.1" 200 -
201.245.192.253 - - [05/May/2023:00:29:23 -0500] "POST /kwsrmcab/Wsrmcab  HTTP/1.1" 200 213
66.249.73.72 - - [05/May/2023:00:29:42 -0500] "-" 408 -
201.245.192.253 - - [05/May/2023:00:29:54 -0500] "POST /kwsrmcab/Wsrmcab HTTP/1.1" 200 42376
201.245.192.253 - - [05/May/2023:00:29:57 -0500] "POST /kwsrmcab/Wsrmcab HTTP/1.1" 200 43151
172.22.2.4 - - [05/May/2023:00:28:26 -0500] "GET /BLA/boletinlegal/ HTTP/1.1" 200 57561
216.245.221.92 - - [05/May/2023:00:31:22 -0500] "HEAD / HTTP/1.1" 200 -
201.245.192.253 - - [05/May/2023:00:34:22 -0500] "POST /kwsrmcab/Wsrmcab  HTTP/1.1" 200 213
152.61.192.232 - - [05/May/2023:00:34:32 -0500] "GET / HTTP/1.1" 200 319
172.22.2.4 - - [05/May/2023:00:33:26 -0500] "HEAD /BLA/boletinlegal/ HTTP/1.1" 200 -
172.22.2.4 - - [05/May/2023:00:34:16 -0500] "GET /BLA/boletinlegal/ HTTP/1.1" 200 59306
216.245.221.92 - - [05/May/2023:00:36:22 -0500] "HEAD / HTTP/1.1" 200 -
193.118.53.194 - - [05/May/2023:00:38:36 -0500] "GET /portaldeninos/ HTTP/1.1" 200 110197
201.245.192.253 - - [05/May/2023:00:39:21 -0500] "POST /kwsrmcab/Wsrmcab  HTTP/1.1" 200 213
201.245.192.253 - - [05/May/2023:00:39:54 -0500] "POST /kwsrmcab/Wsrmcab HTTP/1.1" 200 42376
201.245.192.253 - - [05/May/2023:00:39:57 -0500] "POST /kwsrmcab/Wsrmcab HTTP/1.1" 200 43151
172.22.2.4 - - [05/May/2023:00:39:16 -0500] "HEAD /BLA/boletinlegal/ HTTP/1.1" 200 -
216.245.221.92 - - [05/May/2023:00:41:22 -0500] "HEAD / HTTP/1.1" 200 -
172.22.2.4 - - [05/May/2023:00:40:06 -0500] "GET /BLA/boletinlegal/ HTTP/1.1" 200 57561
162.55.175.144 - - [05/May/2023:00:42:03 -0500] "GET / HTTP/1.1" 200 319
69.171.249.24 - - [05/May/2023:00:42:46 -0500] "GET /images/Adopcion-gatos-y-perros-en-bogota-abril-23.jpeg HTTP/1.1" 200 68661
69.171.249.6 - - [05/May/2023:00:42:49 -0500] "GET /images/incautan-animales-semana-santa-2023.jpeg HTTP/1.1" 200 36611
69.171.249.17 - - [05/May/2023:00:42:49 -0500] "GET /images/WhatsApp%20Image%202023-04-05%20at%2013.54.41.jpeg HTTP/1.1" 200 210747
69.171.249.6 - - [05/May/2023:00:42:50 -0500] "GET /images/Fauna-silvestre-jornada-sensibilizacion-semana-santa.jpeg HTTP/1.1" 200 50019
69.171.249.8 - - [05/May/2023:00:42:50 -0500] "GET /images/mejora-la-calidad-del-aire-en-bogota-5-abril.jpeg HTTP/1.1" 200 44341
152.61.128.50 - - [05/May/2023:00:43:51 -0500] "GET / HTTP/1.1" 200 319
201.245.192.253 - - [05/May/2023:00:44:21 -0500] "POST /kwsrmcab/Wsrmcab  HTTP/1.1" 200 213
216.245.221.92 - - [05/May/2023:00:46:22 -0500] "HEAD / HTTP/1.1" 200 -
172.22.2.4 - - [05/May/2023:00:45:06 -0500] "HEAD /BLA/boletinlegal/ HTTP/1.1" 200 -
172.22.2.4 - - [05/May/2023:00:45:56 -0500] "GET /BLA/boletinlegal/ HTTP/1.1" 200 53924
172.22.2.4 - - [05/May/2023:00:46:17 -0500] "GET /BLA/boletinlegal/ HTTP/1.1" 200 55571
173.252.107.118 - - [05/May/2023:00:49:20 -0500] "GET /mirla-un-ave-que-recorre-y-habita-diferentes-ecosistemas-de-bogota.html HTTP/1.1" 206 728
201.245.192.253 - - [05/May/2023:00:49:20 -0500] "POST /kwsrmcab/Wsrmcab  HTTP/1.1" 200 213
216.245.221.92 - - [05/May/2023:00:51:22 -0500] "HEAD / HTTP/1.1" 200 -
172.22.2.4 - - [05/May/2023:00:50:56 -0500] "HEAD /BLA/boletinlegal/ HTTP/1.1" 200 -
172.22.2.4 - - [05/May/2023:00:51:46 -0500] "GET /BLA/boletinlegal/ HTTP/1.1" 200 58663
201.245.192.253 - - [05/May/2023:00:54:16 -0500] "POST /kwsrmcab/Wsrmcab  HTTP/1.1" 200 213
34.173.179.104 - - [05/May/2023:00:55:38 -0500] "GET /galeria/galeria/fotos/juan-amarillo1P.jpg HTTP/1.1" 200 30845
216.245.221.92 - - [05/May/2023:00:56:21 -0500] "HEAD / HTTP/1.1" 200 -
66.249.73.74 - - [05/May/2023:00:56:56 -0500] "-" 408 -
172.22.2.4 - - [05/May/2023:00:56:46 -0500] "HEAD /BLA/boletinlegal/ HTTP/1.1" 200 -
201.245.192.253 - - [05/May/2023:00:59:13 -0500] "POST /kwsrmcab/Wsrmcab  HTTP/1.1" 200 213
172.22.2.4 - - [05/May/2023:00:57:36 -0500] "GET /BLA/boletinlegal/ HTTP/1.1" 200 57561
64.124.8.29 - - [05/May/2023:00:59:54 -0500] "GET /portaldeninos/wp-content/uploads/2021/07/Banners-pa%CC%81gina-de-nin%CC%83os-humedales-de-Bogota%CC%81-1024x50.jpg HTTP/1.1" 200 9699
64.124.8.29 - - [05/May/2023:00:59:54 -0500] "GET /portaldeninos/wp-content/uploads/2020/11/Santa-Mar%C3%ADa-B-1024x576.jpg HTTP/1.1" 200 146269
64.124.8.29 - - [05/May/2023:01:00:01 -0500] "GET /portaldeninos/wp-content/uploads/2019/09/Caucho-sabanero-%C3%A1rboles.jpg HTTP/1.1" 200 344651
186.102.6.228 - - [05/May/2023:01:00:54 -0500] "-" 408 -
216.245.221.92 - - [05/May/2023:01:01:21 -0500] "HEAD / HTTP/1.1" 200 -
40.77.167.86 - - [05/May/2023:01:01:54 -0500] "GET /BLA/resoluciones/AUTOS%202019/4567.pdf HTTP/1.1" 200 702662
66.249.73.72 - - [05/May/2023:01:02:35 -0500] "-" 408 -
201.245.192.253 - - [05/May/2023:01:04:11 -0500] "POST /kwsrmcab/Wsrmcab  HTTP/1.1" 200 213
172.22.2.4 - - [05/May/2023:01:02:36 -0500] "HEAD /BLA/boletinlegal/ HTTP/1.1" 200 -
172.22.2.4 - - [05/May/2023:01:03:26 -0500] "GET /BLA/boletinlegal/ HTTP/1.1" 200 59306
216.245.221.92 - - [05/May/2023:01:06:21 -0500] "HEAD / HTTP/1.1" 200 -
66.249.73.72 - - [05/May/2023:01:08:33 -0500] "-" 408 -
152.61.192.232 - - [05/May/2023:01:08:44 -0500] "GET /arcgis/services/Calidad_del_Agua_WQI/MapServer/WMSServer?request=GetCapabilities&service=WMS HTTP/1.1" 503 1020
152.61.192.232 - - [05/May/2023:01:08:45 -0500] "GET /arcgis/services/Calidad_del_Agua_WQI/MapServer/WMSServer?SERVICE=WMS&REQUEST=GetCapabilities HTTP/1.1" 503 1020
152.61.192.232 - - [05/May/2023:01:08:46 -0500] "GET /arcgis/services/Calidad_del_Agua_WQI/MapServer/WMSServer?WMTVER=1.0.0&REQUEST=capabilities HTTP/1.1" 503 1020
201.245.192.253 - - [05/May/2023:01:09:09 -0500] "POST /kwsrmcab/Wsrmcab  HTTP/1.1" 200 213
172.22.2.4 - - [05/May/2023:01:08:26 -0500] "HEAD /BLA/boletinlegal/ HTTP/1.1" 200 -
172.22.2.4 - - [05/May/2023:01:09:16 -0500] "GET /BLA/boletinlegal/ HTTP/1.1" 200 58307
216.245.221.92 - - [05/May/2023:01:11:21 -0500] "HEAD / HTTP/1.1" 200 -
34.171.179.195 - - [05/May/2023:01:11:38 -0500] "GET /galeria/galeria/fotos/Humedal-vaca6P.jpg HTTP/1.1" 200 11678
201.245.192.253 - - [05/May/2023:01:14:07 -0500] "POST /kwsrmcab/Wsrmcab  HTTP/1.1" 200 213
172.22.2.4 - - [05/May/2023:01:14:16 -0500] "HEAD /BLA/boletinlegal/ HTTP/1.1" 200 -
186.84.90.156 - - [05/May/2023:01:15:58 -0500] "GET /BLA/resoluciones/index.php?dir= HTTP/1.1" 200 13502
186.84.90.156 - - [05/May/2023:01:16:02 -0500] "GET /BLA/resoluciones/index.php?dir=AUTOS+2018%2F HTTP/1.1" 200 457306
216.245.221.92 - - [05/May/2023:01:16:21 -0500] "HEAD / HTTP/1.1" 200 -
186.84.90.156 - - [05/May/2023:01:16:24 -0500] "GET /BLA/resoluciones/index.php?dir=AUTOS+2018%2F HTTP/1.1" 200 457306
172.22.2.4 - - [05/May/2023:01:15:06 -0500] "GET /BLA/boletinlegal/ HTTP/1.1" 200 58663
201.245.192.253 - - [05/May/2023:01:19:06 -0500] "POST /kwsrmcab/Wsrmcab  HTTP/1.1" 200 213
201.245.192.253 - - [05/May/2023:01:19:54 -0500] "POST /kwsrmcab/Wsrmcab HTTP/1.1" 200 42353
201.245.192.253 - - [05/May/2023:01:19:57 -0500] "POST /kwsrmcab/Wsrmcab HTTP/1.1" 200 43009
216.245.221.92 - - [05/May/2023:01:21:21 -0500] "HEAD / HTTP/1.1" 200 -
172.22.2.4 - - [05/May/2023:01:20:06 -0500] "HEAD /BLA/boletinlegal/ HTTP/1.1" 200 -
172.22.2.4 - - [05/May/2023:01:20:56 -0500] "GET /BLA/boletinlegal/ HTTP/1.1" 200 52326
211.205.155.42 - - [05/May/2023:01:23:09 -0500] "HEAD / HTTP/1.1" 200 -
211.205.155.42 - - [05/May/2023:01:23:10 -0500] "GET /wp-login.php HTTP/1.1" 404 1196
211.205.155.42 - - [05/May/2023:01:23:11 -0500] "GET /wordpress/wp-login.php HTTP/1.1" 404 1196
211.205.155.42 - - [05/May/2023:01:23:12 -0500] "GET /blog/wp-login.php HTTP/1.1" 404 1196
211.205.155.42 - - [05/May/2023:01:23:12 -0500] "GET /wp/wp-login.php HTTP/1.1" 404 1196
201.245.192.253 - - [05/May/2023:01:24:04 -0500] "POST /kwsrmcab/Wsrmcab  HTTP/1.1" 200 213
216.245.221.92 - - [05/May/2023:01:26:21 -0500] "HEAD / HTTP/1.1" 200 -
40.77.167.94 - - [05/May/2023:01:26:57 -0500] "GET /sipse/faces/faces/autenticacion.xhtml HTTP/1.1" 200 12499
172.22.2.4 - - [05/May/2023:01:25:56 -0500] "HEAD /BLA/boletinlegal/ HTTP/1.1" 200 -
172.22.2.4 - - [05/May/2023:01:26:46 -0500] "GET /BLA/boletinlegal/ HTTP/1.1" 200 56287
201.245.192.253 - - [05/May/2023:01:29:04 -0500] "POST /kwsrmcab/Wsrmcab  HTTP/1.1" 200 213
201.245.192.253 - - [05/May/2023:01:29:54 -0500] "POST /kwsrmcab/Wsrmcab HTTP/1.1" 200 42353
201.245.192.253 - - [05/May/2023:01:29:57 -0500] "POST /kwsrmcab/Wsrmcab HTTP/1.1" 200 43009
152.61.128.50 - - [05/May/2023:01:30:46 -0500] "GET /arcgis/services/Calidad_del_Agua_WQI/MapServer/WMSServer?request=GetCapabilities&service=WMS HTTP/1.1" 503 1020
152.61.128.50 - - [05/May/2023:01:30:47 -0500] "GET /arcgis/services/Calidad_del_Agua_WQI/MapServer/WMSServer?SERVICE=WMS&REQUEST=GetCapabilities HTTP/1.1" 503 1020
152.61.128.50 - - [05/May/2023:01:30:47 -0500] "GET /arcgis/services/Calidad_del_Agua_WQI/MapServer/WMSServer?WMTVER=1.0.0&REQUEST=capabilities HTTP/1.1" 503 1020
216.245.221.92 - - [05/May/2023:01:31:21 -0500] "HEAD / HTTP/1.1" 200 -
172.22.2.4 - - [05/May/2023:01:31:46 -0500] "HEAD /BLA/boletinlegal/ HTTP/1.1" 200 -
40.77.167.207 - - [05/May/2023:01:33:36 -0500] "GET /BLA/resoluciones/AUTOS%202014/6903.pdf HTTP/1.1" 200 2472023
167.94.138.50 - - [05/May/2023:01:33:40 -0500] "GET / HTTP/1.1" 200 319
167.94.138.50 - - [05/May/2023:01:33:40 -0500] "GET / HTTP/1.1" 200 319
167.94.138.50 - - [05/May/2023:01:33:40 -0500] "PRI * HTTP/2.0" 400 946
167.94.138.50 - - [05/May/2023:01:33:40 -0500] "GET /favicon.ico HTTP/1.1" 200 7782
201.245.192.253 - - [05/May/2023:01:34:04 -0500] "POST /kwsrmcab/Wsrmcab  HTTP/1.1" 200 213
172.22.2.4 - - [05/May/2023:01:32:36 -0500] "GET /BLA/boletinlegal/ HTTP/1.1" 200 57561
66.249.73.72 - - [05/May/2023:01:34:43 -0500] "-" 408 -
216.245.221.92 - - [05/May/2023:01:36:21 -0500] "HEAD / HTTP/1.1" 200 -
201.245.192.253 - - [05/May/2023:01:39:03 -0500] "POST /kwsrmcab/Wsrmcab  HTTP/1.1" 200 213
172.22.2.4 - - [05/May/2023:01:37:36 -0500] "HEAD /BLA/boletinlegal/ HTTP/1.1" 200 -
201.245.192.253 - - [05/May/2023:01:39:53 -0500] "POST /kwsrmcab/Wsrmcab HTTP/1.1" 200 42353
201.245.192.253 - - [05/May/2023:01:39:56 -0500] "POST /kwsrmcab/Wsrmcab HTTP/1.1" 200 43009
172.22.2.4 - - [05/May/2023:01:38:26 -0500] "GET /BLA/boletinlegal/ HTTP/1.1" 200 55934
64.124.8.25 - - [05/May/2023:01:40:14 -0500] "GET /catalogoisis/imagenes/br1c3.gif HTTP/1.1" 200 302
216.245.221.92 - - [05/May/2023:01:41:21 -0500] "HEAD / HTTP/1.1" 200 -
66.249.73.72 - - [05/May/2023:01:43:23 -0500] "-" 408 -
201.245.192.253 - - [05/May/2023:01:44:02 -0500] "POST /kwsrmcab/Wsrmcab  HTTP/1.1" 200 213
172.22.2.4 - - [05/May/2023:01:43:26 -0500] "HEAD /BLA/boletinlegal/ HTTP/1.1" 200 -
66.249.70.210 - - [05/May/2023:01:45:45 -0500] "-" 408 -
172.22.2.4 - - [05/May/2023:01:44:16 -0500] "GET /BLA/boletinlegal/ HTTP/1.1" 200 57151
216.245.221.92 - - [05/May/2023:01:46:21 -0500] "HEAD / HTTP/1.1" 200 -
201.245.192.253 - - [05/May/2023:01:49:01 -0500] "POST /kwsrmcab/Wsrmcab  HTTP/1.1" 200 213
172.22.2.4 - - [05/May/2023:01:49:31 -0500] "GET /BLA/boletinlegal/Directivas/2014/Directiva%20No.%205%20del%2026%20de%20Diciembre%20de%202014.pdf HTTP/1.1" 200 3424865
172.22.2.4 - - [05/May/2023:01:49:31 -0500] "GET /BLA/boletinlegal/favicon.ico HTTP/1.1" 404 1498
172.22.2.4 - - [05/May/2023:01:49:16 -0500] "HEAD /BLA/boletinlegal/ HTTP/1.1" 200 -
216.245.221.92 - - [05/May/2023:01:51:21 -0500] "HEAD / HTTP/1.1" 200 -
172.22.2.4 - - [05/May/2023:01:50:06 -0500] "GET /BLA/boletinlegal/ HTTP/1.1" 200 58663
201.245.192.253 - - [05/May/2023:01:54:00 -0500] "POST /kwsrmcab/Wsrmcab  HTTP/1.1" 200 213
205.210.31.10 - - [05/May/2023:01:54:07 -0500] "GET / HTTP/1.1" 200 319
52.167.144.139 - - [05/May/2023:01:54:36 -0500] "GET /images/grafica-aire-alerta-ambiental-10-febrero.jpg HTTP/1.1" 200 101310
40.77.167.86 - - [05/May/2023:01:55:38 -0500] "GET /BLA/resoluciones/AUTOS%202020/2359.pdf HTTP/1.1" 200 338276
216.245.221.92 - - [05/May/2023:01:56:21 -0500] "HEAD / HTTP/1.1" 200 -
61.135.159.159 - - [05/May/2023:01:56:32 -0500] "GET / HTTP/1.1" 200 319
172.22.2.4 - - [05/May/2023:01:55:05 -0500] "HEAD /BLA/boletinlegal/ HTTP/1.1" 200 -
172.22.2.4 - - [05/May/2023:01:55:56 -0500] "GET /BLA/boletinlegal/ HTTP/1.1" 200 59306
40.77.167.86 - - [05/May/2023:01:57:59 -0500] "GET /BLA/resoluciones/index.php?dir=RESOLUCIONES+2022%2F HTTP/1.1" 200 301071
201.245.192.253 - - [05/May/2023:01:58:58 -0500] "POST /kwsrmcab/Wsrmcab  HTTP/1.1" 200 213
35.204.234.53 - - [05/May/2023:02:00:12 -0500] "GET /inventario-de-emisiones-2020-transporte-publico-sitp-redujo-emisiones-de-pm-2-5-en-un-37.html HTTP/1.1" 200 925
216.245.221.92 - - [05/May/2023:02:01:21 -0500] "HEAD / HTTP/1.1" 200 -
40.77.167.94 - - [05/May/2023:02:02:19 -0500] "GET /BLA/resoluciones/AUTOS%202020/3569.pdf HTTP/1.1" 200 354817
172.22.2.4 - - [05/May/2023:02:00:55 -0500] "HEAD /BLA/boletinlegal/ HTTP/1.1" 200 -
172.22.2.4 - - [05/May/2023:02:01:46 -0500] "GET /BLA/boletinlegal/ HTTP/1.1" 200 59306
201.245.192.253 - - [05/May/2023:02:03:58 -0500] "POST /kwsrmcab/Wsrmcab  HTTP/1.1" 200 213
216.245.221.92 - - [05/May/2023:02:06:21 -0500] "HEAD / HTTP/1.1" 200 -
40.77.167.86 - - [05/May/2023:02:07:49 -0500] "GET /sipse/faces/autenticacion.xhtml HTTP/1.1" 200 12499
172.22.2.4 - - [05/May/2023:02:06:45 -0500] "HEAD /BLA/boletinlegal/ HTTP/1.1" 200 -
201.245.192.253 - - [05/May/2023:02:08:57 -0500] "POST /kwsrmcab/Wsrmcab  HTTP/1.1" 200 213
40.77.167.94 - - [05/May/2023:02:09:11 -0500] "GET /forest/ HTTP/1.1" 200 12041
172.22.2.4 - - [05/May/2023:02:07:36 -0500] "GET /BLA/boletinlegal/ HTTP/1.1" 200 54424
216.245.221.92 - - [05/May/2023:02:11:21 -0500] "HEAD / HTTP/1.1" 200 -
201.245.192.253 - - [05/May/2023:02:13:56 -0500] "POST /kwsrmcab/Wsrmcab  HTTP/1.1" 200 213
172.22.2.4 - - [05/May/2023:02:12:35 -0500] "HEAD /BLA/boletinlegal/ HTTP/1.1" 200 -
172.22.2.4 - - [05/May/2023:02:13:26 -0500] "GET /BLA/boletinlegal/ HTTP/1.1" 200 59306
172.22.2.4 - - [05/May/2023:02:15:41 -0500] "GET /BLA/boletinlegal/robots.txt HTTP/1.1" 404 1037
172.22.2.4 - - [05/May/2023:02:15:41 -0500] "GET /BLA/boletinlegal/robots.txt HTTP/1.1" 404 1037
216.245.221.92 - - [05/May/2023:02:16:21 -0500] "HEAD / HTTP/1.1" 200 -
172.22.2.4 - - [05/May/2023:02:15:49 -0500] "GET /BLA/boletinlegal/ HTTP/1.1" 200 61250
168.119.253.6 - - [05/May/2023:02:17:53 -0500] "GET / HTTP/1.1" 200 319
168.119.253.85 - - [05/May/2023:02:18:02 -0500] "GET / HTTP/1.1" 200 319
201.245.192.253 - - [05/May/2023:02:18:57 -0500] "POST /kwsrmcab/Wsrmcab  HTTP/1.1" 200 213
201.245.192.253 - - [05/May/2023:02:19:54 -0500] "POST /kwsrmcab/Wsrmcab HTTP/1.1" 200 42840
201.245.192.253 - - [05/May/2023:02:19:56 -0500] "POST /kwsrmcab/Wsrmcab HTTP/1.1" 200 43152
172.22.2.4 - - [05/May/2023:02:18:25 -0500] "HEAD /BLA/boletinlegal/ HTTP/1.1" 200 -
172.22.2.4 - - [05/May/2023:02:19:16 -0500] "GET /BLA/boletinlegal/ HTTP/1.1" 200 57561
216.245.221.92 - - [05/May/2023:02:21:21 -0500] "HEAD / HTTP/1.1" 200 -
201.245.192.253 - - [05/May/2023:02:23:57 -0500] "POST /kwsrmcab/Wsrmcab  HTTP/1.1" 200 213
66.249.73.74 - - [05/May/2023:02:24:43 -0500] "-" 408 -
172.22.2.4 - - [05/May/2023:02:24:59 -0500] "GET /BLA/boletinlegal/Circulares/2021/CIRCULAR%20No.%2000009%20DEL%2001%20DE%20OCTUBRE%20DEL%202021.pdf HTTP/1.1" 304 -
172.22.2.4 - - [05/May/2023:02:24:15 -0500] "HEAD /BLA/boletinlegal/ HTTP/1.1" 200 -
216.245.221.92 - - [05/May/2023:02:26:21 -0500] "HEAD / HTTP/1.1" 200 -
172.22.2.4 - - [05/May/2023:02:25:06 -0500] "GET /BLA/boletinlegal/ HTTP/1.1" 200 58663
34.30.1.243 - - [05/May/2023:02:28:37 -0500] "GET /galeria/galeria/fotos/mirador2P.jpg HTTP/1.1" 200 10111
201.245.192.253 - - [05/May/2023:02:28:56 -0500] "POST /kwsrmcab/Wsrmcab  HTTP/1.1" 200 213
201.245.192.253 - - [05/May/2023:02:29:54 -0500] "POST /kwsrmcab/Wsrmcab HTTP/1.1" 200 42840
201.245.192.253 - - [05/May/2023:02:29:57 -0500] "POST /kwsrmcab/Wsrmcab HTTP/1.1" 200 43152
172.22.2.4 - - [05/May/2023:02:30:39 -0500] "GET /BLA/boletinlegal/jurisprudencia.php HTTP/1.1" 200 17583
216.245.221.92 - - [05/May/2023:02:31:21 -0500] "HEAD / HTTP/1.1" 200 -
172.22.2.4 - - [05/May/2023:02:30:05 -0500] "HEAD /BLA/boletinlegal/ HTTP/1.1" 200 -
172.22.2.4 - - [05/May/2023:02:32:17 -0500] "GET /BLA/boletinlegal/js/jquery1.js HTTP/1.1" 200 29846
172.22.2.4 - - [05/May/2023:02:32:17 -0500] "GET /BLA/boletinlegal/js/popup.js HTTP/1.1" 200 1270
172.22.2.4 - - [05/May/2023:02:32:22 -0500] "GET /BLA/boletinlegal/js/lib.js HTTP/1.1" 200 6474
172.22.2.4 - - [05/May/2023:02:30:56 -0500] "GET /BLA/boletinlegal/ HTTP/1.1" 200 57561
201.245.192.253 - - [05/May/2023:02:33:55 -0500] "POST /kwsrmcab/Wsrmcab  HTTP/1.1" 200 213
216.245.221.92 - - [05/May/2023:02:36:21 -0500] "HEAD / HTTP/1.1" 200 -
172.22.2.4 - - [05/May/2023:02:35:55 -0500] "HEAD /BLA/boletinlegal/ HTTP/1.1" 200 -
172.22.2.4 - - [05/May/2023:02:36:46 -0500] "GET /BLA/boletinlegal/ HTTP/1.1" 200 58663
201.245.192.253 - - [05/May/2023:02:38:54 -0500] "POST /kwsrmcab/Wsrmcab  HTTP/1.1" 200 213
201.245.192.253 - - [05/May/2023:02:39:53 -0500] "POST /kwsrmcab/Wsrmcab HTTP/1.1" 200 42840
201.245.192.253 - - [05/May/2023:02:39:56 -0500] "POST /kwsrmcab/Wsrmcab HTTP/1.1" 200 43152
216.245.221.92 - - [05/May/2023:02:41:21 -0500] "HEAD / HTTP/1.1" 200 -
